08-10 11:26:19.975 6937 6937 D wpa_supplicant: 9c:97:26:9d:de:fb freq=2442 qual=0 noise=0 level=58 flags=0x23 age=151
08-10 11:26:19.975 6937 6937 D wpa_supplicant: IEs - hexdump(len=318): 00 10 54 65 6c 65 63 6f 6d 2d 31 31 30 30 39 35 33 31 01 08 82 84 8b 96 24 30 48 6c 03 01 07 2a ...
08-10 11:26:19.975 6937 6937 D wpa_supplicant: Beacon IEs - hexdump(len=210): 00 10 54 65 6c 65 63 6f 6d 2d 31 31 30 30 39 35 33 31 01 08 82 84 8b 96 24 30 48 6c 03 01 07 05 ...
08-10 11:26:19.975 6937 6937 D wpa_supplicant: wlan0: BSS: Start scan result update 3
08-10 11:26:19.975 6937 6937 D wpa_supplicant: BSS: last_scan_res_used=1/32
08-10 11:26:19.975 6937 6937 D wpa_supplicant: Add randomness: count=5 entropy=0
08-10 11:26:19.975 6937 6937 D wpa_supplicant: random pool - hexdump(len=128): [REMOVED]
08-10 11:26:19.975 6937 6937 D wpa_supplicant: random_mix_pool - hexdump(len=8): [REMOVED]
08-10 11:26:19.975 6937 6937 D wpa_supplicant: random_mix_pool - hexdump(len=5): [REMOVED]
08-10 11:26:19.975 6937 6937 D wpa_supplicant: random pool - hexdump(len=128): [REMOVED]
08-10 11:26:19.975 6937 6937 D wpa_supplicant: wlan0: Scan-only results received
08-10 11:26:19.975 6937 6937 D wpa_supplicant: CTRL_IFACE monitor sent successfully to /data/misc/wifi/sockets/wpa_ctrl_6548-2\x00
08-10 11:26:19.975 6937 6937 D wpa_supplicant: wlan0: Radio work 'scan'@0xb6836430 done in 5.113440 seconds
08-10 11:26:19.976 6937 6937 D wpa_supplicant: wlan0: Control interface command 'BSS RANGE=0- MASK=0x21987'
08-10 11:26:19.976 6937 6937 D wpa_supplicant: WPS: attr type=0x104a len=1
08-10 11:26:19.976 6937 6937 D wpa_supplicant: WPS: attr type=0x1044 len=1
08-10 11:26:19.976 6937 6937 D wpa_supplicant: WPS: attr type=0x103b len=1
08-10 11:26:19.976 6937 6937 D wpa_supplicant: WPS: attr type=0x1047 len=16
08-10 11:26:19.976 6937 6937 D wpa_supplicant: WPS: attr type=0x1021 len=11
08-10 11:26:19.976 6937 6937 D wpa_supplicant: WPS: attr type=0x1023 len=14
08-10 11:26:19.976 6937 6937 D wpa_supplicant: WPS: attr type=0x1024 len=5
08-10 11:26:19.976 6937 6937 D wpa_supplicant: WPS: attr type=0x1042 len=9
08-10 11:26:19.976 6937 6937 D wpa_supplicant: WPS: attr type=0x1054 len=8
08-10 11:26:19.976 6937 6937 D wpa_supplicant: WPS: attr type=0x1011 len=7
08-10 11:26:19.976 6937 6937 D wpa_supplicant: WPS: attr type=0x1008 len=2
08-10 11:26:19.976 6937 6937 D wpa_supplicant: WPS: attr type=0x103c len=1
08-10 11:26:19.976 6937 6937 D wpa_supplicant: WPS: attr type=0x1049 len=6
08-10 11:26:19.976 6937 6937 D wpa_supplicant: WPS: WFA subelement id=0 len=1
08-10 11:26:19.976 6937 6937 D wpa_supplicant: WPS: attr type=0x104a len=1
08-10 11:26:19.976 6937 6937 D wpa_supplicant: WPS: attr type=0x1044 len=1
08-10 11:26:19.976 6937 6937 D wpa_supplicant: WPS: attr type=0x103b len=1
08-10 11:26:19.976 6937 6937 D wpa_supplicant: WPS: attr type=0x1047 len=16
08-10 11:26:19.976 6937 6937 D wpa_supplicant: WPS: attr type=0x1021 len=11
08-10 11:26:19.976 6937 6937 D wpa_supplicant: WPS: attr type=0x1023 len=14
08-10 11:26:19.976 6937 6937 D wpa_supplicant: WPS: attr type=0x1024 len=5
08-10 11:26:19.976 6937 6937 D wpa_supplicant: WPS: attr type=0x1042 len=9
08-10 11:26:19.976 6937 6937 D wpa_supplicant: WPS: attr type=0x1054 len=8
08-10 11:26:19.976 6937 6937 D wpa_supplicant: WPS: attr type=0x1011 len=7
08-10 11:26:19.976 6937 6937 D wpa_supplicant: WPS: attr type=0x1008 len=2
08-10 11:26:19.976 6937 6937 D wpa_supplicant: WPS: attr type=0x103c len=1
08-10 11:26:19.976 6937 6937 D wpa_supplicant: WPS: attr type=0x1049 len=6
08-10 11:26:19.976 6937 6937 D wpa_supplicant: WPS: WFA subelement id=0 len=1
08-10 11:26:19.976 6937 6937 D wpa_supplicant: WPS: attr type=0x104a len=1
08-10 11:26:19.976 6937 6937 D wpa_supplicant: WPS: attr type=0x1044 len=1
08-10 11:26:19.976 6937 6937 D wpa_supplicant: WPS: attr type=0x103b len=1
08-10 11:26:19.976 6937 6937 D wpa_supplicant: WPS: attr type=0x1047 len=16
08-10 11:26:19.976 6937 6937 D wpa_supplicant: WPS: attr type=0x1021 len=11
08-10 11:26:19.976 6937 6937 D wpa_supplicant: WPS: attr type=0x1023 len=14
08-10 11:26:19.976 6937 6937 D wpa_supplicant: WPS: attr type=0x1024 len=5
08-10 11:26:19.976 6937 6937 D wpa_supplicant: WPS: attr type=0x1042 len=9
08-10 11:26:19.976 6937 6937 D wpa_supplicant: WPS: attr type=0x1054 len=8
08-10 11:26:19.976 6937 6937 D wpa_supplicant: WPS: attr type=0x1011 len=7
08-10 11:26:19.976 6937 6937 D wpa_supplicant: WPS: attr type=0x1008 len=2
08-10 11:26:19.976 6937 6937 D wpa_supplicant: WPS: attr type=0x103c len=1
08-10 11:26:19.976 6937 6937 D wpa_supplicant: WPS: attr type=0x1049 len=6
08-10 11:26:19.976 6937 6937 D wpa_supplicant: WPS: WFA subelement id=0 len=1
08-10 11:26:19.976 6937 6937 D wpa_supplicant: wlan0: Control interface command 'STATUS-NO_EVENTS'
08-10 11:26:20.235 6937 6937 D wpa_supplicant: wlan0: Control interface command 'SIGNAL_POLL'
08-10 11:26:20.235 6548 6661 D ConnectivityService: updateNetworkScore for NetworkAgentInfo [WIFI () - 100] to 46
08-10 11:26:20.236 6548 6661 D ConnectivityService: rematching NetworkAgentInfo [WIFI () - 100]
08-10 11:26:20.236 6548 6661 D ConnectivityService: Network NetworkAgentInfo [WIFI () - 100] was already satisfying request 1. No change.
08-10 11:26:20.236 6548 6661 D ConnectivityService: notifyType AVAILABLE for NetworkAgentInfo [WIFI () - 100]
08-10 11:26:20.236 6718 7347 D ConnectivityManager.CallbackHandler: CM callback handler got msg 524290
08-10 11:26:20.911 6548 7104 I ActivityManager: START u0 {act=com.android.wizard.NEXT cmp=com.google.android.setupwizard/.WizardManager (has extras)} from uid 10017 on display 0
08-10 11:26:20.912 6548 6665 W AudioTrack: AUDIO_OUTPUT_FLAG_FAST denied by client
08-10 11:26:20.912 6548 7104 V WindowManager: addAppToken: AppWindowToken{1a5ac491 token=Token{f814eb8 ActivityRecord{b69d1b u0 com.google.android.setupwizard/.WizardManager t1}}} to stack=0 task=1 at 5
08-10 11:26:20.923 7037 7037 I SetupWizard.WizardManager: onNext actionId=account_exists resultCode=-1
08-10 11:26:20.923 6317 6651 D audio_hw_primary: found out /dev/snd/pcmC0D0p
08-10 11:26:20.924 6548 7223 I ActivityManager: START u0 {act=com.google.android.setupwizard.START_VPA flg=0x4000000 cmp=com.google.android.setupwizard/.StartVpaActivity (has extras)} from uid 10017 on display 0
08-10 11:26:20.925 6548 7223 V WindowManager: addAppToken: AppWindowToken{2c589e64 token=Token{317eff7 ActivityRecord{39b00ff6 u0 com.google.android.setupwizard/.StartVpaActivity t1}}} to stack=0 task=1 at 6
08-10 11:26:20.934 6548 7229 V WindowManager: Adding window Window{343874c9 u0 com.google.android.setupwizard/com.google.android.setupwizard.StartVpaActivity} at 5 of 9 (after Window{2bd17c15 u0 com.google.android.setupwizard/com.google.android.setupwizard.AccountExistsActivity})
08-10 11:26:20.934 7724 7740 D Finsky : [165] PlaySetupService.doStartVpa: Starting VPA
08-10 11:26:20.935 6548 7233 I ActivityManager: START u0 {act=com.android.wizard.NEXT cmp=com.google.android.setupwizard/.WizardManager (has extras)} from uid 10017 on display 0
08-10 11:26:20.936 6548 7233 V WindowManager: addAppToken: AppWindowToken{2aca9485 token=Token{ed755fc ActivityRecord{2e76e6ef u0 com.google.android.setupwizard/.WizardManager t1}}} to stack=0 task=1 at 7
08-10 11:26:20.936 7724 7724 D Finsky : [1] 2.onPostExecute: No VPA stub found - stopping service
08-10 11:26:20.960 7037 7037 I SetupWizard.WizardManager: onNext actionId=start_vpa resultCode=-1
08-10 11:26:20.961 6548 6918 I ActivityManager: START u0 {act=com.android.setupwizard.DATE_TIME flg=0x4000000 cmp=com.google.android.setupwizard/.DateTimeSetupActivity (has extras)} from uid 10017 on display 0
08-10 11:26:20.961 6548 6918 V WindowManager: addAppToken: AppWindowToken{3241d5e8 token=Token{475030b ActivityRecord{155ff2da u0 com.google.android.setupwizard/.DateTimeSetupActivity t1}}} to stack=0 task=1 at 8
08-10 11:26:20.991 6548 7097 I ActivityManager: START u0 {act=com.android.wizard.NEXT cmp=com.google.android.setupwizard/.WizardManager (has extras)} from uid 10017 on display 0
08-10 11:26:20.991 6548 7097 W ActivityManager: startActivity called from finishing ActivityRecord{155ff2da u0 com.google.android.setupwizard/.DateTimeSetupActivity t1 f}; forcing Intent.FLAG_ACTIVITY_NEW_TASK for: Intent { act=com.android.wizard.NEXT flg=0x800000 cmp=com.google.android.setupwizard/.WizardManager (has extras) }
08-10 11:26:20.992 6548 7097 V WindowManager: addAppToken: AppWindowToken{3aeec4e7 token=Token{385a62a6 ActivityRecord{ea4f401 u0 com.google.android.setupwizard/.WizardManager t1}}} to stack=0 task=1 at 9
08-10 11:26:21.036 7037 7037 I SetupWizard.WizardManager: onNext actionId=date_time resultCode=-1
08-10 11:26:21.036 6548 7222 I ActivityManager: START u0 {act=com.google.android.setupwizard.USER_NAME flg=0x4000000 cmp=com.google.android.setupwizard/.NameActivity (has extras)} from uid 10017 on display 0
08-10 11:26:21.037 6548 7222 V WindowManager: addAppToken: AppWindowToken{f3a0332 token=Token{a6bcf3d ActivityRecord{9526894 u0 com.google.android.setupwizard/.NameActivity t1}}} to stack=0 task=1 at 7
08-10 11:26:21.041 6548 7229 I ActivityManager: START u0 {act=com.android.wizard.NEXT cmp=com.google.android.setupwizard/.WizardManager (has extras)} from uid 10017 on display 0
08-10 11:26:21.042 6548 7229 V WindowManager: addAppToken: AppWindowToken{14cb2239 token=Token{22377a00 ActivityRecord{1358c883 u0 com.google.android.setupwizard/.WizardManager t1}}} to stack=0 task=1 at 8
08-10 11:26:21.044 7037 7037 I SetupWizard.WizardManager: onNext actionId=user_name resultCode=-1
08-10 11:26:21.044 6548 7222 I ActivityManager: START u0 {act=com.google.android.setupwizard.RESTORE flg=0x4000000 cmp=com.google.android.setupwizard/.RestoreStartWrapper (has extras)} from uid 10017 on display 0
08-10 11:26:21.045 6548 7222 V WindowManager: addAppToken: AppWindowToken{3d9a362c token=Token{27d569df ActivityRecord{3001207e u0 com.google.android.setupwizard/.RestoreStartWrapper t1}}} to stack=0 task=1 at 7
08-10 11:26:21.045 6548 6548 I ValidateNoPeople: mEvictionCount: 0
08-10 11:26:21.049 7037 7037 I SetupWizard.BackupRestoreHelper: Setting backup account: Account {name=issor.oruam@gmail.com, type=com.google}
08-10 11:26:21.049 6548 6884 I PackageManager: Running dexopt on: /system/priv-app/GoogleBackupTransport/GoogleBackupTransport.apk pkg=com.google.android.backuptransport isa=x86 vmSafeMode=false
08-10 11:26:21.054 8209 8209 I dex2oat : /system/bin/dex2oat --zip-fd=5 --zip-location=/system/priv-app/GoogleBackupTransport/GoogleBackupTransport.apk --oat-fd=6 --oat-location=/data/dalvik-cache/x86/system@priv-app@GoogleBackupTransport@GoogleBackupTransport.apk@classes.dex --instruction-set=x86 --instruction-set-features=default --runtime-arg -Xms64m --runtime-arg -Xmx512m --compiler-filter=interpret-only --swap-fd=7
08-10 11:26:21.064 8209 8209 I dex2oat : Decided to run without swap.
08-10 11:26:21.088 6317 6651 W audio_hw_primary: out_write() limiting sleep time 31000 to 21333
08-10 11:26:21.091 8209 8209 I dex2oat : dex2oat took 37.038ms (threads: 4) arena alloc=0B java alloc=479KB native alloc=396KB free=7MB
08-10 11:26:21.092 7037 7037 I SetupWizard.RestoreStartWrapper: showing backup picker
08-10 11:26:21.098 6548 7133 V WindowManager: Adding window Window{2756c156 u0 com.google.android.setupwizard/com.google.android.setupwizard.RestoreStartWrapper} at 6 of 10 (after Window{343874c9 u0 com.google.android.setupwizard/com.google.android.setupwizard.StartVpaActivity EXITING})
08-10 11:26:21.098 7084 7084 I GoogleHttpClient: GMS http client unavailable, use old client
08-10 11:26:21.106 7084 7105 D Backup : [SharedPrefsBackupAccountManager] Backup account not changed.
08-10 11:26:21.106 6892 6892 V GLSActivity: AuthDelegateWrapperCreated with selected intent: Intent { cmp=com.google.android.gms/.auth.DefaultAuthDelegateService }
08-10 11:26:21.153 6548 6575 I ActivityManager: Displayed com.google.android.setupwizard/.RestoreStartWrapper: +108ms (total +240ms)
08-10 11:26:21.173 7037 7348 D OpenGLRenderer: endAllStagingAnimators on 0x9f911700 (RippleDrawable) with handle 0xa2ab7e50
08-10 11:26:21.329 6892 8098 I GLSUser : [GLSUser] extracting token using key:Auth
08-10 11:26:21.331 6892 8098 W GLSUser : [GLSUser] [GLSUser] Permission for com.android.vending to access androidmarket will be managed locally.
08-10 11:26:21.733 6548 6884 I ActivityManager: Killing 7611:com.android.keychain/1000 (adj 15): empty #17
08-10 11:26:22.209 6548 6570 I ActivityManager: Waited long enough for: ServiceRecord{1a6a4f5a u0 com.android.music/.MediaPlaybackService}
08-10 11:26:22.768 6548 6570 I ActivityManager: Waited long enough for: ServiceRecord{38ce1ff u0 com.google.android.gms/.config.ConfigFetchService}
08-10 11:26:22.795 6548 6570 I ActivityManager: Waited long enough for: ServiceRecord{a34bdf u0 com.google.android.googlequicksearchbox/com.google.android.search.core.service.SearchService}
08-10 11:26:22.812 6548 6570 I ActivityManager: Waited long enough for: ServiceRecord{8ae748c u0 com.android.calendar/.alerts.InitAlarmsService}
08-10 11:26:23.238 6937 6937 D wpa_supplicant: wlan0: Control interface command 'SIGNAL_POLL'
08-10 11:26:23.239 6548 6661 D ConnectivityService: updateNetworkScore for NetworkAgentInfo [WIFI () - 100] to 44
08-10 11:26:23.239 6548 6661 D ConnectivityService: rematching NetworkAgentInfo [WIFI () - 100]
08-10 11:26:23.239 6548 6661 D ConnectivityService: Network NetworkAgentInfo [WIFI () - 100] was already satisfying request 1. No change.
08-10 11:26:23.239 6548 6661 D ConnectivityService: notifyType AVAILABLE for NetworkAgentInfo [WIFI () - 100]
08-10 11:26:23.239 6718 7347 D ConnectivityManager.CallbackHandler: CM callback handler got msg 524290
08-10 11:26:23.841 7724 8197 D Finsky : [194] PlaySetupService.getBackupDevices: getBackupDeviceChoices returned with 1 devices
08-10 11:26:23.856 6548 6957 I ActivityManager: START u0 {cmp=com.android.vending/com.google.android.finsky.setup.SetupWizardRestoreAppsActivity (has extras)} from uid 10017 on display 0
08-10 11:26:23.858 6548 6957 V WindowManager: addAppToken: AppWindowToken{186851ea token=Token{1eebc5d5 ActivityRecord{1b043a8c u0 com.android.vending/com.google.android.finsky.setup.SetupWizardRestoreAppsActivity t1}}} to stack=0 task=1 at 6
08-10 11:26:23.942 6892 6892 V GLSActivity: AuthDelegateWrapperCreated with selected intent: Intent { cmp=com.google.android.gms/.auth.DefaultAuthDelegateService }
08-10 11:26:23.942 7724 8226 D OpenGLRenderer: Use EGL_SWAP_BEHAVIOR_PRESERVED: true
08-10 11:26:23.942 7724 7724 I GRALLOC-RADEON: detected chipset 0x679a family 0x35 (vram size -1060MiB, gart size 1019MiB)
08-10 11:26:23.942 7724 7724 I GRALLOC-DRM: create radeon for driver radeon
08-10 11:26:23.943 7724 7724 D Atlas : Validating map...
08-10 11:26:23.944 6548 7097 V WindowManager: Adding window Window{3df78c53 u0 com.android.vending/com.google.android.finsky.setup.SetupWizardRestoreAppsActivity} at 6 of 10 (after Window{2756c156 u0 com.google.android.setupwizard/com.google.android.setupwizard.RestoreStartWrapper})
08-10 11:26:23.973 6718 6718 D PhoneStatusBar: disable: < EXPAND icons ALERTS system_info BACK* HOME RECENT CLOCK SEARCH
> 08-10 11:26:23.995 7724 8226 I OpenGLRenderer: Initialized EGL, version 1.4
08-10 11:26:23.996 7724 8226 D OpenGLRenderer: Enabling debug mode 0
08-10 11:26:24.082 6548 6575 I ActivityManager: Displayed com.android.vending/com.google.android.finsky.setup.SetupWizardRestoreAppsActivity: +210ms
08-10 11:26:24.198 6548 6659 E WifiStateMachine: WifiStateMachine CMD_START_SCAN source -2 txSuccessRate=-0.00 rxSuccessRate=-0.00 targetRoamBSSID=9c:97:26:9d:de:fb RSSI=-127
08-10 11:26:24.198 6548 6659 E WifiStateMachine: WifiStateMachine L2Connected CMD_START_SCAN source -2 3, 4 -> obsolete
08-10 11:26:24.324 7724 7724 D PlayCommon: [1] BitmapLoader.onGetImageSuccess: https://lh6.ggpht.com/MJOZe02zps-3ks_-mD8e0H9XInCVD5Un-4aYvP1gOSUhouHrC4wvqwopxg0NsxUUpoY=rw-w1920 is too large to cache
08-10 11:26:25.928 6548 6665 W AudioTrack: AUDIO_OUTPUT_FLAG_FAST denied by client
08-10 11:26:25.937 6548 6743 V WindowManager: not Base app: Adding window Window{28062566 u0 com.android.vending/com.google.android.finsky.setup.SetupWizardRestoreAppsActivity} at 7 of 11
08-10 11:26:25.937 6718 6718 D PhoneStatusBar: disable: < EXPAND icons ALERTS system_info back* HOME RECENT CLOCK SEARCH
> 08-10 11:26:25.940 6317 6651 D audio_hw_primary: found out /dev/snd/pcmC0D0p
08-10 11:26:25.940 6317 6651 W audio_hw_primary: out_write() limiting sleep time 31000 to 21333
08-10 11:26:26.240 6937 6937 D wpa_supplicant: wlan0: Control interface command 'SIGNAL_POLL'
08-10 11:26:26.241 6548 6661 D ConnectivityService: updateNetworkScore for NetworkAgentInfo [WIFI () - 100] to 42
08-10 11:26:26.241 6548 6661 D ConnectivityService: rematching NetworkAgentInfo [WIFI () - 100]
08-10 11:26:26.241 6548 6661 D ConnectivityService: Network NetworkAgentInfo [WIFI () - 100] was already satisfying request 1. No change.
08-10 11:26:26.241 6548 6661 D ConnectivityService: notifyType AVAILABLE for NetworkAgentInfo [WIFI () - 100]
08-10 11:26:26.241 6718 7347 D ConnectivityManager.CallbackHandler: CM callback handler got msg 524290
08-10 11:26:26.984 6548 6665 W AudioTrack: AUDIO_OUTPUT_FLAG_FAST denied by client
08-10 11:26:27.776 7106 7879 I CheckinService: Done disabling old GoogleServicesFramework version
08-10 11:26:29.176 6548 6665 W AudioTrack: AUDIO_OUTPUT_FLAG_FAST denied by client
08-10 11:26:29.192 7724 8226 D OpenGLRenderer: endAllStagingAnimators on 0x9fe00780 (RippleDrawable) with handle 0x9fdf5f20
08-10 11:26:29.193 6718 6718 D PhoneStatusBar: disable: < EXPAND icons ALERTS system_info BACK* HOME RECENT CLOCK SEARCH
> 08-10 11:26:29.195 6548 7223 W InputMethodManagerService: Window already focused, ignoring focus gain of: com.android.internal.view.IInputMethodClient$Stub$Proxy@3c7726c0 attribute=null, token = android.os.BinderProxy@3eed3442
08-10 11:26:29.245 6937 6937 D wpa_supplicant: wlan0: Control interface command 'SIGNAL_POLL'
08-10 11:26:29.245 6548 6661 D ConnectivityService: updateNetworkScore for NetworkAgentInfo [WIFI () - 100] to 40
08-10 11:26:29.245 6548 6661 D ConnectivityService: rematching NetworkAgentInfo [WIFI () - 100]
08-10 11:26:29.245 6548 6661 D ConnectivityService: Network NetworkAgentInfo [WIFI () - 100] was already satisfying request 1. No change.
08-10 11:26:29.245 6548 6661 D ConnectivityService: notifyType AVAILABLE for NetworkAgentInfo [WIFI () - 100]
08-10 11:26:29.245 6718 7347 D ConnectivityManager.CallbackHandler: CM callback handler got msg 524290
08-10 11:26:30.863 6548 6665 W AudioTrack: AUDIO_OUTPUT_FLAG_FAST denied by client
08-10 11:26:30.879 7037 7037 I SetupWizard.RestoreStartWrapper: subactivity result {RESTORE_REQUEST(10027), RESULT_OK(-1), null}
08-10 11:26:30.879 6548 7097 I ActivityManager: START u0 {act=com.android.wizard.NEXT cmp=com.google.android.setupwizard/.WizardManager (has extras)} from uid 10017 on display 0
08-10 11:26:30.879 6548 7097 W ActivityManager: startActivity called from finishing ActivityRecord{3001207e u0 com.google.android.setupwizard/.RestoreStartWrapper t1 f}; forcing Intent.FLAG_ACTIVITY_NEW_TASK for: Intent { act=com.android.wizard.NEXT flg=0x800000 cmp=com.google.android.setupwizard/.WizardManager (has extras) }
08-10 11:26:30.880 6548 7097 V WindowManager: addAppToken: AppWindowToken{13778d9f token=Token{138a7b3e ActivityRecord{50a2ff9 u0 com.google.android.setupwizard/.WizardManager t1}}} to stack=0 task=1 at 7
08-10 11:26:30.883 7037 7037 I SetupWizard.WizardManager: onNext actionId=restore resultCode=1
08-10 11:26:30.884 6548 7104 I ActivityManager: START u0 {act=com.google.android.setupwizard.LOCK_SCREEN_INTRO flg=0x4000000 cmp=com.google.android.setupwizard/.LockScreenIntroActivity (has extras)} from uid 10017 on display 0
08-10 11:26:30.884 6548 7104 V WindowManager: addAppToken: AppWindowToken{1d2f0d4a token=Token{17b4d2b5 ActivityRecord{1f07eeec u0 com.google.android.setupwizard/.LockScreenIntroActivity t1}}} to stack=0 task=1 at 8
08-10 11:26:30.912 6548 6568 I ActivityManager: START u0 {act=com.android.wizard.NEXT cmp=com.google.android.setupwizard/.WizardManager (has extras)} from uid 10017 on display 0
08-10 11:26:30.912 6548 6568 W ActivityManager: startActivity called from finishing ActivityRecord{1f07eeec u0 com.google.android.setupwizard/.LockScreenIntroActivity t1 f}; forcing Intent.FLAG_ACTIVITY_NEW_TASK for: Intent { act=com.android.wizard.NEXT flg=0x800000 cmp=com.google.android.setupwizard/.WizardManager (has extras) }
08-10 11:26:30.913 6548 6568 V WindowManager: addAppToken: AppWindowToken{142ce531 token=Token{16fb0dd8 ActivityRecord{145164bb u0 com.google.android.setupwizard/.WizardManager t1}}} to stack=0 task=1 at 9
08-10 11:26:30.926 7037 7037 I SetupWizard.WizardManager: onNext actionId=lock_screen_intro resultCode=1
08-10 11:26:30.926 6548 6717 I ActivityManager: START u0 {act=com.google.android.setupwizard.GOOGLE_SERVICES flg=0x4000000 cmp=com.google.android.setupwizard/.GoogleServicesActivity (has extras)} from uid 10017 on display 0
08-10 11:26:30.927 6548 6717 V WindowManager: addAppToken: AppWindowToken{bff2f84 token=Token{7279197 ActivityRecord{39d8b416 u0 com.google.android.setupwizard/.GoogleServicesActivity t1}}} to stack=0 task=1 at 10
08-10 11:26:30.994 6548 7229 V WindowManager: Adding window Window{3cda0969 u0 com.google.android.setupwizard/com.google.android.setupwizard.GoogleServicesActivity} at 7 of 11 (after Window{3df78c53 u0 com.android.vending/com.google.android.finsky.setup.SetupWizardRestoreAppsActivity})
08-10 11:26:31.006 6718 6718 D PhoneStatusBar: disable: < EXPAND icons ALERTS system_info back* HOME RECENT CLOCK SEARCH
> 08-10 11:26:31.036 6548 6575 I ActivityManager: Displayed com.google.android.setupwizard/.GoogleServicesActivity: +85ms (total +155ms)
08-10 11:26:31.039 7724 8226 D OpenGLRenderer: endAllStagingAnimators on 0xa15cf500 (RippleDrawable) with handle 0x9fdf5f60
08-10 11:26:32.248 6937 6937 D wpa_supplicant: wlan0: Control interface command 'SIGNAL_POLL'
08-10 11:26:32.249 6548 6661 D ConnectivityService: updateNetworkScore for NetworkAgentInfo [WIFI () - 100] to 38
08-10 11:26:32.249 6548 6661 D ConnectivityService: rematching NetworkAgentInfo [WIFI () - 100]
08-10 11:26:32.249 6548 6661 D ConnectivityService: Network NetworkAgentInfo [WIFI () - 100] was already satisfying request 1. No change.
08-10 11:26:32.249 6548 6661 D ConnectivityService: notifyType AVAILABLE for NetworkAgentInfo [WIFI () - 100]
08-10 11:26:32.249 6718 7347 D ConnectivityManager.CallbackHandler: CM callback handler got msg 524290
08-10 11:26:32.673 6548 6665 W AudioTrack: AUDIO_OUTPUT_FLAG_FAST denied by client
08-10 11:26:33.218 6548 6674 D NetUtils: dhcp_do_request failed : eth0 (new)
08-10 11:26:33.218 6548 6674 E EthernetNetworkFactory: DHCP request error:Timed out waiting for DHCP to finish
08-10 11:26:33.390 6548 6665 W AudioTrack: AUDIO_OUTPUT_FLAG_FAST denied by client
08-10 11:26:34.340 6548 6665 W AudioTrack: AUDIO_OUTPUT_FLAG_FAST denied by client
08-10 11:26:34.840 6548 6659 E WifiStateMachine: WifiStateMachine CMD_START_SCAN source -2 txSuccessRate=-0.00 rxSuccessRate=-0.00 targetRoamBSSID=9c:97:26:9d:de:fb RSSI=-127
08-10 11:26:34.840 6937 6937 D wpa_supplicant: wlan0: Control interface command 'SCAN TYPE=ONLY'
08-10 11:26:34.840 6937 6937 D wpa_supplicant: wlan0: Setting scan request: 0.000000 sec
08-10 11:26:34.840 6937 6937 D wpa_supplicant: wlan0: Starting AP scan for wildcard SSID
08-10 11:26:34.840 6937 6937 D wpa_supplicant: wlan0: Add radio work 'scan'@0xb6836430
08-10 11:26:34.840 6937 6937 D wpa_supplicant: wlan0: First radio work item in the queue - schedule start immediately
08-10 11:26:34.840 6937 6937 D wpa_supplicant: wlan0: Starting radio work 'scan'@0xb6836430 after 0.000011 second wait
08-10 11:26:34.840 6937 6937 D wpa_supplicant: wlan0: nl80211: scan request
08-10 11:26:34.840 6937 6937 D wpa_supplicant: nl80211: Scan SSID - hexdump(len=0): [NULL]
08-10 11:26:34.841 6937 6937 D wpa_supplicant: Scan requested (ret=0) - scan timeout 30 seconds
08-10 11:26:34.841 6937 6937 D wpa_supplicant: nl80211: Event message available
08-10 11:26:34.841 6937 6937 D wpa_supplicant: nl80211: Drv Event 33 (NL80211_CMD_TRIGGER_SCAN) received for wlan0
08-10 11:26:34.841 6937 6937 D wpa_supplicant: wlan0: nl80211: Scan trigger
08-10 11:26:34.841 6937 6937 D wpa_supplicant: wlan0: Event SCAN_STARTED (49) received
08-10 11:26:34.841 6937 6937 D wpa_supplicant: wlan0: Own scan request started a scan in 0.000032 seconds
08-10 11:26:34.841 6937 6937 D wpa_supplicant: CTRL_IFACE monitor sent successfully to /data/misc/wifi/sockets/wpa_ctrl_6548-2\x00
08-10 11:26:35.024 6548 6665 W AudioTrack: AUDIO_OUTPUT_FLAG_FAST denied by client
08-10 11:26:35.249 6937 6937 D wpa_supplicant: wlan0: Control interface command 'SIGNAL_POLL'
08-10 11:26:36.207 7037 7037 I SetupWizard.BackupRestoreHelper: Setting backup account: Account {name=issor.oruam@gmail.com, type=com.google}
08-10 11:26:36.207 6548 6665 W AudioTrack: AUDIO_OUTPUT_FLAG_FAST denied by client
08-10 11:26:36.208 7084 7084 I GoogleHttpClient: GMS http client unavailable, use old client
08-10 11:26:36.211 6548 6957 I BackupManagerService: Backup enabled => false
08-10 11:26:36.211 6548 6957 I BackupManagerService: Opting out of backup
08-10 11:26:36.212 7084 7084 I BackupTransportService: enableBackup() succeeded
08-10 11:26:36.216 7084 7254 D Backup : [SharedPrefsBackupAccountManager] Backup account not changed.
08-10 11:26:36.218 6548 7229 I ActivityManager: START u0 {act=com.android.wizard.NEXT cmp=com.google.android.setupwizard/.WizardManager (has extras)} from uid 10017 on display 0
08-10 11:26:36.219 6548 7229 V WindowManager: addAppToken: AppWindowToken{1a45cf95 token=Token{383d534c ActivityRecord{120c477f u0 com.google.android.setupwizard/.WizardManager t1}}} to stack=0 task=1 at 6
08-10 11:26:36.220 6548 6717 W BroadcastQueue: Permission Denial: broadcasting Intent { act=com.google.android.gsf.settings.GoogleLocationSettings.UPDATE_LOCATION_SETTINGS flg=0x10 } from com.google.android.setupwizard (pid=7037, uid=10017) is not exported from uid 10007 due to receiver com.google.android.gms/com.google.android.location.reporting.service.ExternalChangeReceiver
08-10 11:26:36.224 7037 7037 I SetupWizard.WizardManager: onNext actionId=google_services resultCode=-1
08-10 11:26:36.225 6548 7133 I ActivityManager: START u0 {act=com.google.android.setupwizard.GOOGLE_NOW flg=0x4000000 cmp=com.google.android.setupwizard/.GoogleNowWrapper (has extras)} from uid 10017 on display 0
08-10 11:26:36.226 6548 7133 V WindowManager: addAppToken: AppWindowToken{1a925838 token=Token{1fa7dc9b ActivityRecord{1736f8aa u0 com.google.android.setupwizard/.GoogleNowWrapper t1}}} to stack=0 task=1 at 7
08-10 11:26:36.229 7037 7037 I SetupWizard.GoogleNowWrapper: launching subactivity Intent { act=com.google.android.apps.now.OPT_IN_WIZARD }
08-10 11:26:36.230 6548 6918 I ActivityManager: START u0 {act=com.google.android.apps.now.OPT_IN_WIZARD (has extras)} from uid 10017 on display 0
08-10 11:26:36.230 7037 7037 W SetupWizard.GoogleNowWrapper: intent has no matching activity; start next screen and finish; intent=Intent { act=com.google.android.setupwizard.GOOGLE_NOW flg=0x4000000 cmp=com.google.android.setupwizard/.GoogleNowWrapper (has extras) }
08-10 11:26:36.233 6548 6957 V WindowManager: Adding window Window{663f576 u0 com.google.android.setupwizard/com.google.android.setupwizard.GoogleNowWrapper} at 6 of 10 (after Window{3cda0969 u0 com.google.android.setupwizard/com.google.android.setupwizard.GoogleServicesActivity})
08-10 11:26:36.233 7037 7037 I SetupWizard.GoogleNowWrapper: subactivity result {GOOGLE_NOW_REQUEST(10024), RESULT_CANCELED(0), null}
08-10 11:26:36.234 6548 7133 I ActivityManager: START u0 {act=com.android.wizard.NEXT cmp=com.google.android.setupwizard/.WizardManager (has extras)} from uid 10017 on display 0
08-10 11:26:36.234 6548 7133 V WindowManager: addAppToken: AppWindowToken{2e915c4d token=Token{1530bfe4 ActivityRecord{3c9da777 u0 com.google.android.setupwizard/.WizardManager t1}}} to stack=0 task=1 at 7
08-10 11:26:36.273 7037 7037 I SetupWizard.WizardManager: onNext actionId=google_now resultCode=3
08-10 11:26:36.273 6548 6884 I ActivityManager: START u0 {act=com.google.android.setupwizard.RESTORE_PROGRESS flg=0x4000000 cmp=com.google.android.setupwizard/.RestoreProgressActivity (has extras)} from uid 10017 on display 0
08-10 11:26:36.274 6548 6884 V WindowManager: addAppToken: AppWindowToken{252bf650 token=Token{21bb4413 ActivityRecord{e91f302 u0 com.google.android.setupwizard/.RestoreProgressActivity t1}}} to stack=0 task=1 at 8
08-10 11:26:36.293 7037 7037 V SetupWizard.RestoreProgressActivity: updateInterfaceState: null
08-10 11:26:36.293 6548 7233 I ActivityManager: START u0 {act=com.android.wizard.NEXT cmp=com.google.android.setupwizard/.WizardManager (has extras)} from uid 10017 on display 0
08-10 11:26:36.294 6548 7233 W ActivityManager: startActivity called from finishing ActivityRecord{e91f302 u0 com.google.android.setupwizard/.RestoreProgressActivity t1 f}; forcing Intent.FLAG_ACTIVITY_NEW_TASK for: Intent { act=com.android.wizard.NEXT flg=0x800000 cmp=com.google.android.setupwizard/.WizardManager (has extras) }
08-10 11:26:36.294 6548 7233 V WindowManager: addAppToken: AppWindowToken{3d0c0e6f token=Token{3b03d4e ActivityRecord{aa47049 u0 com.google.android.setupwizard/.WizardManager t1}}} to stack=0 task=1 at 9
08-10 11:26:36.314 6548 7223 I art : Explicit concurrent mark sweep GC freed 21150(1067KB) AllocSpace objects, 1(16KB) LOS objects, 33% free, 9MB/14MB, paused 341us total 17.560ms
08-10 11:26:36.315 7037 7037 I SetupWizard.WizardManager: onNext actionId=restore_progress resultCode=1
08-10 11:26:36.316 6548 7103 I ActivityManager: START u0 {act=com.google.android.setupwizard.START_DOWNLOADS flg=0x4000000 cmp=com.google.android.setupwizard/.StartDownloadsActivity (has extras)} from uid 10017 on display 0
08-10 11:26:36.316 6548 7103 V WindowManager: addAppToken: AppWindowToken{3756e05a token=Token{1ebac805 ActivityRecord{362277c u0 com.google.android.setupwizard/.StartDownloadsActivity t1}}} to stack=0 task=1 at 8
08-10 11:26:36.347 6548 7222 V WindowManager: Adding window Window{23115c67 u0 com.google.android.setupwizard/com.google.android.setupwizard.StartDownloadsActivity} at 7 of 11 (after Window{663f576 u0 com.google.android.setupwizard/com.google.android.setupwizard.GoogleNowWrapper EXITING})
08-10 11:26:36.348 7724 7927 D Finsky : [193] PlaySetupService.doStartDownloads: Setup Wizard reports OK to begin downloading apps
08-10 11:26:36.348 6548 7133 I ActivityManager: START u0 {act=com.android.wizard.NEXT cmp=com.google.android.setupwizard/.WizardManager (has extras)} from uid 10017 on display 0
08-10 11:26:36.349 6548 7133 V WindowManager: addAppToken: AppWindowToken{107120b2 token=Token{2ebef2bd ActivityRecord{1735ea14 u0 com.google.android.setupwizard/.WizardManager t1}}} to stack=0 task=1 at 9
08-10 11:26:36.390 7037 7037 I SetupWizard.WizardManager: onNext actionId=start_downloads resultCode=-1
08-10 11:26:36.390 6548 6884 I ActivityManager: START u0 {act=com.google.android.setupwizard.FINAL_HOLD flg=0x4000000 cmp=com.google.android.setupwizard/.FinalHoldWrapper (has extras)} from uid 10017 on display 0
08-10 11:26:36.391 6548 6884 V WindowManager: addAppToken: AppWindowToken{11ecfdb9 token=Token{34919380 ActivityRecord{33cd5803 u0 com.google.android.setupwizard/.FinalHoldWrapper t1}}} to stack=0 task=1 at 10
08-10 11:26:36.410 6548 7233 V WindowManager: Adding window Window{956bc75 u0 com.google.android.setupwizard/com.google.android.setupwizard.FinalHoldWrapper} at 8 of 12 (after Window{23115c67 u0 com.google.android.setupwizard/com.google.android.setupwizard.StartDownloadsActivity})
08-10 11:26:36.412 7724 7741 D Finsky : [166] PlaySetupService.doGetFinalHoldFlow: Getting final hold flow
08-10 11:26:36.412 7037 7037 I SetupWizard.FinalHoldWrapper: Null intent received for final hold
08-10 11:26:36.412 6548 7222 I ActivityManager: START u0 {act=com.android.wizard.NEXT cmp=com.google.android.setupwizard/.WizardManager (has extras)} from uid 10017 on display 0
08-10 11:26:36.413 6548 7222 V WindowManager: addAppToken: AppWindowToken{38de5298 token=Token{1d7c47b ActivityRecord{1ed8140a u0 com.google.android.setupwizard/.WizardManager t1}}} to stack=0 task=1 at 7
08-10 11:26:36.455 7037 7037 I SetupWizard.WizardManager: onNext actionId=final_hold resultCode=-1
08-10 11:26:36.455 6548 6717 I ActivityManager: START u0 {act=com.android.setupwizard.EXIT flg=0x14208000 cmp=com.google.android.setupwizard/.SetupExitActivity (has extras)} from uid 10017 on display 0
08-10 11:26:36.457 6548 6717 I ActivityManager: Killing 7644:com.android.dialer/u0a4 (adj 15): empty #17
08-10 11:26:36.473 6548 6717 V WindowManager: addAppToken: AppWindowToken{35142d57 token=Token{18eb66d6 ActivityRecord{2d63aaf1 u0 com.google.android.setupwizard/.SetupExitActivity t1}}} to stack=0 task=1 at 8
08-10 11:26:36.473 6548 7103 W ActivityManager: Duplicate finish request for ActivityRecord{1ed8140a u0 com.google.android.setupwizard/.WizardManager t1 f}
08-10 11:26:36.476 6548 6918 I ActivityManager: Killing 7668:com.google.android.onetimeinitializer/u0a9 (adj 15): empty #17
08-10 11:26:36.494 6718 6718 D PhoneStatusBar: disable: < expand* icons alerts* system_info back home* recent* clock* search*
> 08-10 11:26:36.494 6718 6718 D PhoneStatusBar: heads up is enabled
08-10 11:26:36.498 6548 6743 W BroadcastQueue: Permission Denial: broadcasting Intent { act=com.google.android.gsf.settings.GoogleLocationSettings.UPDATE_LOCATION_SETTINGS flg=0x10 } from com.google.android.setupwizard (pid=7037, uid=10017) is not exported from uid 10007 due to receiver com.google.android.gms/com.google.android.location.reporting.service.ExternalChangeReceiver
08-10 11:26:36.501 7037 7037 I SetupWizard.SetupWizardExitActivity: *** SetupWizard Exit ***
08-10 11:26:36.501 6548 6743 I ActivityManager: START u0 {act=android.intent.action.MAIN cat=[android.intent.category.HOME] flg=0x10208000 cmp=com.android.provision/.DefaultActivity} from uid 10017 on display 0
08-10 11:26:36.502 6548 6743 V WindowManager: addAppToken: AppWindowToken{f0dcb0 token=Token{114447f3 ActivityRecord{230f1a62 u0 com.android.provision/.DefaultActivity t2}}} to stack=0 task=2 at 0
08-10 11:26:36.505 6548 6575 V WindowManager: Adding window Window{105791c8 u0 Starting com.android.provision} at 5 of 10 (after Window{956bc75 u0 com.google.android.setupwizard/com.google.android.setupwizard.FinalHoldWrapper})
08-10 11:26:36.520 6548 7223 I ActivityManager: Start proc 8249:com.android.provision/u0a59 for activity com.android.provision/.DefaultActivity
08-10 11:26:36.523 6548 6567 I art : DexFile_isDexOptNeeded file /system/app/Provision/x86/Provision.odex needs to be relocated for /system/app/Provision/Provision.apk
08-10 11:26:36.524 6548 6567 I PackageManager: Running patchoat on: com.android.provision
08-10 11:26:36.524 8268 8268 E installd: Running /system/bin/patchoat isa=x86 in-fd=5 (/system/app/Provision/x86/Provision.odex) out-fd=6 (/data/dalvik-cache/x86/system@app@Provision@Provision.apk@classes.dex)
08-10 11:26:36.544 7084 7084 V UserPresentBroadcastReceiver: Received Intent { act=android.intent.action.USER_PRESENT flg=0x24000010 cmp=com.google.android.gms/.auth.trustagent.UserPresentBroadcastReceiver }.
08-10 11:26:36.545 8249 8249 I ActivityThread: Switching default density from 160 to 240
08-10 11:26:36.552 6548 6775 I ActivityManager: START u0 {act=android.intent.action.MAIN cat=[android.intent.category.HOME] flg=0x10000000 cmp=com.cyanogenmod.trebuchet/com.android.launcher3.Launcher} from uid 0 on display 0
08-10 11:26:36.553 6548 6775 V WindowManager: addAppToken: AppWindowToken{3b0f13e3 token=Token{9b6e012 ActivityRecord{1a50939d u0 com.cyanogenmod.trebuchet/com.android.launcher3.Launcher t3}}} to stack=0 task=3 at 0
08-10 11:26:36.556 8118 8118 W Launcher: setApplicationContext called twice! old=com.android.launcher3.LauncherApplication@be3c802 new=com.android.launcher3.LauncherApplication@be3c802
08-10 11:26:36.601 8118 8140 W Resources: Converting to int: TypedValue{t=0x3/d=0x13 "6" a=-1}
08-10 11:26:36.601 8118 8140 W Resources: Converting to int: TypedValue{t=0x3/d=0x14 "3" a=-1}
08-10 11:26:36.601 8118 8140 W Resources: Converting to int: TypedValue{t=0x3/d=0x11 "1" a=-1}
08-10 11:26:36.601 8118 8140 W Resources: Converting to int: TypedValue{t=0x3/d=0x12 "0" a=-1}
08-10 11:26:36.601 8118 8140 W Resources: Converting to int: TypedValue{t=0x3/d=0x11 "1" a=-1}
08-10 11:26:36.601 8118 8140 W Resources: Converting to int: TypedValue{t=0x3/d=0x18 "7" a=-1}
08-10 11:26:36.601 8118 8140 W Resources: Converting to int: TypedValue{t=0x3/d=0x19 "4" a=-1}
08-10 11:26:36.601 8118 8140 W Resources: Converting to int: TypedValue{t=0x3/d=0x11 "1" a=-1}
08-10 11:26:36.602 8118 8140 W Resources: Converting to int: TypedValue{t=0x3/d=0x12 "0" a=-1}
08-10 11:26:36.602 8118 8140 W Resources: Converting to int: TypedValue{t=0x3/d=0x19 "4" a=-1}
08-10 11:26:36.602 8118 8140 W Resources: Converting to int: TypedValue{t=0x3/d=0x11 "1" a=-1}
08-10 11:26:36.602 8118 8140 W Launcher.LauncherProvider: Unable to add favorite: com.google.android.apps.maps/com.google.android.maps.MapsActivity
08-10 11:26:36.602 8118 8140 W Launcher.LauncherProvider: android.content.pm.PackageManager$NameNotFoundException: ComponentInfo{com.google.android.apps.maps/com.google.android.maps.MapsActivity}
08-10 11:26:36.602 8118 8140 W Launcher.LauncherProvider: at android.app.ApplicationPackageManager.getActivityInfo(ApplicationPackageManager.java:314)
08-10 11:26:36.602 8118 8140 W Launcher.LauncherProvider: at com.android.launcher3.LauncherProvider$DatabaseHelper.addAppShortcut(LauncherProvider.java:1308)
08-10 11:26:36.602 8118 8140 W Launcher.LauncherProvider: at com.android.launcher3.LauncherProvider$DatabaseHelper.loadFavorites(LauncherProvider.java:1231)
08-10 11:26:36.602 8118 8140 W Launcher.LauncherProvider: at com.android.launcher3.LauncherProvider$DatabaseHelper.access$000(LauncherProvider.java:298)
08-10 11:26:36.602 8118 8140 W Launcher.LauncherProvider: at com.android.launcher3.LauncherProvider.loadDefaultFavoritesIfNecessary(LauncherProvider.java:288)
08-10 11:26:36.602 8118 8140 W Launcher.LauncherProvider: at com.android.launcher3.LauncherModel$LoaderTask.loadWorkspace(LauncherModel.java:1681)
08-10 11:26:36.602 8118 8140 W Launcher.LauncherProvider: at com.android.launcher3.LauncherModel$LoaderTask.loadAndBindWorkspace(LauncherModel.java:1425)
08-10 11:26:36.602 8118 8140 W Launcher.LauncherProvider: at com.android.launcher3.LauncherModel$LoaderTask.run(LauncherModel.java:1530)
08-10 11:26:36.602 8118 8140 W Launcher.LauncherProvider: at android.os.Handler.handleCallback(Handler.java:739)
08-10 11:26:36.602 8118 8140 W Launcher.LauncherProvider: at android.os.Handler.dispatchMessage(Handler.java:95)
08-10 11:26:36.602 8118 8140 W Launcher.LauncherProvider: at android.os.Looper.loop(Looper.java:135)
08-10 11:26:36.602 8118 8140 W Launcher.LauncherProvider: at android.os.HandlerThread.run(HandlerThread.java:61)
08-10 11:26:36.602 8118 8140 W Launcher.LauncherProvider: Unable to add favorite: com.google.android.gm/com.google.android.gm.GmailActivity
08-10 11:26:36.602 8118 8140 W Launcher.LauncherProvider: android.content.pm.PackageManager$NameNotFoundException: ComponentInfo{com.google.android.gm/com.google.android.gm.GmailActivity}
08-10 11:26:36.602 8118 8140 W Launcher.LauncherProvider: at android.app.ApplicationPackageManager.getActivityInfo(ApplicationPackageManager.java:314)
08-10 11:26:36.602 8118 8140 W Launcher.LauncherProvider: at com.android.launcher3.LauncherProvider$DatabaseHelper.addAppShortcut(LauncherProvider.java:1308)
08-10 11:26:36.602 8118 8140 W Launcher.LauncherProvider: at com.android.launcher3.LauncherProvider$DatabaseHelper.loadFavorites(LauncherProvider.java:1231)
08-10 11:26:36.602 8118 8140 W Launcher.LauncherProvider: at com.android.launcher3.LauncherProvider$DatabaseHelper.access$000(LauncherProvider.java:298)
08-10 11:26:36.602 8118 8140 W Launcher.LauncherProvider: at com.android.launcher3.LauncherProvider.loadDefaultFavoritesIfNecessary(LauncherProvider.java:288)
08-10 11:26:36.602 8118 8140 W Launcher.LauncherProvider: at com.android.launcher3.LauncherModel$LoaderTask.loadWorkspace(LauncherModel.java:1681)
08-10 11:26:36.602 8118 8140 W Launcher.LauncherProvider: at com.android.launcher3.LauncherModel$LoaderTask.loadAndBindWorkspace(LauncherModel.java:1425)
08-10 11:26:36.602 8118 8140 W Launcher.LauncherProvider: at com.android.launcher3.LauncherModel$LoaderTask.run(LauncherModel.java:1530)
08-10 11:26:36.602 8118 8140 W Launcher.LauncherProvider: at android.os.Handler.handleCallback(Handler.java:739)
08-10 11:26:36.602 8118 8140 W Launcher.LauncherProvider: at android.os.Handler.dispatchMessage(Handler.java:95)
08-10 11:26:36.602 8118 8140 W Launcher.LauncherProvider: at android.os.Looper.loop(Looper.java:135)
08-10 11:26:36.602 8118 8140 W Launcher.LauncherProvider: at android.os.HandlerThread.run(HandlerThread.java:61)
08-10 11:26:36.603 8118 8140 W Launcher.LauncherProvider: Unable to add favorite: com.google.android.apps.plus/com.google.android.apps.plus.phone.HomeActivity
08-10 11:26:36.603 8118 8140 W Launcher.LauncherProvider: android.content.pm.PackageManager$NameNotFoundException: ComponentInfo{com.google.android.apps.plus/com.google.android.apps.plus.phone.HomeActivity}
08-10 11:26:36.603 8118 8140 W Launcher.LauncherProvider: at android.app.ApplicationPackageManager.getActivityInfo(ApplicationPackageManager.java:314)
08-10 11:26:36.603 8118 8140 W Launcher.LauncherProvider: at com.android.launcher3.LauncherProvider$DatabaseHelper.addAppShortcut(LauncherProvider.java:1308)
08-10 11:26:36.603 8118 8140 W Launcher.LauncherProvider: at com.android.launcher3.LauncherProvider$DatabaseHelper.loadFavorites(LauncherProvider.java:1231)
08-10 11:26:36.603 8118 8140 W Launcher.LauncherProvider: at com.android.launcher3.LauncherProvider$DatabaseHelper.access$000(LauncherProvider.java:298)
08-10 11:26:36.603 8118 8140 W Launcher.LauncherProvider: at com.android.launcher3.LauncherProvider.loadDefaultFavoritesIfNecessary(LauncherProvider.java:288)
08-10 11:26:36.603 8118 8140 W Launcher.LauncherProvider: at com.android.launcher3.LauncherModel$LoaderTask.loadWorkspace(LauncherModel.java:1681)
08-10 11:26:36.603 8118 8140 W Launcher.LauncherProvider: at com.android.launcher3.LauncherModel$LoaderTask.loadAndBindWorkspace(LauncherModel.java:1425)
08-10 11:26:36.603 8118 8140 W Launcher.LauncherProvider: at com.android.launcher3.LauncherModel$LoaderTask.run(LauncherModel.java:1530)
08-10 11:26:36.603 8118 8140 W Launcher.LauncherProvider: at android.os.Handler.handleCallback(Handler.java:739)
08-10 11:26:36.603 8118 8140 W Launcher.LauncherProvider: at android.os.Handler.dispatchMessage(Handler.java:95)
08-10 11:26:36.603 8118 8140 W Launcher.LauncherProvider: at android.os.Looper.loop(Looper.java:135)
08-10 11:26:36.603 8118 8140 W Launcher.LauncherProvider: at android.os.HandlerThread.run(HandlerThread.java:61)
08-10 11:26:36.603 8118 8140 W Launcher.LauncherProvider: Unable to add favorite: com.google.android.calendar/com.android.calendar.AllInOneActivity
08-10 11:26:36.603 8118 8140 W Launcher.LauncherProvider: android.content.pm.PackageManager$NameNotFoundException: ComponentInfo{com.google.android.calendar/com.android.calendar.AllInOneActivity}
08-10 11:26:36.603 8118 8140 W Launcher.LauncherProvider: at android.app.ApplicationPackageManager.getActivityInfo(ApplicationPackageManager.java:314)
08-10 11:26:36.603 8118 8140 W Launcher.LauncherProvider: at com.android.launcher3.LauncherProvider$DatabaseHelper.addAppShortcut(LauncherProvider.java:1308)
08-10 11:26:36.603 8118 8140 W Launcher.LauncherProvider: at com.android.launcher3.LauncherProvider$DatabaseHelper.loadFavorites(LauncherProvider.java:1231)
08-10 11:26:36.603 8118 8140 W Launcher.LauncherProvider: at com.android.launcher3.LauncherProvider$DatabaseHelper.access$000(LauncherProvider.java:298)
08-10 11:26:36.603 8118 8140 W Launcher.LauncherProvider: at com.android.launcher3.LauncherProvider.loadDefaultFavoritesIfNecessary(LauncherProvider.java:288)
08-10 11:26:36.603 8118 8140 W Launcher.LauncherProvider: at com.android.launcher3.LauncherModel$LoaderTask.loadWorkspace(LauncherModel.java:1681)
08-10 11:26:36.603 8118 8140 W Launcher.LauncherProvider: at com.android.launcher3.LauncherModel$LoaderTask.loadAndBindWorkspace(LauncherModel.java:1425)
08-10 11:26:36.603 8118 8140 W Launcher.LauncherProvider: at com.android.launcher3.LauncherModel$LoaderTask.run(LauncherModel.java:1530)
08-10 11:26:36.603 8118 8140 W Launcher.LauncherProvider: at android.os.Handler.handleCallback(Handler.java:739)
08-10 11:26:36.603 8118 8140 W Launcher.LauncherProvider: at android.os.Handler.dispatchMessage(Handler.java:95)
08-10 11:26:36.603 8118 8140 W Launcher.LauncherProvider: at android.os.Looper.loop(Looper.java:135)
08-10 11:26:36.603 8118 8140 W Launcher.LauncherProvider: at android.os.HandlerThread.run(HandlerThread.java:61)
08-10 11:26:36.603 8118 8140 W Launcher.LauncherProvider: Unable to add favorite: com.google.android.apps.maps/com.google.android.maps.driveabout.app.DestinationActivity
08-10 11:26:36.603 8118 8140 W Launcher.LauncherProvider: android.content.pm.PackageManager$NameNotFoundException: ComponentInfo{com.google.android.apps.maps/com.google.android.maps.driveabout.app.DestinationActivity}
08-10 11:26:36.603 8118 8140 W Launcher.LauncherProvider: at android.app.ApplicationPackageManager.getActivityInfo(ApplicationPackageManager.java:314)
08-10 11:26:36.603 8118 8140 W Launcher.LauncherProvider: at com.android.launcher3.LauncherProvider$DatabaseHelper.addAppShortcut(LauncherProvider.java:1308)
08-10 11:26:36.603 8118 8140 W Launcher.LauncherProvider: at com.android.launcher3.LauncherProvider$DatabaseHelper.loadFavorites(LauncherProvider.java:1231)
08-10 11:26:36.603 8118 8140 W Launcher.LauncherProvider: at com.android.launcher3.LauncherProvider$DatabaseHelper.access$000(LauncherProvider.java:298)
08-10 11:26:36.603 8118 8140 W Launcher.LauncherProvider: at com.android.launcher3.LauncherProvider.loadDefaultFavoritesIfNecessary(LauncherProvider.java:288)
08-10 11:26:36.603 8118 8140 W Launcher.LauncherProvider: at com.android.launcher3.LauncherModel$LoaderTask.loadWorkspace(LauncherModel.java:1681)
08-10 11:26:36.603 8118 8140 W Launcher.LauncherProvider: at com.android.launcher3.LauncherModel$LoaderTask.loadAndBindWorkspace(LauncherModel.java:1425)
08-10 11:26:36.603 8118 8140 W Launcher.LauncherProvider: at com.android.launcher3.LauncherModel$LoaderTask.run(LauncherModel.java:1530)
08-10 11:26:36.603 8118 8140 W Launcher.LauncherProvider: at android.os.Handler.handleCallback(Handler.java:739)
08-10 11:26:36.603 8118 8140 W Launcher.LauncherProvider: at android.os.Handler.dispatchMessage(Handler.java:95)
08-10 11:26:36.603 8118 8140 W Launcher.LauncherProvider: at android.os.Looper.loop(Looper.java:135)
08-10 11:26:36.603 8118 8140 W Launcher.LauncherProvider: at android.os.HandlerThread.run(HandlerThread.java:61)
08-10 11:26:36.603 8118 8140 W Launcher.LauncherProvider: Unable to add favorite: com.google.android.apps.plus/com.google.android.apps.plus.phone.ConversationListActivity
08-10 11:26:36.603 8118 8140 W Launcher.LauncherProvider: android.content.pm.PackageManager$NameNotFoundException: ComponentInfo{com.google.android.apps.plus/com.google.android.apps.plus.phone.ConversationListActivity}
08-10 11:26:36.603 8118 8140 W Launcher.LauncherProvider: at android.app.ApplicationPackageManager.getActivityInfo(ApplicationPackageManager.java:314)
08-10 11:26:36.603 8118 8140 W Launcher.LauncherProvider: at com.android.launcher3.LauncherProvider$DatabaseHelper.addAppShortcut(LauncherProvider.java:1308)
08-10 11:26:36.603 8118 8140 W Launcher.LauncherProvider: at com.android.launcher3.LauncherProvider$DatabaseHelper.loadFavorites(LauncherProvider.java:1231)
08-10 11:26:36.603 8118 8140 W Launcher.LauncherProvider: at com.android.launcher3.LauncherProvider$DatabaseHelper.access$000(LauncherProvider.java:298)
08-10 11:26:36.603 8118 8140 W Launcher.LauncherProvider: at com.android.launcher3.LauncherProvider.loadDefaultFavoritesIfNecessary(LauncherProvider.java:288)
08-10 11:26:36.603 8118 8140 W Launcher.LauncherProvider: at com.android.launcher3.LauncherModel$LoaderTask.loadWorkspace(LauncherModel.java:1681)
08-10 11:26:36.603 8118 8140 W Launcher.LauncherProvider: at com.android.launcher3.LauncherModel$LoaderTask.loadAndBindWorkspace(LauncherModel.java:1425)
08-10 11:26:36.603 8118 8140 W Launcher.LauncherProvider: at com.android.launcher3.LauncherModel$LoaderTask.run(LauncherModel.java:1530)
08-10 11:26:36.603 8118 8140 W Launcher.LauncherProvider: at android.os.Handler.handleCallback(Handler.java:739)
08-10 11:26:36.603 8118 8140 W Launcher.LauncherProvider: at android.os.Handler.dispatchMessage(Handler.java:95)
08-10 11:26:36.603 8118 8140 W Launcher.LauncherProvider: at android.os.Looper.loop(Looper.java:135)
08-10 11:26:36.603 8118 8140 W Launcher.LauncherProvider: at android.os.HandlerThread.run(HandlerThread.java:61)
08-10 11:26:36.603 8118 8140 W Resources: Converting to int: TypedValue{t=0x3/d=0x18 "7" a=-1}
08-10 11:26:36.603 8118 8140 W Resources: Converting to int: TypedValue{t=0x3/d=0x19 "4" a=-1}
08-10 11:26:36.603 8118 8140 W Resources: Converting to int: TypedValue{t=0x3/d=0x11 "1" a=-1}
08-10 11:26:36.603 8118 8140 E Launcher.Model: Error loading shortcut Item(id=-1 type=0 container=-100 screen=1 cellX=7 cellY=4 spanX=1 spanY=1 dropPos=null) into cell (1-1:7,4) occupied by Item(id=-1 type=0 container=-100 screen=1 cellX=7 cellY=4 spanX=1 spanY=1 dropPos=null)
08-10 11:26:36.603 8118 8140 W Resources: Converting to int: TypedValue{t=0x3/d=0x12 "0" a=-1}
