08-10 11:21:00.120 2125 2223 W PackageManager: Unknown permission com.google.android.gm.permission.AUTO_SEND in package com.google.android.googlequicksearchbox
08-10 11:21:00.120 2125 2223 W PackageManager: Unknown permission com.google.android.hangouts.START_HANGOUT in package com.google.android.googlequicksearchbox
08-10 11:21:00.120 2125 2223 W PackageManager: Unknown permission com.android.chrome.PRERENDER_URL in package com.google.android.googlequicksearchbox
08-10 11:21:00.120 2125 2223 W PackageManager: Unknown permission com.google.android.launcher.permission.CONTENT_REDIRECT in package com.google.android.googlequicksearchbox
08-10 11:21:00.120 2125 2223 W PackageManager: Unknown permission com.android.launcher.permission.READ_SETTINGS in package com.google.android.onetimeinitializer
08-10 11:21:00.120 2125 2223 W PackageManager: Unknown permission com.android.launcher.permission.WRITE_SETTINGS in package com.google.android.onetimeinitializer
08-10 11:21:00.120 2125 2223 W PackageManager: Not granting permission android.permission.GLOBAL_SEARCH to package com.android.quicksearchbox (protectionLevel=18 flags=0x8be45)
08-10 11:21:00.120 2125 2223 W PackageManager: Not granting permission android.permission.ACCESS_DOWNLOAD_MANAGER to package com.android.browser (protectionLevel=18 flags=0x9be45)
08-10 11:21:00.120 2125 2223 W PackageManager: Not granting permission android.permission.SEND_DOWNLOAD_COMPLETED_INTENTS to package com.android.browser (protectionLevel=2 flags=0x9be45)
08-10 11:21:00.120 2125 2223 W PackageManager: Not granting permission android.permission.SEND_DOWNLOAD_COMPLETED_INTENTS to package com.android.vending (protectionLevel=2 flags=0x400abe45)
08-10 11:21:00.120 2125 2223 W PackageManager: Unknown permission android.permission.SEND_SMS_NO_CONFIRMATION in package com.android.vending
08-10 11:21:00.120 2125 2223 W PackageManager: Not granting permission android.permission.BIND_WALLPAPER to package com.android.camera2 (protectionLevel=18 flags=0x58bc45)
08-10 11:21:00.120 2125 2223 W PackageManager: Unknown permission android.permission.INSTALL_DRM in package com.android.mms
08-10 11:21:00.120 2125 2223 W PackageManager: Unknown permission android.permission.READ_OWNER_DATA in package com.google.android.setupwizard
08-10 11:21:00.120 2125 2223 W PackageManager: Unknown permission android.permission.WRITE_OWNER_DATA in package com.google.android.setupwizard
08-10 11:21:00.120 2125 2223 W PackageManager: Unknown permission com.android.launcher.permission.READ_SETTINGS in package com.android.onetimeinitializer
08-10 11:21:00.120 2125 2223 W PackageManager: Unknown permission com.android.launcher.permission.WRITE_SETTINGS in package com.android.onetimeinitializer
08-10 11:21:00.120 2125 2223 W PackageManager: Unknown permission com.google.android.gms.permission.CONTACTS_SYNC_DELEGATION in package com.google.android.syncadapters.contacts
08-10 11:21:00.120 2125 2223 W PackageManager: Unknown permission com.android.launcher.permission.READ_SETTINGS in package com.cyanogenmod.trebuchet
08-10 11:21:00.120 2125 2223 W PackageManager: Unknown permission com.android.launcher.permission.WRITE_SETTINGS in package com.cyanogenmod.trebuchet
08-10 11:21:00.120 2125 2223 W PackageManager: Unknown permission com.google.android.apps.enterprise.dmagent.permission.AutoSyncPermission in package com.google.android.gms
08-10 11:21:00.120 2125 2223 W PackageManager: Unknown permission com.google.android.hangouts.START_HANGOUT in package com.google.android.gms
08-10 11:21:00.120 2125 2223 W PackageManager: Unknown permission com.google.android.wearable.READ_SETTINGS in package com.google.android.gms
08-10 11:21:00.120 2125 2223 W PackageManager: Unknown permission com.google.android.gm.permission.READ_GMAIL in package com.google.android.gms
08-10 11:21:00.120 2125 2223 W PackageManager: Unknown permission com.android.launcher.permission.PRELOAD_WORKSPACE in package com.google.android.partnersetup
08-10 11:21:00.120 2125 2223 W PackageManager: Not granting permission android.permission.DELETE_PACKAGES to package com.svox.pico (protectionLevel=18 flags=0x8be45)
08-10 11:21:00.120 2125 2223 W PackageManager: Unknown permission com.cyanogenmod.filemanager.permissions.READ_THEME in package com.cyanogenmod.filemanager
08-10 11:21:00.120 2125 2223 W PackageManager: Not granting permission android.permission.CONTROL_KEYGUARD to package com.google.android.gsf.login (protectionLevel=2 flags=0x4048be45)
08-10 11:21:00.120 2125 2223 W PackageManager: Unknown permission com.android.vending.billing.IBillingAccountService.BIND2 in package com.google.android.gsf.login
08-10 11:21:00.120 2125 2223 W PackageManager: Unknown permission com.android.chrome.TOS_ACKED in package com.google.android.gsf.login
08-10 11:21:00.120 2125 2223 W PackageManager: Unknown permission com.android.launcher.permission.READ_SETTINGS in package com.android.settings
08-10 11:21:00.120 2125 2223 W PackageManager: Unknown permission com.android.launcher.permission.WRITE_SETTINGS in package com.android.settings
08-10 11:21:00.120 2125 2223 W PackageManager: Unknown permission com.android.smspush.WAPPUSH_MANAGER_BIND in package com.android.phone
08-10 11:21:00.121 2125 2223 W PackageManager: Not granting permission android.permission.DEVICE_POWER to package com.android.deskclock (protectionLevel=2 flags=0x48be45)
08-10 11:21:00.121 2125 2223 W PackageManager: Unknown permission com.google.android.gallery3d.permission.GALLERY_PROVIDER in package com.android.bluetooth
08-10 11:21:00.123 2125 2125 I SystemServer: Status Bar
08-10 11:21:00.123 2125 2125 I SystemServer: Clipboard Service
08-10 11:21:00.124 2125 2125 I SystemServer: NetworkManagement Service
08-10 11:21:00.125 2125 2125 I SystemServer: Text Service Manager Service
08-10 11:21:00.127 2125 2150 D SettingsProvider: User 0 external modification to /data/data/com.android.providers.settings/databases/settings.db; event=2
08-10 11:21:00.127 2125 2150 D SettingsProvider: User 0 updating our caches for /data/data/com.android.providers.settings/databases/settings.db
08-10 11:21:00.127 2125 2125 I SystemServer: Network Score Service
08-10 11:21:00.127 2125 2125 I SystemServer: NetworkStats Service
08-10 11:21:00.127 2125 2150 D SettingsProvider: User 0 external modification to /data/data/com.android.providers.settings/databases/settings.db; event=2
08-10 11:21:00.127 2125 2150 D SettingsProvider: User 0 updating our caches for /data/data/com.android.providers.settings/databases/settings.db
08-10 11:21:00.130 2125 2125 I SystemServer: NetworkPolicy Service
08-10 11:21:00.131 2125 2125 I SystemServiceManager: Starting com.android.server.wifi.p2p.WifiP2pService
08-10 11:21:00.136 2125 2125 I WifiP2pService: Registering wifip2p
08-10 11:21:00.136 2125 2125 I SystemServiceManager: Starting com.android.server.wifi.WifiService
08-10 11:21:00.161 2125 2125 E WifiConfigStore: associatedPartialScanPeriodMilli set to 20000
08-10 11:21:00.161 2125 2220 E EventHub: could not get driver version for /dev/input/mice, Not a typewriter
08-10 11:21:00.164 2125 2125 D WifiController: isAirplaneModeOn = false, isWifiEnabled = false, isScanningAvailable = false
08-10 11:21:00.165 2125 2125 I WifiService: Registering wifi
08-10 11:21:00.165 2125 2125 I SystemServiceManager: Starting com.android.server.wifi.WifiScanningService
08-10 11:21:00.165 2125 2125 I WifiScanningService: Creating wifiscanner
08-10 11:21:00.165 2125 2125 I WifiScanningService: Starting wifiscanner
08-10 11:21:00.165 2125 2125 I SystemServiceManager: Starting com.android.server.wifi.RttService
08-10 11:21:00.165 2125 2125 I RttService: Creating rttmanager
08-10 11:21:00.165 2125 2125 I RttService: Starting rttmanager
08-10 11:21:00.166 2125 2125 I SystemServiceManager: Starting com.android.server.ethernet.EthernetService
08-10 11:21:00.166 2125 2125 I EthernetServiceImpl: Creating EthernetConfigStore
08-10 11:21:00.166 2125 2125 E IpConfigStore: Error parsing configuration: java.io.FileNotFoundException: /data/misc/ethernet/ipconfig.txt: open failed: ENOENT (No such file or directory)
08-10 11:21:00.166 2125 2125 W EthernetConfigStore: No Ethernet configuration found. Using default.
08-10 11:21:00.166 2125 2125 I EthernetServiceImpl: Read stored IP configuration: IP assignment: DHCP
08-10 11:21:00.166 2125 2125 I EthernetServiceImpl: Proxy settings: NONE
08-10 11:21:00.167 2125 2125 I EthernetService: Registering service ethernet
08-10 11:21:00.167 2125 2125 I SystemServer: Connectivity Service
08-10 11:21:00.167 2125 2125 D ConnectivityService: ConnectivityService starting up
08-10 11:21:00.168 2125 2125 D ConnectivityService: wifiOnly=false
08-10 11:21:00.168 2125 2125 E ConnectivityService: Ignoring protectedNetwork 14
08-10 11:21:00.168 2125 2125 E ConnectivityService: Ignoring protectedNetwork 15
08-10 11:21:00.170 2125 2125 I SystemServer: Network Service Discovery Service
08-10 11:21:00.170 2125 2125 D NsdService: Network service discovery enabled true
08-10 11:21:00.171 2125 2125 I SystemServer: UpdateLock Service
08-10 11:21:00.171 2125 2125 I SystemServiceManager: Starting com.android.server.notification.NotificationManagerService
08-10 11:21:00.175 2125 2125 D ZenLog : set_zen_mode: off,setting
08-10 11:21:00.176 2125 2125 I SystemServiceManager: Starting com.android.server.storage.DeviceStorageMonitorService
08-10 11:21:00.176 2125 2125 I SystemServer: Location Manager
08-10 11:21:00.177 2125 2125 I SystemServer: Country Detector
08-10 11:21:00.177 2125 2125 I SystemServer: Search Service
08-10 11:21:00.177 2125 2125 I SystemServer: DropBox Service
08-10 11:21:00.178 2125 2125 I SystemServer: Wallpaper Service
08-10 11:21:00.178 2125 2125 W WallpaperManagerService: no current wallpaper -- first boot?
08-10 11:21:00.178 2125 2125 I SystemServer: Audio Service
08-10 11:21:00.180 2125 2235 I ServiceManager: Waiting for service media.audio_policy...
08-10 11:21:00.180 2125 2125 W TelecomManager: Telecom Service not found.
08-10 11:21:00.189 2125 2220 D EventHub: No input device configuration file found for device 'HDA Intel PCH Line Out CLFE'.
08-10 11:21:00.189 2125 2220 I EventHub: New device: id=4, fd=109, path='/dev/input/event8', name='HDA Intel PCH Line Out CLFE', classes=0x80, configuration='', keyLayout='', keyCharacterMap='', builtinKeyboard=false, wakeMechanism=EPOLLWAKEUP, usingClockIoctl=true
08-10 11:21:00.189 2125 2220 D EventHub: No input device configuration file found for device 'HDA Intel PCH Line Out Surround'.
08-10 11:21:00.189 2125 2220 I EventHub: New device: id=5, fd=110, path='/dev/input/event7', name='HDA Intel PCH Line Out Surround', classes=0x80, configuration='', keyLayout='', keyCharacterMap='', builtinKeyboard=false, wakeMechanism=EPOLLWAKEUP, usingClockIoctl=true
08-10 11:21:00.189 2125 2220 D EventHub: No input device configuration file found for device 'HDA Intel PCH Line Out Front'.
08-10 11:21:00.189 2125 2220 I EventHub: New device: id=6, fd=111, path='/dev/input/event6', name='HDA Intel PCH Line Out Front', classes=0x80, configuration='', keyLayout='', keyCharacterMap='', builtinKeyboard=false, wakeMechanism=EPOLLWAKEUP, usingClockIoctl=true
08-10 11:21:00.189 2125 2220 D EventHub: No input device configuration file found for device 'HDA Intel PCH Line'.
08-10 11:21:00.189 2125 2220 I EventHub: New device: id=7, fd=112, path='/dev/input/event5', name='HDA Intel PCH Line', classes=0x80, configuration='', keyLayout='', keyCharacterMap='', builtinKeyboard=false, wakeMechanism=EPOLLWAKEUP, usingClockIoctl=true
08-10 11:21:00.189 2125 2220 D EventHub: No input device configuration file found for device 'HDA Intel PCH Rear Mic'.
08-10 11:21:00.189 2125 2220 I EventHub: New device: id=8, fd=113, path='/dev/input/event4', name='HDA Intel PCH Rear Mic', classes=0x80, configuration='', keyLayout='', keyCharacterMap='', builtinKeyboard=false, wakeMechanism=EPOLLWAKEUP, usingClockIoctl=true
08-10 11:21:00.239 2125 2220 E EventHub: could not get driver version for /dev/input/mouse0, Not a typewriter
08-10 11:21:00.299 2125 2220 D EventHub: No input device configuration file found for device 'Microsoft Microsoft Wheel Mouse Optical®'.
08-10 11:21:00.299 2125 2220 I EventHub: New device: id=9, fd=114, path='/dev/input/event2', name='Microsoft Microsoft Wheel Mouse Optical®', classes=0x80000008, configuration='', keyLayout='', keyCharacterMap='', builtinKeyboard=false, wakeMechanism=EPOLLWAKEUP, usingClockIoctl=true
08-10 11:21:00.299 2125 2220 D EventHub: No input device configuration file found for device 'HDA ATI HDMI HDMI/DP,pcm=11'.
08-10 11:21:00.299 2125 2220 I EventHub: New device: id=10, fd=115, path='/dev/input/event14', name='HDA ATI HDMI HDMI/DP,pcm=11', classes=0x80, configuration='', keyLayout='', keyCharacterMap='', builtinKeyboard=false, wakeMechanism=EPOLLWAKEUP, usingClockIoctl=true
08-10 11:21:00.299 2125 2220 D EventHub: No input device configuration file found for device 'HDA ATI HDMI HDMI/DP,pcm=10'.
08-10 11:21:00.299 2125 2220 I EventHub: New device: id=11, fd=116, path='/dev/input/event13', name='HDA ATI HDMI HDMI/DP,pcm=10', classes=0x80, configuration='', keyLayout='', keyCharacterMap='', builtinKeyboard=false, wakeMechanism=EPOLLWAKEUP, usingClockIoctl=true
08-10 11:21:00.299 2125 2220 D EventHub: No input device configuration file found for device 'HDA ATI HDMI HDMI/DP,pcm=9'.
08-10 11:21:00.299 2125 2220 I EventHub: New device: id=12, fd=117, path='/dev/input/event12', name='HDA ATI HDMI HDMI/DP,pcm=9', classes=0x80, configuration='', keyLayout='', keyCharacterMap='', builtinKeyboard=false, wakeMechanism=EPOLLWAKEUP, usingClockIoctl=true
08-10 11:21:00.299 2125 2220 D EventHub: No input device configuration file found for device 'HDA ATI HDMI HDMI/DP,pcm=8'.
08-10 11:21:00.299 2125 2220 I EventHub: New device: id=13, fd=118, path='/dev/input/event11', name='HDA ATI HDMI HDMI/DP,pcm=8', classes=0x80, configuration='', keyLayout='', keyCharacterMap='', builtinKeyboard=false, wakeMechanism=EPOLLWAKEUP, usingClockIoctl=true
08-10 11:21:00.299 2125 2220 D EventHub: No input device configuration file found for device 'HDA ATI HDMI HDMI/DP,pcm=7'.
08-10 11:21:00.299 2125 2220 I EventHub: New device: id=14, fd=119, path='/dev/input/event10', name='HDA ATI HDMI HDMI/DP,pcm=7', classes=0x80, configuration='', keyLayout='', keyCharacterMap='', builtinKeyboard=false, wakeMechanism=EPOLLWAKEUP, usingClockIoctl=true
08-10 11:21:00.299 2125 2220 D EventHub: No input device configuration file found for device 'HDA ATI HDMI HDMI/DP,pcm=3'.
08-10 11:21:00.299 2125 2220 I EventHub: New device: id=15, fd=120, path='/dev/input/event9', name='HDA ATI HDMI HDMI/DP,pcm=3', classes=0x80, configuration='', keyLayout='', keyCharacterMap='', builtinKeyboard=false, wakeMechanism=EPOLLWAKEUP, usingClockIoctl=true
08-10 11:21:00.300 2125 2220 I InputReader: Device added: id=-1, name='Virtual', sources=0x00000301
08-10 11:21:00.301 2125 2220 I InputReader: Device added: id=15, name='HDA ATI HDMI HDMI/DP,pcm=3', sources=0x80000000
08-10 11:21:00.301 2125 2220 I InputReader: Device added: id=14, name='HDA ATI HDMI HDMI/DP,pcm=7', sources=0x80000000
08-10 11:21:00.301 2125 2220 I InputReader: Device added: id=13, name='HDA ATI HDMI HDMI/DP,pcm=8', sources=0x80000000
08-10 11:21:00.301 2125 2220 I InputReader: Device added: id=12, name='HDA ATI HDMI HDMI/DP,pcm=9', sources=0x80000000
08-10 11:21:00.301 2125 2220 I InputReader: Device added: id=11, name='HDA ATI HDMI HDMI/DP,pcm=10', sources=0x80000000
08-10 11:21:00.301 2125 2220 I InputReader: Device added: id=10, name='HDA ATI HDMI HDMI/DP,pcm=11', sources=0x80000000
08-10 11:21:00.313 2125 2220 I InputReader: Device added: id=9, name='Microsoft Microsoft Wheel Mouse Optical®', sources=0x00002002
08-10 11:21:00.313 2125 2220 I InputReader: Device added: id=8, name='HDA Intel PCH Rear Mic', sources=0x80000000
08-10 11:21:00.313 2125 2220 I InputReader: Device added: id=7, name='HDA Intel PCH Line', sources=0x80000000
08-10 11:21:00.313 2125 2220 I InputReader: Device added: id=6, name='HDA Intel PCH Line Out Front', sources=0x80000000
08-10 11:21:00.313 2125 2220 I InputReader: Device added: id=5, name='HDA Intel PCH Line Out Surround', sources=0x80000000
08-10 11:21:00.313 2125 2220 I InputReader: Device added: id=4, name='HDA Intel PCH Line Out CLFE', sources=0x80000000
08-10 11:21:00.313 2125 2220 I InputReader: Device added: id=3, name='AT Translated Set 2 keyboard', sources=0x00000101
08-10 11:21:00.313 2125 2220 I InputReader: Device added: id=1, name='Android Power Button', sources=0x00000101
08-10 11:21:00.314 2125 2220 I InputReader: Reconfiguring input devices. changes=0x00000004
08-10 11:21:00.314 2125 2219 I ActivityManager: Config changes=30 {1.0 ?mcc?mnc en_US ?layoutDir sw960dp w1280dp h886dp 240dpi xlrg land ?uimode ?night -touch qwerty/v/v -nav/h s.4}
08-10 11:21:00.997 1816 1816 I AudioFlinger: Using module 1 has the primary audio interface
08-10 11:21:00.998 1816 2237 I AudioFlinger: AudioFlinger's thread 0xb58a7000 ready to run
08-10 11:21:00.999 1816 2238 I AudioFlinger: AudioFlinger's thread 0xb593d000 ready to run
08-10 11:21:00.999 1816 1816 I audio_a2dp_hw: adev_open: adev_open in A2dp_hw module
08-10 11:21:00.999 1816 1816 I AudioFlinger: loadHwModule() Loaded a2dp audio interface from A2DP Audio HW HAL (audio) handle 4
08-10 11:21:00.999 1816 1816 I AudioFlinger: loadHwModule() Loaded usb audio interface from USB audio HW HAL (audio) handle 5
08-10 11:21:01.000 1816 1816 E SoundTriggerHwService: couldn't load sound trigger module sound_trigger.primary (No such file or directory)
08-10 11:21:01.186 2125 2125 I SystemServiceManager: Starting com.android.server.DockObserver
08-10 11:21:01.186 2125 2125 W DockObserver: This kernel does not have dock station support
08-10 11:21:01.187 2125 2125 I SystemServer: Wired Accessory Manager
08-10 11:21:01.187 2125 2125 W WiredAccessoryManager: This kernel does not have usb audio support
08-10 11:21:01.187 2125 2125 W WiredAccessoryManager: This kernel does not have HDMI audio support
08-10 11:21:01.188 2125 2125 I SystemServiceManager: Starting com.android.server.usb.UsbService$Lifecycle
08-10 11:21:01.189 2125 2125 I SystemServer: Serial Service
08-10 11:21:01.189 2125 2125 I SystemServiceManager: Starting com.android.server.twilight.TwilightService
08-10 11:21:01.191 2125 2125 I SystemServiceManager: Starting com.android.server.UiModeManagerService
08-10 11:21:01.192 2125 2125 I SystemServiceManager: Starting com.android.server.job.JobSchedulerService
08-10 11:21:01.195 2125 2125 I SystemServiceManager: Starting com.android.server.backup.BackupManagerService$Lifecycle
08-10 11:21:01.195 2125 2125 I SystemServiceManager: Starting com.android.server.appwidget.AppWidgetService
08-10 11:21:01.197 2125 2125 I SystemServiceManager: Starting com.android.server.voiceinteraction.VoiceInteractionManagerService
08-10 11:21:01.198 2125 2125 W SoundTriggerHelper: listModules status=0, # of modules=0
08-10 11:21:01.198 2125 2125 I SystemServer: DiskStats Service
08-10 11:21:01.198 2125 2125 I SystemServer: SamplingProfiler Service
08-10 11:21:01.199 2125 2125 I SystemServer: NetworkTimeUpdateService
08-10 11:21:01.199 2125 2125 I SystemServer: CommonTimeManagementService
08-10 11:21:01.200 2125 2125 I SystemServer: CertBlacklister
08-10 11:21:01.201 2125 2125 I SystemServiceManager: Starting com.android.server.dreams.DreamManagerService
08-10 11:21:01.202 2125 2125 I SystemServer: Assets Atlas Service
08-10 11:21:01.203 2125 2125 I SystemServiceManager: Starting com.android.server.print.PrintManagerService
08-10 11:21:01.204 2125 2242 D AssetAtlas: Computing best atlas configuration...
08-10 11:21:01.204 2125 2244 D AssetAtlas: Running Atlas Worker #2
08-10 11:21:01.204 2125 2125 I SystemServiceManager: Starting com.android.server.restrictions.RestrictionsManagerService
08-10 11:21:01.205 2125 2243 D AssetAtlas: Running Atlas Worker #1
08-10 11:21:01.205 2125 2125 I SystemServiceManager: Starting com.android.server.media.MediaSessionService
08-10 11:21:01.206 2125 2246 D AssetAtlas: Running Atlas Worker #4
08-10 11:21:01.206 2125 2125 I SystemServer: Media Router Service
08-10 11:21:01.207 2125 2125 I SystemServiceManager: Starting com.android.server.trust.TrustManagerService
08-10 11:21:01.208 2125 2125 I SystemServiceManager: Starting com.android.server.fingerprint.FingerprintService
08-10 11:21:01.208 2125 2125 V Fingerprint-JNI: nativeInit()
08-10 11:21:01.208 2125 2125 V Fingerprint-JNI: nativeOpenHal()
08-10 11:21:01.208 2125 2125 E Fingerprint-JNI: Can't open fingerprint HW Module, error: -2
08-10 11:21:01.208 2125 2125 I SystemServer: BackgroundDexOptService
08-10 11:21:01.209 2125 2245 D AssetAtlas: Running Atlas Worker #3
08-10 11:21:01.209 2125 2125 I SystemServiceManager: Starting com.android.server.pm.LauncherAppsService
08-10 11:21:01.210 2125 2125 I SystemServiceManager: Starting com.android.server.media.projection.MediaProjectionManagerService
08-10 11:21:01.213 2125 2125 I WindowManager: SAFE MODE not enabled
08-10 11:21:01.213 2125 2125 I SystemServiceManager: Starting com.android.server.MmsServiceBroker
08-10 11:21:01.217 2125 2242 D AssetAtlas: Found best atlas configuration in 0.01s
08-10 11:21:01.217 2125 2125 E SQLiteLog: (1) no such table: locksettings
08-10 11:21:01.217 2125 2242 D AssetAtlas: Loaded configuration: SliceMinArea (768x768) flags=0x2 count=446
08-10 11:21:01.218 2125 2125 I LockSettingsService: Migrated lock settings to new location
08-10 11:21:01.219 2125 2242 I GRALLOC-RADEON: detected chipset 0x679a family 0x35 (vram size -1049MiB, gart size 1019MiB)
08-10 11:21:01.219 2125 2242 I GRALLOC-DRM: create radeon for driver radeon
08-10 11:21:01.219 2125 2125 I LockSettingsService: Migrated per-user lock settings to new location
08-10 11:21:01.219 2125 2125 E LockSettingsStorage: Cannot read file java.io.FileNotFoundException: /data/system/password.key: open failed: ENOENT (No such file or directory)
08-10 11:21:01.219 2125 2125 E LockSettingsStorage: Cannot read file java.io.FileNotFoundException: /data/system/gesture.key: open failed: ENOENT (No such file or directory)
08-10 11:21:01.219 2125 2125 I SystemServiceManager: Starting phase 480
08-10 11:21:01.221 2125 2125 I SystemServiceManager: Starting phase 500
08-10 11:21:01.221 2125 2125 I WifiService: WifiService starting up with Wi-Fi disabled
08-10 11:21:01.225 2125 2230 D WifiService: New client listening to asynchronous messages
08-10 11:21:01.226 2125 2125 I WifiScanningService: Registering wifiscanner
08-10 11:21:01.228 2125 2125 D WifiScanningService: New client, channel: null messenger: null
08-10 11:21:01.228 2125 2125 I RttService: Registering rttmanager
08-10 11:21:01.228 2125 2249 D WifiChangeStateMachine: Entering IdleState
08-10 11:21:01.228 2125 2249 D WifiScanningService: DefaultState
08-10 11:21:01.230 2125 2125 I EthernetServiceImpl: Starting Ethernet service
08-10 11:21:01.231 2125 2125 D Ethernet: Registering NetworkFactory
08-10 11:21:01.231 2125 2231 D ConnectivityService: Got NetworkFactory Messenger for Ethernet
08-10 11:21:01.231 2125 2252 D Ethernet: got request NetworkRequest [ id=1, legacyType=-1, [ Capabilities: INTERNET&NOT_RESTRICTED&TRUSTED&NOT_VPN] ] with score 0
08-10 11:21:01.231 2125 2125 D EthernetNetworkFactory: Started tracking interface eth0
08-10 11:21:01.232 1812 2072 D CommandListener: Setting iface cfg
08-10 11:21:01.232 1812 2072 D CommandListener: Trying to bring up eth0
08-10 11:21:01.241 2125 2242 D AssetAtlas: Rendered atlas in 21.03ms (3.68+17.35ms) --------- beginning of crash
08-10 11:21:01.242 2125 2242 F libc : Fatal signal 11 (SIGSEGV), code 1, fault addr 0x9f5a454f in tid 2242 (Thread-51)
08-10 11:21:01.340 2125 2125 I ActivityManager: Config changes=200 {1.0 ?mcc?mnc en_US ?layoutDir sw960dp w1280dp h886dp 240dpi xlrg land -touch qwerty/v/v -nav/h s.5}
08-10 11:21:01.342 1813 1813 I DEBUG : *** *** *** *** *** *** *** *** *** *** *** *** *** *** *** ***
08-10 11:21:01.342 1813 1813 I DEBUG : Build fingerprint: 'Android-x86/android_x86/x86:5.1.1/LVY48C/utente07311853:eng/test-keys'
08-10 11:21:01.342 1813 1813 I DEBUG : Revision: '0'
08-10 11:21:01.342 1813 1813 I DEBUG : ABI: 'x86'
08-10 11:21:01.342 1813 1813 I DEBUG : pid: 2125, tid: 2242, name: Thread-51 >>> system_server <<<
08-10 11:21:01.342 1813 1813 I DEBUG : signal 11 (SIGSEGV), code 1 (SEGV_MAPERR), fault addr 0x9f5a454f
08-10 11:21:01.345 1813 1813 I DEBUG : eax 00000000 ebx b75ea7a4 ecx 00000001 edx a1bd8200
08-10 11:21:01.345 1813 1813 I DEBUG : esi 9f5a454f edi b75ef1e0
08-10 11:21:01.345 1813 1813 I DEBUG : xcs 00000073 xds 0000007b xes 0000007b xfs 00000000 xss 0000007b
08-10 11:21:01.345 1813 1813 I DEBUG : eip 9f5a454f ebp a08d7db0 esp a08d7cbc flags 00210282
08-10 11:21:01.345 1813 1813 I DEBUG :
08-10 11:21:01.345 1813 1813 I DEBUG : backtrace:
08-10 11:21:01.345 1813 1813 I DEBUG : #00 pc 9f5a454f
08-10 11:21:01.345 1813 1813 I DEBUG : #01 pc 0020b7ff
08-10 11:21:01.397 1813 1813 W libbacktrace: virtual bool Backtrace::VerifyReadWordArgs(uintptr_t, word_t*): invalid pointer 0xb75ac82d
08-10 11:21:01.449 1813 1813 I DEBUG :
08-10 11:21:01.449 1813 1813 I DEBUG : Tombstone written to: /data/tombstones/tombstone_00
08-10 11:21:01.449 2125 2157 E libsuspend: Error reading from /sys/power/wakeup_count: Interrupted system call
08-10 11:21:01.455 1817 1817 E installd: eof
08-10 11:21:01.455 1817 1817 E installd: failed to read size
08-10 11:21:01.455 1817 1817 I installd: closing connection
08-10 11:21:01.455 1806 1806 I lowmemorykiller: ActivityManager disconnected
08-10 11:21:01.455 1806 1806 I lowmemorykiller: Closing Activity Manager data connection
08-10 11:21:01.455 1807 1807 I ServiceManager: service 'dbinfo' died
08-10 11:21:01.455 1816 2239 W AudioFlinger: power manager service died !!!
08-10 11:21:01.455 1807 1807 I ServiceManager: service 'cpuinfo' died
08-10 11:21:01.455 1807 1807 I ServiceManager: service 'permission' died
08-10 11:21:01.455 1807 1807 I ServiceManager: service 'hardware' died
08-10 11:21:01.455 1807 1807 I ServiceManager: service 'battery' died
08-10 11:21:01.455 1807 1807 I ServiceManager: service 'usagestats' died
08-10 11:21:01.455 1807 1807 I ServiceManager: service 'webviewupdate' died
08-10 11:21:01.455 1807 1807 I ServiceManager: service 'scheduling_policy' died
08-10 11:21:01.455 1807 1807 I ServiceManager: service 'telephony.registry' died
08-10 11:21:01.455 1807 1807 I ServiceManager: service 'entropy' died
08-10 11:21:01.455 1807 1807 I ServiceManager: service 'account' died
08-10 11:21:01.455 1807 1807 I ServiceManager: service 'content' died
08-10 11:21:01.455 1807 1807 I ServiceManager: service 'vibrator' died
08-10 11:21:01.455 1807 1807 I ServiceManager: service 'consumer_ir' died
08-10 11:21:01.455 1807 1807 I ServiceManager: service 'alarm' died
08-10 11:21:01.455 1807 1807 I ServiceManager: service 'window' died
08-10 11:21:01.455 1807 1807 I ServiceManager: service 'input' died
08-10 11:21:01.455 1807 1807 I ServiceManager: service 'bluetooth_manager' died
08-10 11:21:01.455 1807 1807 I ServiceManager: service 'input_method' died
08-10 11:21:01.455 1807 1807 I ServiceManager: service 'accessibility' died
08-10 11:21:01.455 1807 1807 I ServiceManager: service 'mount' died
08-10 11:21:01.455 1807 1807 I ServiceManager: service 'statusbar' died
08-10 11:21:01.455 1807 1807 I ServiceManager: service 'lock_settings' died
08-10 11:21:01.455 1807 1807 I ServiceManager: service 'device_policy' died
08-10 11:21:01.455 1807 1807 I ServiceManager: service 'clipboard' died
08-10 11:21:01.455 1807 1807 I ServiceManager: service 'network_management' died
08-10 11:21:01.455 1807 1807 I ServiceManager: service 'package' died
08-10 11:21:01.455 1807 1807 I ServiceManager: service 'textservices' died
08-10 11:21:01.455 1807 1807 I ServiceManager: service 'network_score' died
08-10 11:21:01.455 1807 1807 I ServiceManager: service 'netstats' died
08-10 11:21:01.455 1807 1807 I ServiceManager: service 'netpolicy' died
08-10 11:21:01.455 1807 1807 I ServiceManager: service 'wifip2p' died
08-10 11:21:01.455 1807 1807 I ServiceManager: service 'wifi' died
08-10 11:21:01.455 1807 1807 I ServiceManager: service 'wifiscanner' died
08-10 11:21:01.455 1807 1807 I ServiceManager: service 'rttmanager' died
08-10 11:21:01.455 1807 1807 I ServiceManager: service 'ethernet' died
08-10 11:21:01.455 1807 1807 I ServiceManager: service 'activity' died
08-10 11:21:01.455 1807 1807 I ServiceManager: service 'gfxinfo' died
08-10 11:21:01.455 1807 1807 I ServiceManager: service 'connectivity' died
08-10 11:21:01.455 1807 1807 I ServiceManager: service 'servicediscovery' died
08-10 11:21:01.455 1807 1807 I ServiceManager: service 'user' died
08-10 11:21:01.455 1807 1807 I ServiceManager: service 'updatelock' died
08-10 11:21:01.455 1807 1807 I ServiceManager: service 'meminfo' died
08-10 11:21:01.455 1807 1807 I ServiceManager: service 'procstats' died
08-10 11:21:01.455 1807 1807 I ServiceManager: service 'notification' died
08-10 11:21:01.455 1807 1807 I ServiceManager: service 'devicestoragemonitor' died
08-10 11:21:01.455 1807 1807 I ServiceManager: service 'location' died
08-10 11:21:01.455 1807 1807 I ServiceManager: service 'country_detector' died
08-10 11:21:01.455 1807 1807 I ServiceManager: service 'search' died
08-10 11:21:01.455 1807 1807 I ServiceManager: service 'dropbox' died
08-10 11:21:01.455 1807 1807 I ServiceManager: service 'wallpaper' died
08-10 11:21:01.455 1807 1807 I ServiceManager: service 'audio' died
08-10 11:21:01.455 1807 1807 I ServiceManager: service 'DockObserver' died
08-10 11:21:01.455 1807 1807 I ServiceManager: service 'usb' died
08-10 11:21:01.455 1807 1807 I ServiceManager: service 'serial' died
08-10 11:21:01.455 1807 1807 I ServiceManager: service 'uimode' died
08-10 11:21:01.455 1807 1807 I ServiceManager: service 'jobscheduler' died
08-10 11:21:01.455 1807 1807 I ServiceManager: service 'backup' died
08-10 11:21:01.455 1807 1807 I ServiceManager: service 'appwidget' died
08-10 11:21:01.455 1807 1807 I ServiceManager: service 'voiceinteraction' died
08-10 11:21:01.455 1807 1807 I ServiceManager: service 'diskstats' died
08-10 11:21:01.455 1807 1807 I ServiceManager: service 'samplingprofiler' died
08-10 11:21:01.455 1807 1807 I ServiceManager: service 'commontime_management' died
08-10 11:21:01.455 1807 1807 I ServiceManager: service 'dreams' died
08-10 11:21:01.455 1807 1807 I ServiceManager: service 'assetatlas' died
08-10 11:21:01.455 1807 1807 I ServiceManager: service 'imms' died
08-10 11:21:01.455 1807 1807 I ServiceManager: service 'print' died
08-10 11:21:01.455 1807 1807 I ServiceManager: service 'restrictions' died
08-10 11:21:01.455 1807 1807 I ServiceManager: service 'media_session' died
08-10 11:21:01.455 1807 1807 I ServiceManager: service 'media_router' died
08-10 11:21:01.455 1807 1807 I ServiceManager: service 'trust' died
08-10 11:21:01.455 1807 1807 I ServiceManager: service 'fingerprint' died
08-10 11:21:01.455 1807 1807 I ServiceManager: service 'launcherapps' died
08-10 11:21:01.455 1807 1807 I ServiceManager: service 'media_projection' died
08-10 11:21:01.455 1807 1807 I ServiceManager: service 'sensorservice' died
08-10 11:21:01.455 1807 1807 I ServiceManager: service 'batterystats' died
08-10 11:21:01.455 1807 1807 I ServiceManager: service 'appops' died
08-10 11:21:01.455 1807 1807 I ServiceManager: service 'power' died
08-10 11:21:01.455 1807 1807 I ServiceManager: service 'display' died
08-10 11:21:01.584 1822 1822 I Zygote : Process 2125 exited due to signal (11)
08-10 11:21:01.584 1822 1822 E Zygote : Exit zygote because system server (2125) has terminated
08-10 11:21:01.597 1807 1807 I ServiceManager: service 'media.audio_flinger' died
08-10 11:21:01.597 1807 1807 I ServiceManager: service 'media.player' died
08-10 11:21:01.597 1807 1807 I ServiceManager: service 'media.audio_policy' died
08-10 11:21:01.597 1807 1807 I ServiceManager: service 'media.camera' died
08-10 11:21:01.597 1807 1807 I ServiceManager: service 'media.sound_trigger_hw' died
08-10 11:21:01.599 2262 2262 I Netd : Netd 1.0 starting
08-10 11:21:01.599 2262 2262 E Netd : Failed to open /proc/sys/net/ipv6/conf/default/accept_ra_rt_table: No such file or directory
08-10 11:21:01.599 2262 2262 E Netd : Failed to open /proc/sys/net/ipv6/conf/eth0/accept_ra_rt_table: No such file or directory
08-10 11:21:01.599 2262 2262 E Netd : Failed to open /proc/sys/net/ipv6/conf/ip6tnl0/accept_ra_rt_table: No such file or directory
08-10 11:21:01.599 2262 2262 E Netd : Failed to open /proc/sys/net/ipv6/conf/lo/accept_ra_rt_table: No such file or directory
08-10 11:21:01.599 2262 2262 E Netd : Failed to open /proc/sys/net/ipv6/conf/sit0/accept_ra_rt_table: No such file or directory
08-10 11:21:01.599 2262 2262 E Netd : Failed to open /proc/sys/net/ipv6/conf/wlan0/accept_ra_rt_table: No such file or directory
08-10 11:21:01.638 2263 2263 I mediaserver: ServiceManager: 0xb58356a0
08-10 11:21:01.638 2263 2263 I AudioFlinger: Using default 3000 mSec as standby time.
08-10 11:21:01.638 2263 2263 I ServiceManager: Waiting for service batterystats...
08-10 11:21:01.650 2261 2261 D AndroidRuntime: >>>>>> START com.android.internal.os.ZygoteInit uid 0 <<<<<<
08-10 11:21:01.651 2261 2261 D AndroidRuntime: CheckJNI is ON
08-10 11:21:01.651 2261 2261 I art : option[0]=-Xzygote
08-10 11:21:01.651 2261 2261 I art : option[1]=-Xcheck:jni
08-10 11:21:01.651 2261 2261 I art : option[2]=-Xjnigreflimit:2000
08-10 11:21:01.651 2261 2261 I art : option[3]=-Xstacktracefile:/data/anr/traces.txt
08-10 11:21:01.651 2261 2261 I art : option[4]=exit
08-10 11:21:01.651 2261 2261 I art : option[5]=vfprintf
08-10 11:21:01.651 2261 2261 I art : option[6]=sensitiveThread
08-10 11:21:01.651 2261 2261 I art : option[7]=-verbose:gc
08-10 11:21:01.651 2261 2261 I art : option[8]=-Xms16m
08-10 11:21:01.651 2261 2261 I art : option[9]=-Xmx512m
08-10 11:21:01.651 2261 2261 I art : option[10]=-XX:mainThreadStackSize=24K
08-10 11:21:01.651 2261 2261 I art : option[11]=-XX:HeapGrowthLimit=192m
08-10 11:21:01.651 2261 2261 I art : option[12]=-XX:HeapMinFree=512k
08-10 11:21:01.651 2261 2261 I art : option[13]=-XX:HeapMaxFree=8m
08-10 11:21:01.651 2261 2261 I art : option[14]=-XX:HeapTargetUtilization=0.75
08-10 11:21:01.651 2261 2261 I art : option[15]=-Xgenregmap
08-10 11:21:01.651 2261 2261 I art : option[16]=-Xgc:precise
08-10 11:21:01.651 2261 2261 I art : option[17]=-agentlib:jdwp=transport=dt_android_adb,suspend=n,server=y
08-10 11:21:01.651 2261 2261 I art : option[18]=-Ximage-compiler-option
08-10 11:21:01.651 2261 2261 I art : option[19]=--runtime-arg
08-10 11:21:01.651 2261 2261 I art : option[20]=-Ximage-compiler-option
08-10 11:21:01.651 2261 2261 I art : option[21]=-Xms64m
08-10 11:21:01.651 2261 2261 I art : option[22]=-Ximage-compiler-option
08-10 11:21:01.652 2261 2261 I art : option[23]=--runtime-arg
08-10 11:21:01.652 2261 2261 I art : option[24]=-Ximage-compiler-option
08-10 11:21:01.652 2261 2261 I art : option[25]=-Xmx64m
08-10 11:21:01.652 2261 2261 I art : option[26]=-Ximage-compiler-option
08-10 11:21:01.652 2261 2261 I art : option[27]=--compiler-filter=verify-none
08-10 11:21:01.652 2261 2261 I art : option[28]=-Ximage-compiler-option
08-10 11:21:01.652 2261 2261 I art : option[29]=--image-classes=/system/etc/preloaded-classes
08-10 11:21:01.652 2261 2261 I art : option[30]=-Xcompiler-option
08-10 11:21:01.652 2261 2261 I art : option[31]=--runtime-arg
08-10 11:21:01.652 2261 2261 I art : option[32]=-Xcompiler-option
08-10 11:21:01.652 2261 2261 I art : option[33]=-Xms64m
08-10 11:21:01.652 2261 2261 I art : option[34]=-Xcompiler-option
08-10 11:21:01.652 2261 2261 I art : option[35]=--runtime-arg
08-10 11:21:01.652 2261 2261 I art : option[36]=-Xcompiler-option
08-10 11:21:01.652 2261 2261 I art : option[37]=-Xmx512m
08-10 11:21:01.652 2261 2261 I art : option[38]=-Xcompiler-option
08-10 11:21:01.652 2261 2261 I art : option[39]=--compiler-filter=interpret-only
08-10 11:21:01.652 2261 2261 I art : option[40]=-Duser.language=en
08-10 11:21:01.652 2261 2261 I art : option[41]=-Duser.region=US
08-10 11:21:01.684 2261 2261 E memtrack: Couldn't load memtrack module (No such file or directory)
08-10 11:21:01.684 2261 2261 E android.os.Debug: failed to load memtrack module: -2
08-10 11:21:01.686 2261 2261 I SamplingProfilerIntegration: Profiling disabled.
08-10 11:21:01.686 2261 2261 D Zygote : begin preload
08-10 11:21:01.686 2261 2261 I Zygote : Preloading classes...
08-10 11:21:01.687 2261 2261 I art : Explicit concurrent mark sweep GC freed 796(36KB) AllocSpace objects, 0(0B) LOS objects, 95% free, 44KB/1068KB, paused 38us total 1.664ms
08-10 11:21:01.688 2261 2261 I art : Counter: 1
08-10 11:21:01.691 2261 2261 I art : Explicit concurrent mark sweep GC freed 561(34KB) AllocSpace objects, 0(0B) LOS objects, 94% free, 64KB/1088KB, paused 44us total 1.453ms
08-10 11:21:01.701 2261 2261 I art : Explicit concurrent mark sweep GC freed 650(41KB) AllocSpace objects, 0(0B) LOS objects, 93% free, 71KB/1095KB, paused 34us total 1.696ms
08-10 11:21:01.715 2261 2261 I art : Explicit concurrent mark sweep GC freed 381(22KB) AllocSpace objects, 0(0B) LOS objects, 90% free, 102KB/1126KB, paused 33us total 1.235ms
08-10 11:21:01.718 2261 2261 E Minikin : addFont failed to create font /system/fonts/NotoSansGujarati-Regular.ttf
08-10 11:21:01.718 2261 2261 E Minikin : addFont failed to create font /system/fonts/NotoSansGujarati-Bold.ttf
08-10 11:21:01.718 2261 2261 E Minikin : addFont failed to create font /system/fonts/NotoSansGujaratiUI-Regular.ttf
08-10 11:21:01.718 2261 2261 E Minikin : addFont failed to create font /system/fonts/NotoSansGujaratiUI-Bold.ttf
08-10 11:21:01.718 2261 2261 E Minikin : addFont failed to create font /system/fonts/NotoSansGurmukhi-Regular.ttf
08-10 11:21:01.718 2261 2261 E Minikin : addFont failed to create font /system/fonts/NotoSansGurmukhi-Bold.ttf
08-10 11:21:01.718 2261 2261 E Minikin : addFont failed to create font /system/fonts/NotoSansGurmukhiUI-Regular.ttf
08-10 11:21:01.718 2261 2261 E Minikin : addFont failed to create font /system/fonts/NotoSansGurmukhiUI-Bold.ttf
08-10 11:21:01.719 2261 2261 E Minikin : addFont failed to create font /system/fonts/NotoSansSinhala-Regular.ttf
08-10 11:21:01.719 2261 2261 E Minikin : addFont failed to create font /system/fonts/NotoSansSinhala-Bold.ttf
08-10 11:21:01.719 2261 2261 E Minikin : addFont failed to create font /system/fonts/NotoSansThaana-Regular.ttf
08-10 11:21:01.719 2261 2261 E Minikin : addFont failed to create font /system/fonts/NotoSansThaana-Bold.ttf
08-10 11:21:01.719 2261 2261 E Minikin : addFont failed to create font /system/fonts/NotoSansCham-Regular.ttf
08-10 11:21:01.719 2261 2261 E Minikin : addFont failed to create font /system/fonts/NotoSansCham-Bold.ttf
08-10 11:21:01.719 2261 2261 E Minikin : addFont failed to create font /system/fonts/NotoSansBalinese-Regular.ttf
08-10 11:21:01.719 2261 2261 E Minikin : addFont failed to create font /system/fonts/NotoSansBatak-Regular.ttf
08-10 11:21:01.719 2261 2261 E Minikin : addFont failed to create font /system/fonts/NotoSansBuginese-Regular.ttf
08-10 11:21:01.719 2261 2261 E Minikin : addFont failed to create font /system/fonts/NotoSansBuhid-Regular.ttf
08-10 11:21:01.719 2261 2261 E Minikin : addFont failed to create font /system/fonts/NotoSansCanadianAboriginal-Regular.ttf
08-10 11:21:01.719 2261 2261 E Minikin : addFont failed to create font /system/fonts/NotoSansCherokee-Regular.ttf
08-10 11:21:01.719 2261 2261 E Minikin : addFont failed to create font /system/fonts/NotoSansCoptic-Regular.ttf
08-10 11:21:01.719 2261 2261 E Minikin : addFont failed to create font /system/fonts/NotoSansGlagolitic-Regular.ttf
08-10 11:21:01.719 2261 2261 E Minikin : addFont failed to create font /system/fonts/NotoSansHanunoo-Regular.ttf
08-10 11:21:01.719 2261 2261 E Minikin : addFont failed to create font /system/fonts/NotoSansJavanese-Regular.ttf
08-10 11:21:01.719 2261 2261 E Minikin : addFont failed to create font /system/fonts/NotoSansKayahLi-Regular.ttf
08-10 11:21:01.719 2261 2261 E Minikin : addFont failed to create font /system/fonts/NotoSansLepcha-Regular.ttf
08-10 11:21:01.719 2261 2261 E Minikin : addFont failed to create font /system/fonts/NotoSansLimbu-Regular.ttf
08-10 11:21:01.719 2261 2261 E Minikin : addFont failed to create font /system/fonts/NotoSansMeeteiMayek-Regular.ttf
08-10 11:21:01.719 2261 2261 E Minikin : addFont failed to create font /system/fonts/NotoSansOlChiki-Regular.ttf
08-10 11:21:01.719 2261 2261 E Minikin : addFont failed to create font /system/fonts/NotoSansRejang-Regular.ttf
08-10 11:21:01.719 2261 2261 E Minikin : addFont failed to create font /system/fonts/NotoSansSaurashtra-Regular.ttf
08-10 11:21:01.719 2261 2261 E Minikin : addFont failed to create font /system/fonts/NotoSansSundanese-Regular.ttf
08-10 11:21:01.719 2261 2261 E Minikin : addFont failed to create font /system/fonts/NotoSansSylotiNagri-Regular.ttf
08-10 11:21:01.719 2261 2261 E Minikin : addFont failed to create font /system/fonts/NotoSansTagbanwa-Regular.ttf
08-10 11:21:01.719 2261 2261 E Minikin : addFont failed to create font /system/fonts/NotoSansTaiTham-Regular.ttf
08-10 11:21:01.719 2261 2261 E Minikin : addFont failed to create font /system/fonts/NotoSansTaiViet-Regular.ttf
08-10 11:21:01.719 2261 2261 E Minikin : addFont failed to create font /system/fonts/NotoSansTifinagh-Regular.ttf
08-10 11:21:01.719 2261 2261 E Minikin : addFont failed to create font /system/fonts/NotoSansYi-Regular.ttf
08-10 11:21:01.719 2261 2261 E Minikin : addFont failed to create font /system/fonts/Lohit-Odia.ttf
08-10 11:21:01.719 2261 2261 E Minikin : addFont failed to create font /system/fonts/NotoSansHans-Regular.otf
08-10 11:21:01.719 2261 2261 E Minikin : addFont failed to create font /system/fonts/NotoSansHant-Regular.otf
08-10 11:21:01.719 2261 2261 E Minikin : addFont failed to create font /system/fonts/NotoSansJP-Regular.otf
08-10 11:21:01.719 2261 2261 E Minikin : addFont failed to create font /system/fonts/NotoSansKR-Regular.otf
08-10 11:21:01.720 2261 2261 E Minikin : addFont failed to create font /system/fonts/NotoSansTaiLe-Regular.ttf
08-10 11:21:01.725 2261 2261 I art : Explicit concurrent mark sweep GC freed 1798(129KB) AllocSpace objects, 0(0B) LOS objects, 90% free, 113KB/1137KB, paused 32us total 1.375ms
08-10 11:21:01.728 2261 2261 I art : Explicit concurrent mark sweep GC freed 1933(92KB) AllocSpace objects, 0(0B) LOS objects, 86% free, 154KB/1178KB, paused 32us total 1.653ms
08-10 11:21:01.731 2261 2261 I art : Explicit concurrent mark sweep GC freed 1977(87KB) AllocSpace objects, 0(0B) LOS objects, 84% free, 188KB/1212KB, paused 31us total 1.573ms
08-10 11:21:01.733 2261 2261 I art : Explicit concurrent mark sweep GC freed 371(19KB) AllocSpace objects, 0(0B) LOS objects, 82% free, 221KB/1245KB, paused 30us total 1.600ms
08-10 11:21:01.739 2262 2262 V NatController: runCmd(/system/bin/iptables -F natctrl_FORWARD) res=0
08-10 11:21:01.739 2262 2262 V NatController: runCmd(/system/bin/iptables -A natctrl_FORWARD -j DROP) res=0
08-10 11:21:01.740 2261 2261 I art : Thread[1,tid=2261,WaitingForJniOnLoad,Thread*=0xb3c25800,peer=0x12c31100,"main"] recursive attempt to load library "/system/lib/libmedia_jni.so"
08-10 11:21:01.740 2261 2261 D MtpDeviceJNI: register_android_mtp_MtpDevice
08-10 11:21:01.740 2262 2262 V NatController: runCmd(/system/bin/iptables -t nat -F natctrl_nat_POSTROUTING) res=0
08-10 11:21:01.740 2261 2261 I art : Thread[1,tid=2261,WaitingForJniOnLoad,Thread*=0xb3c25800,peer=0x12c31100,"main"] recursive attempt to load library "/system/lib/libmedia_jni.so"
08-10 11:21:01.740 2261 2261 I art : Thread[1,tid=2261,WaitingForJniOnLoad,Thread*=0xb3c25800,peer=0x12c31100,"main"] recursive attempt to load library "/system/lib/libmedia_jni.so"
08-10 11:21:01.741 2262 2262 V NatController: runCmd(/system/bin/iptables -F natctrl_tether_counters) res=0
08-10 11:21:01.742 2262 2262 V NatController: runCmd(/system/bin/iptables -X natctrl_tether_counters) res=0
08-10 11:21:01.743 2262 2262 V NatController: runCmd(/system/bin/iptables -N natctrl_tether_counters) res=0
08-10 11:21:01.743 2262 2262 V NatController: runCmd(/system/bin/iptables -t mangle -A natctrl_mangle_FORWARD -p tcp --tcp-flags SYN SYN -j TCPMSS --clamp-mss-to-pmtu) res=0
08-10 11:21:01.744 2261 2261 I art : Explicit concurrent mark sweep GC freed 663(37KB) AllocSpace objects, 0(0B) LOS objects, 80% free, 244KB/1268KB, paused 32us total 1.688ms
08-10 11:21:01.749 2261 2261 I art : Explicit concurrent mark sweep GC freed 576(29KB) AllocSpace objects, 0(0B) LOS objects, 79% free, 264KB/1288KB, paused 31us total 1.593ms
08-10 11:21:01.752 2261 2261 I art : Explicit concurrent mark sweep GC freed 478(27KB) AllocSpace objects, 0(0B) LOS objects, 77% free, 303KB/1327KB, paused 30us total 1.237ms
08-10 11:21:01.759 2261 2261 I art : Explicit concurrent mark sweep GC freed 1788(104KB) AllocSpace objects, 0(0B) LOS objects, 69% free, 452KB/1476KB, paused 29us total 1.515ms
08-10 11:21:01.760 2261 2261 E EmojiFactory_jni: Failed to load libemoji.so: dlopen failed: library "libemoji.so" not found
08-10 11:21:01.764 2261 2261 I art : Explicit concurrent mark sweep GC freed 350(45KB) AllocSpace objects, 0(0B) LOS objects, 57% free, 749KB/1773KB, paused 29us total 2.034ms
08-10 11:21:01.768 2261 2261 I art : Explicit concurrent mark sweep GC freed 438(30KB) AllocSpace objects, 0(0B) LOS objects, 57% free, 768KB/1792KB, paused 38us total 1.696ms
08-10 11:21:01.771 2261 2261 I art : Explicit concurrent mark sweep GC freed 780(49KB) AllocSpace objects, 0(0B) LOS objects, 57% free, 768KB/1792KB, paused 28us total 1.581ms
08-10 11:21:01.779 2261 2261 I art : Explicit concurrent mark sweep GC freed 956(105KB) AllocSpace objects, 0(0B) LOS objects, 55% free, 811KB/1835KB, paused 30us total 2.221ms
08-10 11:21:01.782 2261 2261 I art : Explicit concurrent mark sweep GC freed 597(42KB) AllocSpace objects, 0(0B) LOS objects, 55% free, 818KB/1842KB, paused 27us total 1.442ms
08-10 11:21:01.786 2261 2261 I art : Explicit concurrent mark sweep GC freed 265(20KB) AllocSpace objects, 0(0B) LOS objects, 54% free, 846KB/1870KB, paused 28us total 1.384ms
08-10 11:21:01.793 2261 2261 I art : Explicit concurrent mark sweep GC freed 14(640B) AllocSpace objects, 0(0B) LOS objects, 45% free, 1225KB/2MB, paused 29us total 1.682ms
08-10 11:21:01.796 2261 2261 I art : Explicit concurrent mark sweep GC freed 572(33KB) AllocSpace objects, 0(0B) LOS objects, 45% free, 1241KB/2MB, paused 29us total 1.718ms
08-10 11:21:01.798 2262 2262 I iptables: iptables: No chain/target/match by that name.
08-10 11:21:01.798 2262 2262 I iptables: iptables terminated by exit(1)
08-10 11:21:01.798 2262 2262 E BandwidthController: runIptablesCmd(): res=1 status=256 failed /system/bin/iptables -A bw_INPUT -m owner --socket-exists
08-10 11:21:01.799 2261 2261 I art : Explicit concurrent mark sweep GC freed 741(45KB) AllocSpace objects, 0(0B) LOS objects, 45% free, 1245KB/2MB, paused 29us total 1.702ms
08-10 11:21:01.808 2261 2261 I System : Loaded time zone names for "" in 9ms (8ms in ICU)
08-10 11:21:01.815 2261 2261 I System : Loaded time zone names for "en_US" in 7ms (6ms in ICU)
08-10 11:21:01.817 2261 2261 I art : Explicit concurrent mark sweep GC freed 2345(178KB) AllocSpace objects, 0(0B) LOS objects, 42% free, 1403KB/2MB, paused 29us total 1.978ms
08-10 11:21:01.819 2262 2262 I ip6tables: ip6tables: No chain/target/match by that name.
08-10 11:21:01.819 2262 2262 I ip6tables: ip6tables terminated by exit(1)
08-10 11:21:01.819 2262 2262 E BandwidthController: runIptablesCmd(): res=1 status=256 failed /system/bin/ip6tables -A bw_INPUT -m owner --socket-exists
08-10 11:21:01.820 2261 2261 I art : Explicit concurrent mark sweep GC freed 136(12KB) AllocSpace objects, 0(0B) LOS objects, 41% free, 1468KB/2MB, paused 29us total 1.771ms
08-10 11:21:01.822 2261 2261 I art : Explicit concurrent mark sweep GC freed 288(24KB) AllocSpace objects, 0(0B) LOS objects, 40% free, 1514KB/2MB, paused 28us total 1.942ms
08-10 11:21:01.826 2261 2261 I art : Explicit concurrent mark sweep GC freed 679(47KB) AllocSpace objects, 0(0B) LOS objects, 40% free, 1515KB/2MB, paused 31us total 1.768ms
08-10 11:21:01.826 2261 2261 I Zygote : ...preloaded 3005 classes in 140ms.
08-10 11:21:01.826 2261 2261 I art : VMRuntime.preloadDexCaches starting
08-10 11:21:01.827 2262 2262 E Netd : Unable to create netlink socket: Protocol not supported
08-10 11:21:01.827 2262 2262 E Netd : Unable to open quota2 logging socket
08-10 11:21:01.827 2262 2262 D MDnsDS : MDnsSdListener::Hander starting up
08-10 11:21:01.827 2262 2488 D MDnsDS : MDnsSdListener starting to monitor
08-10 11:21:01.827 2262 2488 D MDnsDS : Going to poll with pollCount 1
08-10 11:21:01.835 2261 2261 I art : VMRuntime.preloadDexCaches strings total=212339 before=39120 after=39120
08-10 11:21:01.835 2261 2261 I art : VMRuntime.preloadDexCaches types total=18429 before=6390 after=6428
08-10 11:21:01.835 2261 2261 I art : VMRuntime.preloadDexCaches fields total=85590 before=32321 after=32655
08-10 11:21:01.835 2261 2261 I art : VMRuntime.preloadDexCaches methods total=151811 before=66893 after=67794
08-10 11:21:01.835 2261 2261 I art : VMRuntime.preloadDexCaches finished
08-10 11:21:01.835 2261 2261 I art : Counter: 0
08-10 11:21:01.835 2261 2261 I art : Counter: 1
08-10 11:21:01.838 2261 2261 I art : Explicit concurrent mark sweep GC freed 61(15KB) AllocSpace objects, 0(0B) LOS objects, 40% free, 1501KB/2MB, paused 28us total 2.409ms
08-10 11:21:01.841 2492 2492 D idmap : error: no read access to /vendor/overlay: No such file or directory
08-10 11:21:01.841 2261 2261 I Zygote : Preloading resources...
08-10 11:21:01.844 2261 2261 I art : Explicit concurrent mark sweep GC freed 86(3KB) AllocSpace objects, 0(0B) LOS objects, 39% free, 1550KB/2MB, paused 32us total 2.010ms
