08-10 11:26:07.288 7459 7459 I sh : amixer: Unable to find simple control 'Speaker',0
08-10 11:26:07.288 7459 7459 I sh : + alsa_amixer -c 1 set Capture 100%
08-10 11:26:07.290 7459 7459 I sh : amixer: Unable to find simple control 'Capture',0
08-10 11:26:07.290 7459 7459 I sh : + alsa_amixer -c 1 set Capture cap
08-10 11:26:07.292 7459 7459 I sh : amixer: Unable to find simple control 'Capture',0
08-10 11:26:07.292 7459 7459 I sh : + alsa_amixer -c 1 set PCM 100 unmute
08-10 11:26:07.298 7459 7459 I sh : amixer: Unable to find simple control 'PCM',0
08-10 11:26:07.298 7459 7459 I sh : + alsa_amixer -c 1 set 'Mic Boost' 3
08-10 11:26:07.299 7084 7457 I GCoreUlr: WorldUpdater:android.location.PROVIDERS_CHANGED: Ensuring that reporting is stopped because of reasons: {account#-19#=[InactiveReason{mVersionCode=0, mIdentifier=4, mName='GoogleLocationDisabled'}, InactiveReason{mVersionCode=0, mIdentifier=6, mName='ReportingNotEnabled'}, InactiveReason{mVersionCode=0, mIdentifier=14, mName='HistoryNotEnabled'}]}
08-10 11:26:07.301 7459 7459 I sh : amixer: Unable to find simple control 'Mic Boost',0
08-10 11:26:07.301 7459 7459 I sh : + alsa_amixer -c 1 set 'Internal Mic Boost' 3
08-10 11:26:07.303 7459 7459 I sh : amixer: Unable to find simple control 'Internal Mic Boost',0
08-10 11:26:07.303 7459 7459 I sh : + return 0
08-10 11:26:07.310 7084 7604 E MDM : [114] b.run: Couldn't connect to Google API client: ConnectionResult{statusCode=API_UNAVAILABLE, resolution=null}
08-10 11:26:07.317 6548 7608 I ActivityManager: Start proc 7611:com.android.keychain/1000 for service com.android.keychain/.KeyChainService
08-10 11:26:07.318 7106 7607 D LocationInitializer: Restart initialization of location
08-10 11:26:07.324 7084 7457 I GCoreUlr: Unbound from all location providers
08-10 11:26:07.325 7084 7600 I GCoreUlr: No GCM registration ID
08-10 11:26:07.330 7084 7600 W GmsApplication: Using Auth Proxy for data requests.
08-10 11:26:07.332 7084 7600 I GoogleURLConnFactory: Using platform SSLCertificateSocketFactory
08-10 11:26:07.332 7084 7600 I GLSUser : [ ChannelManager ] Attempting to channel bind connection HttpClient.
08-10 11:26:07.334 7084 7600 I GLSUser : [ ChannelManager ] Skip channel binding on pre-KLP devices.
08-10 11:26:07.335 6548 6918 I art : Explicit concurrent mark sweep GC freed 10377(565KB) AllocSpace objects, 4(68KB) LOS objects, 33% free, 9MB/13MB, paused 284us total 13.513ms
08-10 11:26:07.336 7611 7611 I ActivityThread: Switching default density from 160 to 240
08-10 11:26:07.348 7084 7457 I GCoreUlr: WorldUpdater received intent Intent { act=com.google.android.location.reporting.ACTION_UPDATE_WORLD cmp=com.google.android.gms/com.google.android.location.reporting.service.DispatchingService (has extras) } with receiverAction android.intent.action.ACTION_POWER_DISCONNECTED
08-10 11:26:07.349 6892 6892 I GoogleURLConnFactory: Using platform SSLCertificateSocketFactory
08-10 11:26:07.349 6892 6892 I GLSUser : [ ChannelManager ] Attempting to channel bind connection HttpClient.
08-10 11:26:07.349 6892 6892 I GLSUser : [ ChannelManager ] Skip channel binding on pre-KLP devices.
08-10 11:26:07.352 6892 7527 I NotificationStore: file does not exist: /data/data/com.google.android.gms/files/notification_data.dat
08-10 11:26:07.353 6892 6892 W GLSUser : [DeviceKeyStore] Cannot load key: Device key file not found.
08-10 11:26:07.354 6892 6911 V GLSUser : [AppCertService] DeviceKey is turned off
08-10 11:26:07.357 7084 7457 I GCoreUlr: Starting service, intent=Intent { cmp=com.google.android.gms/com.google.android.location.reporting.service.InitializerService }, extras=null
08-10 11:26:07.359 6718 6718 V KeyguardUpdateMonitor: action android.intent.action.SIM_STATE_CHANGED state: NOT_READY slotId: 0 subid: -2
08-10 11:26:07.359 7084 7634 W ActivityThread: ClassLoader.loadClass: The class loader returned by Thread.getContextClassLoader() may fail for processes that host multiple applications. You should explicitly specify a context class loader. For example: Thread.setContextClassLoader(getClass().getClassLoader());
08-10 11:26:07.360 6548 6660 D WifiService: New client listening to asynchronous messages
08-10 11:26:07.361 7084 7600 E GCoreUlr: VolleyError: com.android.volley.n: java.net.UnknownHostException: Unable to resolve host "www.googleapis.com": No address associated with hostname, response is null
08-10 11:26:07.361 7084 7600 E GCoreUlr: InitializerService can't get server values
08-10 11:26:07.361 7084 7457 I GCoreUlr: WorldUpdater:android.intent.action.ACTION_POWER_DISCONNECTED: Ensuring that reporting is stopped because of reasons: {account#-19#=[InactiveReason{mVersionCode=0, mIdentifier=4, mName='GoogleLocationDisabled'}, InactiveReason{mVersionCode=0, mIdentifier=6, mName='ReportingNotEnabled'}, InactiveReason{mVersionCode=0, mIdentifier=14, mName='HistoryNotEnabled'}]}
08-10 11:26:07.361 7084 7457 I GCoreUlr: Unbound from all location providers
08-10 11:26:07.364 7084 7600 I GCoreUlr: No GCM registration ID
08-10 11:26:07.366 7084 7600 W GmsApplication: Using Auth Proxy for data requests.
08-10 11:26:07.369 7084 7084 I GCoreUlr: DispatchingService.onDestroy()
08-10 11:26:07.370 7084 7084 I GCoreUlr: Unbound from all location providers
08-10 11:26:07.371 6892 7192 V GLSUser : [AppCertService] DeviceKey is turned off
08-10 11:26:07.373 6548 6548 V KeyguardServiceDelegate: *** Keyguard connected (yay!)
08-10 11:26:07.374 7084 7600 E GCoreUlr: VolleyError: com.android.volley.n: java.net.UnknownHostException: Unable to resolve host "www.googleapis.com": No address associated with hostname, response is null
08-10 11:26:07.374 7084 7600 E GCoreUlr: InitializerService can't get server values
08-10 11:26:07.377 6718 6718 D OpenGLRenderer: setting property extraRasterBucket to 0.95
08-10 11:26:07.377 6718 6718 D OpenGLRenderer: failed
08-10 11:26:07.377 6718 6718 D OpenGLRenderer: setting property extraRasterBucket to 0.0
08-10 11:26:07.377 6718 6718 D OpenGLRenderer: failed
08-10 11:26:07.449 6718 6718 D KeyguardUpdateMonitor: handleSimStateChange(subId=-2, slotId=0, state=UNKNOWN)
08-10 11:26:07.449 6718 6718 W KeyguardUpdateMonitor: invalid subId in handleSimStateChange()
08-10 11:26:07.449 6718 6718 V KeyguardUpdateMonitor: onSubscriptionInfoChanged()
08-10 11:26:07.449 6718 6718 V KeyguardUpdateMonitor: onSubscriptionInfoChanged: list is null
08-10 11:26:07.452 6548 7103 V KeyguardServiceDelegate: **** SHOWN CALLED ****
08-10 11:26:07.452 6548 7641 I RecoverySystem: No recovery log file
08-10 11:26:07.453 6548 7641 I BootReceiver: Copying /data/tombstones/tombstone_03 to DropBox (SYSTEM_TOMBSTONE)
08-10 11:26:07.457 6548 7641 I BootReceiver: Copying /data/tombstones/tombstone_02 to DropBox (SYSTEM_TOMBSTONE)
08-10 11:26:07.470 6548 6743 I ActivityManager: Start proc 7644:com.android.dialer/u0a4 for broadcast com.android.dialer/.calllog.CallLogReceiver
08-10 11:26:07.481 6548 6884 I art : DexFile_isDexOptNeeded file /system/priv-app/Dialer/x86/Dialer.odex needs to be relocated for /system/priv-app/Dialer/Dialer.apk
08-10 11:26:07.481 6548 6884 I PackageManager: Running patchoat on: com.android.dialer
08-10 11:26:07.481 7662 7662 E installd: Running /system/bin/patchoat isa=x86 in-fd=5 (/system/priv-app/Dialer/x86/Dialer.odex) out-fd=6 (/data/dalvik-cache/x86/system@priv-app@Dialer@Dialer.apk@classes.dex)
08-10 11:26:07.487 7644 7644 I ActivityThread: Switching default density from 160 to 240
08-10 11:26:07.488 6718 6718 D PhoneStatusBar: disable: < EXPAND icons ALERTS system_info BACK* HOME RECENT CLOCK SEARCH
> 08-10 11:26:07.490 7644 7644 D ExtensionsFactory: No custom extensions.
08-10 11:26:07.509 6548 7097 I ActivityManager: Start proc 7668:com.google.android.onetimeinitializer/u0a9 for broadcast com.google.android.onetimeinitializer/.OneTimeInitializerReceiver
08-10 11:26:07.512 6548 6775 I PackageManager: Running dexopt on: /system/priv-app/GoogleOneTimeInitializer/GoogleOneTimeInitializer.apk pkg=com.google.android.onetimeinitializer isa=x86 vmSafeMode=false
08-10 11:26:07.516 7686 7686 I dex2oat : /system/bin/dex2oat --zip-fd=5 --zip-location=/system/priv-app/GoogleOneTimeInitializer/GoogleOneTimeInitializer.apk --oat-fd=6 --oat-location=/data/dalvik-cache/x86/system@priv-app@GoogleOneTimeInitializer@GoogleOneTimeInitializer.apk@classes.dex --instruction-set=x86 --instruction-set-features=default --runtime-arg -Xms64m --runtime-arg -Xmx512m --compiler-filter=interpret-only --swap-fd=7
08-10 11:26:07.521 7686 7686 I dex2oat : Decided to run without swap.
08-10 11:26:07.548 7686 7686 I dex2oat : dex2oat took 32.210ms (threads: 4) arena alloc=0B java alloc=400KB native alloc=392KB free=7MB
08-10 11:26:07.550 7668 7668 I ActivityThread: Switching default density from 160 to 240
08-10 11:26:07.551 7668 7668 V OneTimeInitializerReceiver: OneTimeInitializerReceiver.onReceive
08-10 11:26:07.552 7668 7691 V OneTimeService: OneTimeService.onHandleIntent
08-10 11:26:07.571 6548 6918 I ActivityManager: Start proc 7700:com.android.managedprovisioning/u0a11 for broadcast com.android.managedprovisioning/.BootReminder
08-10 11:26:07.576 6548 6717 I art : DexFile_isDexOptNeeded file /system/priv-app/ManagedProvisioning/x86/ManagedProvisioning.odex needs to be relocated for /system/priv-app/ManagedProvisioning/ManagedProvisioning.apk
08-10 11:26:07.576 6548 6717 I PackageManager: Running patchoat on: com.android.managedprovisioning
08-10 11:26:07.576 7718 7718 E installd: Running /system/bin/patchoat isa=x86 in-fd=5 (/system/priv-app/ManagedProvisioning/x86/ManagedProvisioning.odex) out-fd=6 (/data/dalvik-cache/x86/system@priv-app@ManagedProvisioning@ManagedProvisioning.apk@classes.dex)
08-10 11:26:07.583 7700 7700 I ActivityThread: Switching default density from 160 to 240
08-10 11:26:07.586 7203 7203 I RlzPingService: Setting next ping for 1439803567586
08-10 11:26:07.662 6548 6633 I ActivityManager: Start proc 7724:com.android.vending/u0a15 for service com.android.vending/com.google.android.finsky.services.DailyHygiene
08-10 11:26:07.666 6315 6315 I art : Explicit concurrent mark sweep GC freed 706(30KB) AllocSpace objects, 0(0B) LOS objects, 39% free, 1918KB/3MB, paused 54us total 3.574ms
08-10 11:26:07.667 7724 7724 I ActivityThread: Switching default density from 160 to 240
08-10 11:26:07.669 6315 6315 I art : Explicit concurrent mark sweep GC freed 5(160B) AllocSpace objects, 0(0B) LOS objects, 39% free, 1918KB/3MB, paused 52us total 3.433ms
08-10 11:26:07.673 6315 6315 I art : Explicit concurrent mark sweep GC freed 5(160B) AllocSpace objects, 0(0B) LOS objects, 39% free, 1918KB/3MB, paused 53us total 3.554ms
08-10 11:26:07.679 6892 6911 I art : Explicit concurrent mark sweep GC freed 8575(457KB) AllocSpace objects, 2(32KB) LOS objects, 39% free, 4MB/7MB, paused 125us total 6.046ms
08-10 11:26:07.688 7724 7724 D Finsky : [1] FinskyApp.onCreate: Initializing network with DFE https://android.clients.google.com/fdfe/
08-10 11:26:07.699 7724 7724 D Finsky : [1] DailyHygiene.goMakeHygieneIfDirty: Dirty, need more hygiene.
08-10 11:26:07.703 6548 6957 I ActivityManager: Start proc 7762:com.android.mms/u0a12 for broadcast com.android.mms/.transaction.MmsSystemEventReceiver
08-10 11:26:07.704 6938 7722 E SQLiteLog: (283) recovered 23 frames from WAL file /data/data/com.android.providers.media/databases/internal.db-wal
08-10 11:26:07.712 6938 7722 W MediaScanner: Error opening directory '/oem/media/', skipping: No such file or directory.
08-10 11:26:07.722 6548 6743 I ActivityManager: Start proc 7780:com.google.android.gms:car/u0a7 for service com.google.android.gms/.car.CarService
08-10 11:26:07.723 6548 7103 I art : DexFile_isDexOptNeeded file /system/priv-app/Mms/x86/Mms.odex needs to be relocated for /system/priv-app/Mms/Mms.apk
08-10 11:26:07.723 6548 7103 I PackageManager: Running patchoat on: com.android.mms
08-10 11:26:07.723 7791 7791 E installd: Running /system/bin/patchoat isa=x86 in-fd=5 (/system/priv-app/Mms/x86/Mms.odex) out-fd=6 (/data/dalvik-cache/x86/system@priv-app@Mms@Mms.apk@classes.dex)
08-10 11:26:07.724 7724 7724 W Settings: Setting download_manager_max_bytes_over_mobile has moved from android.provider.Settings.Secure to android.provider.Settings.Global.
08-10 11:26:07.725 7724 7724 W Settings: Setting download_manager_recommended_max_bytes_over_mobile has moved from android.provider.Settings.Secure to android.provider.Settings.Global.
08-10 11:26:07.730 7762 7762 I ActivityThread: Switching default density from 160 to 240
08-10 11:26:07.732 7724 7724 D Finsky : [1] DailyHygiene.inHoldoffPeriod: DailyHygiene holdoff continue
08-10 11:26:07.732 7780 7780 I ActivityThread: Switching default density from 160 to 240
08-10 11:26:07.732 7724 7724 D Finsky : [1] 2.run: Loaded library for account: [7gzFGQgxhLIHb-5R_6IEwfE4-60]
08-10 11:26:07.732 7724 7724 D Finsky : [1] 2.run: Finished loading 1 libraries.
08-10 11:26:07.733 7780 7780 W ResourcesManager: Asset path '/system/framework/com.android.media.remotedisplay.jar' does not exist or contains no resources.
08-10 11:26:07.733 7780 7780 W ResourcesManager: Asset path '/system/framework/com.android.location.provider.jar' does not exist or contains no resources.
08-10 11:26:07.733 6548 6717 D CountryDetector: The first listener is added
08-10 11:26:07.736 7762 7762 V Mms : mnc/mcc:
08-10 11:26:07.736 7762 7762 V Mms : tag: bool value: enabledMMS - true
08-10 11:26:07.736 7762 7762 V Mms : tag: int value: maxMessageSize - 307200
08-10 11:26:07.736 7762 7762 V Mms : tag: int value: maxImageHeight - 480
08-10 11:26:07.736 7762 7762 V Mms : tag: int value: maxImageWidth - 640
08-10 11:26:07.736 7762 7762 V Mms : tag: int value: defaultSMSMessagesPerThread - 10000
08-10 11:26:07.736 7762 7762 V Mms : tag: int value: defaultMMSMessagesPerThread - 1000
08-10 11:26:07.736 7762 7762 V Mms : tag: int value: minMessageCountPerThread - 10
08-10 11:26:07.736 7762 7762 V Mms : tag: int value: maxMessageCountPerThread - 5000
08-10 11:26:07.736 7762 7762 V Mms : tag: string value: uaProfUrl - http://www.google.com/oha/rdf/ua-profile-kila.xml
08-10 11:26:07.736 7762 7762 V Mms : tag: int value: recipientLimit - -1
08-10 11:26:07.736 7762 7762 V Mms : tag: bool value: enableMultipartSMS - true
08-10 11:26:07.736 7762 7762 V Mms : tag: int value: smsToMmsTextThreshold - -1
08-10 11:26:07.736 7762 7762 V Mms : tag: bool value: enableSlideDuration - true
08-10 11:26:07.736 7762 7762 V Mms : tag: int value: maxMessageTextSize - -1
08-10 11:26:07.737 7780 7780 I MultiDex: VM with version 2.1.0 has multidex support
08-10 11:26:07.737 7780 7780 I MultiDex: install
08-10 11:26:07.737 7780 7780 I MultiDex: VM has multidex support, MultiDex support library is disabled.
08-10 11:26:07.742 7106 7803 I iu.UploadsManager: #reloadSettings(); account: -1; IU: disabled; IS: disabled; IS account: -1; photoWiFi: true; videoWiFi: true; roam: false; battery: true; size: FULL; maxMobile: 157286400
08-10 11:26:07.743 7780 7780 I ProviderInstaller: Insert disabled by gate 'gms:security:enable_conscrypt_in_gms_application'
08-10 11:26:07.748 7762 7817 D ConnectivityManager: getMobileDataEnabled()+ subId=-1
08-10 11:26:07.748 7012 7030 D PhoneInterfaceManager: [PhoneIntfMgr] getDataEnabled: subId=-1 phoneId=-1
08-10 11:26:07.748 7012 7030 E PhoneInterfaceManager: [PhoneIntfMgr] getDataEnabled: no phone subId=-1 retVal=false
08-10 11:26:07.748 7762 7817 D ConnectivityManager: getMobileDataEnabled()- subId=-1 retVal=false
08-10 11:26:07.762 6548 7097 I art : Explicit concurrent mark sweep GC freed 10907(670KB) AllocSpace objects, 19(2MB) LOS objects, 33% free, 9MB/13MB, paused 241us total 12.335ms
08-10 11:26:07.764 6548 6957 I ActivityManager: Start proc 7820:com.android.onetimeinitializer/u0a14 for broadcast com.android.onetimeinitializer/.OneTimeInitializerReceiver
08-10 11:26:07.767 7762 7817 D ConnectivityManager: getMobileDataEnabled()+ subId=-1
08-10 11:26:07.768 7012 7030 D PhoneInterfaceManager: [PhoneIntfMgr] getDataEnabled: subId=-1 phoneId=-1
08-10 11:26:07.768 7012 7030 E PhoneInterfaceManager: [PhoneIntfMgr] getDataEnabled: no phone subId=-1 retVal=false
08-10 11:26:07.769 7762 7817 D ConnectivityManager: getMobileDataEnabled()- subId=-1 retVal=false
08-10 11:26:07.769 6938 7722 W MediaScanner: Error opening directory '/storage/sdcard1/', skipping: Permission denied.
08-10 11:26:07.769 6938 7722 W MediaScanner: Error opening directory '/storage/usb0/', skipping: Permission denied.
08-10 11:26:07.770 6548 7229 I art : DexFile_isDexOptNeeded file /system/priv-app/OneTimeInitializer/x86/OneTimeInitializer.odex needs to be relocated for /system/priv-app/OneTimeInitializer/OneTimeInitializer.apk
08-10 11:26:07.770 6548 7229 I PackageManager: Running patchoat on: com.android.onetimeinitializer
08-10 11:26:07.770 7840 7840 E installd: Running /system/bin/patchoat isa=x86 in-fd=5 (/system/priv-app/OneTimeInitializer/x86/OneTimeInitializer.odex) out-fd=6 (/data/dalvik-cache/x86/system@priv-app@OneTimeInitializer@OneTimeInitializer.apk@classes.dex)
08-10 11:26:07.775 6548 6570 W ProcessCpuTracker: Skipping unknown process pid 7840
08-10 11:26:07.778 7820 7820 I ActivityThread: Switching default density from 160 to 240
08-10 11:26:07.781 7762 7816 D Mms : cancelNotification
08-10 11:26:07.781 7820 7820 V OneTimeInitializerRece: OneTimeInitializerReceiver.onReceive
08-10 11:26:07.784 7106 7803 I iu.UploadsManager: End new media; added: 0, uploading: 0, time: 42 ms
08-10 11:26:07.785 7012 7698 D MmsSmsDatabaseHelper: [MmsSmsDb] tableName: threads hasAutoIncrement: CREATE TABLE threads (_id INTEGER PRIMARY KEY AUTOINCREMENT,date INTEGER DEFAULT 0,message_count INTEGER DEFAULT 0,recipient_ids TEXT,snippet TEXT,snippet_cs INTEGER DEFAULT 0,read INTEGER DEFAULT 1,archived INTEGER DEFAULT 0,type INTEGER DEFAULT 0,error INTEGER DEFAULT 0,has_attachment INTEGER DEFAULT 0) result: true
08-10 11:26:07.785 7012 7698 D MmsSmsDatabaseHelper: [MmsSmsDb] tableName: canonical_addresses hasAutoIncrement: CREATE TABLE canonical_addresses (_id INTEGER PRIMARY KEY AUTOINCREMENT,address TEXT) result: true
08-10 11:26:07.785 7012 7698 D MmsSmsDatabaseHelper: [MmsSmsDb] tableName: part hasAutoIncrement: CREATE TABLE part (_id INTEGER PRIMARY KEY AUTOINCREMENT,mid INTEGER,seq INTEGER DEFAULT 0,ct TEXT,name TEXT,chset INTEGER,cd TEXT,fn TEXT,cid TEXT,cl TEXT,ctt_s INTEGER,ctt_t TEXT,_data TEXT,text TEXT) result: true
08-10 11:26:07.785 7012 7698 D MmsSmsDatabaseHelper: [MmsSmsDb] tableName: pdu hasAutoIncrement: CREATE TABLE pdu (_id INTEGER PRIMARY KEY AUTOINCREMENT,thread_id INTEGER,date INTEGER,date_sent INTEGER DEFAULT 0,msg_box INTEGER,read INTEGER DEFAULT 0,m_id TEXT,sub TEXT,sub_cs INTEGER,ct_t TEXT,ct_l TEXT,exp INTEGER,m_cls TEXT,m_type INTEGER,v INTEGER,m_size INTEGER,pri INTEGER,rr INTEGER,rpt_a INTEGER,resp_st INTEGER,st INTEGER,tr_id TEXT,retr_st INTEGER,retr_txt TEXT,retr_txt_cs INTEGER,read_status INTEGER,ct_cls INTEGER,resp_txt TEXT,d_tm INTEGER,d_rpt INTEGER,locked INTEGER DEFAULT 0,sub_id INTEGER DEFAULT -1, seen INTEGER DEFAULT 0,creator TEXT,text_only INTEGER DEFAULT 0) result: true
08-10 11:26:07.785 7012 7698 D MmsSmsDatabaseHelper: [getWritableDatabase] hasAutoIncrementThreads: true hasAutoIncrementAddresses: true hasAutoIncrementPart: true hasAutoIncrementPdu: true
08-10 11:26:07.791 7762 7819 D Mms : cancelNotification
08-10 11:26:07.796 7724 7748 D Volley : [173] DiskBasedCache.clear: Cache cleared.
08-10 11:26:07.796 7724 7755 D Volley : [180] DiskBasedCache.clear: Cache cleared.
08-10 11:26:07.797 7724 7724 D Finsky : [1] GmsCoreHelper.cleanupNlp: result=false type=4
08-10 11:26:07.798 6892 6892 V GLSUser : [LoginAccountsChangedWakefulBroadcastReceiver] recieved broadcast intent with action: android.intent.action.BOOT_COMPLETED
08-10 11:26:07.798 6938 7722 W MediaScanner: Error opening directory '/storage/usb1/.android_secure/', skipping: Permission denied.
08-10 11:26:07.799 7724 7724 V Finsky : [1] GearheadStateMonitor.onReady: sIsProjecting:false
08-10 11:26:07.800 7780 7799 I CAR.SERVICE: listener not found in list
08-10 11:26:07.803 7106 7106 V GmsCoreStatsServiceLauncher: Received broadcast intent Intent { act=android.intent.action.BOOT_COMPLETED flg=0x8000010 cmp=com.google.android.gms/.common.stats.GmsCoreStatsServiceLauncher (has extras) }
08-10 11:26:07.803 7724 7724 D Finsky : [1] RestoreTracker.stopServiceIfDone: Restore complete with 0 success and 0 failed.
08-10 11:26:07.803 6892 7849 I GLSUser : [LoginAccountsChangedIntentService] Updating account challenges...
08-10 11:26:07.803 6892 7849 I GLSUser : [LoginAccountsChangedIntentService] FRP is not supported on current device.
08-10 11:26:07.808 6892 6892 D PersistentNotificationBroadcastReceiver: Received intent: Intent { act=android.intent.action.BOOT_COMPLETED flg=0x8000010 cmp=com.google.android.gms/.common.notification.PersistentNotificationBroadcastReceiver (has extras) }
08-10 11:26:07.809 6892 7853 E SQLiteLog: (283) recovered 5 frames from WAL file /data/data/com.google.android.gms/databases/playlog.db-wal
08-10 11:26:07.811 6892 7853 I Scheduler: Use PeriodicScheduler
08-10 11:26:07.816 6938 7722 W MediaScanner: Error opening directory '/storage/usb2/', skipping: Permission denied.
08-10 11:26:07.816 6938 7722 W MediaScanner: Error opening directory '/storage/usb3/', skipping: Permission denied.
08-10 11:26:07.831 6548 7222 I ActivityManager: Start proc 7861:com.android.settings/1000 for broadcast com.android.settings/.sim.SimBootReceiver
08-10 11:26:07.834 7106 7857 D GCM : COMPAT: Multi user ser=0 current=0
08-10 11:26:07.834 6892 6892 D GCM : GcmService start Intent { act=android.intent.action.BOOT_COMPLETED flg=0x8000010 cmp=com.google.android.gms/.gcm.GcmService (has extras) } android.intent.action.BOOT_COMPLETED
08-10 11:26:07.835 7106 7879 I CheckinService: Disabling old GoogleServicesFramework version
08-10 11:26:07.836 7106 7106 D SystemUpdateService: onCreate
08-10 11:26:07.839 7106 7857 I GCoreUlr: Starting service, intent=Intent { act=com.google.android.location.reporting.ACTION_UPDATE_WORLD cmp=com.google.android.gms/com.google.android.location.reporting.service.DispatchingService (has extras) }, extras=Bundle[{receiverAction=android.intent.action.BOOT_COMPLETED}]
08-10 11:26:07.839 7861 7861 I ActivityThread: Switching default density from 160 to 240
08-10 11:26:07.839 7106 7106 D SystemUpdateService: onStartCommand: intent: Intent { cmp=com.google.android.gms/.update.SystemUpdateService (has extras) }
08-10 11:26:07.840 7106 7886 I Kids : [CommonUtils] disabled. skipping.
08-10 11:26:07.841 6892 6892 I ConfigService: onCreate
08-10 11:26:07.841 6892 6892 I ConfigService: onBind for Intent { act=com.google.android.gms.config.UPDATE pkg=com.google.android.gms } action com.google.android.gms.config.UPDATE
08-10 11:26:07.842 6892 6892 I ConfigService: onBind returning update interface
08-10 11:26:07.845 6548 6567 I ActivityManager: Delay finish: com.android.settings/.sim.SimBootReceiver
08-10 11:26:07.845 7084 7084 I GCoreUlr: DispatchingService.onCreate()
08-10 11:26:07.846 6892 6892 I ConfigService: onBind for Intent { act=com.google.android.gms.config.START pkg=com.google.android.gms } action com.google.android.gms.config.START
08-10 11:26:07.846 7106 7106 I ConfigFetchService: onStartCommand Intent { cmp=com.google.android.gms/.config.ConfigFetchService (has extras) }
08-10 11:26:07.846 6892 6892 I ConfigService: onBind returning service broker
08-10 11:26:07.847 7106 7895 V AuthZen : Handling intent: android.intent.action.BOOT_COMPLETED
08-10 11:26:07.847 7106 7895 D AuthZenEventHandler: Handling event: android.intent.action.BOOT_COMPLETED
08-10 11:26:07.850 7106 7106 I ConfigFetchService: service connected
08-10 11:26:07.851 7106 7895 W GmsApplication: Using Auth Proxy for data requests.
08-10 11:26:07.852 7106 7106 D ConfigFetchService: ConfigApi connection successful.
08-10 11:26:07.853 7106 7895 D CryptAuthSync: [SyncManager] Sync requested for event 0, account issor.oruam@gmail.com, and components 3, with reason 1
08-10 11:26:07.853 7106 7895 D CryptAuthSync: [SyncManager] Triggering AuthZen registration check...
08-10 11:26:07.856 7106 7895 I AuthZen : Fetching signing key...
08-10 11:26:07.857 6548 7097 I ActivityManager: Resuming delayed broadcast
08-10 11:26:07.857 7106 7895 I AuthZen : Creating new signing Keys for handle: device_key
08-10 11:26:07.858 7106 7895 D AuthZen : Adding new credential
08-10 11:26:07.859 6892 6892 V GLSActivity: AuthDelegateWrapperCreated with selected intent: Intent { cmp=com.google.android.gms/.auth.DefaultAuthDelegateService }
08-10 11:26:07.860 7106 7895 I AuthZen : Signing key fetched successfully!
08-10 11:26:07.861 6548 7223 I ActivityManager: Delay finish: com.google.android.googlequicksearchbox/com.google.android.search.core.StartUpReceiver
08-10 11:26:07.862 7106 7895 W GmsApplication: Using Auth Proxy for data requests.
08-10 11:26:07.863 7106 7889 I SystemUpdateService: cancelUpdate (empty URL)
08-10 11:26:07.863 7106 7889 I SystemUpdateService: active receiver: disabled
08-10 11:26:07.863 6892 6892 V GLSActivity: AuthDelegateWrapperCreated with selected intent: Intent { cmp=com.google.android.gms/.auth.DefaultAuthDelegateService }
08-10 11:26:07.863 7106 7895 I AuthZen : Starting Enrollment...
08-10 11:26:07.866 7106 7895 D AuthZen : getting auth token. Attempt 0
08-10 11:26:07.868 7106 7106 D SystemUpdateService: onDestroy
08-10 11:26:07.869 7106 7884 I CheckinService: Checking schedule, now: 1439198767869 next: 1439198753341
08-10 11:26:07.869 7106 7884 I CheckinService: active receiver: enabled
08-10 11:26:07.872 6548 6574 D BluetoothManagerService: Message: 20
08-10 11:26:07.872 6548 6574 D BluetoothManagerService: Added callback: android.bluetooth.IBluetoothManagerCallback$Stub$Proxy@27798663:true
08-10 11:26:07.872 6548 7097 I ActivityManager: Resuming delayed broadcast
08-10 11:26:07.876 7328 7328 D AlertReceiver: onReceive: a=android.intent.action.BOOT_COMPLETED Intent { act=android.intent.action.BOOT_COMPLETED flg=0x8000010 cmp=com.android.calendar/.alerts.AlertReceiver (has extras) }
08-10 11:26:07.877 6548 7229 I ActivityManager: Delay finish: com.android.calendar/.alerts.AlertReceiver
08-10 11:26:07.877 7328 7904 D AlertService: 0 Action = android.intent.action.BOOT_COMPLETED
08-10 11:26:07.878 7328 7904 D AlertService: Scheduling next alarm with AlarmScheduler. sEventReminderReceived: null
08-10 11:26:07.880 6892 7192 I GLSUser : [GLSUser] extracting token using key:Auth
08-10 11:26:07.881 7328 7904 D AlarmScheduler: No events found starting within 1 week.
08-10 11:26:07.882 6892 7192 W GLSActivity: gms.StatusHelper Status from wire: NetworkError status: NETWORK_ERROR
08-10 11:26:07.882 6892 7192 I GLSUser : GLS error: NetworkError Account {name=issor.oruam@gmail.com, type=com.google} oauth2:https://www.googleapis.com/auth/cryptauth
08-10 11:26:07.883 7106 7895 W AuthZen : Retryable error when getting auth token
08-10 11:26:07.883 7106 7895 W AuthZen : java.io.IOException: NetworkError
08-10 11:26:07.883 7106 7895 W AuthZen : at com.google.android.gms.auth.p.a(SourceFile:655)
08-10 11:26:07.883 7106 7895 W AuthZen : at com.google.android.gms.auth.p.a(SourceFile:499)
08-10 11:26:07.883 7106 7895 W AuthZen : at com.google.android.gms.auth.p.a(SourceFile:417)
08-10 11:26:07.883 7106 7895 W AuthZen : at com.google.android.gms.auth.authzen.b.a.a(SourceFile:383)
08-10 11:26:07.883 7106 7895 W AuthZen : at com.google.android.gms.auth.authzen.b.a.a(SourceFile:134)
08-10 11:26:07.883 7106 7895 W AuthZen : at com.google.android.gms.auth.authzen.b.d.a(SourceFile:200)
08-10 11:26:07.883 7106 7895 W AuthZen : at com.google.android.gms.auth.authzen.b.d.a(SourceFile:153)
08-10 11:26:07.883 7106 7895 W AuthZen : at com.google.android.gms.auth.authzen.b.d.a(SourceFile:103)
08-10 11:26:07.883 7106 7895 W AuthZen : at com.google.android.gms.auth.be.cryptauth.sync.b.a(SourceFile:256)
08-10 11:26:07.883 7106 7895 W AuthZen : at com.google.android.gms.auth.be.cryptauth.sync.b.a(SourceFile:207)
08-10 11:26:07.883 7106 7895 W AuthZen : at com.google.android.gms.auth.be.cryptauth.sync.b.a(SourceFile:200)
08-10 11:26:07.883 7106 7895 W AuthZen : at com.google.android.gms.auth.authzen.a.a(SourceFile:104)
08-10 11:26:07.883 7106 7895 W AuthZen : at com.google.android.gms.auth.authzen.GcmReceiverService.onHandleIntent(SourceFile:28)
08-10 11:26:07.883 7106 7895 W AuthZen : at android.app.IntentService$ServiceHandler.handleMessage(IntentService.java:65)
08-10 11:26:07.883 7106 7895 W AuthZen : at android.os.Handler.dispatchMessage(Handler.java:102)
08-10 11:26:07.883 7106 7895 W AuthZen : at android.os.Looper.loop(Looper.java:135)
08-10 11:26:07.883 7106 7895 W AuthZen : at android.os.HandlerThread.run(HandlerThread.java:61)
08-10 11:26:07.884 7106 7895 E AuthZen : Failed to do enrollment for account: issor.oruam@gmail.com
08-10 11:26:07.884 7106 7895 E AuthZen : com.google.android.gms.auth.authzen.b.b: Failed to get a token for authzen enrollment
08-10 11:26:07.884 7106 7895 E AuthZen : at com.google.android.gms.auth.authzen.b.a.a(SourceFile:141)
08-10 11:26:07.884 7106 7895 E AuthZen : at com.google.android.gms.auth.authzen.b.d.a(SourceFile:200)
08-10 11:26:07.884 7106 7895 E AuthZen : at com.google.android.gms.auth.authzen.b.d.a(SourceFile:153)
08-10 11:26:07.884 7106 7895 E AuthZen : at com.google.android.gms.auth.authzen.b.d.a(SourceFile:103)
08-10 11:26:07.884 7106 7895 E AuthZen : at com.google.android.gms.auth.be.cryptauth.sync.b.a(SourceFile:256)
08-10 11:26:07.884 7106 7895 E AuthZen : at com.google.android.gms.auth.be.cryptauth.sync.b.a(SourceFile:207)
08-10 11:26:07.884 7106 7895 E AuthZen : at com.google.android.gms.auth.be.cryptauth.sync.b.a(SourceFile:200)
08-10 11:26:07.884 7106 7895 E AuthZen : at com.google.android.gms.auth.authzen.a.a(SourceFile:104)
08-10 11:26:07.884 7106 7895 E AuthZen : at com.google.android.gms.auth.authzen.GcmReceiverService.onHandleIntent(SourceFile:28)
08-10 11:26:07.884 7106 7895 E AuthZen : at android.app.IntentService$ServiceHandler.handleMessage(IntentService.java:65)
08-10 11:26:07.884 7106 7895 E AuthZen : at android.os.Handler.dispatchMessage(Handler.java:102)
08-10 11:26:07.884 7106 7895 E AuthZen : at android.os.Looper.loop(Looper.java:135)
08-10 11:26:07.884 7106 7895 E AuthZen : at android.os.HandlerThread.run(HandlerThread.java:61)
08-10 11:26:07.886 7106 7895 D c : Getting permits under account: issor.oruam@gmail.com...
08-10 11:26:07.886 7106 7895 D a : Opening database...
08-10 11:26:07.887 7106 7895 D a : Opening database auth.proximity.permit_store...
08-10 11:26:07.887 7106 7895 D a : Closing database...
08-10 11:26:07.887 7106 7895 D CryptAuthSync: [SyncManager] Ignoring proximity features sync because it's not enabled, and force sync is not requested
08-10 11:26:07.887 7106 7895 D AuthZenTransactionCache: Initialized cache in: /data/data/com.google.android.gms/files
08-10 11:26:07.888 7106 7895 D AuthZenTransactionCache: Clearing transaction cache
08-10 11:26:07.888 6548 7223 I ActivityManager: Resuming delayed broadcast
08-10 11:26:07.888 7371 7371 V AlarmClock: AlarmInitReceiver android.intent.action.BOOT_COMPLETED
08-10 11:26:07.889 7371 7415 V AlarmClock: AlarmInitReceiver - Reset timers and clear stopwatch data
08-10 11:26:07.889 7371 7415 V AlarmClock: AlarmInitReceiver finished
08-10 11:26:07.890 6548 7222 I ActivityManager: Delay finish: com.android.email/.service.EmailBroadcastReceiver
08-10 11:26:07.891 7084 7897 I GCoreUlr: WorldUpdater received intent Intent { act=com.google.android.location.reporting.ACTION_UPDATE_WORLD cmp=com.google.android.gms/com.google.android.location.reporting.service.DispatchingService (has extras) } with receiverAction android.intent.action.BOOT_COMPLETED
08-10 11:26:07.892 7476 7476 I Exchange: EasService.onCreate
08-10 11:26:07.892 7476 7912 I Exchange: RestartPingTask
08-10 11:26:07.895 6548 6567 I ActivityManager: Resuming delayed broadcast
08-10 11:26:07.896 6958 6958 I SystemBroadcastReceiver: Boot has been completed
08-10 11:26:07.896 6958 6958 I LauncherIconVisibilityManager: Activity has already been disabled: ComponentInfo{com.android.inputmethod.latin/com.android.inputmethod.latin.setup.SetupActivity}
08-10 11:26:07.897 6892 7914 I GoogleHttpClient: GMS http client unavailable, use old client
08-10 11:26:07.899 6892 6892 D GCM : GcmService start Intent { act=com.google.android.gms.INITIALIZE flg=0x10 pkg=com.google.android.gms cmp=com.google.android.gms/.gcm.GcmService } com.google.android.gms.INITIALIZE
08-10 11:26:07.899 6892 6892 D AuthorizationBluetoothService: Received GmsCore event: Intent { act=com.google.android.gms.INITIALIZE flg=0x10 pkg=com.google.android.gms cmp=com.google.android.gms/.auth.be.proximity.authorization.bt.AuthorizationBluetoothService$AutoStarter }.
08-10 11:26:07.900 6892 6892 D c : Getting all permits...
08-10 11:26:07.900 6892 6892 D a : Opening database...
08-10 11:26:07.901 6892 6892 D a : Opening database auth.proximity.permit_store...
08-10 11:26:07.901 6892 6892 D a : Closing database...
08-10 11:26:07.901 7106 7106 V GmsCoreStatsServiceLauncher: Received broadcast intent Intent { act=com.google.android.gms.INITIALIZE flg=0x10 pkg=com.google.android.gms cmp=com.google.android.gms/.common.stats.GmsCoreStatsServiceLauncher }
08-10 11:26:07.903 6548 7222 I ActivityManager: Delay finish: com.google.android.gms/.init.InitializeGmsReceiver
08-10 11:26:07.906 7106 7916 D LocationInitializer: Restart initialization of location
08-10 11:26:07.906 6548 7103 I ActivityManager: Resuming delayed broadcast
08-10 11:26:07.908 7012 7917 D SIP : [SipSharedPreferences] isReceivingCallsEnabled, option not set; use default value, exception: android.provider.Settings$SettingNotFoundException: sip_receive_calls
08-10 11:26:07.910 7084 7202 E MDM : [87] b.run: Couldn't connect to Google API client: ConnectionResult{statusCode=API_UNAVAILABLE, resolution=null}
08-10 11:26:07.910 7476 7476 I Exchange: RestartPingsTask did not start any pings.
08-10 11:26:07.910 7476 7476 I Exchange: PSS stopIfIdle
08-10 11:26:07.910 7476 7476 I Exchange: PSS has no active accounts; stopping service.
08-10 11:26:07.911 7476 7476 I Exchange: onDestroy
08-10 11:26:07.911 7084 7890 E copresGcore: ObfuscatedGaiaIdLookup: Could not load ObfuscatedGaiaIds: /data/data/com.google.android.gms/files/copresence_gaia_id: open failed: ENOENT (No such file or directory)
08-10 11:26:07.911 7084 7890 E copresGcore: ObfuscatedGaiaIdLookup: GaiaId for account 'account#-19#', not found in cache.
08-10 11:26:07.912 7084 7101 I GCoreUlr: Starting service, intent=Intent { cmp=com.google.android.gms/com.google.android.location.reporting.service.InitializerService }, extras=null
08-10 11:26:07.912 7084 7084 V UserPresentBroadcastReceiver: Received Intent { act=android.intent.action.USER_PRESENT flg=0x24000010 cmp=com.google.android.gms/.auth.trustagent.UserPresentBroadcastReceiver }.
08-10 11:26:07.912 7084 7890 W GmsApplication: Using Auth Proxy for data requests.
08-10 11:26:07.919 7084 7897 I GCoreUlr: Starting service, intent=Intent { cmp=com.google.android.gms/com.google.android.location.reporting.service.InitializerService }, extras=null
08-10 11:26:07.923 6892 6911 I GLSUser : [GLSUser] extracting token using key:Auth
08-10 11:26:07.924 6892 6911 W GLSActivity: gms.StatusHelper Status from wire: NetworkError status: NETWORK_ERROR
08-10 11:26:07.924 6892 6911 I GLSUser : GLS error: NetworkError Account {name=issor.oruam@gmail.com, type=com.google} oauth2:https://www.googleapis.com/auth/userinfo.profile
08-10 11:26:07.926 7084 7897 I GCoreUlr: WorldUpdater:android.intent.action.BOOT_COMPLETED: Ensuring that reporting is stopped because of reasons: {account#-19#=[InactiveReason{mVersionCode=0, mIdentifier=4, mName='GoogleLocationDisabled'}, InactiveReason{mVersionCode=0, mIdentifier=6, mName='ReportingNotEnabled'}, InactiveReason{mVersionCode=0, mIdentifier=14, mName='HistoryNotEnabled'}]}
08-10 11:26:07.926 7084 7084 E copresGcore: ObfuscatedGaiaIdLookup: An error occurred fetching an ObfuscatedGaiaId. Exception fetching AuthToken
08-10 11:26:07.926 7084 7890 W copresGcore: CopresenceAccountManager: No copresence accounts found after init.
08-10 11:26:07.926 7084 7890 E copresGcore: Couldn't load settings: /data/data/com.google.android.gms/files/copresence_settings: open failed: ENOENT (No such file or directory)
08-10 11:26:07.927 6548 6918 I art : Explicit concurrent mark sweep GC freed 15796(760KB) AllocSpace objects, 2(32KB) LOS objects, 33% free, 9MB/13MB, paused 188us total 11.961ms
08-10 11:26:07.928 6892 6892 D GCM : GcmService start Intent { act=com.google.android.gms.INITIALIZE flg=0x10 pkg=com.google.android.gms cmp=com.google.android.gms/.gcm.GcmService } com.google.android.gms.INITIALIZE
08-10 11:26:07.929 7762 7762 V Mms : onStart: #1 mResultCode: -1 = Activity.RESULT_OK
08-10 11:26:07.929 6892 6892 D AuthorizationBluetoothService: Received GmsCore event: Intent { act=com.google.android.gms.INITIALIZE flg=0x10 pkg=com.google.android.gms cmp=com.google.android.gms/.auth.be.proximity.authorization.bt.AuthorizationBluetoothService$AutoStarter }.
08-10 11:26:07.929 6892 6892 D c : Getting all permits...
08-10 11:26:07.929 6892 6892 D a : Opening database...
08-10 11:26:07.930 6892 6892 D a : Opening database auth.proximity.permit_store...
08-10 11:26:07.930 6892 6892 D a : Closing database...
08-10 11:26:07.931 7106 7106 V GmsCoreStatsServiceLauncher: Received broadcast intent Intent { act=com.google.android.gms.INITIALIZE flg=0x10 pkg=com.google.android.gms cmp=com.google.android.gms/.common.stats.GmsCoreStatsServiceLauncher }
08-10 11:26:07.931 7084 7897 I GCoreUlr: Unbound from all location providers
08-10 11:26:07.937 6892 7192 I art : Explicit concurrent mark sweep GC freed 17313(1045KB) AllocSpace objects, 6(96KB) LOS objects, 39% free, 4MB/8MB, paused 158us total 6.890ms
08-10 11:26:07.938 7106 7924 D LocationInitializer: Restart initialization of location
08-10 11:26:07.940 7084 7550 E MDM : [110] b.run: Couldn't connect to Google API client: ConnectionResult{statusCode=API_UNAVAILABLE, resolution=null}
08-10 11:26:07.942 7084 7921 I GCoreUlr: No GCM registration ID
08-10 11:26:07.944 7084 7921 W GmsApplication: Using Auth Proxy for data requests.
08-10 11:26:07.947 6548 7097 I ActivityManager: Delay finish: com.google.android.gms/.security.snet.SnetReceiver
08-10 11:26:07.951 6548 6743 I ActivityManager: Resuming delayed broadcast
08-10 11:26:07.953 7084 7084 I GCoreUlr: DispatchingService.onDestroy()
08-10 11:26:07.953 7084 7084 I GCoreUlr: Unbound from all location providers
08-10 11:26:07.955 6892 6892 W GLSUser : [DeviceKeyStore] Cannot load key: Device key file not found.
08-10 11:26:07.955 6892 6911 V GLSUser : [AppCertService] DeviceKey is turned off
08-10 11:26:07.957 7084 7921 E GCoreUlr: VolleyError: com.android.volley.n: java.net.UnknownHostException: Unable to resolve host "www.googleapis.com": No address associated with hostname, response is null
08-10 11:26:07.957 7084 7921 E GCoreUlr: InitializerService can't get server values
08-10 11:26:07.958 6892 6892 D GCM : GcmService start Intent { act=com.google.android.checkin.CHECKIN_COMPLETE flg=0x10 cmp=com.google.android.gms/.gcm.GcmService (has extras) } com.google.android.checkin.CHECKIN_COMPLETE
08-10 11:26:07.961 7084 7921 I GCoreUlr: No GCM registration ID
08-10 11:26:07.962 7084 7921 W GmsApplication: Using Auth Proxy for data requests.
08-10 11:26:07.966 6892 6912 V GLSUser : [AppCertService] DeviceKey is turned off
08-10 11:26:07.968 7084 7921 E GCoreUlr: VolleyError: com.android.volley.n: java.net.UnknownHostException: Unable to resolve host "www.googleapis.com": No address associated with hostname, response is null
08-10 11:26:07.968 7084 7921 E GCoreUlr: InitializerService can't get server values
08-10 11:26:08.111 7392 7392 I CalendarProvider2: Sending notification intent: Intent { act=android.intent.action.PROVIDER_CHANGED dat=content://com.android.calendar }
08-10 11:26:08.111 7392 7392 W ContentResolver: Failed to get type for: content://com.android.calendar (Unknown URL content://com.android.calendar)
08-10 11:26:08.111 7328 7328 D AlertReceiver: onReceive: a=android.intent.action.PROVIDER_CHANGED Intent { act=android.intent.action.PROVIDER_CHANGED dat=content://com.android.calendar flg=0x10 cmp=com.android.calendar/.alerts.AlertReceiver }
08-10 11:26:08.113 7328 7935 D AlertService: 0 Action = android.intent.action.PROVIDER_CHANGED
08-10 11:26:09.970 6548 6665 W AudioTrack: AUDIO_OUTPUT_FLAG_FAST denied by client
08-10 11:26:09.971 6548 6775 I ActivityManager: START u0 {act=com.android.wizard.NEXT cmp=com.google.android.setupwizard/.WizardManager (has extras)} from uid 10017 on display 0
08-10 11:26:09.971 6548 6775 V WindowManager: addAppToken: AppWindowToken{1d2f1b52 token=Token{3863b3dd ActivityRecord{329e7bb4 u0 com.google.android.setupwizard/.WizardManager t1}}} to stack=0 task=1 at 1
08-10 11:26:09.975 7037 7037 I SetupWizard.WizardManager: onNext actionId=welcome resultCode=-1
08-10 11:26:09.975 6548 7103 I ActivityManager: START u0 {act=com.android.setupwizard.CARRIER_SETUP flg=0x4000000 cmp=com.google.android.setupwizard/.CarrierSetup (has extras)} from uid 10017 on display 0
08-10 11:26:09.976 6548 7103 V WindowManager: addAppToken: AppWindowToken{4ff9a9e token=Token{386cb0d9 ActivityRecord{10819f20 u0 com.google.android.setupwizard/.CarrierSetup t1}}} to stack=0 task=1 at 2
08-10 11:26:09.991 7037 7037 I SetupWizard.CarrierSetupWrapper: launching subactivity Intent { act=android.intent.action.ACTION_CARRIER_SETUP flg=0x2000000 pkg=com.google.android.setupwizard (has extras) }
08-10 11:26:09.992 6548 6884 I ActivityManager: START u0 {act=android.intent.action.ACTION_CARRIER_SETUP flg=0x2000000 pkg=com.google.android.setupwizard (has extras)} from uid 10017 on display 0
08-10 11:26:09.992 7037 7037 W SetupWizard.CarrierSetupWrapper: intent has no matching activity; start next screen and finish; intent=Intent { act=com.android.setupwizard.CARRIER_SETUP flg=0x4000000 cmp=com.google.android.setupwizard/.CarrierSetup (has extras) }
08-10 11:26:09.992 6548 7233 I ActivityManager: START u0 {act=com.android.wizard.NEXT cmp=com.google.android.setupwizard/.WizardManager (has extras)} from uid 10017 on display 0
08-10 11:26:09.993 6548 7233 V WindowManager: addAppToken: AppWindowToken{246e8195 token=Token{37b18d4c ActivityRecord{3625297f u0 com.google.android.setupwizard/.WizardManager t1}}} to stack=0 task=1 at 3
08-10 11:26:10.027 7037 7037 I SetupWizard.WizardManager: onNext actionId=carrier_setup resultCode=3
08-10 11:26:10.028 6548 6743 I ActivityManager: START u0 {act=com.android.setupwizard.HANDS_FREE_ACTIVATION flg=0x4000000 cmp=com.google.android.setupwizard/.HandsFreeActivation (has extras)} from uid 10017 on display 0
08-10 11:26:10.028 6548 6743 V WindowManager: addAppToken: AppWindowToken{16103238 token=Token{296cde9b ActivityRecord{3cc6c2aa u0 com.google.android.setupwizard/.HandsFreeActivation t1}}} to stack=0 task=1 at 3
08-10 11:26:10.032 6548 6634 I InputDispatcher: Dropping event because there is no touchable window at (1125, 893).
08-10 11:26:10.033 7037 7037 I SetupWizard.HfaWrapper: launching subactivity Intent { cmp=com.google.android.setupwizard/.carrier.SimMissingActivity }
08-10 11:26:10.033 6548 6567 I ActivityManager: START u0 {cmp=com.google.android.setupwizard/.carrier.SimMissingActivity (has extras)} from uid 10017 on display 0
08-10 11:26:10.034 6548 6567 V WindowManager: addAppToken: AppWindowToken{2ab0c977 token=Token{16265f76 ActivityRecord{2382a211 u0 com.google.android.setupwizard/.carrier.SimMissingActivity t1}}} to stack=0 task=1 at 4
08-10 11:26:10.040 6548 6634 I InputDispatcher: Dropping event because there is no touchable window at (1127, 893).
08-10 11:26:10.048 6548 6634 I InputDispatcher: Dropping event because there is no touchable window at (1128, 892).
08-10 11:26:10.056 6548 6634 I InputDispatcher: Dropping event because there is no touchable window at (1131, 891).
08-10 11:26:10.064 6548 6634 I InputDispatcher: Dropping event because there is no touchable window at (1132, 888).
08-10 11:26:10.065 6548 7233 V WindowManager: Adding window Window{1ade4e4d u0 com.google.android.setupwizard/com.google.android.setupwizard.carrier.SimMissingActivity} at 2 of 6 (after Window{8f3c4be u0 com.google.android.setupwizard/com.google.android.setupwizard.user.WelcomeActivity})
08-10 11:26:10.072 6548 6634 I InputDispatcher: Dropping event because there is no touchable window at (1134, 886).
08-10 11:26:10.073 6718 6718 D PhoneStatusBar: disable: < EXPAND icons ALERTS system_info back* HOME RECENT CLOCK SEARCH
> 08-10 11:26:10.080 6548 6634 I InputDispatcher: Dropping event because there is no touchable window at (1139, 886).
08-10 11:26:10.113 6548 6575 I ActivityManager: Displayed com.google.android.setupwizard/.carrier.SimMissingActivity: +77ms (total +140ms)
08-10 11:26:10.122 7037 7348 D OpenGLRenderer: endAllStagingAnimators on 0xa2ecf200 (RippleDrawable) with handle 0xa2552dd0
08-10 11:26:10.236 6317 6651 D audio_hw_primary: found out /dev/snd/pcmC0D0p
08-10 11:26:10.246 6317 6651 W audio_hw_primary: out_write() limiting sleep time 31000 to 21333
08-10 11:26:11.505 6548 7104 I ActivityManager: START u0 {act=com.android.wizard.NEXT cmp=com.google.android.setupwizard/.WizardManager (has extras)} from uid 10017 on display 0
08-10 11:26:11.505 6548 6665 W AudioTrack: AUDIO_OUTPUT_FLAG_FAST denied by client
08-10 11:26:11.506 6548 7104 V WindowManager: addAppToken: AppWindowToken{2d58e17c token=Token{3221706f ActivityRecord{2815e74e u0 com.google.android.setupwizard/.WizardManager t1}}} to stack=0 task=1 at 3
08-10 11:26:11.538 7037 7037 I SetupWizard.WizardManager: onNext actionId=hands_free_activation resultCode=1
08-10 11:26:11.538 6548 6568 I ActivityManager: START u0 {act=com.android.setupwizard.SIM_SETUP flg=0x4000000 cmp=com.google.android.setupwizard/.SimSetupActivity (has extras)} from uid 10017 on display 0
08-10 11:26:11.539 6548 6568 V WindowManager: addAppToken: AppWindowToken{15fea48b token=Token{d6d2a5a ActivityRecord{573fa05 u0 com.google.android.setupwizard/.SimSetupActivity t1}}} to stack=0 task=1 at 4
08-10 11:26:11.558 6548 6717 I ActivityManager: START u0 {act=com.android.wizard.NEXT cmp=com.google.android.setupwizard/.WizardManager (has extras)} from uid 10017 on display 0
08-10 11:26:11.558 6548 6717 W ActivityManager: startActivity called from finishing ActivityRecord{573fa05 u0 com.google.android.setupwizard/.SimSetupActivity t1 f}; forcing Intent.FLAG_ACTIVITY_NEW_TASK for: Intent { act=com.android.wizard.NEXT flg=0x800000 cmp=com.google.android.setupwizard/.WizardManager (has extras) }
08-10 11:26:11.559 6548 6717 V WindowManager: addAppToken: AppWindowToken{cc39226 token=Token{3e3f3181 ActivityRecord{2109968 u0 com.google.android.setupwizard/.WizardManager t1}}} to stack=0 task=1 at 5
08-10 11:26:11.560 7037 7037 I SetupWizard.WizardManager: onNext actionId=sim_setup resultCode=1
08-10 11:26:11.560 6548 6568 I ActivityManager: START u0 {act=com.android.setupwizard.WIFI_SETTINGS flg=0x4000000 cmp=com.google.android.setupwizard/.WifiSettingsWrapper (has extras)} from uid 10017 on display 0
08-10 11:26:11.561 6548 6568 V WindowManager: addAppToken: AppWindowToken{292c64bd token=Token{3e09e414 ActivityRecord{3530fe67 u0 com.google.android.setupwizard/.WifiSettingsWrapper t1}}} to stack=0 task=1 at 5
08-10 11:26:11.564 7037 7037 I SetupWizard.WifiSettingsWrapper: launching subactivity Intent { act=com.android.net.wifi.SETUP_WIFI_NETWORK flg=0x2000000 (has extras) }
08-10 11:26:11.565 6548 6884 I ActivityManager: START u0 {act=com.android.net.wifi.SETUP_WIFI_NETWORK flg=0x2000000 cmp=com.android.settings/.wifi.WifiSetupActivity (has extras)} from uid 10017 on display 0
08-10 11:26:11.566 6548 6884 V WindowManager: addAppToken: AppWindowToken{dab2d80 token=Token{25451a03 ActivityRecord{35c6aab2 u0 com.android.settings/.wifi.WifiSetupActivity t1}}} to stack=0 task=1 at 6
08-10 11:26:11.594 6548 6660 D WifiService: New client listening to asynchronous messages
08-10 11:26:11.603 7861 7944 D OpenGLRenderer: Use EGL_SWAP_BEHAVIOR_PRESERVED: true
08-10 11:26:11.603 7861 7861 I GRALLOC-RADEON: detected chipset 0x679a family 0x35 (vram size -1049MiB, gart size 1019MiB)
08-10 11:26:11.603 7861 7861 I GRALLOC-DRM: create radeon for driver radeon
08-10 11:26:11.604 7861 7861 D Atlas : Validating map...
08-10 11:26:11.605 6548 7104 V WindowManager: Adding window Window{170adee5 u0 com.android.settings/com.android.settings.wifi.WifiSetupActivity} at 3 of 7 (after Window{1ade4e4d u0 com.google.android.setupwizard/com.google.android.setupwizard.carrier.SimMissingActivity})
08-10 11:26:11.642 7861 7944 I OpenGLRenderer: Initialized EGL, version 1.4
08-10 11:26:11.643 7861 7944 D OpenGLRenderer: Enabling debug mode 0
08-10 11:26:11.655 6937 6937 D wpa_supplicant: wlan0: Control interface command 'SCAN TYPE=ONLY'
08-10 11:26:11.655 6937 6937 D wpa_supplicant: wlan0: Setting scan request: 0.000000 sec
08-10 11:26:11.655 6937 6937 D wpa_supplicant: wlan0: Starting AP scan for wildcard SSID
08-10 11:26:11.655 6937 6937 D wpa_supplicant: wlan0: Add radio work 'scan'@0xb6836430
08-10 11:26:11.655 6937 6937 D wpa_supplicant: wlan0: First radio work item in the queue - schedule start immediately
08-10 11:26:11.655 6937 6937 D wpa_supplicant: wlan0: Starting radio work 'scan'@0xb6836430 after 0.000009 second wait
08-10 11:26:11.655 6937 6937 D wpa_supplicant: wlan0: nl80211: scan request
08-10 11:26:11.655 6937 6937 D wpa_supplicant: nl80211: Scan SSID - hexdump(len=0): [NULL]
08-10 11:26:11.655 6937 6937 D wpa_supplicant: nl80211: Add NL80211_SCAN_FLAG_FLUSH
08-10 11:26:11.655 6548 6659 I WifiNative-HAL: startHal
08-10 11:26:11.665 6937 6937 D wpa_supplicant: Scan requested (ret=0) - scan timeout 30 seconds
08-10 11:26:11.665 6937 6937 D wpa_supplicant: nl80211: Event message available
