08-10 11:24:42.301 2848 2969 D ConnectivityService: Network NetworkAgentInfo [WIFI () - 100] was already satisfying request 1. No change.
08-10 11:24:42.301 2848 2969 D ConnectivityService: notifyType AVAILABLE for NetworkAgentInfo [WIFI () - 100]
08-10 11:24:42.301 3583 3583 W BugLogger: Bug [16132553]
08-10 11:24:42.303 2848 2894 D Tethering: MasterInitialState.processMessage what=3
08-10 11:24:42.304 3186 3690 D ConnectivityManager.CallbackHandler: CM callback handler got msg 524290
08-10 11:24:42.305 2848 2969 D ConnectivityService: sendStickyBroadcast: action=android.net.conn.INET_CONDITION_ACTION
08-10 11:24:42.307 5036 5036 I sh : + hw_sh=/vendor/etc/init.sh
08-10 11:24:42.307 5036 5036 I sh : + '[' -e /vendor/etc/init.sh ']'
08-10 11:24:42.307 5036 5036 I sh : + '[' -n 2 ']'
08-10 11:24:42.307 5036 5036 I sh : + do_netconsole
08-10 11:24:42.307 5036 5036 I sh : + getprop dhcp.eth0.gateway
08-10 11:24:42.310 5036 5036 I sh : + modprobe netconsole 'netconsole=@/,@192.168.1.1/'
08-10 11:24:42.313 4604 4604 D WifiSetupActivity: Auto-finishing with connection
08-10 11:24:42.313 4604 4604 D WifiSetupActivity: finishOrNext resultCode=-1 isUsingWizardManager=true
08-10 11:24:42.313 2848 3144 I ActivityManager: START u0 {act=com.android.wizard.NEXT cmp=com.google.android.setupwizard/.WizardManager (has extras)} from uid 1000 on display 0
08-10 11:24:42.314 2848 3144 V WindowManager: addAppToken: AppWindowToken{131b72ec token=Token{2d56a19f ActivityRecord{3e95f3e u0 com.google.android.setupwizard/.WizardManager t3}}} to stack=0 task=3 at 4
08-10 11:24:42.314 3451 3469 D PhoneInterfaceManager: [PhoneIntfMgr] getDataEnabled: subId=-1 phoneId=-1
08-10 11:24:42.314 3451 3469 E PhoneInterfaceManager: [PhoneIntfMgr] getDataEnabled: no phone subId=-1 retVal=false
08-10 11:24:42.316 4208 4208 I GCoreUlr: Wifi connected, attempting upload
08-10 11:24:42.316 4208 4208 I GCoreUlr: Starting service, intent=Intent { act=com.google.android.location.reporting.WIFI_TRIGGERED_UPLOAD cmp=com.google.android.gms/com.google.android.location.reporting.service.DispatchingService }, extras=null
08-10 11:24:42.320 2848 2964 E WifiStateMachine: WifiStateMachine CMD_START_SCAN source 1000 txSuccessRate=-0.00 rxSuccessRate=-0.00 targetRoamBSSID=9c:97:26:9d:de:fb RSSI=-127
08-10 11:24:42.321 4973 4973 D wpa_supplicant: wlan0: Control interface command 'SCAN TYPE=ONLY'
08-10 11:24:42.321 4973 4973 D wpa_supplicant: wlan0: Setting scan request: 0.000000 sec
08-10 11:24:42.321 4973 4973 D wpa_supplicant: wlan0: Starting AP scan for wildcard SSID
08-10 11:24:42.321 4973 4973 D wpa_supplicant: wlan0: Add radio work 'scan'@0xb6836430
08-10 11:24:42.321 4973 4973 D wpa_supplicant: wlan0: First radio work item in the queue - schedule start immediately
08-10 11:24:42.321 4973 4973 D wpa_supplicant: wlan0: Starting radio work 'scan'@0xb6836430 after 0.000014 second wait
08-10 11:24:42.321 4973 4973 D wpa_supplicant: wlan0: nl80211: scan request
08-10 11:24:42.321 4973 4973 D wpa_supplicant: nl80211: Scan SSID - hexdump(len=0): [NULL]
08-10 11:24:42.321 4973 4973 D wpa_supplicant: Scan requested (ret=0) - scan timeout 30 seconds
08-10 11:24:42.321 4973 4973 D wpa_supplicant: nl80211: Event message available
08-10 11:24:42.321 4973 4973 D wpa_supplicant: nl80211: Drv Event 33 (NL80211_CMD_TRIGGER_SCAN) received for wlan0
08-10 11:24:42.321 4973 4973 D wpa_supplicant: wlan0: nl80211: Scan trigger
08-10 11:24:42.321 4973 4973 D wpa_supplicant: wlan0: Event SCAN_STARTED (49) received
08-10 11:24:42.321 4973 4973 D wpa_supplicant: wlan0: Own scan request started a scan in 0.000034 seconds
08-10 11:24:42.321 4973 4973 D wpa_supplicant: CTRL_IFACE monitor sent successfully to /data/misc/wifi/sockets/wpa_ctrl_2848-2\x00
08-10 11:24:42.321 4208 4208 I GCoreUlr: DispatchingService.onCreate()
08-10 11:24:42.323 2848 2879 D TelephonyManager: getDataEnabled: retVal=false
08-10 11:24:42.324 3822 3999 W ActivityThread: ClassLoader.loadClass: The class loader returned by Thread.getContextClassLoader() may fail for processes that host multiple applications. You should explicitly specify a context class loader. For example: Thread.setContextClassLoader(getClass().getClassLoader());
08-10 11:24:42.326 3637 3637 I SetupWizard.WizardManager: onNext actionId=wifi_settings resultCode=-1
08-10 11:24:42.327 2848 3140 I ActivityManager: START u0 {act=com.android.setupwizard.CONNECTION_CHECK flg=0x4000000 cmp=com.google.android.setupwizard/.ConnectionCheckActivity (has extras)} from uid 10017 on display 0
08-10 11:24:42.328 2848 3140 V WindowManager: addAppToken: AppWindowToken{32b01816 token=Token{3df35931 ActivityRecord{12c2d1d8 u0 com.google.android.setupwizard/.ConnectionCheckActivity t3}}} to stack=0 task=3 at 5
08-10 11:24:42.330 2848 2879 E GpsLocationProvider: No APN found to select.
08-10 11:24:42.332 3822 5049 I CheckinService: Checking schedule, now: 1439205882332 next: 30000
08-10 11:24:42.332 3822 5049 I CheckinService: active receiver: enabled
08-10 11:24:42.332 2848 3450 I ActivityManager: START u0 {act=com.android.wizard.NEXT cmp=com.google.android.setupwizard/.WizardManager (has extras)} from uid 10017 on display 0
08-10 11:24:42.333 3822 5049 I CheckinService: Preparing to send checkin request
08-10 11:24:42.333 3822 5049 I CheckinService: Overwrite current checkin reason type from: 8 to: 6
08-10 11:24:42.333 2848 3450 V WindowManager: addAppToken: AppWindowToken{148d9fa2 token=Token{11f3576d ActivityRecord{367f3384 u0 com.google.android.setupwizard/.WizardManager t3}}} to stack=0 task=3 at 6
08-10 11:24:42.333 3822 5049 I EventLogService: Accumulating logs since 1439205709316
08-10 11:24:42.336 3637 3637 I SetupWizard.WizardManager: onNext actionId=connection_check resultCode=-1
08-10 11:24:42.340 2848 2872 I ActivityManager: START u0 {act=com.android.setupwizard.WALLED_GARDEN flg=0x4000000 cmp=com.google.android.setupwizard/.WalledGardenActivity (has extras)} from uid 10017 on display 0
08-10 11:24:42.341 2848 2872 V WindowManager: addAppToken: AppWindowToken{16576f1c token=Token{2331308f ActivityRecord{fca13ee u0 com.google.android.setupwizard/.WalledGardenActivity t3}}} to stack=0 task=3 at 7
08-10 11:24:42.351 3822 5049 I GoogleURLConnFactory: Using platform SSLCertificateSocketFactory
08-10 11:24:42.351 3822 5049 I CheckinRequestBuilder: Checkin reason type: 6 attempt count: 1
08-10 11:24:42.351 5036 5036 I sh : + return 0
08-10 11:24:42.353 2848 2968 D WifiService: New client listening to asynchronous messages
08-10 11:24:42.355 4208 4208 I GCoreUlr: Wifi connected, attempting upload
08-10 11:24:42.355 4208 4208 I GCoreUlr: Starting service, intent=Intent { act=com.google.android.location.reporting.WIFI_TRIGGERED_UPLOAD cmp=com.google.android.gms/com.google.android.location.reporting.service.DispatchingService }, extras=null
08-10 11:24:42.373 2848 3144 I ActivityManager: Start proc 5058:android.process.media/u0a5 for broadcast com.android.providers.downloads/.DownloadReceiver
08-10 11:24:42.375 4208 5055 W GCoreUlr: DispatchingService ignoring Intent { act=com.google.android.location.reporting.WIFI_TRIGGERED_UPLOAD cmp=com.google.android.gms/com.google.android.location.reporting.service.DispatchingService } because ULR inactive
08-10 11:24:42.377 2848 3478 V WindowManager: Adding window Window{3c34a287 u0 com.google.android.setupwizard/com.google.android.setupwizard.WalledGardenActivity} at 4 of 8 (after Window{30f9a692 u0 com.android.settings/com.android.settings.wifi.WifiSetupActivity})
08-10 11:24:42.380 5058 5058 I ActivityThread: Switching default density from 160 to 240
08-10 11:24:42.383 4208 5055 W GCoreUlr: DispatchingService ignoring Intent { act=com.google.android.location.reporting.WIFI_TRIGGERED_UPLOAD cmp=com.google.android.gms/com.google.android.location.reporting.service.DispatchingService } because ULR inactive
08-10 11:24:42.386 4208 4208 I GCoreUlr: DispatchingService.onDestroy()
08-10 11:24:42.387 4208 4208 I GCoreUlr: Unbound from all location providers
08-10 11:24:42.388 5058 5058 E SQLiteLog: (283) recovered 39 frames from WAL file /data/data/com.android.providers.media/databases/external.db-wal
08-10 11:24:42.394 4512 4512 D ConnectivityManager: getMobileDataEnabled()+ subId=-1
08-10 11:24:42.395 3451 3469 D PhoneInterfaceManager: [PhoneIntfMgr] getDataEnabled: subId=-1 phoneId=-1
08-10 11:24:42.395 3451 3469 E PhoneInterfaceManager: [PhoneIntfMgr] getDataEnabled: no phone subId=-1 retVal=false
08-10 11:24:42.395 4512 4512 D ConnectivityManager: getMobileDataEnabled()- subId=-1 retVal=false
08-10 11:24:42.396 3822 5049 I GRALLOC-RADEON: detected chipset 0x679a family 0x35 (vram size -1049MiB, gart size 1019MiB)
08-10 11:24:42.396 3822 5049 I GRALLOC-DRM: create radeon for driver radeon
08-10 11:24:42.399 3411 3411 D GCM : GcmService start Intent { act=android.net.conn.CONNECTIVITY_CHANGE flg=0x4000010 cmp=com.google.android.gms/.gcm.GcmService (has extras) } android.net.conn.CONNECTIVITY_CHANGE
08-10 11:24:42.400 3822 3822 I iu.Environment: update battery state; isPlugged? false
08-10 11:24:42.402 3822 3822 D NetworkLogImpl: Loaded NetworkSpeedPredictor
08-10 11:24:42.404 3822 3822 I iu.Environment: update connectivity state; isNetworkMetered? false, isRoaming? false, isBackgroundDataAllowed? true*
08-10 11:24:42.404 3822 3822 I iu.Environment: update connectivity state; isNetworkMetered? false, isRoaming? false, isBackgroundDataAllowed? true
08-10 11:24:42.409 3411 5088 E GCM : Missing checkin config file
08-10 11:24:42.409 3411 5088 W GCM : GCM FAILED TO INITIALIZE - missing checkin
08-10 11:24:42.409 3822 5086 E GCM : Failed registration AUTHENTICATION_FAILED alarm=300000
08-10 11:24:42.425 2848 3012 I ActivityManager: Start proc 5093:com.google.android.gms.unstable/u0a7 for service com.google.android.gms/.droidguard.DroidGuardService
08-10 11:24:42.425 2848 2895 I ActivityManager: Displayed com.google.android.setupwizard/.WalledGardenActivity: +83ms (total +103ms)
08-10 11:24:42.429 5093 5093 I ActivityThread: Switching default density from 160 to 240
08-10 11:24:42.430 5093 5093 W ResourcesManager: Asset path '/system/framework/com.android.media.remotedisplay.jar' does not exist or contains no resources.
08-10 11:24:42.430 5093 5093 W ResourcesManager: Asset path '/system/framework/com.android.location.provider.jar' does not exist or contains no resources.
08-10 11:24:42.434 5093 5093 I MultiDex: VM with version 2.1.0 has multidex support
08-10 11:24:42.434 5093 5093 I MultiDex: install
08-10 11:24:42.434 5093 5093 I MultiDex: VM has multidex support, MultiDex support library is disabled.
08-10 11:24:42.436 5093 5093 I ProviderInstaller: Insert disabled by gate 'gms:security:enable_conscrypt_in_gms_application'
08-10 11:24:42.437 3411 3411 D GCM : GcmService start Intent { act=com.google.android.gms.INITIALIZE flg=0x10 pkg=com.google.android.gms cmp=com.google.android.gms/.gcm.GcmService } com.google.android.gms.INITIALIZE
08-10 11:24:42.438 3411 3411 D AuthorizationBluetoothService: Received GmsCore event: Intent { act=com.google.android.gms.INITIALIZE flg=0x10 pkg=com.google.android.gms cmp=com.google.android.gms/.auth.be.proximity.authorization.bt.AuthorizationBluetoothService$AutoStarter }.
08-10 11:24:42.438 3411 3411 E AuthorizationBluetoothService: Proximity feature is not enabled.
08-10 11:24:42.438 3822 3822 V GmsCoreStatsServiceLauncher: Received broadcast intent Intent { act=com.google.android.gms.INITIALIZE flg=0x10 pkg=com.google.android.gms cmp=com.google.android.gms/.common.stats.GmsCoreStatsServiceLauncher }
08-10 11:24:42.441 3822 5112 D LocationInitializer: Restart initialization of location
08-10 11:24:42.444 4208 4234 E MDM : [207] b.run: Couldn't connect to Google API client: ConnectionResult{statusCode=API_UNAVAILABLE, resolution=null}
08-10 11:24:42.457 5093 5110 I GoogleURLConnFactory: Using platform SSLCertificateSocketFactory
08-10 11:24:43.608 4973 4973 D wpa_supplicant: EAPOL: startWhen --> 0
08-10 11:24:43.608 4973 4973 D wpa_supplicant: EAPOL: disable timer tick
08-10 11:24:44.689 4973 4973 D wpa_supplicant: wlan0: Control interface command 'SIGNAL_POLL'
08-10 11:24:44.690 2848 2969 D ConnectivityService: updateNetworkScore for NetworkAgentInfo [WIFI () - 100] to 48
08-10 11:24:44.690 2848 2969 D ConnectivityService: rematching NetworkAgentInfo [WIFI () - 100]
08-10 11:24:44.690 2848 2969 D ConnectivityService: Network NetworkAgentInfo [WIFI () - 100] was already satisfying request 1. No change.
08-10 11:24:44.690 2848 2969 D ConnectivityService: notifyType AVAILABLE for NetworkAgentInfo [WIFI () - 100]
08-10 11:24:44.690 3186 3690 D ConnectivityManager.CallbackHandler: CM callback handler got msg 524290
08-10 11:24:47.457 4973 4973 D wpa_supplicant: RTM_NEWLINK: ifi_index=5 ifname=wlan0 wext ifi_family=0 ifi_flags=0x11043 ([UP][RUNNING][LOWER_UP])
08-10 11:24:47.457 4973 4973 D wpa_supplicant: nl80211: Event message available
08-10 11:24:47.457 4973 4973 D wpa_supplicant: nl80211: Drv Event 34 (NL80211_CMD_NEW_SCAN_RESULTS) received for wlan0
08-10 11:24:47.457 4973 4973 D wpa_supplicant: wlan0: nl80211: New scan results available
08-10 11:24:47.457 4973 4973 D wpa_supplicant: nl80211: Scan probed for SSID ''
08-10 11:24:47.457 4973 4973 D wpa_supplicant: nl80211: Scan included frequencies: 2412 2417 2422 2427 2432 2437 2442 2447 2452 2457 2462 2467 2472 2484
08-10 11:24:47.457 4973 4973 D wpa_supplicant: wlan0: Event SCAN_RESULTS (3) received
08-10 11:24:47.457 4973 4973 D wpa_supplicant: wlan0: Scan completed in 5.135656 seconds
08-10 11:24:47.457 4973 4973 D wpa_supplicant: nl80211: Associated on 2442 MHz
08-10 11:24:47.457 4973 4973 D wpa_supplicant: nl80211: Associated with 9c:97:26:9d:de:fb
08-10 11:24:47.457 4973 4973 D wpa_supplicant: nl80211: Received scan results (1 BSSes)
08-10 11:24:47.457 4973 4973 D wpa_supplicant: nl80211: Scan results indicate BSS status with 9c:97:26:9d:de:fb as associated
08-10 11:24:47.457 4973 4973 D wpa_supplicant: Sorted scan results
08-10 11:24:47.457 4973 4973 D wpa_supplicant: 9c:97:26:9d:de:fb freq=2442 qual=0 noise=0 level=59 flags=0x23 age=152
08-10 11:24:47.457 4973 4973 D wpa_supplicant: IEs - hexdump(len=318): 00 10 54 65 6c 65 63 6f 6d 2d 31 31 30 30 39 35 33 31 01 08 82 84 8b 96 24 30 48 6c 03 01 07 2a ...
08-10 11:24:47.457 4973 4973 D wpa_supplicant: Beacon IEs - hexdump(len=210): 00 10 54 65 6c 65 63 6f 6d 2d 31 31 30 30 39 35 33 31 01 08 82 84 8b 96 24 30 48 6c 03 01 07 05 ...
08-10 11:24:47.457 4973 4973 D wpa_supplicant: wlan0: BSS: Start scan result update 3
08-10 11:24:47.457 4973 4973 D wpa_supplicant: BSS: last_scan_res_used=1/32
08-10 11:24:47.457 4973 4973 D wpa_supplicant: Add randomness: count=5 entropy=0
08-10 11:24:47.457 4973 4973 D wpa_supplicant: random pool - hexdump(len=128): [REMOVED]
08-10 11:24:47.457 4973 4973 D wpa_supplicant: random_mix_pool - hexdump(len=8): [REMOVED]
08-10 11:24:47.457 4973 4973 D wpa_supplicant: random_mix_pool - hexdump(len=5): [REMOVED]
08-10 11:24:47.457 4973 4973 D wpa_supplicant: random pool - hexdump(len=128): [REMOVED]
08-10 11:24:47.457 4973 4973 D wpa_supplicant: wlan0: Scan-only results received
08-10 11:24:47.457 4973 4973 D wpa_supplicant: CTRL_IFACE monitor sent successfully to /data/misc/wifi/sockets/wpa_ctrl_2848-2\x00
08-10 11:24:47.457 4973 4973 D wpa_supplicant: wlan0: Radio work 'scan'@0xb6836430 done in 5.136269 seconds
08-10 11:24:47.457 4973 4973 D wpa_supplicant: wlan0: Control interface command 'BSS RANGE=0- MASK=0x21987'
08-10 11:24:47.457 4973 4973 D wpa_supplicant: WPS: attr type=0x104a len=1
08-10 11:24:47.457 4973 4973 D wpa_supplicant: WPS: attr type=0x1044 len=1
08-10 11:24:47.457 4973 4973 D wpa_supplicant: WPS: attr type=0x103b len=1
08-10 11:24:47.457 4973 4973 D wpa_supplicant: WPS: attr type=0x1047 len=16
08-10 11:24:47.457 4973 4973 D wpa_supplicant: WPS: attr type=0x1021 len=11
08-10 11:24:47.457 4973 4973 D wpa_supplicant: WPS: attr type=0x1023 len=14
08-10 11:24:47.457 4973 4973 D wpa_supplicant: WPS: attr type=0x1024 len=5
08-10 11:24:47.457 4973 4973 D wpa_supplicant: WPS: attr type=0x1042 len=9
08-10 11:24:47.457 4973 4973 D wpa_supplicant: WPS: attr type=0x1054 len=8
08-10 11:24:47.457 4973 4973 D wpa_supplicant: WPS: attr type=0x1011 len=7
08-10 11:24:47.457 4973 4973 D wpa_supplicant: WPS: attr type=0x1008 len=2
08-10 11:24:47.457 4973 4973 D wpa_supplicant: WPS: attr type=0x103c len=1
08-10 11:24:47.457 4973 4973 D wpa_supplicant: WPS: attr type=0x1049 len=6
08-10 11:24:47.457 4973 4973 D wpa_supplicant: WPS: WFA subelement id=0 len=1
08-10 11:24:47.457 4973 4973 D wpa_supplicant: WPS: attr type=0x104a len=1
08-10 11:24:47.457 4973 4973 D wpa_supplicant: WPS: attr type=0x1044 len=1
08-10 11:24:47.457 4973 4973 D wpa_supplicant: WPS: attr type=0x103b len=1
08-10 11:24:47.457 4973 4973 D wpa_supplicant: WPS: attr type=0x1047 len=16
08-10 11:24:47.457 4973 4973 D wpa_supplicant: WPS: attr type=0x1021 len=11
08-10 11:24:47.457 4973 4973 D wpa_supplicant: WPS: attr type=0x1023 len=14
08-10 11:24:47.457 4973 4973 D wpa_supplicant: WPS: attr type=0x1024 len=5
08-10 11:24:47.457 4973 4973 D wpa_supplicant: WPS: attr type=0x1042 len=9
08-10 11:24:47.457 4973 4973 D wpa_supplicant: WPS: attr type=0x1054 len=8
08-10 11:24:47.457 4973 4973 D wpa_supplicant: WPS: attr type=0x1011 len=7
08-10 11:24:47.457 4973 4973 D wpa_supplicant: WPS: attr type=0x1008 len=2
08-10 11:24:47.457 4973 4973 D wpa_supplicant: WPS: attr type=0x103c len=1
08-10 11:24:47.457 4973 4973 D wpa_supplicant: WPS: attr type=0x1049 len=6
08-10 11:24:47.457 4973 4973 D wpa_supplicant: WPS: WFA subelement id=0 len=1
08-10 11:24:47.457 4973 4973 D wpa_supplicant: WPS: attr type=0x104a len=1
08-10 11:24:47.457 4973 4973 D wpa_supplicant: WPS: attr type=0x1044 len=1
08-10 11:24:47.457 4973 4973 D wpa_supplicant: WPS: attr type=0x103b len=1
08-10 11:24:47.457 4973 4973 D wpa_supplicant: WPS: attr type=0x1047 len=16
08-10 11:24:47.457 4973 4973 D wpa_supplicant: WPS: attr type=0x1021 len=11
08-10 11:24:47.457 4973 4973 D wpa_supplicant: WPS: attr type=0x1023 len=14
08-10 11:24:47.457 4973 4973 D wpa_supplicant: WPS: attr type=0x1024 len=5
08-10 11:24:47.457 4973 4973 D wpa_supplicant: WPS: attr type=0x1042 len=9
08-10 11:24:47.457 4973 4973 D wpa_supplicant: WPS: attr type=0x1054 len=8
08-10 11:24:47.457 4973 4973 D wpa_supplicant: WPS: attr type=0x1011 len=7
08-10 11:24:47.457 4973 4973 D wpa_supplicant: WPS: attr type=0x1008 len=2
08-10 11:24:47.457 4973 4973 D wpa_supplicant: WPS: attr type=0x103c len=1
08-10 11:24:47.457 4973 4973 D wpa_supplicant: WPS: attr type=0x1049 len=6
08-10 11:24:47.457 4973 4973 D wpa_supplicant: WPS: WFA subelement id=0 len=1
08-10 11:24:47.458 4973 4973 D wpa_supplicant: wlan0: Control interface command 'STATUS-NO_EVENTS'
08-10 11:24:47.458 2848 2964 E WifiConfigStore: rewrite network history for "Telecom-11009531"WPA_PSK
08-10 11:24:47.690 4973 4973 D wpa_supplicant: wlan0: Control interface command 'SIGNAL_POLL'
08-10 11:24:47.691 2848 2969 D ConnectivityService: updateNetworkScore for NetworkAgentInfo [WIFI () - 100] to 46
08-10 11:24:47.691 2848 2969 D ConnectivityService: rematching NetworkAgentInfo [WIFI () - 100]
08-10 11:24:47.691 2848 2969 D ConnectivityService: Network NetworkAgentInfo [WIFI () - 100] was already satisfying request 1. No change.
08-10 11:24:47.691 2848 2969 D ConnectivityService: notifyType AVAILABLE for NetworkAgentInfo [WIFI () - 100]
08-10 11:24:47.691 3186 3690 D ConnectivityManager.CallbackHandler: CM callback handler got msg 524290
08-10 11:24:47.808 3822 3999 D Volley : [179] a.a: HTTP response for request=<[ ] https://www.google.com/ads/preferences/mobile_view?sig=QX7C5CRuw5wSWXHwnE1YT_Ozn-u9q220_BHCTtxPTLN15gKL_3l4FpYKUkU9uxI59gWdtERgemcLKNF0NntRauJeLLNb0c7mMR3-tgV3Qk0omGB_U6iEHpMJ0BWrn8gcuM5sSHSQeoDdOINEVd8kB0MhyK9oakQQKWUGmFrQi_mnPN1mRZvZtu0jQ-Tyb0UAGqtpwKXuHtj1f2pqndLooWRNdeOwSg6MU5kvqV4zvE3RW4JoVhCa1PkhVv4YbWrzxLyoEI4kMbsMx_DYkYtpidZtk-yYfYtIsV5UfRTRTe5zjn0I6l8QF43yISY6O_1jCLmTTcRAo6VFzSjjwV0V2w&vv=2 0xd61ac103 NORMAL 1> [lifetime=5493], [size=0], [rc=200], [retryCount=0]
08-10 11:24:47.810 3822 3822 D Volley : [1] p.b: 5495 ms: [ ] https://www.google.com/ads/preferences/mobile_view?sig=QX7C5CRuw5wSWXHwnE1YT_Ozn-u9q220_BHCTtxPTLN15gKL_3l4FpYKUkU9uxI59gWdtERgemcLKNF0NntRauJeLLNb0c7mMR3-tgV3Qk0omGB_U6iEHpMJ0BWrn8gcuM5sSHSQeoDdOINEVd8kB0MhyK9oakQQKWUGmFrQi_mnPN1mRZvZtu0jQ-Tyb0UAGqtpwKXuHtj1f2pqndLooWRNdeOwSg6MU5kvqV4zvE3RW4JoVhCa1PkhVv4YbWrzxLyoEI4kMbsMx_DYkYtpidZtk-yYfYtIsV5UfRTRTe5zjn0I6l8QF43yISY6O_1jCLmTTcRAo6VFzSjjwV0V2w&vv=2 0xd61ac103 NORMAL 1
08-10 11:24:47.865 5093 5110 I GoogleURLConnFactory: Using platform SSLCertificateSocketFactory
08-10 11:24:48.164 2848 2964 E WifiStateMachine: WifiStateMachine CMD_START_SCAN source -2 txSuccessRate=-0.00 rxSuccessRate=-0.00 targetRoamBSSID=9c:97:26:9d:de:fb RSSI=-127
08-10 11:24:48.164 2848 2964 E WifiStateMachine: WifiStateMachine L2Connected CMD_START_SCAN source -2 3, 5 -> obsolete
08-10 11:24:48.247 5124 5124 I dex2oat : /system/bin/dex2oat --runtime-arg -classpath --runtime-arg --instruction-set=x86 --instruction-set-features=default --runtime-arg -Xrelocate --boot-image=/system/framework/boot.art --dex-file=/data/data/com.google.android.gms/app_dg_cache/F65C019881C5A012A0725DADA37D7ECA7810AACF/the.apk --oat-fd=30 --oat-location=/data/data/com.google.android.gms/app_dg_cache/F65C019881C5A012A0725DADA37D7ECA7810AACF/opt/the.dex --runtime-arg -Xms64m --runtime-arg -Xmx512m --compiler-filter=interpret-only
08-10 11:24:48.252 5124 5124 I dex2oat : dex2oat took 4.995ms (threads: 4) arena alloc=0B java alloc=3016B native alloc=245KB free=7MB
08-10 11:24:48.547 4129 4129 D Finsky : [1] DailyHygiene.inHoldoffPeriod: DailyHygiene holdoff continue
08-10 11:24:48.692 2616 3557 E Drm : Failed to find drm plugin
08-10 11:24:48.725 5131 5131 I dex2oat : /system/bin/dex2oat --runtime-arg -classpath --runtime-arg --instruction-set=x86 --instruction-set-features=default --runtime-arg -Xrelocate --boot-image=/system/framework/boot.art --dex-file=/data/data/com.google.android.gms/app_fb/f.apk --oat-fd=42 --oat-location=/data/data/com.google.android.gms/app_fb/f.dex --runtime-arg -Xms64m --runtime-arg -Xmx512m --compiler-filter=interpret-only
08-10 11:24:48.730 5131 5131 I dex2oat : dex2oat took 4.583ms (threads: 4) arena alloc=0B java alloc=18KB native alloc=245KB free=7MB
08-10 11:24:48.734 5093 5110 I GRALLOC-RADEON: detected chipset 0x679a family 0x35 (vram size -1060MiB, gart size 1019MiB)
08-10 11:24:48.734 5093 5110 I GRALLOC-DRM: create radeon for driver radeon
08-10 11:24:48.827 2617 2617 I Zygote : Process 5093 exited cleanly (255)
08-10 11:24:48.827 2848 3143 I ActivityManager: Process com.google.android.gms.unstable (pid 5093) has died
08-10 11:24:48.827 2848 3143 W ActivityManager: Scheduling restart of crashed service com.google.android.gms/.droidguard.DroidGuardService in 1000ms
08-10 11:24:48.828 3822 5049 I CheckinRequestBuilder: Classify the device as Tablet.
08-10 11:24:49.025 3822 5049 I CheckinTask: Sending checkin request (2231 bytes)
08-10 11:24:49.849 2848 2881 I ActivityManager: Start proc 5139:com.google.android.gms.unstable/u0a7 for service com.google.android.gms/.droidguard.DroidGuardService
08-10 11:24:49.856 5139 5139 I ActivityThread: Switching default density from 160 to 240
08-10 11:24:49.857 5139 5139 W ResourcesManager: Asset path '/system/framework/com.android.media.remotedisplay.jar' does not exist or contains no resources.
08-10 11:24:49.857 5139 5139 W ResourcesManager: Asset path '/system/framework/com.android.location.provider.jar' does not exist or contains no resources.
08-10 11:24:49.864 5139 5139 I MultiDex: VM with version 2.1.0 has multidex support
08-10 11:24:49.864 5139 5139 I MultiDex: install
08-10 11:24:49.864 5139 5139 I MultiDex: VM has multidex support, MultiDex support library is disabled.
08-10 11:24:49.869 5139 5139 I ProviderInstaller: Insert disabled by gate 'gms:security:enable_conscrypt_in_gms_application'
08-10 11:24:49.870 3411 3411 D GCM : GcmService start Intent { act=com.google.android.gms.INITIALIZE flg=0x10 pkg=com.google.android.gms cmp=com.google.android.gms/.gcm.GcmService } com.google.android.gms.INITIALIZE
08-10 11:24:49.872 3411 3411 D AuthorizationBluetoothService: Received GmsCore event: Intent { act=com.google.android.gms.INITIALIZE flg=0x10 pkg=com.google.android.gms cmp=com.google.android.gms/.auth.be.proximity.authorization.bt.AuthorizationBluetoothService$AutoStarter }.
08-10 11:24:49.872 3411 3411 E AuthorizationBluetoothService: Proximity feature is not enabled.
08-10 11:24:49.872 3822 3822 V GmsCoreStatsServiceLauncher: Received broadcast intent Intent { act=com.google.android.gms.INITIALIZE flg=0x10 pkg=com.google.android.gms cmp=com.google.android.gms/.common.stats.GmsCoreStatsServiceLauncher }
08-10 11:24:49.876 3822 5158 D LocationInitializer: Restart initialization of location
08-10 11:24:49.878 4208 4329 E MDM : [232] b.run: Couldn't connect to Google API client: ConnectionResult{statusCode=API_UNAVAILABLE, resolution=null}
08-10 11:24:50.693 4973 4973 D wpa_supplicant: wlan0: Control interface command 'SIGNAL_POLL'
08-10 11:24:50.693 2848 2969 D ConnectivityService: updateNetworkScore for NetworkAgentInfo [WIFI () - 100] to 44
08-10 11:24:50.693 2848 2969 D ConnectivityService: rematching NetworkAgentInfo [WIFI () - 100]
08-10 11:24:50.693 2848 2969 D ConnectivityService: Network NetworkAgentInfo [WIFI () - 100] was already satisfying request 1. No change.
08-10 11:24:50.693 2848 2969 D ConnectivityService: notifyType AVAILABLE for NetworkAgentInfo [WIFI () - 100]
08-10 11:24:50.693 3186 3690 D ConnectivityManager.CallbackHandler: CM callback handler got msg 524290
08-10 11:24:50.828 3822 5049 I CheckinResponseProcessor: From server: 656 gservices [full]
08-10 11:24:50.862 2848 2891 D SettingsProvider: User 0 external modification to /data/data/com.android.providers.settings/databases/settings.db; event=2
08-10 11:24:50.862 2848 2891 D SettingsProvider: User 0 updating our caches for /data/data/com.android.providers.settings/databases/settings.db
08-10 11:24:50.864 2848 2891 D SettingsProvider: User 0 external modification to /data/data/com.android.providers.settings/databases/settings.db; event=2
08-10 11:24:50.864 2848 2891 D SettingsProvider: User 0 updating our caches for /data/data/com.android.providers.settings/databases/settings.db
08-10 11:24:50.864 2848 5162 I CertBlacklister: Certificate blacklist changed, updating...
08-10 11:24:50.865 2848 5162 I CertBlacklister: Certificate blacklist updated
08-10 11:24:50.886 2848 3599 I art : Explicit concurrent mark sweep GC freed 59654(2MB) AllocSpace objects, 9(144KB) LOS objects, 33% free, 9MB/14MB, paused 413us total 21.831ms
08-10 11:24:50.887 2848 2891 D SettingsProvider: User 0 external modification to /data/data/com.android.providers.settings/databases/settings.db; event=2
08-10 11:24:50.887 2848 2891 D SettingsProvider: User 0 updating our caches for /data/data/com.android.providers.settings/databases/settings.db
08-10 11:24:50.890 2848 5163 I CertBlacklister: Certificate blacklist changed, updating...
08-10 11:24:50.890 2848 5163 I CertBlacklister: Certificate blacklist updated
08-10 11:24:50.891 2848 2891 D SettingsProvider: User 0 external modification to /data/data/com.android.providers.settings/databases/settings.db; event=2
08-10 11:24:50.891 2848 2891 D SettingsProvider: User 0 updating our caches for /data/data/com.android.providers.settings/databases/settings.db
08-10 11:24:50.893 2848 2891 D SettingsProvider: User 0 external modification to /data/data/com.android.providers.settings/databases/settings.db; event=2
08-10 11:24:50.893 2848 2891 D SettingsProvider: User 0 updating our caches for /data/data/com.android.providers.settings/databases/settings.db
08-10 11:24:50.894 2848 2891 D SettingsProvider: User 0 external modification to /data/data/com.android.providers.settings/databases/settings.db; event=2
08-10 11:24:50.894 2848 2891 D SettingsProvider: User 0 updating our caches for /data/data/com.android.providers.settings/databases/settings.db
08-10 11:24:50.895 2848 2891 D SettingsProvider: User 0 external modification to /data/data/com.android.providers.settings/databases/settings.db; event=2
08-10 11:24:50.895 2848 2891 D SettingsProvider: User 0 updating our caches for /data/data/com.android.providers.settings/databases/settings.db
08-10 11:24:50.896 2848 2891 D SettingsProvider: User 0 external modification to /data/data/com.android.providers.settings/databases/settings.db; event=2
08-10 11:24:50.896 2848 2891 D SettingsProvider: User 0 updating our caches for /data/data/com.android.providers.settings/databases/settings.db
08-10 11:24:50.899 2848 2891 D SettingsProvider: User 0 external modification to /data/data/com.android.providers.settings/databases/settings.db; event=2
08-10 11:24:50.899 2848 2891 D SettingsProvider: User 0 updating our caches for /data/data/com.android.providers.settings/databases/settings.db
08-10 11:24:50.900 2848 2891 D SettingsProvider: User 0 external modification to /data/data/com.android.providers.settings/databases/settings.db; event=2
08-10 11:24:50.900 2848 2891 D SettingsProvider: User 0 updating our caches for /data/data/com.android.providers.settings/databases/settings.db
08-10 11:24:50.902 2848 2891 D SettingsProvider: User 0 external modification to /data/data/com.android.providers.settings/databases/settings.db; event=2
08-10 11:24:50.902 2848 2891 D SettingsProvider: User 0 updating our caches for /data/data/com.android.providers.settings/databases/settings.db
08-10 11:24:50.903 2848 2891 D SettingsProvider: User 0 external modification to /data/data/com.android.providers.settings/databases/settings.db; event=2
08-10 11:24:50.903 2848 2891 D SettingsProvider: User 0 updating our caches for /data/data/com.android.providers.settings/databases/settings.db
08-10 11:24:50.904 2848 2891 D SettingsProvider: User 0 external modification to /data/data/com.android.providers.settings/databases/settings.db; event=2
08-10 11:24:50.904 2848 2891 D SettingsProvider: User 0 updating our caches for /data/data/com.android.providers.settings/databases/settings.db
08-10 11:24:50.905 2848 2891 D SettingsProvider: User 0 external modification to /data/data/com.android.providers.settings/databases/settings.db; event=2
08-10 11:24:50.905 2848 2891 D SettingsProvider: User 0 updating our caches for /data/data/com.android.providers.settings/databases/settings.db
08-10 11:24:50.907 2848 2891 D SettingsProvider: User 0 external modification to /data/data/com.android.providers.settings/databases/settings.db; event=2
08-10 11:24:50.907 2848 2891 D SettingsProvider: User 0 updating our caches for /data/data/com.android.providers.settings/databases/settings.db
08-10 11:24:50.908 2848 2891 D SettingsProvider: User 0 external modification to /data/data/com.android.providers.settings/databases/settings.db; event=2
08-10 11:24:50.908 2848 2891 D SettingsProvider: User 0 updating our caches for /data/data/com.android.providers.settings/databases/settings.db
08-10 11:24:50.909 2848 2891 D SettingsProvider: User 0 external modification to /data/data/com.android.providers.settings/databases/settings.db; event=2
08-10 11:24:50.909 2848 2891 D SettingsProvider: User 0 updating our caches for /data/data/com.android.providers.settings/databases/settings.db
08-10 11:24:50.909 3411 3428 I GservicesProvider: main update completed
08-10 11:24:50.927 2848 2881 I ActivityManager: Start proc 5166:com.google.android.partnersetup/u0a10 for broadcast com.google.android.partnersetup/.GservicesChangedReceiver
08-10 11:24:50.929 3822 5049 I CheckinRequestBuilder: Checkin reason type: 6 attempt count: 1
08-10 13:24:50.929 2848 3478 D AlarmManagerService: Kernel timezone updated to -120 minutes west of GMT
08-10 13:24:50.932 5166 5166 I ActivityThread: Switching default density from 160 to 240
08-10 13:24:50.947 2848 3437 I ActivityManager: Force stopping com.android.vending appid=10015 user=0: pkg changed
08-10 13:24:50.948 2848 3437 I ActivityManager: Killing 4129:com.android.vending/u0a15 (adj 8): stop com.android.vending
08-10 13:24:50.961 2848 3437 W ActivityManager: Scheduling restart of crashed service com.android.vending/com.google.android.finsky.services.DailyHygiene in 1000ms
08-10 13:24:50.962 2848 3141 W ActivityManager: Spurious death for ProcessRecord{b822813 4129:com.android.vending/u0a15}, curProc for 4129: null
08-10 13:24:50.964 2848 2955 I InputReader: Reconfiguring input devices. changes=0x00000010
08-10 13:24:50.967 4695 4715 W Launcher.Model: Nobody to tell about the new app. Launcher is probably loading.
08-10 13:24:50.968 2848 2848 D BackupManagerService: Received broadcast Intent { act=android.intent.action.PACKAGE_CHANGED dat=package:com.android.vending flg=0x4000010 (has extras) }
08-10 13:24:50.971 2848 2879 W LocationProviderProxy-fused: com.google.android.gms resolves service com.android.location.service.FusedLocationProvider, but has wrong signature, ignoring
08-10 13:24:50.977 3822 3822 I SystemUpdateService: receiver: Intent { act=com.google.gservices.intent.action.GSERVICES_CHANGED flg=0x10 cmp=com.google.android.gms/.update.SystemUpdateService$Receiver }
08-10 13:24:50.977 3822 3822 D SystemUpdateService: onCreate
08-10 13:24:50.978 3411 3411 D GCM : GcmService start Intent { act=com.google.gservices.intent.action.GSERVICES_CHANGED flg=0x10 cmp=com.google.android.gms/.gcm.GcmService } com.google.gservices.intent.action.GSERVICES_CHANGED
08-10 13:24:50.978 3822 3822 D SystemUpdateService: onStartCommand: intent: Intent { cmp=com.google.android.gms/.update.SystemUpdateService (has extras) }
08-10 13:24:50.979 3822 3822 I SubscribedFeeds: Setting ComponentInfo{com.google.android.gms/com.google.android.gms.subscribedfeeds.SyncService} to enum: 1
08-10 13:24:50.979 3822 5195 I SystemUpdateService: cancelUpdate (empty URL)
08-10 13:24:50.979 3822 5195 I SystemUpdateService: active receiver: disabled
08-10 13:24:50.980 3822 3822 D SystemEventReceiver: Received GSERVICES_CHANGED broadcast
08-10 13:24:50.981 3822 3822 I OcrUtils: Updating ocr activity enabled=false
08-10 13:24:50.982 3822 3822 D SystemUpdateService: onDestroy
08-10 13:24:50.982 3411 3411 I GCM : GCM config loaded
08-10 13:24:50.984 3411 3411 D Auth.Api.Credentials: [CredentialSyncReceiver] Received intent: Intent { act=com.google.gservices.intent.action.GSERVICES_CHANGED flg=0x10 cmp=com.google.android.gms/.auth.api.credentials.sync.CredentialSyncReceiverService$Receiver }.
08-10 13:24:50.986 4208 4208 I GCoreUlr: Starting service, intent=Intent { act=com.google.android.location.reporting.ACTION_UPDATE_WORLD cmp=com.google.android.gms/com.google.android.location.reporting.service.DispatchingService (has extras) }, extras=Bundle[{receiverAction=com.google.gservices.intent.action.GSERVICES_CHANGED}]
08-10 13:24:50.986 3411 5198 D Auth.Api.Credentials: [CredentialSyncReceiver] onHandleIntent(Intent { cmp=com.google.android.gms/.auth.api.credentials.sync.CredentialSyncReceiverService (has extras) }).
08-10 13:24:50.988 4208 4208 I GCoreUlr: DispatchingService.onCreate()
08-10 13:24:50.992 3822 5049 I CheckinRequestBuilder: Classify the device as Tablet.
08-10 13:24:51.001 3411 3741 I art : Explicit concurrent mark sweep GC freed 10104(527KB) AllocSpace objects, 3(48KB) LOS objects, 39% free, 4MB/7MB, paused 127us total 5.721ms
08-10 13:24:51.002 2848 3603 I ActivityManager: Force stopping com.google.android.gms appid=10007 user=0: pkg changed
08-10 13:24:51.002 2848 3603 I ActivityManager: Killing 4277:com.google.android.gms.wearable/u0a7 (adj 1): stop com.google.android.gms
08-10 13:24:51.015 2848 3603 W ActivityManager: Scheduling restart of crashed service com.google.android.gms/.wearable.service.WearableService in 1000ms
08-10 13:24:51.015 2848 3603 I ActivityManager: Killing 4208:com.google.process.location/u0a7 (adj 0): stop com.google.android.gms
08-10 13:24:51.027 2848 2848 V BackupManagerService: Disconnected from transport ComponentInfo{com.google.android.gms/com.google.android.gms.backup.BackupTransportService}
08-10 13:24:51.027 2848 2848 V BackupManagerService: Registering transport com.google.android.gms/.backup.BackupTransportService::null = null
08-10 13:24:51.027 2848 3140 D GpsStatusListenerHelper: Remote Listener died: android.location.IGpsStatusListener$Stub$Proxy@2af65828
08-10 13:24:51.027 2848 2968 D WifiService: Client connection lost with reason: 4
08-10 13:24:51.029 2848 3603 W ActivityManager: Scheduling restart of crashed service com.google.android.gms/com.google.android.location.reporting.service.DispatchingService in 1000ms
08-10 13:24:51.029 2848 3603 W ActivityManager: Scheduling restart of crashed service com.google.android.gms/com.google.android.location.internal.GoogleLocationManagerService in 1000ms
08-10 13:24:51.029 2848 3603 W ActivityManager: Scheduling restart of crashed service com.google.android.gms/com.google.android.location.internal.server.GoogleLocationService in 11000ms
08-10 13:24:51.029 2848 3603 W ActivityManager: Scheduling restart of crashed service com.google.android.gms/.backup.BackupTransportService in 21000ms
08-10 13:24:51.029 2848 3603 W ActivityManager: Scheduling restart of crashed service com.google.android.gms/.common.stats.GmsCoreStatsService in 31000ms
08-10 13:24:51.029 2848 3603 W ActivityManager: Scheduling restart of crashed service com.google.android.gms/.deviceconnection.service.DeviceConnectionServiceBroker in 41000ms
08-10 13:24:51.029 2848 3603 I ActivityManager: Killing 3583:com.google.android.googlequicksearchbox:search/u0a21 (adj 8): stop com.google.android.gms
08-10 13:24:51.032 2848 2968 D WifiService: Client connection lost with reason: 4
08-10 13:24:51.055 2848 3603 W ActivityManager: Scheduling restart of crashed service com.google.android.googlequicksearchbox/com.google.android.search.core.service.SearchService in 50974ms
08-10 13:24:51.055 2848 3603 I ActivityManager: Killing 5139:com.google.android.gms.unstable/u0a7 (adj 5): stop com.google.android.gms
08-10 13:24:51.068 2848 3603 W ActivityManager: Scheduling restart of crashed service com.google.android.gms/.droidguard.DroidGuardService in 50961ms
08-10 13:24:51.069 2848 3603 I ActivityManager: Killing 4741:com.google.android.gms.ui/u0a7 (adj 11): stop com.google.android.gms
08-10 13:24:51.082 2848 3603 I ActivityManager: Killing 3822:com.google.android.gms/u0a7 (adj 5): stop com.google.android.gms
08-10 13:24:51.096 2848 2968 D WifiService: Client connection lost with reason: 4
08-10 13:24:51.109 2848 3603 W ActivityManager: Scheduling restart of crashed service com.google.android.gms/.checkin.CheckinService in 50920ms
08-10 13:24:51.109 2848 3603 W ActivityManager: Scheduling restart of crashed service com.google.android.gms/.config.ConfigFetchService in 60920ms
08-10 13:24:51.109 2848 3603 I ActivityManager: Killing 3411:com.google.process.gapps/u0a7 (adj 0): stop com.google.android.gms
08-10 13:24:51.123 2615 2842 E FrameworkListener: read() failed (Connection reset by peer)
08-10 13:24:51.135 2848 3603 W ActivityManager: Scheduling restart of crashed service com.google.android.gms/.kids.account.UserSwitchListenerService in 60894ms
08-10 13:24:51.135 2848 3603 W ActivityManager: Scheduling restart of crashed service com.google.android.gms/.gcm.GcmService in 70894ms
08-10 13:24:51.136 2848 3603 I ActivityManager: Force stopping service ServiceRecord{15c2043c u0 com.google.android.gms/.gcm.GcmService}
08-10 13:24:51.136 2848 3603 I ActivityManager: Force stopping service ServiceRecord{2eae9c4e u0 com.google.android.gms/.kids.account.UserSwitchListenerService}
08-10 13:24:51.136 2848 3603 I ActivityManager: Force stopping service ServiceRecord{3e98314a u0 com.google.android.gms/.checkin.CheckinService}
08-10 13:24:51.136 2848 3603 I ActivityManager: Force stopping service ServiceRecord{262cc4a4 u0 com.google.android.gms/com.google.android.location.internal.server.GoogleLocationService}
08-10 13:24:51.136 2848 3603 I ActivityManager: Force stopping service ServiceRecord{34c79209 u0 com.google.android.gms/com.google.android.location.internal.GoogleLocationManagerService}
08-10 13:24:51.136 2848 3603 I ActivityManager: Force stopping service ServiceRecord{732497 u0 com.google.android.gms/.deviceconnection.service.DeviceConnectionServiceBroker}
08-10 13:24:51.136 2848 3603 I ActivityManager: Force stopping service ServiceRecord{52f8ef6 u0 com.google.android.gms/.common.stats.GmsCoreStatsService}
08-10 13:24:51.136 2848 3603 I ActivityManager: Force stopping service ServiceRecord{17cf04ae u0 com.google.android.gms/.backup.BackupTransportService}
08-10 13:24:51.136 2848 3437 W ActivityManager: Spurious death for ProcessRecord{3b33b5d9 4277:com.google.android.gms.wearable/u0a7}, curProc for 4277: null
08-10 13:24:51.136 2848 3449 W ActivityManager: Spurious death for ProcessRecord{34592f3f 4208:com.google.process.location/u0a7}, curProc for 4208: null
08-10 13:24:51.137 2848 2955 I InputReader: Reconfiguring input devices. changes=0x00000010
08-10 13:24:51.139 2848 2848 D BackupManagerService: Received broadcast Intent { act=android.intent.action.PACKAGE_CHANGED dat=package:com.google.android.gms flg=0x4000010 (has extras) }
08-10 13:24:51.139 2848 2848 I BackupManagerService: Unbinding ComponentInfo{com.google.android.gms/com.google.android.gms.backup.BackupTransportService}
08-10 13:24:51.139 4695 4715 W Launcher.Model: Nobody to tell about the new app. Launcher is probably loading.
08-10 13:24:51.156 2848 2881 I ActivityManager: Start proc 5204:com.google.android.gms/u0a7 for broadcast com.google.android.gms/.icing.service.SystemEventReceiver
08-10 13:24:51.156 2848 3478 W ActivityManager: Spurious death for ProcessRecord{29bce2e4 4741:com.google.android.gms.ui/u0a7}, curProc for 4741: null
08-10 13:24:51.156 2848 3450 W ActivityManager: Spurious death for ProcessRecord{33af2324 3822:com.google.android.gms/u0a7}, curProc for 3822: null
08-10 13:24:51.156 2848 3144 W ActivityManager: Spurious death for ProcessRecord{2458d429 3411:com.google.process.gapps/u0a7}, curProc for 3411: null
08-10 13:24:51.156 2848 3448 W ActivityManager: Spurious death for ProcessRecord{375773b3 5139:com.google.android.gms.unstable/u0a7}, curProc for 5139: null
08-10 13:24:51.156 2848 3140 W ActivityManager: Spurious death for ProcessRecord{393b4084 3583:com.google.android.googlequicksearchbox:search/u0a21}, curProc for 3583: null
08-10 13:24:51.156 2848 2848 I BackupManagerService: Binding to transport host ComponentInfo{com.google.android.gms/com.google.android.gms.backup.BackupTransportService}
08-10 13:24:51.167 2848 2848 I ActivityManager: Start proc 5222:com.google.process.location/u0a7 for service com.google.android.gms/.backup.BackupTransportService
08-10 13:24:51.168 2848 2879 W LocationProviderProxy-fused: com.google.android.gms resolves service com.android.location.service.FusedLocationProvider, but has wrong signature, ignoring
08-10 13:24:51.169 5204 5204 I ActivityThread: Switching default density from 160 to 240
08-10 13:24:51.169 5222 5222 I ActivityThread: Switching default density from 160 to 240
08-10 13:24:51.170 5204 5204 W ResourcesManager: Asset path '/system/framework/com.android.media.remotedisplay.jar' does not exist or contains no resources.
08-10 13:24:51.170 5204 5204 W ResourcesManager: Asset path '/system/framework/com.android.location.provider.jar' does not exist or contains no resources.
08-10 13:24:51.170 5222 5222 W ResourcesManager: Asset path '/system/framework/com.android.media.remotedisplay.jar' does not exist or contains no resources.
08-10 13:24:51.170 5222 5222 W ResourcesManager: Asset path '/system/framework/com.android.location.provider.jar' does not exist or contains no resources.
08-10 13:24:51.175 5222 5222 I MultiDex: VM with version 2.1.0 has multidex support
08-10 13:24:51.175 5204 5204 I MultiDex: VM with version 2.1.0 has multidex support
08-10 13:24:51.175 5204 5204 I MultiDex: install
08-10 13:24:51.175 5222 5222 I MultiDex: install
08-10 13:24:51.175 5222 5222 I MultiDex: VM has multidex support, MultiDex support library is disabled.
08-10 13:24:51.175 5204 5204 I MultiDex: VM has multidex support, MultiDex support library is disabled.
08-10 13:24:51.199 2848 3450 I ActivityManager: Start proc 5242:com.google.process.gapps/u0a7 for content provider com.google.android.gsf/.gservices.GservicesProvider
08-10 13:24:51.203 5242 5242 I ActivityThread: Switching default density from 160 to 240
08-10 13:24:51.205 5242 5242 I GservicesProvider: Gservices pushing to system: true; secure/global: true
08-10 13:24:51.221 5242 5242 I GoogleHttpClient: GMS http client unavailable, use old client
08-10 13:24:51.222 5242 5242 I GoogleHttpClient: GMS http client unavailable, use old client
08-10 13:24:51.224 5222 5222 I ProviderInstaller: Insert disabled by gate 'gms:security:enable_conscrypt_in_gms_application'
08-10 13:24:51.224 5204 5204 I ProviderInstaller: Insert disabled by gate 'gms:security:enable_conscrypt_in_gms_application'
08-10 13:24:51.228 5204 5204 E Icing : Native load error: dalvik.system.PathClassLoader[DexPathList[[zip file "/system/framework/com.android.location.provider.jar", zip file "/system/framework/com.android.media.remotedisplay.jar", zip file "/system/priv-app/PrebuiltGmsCore/PrebuiltGmsCore.apk"],nativeLibraryDirectories=[/vendor/lib, /system/lib]]] couldn't find "libAppDataSearch.so"
08-10 13:24:51.232 5222 5273 W Backup : [LegacyBackupAccountManager] No google accounts found!
08-10 13:24:51.234 2848 2848 V BackupManagerService: Connected to transport ComponentInfo{com.google.android.gms/com.google.android.gms.backup.BackupTransportService}
08-10 13:24:51.234 2848 2848 V BackupManagerService: Registering transport com.google.android.gms/.backup.BackupTransportService::com.google.android.gms/.backup.BackupTransportService = com.android.internal.backup.IBackupTransport$Stub$Proxy@1f5148cc
08-10 13:24:51.237 5242 5242 W ResourcesManager: Asset path '/system/framework/com.android.media.remotedisplay.jar' does not exist or contains no resources.
08-10 13:24:51.237 5242 5242 W ResourcesManager: Asset path '/system/framework/com.android.location.provider.jar' does not exist or contains no resources.
08-10 13:24:51.239 5242 5242 I MultiDex: VM with version 2.1.0 has multidex support
08-10 13:24:51.239 5242 5242 I MultiDex: install
08-10 13:24:51.239 5242 5242 I MultiDex: VM has multidex support, MultiDex support library is disabled.
08-10 13:24:51.241 5242 5242 I ProviderInstaller: Insert disabled by gate 'gms:security:enable_conscrypt_in_gms_application'
08-10 13:24:51.255 2848 3450 I ActivityManager: Start proc 5282:com.google.android.googlequicksearchbox:search/u0a21 for broadcast com.google.android.googlequicksearchbox/com.google.android.search.core.GservicesBroadcastReceiver
08-10 13:24:51.258 2617 2617 I art : Explicit concurrent mark sweep GC freed 706(30KB) AllocSpace objects, 0(0B) LOS objects, 39% free, 1918KB/3MB, paused 45us total 3.126ms
08-10 13:24:51.262 2617 2617 I art : Explicit concurrent mark sweep GC freed 5(160B) AllocSpace objects, 0(0B) LOS objects, 39% free, 1918KB/3MB, paused 52us total 3.260ms
08-10 13:24:51.265 2617 2617 I art : Explicit concurrent mark sweep GC freed 5(160B) AllocSpace objects, 0(0B) LOS objects, 39% free, 1918KB/3MB, paused 45us total 3.116ms
08-10 13:24:51.267 5242 5300 I Backup : [BackupTransportMigratorService] Starting migration...
08-10 13:24:51.268 5242 5300 W Backup : [LegacyBackupAccountManager] No google accounts found!
08-10 13:24:51.271 2848 2872 I art : Explicit concurrent mark sweep GC freed 39955(1989KB) AllocSpace objects, 7(112KB) LOS objects, 33% free, 9MB/14MB, paused 260us total 14.743ms
08-10 13:24:51.271 5222 5273 D Backup : [BackupTransportMigratorService] Couldn't find backup account, notifying.
08-10 13:24:51.274 5242 5300 D Backup : [BackupTransportMigratorService] Couldn't find backup account, notifying.
08-10 13:24:51.275 5282 5282 I ActivityThread: Switching default density from 160 to 240
08-10 13:24:51.276 5242 5300 I Backup : [BackupTransportMigratorService] Successfully migrated to use GMS BackupTransportService!
08-10 13:24:51.276 5242 5302 W Backup : [LegacyBackupAccountManager] No google accounts found!
08-10 13:24:51.278 5242 5302 W Backup : [LegacyBackupAccountManager] No google accounts found!
08-10 13:24:51.278 2848 3143 I ActivityManager: Killing 4548:com.android.onetimeinitializer/u0a14 (adj 15): empty #17
08-10 13:24:51.311 4647 4647 V AlarmClock: AlarmInitReceiver android.intent.action.TIMEZONE_CHANGED
08-10 13:24:51.313 4647 4666 V AlarmClock: AlarmInitReceiver finished
08-10 13:24:51.329 2848 3599 I ActivityManager: Start proc 5318:com.android.vending/u0a15 for broadcast com.android.vending/com.google.android.finsky.receivers.PackageMonitorReceiver$RegisteredReceiver
08-10 13:24:51.329 2848 3599 I ActivityManager: Killing 4627:com.android.camera2/u0a30 (adj 15): empty #17
08-10 13:24:51.357 5282 5317 I Search.GservicesUpdateTask: Updating Gservices keys
08-10 13:24:51.358 5318 5318 I ActivityThread: Switching default density from 160 to 240
08-10 13:24:51.362 5282 5317 I GStaticConfiguration: #getNewConfigurationUrl [pref=2013_10_04_22_22_03, gservice=2015_05_12_10_00_46
08-10 13:24:51.368 5282 5317 I System.out: Found 1 addresses to connect to, out of which 0 are on Ipv6
08-10 13:24:51.372 5318 5318 D Finsky : [1] FinskyApp.onCreate: Initializing network with DFE https://android.clients.google.com/fdfe/
08-10 13:24:51.379 5318 5318 W Finsky : [1] FinskyApp.getCurrentAccount: No account configured on this device.
08-10 13:24:51.379 5318 5318 W Finsky : [1] FinskyApp.getCurrentAccount: No account configured on this device.
08-10 13:24:51.380 5318 5318 D Finsky : [1] DailyHygiene.goMakeHygieneIfDirty: Dirty, need more hygiene.
08-10 13:24:51.399 2848 3437 I ActivityManager: Start proc 5359:com.google.android.gms:car/u0a7 for service com.google.android.gms/.car.CarService
