08-10 11:24:41.579 4973 4973 D wpa_supplicant: CTRL_IFACE: Failed to get network variable 'wep_key2'
08-10 11:24:41.579 4973 4973 D wpa_supplicant: wlan0: Control interface command 'GET_NETWORK 0 wep_key3'
08-10 11:24:41.579 4973 4973 D wpa_supplicant: CTRL_IFACE: GET_NETWORK id=0 name='wep_key3'
08-10 11:24:41.579 4973 4973 D wpa_supplicant: CTRL_IFACE: Failed to get network variable 'wep_key3'
08-10 11:24:41.579 4973 4973 D wpa_supplicant: wlan0: Control interface command 'GET_NETWORK 0 psk'
08-10 11:24:41.579 4973 4973 D wpa_supplicant: CTRL_IFACE: GET_NETWORK id=0 name='psk'
08-10 11:24:41.579 4973 4973 D wpa_supplicant: Do not allow key_data field to be exposed
08-10 11:24:41.579 4973 4973 D wpa_supplicant: wlan0: Control interface command 'GET_NETWORK 0 proto'
08-10 11:24:41.579 4973 4973 D wpa_supplicant: CTRL_IFACE: GET_NETWORK id=0 name='proto'
08-10 11:24:41.579 4973 4973 D wpa_supplicant: wlan0: Control interface command 'GET_NETWORK 0 key_mgmt'
08-10 11:24:41.579 4973 4973 D wpa_supplicant: CTRL_IFACE: GET_NETWORK id=0 name='key_mgmt'
08-10 11:24:41.580 4973 4973 D wpa_supplicant: wlan0: Control interface command 'GET_NETWORK 0 auth_alg'
08-10 11:24:41.580 4973 4973 D wpa_supplicant: CTRL_IFACE: GET_NETWORK id=0 name='auth_alg'
08-10 11:24:41.580 4973 4973 D wpa_supplicant: CTRL_IFACE: Failed to get network variable 'auth_alg'
08-10 11:24:41.580 4973 4973 D wpa_supplicant: wlan0: Control interface command 'GET_NETWORK 0 pairwise'
08-10 11:24:41.580 4973 4973 D wpa_supplicant: CTRL_IFACE: GET_NETWORK id=0 name='pairwise'
08-10 11:24:41.580 4973 4973 D wpa_supplicant: wlan0: Control interface command 'GET_NETWORK 0 group'
08-10 11:24:41.580 4973 4973 D wpa_supplicant: CTRL_IFACE: GET_NETWORK id=0 name='group'
08-10 11:24:41.580 4973 4973 D wpa_supplicant: wlan0: Control interface command 'GET_NETWORK 0 eap'
08-10 11:24:41.580 4973 4973 D wpa_supplicant: CTRL_IFACE: GET_NETWORK id=0 name='eap'
08-10 11:24:41.580 4973 4973 D wpa_supplicant: CTRL_IFACE: Failed to get network variable 'eap'
08-10 11:24:41.580 4973 4973 D wpa_supplicant: wlan0: Control interface command 'GET_NETWORK 0 phase2'
08-10 11:24:41.580 4973 4973 D wpa_supplicant: CTRL_IFACE: GET_NETWORK id=0 name='phase2'
08-10 11:24:41.580 4973 4973 D wpa_supplicant: CTRL_IFACE: Failed to get network variable 'phase2'
08-10 11:24:41.580 4973 4973 D wpa_supplicant: wlan0: Control interface command 'GET_NETWORK 0 identity'
08-10 11:24:41.580 4973 4973 D wpa_supplicant: CTRL_IFACE: GET_NETWORK id=0 name='identity'
08-10 11:24:41.580 4973 4973 D wpa_supplicant: CTRL_IFACE: Failed to get network variable 'identity'
08-10 11:24:41.580 4973 4973 D wpa_supplicant: wlan0: Control interface command 'GET_NETWORK 0 anonymous_identity'
08-10 11:24:41.580 4973 4973 D wpa_supplicant: CTRL_IFACE: GET_NETWORK id=0 name='anonymous_identity'
08-10 11:24:41.580 4973 4973 D wpa_supplicant: CTRL_IFACE: Failed to get network variable 'anonymous_identity'
08-10 11:24:41.580 4973 4973 D wpa_supplicant: wlan0: Control interface command 'GET_NETWORK 0 password'
08-10 11:24:41.580 4973 4973 D wpa_supplicant: CTRL_IFACE: GET_NETWORK id=0 name='password'
08-10 11:24:41.580 4973 4973 D wpa_supplicant: CTRL_IFACE: Failed to get network variable 'password'
08-10 11:24:41.580 4973 4973 D wpa_supplicant: wlan0: Control interface command 'GET_NETWORK 0 client_cert'
08-10 11:24:41.580 4973 4973 D wpa_supplicant: CTRL_IFACE: GET_NETWORK id=0 name='client_cert'
08-10 11:24:41.580 4973 4973 D wpa_supplicant: CTRL_IFACE: Failed to get network variable 'client_cert'
08-10 11:24:41.580 4973 4973 D wpa_supplicant: wlan0: Control interface command 'GET_NETWORK 0 ca_cert'
08-10 11:24:41.580 4973 4973 D wpa_supplicant: CTRL_IFACE: GET_NETWORK id=0 name='ca_cert'
08-10 11:24:41.580 4973 4973 D wpa_supplicant: CTRL_IFACE: Failed to get network variable 'ca_cert'
08-10 11:24:41.580 4973 4973 D wpa_supplicant: wlan0: Control interface command 'GET_NETWORK 0 subject_match'
08-10 11:24:41.580 4973 4973 D wpa_supplicant: CTRL_IFACE: GET_NETWORK id=0 name='subject_match'
08-10 11:24:41.580 4973 4973 D wpa_supplicant: CTRL_IFACE: Failed to get network variable 'subject_match'
08-10 11:24:41.580 4973 4973 D wpa_supplicant: wlan0: Control interface command 'GET_NETWORK 0 engine'
08-10 11:24:41.580 4973 4973 D wpa_supplicant: CTRL_IFACE: GET_NETWORK id=0 name='engine'
08-10 11:24:41.580 4973 4973 D wpa_supplicant: wlan0: Control interface command 'GET_NETWORK 0 engine_id'
08-10 11:24:41.580 4973 4973 D wpa_supplicant: CTRL_IFACE: GET_NETWORK id=0 name='engine_id'
08-10 11:24:41.580 4973 4973 D wpa_supplicant: CTRL_IFACE: Failed to get network variable 'engine_id'
08-10 11:24:41.580 4973 4973 D wpa_supplicant: wlan0: Control interface command 'GET_NETWORK 0 key_id'
08-10 11:24:41.580 4973 4973 D wpa_supplicant: CTRL_IFACE: GET_NETWORK id=0 name='key_id'
08-10 11:24:41.580 4973 4973 D wpa_supplicant: CTRL_IFACE: Failed to get network variable 'key_id'
08-10 11:24:41.580 4973 4973 D wpa_supplicant: wlan0: Control interface command 'GET_NETWORK 0 private_key'
08-10 11:24:41.580 4973 4973 D wpa_supplicant: CTRL_IFACE: GET_NETWORK id=0 name='private_key'
08-10 11:24:41.580 4973 4973 D wpa_supplicant: CTRL_IFACE: Failed to get network variable 'private_key'
08-10 11:24:41.580 2848 2964 E WifiConfigStore: rewrite network history for "Telecom-11009531"WPA_PSK
08-10 11:24:41.582 4973 4973 D wpa_supplicant: wlan0: Control interface command 'ENABLE_NETWORK 0'
08-10 11:24:41.582 4973 4973 D wpa_supplicant: CTRL_IFACE: ENABLE_NETWORK id=0
08-10 11:24:41.582 4973 4973 D wpa_supplicant: wlan0: Selecting BSS from priority group 0
08-10 11:24:41.582 4973 4973 D wpa_supplicant: wlan0: 0: 9c:97:26:9d:de:fb ssid='Telecom-11009531' wpa_ie_len=22 rsn_ie_len=20 caps=0x411 level=56 wps
08-10 11:24:41.582 4973 4973 D wpa_supplicant: wlan0: selected based on RSN IE
08-10 11:24:41.582 4973 4973 D wpa_supplicant: wlan0: selected BSS 9c:97:26:9d:de:fb ssid='Telecom-11009531'
08-10 11:24:41.582 4973 4973 D wpa_supplicant: wlan0: Considering connect request: reassociate: 1 selected: 9c:97:26:9d:de:fb bssid: 00:00:00:00:00:00 pending: 00:00:00:00:00:00 wpa_state: SCANNING ssid=0xb6876580 current_ssid=0x0
08-10 11:24:41.582 4973 4973 D wpa_supplicant: wlan0: Request association with 9c:97:26:9d:de:fb
08-10 11:24:41.582 4973 4973 D wpa_supplicant: WPA: Unrecognized EAPOL-Key Key Data IE - hexdump(len=18): 00 10 54 65 6c 65 63 6f 6d 2d 31 31 30 30 39 35 33 31
08-10 11:24:41.582 4973 4973 D wpa_supplicant: WPA: Unrecognized EAPOL-Key Key Data IE - hexdump(len=3): 03 01 07
08-10 11:24:41.582 4973 4973 D wpa_supplicant: WPA: Unrecognized EAPOL-Key Key Data IE - hexdump(len=3): 2a 01 04
08-10 11:24:41.582 4973 4973 D wpa_supplicant: WPA: Unrecognized EAPOL-Key Key Data IE - hexdump(len=3): 2f 01 04
08-10 11:24:41.582 4973 4973 D wpa_supplicant: WPA: RSN IE in EAPOL-Key - hexdump(len=22): 30 14 01 00 00 0f ac 02 01 00 00 0f ac 04 01 00 00 0f ac 02 0c 00
08-10 11:24:41.582 4973 4973 D wpa_supplicant: WPA: Unrecognized EAPOL-Key Key Data IE - hexdump(len=24): 3d 16 07 00 17 00 00 00 00 00 00 00 00 00 00 00 00 00 00 00 00 00 00 00
08-10 11:24:41.582 4973 4973 D wpa_supplicant: WPA: WPA IE in EAPOL-Key - hexdump(len=24): dd 16 00 50 f2 01 01 00 00 50 f2 02 01 00 00 50 f2 02 01 00 00 50 f2 02
08-10 11:24:41.582 4973 4973 D wpa_supplicant: WPA: WMM Parameter Element - hexdump(len=24): 00 50 f2 02 01 01 00 00 03 a4 00 00 27 a4 00 00 42 43 5e 00 62 32 2f 00
08-10 11:24:41.582 4973 4973 D wpa_supplicant: TDLS: TDLS is allowed in the target BSS
08-10 11:24:41.582 4973 4973 D wpa_supplicant: wlan0: Add radio work 'sme-connect'@0xb6836430
08-10 11:24:41.582 4973 4973 D wpa_supplicant: wlan0: First radio work item in the queue - schedule start immediately
08-10 11:24:41.582 4973 4973 D wpa_supplicant: wlan0: Starting radio work 'sme-connect'@0xb6836430 after 0.000078 second wait
08-10 11:24:41.582 4973 4973 D wpa_supplicant: wlan0: Automatic auth_alg selection: 0x1
08-10 11:24:41.582 4973 4973 D wpa_supplicant: RSN: PMKSA cache search - network_ctx=0x0 try_opportunistic=0
08-10 11:24:41.582 4973 4973 D wpa_supplicant: RSN: Search for BSSID 9c:97:26:9d:de:fb
08-10 11:24:41.582 4973 4973 D wpa_supplicant: RSN: No PMKSA cache entry found
08-10 11:24:41.582 4973 4973 D wpa_supplicant: wlan0: RSN: using IEEE 802.11i/D9.0
08-10 11:24:41.582 4973 4973 D wpa_supplicant: wlan0: WPA: Selected cipher suites: group 8 pairwise 16 key_mgmt 2 proto 2
08-10 11:24:41.582 4973 4973 D wpa_supplicant: wlan0: WPA: Selected mgmt group cipher 32
08-10 11:24:41.582 4973 4973 D wpa_supplicant: WPA: set AP WPA IE - hexdump(len=24): dd 16 00 50 f2 01 01 00 00 50 f2 02 01 00 00 50 f2 02 01 00 00 50 f2 02
08-10 11:24:41.582 4973 4973 D wpa_supplicant: WPA: set AP RSN IE - hexdump(len=22): 30 14 01 00 00 0f ac 02 01 00 00 0f ac 04 01 00 00 0f ac 02 0c 00
08-10 11:24:41.582 4973 4973 D wpa_supplicant: wlan0: WPA: using GTK TKIP
08-10 11:24:41.582 4973 4973 D wpa_supplicant: wlan0: WPA: using PTK CCMP
08-10 11:24:41.582 4973 4973 D wpa_supplicant: wlan0: WPA: using KEY_MGMT WPA-PSK
08-10 11:24:41.582 4973 4973 D wpa_supplicant: wlan0: WPA: not using MGMT group cipher
08-10 11:24:41.582 4973 4973 D wpa_supplicant: WPA: Set own WPA IE default - hexdump(len=22): 30 14 01 00 00 0f ac 02 01 00 00 0f ac 04 01 00 00 0f ac 02 00 00
08-10 11:24:41.582 4973 4973 D wpa_supplicant: FT: Stored MDIE and FTIE from (Re)Association Response - hexdump(len=0):
08-10 11:24:41.582 4973 4973 D wpa_supplicant: wlan0: Cancelling scan request
08-10 11:24:41.582 4973 4973 I wpa_supplicant: wlan0: SME: Trying to authenticate with 9c:97:26:9d:de:fb (SSID='Telecom-11009531' freq=2442 MHz)
08-10 11:24:41.583 4973 4973 D wpa_supplicant: CTRL_IFACE monitor sent successfully to /data/misc/wifi/sockets/wpa_ctrl_2848-2\x00
08-10 11:24:41.583 4973 4973 D wpa_supplicant: wlan0: State: SCANNING -> AUTHENTICATING
08-10 11:24:41.583 4973 4973 D wpa_supplicant: CTRL_IFACE monitor sent successfully to /data/misc/wifi/sockets/wpa_ctrl_2848-2\x00
08-10 11:24:41.583 4973 4973 D wpa_supplicant: EAPOL: External notification - EAP success=0
08-10 11:24:41.583 4973 4973 D wpa_supplicant: EAPOL: External notification - EAP fail=0
08-10 11:24:41.583 4973 4973 D wpa_supplicant: EAPOL: External notification - portControl=Auto
08-10 11:24:41.583 4973 4973 D wpa_supplicant: wlan0: Determining shared radio frequencies (max len 1)
08-10 11:24:41.583 4973 4973 D wpa_supplicant: wlan0: Shared frequencies (len=0): completed iteration
08-10 11:24:41.583 4973 4973 D wpa_supplicant: nl80211: Authenticate (ifindex=5)
08-10 11:24:41.583 4973 4973 D wpa_supplicant: * bssid=9c:97:26:9d:de:fb
08-10 11:24:41.583 4973 4973 D wpa_supplicant: * freq=2442
08-10 11:24:41.583 4973 4973 D wpa_supplicant: * SSID - hexdump(len=16): 54 65 6c 65 63 6f 6d 2d 31 31 30 30 39 35 33 31
08-10 11:24:41.583 4973 4973 D wpa_supplicant: * IEs - hexdump(len=0): [NULL]
08-10 11:24:41.583 4973 4973 D wpa_supplicant: * Auth Type 0
08-10 11:24:41.602 4973 4973 D wpa_supplicant: nl80211: Authentication request send successfully
08-10 11:24:41.602 4973 4973 D wpa_supplicant: wlan0: Control interface command 'SAVE_CONFIG'
08-10 11:24:41.602 4973 4973 D wpa_supplicant: Writing configuration file '/data/misc/wifi/wpa_supplicant.conf.tmp'
08-10 11:24:41.602 4973 4973 D wpa_supplicant: Configuration file '/data/misc/wifi/wpa_supplicant.conf' written successfully
08-10 11:24:41.602 4973 4973 D wpa_supplicant: CTRL_IFACE: SAVE_CONFIG - Configuration updated
08-10 11:24:41.602 4973 4973 D wpa_supplicant: nl80211: Event message available
08-10 11:24:41.602 4973 4973 D wpa_supplicant: nl80211: Drv Event 19 (NL80211_CMD_NEW_STATION) received for wlan0
08-10 11:24:41.602 4973 4973 D wpa_supplicant: nl80211: New station 9c:97:26:9d:de:fb
08-10 11:24:41.602 2848 2964 E WifiStateMachine: CONNECT_NETWORK id=0 config="Telecom-11009531" cnid=0 supstate=ScanState my state DisconnectedState uid = 1000
08-10 11:24:41.602 2848 2964 E WifiConfigStore: saveWifiConfigBSSID Setting BSSID for "Telecom-11009531"WPA_PSK to any
08-10 11:24:41.603 4973 4973 D wpa_supplicant: wlan0: Control interface command 'SET_NETWORK [REMOVED]'
08-10 11:24:41.603 4973 4973 D wpa_supplicant: CTRL_IFACE: SET_NETWORK id=0 name='bssid'
08-10 11:24:41.603 4973 4973 D wpa_supplicant: CTRL_IFACE: value - hexdump(len=3): [REMOVED]
08-10 11:24:41.603 4973 4973 D wpa_supplicant: BSSID any
08-10 11:24:41.603 4973 4973 D wpa_supplicant: wlan0: Control interface command 'SAVE_CONFIG'
08-10 11:24:41.603 4973 4973 D wpa_supplicant: Writing configuration file '/data/misc/wifi/wpa_supplicant.conf.tmp'
08-10 11:24:41.603 4973 4973 D wpa_supplicant: Configuration file '/data/misc/wifi/wpa_supplicant.conf' written successfully
08-10 11:24:41.603 4973 4973 D wpa_supplicant: CTRL_IFACE: SAVE_CONFIG - Configuration updated
08-10 11:24:41.603 2848 2964 E WifiConfigStore: saveWifiConfigBSSID Setting BSSID for "Telecom-11009531"WPA_PSK to any
08-10 11:24:41.603 4973 4973 D wpa_supplicant: wlan0: Control interface command 'SET_NETWORK [REMOVED]'
08-10 11:24:41.603 4973 4973 D wpa_supplicant: CTRL_IFACE: SET_NETWORK id=0 name='bssid'
08-10 11:24:41.603 4973 4973 D wpa_supplicant: CTRL_IFACE: value - hexdump(len=3): [REMOVED]
08-10 11:24:41.603 4973 4973 D wpa_supplicant: BSSID any
08-10 11:24:41.603 4973 4973 D wpa_supplicant: wlan0: Control interface command 'SAVE_CONFIG'
08-10 11:24:41.603 4973 4973 D wpa_supplicant: Writing configuration file '/data/misc/wifi/wpa_supplicant.conf.tmp'
08-10 11:24:41.603 4973 4973 D wpa_supplicant: Configuration file '/data/misc/wifi/wpa_supplicant.conf' written successfully
08-10 11:24:41.603 4973 4973 D wpa_supplicant: CTRL_IFACE: SAVE_CONFIG - Configuration updated
08-10 11:24:41.603 2848 2964 E WifiAutoJoinController : updateConfigurationHistory found 0 networks
08-10 11:24:41.603 2848 2964 E WifiAutoJoinController : updateConfigurationHistory try to connect to an old network!! : "Telecom-11009531"WPA_PSK
08-10 11:24:41.603 2848 2964 E WifiConfigStore: rewrite network history for "Telecom-11009531"WPA_PSK
08-10 11:24:41.604 4973 4973 D wpa_supplicant: wlan0: Control interface command 'ENABLE_NETWORK 0'
08-10 11:24:41.604 4973 4973 D wpa_supplicant: CTRL_IFACE: ENABLE_NETWORK id=0
08-10 11:24:41.604 4973 4973 D wpa_supplicant: nl80211: Event message available
08-10 11:24:41.604 4973 4973 D wpa_supplicant: nl80211: Drv Event 37 (NL80211_CMD_AUTHENTICATE) received for wlan0
08-10 11:24:41.604 4973 4973 D wpa_supplicant: nl80211: MLME event 37 (NL80211_CMD_AUTHENTICATE) on wlan0(00:02:72:4a:d4:4f) A1=00:02:72:4a:d4:4f A2=9c:97:26:9d:de:fb
08-10 11:24:41.604 4973 4973 D wpa_supplicant: nl80211: MLME event frame - hexdump(len=41): b0 00 3a 01 00 02 72 4a d4 4f 9c 97 26 9d de fb 9c 97 26 9d de fb d0 ef 00 00 02 00 00 00 dd 09 ...
08-10 11:24:41.604 4973 4973 D wpa_supplicant: nl80211: Authenticate event
08-10 11:24:41.604 4973 4973 D wpa_supplicant: wlan0: Event AUTH (11) received
08-10 11:24:41.604 4973 4973 D wpa_supplicant: wlan0: SME: Authentication response: peer=9c:97:26:9d:de:fb auth_type=0 auth_transaction=2 status_code=0
08-10 11:24:41.604 4973 4973 D wpa_supplicant: SME: Authentication response IEs - hexdump(len=11): dd 09 00 10 18 02 04 00 0c 00 00
08-10 11:24:41.604 4973 4973 I wpa_supplicant: wlan0: Trying to associate with 9c:97:26:9d:de:fb (SSID='Telecom-11009531' freq=2442 MHz)
08-10 11:24:41.604 4973 4973 D wpa_supplicant: CTRL_IFACE monitor sent successfully to /data/misc/wifi/sockets/wpa_ctrl_2848-2\x00
08-10 11:24:41.604 4973 4973 D wpa_supplicant: wlan0: State: AUTHENTICATING -> ASSOCIATING
08-10 11:24:41.604 4973 4973 D wpa_supplicant: nl80211: Set wlan0 operstate 0->0 (DORMANT)
08-10 11:24:41.604 4973 4973 D wpa_supplicant: netlink: Operstate: ifindex=5 linkmode=-1 (no change), operstate=5 (IF_OPER_DORMANT)
08-10 11:24:41.604 4973 4973 D wpa_supplicant: CTRL_IFACE monitor sent successfully to /data/misc/wifi/sockets/wpa_ctrl_2848-2\x00
08-10 11:24:41.604 4973 4973 D wpa_supplicant: WPA: set own WPA/RSN IE - hexdump(len=22): 30 14 01 00 00 0f ac 02 01 00 00 0f ac 04 01 00 00 0f ac 02 00 00
08-10 11:24:41.604 4973 4973 D wpa_supplicant: nl80211: Associate (ifindex=5)
08-10 11:24:41.604 4973 4973 D wpa_supplicant: * bssid=9c:97:26:9d:de:fb
08-10 11:24:41.604 4973 4973 D wpa_supplicant: * freq=2442
08-10 11:24:41.604 4973 4973 D wpa_supplicant: * SSID - hexdump(len=16): 54 65 6c 65 63 6f 6d 2d 31 31 30 30 39 35 33 31
08-10 11:24:41.604 4973 4973 D wpa_supplicant: * IEs - hexdump(len=32): 30 14 01 00 00 0f ac 02 01 00 00 0f ac 04 01 00 00 0f ac 02 00 00 7f 08 00 00 0a 02 01 00 00 40
08-10 11:24:41.604 4973 4973 D wpa_supplicant: * WPA Versions 0x2
08-10 11:24:41.604 4973 4973 D wpa_supplicant: * pairwise=0xfac04
08-10 11:24:41.604 4973 4973 D wpa_supplicant: * group=0xfac02
08-10 11:24:41.604 4973 4973 D wpa_supplicant: * akm=0xfac02
08-10 11:24:41.604 4973 4973 D wpa_supplicant: nl80211: Association request send successfully
08-10 11:24:41.604 4973 4973 D wpa_supplicant: wlan0: Control interface command 'SET_NETWORK [REMOVED]'
08-10 11:24:41.604 4973 4973 D wpa_supplicant: CTRL_IFACE: SET_NETWORK id=0 name='priority'
08-10 11:24:41.604 4973 4973 D wpa_supplicant: CTRL_IFACE: value - hexdump(len=1): [REMOVED]
08-10 11:24:41.604 4973 4973 D wpa_supplicant: priority=1 (0x1)
08-10 11:24:41.604 2848 2964 E WifiConfigStore: will read network variables netId=0
08-10 11:24:41.604 4973 4973 D wpa_supplicant: wlan0: Control interface command 'GET_NETWORK 0 ssid'
08-10 11:24:41.604 4973 4973 D wpa_supplicant: CTRL_IFACE: GET_NETWORK id=0 name='ssid'
08-10 11:24:41.604 4973 4973 D wpa_supplicant: wlan0: Control interface command 'GET_NETWORK 0 bssid'
08-10 11:24:41.604 4973 4973 D wpa_supplicant: CTRL_IFACE: GET_NETWORK id=0 name='bssid'
08-10 11:24:41.604 4973 4973 D wpa_supplicant: CTRL_IFACE: Failed to get network variable 'bssid'
08-10 11:24:41.604 4973 4973 D wpa_supplicant: wlan0: Control interface command 'GET_NETWORK 0 priority'
08-10 11:24:41.604 4973 4973 D wpa_supplicant: CTRL_IFACE: GET_NETWORK id=0 name='priority'
08-10 11:24:41.604 4973 4973 D wpa_supplicant: wlan0: Control interface command 'GET_NETWORK 0 scan_ssid'
08-10 11:24:41.604 4973 4973 D wpa_supplicant: CTRL_IFACE: GET_NETWORK id=0 name='scan_ssid'
08-10 11:24:41.604 4973 4973 D wpa_supplicant: wlan0: Control interface command 'GET_NETWORK 0 wep_tx_keyidx'
08-10 11:24:41.604 4973 4973 D wpa_supplicant: CTRL_IFACE: GET_NETWORK id=0 name='wep_tx_keyidx'
08-10 11:24:41.604 4973 4973 D wpa_supplicant: wlan0: Control interface command 'GET_NETWORK 0 wep_key0'
08-10 11:24:41.604 4973 4973 D wpa_supplicant: CTRL_IFACE: GET_NETWORK id=0 name='wep_key0'
08-10 11:24:41.604 4973 4973 D wpa_supplicant: CTRL_IFACE: Failed to get network variable 'wep_key0'
08-10 11:24:41.604 4973 4973 D wpa_supplicant: wlan0: Control interface command 'GET_NETWORK 0 wep_key1'
08-10 11:24:41.604 4973 4973 D wpa_supplicant: CTRL_IFACE: GET_NETWORK id=0 name='wep_key1'
08-10 11:24:41.604 4973 4973 D wpa_supplicant: CTRL_IFACE: Failed to get network variable 'wep_key1'
08-10 11:24:41.604 4973 4973 D wpa_supplicant: wlan0: Control interface command 'GET_NETWORK 0 wep_key2'
08-10 11:24:41.604 4973 4973 D wpa_supplicant: CTRL_IFACE: GET_NETWORK id=0 name='wep_key2'
08-10 11:24:41.604 4973 4973 D wpa_supplicant: CTRL_IFACE: Failed to get network variable 'wep_key2'
08-10 11:24:41.604 4973 4973 D wpa_supplicant: wlan0: Control interface command 'GET_NETWORK 0 wep_key3'
08-10 11:24:41.604 4973 4973 D wpa_supplicant: CTRL_IFACE: GET_NETWORK id=0 name='wep_key3'
08-10 11:24:41.604 4973 4973 D wpa_supplicant: CTRL_IFACE: Failed to get network variable 'wep_key3'
08-10 11:24:41.604 4973 4973 D wpa_supplicant: wlan0: Control interface command 'GET_NETWORK 0 psk'
08-10 11:24:41.604 4973 4973 D wpa_supplicant: CTRL_IFACE: GET_NETWORK id=0 name='psk'
08-10 11:24:41.604 4973 4973 D wpa_supplicant: Do not allow key_data field to be exposed
08-10 11:24:41.604 4973 4973 D wpa_supplicant: wlan0: Control interface command 'GET_NETWORK 0 proto'
08-10 11:24:41.604 4973 4973 D wpa_supplicant: CTRL_IFACE: GET_NETWORK id=0 name='proto'
08-10 11:24:41.604 4973 4973 D wpa_supplicant: wlan0: Control interface command 'GET_NETWORK 0 key_mgmt'
08-10 11:24:41.604 4973 4973 D wpa_supplicant: CTRL_IFACE: GET_NETWORK id=0 name='key_mgmt'
08-10 11:24:41.605 4973 4973 D wpa_supplicant: wlan0: Control interface command 'GET_NETWORK 0 auth_alg'
08-10 11:24:41.605 4973 4973 D wpa_supplicant: CTRL_IFACE: GET_NETWORK id=0 name='auth_alg'
08-10 11:24:41.605 4973 4973 D wpa_supplicant: CTRL_IFACE: Failed to get network variable 'auth_alg'
08-10 11:24:41.605 4973 4973 D wpa_supplicant: wlan0: Control interface command 'GET_NETWORK 0 pairwise'
08-10 11:24:41.605 4973 4973 D wpa_supplicant: CTRL_IFACE: GET_NETWORK id=0 name='pairwise'
08-10 11:24:41.605 4973 4973 D wpa_supplicant: wlan0: Control interface command 'GET_NETWORK 0 group'
08-10 11:24:41.605 4973 4973 D wpa_supplicant: CTRL_IFACE: GET_NETWORK id=0 name='group'
08-10 11:24:41.605 4973 4973 D wpa_supplicant: wlan0: Control interface command 'GET_NETWORK 0 eap'
08-10 11:24:41.605 4973 4973 D wpa_supplicant: CTRL_IFACE: GET_NETWORK id=0 name='eap'
08-10 11:24:41.605 4973 4973 D wpa_supplicant: CTRL_IFACE: Failed to get network variable 'eap'
08-10 11:24:41.605 4973 4973 D wpa_supplicant: wlan0: Control interface command 'GET_NETWORK 0 phase2'
08-10 11:24:41.605 4973 4973 D wpa_supplicant: CTRL_IFACE: GET_NETWORK id=0 name='phase2'
08-10 11:24:41.605 4973 4973 D wpa_supplicant: CTRL_IFACE: Failed to get network variable 'phase2'
08-10 11:24:41.605 4973 4973 D wpa_supplicant: wlan0: Control interface command 'GET_NETWORK 0 identity'
08-10 11:24:41.605 4973 4973 D wpa_supplicant: CTRL_IFACE: GET_NETWORK id=0 name='identity'
08-10 11:24:41.605 4973 4973 D wpa_supplicant: CTRL_IFACE: Failed to get network variable 'identity'
08-10 11:24:41.605 4973 4973 D wpa_supplicant: wlan0: Control interface command 'GET_NETWORK 0 anonymous_identity'
08-10 11:24:41.605 4973 4973 D wpa_supplicant: CTRL_IFACE: GET_NETWORK id=0 name='anonymous_identity'
08-10 11:24:41.605 4973 4973 D wpa_supplicant: CTRL_IFACE: Failed to get network variable 'anonymous_identity'
08-10 11:24:41.605 4973 4973 D wpa_supplicant: wlan0: Control interface command 'GET_NETWORK 0 password'
08-10 11:24:41.605 4973 4973 D wpa_supplicant: CTRL_IFACE: GET_NETWORK id=0 name='password'
08-10 11:24:41.605 4973 4973 D wpa_supplicant: CTRL_IFACE: Failed to get network variable 'password'
08-10 11:24:41.605 4973 4973 D wpa_supplicant: wlan0: Control interface command 'GET_NETWORK 0 client_cert'
08-10 11:24:41.605 4973 4973 D wpa_supplicant: CTRL_IFACE: GET_NETWORK id=0 name='client_cert'
08-10 11:24:41.605 4973 4973 D wpa_supplicant: CTRL_IFACE: Failed to get network variable 'client_cert'
08-10 11:24:41.605 4973 4973 D wpa_supplicant: wlan0: Control interface command 'GET_NETWORK 0 ca_cert'
08-10 11:24:41.605 4973 4973 D wpa_supplicant: CTRL_IFACE: GET_NETWORK id=0 name='ca_cert'
08-10 11:24:41.605 4973 4973 D wpa_supplicant: CTRL_IFACE: Failed to get network variable 'ca_cert'
08-10 11:24:41.605 4973 4973 D wpa_supplicant: wlan0: Control interface command 'GET_NETWORK 0 subject_match'
08-10 11:24:41.605 4973 4973 D wpa_supplicant: CTRL_IFACE: GET_NETWORK id=0 name='subject_match'
08-10 11:24:41.605 4973 4973 D wpa_supplicant: CTRL_IFACE: Failed to get network variable 'subject_match'
08-10 11:24:41.605 4973 4973 D wpa_supplicant: wlan0: Control interface command 'GET_NETWORK 0 engine'
08-10 11:24:41.605 4973 4973 D wpa_supplicant: CTRL_IFACE: GET_NETWORK id=0 name='engine'
08-10 11:24:41.605 4973 4973 D wpa_supplicant: wlan0: Control interface command 'GET_NETWORK 0 engine_id'
08-10 11:24:41.605 4973 4973 D wpa_supplicant: CTRL_IFACE: GET_NETWORK id=0 name='engine_id'
08-10 11:24:41.605 4973 4973 D wpa_supplicant: CTRL_IFACE: Failed to get network variable 'engine_id'
08-10 11:24:41.605 4973 4973 D wpa_supplicant: wlan0: Control interface command 'GET_NETWORK 0 key_id'
08-10 11:24:41.605 4973 4973 D wpa_supplicant: CTRL_IFACE: GET_NETWORK id=0 name='key_id'
08-10 11:24:41.605 4973 4973 D wpa_supplicant: CTRL_IFACE: Failed to get network variable 'key_id'
08-10 11:24:41.605 4973 4973 D wpa_supplicant: wlan0: Control interface command 'GET_NETWORK 0 private_key'
08-10 11:24:41.605 4973 4973 D wpa_supplicant: CTRL_IFACE: GET_NETWORK id=0 name='private_key'
08-10 11:24:41.605 4973 4973 D wpa_supplicant: CTRL_IFACE: Failed to get network variable 'private_key'
08-10 11:24:41.605 4973 4973 D wpa_supplicant: wlan0: Control interface command 'SAVE_CONFIG'
08-10 11:24:41.605 4973 4973 D wpa_supplicant: Writing configuration file '/data/misc/wifi/wpa_supplicant.conf.tmp'
08-10 11:24:41.605 4973 4973 D wpa_supplicant: Configuration file '/data/misc/wifi/wpa_supplicant.conf' written successfully
08-10 11:24:41.605 4973 4973 D wpa_supplicant: CTRL_IFACE: SAVE_CONFIG - Configuration updated
08-10 11:24:41.605 4973 4973 D wpa_supplicant: wlan0: Control interface command 'SELECT_NETWORK 0'
08-10 11:24:41.605 4973 4973 D wpa_supplicant: CTRL_IFACE: SELECT_NETWORK id=0
08-10 11:24:41.605 4973 4973 D wpa_supplicant: Already associated with the selected network - do nothing
08-10 11:24:41.605 4973 4973 D wpa_supplicant: wlan0: Control interface command 'RECONNECT'
08-10 11:24:41.607 4973 4973 D wpa_supplicant: nl80211: Event message available
08-10 11:24:41.607 4973 4973 D wpa_supplicant: nl80211: Drv Event 38 (NL80211_CMD_ASSOCIATE) received for wlan0
08-10 11:24:41.607 4973 4973 D wpa_supplicant: nl80211: MLME event 38 (NL80211_CMD_ASSOCIATE) on wlan0(00:02:72:4a:d4:4f) A1=00:02:72:4a:d4:4f A2=9c:97:26:9d:de:fb
08-10 11:24:41.607 4973 4973 D wpa_supplicant: nl80211: MLME event frame - hexdump(len=83): 10 00 3a 01 00 02 72 4a d4 4f 9c 97 26 9d de fb 9c 97 26 9d de fb e0 ef 11 04 00 00 06 c0 01 08 ...
08-10 11:24:41.607 4973 4973 D wpa_supplicant: nl80211: Associate event
08-10 11:24:41.607 4973 4973 D wpa_supplicant: wlan0: Event ASSOC (0) received
08-10 11:24:41.607 4973 4973 D wpa_supplicant: wlan0: Association info event
08-10 11:24:41.607 4973 4973 D wpa_supplicant: resp_ies - hexdump(len=53): 01 08 82 84 8b 96 24 30 48 6c 32 04 0c 12 18 60 dd 18 00 50 f2 04 10 4a 00 01 10 10 3b 00 01 03 ...
08-10 11:24:41.607 4973 4973 D wpa_supplicant: unknown vendor specific information element ignored (vendor OUI 00:10:18 len=9)
08-10 11:24:41.607 4973 4973 D wpa_supplicant: unknown vendor specific information element ignored (vendor OUI 00:10:18 len=9)
08-10 11:24:41.607 4973 4973 D wpa_supplicant: wlan0: freq=2442 MHz
08-10 11:24:41.607 4973 4973 D wpa_supplicant: FT: Stored MDIE and FTIE from (Re)Association Response - hexdump(len=0):
08-10 11:24:41.607 4973 4973 D wpa_supplicant: wlan0: State: ASSOCIATING -> ASSOCIATED
08-10 11:24:41.607 4973 4973 D wpa_supplicant: nl80211: Set wlan0 operstate 0->0 (DORMANT)
08-10 11:24:41.607 4973 4973 D wpa_supplicant: netlink: Operstate: ifindex=5 linkmode=-1 (no change), operstate=5 (IF_OPER_DORMANT)
08-10 11:24:41.607 4973 4973 D wpa_supplicant: CTRL_IFACE monitor sent successfully to /data/misc/wifi/sockets/wpa_ctrl_2848-2\x00
08-10 11:24:41.607 4973 4973 D wpa_supplicant: wlan0: Associated to a new BSS: BSSID=9c:97:26:9d:de:fb
08-10 11:24:41.607 4973 4973 D wpa_supplicant: Add randomness: count=4 entropy=2
08-10 11:24:41.607 4973 4973 D wpa_supplicant: random pool - hexdump(len=128): [REMOVED]
08-10 11:24:41.607 4973 4973 D wpa_supplicant: random_mix_pool - hexdump(len=8): [REMOVED]
08-10 11:24:41.607 4973 4973 D wpa_supplicant: random_mix_pool - hexdump(len=6): [REMOVED]
08-10 11:24:41.607 4973 4973 D wpa_supplicant: random pool - hexdump(len=128): [REMOVED]
08-10 11:24:41.607 4973 4973 D wpa_supplicant: WPA: set AP WPA IE - hexdump(len=24): dd 16 00 50 f2 01 01 00 00 50 f2 02 01 00 00 50 f2 02 01 00 00 50 f2 02
08-10 11:24:41.607 4973 4973 D wpa_supplicant: WPA: set AP RSN IE - hexdump(len=22): 30 14 01 00 00 0f ac 02 01 00 00 0f ac 04 01 00 00 0f ac 02 0c 00
08-10 11:24:41.607 4973 4973 I wpa_supplicant: wlan0: Associated with 9c:97:26:9d:de:fb
08-10 11:24:41.607 4973 4973 D wpa_supplicant: CTRL_IFACE monitor sent successfully to /data/misc/wifi/sockets/wpa_ctrl_2848-2\x00
08-10 11:24:41.607 4973 4973 D wpa_supplicant: wlan0: WPA: Association event - clear replay counter
08-10 11:24:41.607 4973 4973 D wpa_supplicant: wlan0: WPA: Clear old PTK
08-10 11:24:41.607 4973 4973 D wpa_supplicant: TDLS: Remove peers on association
08-10 11:24:41.607 4973 4973 D wpa_supplicant: EAPOL: External notification - portEnabled=0
08-10 11:24:41.607 4973 4973 D wpa_supplicant: EAPOL: External notification - portValid=0
08-10 11:24:41.607 4973 4973 D wpa_supplicant: EAPOL: External notification - EAP success=0
08-10 11:24:41.607 4973 4973 D wpa_supplicant: EAPOL: External notification - portEnabled=1
08-10 11:24:41.607 4973 4973 D wpa_supplicant: EAPOL: SUPP_PAE entering state CONNECTING
08-10 11:24:41.607 4973 4973 D wpa_supplicant: EAPOL: enable timer tick
08-10 11:24:41.607 4973 4973 D wpa_supplicant: EAPOL: SUPP_BE entering state IDLE
08-10 11:24:41.607 4973 4973 D wpa_supplicant: wlan0: Setting authentication timeout: 10 sec 0 usec
08-10 11:24:41.607 4973 4973 D wpa_supplicant: wlan0: Cancelling scan request
08-10 11:24:41.607 4973 4973 D wpa_supplicant: RTM_NEWLINK: ifi_index=5 ifname=wlan0 operstate=5 linkmode=1 ifi_family=0 ifi_flags=0x11003 ([UP][LOWER_UP])
08-10 11:24:41.607 4973 4973 D wpa_supplicant: RTM_NEWLINK: ifi_index=5 ifname=wlan0 wext ifi_family=0 ifi_flags=0x11003 ([UP][LOWER_UP])
08-10 11:24:41.607 4973 4973 D wpa_supplicant: RTM_NEWLINK: ifi_index=5 ifname=wlan0 wext ifi_family=0 ifi_flags=0x11003 ([UP][LOWER_UP])
08-10 11:24:41.607 4973 4973 D wpa_supplicant: nl80211: Event message available
08-10 11:24:41.607 4973 4973 D wpa_supplicant: nl80211: Drv Event 46 (NL80211_CMD_CONNECT) received for wlan0
08-10 11:24:41.607 4973 4973 D wpa_supplicant: nl80211: Ignore connect event (cmd=46) when using userspace SME
08-10 11:24:41.612 4973 4973 D wpa_supplicant: wlan0: RX EAPOL from 9c:97:26:9d:de:fb
08-10 11:24:41.612 4973 4973 D wpa_supplicant: RX EAPOL - hexdump(len=99): 02 03 00 5f 02 00 8a 00 10 00 00 00 00 00 00 00 01 97 0c a0 29 6d bd 9a b4 c3 5f 42 28 ae ce ab ...
08-10 11:24:41.612 4973 4973 D wpa_supplicant: wlan0: Setting authentication timeout: 10 sec 0 usec
08-10 11:24:41.612 4973 4973 D wpa_supplicant: wlan0: IEEE 802.1X RX: version=2 type=3 length=95
08-10 11:24:41.612 4973 4973 D wpa_supplicant: WPA: RX EAPOL-Key - hexdump(len=99): 02 03 00 5f 02 00 8a 00 10 00 00 00 00 00 00 00 01 97 0c a0 29 6d bd 9a b4 c3 5f 42 28 ae ce ab ...
08-10 11:24:41.612 4973 4973 D wpa_supplicant: wlan0: EAPOL-Key type=2
08-10 11:24:41.612 4973 4973 D wpa_supplicant: wlan0: key_info 0x8a (ver=2 keyidx=0 rsvd=0 Pairwise Ack)
08-10 11:24:41.612 4973 4973 D wpa_supplicant: wlan0: key_length=16 key_data_length=0
08-10 11:24:41.612 4973 4973 D wpa_supplicant: replay_counter - hexdump(len=8): 00 00 00 00 00 00 00 01
08-10 11:24:41.612 4973 4973 D wpa_supplicant: key_nonce - hexdump(len=32): 97 0c a0 29 6d bd 9a b4 c3 5f 42 28 ae ce ab 1b 05 95 b3 e5 e2 65 a6 69 48 c9 f0 fb fc 52 f1 e8
08-10 11:24:41.612 4973 4973 D wpa_supplicant: key_iv - hexdump(len=16): 00 00 00 00 00 00 00 00 00 00 00 00 00 00 00 00
08-10 11:24:41.612 4973 4973 D wpa_supplicant: key_rsc - hexdump(len=8): 00 00 00 00 00 00 00 00
08-10 11:24:41.612 4973 4973 D wpa_supplicant: key_id (reserved) - hexdump(len=8): 00 00 00 00 00 00 00 00
08-10 11:24:41.612 4973 4973 D wpa_supplicant: key_mic - hexdump(len=16): 00 00 00 00 00 00 00 00 00 00 00 00 00 00 00 00
08-10 11:24:41.612 4973 4973 D wpa_supplicant: wlan0: State: ASSOCIATED -> 4WAY_HANDSHAKE
08-10 11:24:41.612 4973 4973 D wpa_supplicant: CTRL_IFACE monitor sent successfully to /data/misc/wifi/sockets/wpa_ctrl_2848-2\x00
08-10 11:24:41.612 4973 4973 D wpa_supplicant: wlan0: WPA: RX message 1 of 4-Way Handshake from 9c:97:26:9d:de:fb (ver=2)
08-10 11:24:41.612 4973 4973 D wpa_supplicant: RSN: msg 1/4 key data - hexdump(len=0):
08-10 11:24:41.612 4973 4973 D wpa_supplicant: Get randomness: len=32 entropy=3
08-10 11:24:41.613 4973 4973 D wpa_supplicant: random from os_get_random - hexdump(len=32): [REMOVED]
08-10 11:24:41.613 4973 4973 D wpa_supplicant: random_mix_pool - hexdump(len=20): [REMOVED]
08-10 11:24:41.613 4973 4973 D wpa_supplicant: random from internal pool - hexdump(len=16): [REMOVED]
08-10 11:24:41.613 4973 4973 D wpa_supplicant: random_mix_pool - hexdump(len=20): [REMOVED]
08-10 11:24:41.613 4973 4973 D wpa_supplicant: random from internal pool - hexdump(len=16): [REMOVED]
08-10 11:24:41.613 4973 4973 D wpa_supplicant: mixed random - hexdump(len=32): [REMOVED]
08-10 11:24:41.613 4973 4973 D wpa_supplicant: WPA: Renewed SNonce - hexdump(len=32): 37 75 99 82 ef 19 58 d7 3b 57 cf 20 59 28 50 b4 9b a1 92 ed bd a8 7f 91 4e 0d a8 b7 e8 9a c0 70
08-10 11:24:41.613 4973 4973 D wpa_supplicant: WPA: PTK derivation - A1=00:02:72:4a:d4:4f A2=9c:97:26:9d:de:fb
08-10 11:24:41.613 4973 4973 D wpa_supplicant: WPA: Nonce1 - hexdump(len=32): 37 75 99 82 ef 19 58 d7 3b 57 cf 20 59 28 50 b4 9b a1 92 ed bd a8 7f 91 4e 0d a8 b7 e8 9a c0 70
08-10 11:24:41.613 4973 4973 D wpa_supplicant: WPA: Nonce2 - hexdump(len=32): 97 0c a0 29 6d bd 9a b4 c3 5f 42 28 ae ce ab 1b 05 95 b3 e5 e2 65 a6 69 48 c9 f0 fb fc 52 f1 e8
08-10 11:24:41.613 4973 4973 D wpa_supplicant: WPA: PMK - hexdump(len=32): [REMOVED]
08-10 11:24:41.613 4973 4973 D wpa_supplicant: WPA: PTK - hexdump(len=48): [REMOVED]
08-10 11:24:41.613 4973 4973 D wpa_supplicant: WPA: WPA IE for msg 2/4 - hexdump(len=22): 30 14 01 00 00 0f ac 02 01 00 00 0f ac 04 01 00 00 0f ac 02 00 00
08-10 11:24:41.613 4973 4973 D wpa_supplicant: WPA: Replay Counter - hexdump(len=8): 00 00 00 00 00 00 00 01
08-10 11:24:41.613 4973 4973 D wpa_supplicant: wlan0: WPA: Sending EAPOL-Key 2/4
08-10 11:24:41.613 4973 4973 D wpa_supplicant: WPA: KCK - hexdump(len=16): [REMOVED]
08-10 11:24:41.613 4973 4973 D wpa_supplicant: WPA: Derived Key MIC - hexdump(len=16): f9 1f ed 0f 95 07 b5 38 61 99 aa 3b d7 05 dc 9f
08-10 11:24:41.613 4973 4973 D wpa_supplicant: WPA: TX EAPOL-Key - hexdump(len=121): 01 03 00 75 02 01 0a 00 00 00 00 00 00 00 00 00 01 37 75 99 82 ef 19 58 d7 3b 57 cf 20 59 28 50 ...
08-10 11:24:41.621 4973 4973 D wpa_supplicant: wlan0: RX EAPOL from 9c:97:26:9d:de:fb
08-10 11:24:41.621 4973 4973 D wpa_supplicant: RX EAPOL - hexdump(len=195): 02 03 00 bf 02 13 ca 00 10 00 00 00 00 00 00 00 02 97 0c a0 29 6d bd 9a b4 c3 5f 42 28 ae ce ab ...
08-10 11:24:41.621 4973 4973 D wpa_supplicant: wlan0: IEEE 802.1X RX: version=2 type=3 length=191
08-10 11:24:41.621 4973 4973 D wpa_supplicant: WPA: RX EAPOL-Key - hexdump(len=195): 02 03 00 bf 02 13 ca 00 10 00 00 00 00 00 00 00 02 97 0c a0 29 6d bd 9a b4 c3 5f 42 28 ae ce ab ...
08-10 11:24:41.621 4973 4973 D wpa_supplicant: wlan0: EAPOL-Key type=2
08-10 11:24:41.621 4973 4973 D wpa_supplicant: wlan0: key_info 0x13ca (ver=2 keyidx=0 rsvd=0 Pairwise Install Ack MIC Secure Encr)
08-10 11:24:41.621 4973 4973 D wpa_supplicant: wlan0: key_length=16 key_data_length=96
08-10 11:24:41.621 4973 4973 D wpa_supplicant: replay_counter - hexdump(len=8): 00 00 00 00 00 00 00 02
08-10 11:24:41.621 4973 4973 D wpa_supplicant: key_nonce - hexdump(len=32): 97 0c a0 29 6d bd 9a b4 c3 5f 42 28 ae ce ab 1b 05 95 b3 e5 e2 65 a6 69 48 c9 f0 fb fc 52 f1 e8
08-10 11:24:41.621 4973 4973 D wpa_supplicant: key_iv - hexdump(len=16): 00 00 00 00 00 00 00 00 00 00 00 00 00 00 00 00
08-10 11:24:41.621 4973 4973 D wpa_supplicant: key_rsc - hexdump(len=8): 00 00 00 00 00 00 00 2e
08-10 11:24:41.621 4973 4973 D wpa_supplicant: key_id (reserved) - hexdump(len=8): 00 00 00 00 00 00 00 00
08-10 11:24:41.621 4973 4973 D wpa_supplicant: key_mic - hexdump(len=16): 7c be bd a9 51 b9 ac ce 7b 4f 2b f7 d4 b9 2e 1b
08-10 11:24:41.621 4973 4973 D wpa_supplicant: RSN: encrypted key data - hexdump(len=96): 96 dc 3a d3 c4 d7 ec 04 d7 8a 7d 2e af f2 96 78 1e 1f 18 fb 19 0c ac 6f 1b f5 fe 1b f9 c9 0f 00 ...
08-10 11:24:41.621 4973 4973 D wpa_supplicant: WPA: decrypted EAPOL-Key key data - hexdump(len=88): [REMOVED]
08-10 11:24:41.621 4973 4973 D wpa_supplicant: wlan0: State: 4WAY_HANDSHAKE -> 4WAY_HANDSHAKE
08-10 11:24:41.621 4973 4973 D wpa_supplicant: wlan0: WPA: RX message 3 of 4-Way Handshake from 9c:97:26:9d:de:fb (ver=2)
08-10 11:24:41.621 4973 4973 D wpa_supplicant: WPA: IE KeyData - hexdump(len=88): 30 14 01 00 00 0f ac 02 01 00 00 0f ac 04 01 00 00 0f ac 02 0c 00 dd 16 00 50 f2 01 01 00 00 50 ...
08-10 11:24:41.621 4973 4973 D wpa_supplicant: WPA: RSN IE in EAPOL-Key - hexdump(len=22): 30 14 01 00 00 0f ac 02 01 00 00 0f ac 04 01 00 00 0f ac 02 0c 00
08-10 11:24:41.621 4973 4973 D wpa_supplicant: WPA: WPA IE in EAPOL-Key - hexdump(len=24): dd 16 00 50 f2 01 01 00 00 50 f2 02 01 00 00 50 f2 02 01 00 00 50 f2 02
08-10 11:24:41.621 4973 4973 D wpa_supplicant: WPA: GTK in EAPOL-Key - hexdump(len=40): [REMOVED]
08-10 11:24:41.621 4973 4973 D wpa_supplicant: wlan0: WPA: Sending EAPOL-Key 4/4
08-10 11:24:41.621 4973 4973 D wpa_supplicant: WPA: KCK - hexdump(len=16): [REMOVED]
08-10 11:24:41.621 4973 4973 D wpa_supplicant: WPA: Derived Key MIC - hexdump(len=16): 9b eb bf ef e3 ab 31 e9 8c 38 ad cb 50 37 61 bf
08-10 11:24:41.621 4973 4973 D wpa_supplicant: WPA: TX EAPOL-Key - hexdump(len=99): 01 03 00 5f 02 03 0a 00 00 00 00 00 00 00 00 00 02 00 00 00 00 00 00 00 00 00 00 00 00 00 00 00 ...
08-10 11:24:41.621 4973 4973 D wpa_supplicant: wlan0: WPA: Installing PTK to the driver
08-10 11:24:41.621 4973 4973 D wpa_supplicant: wpa_driver_nl80211_set_key: ifindex=5 (wlan0) alg=3 addr=0xb6896490 key_idx=0 set_tx=1 seq_len=6 key_len=16
08-10 11:24:41.621 4973 4973 D wpa_supplicant: nl80211: KEY_DATA - hexdump(len=16): [REMOVED]
08-10 11:24:41.621 4973 4973 D wpa_supplicant: nl80211: KEY_SEQ - hexdump(len=6): 00 00 00 00 00 00
08-10 11:24:41.621 4973 4973 D wpa_supplicant: addr=9c:97:26:9d:de:fb
08-10 11:24:41.682 4973 4973 D wpa_supplicant: EAPOL: External notification - portValid=1
08-10 11:24:41.682 4973 4973 D wpa_supplicant: wlan0: State: 4WAY_HANDSHAKE -> GROUP_HANDSHAKE
08-10 11:24:41.682 4973 4973 D wpa_supplicant: CTRL_IFACE monitor sent successfully to /data/misc/wifi/sockets/wpa_ctrl_2848-2\x00
08-10 11:24:41.682 4973 4973 D wpa_supplicant: RSN: received GTK in pairwise handshake - hexdump(len=34): [REMOVED]
08-10 11:24:41.682 4973 4973 D wpa_supplicant: WPA: Group Key - hexdump(len=32): [REMOVED]
08-10 11:24:41.682 4973 4973 D wpa_supplicant: wlan0: WPA: Installing GTK to the driver (keyidx=2 tx=0 len=32)
08-10 11:24:41.682 4973 4973 D wpa_supplicant: WPA: RSC - hexdump(len=6): 00 00 00 00 00 00
08-10 11:24:41.682 4973 4973 D wpa_supplicant: wpa_driver_nl80211_set_key: ifindex=5 (wlan0) alg=2 addr=0xb770fb20 key_idx=2 set_tx=0 seq_len=6 key_len=32
08-10 11:24:41.682 4973 4973 D wpa_supplicant: nl80211: KEY_DATA - hexdump(len=32): [REMOVED]
08-10 11:24:41.682 4973 4973 D wpa_supplicant: nl80211: KEY_SEQ - hexdump(len=6): 00 00 00 00 00 00
08-10 11:24:41.682 4973 4973 D wpa_supplicant: broadcast key
08-10 11:24:41.682 4973 4973 I wpa_supplicant: wlan0: WPA: Key negotiation completed with 9c:97:26:9d:de:fb [PTK=CCMP GTK=TKIP]
08-10 11:24:41.682 4973 4973 D wpa_supplicant: CTRL_IFACE monitor sent successfully to /data/misc/wifi/sockets/wpa_ctrl_2848-2\x00
08-10 11:24:41.682 4973 4973 D wpa_supplicant: wlan0: Cancelling authentication timeout
08-10 11:24:41.682 4973 4973 D wpa_supplicant: wlan0: State: GROUP_HANDSHAKE -> COMPLETED
08-10 11:24:41.682 4973 4973 D wpa_supplicant: wlan0: Radio work 'sme-connect'@0xb6836430 done in 0.099604 seconds
08-10 11:24:41.682 4973 4973 I wpa_supplicant: wlan0: CTRL-EVENT-CONNECTED - Connection to 9c:97:26:9d:de:fb completed [id=0 id_str=]
08-10 11:24:41.682 4973 4973 D wpa_supplicant: CTRL_IFACE monitor sent successfully to /data/misc/wifi/sockets/wpa_ctrl_2848-2\x00
08-10 11:24:41.682 4973 4973 D wpa_supplicant: nl80211: Set wlan0 operstate 0->1 (UP)
08-10 11:24:41.682 4973 4973 D wpa_supplicant: netlink: Operstate: ifindex=5 linkmode=-1 (no change), operstate=6 (IF_OPER_UP)
08-10 11:24:41.682 4973 4973 D wpa_supplicant: CTRL_IFACE monitor sent successfully to /data/misc/wifi/sockets/wpa_ctrl_2848-2\x00
08-10 11:24:41.682 4973 4973 D wpa_supplicant: EAPOL: External notification - portValid=1
08-10 11:24:41.682 4973 4973 D wpa_supplicant: EAPOL: External notification - EAP success=1
08-10 11:24:41.682 4973 4973 D wpa_supplicant: EAPOL: SUPP_PAE entering state AUTHENTICATING
08-10 11:24:41.682 4973 4973 D wpa_supplicant: EAPOL: SUPP_BE entering state SUCCESS
08-10 11:24:41.682 4973 4973 D wpa_supplicant: EAP: EAP entering state DISABLED
08-10 11:24:41.682 4973 4973 D wpa_supplicant: EAPOL: SUPP_PAE entering state AUTHENTICATED
08-10 11:24:41.682 4973 4973 D wpa_supplicant: EAPOL: Supplicant port status: Authorized
08-10 11:24:41.682 4973 4973 D wpa_supplicant: nl80211: Set supplicant port authorized for 9c:97:26:9d:de:fb
08-10 11:24:41.682 4973 4973 D wpa_supplicant: EAPOL: SUPP_BE entering state IDLE
08-10 11:24:41.682 4973 4973 D wpa_supplicant: EAPOL authentication completed - result=SUCCESS
08-10 11:24:41.682 4973 4973 D wpa_supplicant: RTM_NEWLINK: ifi_index=5 ifname=wlan0 operstate=6 linkmode=1 ifi_family=0 ifi_flags=0x11043 ([UP][RUNNING][LOWER_UP])
08-10 11:24:41.684 2848 2964 D ConnectivityService: registerNetworkAgent NetworkAgentInfo{ ni{[type: WIFI[], state: CONNECTING/CONNECTING, reason: (unspecified), extra: "Telecom-11009531", roaming: false, failover: false, isAvailable: true, isConnectedToProvisioningNetwork: false]} network{null} lp{{LinkAddresses: [] Routes: [] DnsAddresses: [] Domains: null MTU: 0 TcpBufferSizes: 524288,1048576,2097152,262144,524288,1048576}} nc{[ Transports: WIFI Capabilities: INTERNET&NOT_RESTRICTED&TRUSTED&NOT_VPN LinkUpBandwidth>=1048576Kbps LinkDnBandwidth>=1048576Kbps]} Score{20} everValidated{false} lastValidated{false} created{false} explicitlySelected{false} }
08-10 11:24:41.684 2848 2964 E WifiConfigStore: saveWifiConfigBSSID Setting BSSID for "Telecom-11009531"WPA_PSK to any
08-10 11:24:41.684 4973 4973 D wpa_supplicant: wlan0: Control interface command 'SET_NETWORK [REMOVED]'
08-10 11:24:41.684 4973 4973 D wpa_supplicant: CTRL_IFACE: SET_NETWORK id=0 name='bssid'
08-10 11:24:41.684 4973 4973 D wpa_supplicant: CTRL_IFACE: value - hexdump(len=3): [REMOVED]
08-10 11:24:41.684 4973 4973 D wpa_supplicant: BSSID any
08-10 11:24:41.684 2848 2969 D ConnectivityService: NetworkAgentInfo [WIFI () - 100] EVENT_NETWORK_INFO_CHANGED, going from null to CONNECTING
08-10 11:24:41.684 4973 4973 D wpa_supplicant: wlan0: Control interface command 'SAVE_CONFIG'
08-10 11:24:41.684 4973 4973 D wpa_supplicant: Writing configuration file '/data/misc/wifi/wpa_supplicant.conf.tmp'
08-10 11:24:41.684 4973 4973 D wpa_supplicant: Configuration file '/data/misc/wifi/wpa_supplicant.conf' written successfully
08-10 11:24:41.684 4973 4973 D wpa_supplicant: CTRL_IFACE: SAVE_CONFIG - Configuration updated
08-10 11:24:41.685 2848 2964 E WifiConfigStore: saveWifiConfigBSSID Setting BSSID for "Telecom-11009531"WPA_PSK to any
08-10 11:24:41.685 4973 4973 D wpa_supplicant: wlan0: Control interface command 'SET_NETWORK [REMOVED]'
08-10 11:24:41.685 4973 4973 D wpa_supplicant: CTRL_IFACE: SET_NETWORK id=0 name='bssid'
08-10 11:24:41.685 4973 4973 D wpa_supplicant: CTRL_IFACE: value - hexdump(len=3): [REMOVED]
08-10 11:24:41.685 4973 4973 D wpa_supplicant: BSSID any
08-10 11:24:41.685 4973 4973 D wpa_supplicant: wlan0: Control interface command 'SAVE_CONFIG'
08-10 11:24:41.685 4973 4973 D wpa_supplicant: Writing configuration file '/data/misc/wifi/wpa_supplicant.conf.tmp'
08-10 11:24:41.685 4973 4973 D wpa_supplicant: Configuration file '/data/misc/wifi/wpa_supplicant.conf' written successfully
08-10 11:24:41.685 4973 4973 D wpa_supplicant: CTRL_IFACE: SAVE_CONFIG - Configuration updated
08-10 11:24:41.685 2615 2846 D CommandListener: Setting iface cfg
08-10 11:24:41.686 2848 2964 E WifiStateMachine: Start Dhcp Watchdog 1
08-10 11:24:41.686 4973 4973 D wpa_supplicant: wlan0: Control interface command 'SIGNAL_POLL'
08-10 11:24:41.687 2848 2969 D ConnectivityService: updateNetworkScore for NetworkAgentInfo [WIFI () - 100] to 50
08-10 11:24:41.687 4973 4973 D wpa_supplicant: wlan0: Control interface command 'DRIVER BTCOEXMODE 1'
08-10 11:24:41.688 2848 2964 E native : do suspend false
08-10 11:24:41.688 4973 4973 D wpa_supplicant: wlan0: Control interface command 'DRIVER SETSUSPENDMODE 0'
08-10 11:24:41.688 4973 4973 D wpa_supplicant: wlan0: Control interface command 'SET ps 0'
08-10 11:24:41.688 4973 4973 D wpa_supplicant: CTRL_IFACE SET 'ps'='0'
08-10 11:24:41.688 4973 4973 D wpa_supplicant: nl80211: set_p2p_powersave (legacy_ps=0 opp_ps=-1 ctwindow=-1)
08-10 11:24:41.688 4973 4973 D wpa_supplicant: wlan0: Control interface command 'DRIVER WLS_BATCHING GET'
08-10 11:24:41.688 2848 2964 E WifiStateMachine: Unexpected BatchedScanResults :OK
08-10 11:24:41.688 4973 4973 D wpa_supplicant: wlan0: Control interface command 'DRIVER WLS_BATCHING STOP'
08-10 11:24:41.890 5006 5006 E dhcpcd : fopen `/system/etc/dhcpcd/dhcpcd.conf': No such file or directory
08-10 11:24:41.890 5006 5006 I dhcpcd : version 5.5.6 starting
08-10 11:24:41.890 5006 5006 E dhcpcd : fopen `/system/etc/dhcpcd/dhcpcd.conf': No such file or directory
08-10 11:24:41.890 5006 5006 E dhcpcd : get_duid: Read-only file system
08-10 11:24:41.903 5006 5006 I dhcpcd : wlan0: broadcasting for a lease
08-10 11:24:41.920 5006 5006 I dhcpcd : wlan0: offered 192.168.1.6 from 192.168.1.1
08-10 11:24:41.947 5006 5006 I dhcpcd : wlan0: acknowledged 192.168.1.6 from 192.168.1.1
08-10 11:24:41.953 5006 5006 I dhcpcd : wlan0: leased 192.168.1.6 for 21600 seconds
08-10 11:24:42.289 4973 4973 D wpa_supplicant: wlan0: Control interface command 'SET ps 1'
08-10 11:24:42.289 4973 4973 D wpa_supplicant: CTRL_IFACE SET 'ps'='1'
08-10 11:24:42.289 4973 4973 D wpa_supplicant: nl80211: set_p2p_powersave (legacy_ps=1 opp_ps=-1 ctwindow=-1)
08-10 11:24:42.290 4973 4973 D wpa_supplicant: wlan0: Control interface command 'DRIVER BTCOEXMODE 2'
08-10 11:24:42.290 2848 2964 E WifiStateMachine: WifiStateMachine: handleSuccessfulIpConfiguration and no scan results"Telecom-11009531"WPA_PSK
08-10 11:24:42.290 2848 2969 D ConnectivityService: NetworkAgentInfo [WIFI () - 100] EVENT_NETWORK_INFO_CHANGED, going from CONNECTING to CONNECTED
08-10 11:24:42.291 2848 2969 D ConnectivityService: Adding iface wlan0 to network 100
08-10 11:24:42.296 2848 2969 E ConnectivityService: Unexpected mtu value: 0, wlan0
08-10 11:24:42.296 2848 2969 D ConnectivityService: Adding Route [fe80::/64 -> :: wlan0] to network 100
08-10 11:24:42.296 2848 2969 D ConnectivityService: Adding Route [192.168.1.0/24 -> 0.0.0.0 wlan0] to network 100
08-10 11:24:42.297 2848 2969 D ConnectivityService: Adding Route [0.0.0.0/0 -> 192.168.1.1 wlan0] to network 100
08-10 11:24:42.297 2848 2969 D ConnectivityService: Setting Dns servers for network 100 to [/192.168.1.1]
08-10 11:24:42.298 2848 2969 D ConnectivityService: notifyType IP_CHANGED for NetworkAgentInfo [WIFI () - 100]
08-10 11:24:42.298 2848 2969 D ConnectivityService: notifyType PRECHECK for NetworkAgentInfo [WIFI () - 100]
08-10 11:24:42.298 2848 2969 D ConnectivityService: rematching NetworkAgentInfo [WIFI () - 100]
08-10 11:24:42.298 2848 2969 D ConnectivityService: accepting network in place of null
08-10 11:24:42.298 2848 5004 D NetworkMonitor/NetworkAgentInfo [WIFI () - 100]: DefaultState{ when=0 what=532481 target=com.android.internal.util.StateMachine$SmHandler }
08-10 11:24:42.298 2848 5004 D NetworkMonitor/NetworkAgentInfo [WIFI () - 100]: Connected
08-10 11:24:42.298 2848 5004 D NetworkMonitor/NetworkAgentInfo [WIFI () - 100]: EvaluatingState{ when=0 what=532486 arg1=1 target=com.android.internal.util.StateMachine$SmHandler }
08-10 11:24:42.298 2848 5004 D NetworkMonitor/NetworkAgentInfo [WIFI () - 100]: Validated
08-10 11:24:42.299 2848 2969 D ConnectivityService: Switching to new default network: NetworkAgentInfo{ ni{[type: WIFI[], state: CONNECTED/CONNECTED, reason: (unspecified), extra: "Telecom-11009531", roaming: false, failover: false, isAvailable: true, isConnectedToProvisioningNetwork: false]} network{100} lp{{InterfaceName: wlan0 LinkAddresses: [fe80::202:72ff:fe4a:d44f/64,192.168.1.6/24,] Routes: [fe80::/64 -> :: wlan0,192.168.1.0/24 -> 0.0.0.0 wlan0,0.0.0.0/0 -> 192.168.1.1 wlan0,] DnsAddresses: [192.168.1.1,] Domains: homenet.telecomitalia.it MTU: 0 TcpBufferSizes: 524288,1048576,2097152,262144,524288,1048576}} nc{[ Transports: WIFI Capabilities: INTERNET&NOT_RESTRICTED&TRUSTED&NOT_VPN LinkUpBandwidth>=1048576Kbps LinkDnBandwidth>=1048576Kbps]} Score{100} everValidated{false} lastValidated{false} created{true} explicitlySelected{true} }
08-10 11:24:42.299 2848 2969 D ConnectivityService: Setting tx/rx TCP buffers to 524288,1048576,2097152,262144,524288,1048576
08-10 11:24:42.300 2848 2969 D ConnectivityService: notifyType AVAILABLE for NetworkAgentInfo [WIFI () - 100]
08-10 11:24:42.300 3186 3690 D ConnectivityManager.CallbackHandler: CM callback handler got msg 524290
08-10 11:24:42.301 2848 2969 D CSLegacyTypeTracker: Sending connected broadcast for type 1 NetworkAgentInfo [WIFI () - 100] isDefaultNetwork=true
08-10 11:24:42.301 2848 2969 D ConnectivityService: sendStickyBroadcast: action=android.net.conn.CONNECTIVITY_CHANGE_IMMEDIATE
08-10 11:24:42.301 2848 2969 D ConnectivityService: sendStickyBroadcast: action=android.net.conn.CONNECTIVITY_CHANGE
08-10 11:24:42.301 2848 2969 D ConnectivityService: setProvNotificationVisibleIntent: E visible=false networkType=0 extraInfo=null
08-10 11:24:42.301 2848 2969 D ConnectivityService: Validated NetworkAgentInfo [WIFI () - 100]
08-10 11:24:42.301 2848 2969 D ConnectivityService: rematching NetworkAgentInfo [WIFI () - 100]
