08-10 11:25:15.871 4973 4973 D wpa_supplicant: WPS: attr type=0x1024 len=5
08-10 11:25:15.871 4973 4973 D wpa_supplicant: WPS: attr type=0x1042 len=9
08-10 11:25:15.871 4973 4973 D wpa_supplicant: WPS: attr type=0x1054 len=8
08-10 11:25:15.871 4973 4973 D wpa_supplicant: WPS: attr type=0x1011 len=7
08-10 11:25:15.871 4973 4973 D wpa_supplicant: WPS: attr type=0x1008 len=2
08-10 11:25:15.871 4973 4973 D wpa_supplicant: WPS: attr type=0x103c len=1
08-10 11:25:15.871 4973 4973 D wpa_supplicant: WPS: attr type=0x1049 len=6
08-10 11:25:15.871 4973 4973 D wpa_supplicant: WPS: WFA subelement id=0 len=1
08-10 11:25:15.871 4973 4973 D wpa_supplicant: WPS: attr type=0x104a len=1
08-10 11:25:15.871 4973 4973 D wpa_supplicant: WPS: attr type=0x1044 len=1
08-10 11:25:15.871 4973 4973 D wpa_supplicant: WPS: attr type=0x103b len=1
08-10 11:25:15.871 4973 4973 D wpa_supplicant: WPS: attr type=0x1047 len=16
08-10 11:25:15.871 4973 4973 D wpa_supplicant: WPS: attr type=0x1021 len=11
08-10 11:25:15.871 4973 4973 D wpa_supplicant: WPS: attr type=0x1023 len=14
08-10 11:25:15.871 4973 4973 D wpa_supplicant: WPS: attr type=0x1024 len=5
08-10 11:25:15.871 4973 4973 D wpa_supplicant: WPS: attr type=0x1042 len=9
08-10 11:25:15.871 4973 4973 D wpa_supplicant: WPS: attr type=0x1054 len=8
08-10 11:25:15.871 4973 4973 D wpa_supplicant: WPS: attr type=0x1011 len=7
08-10 11:25:15.871 4973 4973 D wpa_supplicant: WPS: attr type=0x1008 len=2
08-10 11:25:15.871 4973 4973 D wpa_supplicant: WPS: attr type=0x103c len=1
08-10 11:25:15.871 4973 4973 D wpa_supplicant: WPS: attr type=0x1049 len=6
08-10 11:25:15.871 4973 4973 D wpa_supplicant: WPS: WFA subelement id=0 len=1
08-10 11:25:15.871 4973 4973 D wpa_supplicant: WPS: attr type=0x104a len=1
08-10 11:25:15.871 4973 4973 D wpa_supplicant: WPS: attr type=0x1044 len=1
08-10 11:25:15.871 4973 4973 D wpa_supplicant: WPS: attr type=0x103b len=1
08-10 11:25:15.871 4973 4973 D wpa_supplicant: WPS: attr type=0x1047 len=16
08-10 11:25:15.871 4973 4973 D wpa_supplicant: WPS: attr type=0x1021 len=11
08-10 11:25:15.871 4973 4973 D wpa_supplicant: WPS: attr type=0x1023 len=14
08-10 11:25:15.871 4973 4973 D wpa_supplicant: WPS: attr type=0x1024 len=5
08-10 11:25:15.871 4973 4973 D wpa_supplicant: WPS: attr type=0x1042 len=9
08-10 11:25:15.871 4973 4973 D wpa_supplicant: WPS: attr type=0x1054 len=8
08-10 11:25:15.871 4973 4973 D wpa_supplicant: WPS: attr type=0x1011 len=7
08-10 11:25:15.871 4973 4973 D wpa_supplicant: WPS: attr type=0x1008 len=2
08-10 11:25:15.871 4973 4973 D wpa_supplicant: WPS: attr type=0x103c len=1
08-10 11:25:15.871 4973 4973 D wpa_supplicant: WPS: attr type=0x1049 len=6
08-10 11:25:15.871 4973 4973 D wpa_supplicant: WPS: WFA subelement id=0 len=1
08-10 11:25:15.872 4973 4973 D wpa_supplicant: wlan0: Control interface command 'STATUS-NO_EVENTS'
08-10 11:25:19.743 4973 4973 D wpa_supplicant: wlan0: Control interface command 'SCAN TYPE=ONLY'
08-10 11:25:19.743 4973 4973 D wpa_supplicant: wlan0: Setting scan request: 0.000000 sec
08-10 11:25:19.743 4973 4973 D wpa_supplicant: wlan0: Starting AP scan for wildcard SSID
08-10 11:25:19.743 4973 4973 D wpa_supplicant: wlan0: Add radio work 'scan'@0xb6836430
08-10 11:25:19.743 4973 4973 D wpa_supplicant: wlan0: First radio work item in the queue - schedule start immediately
08-10 11:25:19.743 4973 4973 D wpa_supplicant: wlan0: Starting radio work 'scan'@0xb6836430 after 0.000015 second wait
08-10 11:25:19.743 4973 4973 D wpa_supplicant: wlan0: nl80211: scan request
08-10 11:25:19.743 4973 4973 D wpa_supplicant: nl80211: Scan SSID - hexdump(len=0): [NULL]
08-10 11:25:19.753 4973 4973 D wpa_supplicant: Scan requested (ret=0) - scan timeout 30 seconds
08-10 11:25:19.753 4973 4973 D wpa_supplicant: nl80211: Event message available
08-10 11:25:19.753 4973 4973 D wpa_supplicant: nl80211: Drv Event 33 (NL80211_CMD_TRIGGER_SCAN) received for wlan0
08-10 11:25:19.753 4973 4973 D wpa_supplicant: wlan0: nl80211: Scan trigger
08-10 11:25:19.753 4973 4973 D wpa_supplicant: wlan0: Event SCAN_STARTED (49) received
08-10 11:25:19.753 4973 4973 D wpa_supplicant: wlan0: Own scan request started a scan in 0.000044 seconds
08-10 11:25:19.753 4973 4973 D wpa_supplicant: CTRL_IFACE monitor sent successfully to /data/misc/wifi/sockets/wpa_ctrl_2848-2\x00
08-10 11:25:20.802 2848 2973 W AudioTrack: AUDIO_OUTPUT_FLAG_FAST denied by client
08-10 11:25:20.805 4604 4604 D WifiSetupActivity: Network selected by user
08-10 11:25:20.805 2848 2968 E WiFiServiceImpl : CONNECT nid=-1 uid=1000
08-10 11:25:20.805 2848 2968 D WifiService: Connect with config* ID: -1 SSID: "Telecom-11009531" BSSID: null FQDN: null REALM: null PRIO: 0
08-10 11:25:20.805 2848 2968 D WifiService: KeyMgmt: WPA_PSK Protocols:
08-10 11:25:20.805 2848 2968 D WifiService: AuthAlgorithms:
08-10 11:25:20.805 2848 2968 D WifiService: PairwiseCiphers:
08-10 11:25:20.805 2848 2968 D WifiService: GroupCiphers:
08-10 11:25:20.805 2848 2968 D WifiService: PSK: *
08-10 11:25:20.805 2848 2968 D WifiService: Enterprise config:
08-10 11:25:20.805 2848 2968 D WifiService: IP config:
08-10 11:25:20.805 2848 2968 D WifiService: IP assignment: DHCP
08-10 11:25:20.805 2848 2968 D WifiService: Proxy settings: NONE
08-10 11:25:20.805 2848 2968 D WifiService: uid=1000roamingFailureBlackListTimeMilli: 1000
08-10 11:25:20.805 2848 2968 D WifiService: triggeredLow: 0 triggeredBad: 0 triggeredNotHigh: 0
08-10 11:25:20.805 2848 2968 D WifiService: ticksLow: 0 ticksBad: 0 ticksNotHigh: 0
08-10 11:25:20.805 2848 2968 D WifiService: triggeredJoin: 0
08-10 11:25:20.805 2848 2968 D WifiService: autoJoinBailedDueToLowRssi: false
08-10 11:25:20.805 2848 2968 D WifiService: autoJoinUseAggressiveJoinAttemptThreshold: 0
08-10 11:25:20.805 4973 4973 D wpa_supplicant: wlan0: Control interface command 'ADD_NETWORK'
08-10 11:25:20.805 4973 4973 D wpa_supplicant: CTRL_IFACE: ADD_NETWORK
08-10 11:25:20.805 2848 2964 E WifiConfigStore: addOrUpdateNetworkNative created netId=0
08-10 11:25:20.805 4973 4973 D wpa_supplicant: wlan0: Control interface command 'SET_NETWORK [REMOVED]'
08-10 11:25:20.805 4973 4973 D wpa_supplicant: CTRL_IFACE: SET_NETWORK id=0 name='ssid'
08-10 11:25:20.805 4973 4973 D wpa_supplicant: CTRL_IFACE: value - hexdump(len=32): [REMOVED]
08-10 11:25:20.805 4973 4973 D wpa_supplicant: ssid - hexdump(len=16): 54 65 6c 65 63 6f 6d 2d 31 31 30 30 39 35 33 31
08-10 11:25:20.806 4973 4973 D wpa_supplicant: wlan0: Control interface command 'SET_NETWORK [REMOVED]'
08-10 11:25:20.806 4973 4973 D wpa_supplicant: CTRL_IFACE: SET_NETWORK id=0 name='key_mgmt'
08-10 11:25:20.806 4973 4973 D wpa_supplicant: CTRL_IFACE: value - hexdump(len=7): [REMOVED]
08-10 11:25:20.806 4973 4973 D wpa_supplicant: key_mgmt: 0x2
08-10 11:25:20.806 4973 4973 D wpa_supplicant: wlan0: Control interface command 'SET_NETWORK [REMOVED]'
08-10 11:25:20.806 4973 4973 D wpa_supplicant: CTRL_IFACE: SET_NETWORK id=0 name='psk'
08-10 11:25:20.806 4973 4973 D wpa_supplicant: CTRL_IFACE: value - hexdump(len=29): [REMOVED]
08-10 11:25:20.806 4973 4973 D wpa_supplicant: PSK (ASCII passphrase) - hexdump(len=27): [REMOVED]
08-10 11:25:20.814 2616 2977 D audio_hw_primary: found out /dev/snd/pcmC0D0p
08-10 11:25:20.817 4973 4973 D wpa_supplicant: PSK (from passphrase) - hexdump(len=32): [REMOVED]
08-10 11:25:20.817 4973 4973 D wpa_supplicant: wlan0: Control interface command 'SET_NETWORK [REMOVED]'
08-10 11:25:20.817 4973 4973 D wpa_supplicant: CTRL_IFACE: SET_NETWORK id=0 name='priority'
08-10 11:25:20.817 4973 4973 D wpa_supplicant: CTRL_IFACE: value - hexdump(len=1): [REMOVED]
08-10 11:25:20.817 4973 4973 D wpa_supplicant: priority=0 (0x0)
08-10 11:25:20.817 2848 2964 E WifiConfigStore: created new config netId=0 uid=1000
08-10 11:25:20.817 2848 2964 E WifiConfigStore: will read network variables netId=0
08-10 11:25:20.817 4973 4973 D wpa_supplicant: wlan0: Control interface command 'GET_NETWORK 0 ssid'
08-10 11:25:20.817 4973 4973 D wpa_supplicant: CTRL_IFACE: GET_NETWORK id=0 name='ssid'
08-10 11:25:20.817 4973 4973 D wpa_supplicant: wlan0: Control interface command 'GET_NETWORK 0 bssid'
08-10 11:25:20.817 4973 4973 D wpa_supplicant: CTRL_IFACE: GET_NETWORK id=0 name='bssid'
08-10 11:25:20.817 4973 4973 D wpa_supplicant: CTRL_IFACE: Failed to get network variable 'bssid'
08-10 11:25:20.817 4973 4973 D wpa_supplicant: wlan0: Control interface command 'GET_NETWORK 0 priority'
08-10 11:25:20.817 4973 4973 D wpa_supplicant: CTRL_IFACE: GET_NETWORK id=0 name='priority'
08-10 11:25:20.817 4973 4973 D wpa_supplicant: wlan0: Control interface command 'GET_NETWORK 0 scan_ssid'
08-10 11:25:20.817 4973 4973 D wpa_supplicant: CTRL_IFACE: GET_NETWORK id=0 name='scan_ssid'
08-10 11:25:20.817 4973 4973 D wpa_supplicant: wlan0: Control interface command 'GET_NETWORK 0 wep_tx_keyidx'
08-10 11:25:20.817 4973 4973 D wpa_supplicant: CTRL_IFACE: GET_NETWORK id=0 name='wep_tx_keyidx'
08-10 11:25:20.818 4973 4973 D wpa_supplicant: wlan0: Control interface command 'GET_NETWORK 0 wep_key0'
08-10 11:25:20.818 4973 4973 D wpa_supplicant: CTRL_IFACE: GET_NETWORK id=0 name='wep_key0'
08-10 11:25:20.818 4973 4973 D wpa_supplicant: CTRL_IFACE: Failed to get network variable 'wep_key0'
08-10 11:25:20.818 4973 4973 D wpa_supplicant: wlan0: Control interface command 'GET_NETWORK 0 wep_key1'
08-10 11:25:20.818 4973 4973 D wpa_supplicant: CTRL_IFACE: GET_NETWORK id=0 name='wep_key1'
08-10 11:25:20.818 4973 4973 D wpa_supplicant: CTRL_IFACE: Failed to get network variable 'wep_key1'
08-10 11:25:20.818 4973 4973 D wpa_supplicant: wlan0: Control interface command 'GET_NETWORK 0 wep_key2'
08-10 11:25:20.818 4973 4973 D wpa_supplicant: CTRL_IFACE: GET_NETWORK id=0 name='wep_key2'
08-10 11:25:20.818 4973 4973 D wpa_supplicant: CTRL_IFACE: Failed to get network variable 'wep_key2'
08-10 11:25:20.818 4973 4973 D wpa_supplicant: wlan0: Control interface command 'GET_NETWORK 0 wep_key3'
08-10 11:25:20.818 4973 4973 D wpa_supplicant: CTRL_IFACE: GET_NETWORK id=0 name='wep_key3'
08-10 11:25:20.818 4973 4973 D wpa_supplicant: CTRL_IFACE: Failed to get network variable 'wep_key3'
08-10 11:25:20.818 4973 4973 D wpa_supplicant: wlan0: Control interface command 'GET_NETWORK 0 psk'
08-10 11:25:20.818 4973 4973 D wpa_supplicant: CTRL_IFACE: GET_NETWORK id=0 name='psk'
08-10 11:25:20.818 4973 4973 D wpa_supplicant: Do not allow key_data field to be exposed
08-10 11:25:20.818 4973 4973 D wpa_supplicant: wlan0: Control interface command 'GET_NETWORK 0 proto'
08-10 11:25:20.818 4973 4973 D wpa_supplicant: CTRL_IFACE: GET_NETWORK id=0 name='proto'
08-10 11:25:20.818 4973 4973 D wpa_supplicant: wlan0: Control interface command 'GET_NETWORK 0 key_mgmt'
08-10 11:25:20.818 4973 4973 D wpa_supplicant: CTRL_IFACE: GET_NETWORK id=0 name='key_mgmt'
08-10 11:25:20.818 4973 4973 D wpa_supplicant: wlan0: Control interface command 'GET_NETWORK 0 auth_alg'
08-10 11:25:20.818 4973 4973 D wpa_supplicant: CTRL_IFACE: GET_NETWORK id=0 name='auth_alg'
08-10 11:25:20.818 4973 4973 D wpa_supplicant: CTRL_IFACE: Failed to get network variable 'auth_alg'
08-10 11:25:20.818 4973 4973 D wpa_supplicant: wlan0: Control interface command 'GET_NETWORK 0 pairwise'
08-10 11:25:20.818 4973 4973 D wpa_supplicant: CTRL_IFACE: GET_NETWORK id=0 name='pairwise'
08-10 11:25:20.818 4973 4973 D wpa_supplicant: wlan0: Control interface command 'GET_NETWORK 0 group'
08-10 11:25:20.818 4973 4973 D wpa_supplicant: CTRL_IFACE: GET_NETWORK id=0 name='group'
08-10 11:25:20.818 4973 4973 D wpa_supplicant: wlan0: Control interface command 'GET_NETWORK 0 eap'
08-10 11:25:20.818 4973 4973 D wpa_supplicant: CTRL_IFACE: GET_NETWORK id=0 name='eap'
08-10 11:25:20.818 4973 4973 D wpa_supplicant: CTRL_IFACE: Failed to get network variable 'eap'
08-10 11:25:20.818 4973 4973 D wpa_supplicant: wlan0: Control interface command 'GET_NETWORK 0 phase2'
08-10 11:25:20.818 4973 4973 D wpa_supplicant: CTRL_IFACE: GET_NETWORK id=0 name='phase2'
08-10 11:25:20.818 4973 4973 D wpa_supplicant: CTRL_IFACE: Failed to get network variable 'phase2'
08-10 11:25:20.818 4973 4973 D wpa_supplicant: wlan0: Control interface command 'GET_NETWORK 0 identity'
08-10 11:25:20.818 4973 4973 D wpa_supplicant: CTRL_IFACE: GET_NETWORK id=0 name='identity'
08-10 11:25:20.818 4973 4973 D wpa_supplicant: CTRL_IFACE: Failed to get network variable 'identity'
08-10 11:25:20.818 4973 4973 D wpa_supplicant: wlan0: Control interface command 'GET_NETWORK 0 anonymous_identity'
08-10 11:25:20.818 4973 4973 D wpa_supplicant: CTRL_IFACE: GET_NETWORK id=0 name='anonymous_identity'
08-10 11:25:20.818 4973 4973 D wpa_supplicant: CTRL_IFACE: Failed to get network variable 'anonymous_identity'
08-10 11:25:20.818 4973 4973 D wpa_supplicant: wlan0: Control interface command 'GET_NETWORK 0 password'
08-10 11:25:20.818 4973 4973 D wpa_supplicant: CTRL_IFACE: GET_NETWORK id=0 name='password'
08-10 11:25:20.818 4973 4973 D wpa_supplicant: CTRL_IFACE: Failed to get network variable 'password'
08-10 11:25:20.818 4973 4973 D wpa_supplicant: wlan0: Control interface command 'GET_NETWORK 0 client_cert'
08-10 11:25:20.818 4973 4973 D wpa_supplicant: CTRL_IFACE: GET_NETWORK id=0 name='client_cert'
08-10 11:25:20.818 4973 4973 D wpa_supplicant: CTRL_IFACE: Failed to get network variable 'client_cert'
08-10 11:25:20.818 4973 4973 D wpa_supplicant: wlan0: Control interface command 'GET_NETWORK 0 ca_cert'
08-10 11:25:20.818 4973 4973 D wpa_supplicant: CTRL_IFACE: GET_NETWORK id=0 name='ca_cert'
08-10 11:25:20.818 4973 4973 D wpa_supplicant: CTRL_IFACE: Failed to get network variable 'ca_cert'
08-10 11:25:20.818 4973 4973 D wpa_supplicant: wlan0: Control interface command 'GET_NETWORK 0 subject_match'
08-10 11:25:20.818 4973 4973 D wpa_supplicant: CTRL_IFACE: GET_NETWORK id=0 name='subject_match'
08-10 11:25:20.818 4973 4973 D wpa_supplicant: CTRL_IFACE: Failed to get network variable 'subject_match'
08-10 11:25:20.818 4973 4973 D wpa_supplicant: wlan0: Control interface command 'GET_NETWORK 0 engine'
08-10 11:25:20.818 4973 4973 D wpa_supplicant: CTRL_IFACE: GET_NETWORK id=0 name='engine'
08-10 11:25:20.819 4973 4973 D wpa_supplicant: wlan0: Control interface command 'GET_NETWORK 0 engine_id'
08-10 11:25:20.819 4973 4973 D wpa_supplicant: CTRL_IFACE: GET_NETWORK id=0 name='engine_id'
08-10 11:25:20.819 4973 4973 D wpa_supplicant: CTRL_IFACE: Failed to get network variable 'engine_id'
08-10 11:25:20.819 4973 4973 D wpa_supplicant: wlan0: Control interface command 'GET_NETWORK 0 key_id'
08-10 11:25:20.819 4973 4973 D wpa_supplicant: CTRL_IFACE: GET_NETWORK id=0 name='key_id'
08-10 11:25:20.819 4973 4973 D wpa_supplicant: CTRL_IFACE: Failed to get network variable 'key_id'
08-10 11:25:20.819 4973 4973 D wpa_supplicant: wlan0: Control interface command 'GET_NETWORK 0 private_key'
08-10 11:25:20.819 4973 4973 D wpa_supplicant: CTRL_IFACE: GET_NETWORK id=0 name='private_key'
08-10 11:25:20.819 4973 4973 D wpa_supplicant: CTRL_IFACE: Failed to get network variable 'private_key'
08-10 11:25:20.819 2848 2964 E WifiConfigStore: rewrite network history for "Telecom-11009531"WPA_PSK
08-10 11:25:20.819 4973 4973 D wpa_supplicant: wlan0: Control interface command 'ENABLE_NETWORK 0'
08-10 11:25:20.819 4973 4973 D wpa_supplicant: CTRL_IFACE: ENABLE_NETWORK id=0
08-10 11:25:20.819 4973 4973 D wpa_supplicant: wlan0: Control interface command 'SAVE_CONFIG'
08-10 11:25:20.819 4973 4973 D wpa_supplicant: Writing configuration file '/data/misc/wifi/wpa_supplicant.conf.tmp'
08-10 11:25:20.819 4973 4973 D wpa_supplicant: Configuration file '/data/misc/wifi/wpa_supplicant.conf' written successfully
08-10 11:25:20.819 4973 4973 D wpa_supplicant: CTRL_IFACE: SAVE_CONFIG - Configuration updated
08-10 11:25:20.820 2848 2964 E WifiStateMachine: CONNECT_NETWORK id=0 config="Telecom-11009531" cnid=0 supstate=ScanState my state DisconnectedState uid = 1000
08-10 11:25:20.820 2848 2964 E WifiConfigStore: saveWifiConfigBSSID Setting BSSID for "Telecom-11009531"WPA_PSK to any
08-10 11:25:20.820 4973 4973 D wpa_supplicant: wlan0: Control interface command 'SET_NETWORK [REMOVED]'
08-10 11:25:20.820 4973 4973 D wpa_supplicant: CTRL_IFACE: SET_NETWORK id=0 name='bssid'
08-10 11:25:20.820 4973 4973 D wpa_supplicant: CTRL_IFACE: value - hexdump(len=3): [REMOVED]
08-10 11:25:20.820 4973 4973 D wpa_supplicant: BSSID any
08-10 11:25:20.820 4973 4973 D wpa_supplicant: wlan0: Control interface command 'SAVE_CONFIG'
08-10 11:25:20.820 4973 4973 D wpa_supplicant: Writing configuration file '/data/misc/wifi/wpa_supplicant.conf.tmp'
08-10 11:25:20.820 4973 4973 D wpa_supplicant: Configuration file '/data/misc/wifi/wpa_supplicant.conf' written successfully
08-10 11:25:20.820 4973 4973 D wpa_supplicant: CTRL_IFACE: SAVE_CONFIG - Configuration updated
08-10 11:25:20.820 2848 2964 E WifiConfigStore: saveWifiConfigBSSID Setting BSSID for "Telecom-11009531"WPA_PSK to any
08-10 11:25:20.820 4973 4973 D wpa_supplicant: wlan0: Control interface command 'SET_NETWORK [REMOVED]'
08-10 11:25:20.820 4973 4973 D wpa_supplicant: CTRL_IFACE: SET_NETWORK id=0 name='bssid'
08-10 11:25:20.820 4973 4973 D wpa_supplicant: CTRL_IFACE: value - hexdump(len=3): [REMOVED]
08-10 11:25:20.820 4973 4973 D wpa_supplicant: BSSID any
08-10 11:25:20.820 4973 4973 D wpa_supplicant: wlan0: Control interface command 'SAVE_CONFIG'
08-10 11:25:20.820 4973 4973 D wpa_supplicant: Writing configuration file '/data/misc/wifi/wpa_supplicant.conf.tmp'
08-10 11:25:20.820 4973 4973 D wpa_supplicant: Configuration file '/data/misc/wifi/wpa_supplicant.conf' written successfully
08-10 11:25:20.820 4973 4973 D wpa_supplicant: CTRL_IFACE: SAVE_CONFIG - Configuration updated
08-10 11:25:20.820 2848 2964 E WifiAutoJoinController : updateConfigurationHistory found 0 networks
08-10 11:25:20.820 2848 2964 E WifiAutoJoinController : updateConfigurationHistory try to connect to an old network!! : "Telecom-11009531"WPA_PSK
08-10 11:25:20.820 2848 2964 E WifiConfigStore: rewrite network history for "Telecom-11009531"WPA_PSK
08-10 11:25:20.821 4973 4973 D wpa_supplicant: wlan0: Control interface command 'ENABLE_NETWORK 0'
08-10 11:25:20.821 4973 4973 D wpa_supplicant: CTRL_IFACE: ENABLE_NETWORK id=0
08-10 11:25:20.821 4973 4973 D wpa_supplicant: wlan0: Control interface command 'SET_NETWORK [REMOVED]'
08-10 11:25:20.821 4973 4973 D wpa_supplicant: CTRL_IFACE: SET_NETWORK id=0 name='priority'
08-10 11:25:20.821 4973 4973 D wpa_supplicant: CTRL_IFACE: value - hexdump(len=1): [REMOVED]
08-10 11:25:20.821 4973 4973 D wpa_supplicant: priority=2 (0x2)
08-10 11:25:20.821 2848 2964 E WifiConfigStore: will read network variables netId=0
08-10 11:25:20.821 4973 4973 D wpa_supplicant: wlan0: Control interface command 'GET_NETWORK 0 ssid'
08-10 11:25:20.821 4973 4973 D wpa_supplicant: CTRL_IFACE: GET_NETWORK id=0 name='ssid'
08-10 11:25:20.821 4973 4973 D wpa_supplicant: wlan0: Control interface command 'GET_NETWORK 0 bssid'
08-10 11:25:20.821 4973 4973 D wpa_supplicant: CTRL_IFACE: GET_NETWORK id=0 name='bssid'
08-10 11:25:20.821 4973 4973 D wpa_supplicant: CTRL_IFACE: Failed to get network variable 'bssid'
08-10 11:25:20.821 4973 4973 D wpa_supplicant: wlan0: Control interface command 'GET_NETWORK 0 priority'
08-10 11:25:20.821 4973 4973 D wpa_supplicant: CTRL_IFACE: GET_NETWORK id=0 name='priority'
08-10 11:25:20.821 4973 4973 D wpa_supplicant: wlan0: Control interface command 'GET_NETWORK 0 scan_ssid'
08-10 11:25:20.821 4973 4973 D wpa_supplicant: CTRL_IFACE: GET_NETWORK id=0 name='scan_ssid'
08-10 11:25:20.821 4973 4973 D wpa_supplicant: wlan0: Control interface command 'GET_NETWORK 0 wep_tx_keyidx'
08-10 11:25:20.821 4973 4973 D wpa_supplicant: CTRL_IFACE: GET_NETWORK id=0 name='wep_tx_keyidx'
08-10 11:25:20.821 4973 4973 D wpa_supplicant: wlan0: Control interface command 'GET_NETWORK 0 wep_key0'
08-10 11:25:20.821 4973 4973 D wpa_supplicant: CTRL_IFACE: GET_NETWORK id=0 name='wep_key0'
08-10 11:25:20.821 4973 4973 D wpa_supplicant: CTRL_IFACE: Failed to get network variable 'wep_key0'
08-10 11:25:20.821 4973 4973 D wpa_supplicant: wlan0: Control interface command 'GET_NETWORK 0 wep_key1'
08-10 11:25:20.821 4973 4973 D wpa_supplicant: CTRL_IFACE: GET_NETWORK id=0 name='wep_key1'
08-10 11:25:20.821 4973 4973 D wpa_supplicant: CTRL_IFACE: Failed to get network variable 'wep_key1'
08-10 11:25:20.821 4973 4973 D wpa_supplicant: wlan0: Control interface command 'GET_NETWORK 0 wep_key2'
08-10 11:25:20.821 4973 4973 D wpa_supplicant: CTRL_IFACE: GET_NETWORK id=0 name='wep_key2'
08-10 11:25:20.821 4973 4973 D wpa_supplicant: CTRL_IFACE: Failed to get network variable 'wep_key2'
08-10 11:25:20.821 4973 4973 D wpa_supplicant: wlan0: Control interface command 'GET_NETWORK 0 wep_key3'
08-10 11:25:20.821 4973 4973 D wpa_supplicant: CTRL_IFACE: GET_NETWORK id=0 name='wep_key3'
08-10 11:25:20.821 4973 4973 D wpa_supplicant: CTRL_IFACE: Failed to get network variable 'wep_key3'
08-10 11:25:20.821 4973 4973 D wpa_supplicant: wlan0: Control interface command 'GET_NETWORK 0 psk'
08-10 11:25:20.821 4973 4973 D wpa_supplicant: CTRL_IFACE: GET_NETWORK id=0 name='psk'
08-10 11:25:20.821 4973 4973 D wpa_supplicant: Do not allow key_data field to be exposed
08-10 11:25:20.821 4973 4973 D wpa_supplicant: wlan0: Control interface command 'GET_NETWORK 0 proto'
08-10 11:25:20.821 4973 4973 D wpa_supplicant: CTRL_IFACE: GET_NETWORK id=0 name='proto'
08-10 11:25:20.822 4973 4973 D wpa_supplicant: wlan0: Control interface command 'GET_NETWORK 0 key_mgmt'
08-10 11:25:20.822 4973 4973 D wpa_supplicant: CTRL_IFACE: GET_NETWORK id=0 name='key_mgmt'
08-10 11:25:20.822 4973 4973 D wpa_supplicant: wlan0: Control interface command 'GET_NETWORK 0 auth_alg'
08-10 11:25:20.822 4973 4973 D wpa_supplicant: CTRL_IFACE: GET_NETWORK id=0 name='auth_alg'
08-10 11:25:20.822 4973 4973 D wpa_supplicant: CTRL_IFACE: Failed to get network variable 'auth_alg'
08-10 11:25:20.822 4973 4973 D wpa_supplicant: wlan0: Control interface command 'GET_NETWORK 0 pairwise'
08-10 11:25:20.822 4973 4973 D wpa_supplicant: CTRL_IFACE: GET_NETWORK id=0 name='pairwise'
08-10 11:25:20.822 4973 4973 D wpa_supplicant: wlan0: Control interface command 'GET_NETWORK 0 group'
08-10 11:25:20.822 4973 4973 D wpa_supplicant: CTRL_IFACE: GET_NETWORK id=0 name='group'
08-10 11:25:20.822 4973 4973 D wpa_supplicant: wlan0: Control interface command 'GET_NETWORK 0 eap'
08-10 11:25:20.822 4973 4973 D wpa_supplicant: CTRL_IFACE: GET_NETWORK id=0 name='eap'
08-10 11:25:20.822 4973 4973 D wpa_supplicant: CTRL_IFACE: Failed to get network variable 'eap'
08-10 11:25:20.822 4973 4973 D wpa_supplicant: wlan0: Control interface command 'GET_NETWORK 0 phase2'
08-10 11:25:20.822 4973 4973 D wpa_supplicant: CTRL_IFACE: GET_NETWORK id=0 name='phase2'
08-10 11:25:20.822 4973 4973 D wpa_supplicant: CTRL_IFACE: Failed to get network variable 'phase2'
08-10 11:25:20.822 4973 4973 D wpa_supplicant: wlan0: Control interface command 'GET_NETWORK 0 identity'
08-10 11:25:20.822 4973 4973 D wpa_supplicant: CTRL_IFACE: GET_NETWORK id=0 name='identity'
08-10 11:25:20.822 4973 4973 D wpa_supplicant: CTRL_IFACE: Failed to get network variable 'identity'
08-10 11:25:20.822 4973 4973 D wpa_supplicant: wlan0: Control interface command 'GET_NETWORK 0 anonymous_identity'
08-10 11:25:20.822 4973 4973 D wpa_supplicant: CTRL_IFACE: GET_NETWORK id=0 name='anonymous_identity'
08-10 11:25:20.822 4973 4973 D wpa_supplicant: CTRL_IFACE: Failed to get network variable 'anonymous_identity'
08-10 11:25:20.822 4973 4973 D wpa_supplicant: wlan0: Control interface command 'GET_NETWORK 0 password'
08-10 11:25:20.822 4973 4973 D wpa_supplicant: CTRL_IFACE: GET_NETWORK id=0 name='password'
08-10 11:25:20.822 4973 4973 D wpa_supplicant: CTRL_IFACE: Failed to get network variable 'password'
08-10 11:25:20.822 4973 4973 D wpa_supplicant: wlan0: Control interface command 'GET_NETWORK 0 client_cert'
08-10 11:25:20.822 4973 4973 D wpa_supplicant: CTRL_IFACE: GET_NETWORK id=0 name='client_cert'
08-10 11:25:20.822 4973 4973 D wpa_supplicant: CTRL_IFACE: Failed to get network variable 'client_cert'
08-10 11:25:20.822 4973 4973 D wpa_supplicant: wlan0: Control interface command 'GET_NETWORK 0 ca_cert'
08-10 11:25:20.822 4973 4973 D wpa_supplicant: CTRL_IFACE: GET_NETWORK id=0 name='ca_cert'
08-10 11:25:20.822 4973 4973 D wpa_supplicant: CTRL_IFACE: Failed to get network variable 'ca_cert'
08-10 11:25:20.822 4973 4973 D wpa_supplicant: wlan0: Control interface command 'GET_NETWORK 0 subject_match'
08-10 11:25:20.822 4973 4973 D wpa_supplicant: CTRL_IFACE: GET_NETWORK id=0 name='subject_match'
08-10 11:25:20.822 4973 4973 D wpa_supplicant: CTRL_IFACE: Failed to get network variable 'subject_match'
08-10 11:25:20.822 4973 4973 D wpa_supplicant: wlan0: Control interface command 'GET_NETWORK 0 engine'
08-10 11:25:20.822 4973 4973 D wpa_supplicant: CTRL_IFACE: GET_NETWORK id=0 name='engine'
08-10 11:25:20.822 4973 4973 D wpa_supplicant: wlan0: Control interface command 'GET_NETWORK 0 engine_id'
08-10 11:25:20.822 4973 4973 D wpa_supplicant: CTRL_IFACE: GET_NETWORK id=0 name='engine_id'
08-10 11:25:20.822 4973 4973 D wpa_supplicant: CTRL_IFACE: Failed to get network variable 'engine_id'
08-10 11:25:20.822 4973 4973 D wpa_supplicant: wlan0: Control interface command 'GET_NETWORK 0 key_id'
08-10 11:25:20.822 4973 4973 D wpa_supplicant: CTRL_IFACE: GET_NETWORK id=0 name='key_id'
08-10 11:25:20.822 4973 4973 D wpa_supplicant: CTRL_IFACE: Failed to get network variable 'key_id'
08-10 11:25:20.822 4973 4973 D wpa_supplicant: wlan0: Control interface command 'GET_NETWORK 0 private_key'
08-10 11:25:20.822 4973 4973 D wpa_supplicant: CTRL_IFACE: GET_NETWORK id=0 name='private_key'
08-10 11:25:20.822 4973 4973 D wpa_supplicant: CTRL_IFACE: Failed to get network variable 'private_key'
08-10 11:25:20.822 4973 4973 D wpa_supplicant: wlan0: Control interface command 'SAVE_CONFIG'
08-10 11:25:20.822 4973 4973 D wpa_supplicant: Writing configuration file '/data/misc/wifi/wpa_supplicant.conf.tmp'
08-10 11:25:20.823 4973 4973 D wpa_supplicant: Configuration file '/data/misc/wifi/wpa_supplicant.conf' written successfully
08-10 11:25:20.823 4973 4973 D wpa_supplicant: CTRL_IFACE: SAVE_CONFIG - Configuration updated
08-10 11:25:20.823 4973 4973 D wpa_supplicant: wlan0: Control interface command 'SELECT_NETWORK 0'
08-10 11:25:20.823 4973 4973 D wpa_supplicant: CTRL_IFACE: SELECT_NETWORK id=0
08-10 11:25:20.823 4973 4973 D wpa_supplicant: wlan0: Selecting BSS from priority group 2
08-10 11:25:20.823 4973 4973 D wpa_supplicant: wlan0: 0: 9c:97:26:9d:de:fb ssid='Telecom-11009531' wpa_ie_len=22 rsn_ie_len=20 caps=0x411 level=56 wps
08-10 11:25:20.823 4973 4973 D wpa_supplicant: wlan0: selected based on RSN IE
08-10 11:25:20.823 4973 4973 D wpa_supplicant: wlan0: selected BSS 9c:97:26:9d:de:fb ssid='Telecom-11009531'
08-10 11:25:20.823 4973 4973 D wpa_supplicant: wlan0: Considering connect request: reassociate: 1 selected: 9c:97:26:9d:de:fb bssid: 00:00:00:00:00:00 pending: 00:00:00:00:00:00 wpa_state: SCANNING ssid=0xb6876580 current_ssid=0xb6876580
08-10 11:25:20.823 4973 4973 D wpa_supplicant: wlan0: Request association with 9c:97:26:9d:de:fb
08-10 11:25:20.823 4973 4973 D wpa_supplicant: WPA: Unrecognized EAPOL-Key Key Data IE - hexdump(len=18): 00 10 54 65 6c 65 63 6f 6d 2d 31 31 30 30 39 35 33 31
08-10 11:25:20.823 4973 4973 D wpa_supplicant: WPA: Unrecognized EAPOL-Key Key Data IE - hexdump(len=3): 03 01 07
08-10 11:25:20.823 4973 4973 D wpa_supplicant: WPA: Unrecognized EAPOL-Key Key Data IE - hexdump(len=3): 2a 01 04
08-10 11:25:20.823 4973 4973 D wpa_supplicant: WPA: Unrecognized EAPOL-Key Key Data IE - hexdump(len=3): 2f 01 04
08-10 11:25:20.823 4973 4973 D wpa_supplicant: WPA: RSN IE in EAPOL-Key - hexdump(len=22): 30 14 01 00 00 0f ac 02 01 00 00 0f ac 04 01 00 00 0f ac 02 0c 00
08-10 11:25:20.823 4973 4973 D wpa_supplicant: WPA: Unrecognized EAPOL-Key Key Data IE - hexdump(len=24): 3d 16 07 00 17 00 00 00 00 00 00 00 00 00 00 00 00 00 00 00 00 00 00 00
08-10 11:25:20.823 4973 4973 D wpa_supplicant: WPA: WPA IE in EAPOL-Key - hexdump(len=24): dd 16 00 50 f2 01 01 00 00 50 f2 02 01 00 00 50 f2 02 01 00 00 50 f2 02
08-10 11:25:20.823 4973 4973 D wpa_supplicant: WPA: WMM Parameter Element - hexdump(len=24): 00 50 f2 02 01 01 00 00 03 a4 00 00 27 a4 00 00 42 43 5e 00 62 32 2f 00
08-10 11:25:20.823 4973 4973 D wpa_supplicant: TDLS: TDLS is allowed in the target BSS
08-10 11:25:20.823 4973 4973 D wpa_supplicant: wlan0: Add radio work 'sme-connect'@0xb6836460
08-10 11:25:20.823 4973 4973 D wpa_supplicant: wlan0: Control interface command 'RECONNECT'
08-10 11:25:20.840 4604 4929 D OpenGLRenderer: endAllStagingAnimators on 0xa0b81400 (RippleDrawable) with handle 0xa097df60
08-10 11:25:20.841 4604 4929 D OpenGLRenderer: endAllStagingAnimators on 0xa0b80980 (RippleDrawable) with handle 0xa097df00
08-10 11:25:20.872 4973 4973 D wpa_supplicant: RTM_NEWLINK: ifi_index=5 ifname=wlan0 wext ifi_family=0 ifi_flags=0x1003 ([UP])
08-10 11:25:20.872 4973 4973 D wpa_supplicant: nl80211: Event message available
08-10 11:25:20.872 4973 4973 D wpa_supplicant: nl80211: Drv Event 34 (NL80211_CMD_NEW_SCAN_RESULTS) received for wlan0
08-10 11:25:20.872 4973 4973 D wpa_supplicant: wlan0: nl80211: New scan results available
08-10 11:25:20.872 4973 4973 D wpa_supplicant: nl80211: Scan probed for SSID ''
08-10 11:25:20.872 4973 4973 D wpa_supplicant: nl80211: Scan included frequencies: 2412 2417 2422 2427 2432 2437 2442 2447 2452 2457 2462 2467 2472 2484
08-10 11:25:20.872 4973 4973 D wpa_supplicant: wlan0: Event SCAN_RESULTS (3) received
08-10 11:25:20.872 4973 4973 D wpa_supplicant: wlan0: Scan completed in 1.119413 seconds
08-10 11:25:20.872 4973 4973 D wpa_supplicant: nl80211: Received scan results (1 BSSes)
08-10 11:25:20.872 4973 4973 D wpa_supplicant: Sorted scan results
08-10 11:25:20.872 4973 4973 D wpa_supplicant: 9c:97:26:9d:de:fb freq=2442 qual=0 noise=0 level=61 flags=0x3 age=580
08-10 11:25:20.873 4973 4973 D wpa_supplicant: IEs - hexdump(len=318): 00 10 54 65 6c 65 63 6f 6d 2d 31 31 30 30 39 35 33 31 01 08 82 84 8b 96 24 30 48 6c 03 01 07 2a ...
08-10 11:25:20.873 4973 4973 D wpa_supplicant: Beacon IEs - hexdump(len=210): 00 10 54 65 6c 65 63 6f 6d 2d 31 31 30 30 39 35 33 31 01 08 82 84 8b 96 24 30 48 6c 03 01 07 05 ...
08-10 11:25:20.873 4973 4973 D wpa_supplicant: wlan0: BSS: Start scan result update 7
08-10 11:25:20.873 4973 4973 D wpa_supplicant: BSS: last_scan_res_used=1/32
08-10 11:25:20.873 4973 4973 D wpa_supplicant: Add randomness: count=9 entropy=4
08-10 11:25:20.873 4973 4973 D wpa_supplicant: random pool - hexdump(len=128): [REMOVED]
08-10 11:25:20.873 4973 4973 D wpa_supplicant: random_mix_pool - hexdump(len=8): [REMOVED]
08-10 11:25:20.873 4973 4973 D wpa_supplicant: random_mix_pool - hexdump(len=5): [REMOVED]
08-10 11:25:20.873 4973 4973 D wpa_supplicant: random pool - hexdump(len=128): [REMOVED]
08-10 11:25:20.873 4973 4973 D wpa_supplicant: wlan0: Scan-only results received
08-10 11:25:20.873 4973 4973 D wpa_supplicant: CTRL_IFACE monitor sent successfully to /data/misc/wifi/sockets/wpa_ctrl_2848-2\x00
08-10 11:25:20.873 4973 4973 D wpa_supplicant: WPS: attr type=0x104a len=1
08-10 11:25:20.873 4973 4973 D wpa_supplicant: WPS: attr type=0x1044 len=1
08-10 11:25:20.873 4973 4973 D wpa_supplicant: WPS: attr type=0x103b len=1
08-10 11:25:20.873 4973 4973 D wpa_supplicant: WPS: attr type=0x1047 len=16
08-10 11:25:20.873 4973 4973 D wpa_supplicant: WPS: attr type=0x1021 len=11
08-10 11:25:20.873 4973 4973 D wpa_supplicant: WPS: attr type=0x1023 len=14
08-10 11:25:20.873 4973 4973 D wpa_supplicant: WPS: attr type=0x1024 len=5
08-10 11:25:20.873 4973 4973 D wpa_supplicant: WPS: attr type=0x1042 len=9
08-10 11:25:20.873 4973 4973 D wpa_supplicant: WPS: attr type=0x1054 len=8
08-10 11:25:20.873 4973 4973 D wpa_supplicant: WPS: attr type=0x1011 len=7
08-10 11:25:20.873 4973 4973 D wpa_supplicant: WPS: attr type=0x1008 len=2
08-10 11:25:20.873 4973 4973 D wpa_supplicant: WPS: attr type=0x103c len=1
08-10 11:25:20.873 4973 4973 D wpa_supplicant: WPS: attr type=0x1049 len=6
08-10 11:25:20.873 4973 4973 D wpa_supplicant: WPS: WFA subelement id=0 len=1
08-10 11:25:20.873 4973 4973 D wpa_supplicant: WPS: attr type=0x104a len=1
08-10 11:25:20.873 4973 4973 D wpa_supplicant: WPS: attr type=0x1044 len=1
08-10 11:25:20.873 4973 4973 D wpa_supplicant: WPS: attr type=0x103b len=1
08-10 11:25:20.873 4973 4973 D wpa_supplicant: WPS: attr type=0x1047 len=16
08-10 11:25:20.873 4973 4973 D wpa_supplicant: WPS: attr type=0x1021 len=11
08-10 11:25:20.873 4973 4973 D wpa_supplicant: WPS: attr type=0x1023 len=14
08-10 11:25:20.873 4973 4973 D wpa_supplicant: WPS: attr type=0x1024 len=5
08-10 11:25:20.873 4973 4973 D wpa_supplicant: WPS: attr type=0x1042 len=9
08-10 11:25:20.873 4973 4973 D wpa_supplicant: WPS: attr type=0x1054 len=8
08-10 11:25:20.873 4973 4973 D wpa_supplicant: WPS: attr type=0x1011 len=7
08-10 11:25:20.873 4973 4973 D wpa_supplicant: WPS: attr type=0x1008 len=2
08-10 11:25:20.873 4973 4973 D wpa_supplicant: WPS: attr type=0x103c len=1
08-10 11:25:20.873 4973 4973 D wpa_supplicant: WPS: attr type=0x1049 len=6
08-10 11:25:20.873 4973 4973 D wpa_supplicant: WPS: WFA subelement id=0 len=1
08-10 11:25:20.873 4973 4973 D wpa_supplicant: WPS: attr type=0x104a len=1
08-10 11:25:20.873 4973 4973 D wpa_supplicant: WPS: attr type=0x1044 len=1
08-10 11:25:20.873 4973 4973 D wpa_supplicant: WPS: attr type=0x103b len=1
08-10 11:25:20.873 4973 4973 D wpa_supplicant: WPS: attr type=0x1047 len=16
08-10 11:25:20.873 4973 4973 D wpa_supplicant: WPS: attr type=0x1021 len=11
08-10 11:25:20.873 4973 4973 D wpa_supplicant: WPS: attr type=0x1023 len=14
08-10 11:25:20.873 4973 4973 D wpa_supplicant: WPS: attr type=0x1024 len=5
08-10 11:25:20.873 4973 4973 D wpa_supplicant: WPS: attr type=0x1042 len=9
08-10 11:25:20.873 4973 4973 D wpa_supplicant: WPS: attr type=0x1054 len=8
08-10 11:25:20.873 4973 4973 D wpa_supplicant: WPS: attr type=0x1011 len=7
08-10 11:25:20.873 4973 4973 D wpa_supplicant: WPS: attr type=0x1008 len=2
08-10 11:25:20.873 4973 4973 D wpa_supplicant: WPS: attr type=0x103c len=1
08-10 11:25:20.873 4973 4973 D wpa_supplicant: WPS: attr type=0x1049 len=6
08-10 11:25:20.873 4973 4973 D wpa_supplicant: WPS: WFA subelement id=0 len=1
08-10 11:25:20.873 4973 4973 D wpa_supplicant: CTRL_IFACE monitor sent successfully to /data/misc/wifi/sockets/wpa_ctrl_2848-2\x00
08-10 11:25:20.873 4973 4973 D wpa_supplicant: wlan0: Radio work 'scan'@0xb6836430 done in 1.129441 seconds
08-10 11:25:20.873 4973 4973 D wpa_supplicant: wlan0: Starting radio work 'sme-connect'@0xb6836460 after 0.050081 second wait
08-10 11:25:20.873 4973 4973 D wpa_supplicant: wlan0: Automatic auth_alg selection: 0x1
08-10 11:25:20.873 4973 4973 D wpa_supplicant: RSN: PMKSA cache search - network_ctx=0xb6876580 try_opportunistic=0
08-10 11:25:20.873 4973 4973 D wpa_supplicant: RSN: Search for BSSID 9c:97:26:9d:de:fb
08-10 11:25:20.873 4973 4973 D wpa_supplicant: RSN: No PMKSA cache entry found
08-10 11:25:20.873 4973 4973 D wpa_supplicant: wlan0: RSN: using IEEE 802.11i/D9.0
08-10 11:25:20.873 4973 4973 D wpa_supplicant: wlan0: WPA: Selected cipher suites: group 8 pairwise 16 key_mgmt 2 proto 2
08-10 11:25:20.873 4973 4973 D wpa_supplicant: wlan0: WPA: Selected mgmt group cipher 32
08-10 11:25:20.873 4973 4973 D wpa_supplicant: WPA: set AP WPA IE - hexdump(len=24): dd 16 00 50 f2 01 01 00 00 50 f2 02 01 00 00 50 f2 02 01 00 00 50 f2 02
08-10 11:25:20.873 4973 4973 D wpa_supplicant: WPA: set AP RSN IE - hexdump(len=22): 30 14 01 00 00 0f ac 02 01 00 00 0f ac 04 01 00 00 0f ac 02 0c 00
08-10 11:25:20.873 4973 4973 D wpa_supplicant: wlan0: WPA: using GTK TKIP
08-10 11:25:20.873 4973 4973 D wpa_supplicant: wlan0: WPA: using PTK CCMP
08-10 11:25:20.873 4973 4973 D wpa_supplicant: wlan0: WPA: using KEY_MGMT WPA-PSK
08-10 11:25:20.873 4973 4973 D wpa_supplicant: wlan0: WPA: not using MGMT group cipher
08-10 11:25:20.873 4973 4973 D wpa_supplicant: WPA: Set own WPA IE default - hexdump(len=22): 30 14 01 00 00 0f ac 02 01 00 00 0f ac 04 01 00 00 0f ac 02 00 00
08-10 11:25:20.873 4973 4973 D wpa_supplicant: FT: Stored MDIE and FTIE from (Re)Association Response - hexdump(len=0):
08-10 11:25:20.873 4973 4973 D wpa_supplicant: wlan0: Cancelling scan request
08-10 11:25:20.873 4973 4973 I wpa_supplicant: wlan0: SME: Trying to authenticate with 9c:97:26:9d:de:fb (SSID='Telecom-11009531' freq=2442 MHz)
08-10 11:25:20.873 4973 4973 D wpa_supplicant: CTRL_IFACE monitor sent successfully to /data/misc/wifi/sockets/wpa_ctrl_2848-2\x00
08-10 11:25:20.873 4973 4973 D wpa_supplicant: wlan0: State: SCANNING -> AUTHENTICATING
08-10 11:25:20.873 4973 4973 D wpa_supplicant: CTRL_IFACE monitor sent successfully to /data/misc/wifi/sockets/wpa_ctrl_2848-2\x00
08-10 11:25:20.873 4973 4973 D wpa_supplicant: EAPOL: External notification - EAP success=0
08-10 11:25:20.873 4973 4973 D wpa_supplicant: EAPOL: External notification - EAP fail=0
08-10 11:25:20.873 4973 4973 D wpa_supplicant: EAPOL: External notification - portControl=Auto
08-10 11:25:20.873 4973 4973 D wpa_supplicant: wlan0: Determining shared radio frequencies (max len 1)
08-10 11:25:20.873 4973 4973 D wpa_supplicant: wlan0: Shared frequencies (len=0): completed iteration
08-10 11:25:20.873 4973 4973 D wpa_supplicant: nl80211: Authenticate (ifindex=5)
08-10 11:25:20.873 4973 4973 D wpa_supplicant: * bssid=9c:97:26:9d:de:fb
08-10 11:25:20.873 4973 4973 D wpa_supplicant: * freq=2442
08-10 11:25:20.873 4973 4973 D wpa_supplicant: * SSID - hexdump(len=16): 54 65 6c 65 63 6f 6d 2d 31 31 30 30 39 35 33 31
08-10 11:25:20.873 4973 4973 D wpa_supplicant: * IEs - hexdump(len=0): [NULL]
08-10 11:25:20.873 4973 4973 D wpa_supplicant: * Auth Type 0
08-10 11:25:20.912 4973 4973 D wpa_supplicant: nl80211: Authentication request send successfully
08-10 11:25:20.912 4973 4973 D wpa_supplicant: wlan0: Control interface command 'BSS RANGE=0- MASK=0x21987'
08-10 11:25:20.912 4973 4973 D wpa_supplicant: WPS: attr type=0x104a len=1
08-10 11:25:20.912 4973 4973 D wpa_supplicant: WPS: attr type=0x1044 len=1
08-10 11:25:20.912 4973 4973 D wpa_supplicant: WPS: attr type=0x103b len=1
08-10 11:25:20.912 4973 4973 D wpa_supplicant: WPS: attr type=0x1047 len=16
08-10 11:25:20.912 4973 4973 D wpa_supplicant: WPS: attr type=0x1021 len=11
08-10 11:25:20.912 4973 4973 D wpa_supplicant: WPS: attr type=0x1023 len=14
08-10 11:25:20.912 4973 4973 D wpa_supplicant: WPS: attr type=0x1024 len=5
08-10 11:25:20.912 4973 4973 D wpa_supplicant: WPS: attr type=0x1042 len=9
08-10 11:25:20.912 4973 4973 D wpa_supplicant: WPS: attr type=0x1054 len=8
08-10 11:25:20.912 4973 4973 D wpa_supplicant: WPS: attr type=0x1011 len=7
08-10 11:25:20.912 4973 4973 D wpa_supplicant: WPS: attr type=0x1008 len=2
08-10 11:25:20.912 4973 4973 D wpa_supplicant: WPS: attr type=0x103c len=1
08-10 11:25:20.912 4973 4973 D wpa_supplicant: WPS: attr type=0x1049 len=6
08-10 11:25:20.912 4973 4973 D wpa_supplicant: WPS: WFA subelement id=0 len=1
08-10 11:25:20.912 4973 4973 D wpa_supplicant: WPS: attr type=0x104a len=1
08-10 11:25:20.912 4973 4973 D wpa_supplicant: WPS: attr type=0x1044 len=1
08-10 11:25:20.912 4973 4973 D wpa_supplicant: WPS: attr type=0x103b len=1
08-10 11:25:20.912 4973 4973 D wpa_supplicant: WPS: attr type=0x1047 len=16
08-10 11:25:20.912 4973 4973 D wpa_supplicant: WPS: attr type=0x1021 len=11
08-10 11:25:20.912 4973 4973 D wpa_supplicant: WPS: attr type=0x1023 len=14
08-10 11:25:20.912 4973 4973 D wpa_supplicant: WPS: attr type=0x1024 len=5
08-10 11:25:20.912 4973 4973 D wpa_supplicant: WPS: attr type=0x1042 len=9
08-10 11:25:20.912 4973 4973 D wpa_supplicant: WPS: attr type=0x1054 len=8
08-10 11:25:20.912 4973 4973 D wpa_supplicant: WPS: attr type=0x1011 len=7
08-10 11:25:20.912 4973 4973 D wpa_supplicant: WPS: attr type=0x1008 len=2
08-10 11:25:20.912 4973 4973 D wpa_supplicant: WPS: attr type=0x103c len=1
08-10 11:25:20.912 4973 4973 D wpa_supplicant: WPS: attr type=0x1049 len=6
08-10 11:25:20.912 4973 4973 D wpa_supplicant: WPS: WFA subelement id=0 len=1
08-10 11:25:20.912 4973 4973 D wpa_supplicant: WPS: attr type=0x104a len=1
08-10 11:25:20.912 4973 4973 D wpa_supplicant: WPS: attr type=0x1044 len=1
08-10 11:25:20.912 4973 4973 D wpa_supplicant: WPS: attr type=0x103b len=1
08-10 11:25:20.912 4973 4973 D wpa_supplicant: WPS: attr type=0x1047 len=16
08-10 11:25:20.912 4973 4973 D wpa_supplicant: WPS: attr type=0x1021 len=11
08-10 11:25:20.912 4973 4973 D wpa_supplicant: WPS: attr type=0x1023 len=14
08-10 11:25:20.912 4973 4973 D wpa_supplicant: WPS: attr type=0x1024 len=5
08-10 11:25:20.912 4973 4973 D wpa_supplicant: WPS: attr type=0x1042 len=9
08-10 11:25:20.912 4973 4973 D wpa_supplicant: WPS: attr type=0x1054 len=8
08-10 11:25:20.912 4973 4973 D wpa_supplicant: WPS: attr type=0x1011 len=7
08-10 11:25:20.912 4973 4973 D wpa_supplicant: WPS: attr type=0x1008 len=2
08-10 11:25:20.912 4973 4973 D wpa_supplicant: WPS: attr type=0x103c len=1
08-10 11:25:20.912 4973 4973 D wpa_supplicant: WPS: attr type=0x1049 len=6
08-10 11:25:20.912 4973 4973 D wpa_supplicant: WPS: WFA subelement id=0 len=1
08-10 11:25:20.912 4973 4973 D wpa_supplicant: nl80211: Event message available
08-10 11:25:20.912 4973 4973 D wpa_supplicant: nl80211: Drv Event 19 (NL80211_CMD_NEW_STATION) received for wlan0
08-10 11:25:20.912 4973 4973 D wpa_supplicant: nl80211: New station 9c:97:26:9d:de:fb
08-10 11:25:20.912 4973 4973 D wpa_supplicant: wlan0: Control interface command 'STATUS-NO_EVENTS'
08-10 11:25:20.912 2848 2964 E WifiConfigStore: rewrite network history for "Telecom-11009531"WPA_PSK
08-10 11:25:20.913 4973 4973 D wpa_supplicant: nl80211: Event message available
08-10 11:25:20.913 4973 4973 D wpa_supplicant: nl80211: Drv Event 37 (NL80211_CMD_AUTHENTICATE) received for wlan0
08-10 11:25:20.913 4973 4973 D wpa_supplicant: nl80211: MLME event 37 (NL80211_CMD_AUTHENTICATE) on wlan0(00:02:72:4a:d4:4f) A1=00:02:72:4a:d4:4f A2=9c:97:26:9d:de:fb
08-10 11:25:20.913 4973 4973 D wpa_supplicant: nl80211: MLME event frame - hexdump(len=41): b0 00 3a 01 00 02 72 4a d4 4f 9c 97 26 9d de fb 9c 97 26 9d de fb 60 f6 00 00 02 00 00 00 dd 09 ...
08-10 11:25:20.913 4973 4973 D wpa_supplicant: nl80211: Authenticate event
08-10 11:25:20.913 4973 4973 D wpa_supplicant: wlan0: Event AUTH (11) received
08-10 11:25:20.913 4973 4973 D wpa_supplicant: wlan0: SME: Authentication response: peer=9c:97:26:9d:de:fb auth_type=0 auth_transaction=2 status_code=0
08-10 11:25:20.913 4973 4973 D wpa_supplicant: SME: Authentication response IEs - hexdump(len=11): dd 09 00 10 18 02 04 00 0c 00 00
08-10 11:25:20.913 4973 4973 I wpa_supplicant: wlan0: Trying to associate with 9c:97:26:9d:de:fb (SSID='Telecom-11009531' freq=2442 MHz)
08-10 11:25:20.914 4973 4973 D wpa_supplicant: CTRL_IFACE monitor sent successfully to /data/misc/wifi/sockets/wpa_ctrl_2848-2\x00
08-10 11:25:20.914 4973 4973 D wpa_supplicant: wlan0: State: AUTHENTICATING -> ASSOCIATING
08-10 11:25:20.914 4973 4973 D wpa_supplicant: nl80211: Set wlan0 operstate 0->0 (DORMANT)
08-10 11:25:20.914 4973 4973 D wpa_supplicant: netlink: Operstate: ifindex=5 linkmode=-1 (no change), operstate=5 (IF_OPER_DORMANT)
08-10 11:25:20.914 4973 4973 D wpa_supplicant: CTRL_IFACE monitor sent successfully to /data/misc/wifi/sockets/wpa_ctrl_2848-2\x00
08-10 11:25:20.914 4973 4973 D wpa_supplicant: WPA: set own WPA/RSN IE - hexdump(len=22): 30 14 01 00 00 0f ac 02 01 00 00 0f ac 04 01 00 00 0f ac 02 00 00
08-10 11:25:20.914 4973 4973 D wpa_supplicant: nl80211: Associate (ifindex=5)
08-10 11:25:20.914 4973 4973 D wpa_supplicant: * bssid=9c:97:26:9d:de:fb
08-10 11:25:20.914 4973 4973 D wpa_supplicant: * freq=2442
08-10 11:25:20.914 4973 4973 D wpa_supplicant: * SSID - hexdump(len=16): 54 65 6c 65 63 6f 6d 2d 31 31 30 30 39 35 33 31
08-10 11:25:20.914 4973 4973 D wpa_supplicant: * IEs - hexdump(len=32): 30 14 01 00 00 0f ac 02 01 00 00 0f ac 04 01 00 00 0f ac 02 00 00 7f 08 00 00 0a 02 01 00 00 40
08-10 11:25:20.914 4973 4973 D wpa_supplicant: * WPA Versions 0x2
08-10 11:25:20.914 4973 4973 D wpa_supplicant: * pairwise=0xfac04
08-10 11:25:20.914 4973 4973 D wpa_supplicant: * group=0xfac02
08-10 11:25:20.914 4973 4973 D wpa_supplicant: * akm=0xfac02
08-10 11:25:20.914 4973 4973 D wpa_supplicant: nl80211: Association request send successfully
08-10 11:25:20.917 4973 4973 D wpa_supplicant: nl80211: Event message available
08-10 11:25:20.917 4973 4973 D wpa_supplicant: nl80211: Drv Event 38 (NL80211_CMD_ASSOCIATE) received for wlan0
08-10 11:25:20.917 4973 4973 D wpa_supplicant: nl80211: MLME event 38 (NL80211_CMD_ASSOCIATE) on wlan0(00:02:72:4a:d4:4f) A1=00:02:72:4a:d4:4f A2=9c:97:26:9d:de:fb
08-10 11:25:20.917 4973 4973 D wpa_supplicant: nl80211: MLME event frame - hexdump(len=83): 10 00 3a 01 00 02 72 4a d4 4f 9c 97 26 9d de fb 9c 97 26 9d de fb 70 f6 11 04 00 00 06 c0 01 08 ...
08-10 11:25:20.917 4973 4973 D wpa_supplicant: nl80211: Associate event
08-10 11:25:20.917 4973 4973 D wpa_supplicant: wlan0: Event ASSOC (0) received
08-10 11:25:20.917 4973 4973 D wpa_supplicant: wlan0: Association info event
08-10 11:25:20.917 4973 4973 D wpa_supplicant: resp_ies - hexdump(len=53): 01 08 82 84 8b 96 24 30 48 6c 32 04 0c 12 18 60 dd 18 00 50 f2 04 10 4a 00 01 10 10 3b 00 01 03 ...
08-10 11:25:20.917 4973 4973 D wpa_supplicant: unknown vendor specific information element ignored (vendor OUI 00:10:18 len=9)
08-10 11:25:20.917 4973 4973 D wpa_supplicant: unknown vendor specific information element ignored (vendor OUI 00:10:18 len=9)
08-10 11:25:20.917 4973 4973 D wpa_supplicant: wlan0: freq=2442 MHz
08-10 11:25:20.917 4973 4973 D wpa_supplicant: FT: Stored MDIE and FTIE from (Re)Association Response - hexdump(len=0):
08-10 11:25:20.917 4973 4973 D wpa_supplicant: wlan0: State: ASSOCIATING -> ASSOCIATED
08-10 11:25:20.917 4973 4973 D wpa_supplicant: nl80211: Set wlan0 operstate 0->0 (DORMANT)
08-10 11:25:20.917 4973 4973 D wpa_supplicant: netlink: Operstate: ifindex=5 linkmode=-1 (no change), operstate=5 (IF_OPER_DORMANT)
08-10 11:25:20.917 4973 4973 D wpa_supplicant: CTRL_IFACE monitor sent successfully to /data/misc/wifi/sockets/wpa_ctrl_2848-2\x00
08-10 11:25:20.917 4973 4973 D wpa_supplicant: wlan0: Associated to a new BSS: BSSID=9c:97:26:9d:de:fb
08-10 11:25:20.917 4973 4973 D wpa_supplicant: Add randomness: count=10 entropy=5
08-10 11:25:20.917 4973 4973 D wpa_supplicant: random pool - hexdump(len=128): [REMOVED]
08-10 11:25:20.917 4973 4973 D wpa_supplicant: random_mix_pool - hexdump(len=8): [REMOVED]
08-10 11:25:20.917 4973 4973 D wpa_supplicant: random_mix_pool - hexdump(len=6): [REMOVED]
08-10 11:25:20.917 4973 4973 D wpa_supplicant: random pool - hexdump(len=128): [REMOVED]
08-10 11:25:20.917 4973 4973 D wpa_supplicant: WPA: set AP WPA IE - hexdump(len=24): dd 16 00 50 f2 01 01 00 00 50 f2 02 01 00 00 50 f2 02 01 00 00 50 f2 02
08-10 11:25:20.917 4973 4973 D wpa_supplicant: WPA: set AP RSN IE - hexdump(len=22): 30 14 01 00 00 0f ac 02 01 00 00 0f ac 04 01 00 00 0f ac 02 0c 00
08-10 11:25:20.917 4973 4973 I wpa_supplicant: wlan0: Associated with 9c:97:26:9d:de:fb
08-10 11:25:20.917 4973 4973 D wpa_supplicant: CTRL_IFACE monitor sent successfully to /data/misc/wifi/sockets/wpa_ctrl_2848-2\x00
08-10 11:25:20.917 4973 4973 D wpa_supplicant: wlan0: WPA: Association event - clear replay counter
08-10 11:25:20.917 4973 4973 D wpa_supplicant: wlan0: WPA: Clear old PTK
08-10 11:25:20.917 4973 4973 D wpa_supplicant: TDLS: Remove peers on association
08-10 11:25:20.917 4973 4973 D wpa_supplicant: EAPOL: External notification - portEnabled=0
08-10 11:25:20.917 4973 4973 D wpa_supplicant: EAPOL: External notification - portValid=0
08-10 11:25:20.917 4973 4973 D wpa_supplicant: EAPOL: External notification - EAP success=0
08-10 11:25:20.917 4973 4973 D wpa_supplicant: EAPOL: External notification - portEnabled=1
08-10 11:25:20.917 4973 4973 D wpa_supplicant: EAPOL: SUPP_PAE entering state CONNECTING
08-10 11:25:20.917 4973 4973 D wpa_supplicant: EAPOL: enable timer tick
08-10 11:25:20.917 4973 4973 D wpa_supplicant: EAPOL: SUPP_BE entering state IDLE
08-10 11:25:20.917 4973 4973 D wpa_supplicant: wlan0: Setting authentication timeout: 10 sec 0 usec
08-10 11:25:20.917 4973 4973 D wpa_supplicant: wlan0: Cancelling scan request
08-10 11:25:20.917 4973 4973 D wpa_supplicant: RTM_NEWLINK: ifi_index=5 ifname=wlan0 operstate=5 linkmode=1 ifi_family=0 ifi_flags=0x11003 ([UP][LOWER_UP])
08-10 11:25:20.917 4973 4973 D wpa_supplicant: RTM_NEWLINK: ifi_index=5 ifname=wlan0 wext ifi_family=0 ifi_flags=0x11003 ([UP][LOWER_UP])
08-10 11:25:20.917 4973 4973 D wpa_supplicant: RTM_NEWLINK: ifi_index=5 ifname=wlan0 wext ifi_family=0 ifi_flags=0x11003 ([UP][LOWER_UP])
08-10 11:25:20.917 4973 4973 D wpa_supplicant: nl80211: Event message available
08-10 11:25:20.917 4973 4973 D wpa_supplicant: nl80211: Drv Event 46 (NL80211_CMD_CONNECT) received for wlan0
08-10 11:25:20.917 4973 4973 D wpa_supplicant: nl80211: Ignore connect event (cmd=46) when using userspace SME
08-10 11:25:20.923 4973 4973 D wpa_supplicant: wlan0: RX EAPOL from 9c:97:26:9d:de:fb
08-10 11:25:20.923 4973 4973 D wpa_supplicant: RX EAPOL - hexdump(len=99): 02 03 00 5f 02 00 8a 00 10 00 00 00 00 00 00 00 01 97 0c a0 29 6d bd 9a b4 c3 5f 42 28 ae ce ab ...
08-10 11:25:20.923 4973 4973 D wpa_supplicant: wlan0: Setting authentication timeout: 10 sec 0 usec
08-10 11:25:20.923 4973 4973 D wpa_supplicant: wlan0: IEEE 802.1X RX: version=2 type=3 length=95
08-10 11:25:20.923 4973 4973 D wpa_supplicant: WPA: RX EAPOL-Key - hexdump(len=99): 02 03 00 5f 02 00 8a 00 10 00 00 00 00 00 00 00 01 97 0c a0 29 6d bd 9a b4 c3 5f 42 28 ae ce ab ...
08-10 11:25:20.923 4973 4973 D wpa_supplicant: wlan0: EAPOL-Key type=2
08-10 11:25:20.923 4973 4973 D wpa_supplicant: wlan0: key_info 0x8a (ver=2 keyidx=0 rsvd=0 Pairwise Ack)
08-10 11:25:20.923 4973 4973 D wpa_supplicant: wlan0: key_length=16 key_data_length=0
08-10 11:25:20.923 4973 4973 D wpa_supplicant: replay_counter - hexdump(len=8): 00 00 00 00 00 00 00 01
