08-10 11:21:09.709 2848 2881 I ActivityManager: Removing system update proc: ProcessRecord{27a919ab 3060:com.android.managedprovisioning/u0a11}
08-10 11:21:09.709 2848 2881 I ActivityManager: Killing 3060:com.android.managedprovisioning/u0a11 (adj 11): system update done
08-10 11:21:09.723 2848 2881 I ActivityManager: Removing system update proc: ProcessRecord{2e143808 3079:android.process.media/u0a5}
08-10 11:21:09.723 2848 2881 I ActivityManager: Killing 3079:android.process.media/u0a5 (adj 11): system update done
08-10 11:21:09.749 2848 2881 I ActivityManager: Removing system update proc: ProcessRecord{25de7ba1 3099:com.android.settings/1000}
08-10 11:21:09.749 2848 2881 I ActivityManager: Killing 3099:com.android.settings/1000 (adj 9): system update done
08-10 11:21:09.763 2848 2881 I ActivityManager: Removing system update proc: ProcessRecord{28ebe1c6 3117:com.google.android.googlequicksearchbox:search/u0a21}
08-10 11:21:09.763 2848 2881 I ActivityManager: Killing 3117:com.google.android.googlequicksearchbox:search/u0a21 (adj 9): system update done
08-10 11:21:09.776 2848 2881 I ActivityManager: System now ready
08-10 11:21:09.776 2848 2872 W ActivityManager: Spurious death for ProcessRecord{268d38f 2993:com.android.providers.calendar/u0a1}, curProc for 2993: null
08-10 11:21:09.776 2848 3140 W ActivityManager: Spurious death for ProcessRecord{2351bffa 3036:com.google.process.gapps/u0a7}, curProc for 3036: null
08-10 11:21:09.776 2848 2870 W ActivityManager: Spurious death for ProcessRecord{27a919ab 3060:com.android.managedprovisioning/u0a11}, curProc for 3060: null
08-10 11:21:09.776 2848 3142 W ActivityManager: Spurious death for ProcessRecord{2e143808 3079:android.process.media/u0a5}, curProc for 3079: null
08-10 11:21:09.776 2848 3143 W ActivityManager: Spurious death for ProcessRecord{25de7ba1 3099:com.android.settings/1000}, curProc for 3099: null
08-10 11:21:09.776 2848 3141 W ActivityManager: Spurious death for ProcessRecord{28ebe1c6 3117:com.google.android.googlequicksearchbox:search/u0a21}, curProc for 3117: null
08-10 11:21:09.776 2848 3012 W ActivityManager: Spurious death for ProcessRecord{1e9ce225 3015:android.process.acore/u0a2}, curProc for 3015: null
08-10 11:21:09.777 2848 2881 I SystemServer: Making services ready
08-10 11:21:09.777 2848 2881 I SystemServiceManager: Starting phase 550
08-10 11:21:09.778 2848 2881 I SystemServer: WebViewFactory preparation
08-10 11:21:09.779 2848 3146 D UsbHostManager: Added device UsbDevice[mName=/dev/bus/usb/004/003,mVendorId=2766,mProductId=4625,mClass=255,mSubclass=255,mProtocol=255,mManufacturerName=ZyDAS,mProductName=USB2.0 WLAN,mSerialNumber=null,mConfigurations=[
08-10 11:21:09.779 2848 3146 D UsbHostManager: UsbConfiguration[mId=1,mName=null,mAttributes=128,mMaxPower=250,mInterfaces=[
08-10 11:21:09.779 2848 3146 D UsbHostManager: UsbInterface[mId=0,mAlternateSetting=0,mName=null,mClass=255,mSubclass=0,mProtocol=0,mEndpoints=[
08-10 11:21:09.779 2848 3146 D UsbHostManager: UsbEndpoint[mAddress=1,mAttributes=2,mMaxPacketSize=512,mInterval=0]
08-10 11:21:09.779 2848 3146 D UsbHostManager: UsbEndpoint[mAddress=130,mAttributes=2,mMaxPacketSize=512,mInterval=0]
08-10 11:21:09.779 2848 3146 D UsbHostManager: UsbEndpoint[mAddress=131,mAttributes=3,mMaxPacketSize=64,mInterval=1]
08-10 11:21:09.779 2848 3146 D UsbHostManager: UsbEndpoint[mAddress=4,mAttributes=3,mMaxPacketSize=64,mInterval=1]]]]
08-10 11:21:09.779 2848 2848 I Telecom : TelecomGlobals: TelecomGlobals initializing
08-10 11:21:09.779 2848 3146 W ContextImpl: Calling a method in the system process without a qualified user: android.app.ContextImpl.sendBroadcast:1327 com.android.server.usb.UsbSettingsManager.deviceAttached:741 com.android.server.usb.UsbHostManager.endUsbDeviceAdded:224 com.android.server.usb.UsbHostManager.monitorUsbHostBus:-2 com.android.server.usb.UsbHostManager.access$000:42
08-10 11:21:09.786 2617 2617 I art : Explicit concurrent mark sweep GC freed 699(30KB) AllocSpace objects, 0(0B) LOS objects, 39% free, 1918KB/3MB, paused 47us total 3.284ms
08-10 11:21:09.788 2848 2881 I ActivityManager: Start proc 3150:WebViewLoader-x86/1037 [android.webkit.WebViewFactory$RelroFileCreator] for
08-10 11:21:09.789 3150 3150 V WebViewFactory: RelroFileCreator (64bit = false), 32-bit lib: /system/app/webview/lib/x86/libwebviewchromium.so, 64-bit lib:
08-10 11:21:09.790 2617 2617 I art : Explicit concurrent mark sweep GC freed 5(160B) AllocSpace objects, 0(0B) LOS objects, 39% free, 1918KB/3MB, paused 43us total 3.120ms
08-10 11:21:09.790 2848 3146 D UsbHostManager: Added device UsbDevice[mName=/dev/bus/usb/003/005,mVendorId=1816,mProductId=1795,mClass=0,mSubclass=0,mProtocol=0,mManufacturerName=TDKMedia,mProductName=TF090 Drive,mSerialNumber=10J9700000001114,mConfigurations=[
08-10 11:21:09.790 2848 3146 D UsbHostManager: UsbConfiguration[mId=1,mName=null,mAttributes=128,mMaxPower=250,mInterfaces=[
08-10 11:21:09.790 2848 3146 D UsbHostManager: UsbInterface[mId=0,mAlternateSetting=0,mName=null,mClass=8,mSubclass=6,mProtocol=80,mEndpoints=[
08-10 11:21:09.790 2848 3146 D UsbHostManager: UsbEndpoint[mAddress=129,mAttributes=2,mMaxPacketSize=512,mInterval=255]
08-10 11:21:09.790 2848 3146 D UsbHostManager: UsbEndpoint[mAddress=2,mAttributes=2,mMaxPacketSize=512,mInterval=255]]]]
08-10 11:21:09.790 2848 3146 W ContextImpl: Calling a method in the system process without a qualified user: android.app.ContextImpl.sendBroadcast:1327 com.android.server.usb.UsbSettingsManager.deviceAttached:741 com.android.server.usb.UsbHostManager.endUsbDeviceAdded:224 com.android.server.usb.UsbHostManager.monitorUsbHostBus:-2 com.android.server.usb.UsbHostManager.access$000:42
08-10 11:21:09.793 2617 2617 I art : Explicit concurrent mark sweep GC freed 5(160B) AllocSpace objects, 0(0B) LOS objects, 39% free, 1918KB/3MB, paused 45us total 2.843ms
08-10 11:21:09.808 2848 3148 I ActivityManager: Start proc 3168:android.process.acore/u0a2 for content provider com.android.providers.contacts/.CallLogProvider
08-10 11:21:09.809 2848 2848 D BluetoothManagerService: Trying to bind to profile: 1, while Bluetooth was disabled
08-10 11:21:09.809 2848 2894 D BluetoothManagerService: Message: 20
08-10 11:21:09.809 2848 2894 D BluetoothManagerService: Added callback: android.bluetooth.BluetoothAdapter$1@239a1baa:true
08-10 11:21:09.809 2848 2894 D BluetoothManagerService: Message: 30
08-10 11:21:09.824 2848 2881 I ActivityManager: Start proc 3186:com.android.systemui/u0a19 for service com.android.systemui/.SystemUIService
08-10 11:21:09.824 1808 1848 I Vold : /dev/block/vold/8:33 being considered for volume usb0
08-10 11:21:09.824 1808 1848 D Vold : Volume usb0 state changing 1 (Idle-Unmounted) -> 3 (Checking)
08-10 11:21:09.824 2848 2892 D MountService: volume state changed for /storage/usb0 (unmounted -> checking)
08-10 11:21:09.824 2848 2891 D SettingsProvider: User 0 external modification to /data/data/com.android.providers.settings/databases/settings.db; event=2
08-10 11:21:09.824 2848 2892 D MountService: sendStorageIntent Intent { act=android.intent.action.MEDIA_CHECKING dat=file:///storage/usb0 flg=0x4000000 (has extras) } to UserHandle{-1}
08-10 11:21:09.824 2848 2891 D SettingsProvider: User 0 updating our caches for /data/data/com.android.providers.settings/databases/settings.db
08-10 11:21:09.825 1808 1848 I fsck_msdos: ** /dev/block/vold/8:33
08-10 11:21:09.825 2848 2881 D NetworkManagementService: not enabling bandwidth control
08-10 11:21:09.825 2848 3140 I art : DexFile_isDexOptNeeded file /system/app/UserDictionaryProvider/x86/UserDictionaryProvider.odex needs to be relocated for /system/app/UserDictionaryProvider/UserDictionaryProvider.apk
08-10 11:21:09.825 2848 3140 I PackageManager: Running patchoat on: com.android.providers.userdictionary
08-10 11:21:09.826 2848 2891 D SettingsProvider: User 0 external modification to /data/data/com.android.providers.settings/databases/settings.db; event=2
08-10 11:21:09.826 2848 2891 D SettingsProvider: User 0 updating our caches for /data/data/com.android.providers.settings/databases/settings.db
08-10 11:21:09.826 2848 2891 D SettingsProvider: User 0 external modification to /data/data/com.android.providers.settings/databases/settings.db; event=2
08-10 11:21:09.826 2848 2891 D SettingsProvider: User 0 updating our caches for /data/data/com.android.providers.settings/databases/settings.db
08-10 11:21:09.827 3201 3201 E installd: Running /system/bin/patchoat isa=x86 in-fd=5 (/system/app/UserDictionaryProvider/x86/UserDictionaryProvider.odex) out-fd=6 (/data/dalvik-cache/x86/system@app@UserDictionaryProvider@UserDictionaryProvider.apk@classes.dex)
08-10 11:21:09.830 2848 3142 I art : DexFile_isDexOptNeeded file /system/priv-app/SystemUI/x86/SystemUI.odex needs to be relocated for /system/priv-app/SystemUI/SystemUI.apk
08-10 11:21:09.830 2848 3142 I PackageManager: Running patchoat on: com.android.systemui
08-10 11:21:09.830 3211 3211 E installd: Running /system/bin/patchoat isa=x86 in-fd=5 (/system/priv-app/SystemUI/x86/SystemUI.odex) out-fd=6 (/data/dalvik-cache/x86/system@priv-app@SystemUI@SystemUI.apk@classes.dex)
08-10 11:21:09.831 2848 2848 I Telecom : TelecomGlobals: CallsManager initialized
08-10 11:21:09.831 2848 2848 W ContextImpl: Calling a method in the system process without a qualified user: android.app.ContextImpl.startService:1692 android.content.ContextWrapper.startService:516 com.android.server.telecom.BluetoothPhoneService.start:440 com.android.server.telecom.TelecomGlobals.initialize:93 com.android.server.telecom.TelecomService.onCreate:164
08-10 11:21:09.832 3168 3168 I ActivityThread: Switching default density from 160 to 240
08-10 11:21:09.832 2848 2881 W NetworkStats: bandwidth controls disabled, unable to track stats
08-10 11:21:09.832 2848 2881 W NetworkPolicy: bandwidth controls disabled, unable to enforce policy
08-10 11:21:09.839 2848 3146 D UsbHostManager: Added device UsbDevice[mName=/dev/bus/usb/003/003,mVendorId=1118,mProductId=64,mClass=0,mSubclass=0,mProtocol=0,mManufacturerName=Microsoft,mProductName=Microsoft Wheel Mouse Opticalᆴ,mSerialNumber=null,mConfigurations=[
08-10 11:21:09.839 2848 3146 D UsbHostManager: UsbConfiguration[mId=1,mName=null,mAttributes=160,mMaxPower=50,mInterfaces=[
08-10 11:21:09.839 2848 3146 D UsbHostManager: UsbInterface[mId=0,mAlternateSetting=0,mName=null,mClass=3,mSubclass=1,mProtocol=2,mEndpoints=[
08-10 11:21:09.839 2848 3146 D UsbHostManager: UsbEndpoint[mAddress=129,mAttributes=3,mMaxPacketSize=4,mInterval=10]]]]
08-10 11:21:09.839 2848 3146 W ContextImpl: Calling a method in the system process without a qualified user: android.app.ContextImpl.sendBroadcast:1327 com.android.server.usb.UsbSettingsManager.deviceAttached:741 com.android.server.usb.UsbHostManager.endUsbDeviceAdded:224 com.android.server.usb.UsbHostManager.monitorUsbHostBus:-2 com.android.server.usb.UsbHostManager.access$000:42
08-10 11:21:26.212 1809 1809 D SurfaceFlinger: Set power mode=0, type=0 flinger=0xb685c000
08-10 11:21:33.562 1808 1847 D Vold : Volume usb1 state changing 0 (No-Media) -> 2 (Pending)
08-10 11:21:33.562 1808 1847 D Vold : Volume usb1 state changing 2 (Pending) -> 1 (Idle-Unmounted)
08-10 11:21:33.563 2848 2892 D MountService: volume state changed for /storage/usb1 (removed -> unmounted)
08-10 11:21:33.563 2848 2892 D MountService: sendStorageIntent Intent { act=android.intent.action.MEDIA_UNMOUNTED dat=file:///storage/usb1 flg=0x4000000 (has extras) } to UserHandle{-1}
08-10 11:21:38.743 2848 2989 D NetUtils: dhcp_do_request failed : eth0 (new)
08-10 11:21:38.743 2848 2989 E EthernetNetworkFactory: DHCP request error:Timed out waiting for DHCP to finish
08-10 11:21:40.736 3168 3214 I ContactLocale: AddressBook Labels [en-US]: [, A, B, C, D, E, F, G, H, I, J, K, L, M, N, O, P, Q, R, S, T, U, V, W, X, Y, Z, Α, Β, Γ, Δ, Ε, Ζ, Η, Θ, Ι, Κ, Λ, Μ, Ν, Ξ, Ο, Π, Ρ, Σ, Τ, Υ, Φ, Χ, Ψ, Ω, , А, Б, В, Г, Д, Ђ, Е, Є, Ж, З, И, І, Ї, Й, Ј, К, Л, Љ, М, Н, Њ, О, П, Р, С, Т, Ћ, У, Ф, Х, Ц, Ч, Џ, Ш, Щ, Ю, Я, , א, ב, ג, ד, ה, ו, ז, ח, ט, י, כ, ל, מ, נ, ס, ע, פ, צ, ק, ר, ש, ת, , ا, ب, ت, ث, ج, ح, خ, د, ذ, ر, ز, س, ش, ص, ض, ط, ظ, ع, غ, ف, ق, ك, ل, م, ن, ه, و, ي, , ก, ข, ฃ, ค, ฅ, ฆ, ง, จ, ฉ, ช, ซ, ฌ, ญ, ฎ, ฏ, ฐ, ฑ, ฒ, ณ, ด, ต, ถ, ท, ธ, น, บ, ป, ผ, ฝ, พ, ฟ, ภ, ม, ย, ร, ฤ, ล, ฦ, ว, ศ, ษ, ส, ห, ฬ, อ, ฮ, , ㄱ, ㄴ, ㄷ, ㄹ, ㅁ, ㅂ, ㅅ, ㅇ, ㅈ, ㅊ, ㅋ, ㅌ, ㅍ, ㅎ, , あ, か, さ, た, な, は, ま, や, ら, わ, #, ]
08-10 11:21:40.747 1808 1848 I fsck_msdos: ** Phase 1 - Read FAT (compare skipped)
08-10 11:21:40.747 1808 1848 I fsck_msdos: Attempting to allocate 7679 KB for FAT
08-10 11:21:41.127 1808 1848 I fsck_msdos: ** Phase 2 - Check Cluster Chains
08-10 11:21:41.145 1808 1848 I fsck_msdos: ** Phase 3 - Checking Directories
08-10 11:21:41.305 3150 3150 I art : System.exit called, status: 0
08-10 11:21:41.305 3150 3150 I AndroidRuntime: VM exiting with result code 0, cleanup skipped.
08-10 11:21:41.323 2848 2848 D BluetoothManagerService: Trying to bind to profile: 1, while Bluetooth was disabled
08-10 11:21:41.324 2848 2894 D BluetoothManagerService: Message: 30
08-10 11:21:41.326 3186 3186 I ActivityThread: Switching default density from 160 to 240
08-10 11:21:41.326 2848 3146 D UsbHostManager: Added device UsbDevice[mName=/dev/bus/usb/003/006,mVendorId=2316,mProductId=4096,mClass=0,mSubclass=0,mProtocol=0,mManufacturerName=,mProductName=,mSerialNumber=12061285001060,mConfigurations=[
08-10 11:21:41.326 2848 3146 D UsbHostManager: UsbConfiguration[mId=1,mName=null,mAttributes=128,mMaxPower=250,mInterfaces=[
08-10 11:21:41.326 2848 3146 D UsbHostManager: UsbInterface[mId=0,mAlternateSetting=0,mName=null,mClass=8,mSubclass=6,mProtocol=80,mEndpoints=[
08-10 11:21:41.326 2848 3146 D UsbHostManager: UsbEndpoint[mAddress=129,mAttributes=2,mMaxPacketSize=512,mInterval=255]
08-10 11:21:41.326 2848 3146 D UsbHostManager: UsbEndpoint[mAddress=2,mAttributes=2,mMaxPacketSize=512,mInterval=255]]]]
08-10 11:21:41.326 2848 3146 W ContextImpl: Calling a method in the system process without a qualified user: android.app.ContextImpl.sendBroadcast:1327 com.android.server.usb.UsbSettingsManager.deviceAttached:741 com.android.server.usb.UsbHostManager.endUsbDeviceAdded:224 com.android.server.usb.UsbHostManager.monitorUsbHostBus:-2 com.android.server.usb.UsbHostManager.access$000:42
08-10 11:21:41.328 3186 3186 V SystemUIService: Starting SystemUI services.
08-10 11:21:41.334 2848 3145 V FingerprintService: startListening(android.service.fingerprint.IFingerprintServiceReceiver$Stub$Proxy@15b24d0d)
08-10 11:21:41.337 3168 3214 D ContactDirectoryManager: Found com.google.contacts.gal.provider
08-10 11:21:41.337 3168 3214 D ContactDirectoryManager: Found com.android.exchange.directory.provider
08-10 11:21:41.339 2848 2881 D PermissionMonitor: Monitoring
08-10 11:21:41.351 2616 3237 E WVMExtractor: Failed to open libwvm.so: dlopen failed: library "libwvm.so" not found
08-10 11:21:41.352 2616 2981 D NuPlayerDriver: start(0xb5c4edc0)
08-10 11:21:41.352 2616 3235 I GenericSource: start
08-10 11:21:41.353 2848 3145 I ActivityManager: Start proc 3238:com.android.exchange/u0a37 for content provider com.android.exchange/.provider.ExchangeDirectoryProvider
08-10 11:21:41.354 2848 2881 D PermissionMonitor: Users: 1, Apps: 73
08-10 11:21:41.354 2848 2881 I SystemServiceManager: Starting phase 600
08-10 11:21:41.355 2848 2973 D BluetoothManagerService: Trying to bind to profile: 1, while Bluetooth was disabled
08-10 11:21:41.355 2848 2894 D BluetoothManagerService: Message: 30
08-10 11:21:41.355 2848 2894 D BluetoothManagerService: Message: 30
08-10 11:21:41.355 2848 2848 D ZenLog : downtime: Autotrigger skipped: not in downtime
08-10 11:21:41.355 2848 2881 I BackupManagerService: Backup enabled => false
08-10 11:21:41.356 2848 2881 I BackupManagerService: Opting out of backup
08-10 11:21:41.356 2848 3144 I art : DexFile_isDexOptNeeded file /system/app/Exchange2/x86/Exchange2.odex needs to be relocated for /system/app/Exchange2/Exchange2.apk
08-10 11:21:41.356 2848 3144 I PackageManager: Running patchoat on: com.android.exchange
08-10 11:21:41.357 3264 3264 E installd: Running /system/bin/patchoat isa=x86 in-fd=5 (/system/app/Exchange2/x86/Exchange2.odex) out-fd=6 (/data/dalvik-cache/x86/system@app@Exchange2@Exchange2.apk@classes.dex)
08-10 11:21:41.360 2848 3142 W AppWidgetServiceImpl: Failed to read state: java.io.FileNotFoundException: /data/system/users/0/appwidgets.xml: open failed: ENOENT (No such file or directory)
08-10 11:21:41.360 2848 3142 V AppWidgetServiceImpl: Upgrading widget database from 0 to 1
08-10 11:21:41.363 2616 2980 D NuPlayerDriver: start(0xb502f1c0)
08-10 11:21:41.363 2616 3265 I GenericSource: start
08-10 11:21:41.446 2616 3246 W OMXNodeInstance: [e:google.mpeg4.decoder] component does not support metadata mode; using fallback
08-10 11:21:41.446 2616 3246 W OMXNodeInstance: [f:google.h263.decoder] component does not support metadata mode; using fallback
08-10 11:21:41.608 2616 3246 W OMXNodeInstance: [10:google.h264.decoder] component does not support metadata mode; using fallback
08-10 11:21:41.616 2616 3246 D SoftHEVC: Number of CPU cores: 4
08-10 11:21:41.619 2616 3246 D SoftHEVC: Initializing decoder
08-10 11:21:41.619 2616 3246 D SoftHEVC: Set number of cores to 4
08-10 11:21:41.619 2616 3246 D SoftHEVC: Ittiam decoder version number: @(#)Id:HEVCDEC_production Ver:04.01 Released by ITTIAM Build: Jul 18 2015 @ 12:54:46
08-10 11:21:41.619 2616 3246 W OMXNodeInstance: [11:google.hevc.decoder] component does not support metadata mode; using fallback
08-10 11:21:41.619 2616 3246 D SoftHEVC: Freeing codec memory
08-10 11:21:41.619 2616 3246 D SoftHEVC: Number of CPU cores: 4
08-10 11:21:41.619 2616 3246 D SoftHEVC: Initializing decoder
08-10 11:21:41.619 2616 3246 D SoftHEVC: Set number of cores to 4
08-10 11:21:41.619 2616 3246 D SoftHEVC: Ittiam decoder version number: @(#)Id:HEVCDEC_production Ver:04.01 Released by ITTIAM Build: Jul 18 2015 @ 12:54:46
08-10 11:21:41.619 2616 3246 D SoftHEVC: In SoftHEVC::~SoftHEVC
08-10 11:21:41.619 2616 3246 D SoftHEVC: Freeing codec memory
08-10 11:21:41.634 2616 3246 W OMXNodeInstance: [12:google.vp8.decoder] component does not support metadata mode; using fallback
08-10 11:21:41.635 2616 3246 W OMXNodeInstance: [13:google.vp9.decoder] component does not support metadata mode; using fallback
08-10 11:21:41.644 2616 3246 I SoftMPEG4Encoder: Construct SoftMPEG4Encoder
08-10 11:21:41.644 2616 3246 W ACodec : do not know color format 0x7f000789 = 2130708361
08-10 11:21:41.644 2616 3246 I SoftAVCEncoder: Construct SoftAVCEncoder
08-10 11:21:41.644 2616 3246 W ACodec : do not know color format 0x7f000789 = 2130708361
08-10 11:21:41.645 2616 3246 I SoftMPEG4Encoder: Construct SoftMPEG4Encoder
08-10 11:21:41.645 2616 3246 W ACodec : do not know color format 0x7f000789 = 2130708361
08-10 11:21:41.659 2616 3246 W ACodec : do not know color format 0x7f000789 = 2130708361
08-10 11:21:41.664 2616 2980 D NuPlayerDriver: reset(0xb502f1c0)
08-10 11:21:41.665 2616 3265 D NuPlayerDriver: notifyResetComplete(0xb502f1c0)
08-10 11:21:41.665 2616 2981 D NuPlayerDriver: reset(0xb5c4edc0)
08-10 11:21:41.666 2616 3235 D NuPlayerDriver: notifyResetComplete(0xb5c4edc0)
08-10 11:21:41.668 2616 2616 D NuPlayerDriver: start(0xb5c4eca0)
08-10 11:21:41.668 2616 3320 I GenericSource: start
08-10 11:21:41.669 2616 2980 D NuPlayerDriver: start(0xb502f1c0)
08-10 11:21:41.669 2616 3322 I GenericSource: start
08-10 11:21:41.671 2616 2616 D NuPlayerDriver: reset(0xb5c4eca0)
08-10 11:21:41.672 2616 3325 W ALooperRoster: failed to deliver message. Target handler 43 registered, but object gone.
08-10 11:21:41.672 2616 3320 D NuPlayerDriver: notifyResetComplete(0xb5c4eca0)
08-10 11:21:41.672 2616 2980 D NuPlayerDriver: reset(0xb502f1c0)
08-10 11:21:41.673 2616 3322 D NuPlayerDriver: notifyResetComplete(0xb502f1c0)
08-10 11:21:41.676 2616 2981 D NuPlayerDriver: start(0xb5c4edc0)
08-10 11:21:41.676 2616 3334 I GenericSource: start
08-10 11:21:41.677 2616 2616 D NuPlayerDriver: start(0xb5c4eca0)
08-10 11:21:41.677 2616 3336 I GenericSource: start
08-10 11:21:41.679 2616 2616 D NuPlayerDriver: reset(0xb5c4eca0)
08-10 11:21:41.679 2616 2981 D NuPlayerDriver: reset(0xb5c4edc0)
08-10 11:21:41.680 2616 3336 D NuPlayerDriver: notifyResetComplete(0xb5c4eca0)
08-10 11:21:41.680 2616 3334 D NuPlayerDriver: notifyResetComplete(0xb5c4edc0)
08-10 11:21:41.684 2616 2980 D NuPlayerDriver: start(0xb502f1c0)
08-10 11:21:41.684 2616 3348 I GenericSource: start
08-10 11:21:41.686 2616 2980 D NuPlayerDriver: reset(0xb502f1c0)
08-10 11:21:41.686 2616 3348 D NuPlayerDriver: notifyResetComplete(0xb502f1c0)
08-10 11:21:41.690 2616 2616 D NuPlayerDriver: start(0xb5c4eca0)
08-10 11:21:41.690 2616 3355 I GenericSource: start
08-10 11:21:41.692 2616 2616 D NuPlayerDriver: reset(0xb5c4eca0)
08-10 11:21:41.692 2616 3355 D NuPlayerDriver: notifyResetComplete(0xb5c4eca0)
08-10 11:21:41.697 2616 2981 D NuPlayerDriver: start(0xb5c4edc0)
08-10 11:21:41.697 2616 3362 I GenericSource: start
08-10 11:21:41.701 2616 2981 D NuPlayerDriver: reset(0xb5c4edc0)
08-10 11:21:41.701 2616 3362 D NuPlayerDriver: notifyResetComplete(0xb5c4edc0)
08-10 11:21:41.702 2848 2881 E InputMethodManagerService: Ignoring setImeWindowStatus due to an invalid token. uid:1000 token:null
08-10 11:21:41.704 2848 2881 W InputMethodManagerService: Reset the default IME as "Resource" is ready here.
08-10 11:21:41.705 3238 3238 I ActivityThread: Switching default density from 160 to 240
08-10 11:21:41.705 2848 2881 I InputMethodManagerService: Selected default: com.android.inputmethod.latin/.LatinIME
08-10 11:21:41.711 2848 2881 I ActivityManager: Start proc 3370:com.android.inputmethod.latin/u0a49 for service com.android.inputmethod.latin/.LatinIME
08-10 11:21:41.711 2848 2881 V InputMethodManagerService: Adding window token: android.os.Binder@26ce05ce
08-10 11:21:41.712 2848 2848 W InputMethodManagerService: Illegal subtype state: old subtype = null, new subtype = android.view.inputmethod.InputMethodSubtype@c9194f98
08-10 11:21:41.713 2848 2881 D gps_serial: GPS dev open_gps
08-10 11:21:41.713 2848 2881 D gps_serial: GPS dev get_hardware_interface
08-10 11:21:41.728 2848 3143 I ActivityManager: Start proc 3388:com.android.email/u0a36 for content provider com.android.email/.provider.EmailProvider
08-10 11:21:41.728 2848 2848 V ActivityManager: Display changed displayId=0
08-10 11:21:41.728 2848 2881 D GpsLocationProvider: Reset GPS properties, previous size = 0
08-10 11:21:41.728 2848 2881 D GpsLocationProvider: GpsParamsResource: SUPL_HOST=supl.google.com
08-10 11:21:41.728 2848 2881 D GpsLocationProvider: GpsParamsResource: SUPL_PORT=7275
08-10 11:21:41.728 2848 2881 D GpsLocationProvider: GpsParamsResource: NTP_SERVER=north-america.pool.ntp.org
08-10 11:21:41.728 2848 2881 D GpsLocationProvider: GpsParamsResource: SUPL_VER=0x20000
08-10 11:21:41.728 2848 2881 D GpsLocationProvider: GpsParamsResource: SUPL_MODE=1
08-10 11:21:41.728 2848 2881 D GpsLocationProvider: GPS properties reloaded, size = 8
08-10 11:21:41.728 2848 2881 E GpsLocationProvider: no AGPS interface in set_agps_server
08-10 11:21:41.729 2848 2881 E GpsLocationProvider: no GPS configuration interface in configuraiton_update
08-10 11:21:41.729 2848 2881 D GpsLocationProvider: final config = #Mon Aug 10 11:21:41 GMT+00:00 2015
08-10 11:21:41.729 2848 2881 D GpsLocationProvider: SUPL_VER=0x20000
08-10 11:21:41.729 2848 2881 D GpsLocationProvider: SUPL_HOST=supl.google.com
08-10 11:21:41.729 2848 2881 D GpsLocationProvider: XTRA_SERVER_3=http\://xtra3.gpsonextra.net/xtra.bin
08-10 11:21:41.729 2848 2881 D GpsLocationProvider: XTRA_SERVER_1=http\://xtra1.gpsonextra.net/xtra.bin
08-10 11:21:41.729 2848 2881 D GpsLocationProvider: SUPL_PORT=7275
08-10 11:21:41.729 2848 2881 D GpsLocationProvider: XTRA_SERVER_2=http\://xtra2.gpsonextra.net/xtra.bin
08-10 11:21:41.729 2848 2881 D GpsLocationProvider: NTP_SERVER=north-america.pool.ntp.org
08-10 11:21:41.729 2848 2881 D GpsLocationProvider: SUPL_MODE=1
08-10 11:21:41.729 2848 3142 I art : DexFile_isDexOptNeeded file /system/app/LatinIME/x86/LatinIME.odex needs to be relocated for /system/app/LatinIME/LatinIME.apk
08-10 11:21:41.729 2848 3142 I PackageManager: Running patchoat on: com.android.inputmethod.latin
08-10 11:21:41.729 3404 3404 E installd: Running /system/bin/patchoat isa=x86 in-fd=5 (/system/app/LatinIME/x86/LatinIME.odex) out-fd=6 (/data/dalvik-cache/x86/system@app@LatinIME@LatinIME.apk@classes.dex)
08-10 11:21:41.729 3186 3186 D VolumeUI: Registering volume controller
08-10 11:21:41.788 2848 3145 I art : DexFile_isDexOptNeeded file /system/app/Email/x86/Email.odex needs to be relocated for /system/app/Email/Email.apk
08-10 11:21:41.788 2848 3145 I PackageManager: Running patchoat on: com.android.email
08-10 11:21:41.788 3407 3407 E installd: Running /system/bin/patchoat isa=x86 in-fd=5 (/system/app/Email/x86/Email.odex) out-fd=6 (/data/dalvik-cache/x86/system@app@Email@Email.apk@classes.dex)
08-10 11:21:41.788 3370 3370 I ActivityThread: Switching default density from 160 to 240
08-10 11:21:42.102 3388 3388 I ActivityThread: Switching default density from 160 to 240
08-10 11:21:42.102 2848 2881 W LocationProviderProxy-network: com.google.android.gms resolves service com.android.location.service.v3.NetworkLocationProvider, but has wrong signature, ignoring
08-10 11:21:42.102 2848 2881 W LocationManagerService: no network location provider found
08-10 11:21:42.112 2848 3145 I ActivityManager: Start proc 3411:com.google.process.gapps/u0a7 for content provider com.google.android.syncadapters.contacts/.GalProvider
08-10 11:21:42.113 2848 2881 W GeocoderProxy: com.google.android.gms resolves service com.android.location.service.GeocodeProvider, but has wrong signature, ignoring
08-10 11:21:42.113 2848 2881 E LocationManagerService: no geocoder provider found
08-10 11:21:42.113 2848 2881 E FlpHardwareProvider: Error hw_get_module 'flp': -2
08-10 11:21:42.113 2848 2881 E LocationManagerService: FLP HAL not supported
08-10 11:21:42.113 2848 2848 W ResourcesManager: Asset path '/system/framework/com.android.location.provider.jar' does not exist or contains no resources.
08-10 11:21:42.113 2848 2881 W GeofenceProxy: com.google.android.gms resolves service com.android.location.service.GeofenceProvider, but has wrong signature, ignoring
08-10 11:21:42.113 2848 2881 E LocationManagerService: Unable to bind FLP Geofence proxy.
08-10 11:21:42.113 2848 2881 E ActivityRecognitionHardware: Error hw_get_module: -2
08-10 11:21:42.113 2848 2881 E LocationManagerService: Hardware Activity-Recognition not supported.
08-10 11:21:42.114 2848 3141 I PackageManager: Running dexopt on: /system/app/GoogleContactsSyncAdapter/GoogleContactsSyncAdapter.apk pkg=com.google.android.syncadapters.contacts isa=x86 vmSafeMode=false
08-10 11:21:42.114 2848 2879 D gps_serial: serial_gps_init
08-10 11:21:42.114 2848 2879 D gps_serial: gps_state_init
08-10 11:21:42.114 2848 2879 D gps_serial: no kernel-provided gps device name
08-10 11:21:42.114 2848 2879 W GpsLocationProvider: Failed to enable location provider
08-10 11:21:42.116 2848 3012 I StatusBarManagerService: registerStatusBar bar=com.android.internal.statusbar.IStatusBar$Stub$Proxy@300ac366
08-10 11:21:42.118 3430 3430 I dex2oat : /system/bin/dex2oat --zip-fd=5 --zip-location=/system/app/GoogleContactsSyncAdapter/GoogleContactsSyncAdapter.apk --oat-fd=6 --oat-location=/data/dalvik-cache/x86/system@app@GoogleContactsSyncAdapter@GoogleContactsSyncAdapter.apk@classes.dex --instruction-set=x86 --instruction-set-features=default --runtime-arg -Xms64m --runtime-arg -Xmx512m --compiler-filter=interpret-only --swap-fd=7
08-10 11:21:42.128 3430 3430 I dex2oat : Decided to run without swap.
08-10 11:21:42.136 3370 3370 I LatinIME: Hardware accelerated drawing: true
08-10 11:21:42.162 3430 3430 I dex2oat : dex2oat took 43.796ms (threads: 4) arena alloc=0B java alloc=566KB native alloc=405KB free=7MB
08-10 11:21:42.163 3388 3429 D ActivityThread: Loading provider com.android.email.provider;com.android.email.notifier: com.android.email.provider.EmailProvider
08-10 11:21:42.164 2848 2881 I CommonTimeManagementService: No common time service detected on this platform. Common time services will be unavailable.
08-10 11:21:42.164 2848 2955 I InputReader: Reconfiguring input devices. changes=0x00000020
08-10 11:21:42.164 2848 2881 I MmsServiceBroker: Delay connecting to MmsService until an API is called
08-10 11:21:42.165 2848 2891 D SettingsProvider: User 0 external modification to /data/data/com.android.providers.settings/databases/settings.db; event=2
08-10 11:21:42.165 2848 2891 D SettingsProvider: User 0 updating our caches for /data/data/com.android.providers.settings/databases/settings.db
08-10 11:21:42.165 2848 2955 I InputReader: Reconfiguring input devices. changes=0x00000010
08-10 11:21:42.166 2848 2891 D SettingsProvider: User 0 external modification to /data/data/com.android.providers.settings/databases/settings.db; event=2
08-10 11:21:42.166 2848 2891 D SettingsProvider: User 0 updating our caches for /data/data/com.android.providers.settings/databases/settings.db
08-10 11:21:42.166 3370 3370 W InputAttributes: No editor info for this field. Bug?
08-10 11:21:42.167 3388 3431 D ActivityThread: Loading provider com.android.email.provider;com.android.email.notifier: com.android.email.provider.EmailProvider
08-10 11:21:42.167 3411 3411 I ActivityThread: Switching default density from 160 to 240
08-10 11:21:42.169 3370 3443 I LatinIME:LogUtils: Dictionary info: dictionary = UserHistoryDictionary.en_US ; version = 1439205702 ; date = ?
08-10 11:21:42.169 3370 3444 I LatinIME:LogUtils: Dictionary info: dictionary = PersonalizationDictionary.en_US ; version = 1439205702 ; date = ?
08-10 11:21:42.170 3370 3445 I LatinIME:LogUtils: Dictionary info: dictionary = userunigram.en_US ; version = 1439205702 ; date = ?
08-10 11:21:42.170 3370 3446 I LatinIME:LogUtils: Dictionary info: dictionary = contacts.en_US ; version = 1439205702 ; date = ?
08-10 11:21:42.170 3370 3447 I LatinIME:LogUtils: Dictionary info: dictionary = ContextualDictionary.en_US ; version = 1439205702 ; date = ?
08-10 11:21:42.182 1808 1848 I fsck_msdos: ** Phase 4 - Checking for Lost Files
08-10 11:21:42.182 1808 1848 I fsck_msdos: Free space in FSInfo block (356866) not correct (356874)
08-10 11:21:42.182 1808 1848 I fsck_msdos: FIXED
08-10 11:21:42.182 1808 1848 I fsck_msdos: 8632 files, 2854992 free (356874 clusters)
08-10 11:21:42.182 1808 1848 I Vold : Filesystem check completed OK
08-10 11:21:42.182 1808 1848 E Vold : /dev/block/vold/8:33 failed to mount via VFAT (Device or resource busy)
08-10 11:21:42.182 1808 1848 E Vold : Volume usb0 found no suitable devices for mounting :(
08-10 11:21:42.182 1808 1848 D Vold : Volume usb0 state changing 3 (Checking) -> 1 (Idle-Unmounted)
08-10 11:21:42.182 1808 1848 W Vold : Returning OperationFailed - no handler for errno 0
08-10 11:21:42.182 1808 1848 I Vold : /dev/block/vold/8:49 being considered for volume usb1
08-10 11:21:42.182 1808 1848 D Vold : Volume usb1 state changing 1 (Idle-Unmounted) -> 3 (Checking)
08-10 11:21:42.183 2848 2892 D MountService: volume state changed for /storage/usb0 (checking -> unmounted)
08-10 11:21:42.183 2848 2956 E VoldConnector: NDC Command {5 volume mount /storage/usb0} took too long (32359ms)
08-10 11:21:42.183 2848 2956 E MountService: Boot-time mount failed (-1)
08-10 11:21:42.183 2848 2892 D MountService: sendStorageIntent Intent { act=android.intent.action.MEDIA_UNMOUNTED dat=file:///storage/usb0 flg=0x4000000 (has extras) } to UserHandle{-1}
08-10 11:21:42.183 2848 2881 I ActivityManager: Start proc 3451:com.android.phone/1001 for added application com.android.phone
08-10 11:21:42.183 2848 2881 I ActivityManager: START u0 {act=android.intent.action.MAIN cat=[android.intent.category.HOME] flg=0x10000000 cmp=org.zeroxlab.util.tscal/.TSCalibrationStartup} from uid 0 on display 0
08-10 11:21:42.184 1808 1848 I fsck_msdos: ** /dev/block/vold/8:49
08-10 11:21:42.184 2848 2881 V WindowManager: addAppToken: AppWindowToken{1275f7dd token=Token{243f4fb4 ActivityRecord{18b05487 u0 org.zeroxlab.util.tscal/.TSCalibrationStartup t1}}} to stack=0 task=1 at 0
08-10 11:21:42.184 1808 1848 I fsck_msdos: ** Phase 1 - Read FAT (compare skipped)
08-10 11:21:42.184 1808 1848 I fsck_msdos: Attempting to allocate 7596 KB for FAT
08-10 11:21:42.200 2848 2881 I ActivityManager: Start proc 3470:org.zeroxlab.util.tscal/1000 for activity org.zeroxlab.util.tscal/.TSCalibrationStartup
08-10 11:21:42.200 3388 3388 D ActivityThread: Loading provider com.android.email.provider;com.android.email.notifier: com.android.email.provider.EmailProvider
08-10 11:21:42.216 2848 2879 I ActivityManager: Start proc 3489:com.android.printspooler/u0a58 for service com.android.printspooler/.model.PrintSpoolerService
08-10 11:21:42.217 3388 3440 D ActivityThread: Loading provider com.android.email.provider;com.android.email.notifier: com.android.email.provider.EmailProvider
08-10 11:21:42.218 2848 3450 I art : DexFile_isDexOptNeeded file /system/priv-app/TelephonyProvider/x86/TelephonyProvider.odex needs to be relocated for /system/priv-app/TelephonyProvider/TelephonyProvider.apk
08-10 11:21:42.218 2848 3450 I PackageManager: Running patchoat on: com.android.providers.telephony
08-10 11:21:42.218 3507 3507 E installd: Running /system/bin/patchoat isa=x86 in-fd=5 (/system/priv-app/TelephonyProvider/x86/TelephonyProvider.odex) out-fd=6 (/data/dalvik-cache/x86/system@priv-app@TelephonyProvider@TelephonyProvider.apk@classes.dex)
08-10 11:21:42.219 3411 3411 I GservicesProvider: Gservices pushing to system: true; secure/global: true
08-10 11:21:42.222 2848 3450 I art : DexFile_isDexOptNeeded file /system/priv-app/TeleService/x86/TeleService.odex needs to be relocated for /system/priv-app/TeleService/TeleService.apk
08-10 11:21:42.222 2848 3450 I PackageManager: Running patchoat on: com.android.phone
08-10 11:21:42.222 3511 3511 E installd: Running /system/bin/patchoat isa=x86 in-fd=5 (/system/priv-app/TeleService/x86/TeleService.odex) out-fd=6 (/data/dalvik-cache/x86/system@priv-app@TeleService@TeleService.apk@classes.dex)
08-10 11:21:42.250 2848 2848 V WiredAccessoryManager: notifyWiredAccessoryChanged: when=0 bits= mask=54
08-10 11:21:42.250 2848 2848 V WiredAccessoryManager: newName=h2w newState=32 headsetState=32 prev headsetState=0
08-10 11:21:42.250 2848 2848 V WiredAccessoryManager: init()
08-10 11:21:42.251 3451 3451 I ActivityThread: Switching default density from 160 to 240
08-10 11:21:42.252 3470 3470 I ActivityThread: Switching default density from 160 to 240
08-10 11:21:42.266 2848 2893 I ActivityManager: Start proc 3516:com.google.android.googlequicksearchbox:interactor/u0a21 for service com.google.android.googlequicksearchbox/com.google.android.voiceinteraction.GsaVoiceInteractionService
08-10 11:21:42.267 2848 2892 D MountService: volume state changed for /storage/usb1 (unmounted -> checking)
08-10 11:21:42.267 2848 2892 D MountService: sendStorageIntent Intent { act=android.intent.action.MEDIA_CHECKING dat=file:///storage/usb1 flg=0x4000000 (has extras) } to UserHandle{-1}
08-10 11:21:42.282 2848 2881 I ActivityManager: Start proc 3535:com.android.externalstorage/u0a6 for broadcast com.android.externalstorage/.MountReceiver
08-10 11:21:42.283 3388 3500 D ActivityThread: Loading provider com.android.email.provider;com.android.email.notifier: com.android.email.provider.EmailProvider
08-10 11:21:42.283 2848 2872 I art : DexFile_isDexOptNeeded file /system/app/PrintSpooler/x86/PrintSpooler.odex needs to be relocated for /system/app/PrintSpooler/PrintSpooler.apk
08-10 11:21:42.283 2848 2872 I PackageManager: Running patchoat on: com.android.printspooler
08-10 11:21:42.283 3546 3546 E installd: Running /system/bin/patchoat isa=x86 in-fd=5 (/system/app/PrintSpooler/x86/PrintSpooler.odex) out-fd=6 (/data/dalvik-cache/x86/system@app@PrintSpooler@PrintSpooler.apk@classes.dex)
08-10 11:21:42.286 2617 2617 I art : Explicit concurrent mark sweep GC freed 706(30KB) AllocSpace objects, 0(0B) LOS objects, 39% free, 1918KB/3MB, paused 40us total 3.233ms
08-10 11:21:42.288 2617 2617 I art : Explicit concurrent mark sweep GC freed 5(160B) AllocSpace objects, 0(0B) LOS objects, 39% free, 1918KB/3MB, paused 37us total 2.602ms
08-10 11:21:42.291 2617 2617 I art : Explicit concurrent mark sweep GC freed 5(160B) AllocSpace objects, 0(0B) LOS objects, 39% free, 1918KB/3MB, paused 37us total 2.521ms
08-10 11:21:42.314 2848 2848 V WiredAccessoryManager: device h2w connected
08-10 11:21:42.322 2848 3141 I art : DexFile_isDexOptNeeded file /system/priv-app/ExternalStorageProvider/x86/ExternalStorageProvider.odex needs to be relocated for /system/priv-app/ExternalStorageProvider/ExternalStorageProvider.apk
08-10 11:21:42.323 2848 3141 I PackageManager: Running patchoat on: com.android.externalstorage
08-10 11:21:42.323 3554 3554 E installd: Running /system/bin/patchoat isa=x86 in-fd=5 (/system/priv-app/ExternalStorageProvider/x86/ExternalStorageProvider.odex) out-fd=6 (/data/dalvik-cache/x86/system@priv-app@ExternalStorageProvider@ExternalStorageProvider.apk@classes.dex)
08-10 11:21:42.323 2616 2980 D AudioPolicyManager: setDeviceConnectionState() could not find HW module for device 00020000
08-10 11:21:42.325 3489 3489 I ActivityThread: Switching default density from 160 to 240
08-10 11:21:42.326 3516 3516 I ActivityThread: Switching default density from 160 to 240
08-10 11:21:42.326 3489 3489 I PrintSpoolerService: No existing print spooler state.
08-10 11:21:42.327 2848 3140 W ActivityManager: Unable to start service Intent { act=com.android.mail.action.BACKUP_DATA_CHANGED pkg=com.android.email } U=0: not found
08-10 11:21:42.328 2848 2848 D BackupManagerService: Received broadcast Intent { act=android.intent.action.PACKAGE_CHANGED dat=package:com.google.android.googlequicksearchbox flg=0x4000010 (has extras) }
08-10 11:21:42.331 2848 2848 D BackupManagerService: Received broadcast Intent { act=android.intent.action.PACKAGE_CHANGED dat=package:com.google.android.gsf flg=0x4000010 (has extras) }
08-10 11:21:42.331 2848 2848 D GpsNetInitiatedHandler: location enabled :true
08-10 11:21:42.332 2848 2894 D BluetoothManagerService: Message: 300
08-10 11:21:42.332 2848 2894 D BluetoothManagerService: MESSAGE_USER_SWITCHED
08-10 11:21:42.333 2848 3145 W ActivityManager: Unable to start service Intent { act=com.android.mail.action.BACKUP_DATA_CHANGED pkg=com.android.email } U=0: not found
08-10 11:21:42.333 2848 3450 I ActivityManager: Force stopping org.zeroxlab.util.tscal appid=1000 user=0: pkg changed
08-10 11:21:42.334 2848 3450 I ActivityManager: Killing 3470:org.zeroxlab.util.tscal/1000 (adj 0): stop org.zeroxlab.util.tscal
08-10 11:21:42.336 3370 3444 I LatinIME:LogUtils: Dictionary info: dictionary = PersonalizationDictionary.en_US ; version = 1439205702 ; date = ?
08-10 11:21:42.336 3370 3444 I LatinIME:LogUtils: Dictionary info: dictionary = PersonalizationDictionary.en_US ; version = 1439205702 ; date = ?
08-10 11:21:42.339 3535 3535 I ActivityThread: Switching default density from 160 to 240
08-10 11:21:42.341 3535 3535 D ExternalStorage: After updating volumes, found 1 active roots
08-10 11:21:42.342 1809 2117 D PermissionCache: checking android.permission.HARDWARE_TEST for uid=1000 => granted (4276 us)
08-10 11:21:42.360 2848 3450 I ActivityManager: Force finishing activity 3 ActivityRecord{18b05487 u0 org.zeroxlab.util.tscal/.TSCalibrationStartup t1}
08-10 11:21:42.360 2848 3450 I ActivityManager: START u0 {act=android.intent.action.MAIN cat=[android.intent.category.HOME] flg=0x10000000 cmp=com.android.settings/.CryptKeeper} from uid 0 on display 0
08-10 11:21:42.361 2848 3450 V WindowManager: addAppToken: AppWindowToken{2c3ce1d3 token=Token{2f446fc2 ActivityRecord{1440d40d u0 com.android.settings/.CryptKeeper t2}}} to stack=0 task=2 at 0
08-10 11:21:42.364 2848 3141 W ActivityManager: Unable to start service Intent { act=com.android.mail.action.BACKUP_DATA_CHANGED pkg=com.android.email } U=0: not found
08-10 11:21:42.365 2848 3142 W ActivityManager: Unable to start service Intent { act=com.android.mail.action.BACKUP_DATA_CHANGED pkg=com.android.email } U=0: not found
08-10 11:21:42.365 2848 2870 W ActivityManager: Spurious death for ProcessRecord{27edc60e 3470:org.zeroxlab.util.tscal/1000}, curProc for 3470: null
08-10 11:21:42.365 2848 3450 W ActivityManager: Unable to start service Intent { act=com.android.mail.action.BACKUP_DATA_CHANGED pkg=com.android.email } U=0: not found
08-10 11:21:42.365 2848 2955 I InputReader: Reconfiguring input devices. changes=0x00000010
08-10 11:21:42.371 3535 3535 D ExternalStorage: After updating volumes, found 1 active roots
08-10 11:21:42.371 2848 3449 W ActivityManager: Unable to start service Intent { act=com.android.mail.action.BACKUP_DATA_CHANGED pkg=com.android.email } U=0: not found
08-10 11:21:42.378 3370 3556 I LatinIME:LogUtils: Dictionary info: dictionary = main:de ; version = 44 ; date = 1393228134
08-10 11:21:42.388 2848 3448 I ActivityManager: Start proc 3558:android.process.media/u0a5 for broadcast com.android.providers.media/.MediaScannerReceiver
08-10 11:21:42.388 2848 3144 W ActivityManager: Unable to start service Intent { act=com.android.mail.action.BACKUP_DATA_CHANGED pkg=com.android.email } U=0: not found
08-10 11:21:42.388 3370 3556 I LatinIME:LogUtils: Dictionary info: dictionary = main:fr ; version = 45 ; date = 1400639634
08-10 11:21:42.391 2848 2848 D BackupManagerService: Received broadcast Intent { act=android.intent.action.PACKAGE_CHANGED dat=package:org.zeroxlab.util.tscal flg=0x4000010 (has extras) }
08-10 11:21:42.399 3238 3238 I Exchange: EasService.onCreate
08-10 11:21:42.399 3370 3556 I LatinIME:LogUtils: Dictionary info: dictionary = main:es ; version = 49 ; date = 1404131686
08-10 11:21:42.401 3238 3580 I Exchange: RestartPingTask
08-10 11:21:42.409 3370 3556 I LatinIME:LogUtils: Dictionary info: dictionary = main:it ; version = 44 ; date = 1393228135
08-10 11:21:42.412 2848 2848 I FusedLocation: engine started (com.android.location.fused)
08-10 11:21:42.418 2848 3142 I ActivityManager: Start proc 3583:com.google.android.googlequicksearchbox:search/u0a21 for service com.google.android.googlequicksearchbox/com.google.android.hotword.service.HotwordService
08-10 11:21:42.418 2848 2870 I art : DexFile_isDexOptNeeded file /system/priv-app/DownloadProvider/x86/DownloadProvider.odex needs to be relocated for /system/priv-app/DownloadProvider/DownloadProvider.apk
08-10 11:21:42.418 2848 2870 I PackageManager: Running patchoat on: com.android.providers.downloads
08-10 11:21:42.418 3602 3602 E installd: Running /system/bin/patchoat isa=x86 in-fd=5 (/system/priv-app/DownloadProvider/x86/DownloadProvider.odex) out-fd=6 (/data/dalvik-cache/x86/system@priv-app@DownloadProvider@DownloadProvider.apk@classes.dex)
08-10 11:21:42.420 3370 3556 I LatinIME:LogUtils: Dictionary info: dictionary = main:ru ; version = 50 ; date = 1406597821
08-10 11:21:42.430 3370 3556 I LatinIME:LogUtils: Dictionary info: dictionary = main:en ; version = 47 ; date = 1402373178
08-10 11:21:42.447 2848 2870 I ActivityManager: Start proc 3604:com.android.settings/1000 for activity com.android.settings/.CryptKeeper
08-10 11:21:42.448 2848 2872 W ActivityManager: Unable to start service Intent { cmp=com.android.email/.service.AttachmentService } U=0: not found
08-10 11:21:42.448 2848 3478 W ActivityManager: Unable to start service Intent { cmp=com.android.email/.service.AttachmentService } U=0: not found
08-10 11:21:42.448 2848 3012 W ActivityManager: Unable to start service Intent { cmp=com.android.email/.service.AttachmentService } U=0: not found
08-10 11:21:42.452 3558 3558 I ActivityThread: Switching default density from 160 to 240
08-10 11:21:42.454 3583 3583 I ActivityThread: Switching default density from 160 to 240
08-10 11:21:42.459 3370 3556 I LatinIME:LogUtils: Dictionary info: dictionary = main:en ; version = 47 ; date = 1402373178
08-10 11:21:42.462 3604 3604 I ActivityThread: Switching default density from 160 to 240
08-10 11:21:42.462 3370 3556 I LatinIME:LogUtils: Dictionary info: dictionary = main:en ; version = 47 ; date = 1402373178
08-10 11:21:42.463 3370 3556 I LatinIME:LogUtils: Dictionary info: dictionary = main:en ; version = 47 ; date = 1402373178
08-10 11:21:42.464 3168 3214 I ContactDirectoryManager: deleted 0 stale rows which don't have any relevant directory
08-10 11:21:42.464 3168 3214 I ContactDirectoryManager: Discovered 0 contact directories in 1135ms
08-10 11:21:42.465 2848 2968 D WifiService: New client listening to asynchronous messages
08-10 11:21:42.467 3370 3556 I LatinIME:LogUtils: Dictionary info: dictionary = main:en ; version = 47 ; date = 1402373178
08-10 11:21:42.467 3583 3630 I Search.SharedPreferencesProto: load shared preferences: file not found
08-10 11:21:42.468 3370 3556 I LatinIME:LogUtils: Dictionary info: dictionary = main:en ; version = 47 ; date = 1402373178
08-10 11:21:42.469 3370 3556 I LatinIME:LogUtils: Dictionary info: dictionary = main:en ; version = 47 ; date = 1402373178
08-10 11:21:42.471 3370 3556 I LatinIME:LogUtils: Dictionary info: dictionary = main:en ; version = 47 ; date = 1402373178
08-10 11:21:42.471 3583 3635 I Search.SharedPreferencesProto: load shared preferences: file not found
08-10 11:21:42.472 3583 3583 E ActivityThread: Failed to find provider info for com.google.android.voicesearch
08-10 11:21:42.473 2848 3449 I ActivityManager: START u0 {act=android.intent.action.MAIN cat=[android.intent.category.HOME] flg=0x10000000 cmp=com.google.android.setupwizard/.SetupWizardActivity} from uid 0 on display 0
08-10 11:21:42.477 2848 3449 V WindowManager: addAppToken: AppWindowToken{26d44c71 token=Token{3c0e8a18 ActivityRecord{225029fb u0 com.google.android.setupwizard/.SetupWizardActivity t3}}} to stack=0 task=3 at 0
08-10 11:21:42.477 3558 3558 I MediaProvider: Upgrading media database from version 0 to 800, which will destroy all old data
08-10 11:21:42.477 2848 2848 I ValidateNoPeople: mEvictionCount: 0
08-10 11:21:42.479 3168 3214 I ContactsProvider: Upgrading aggregation algorithm
08-10 11:21:42.479 3168 3214 I ContactAggregator: Marked all visible contacts for aggregation: 0 raw contacts, 0 ms
08-10 11:21:42.479 3168 3214 I ContactsProvider: Aggregation algorithm upgraded for 0 raw contacts in 0ms
08-10 11:21:42.479 3388 3628 I Email : Observing account changes for notifications
08-10 11:21:42.483 3168 3214 I ContactsFTS: Rebuild contact search index in 3ms, 0 contacts
08-10 11:21:42.492 2848 3449 I ActivityManager: Start proc 3637:com.google.android.setupwizard/u0a17 for activity com.google.android.setupwizard/.SetupWizardActivity
08-10 11:21:42.493 2848 3143 W ActivityManager: Unable to start service Intent { cmp=com.android.email/.service.AttachmentService } U=0: not found
08-10 11:21:42.493 2848 3599 W ActivityManager: Unable to start service Intent { cmp=com.android.email/.service.AttachmentService } U=0: not found
08-10 11:21:42.496 2848 2894 D BluetoothManagerService: Message: 20
08-10 11:21:42.496 2848 2894 D BluetoothManagerService: Added callback: android.bluetooth.IBluetoothManagerCallback$Stub$Proxy@29279665:true
08-10 11:21:42.497 3186 3186 D BluetoothAdapter: 65575190: getState() : mService = null. Returning STATE_OFF
08-10 11:21:42.497 3186 3622 D BluetoothAdapter: 65575190: getState() : mService = null. Returning STATE_OFF
08-10 11:21:42.497 2848 2894 D BluetoothManagerService: Message: 30
08-10 11:21:42.497 2848 3141 I PackageManager: Running dexopt on: /system/priv-app/SetupWizard/SetupWizard.apk pkg=com.google.android.setupwizard isa=x86 vmSafeMode=false
08-10 11:21:42.499 3451 3451 D TelephonyProvider: dbh.onCreate:+ db=SQLiteDatabase: /data/data/com.android.providers.telephony/databases/telephony.db
08-10 11:21:42.499 3451 3451 D TelephonyProvider: dbh.createSimInfoTable:+
08-10 11:21:42.499 3451 3451 D TelephonyProvider: dbh.createSimInfoTable:-
08-10 11:21:42.499 3451 3451 D TelephonyProvider: dbh.createCarriersTable:+
08-10 11:21:42.499 3451 3451 D TelephonyProvider: dbh.createCarriersTable:-
08-10 11:21:42.499 3451 3451 D TelephonyProvider: No APNs in OEM image = /oem/telephony/apns-conf.xml Load APNs from system image
08-10 11:21:42.499 3451 3451 D TelephonyProvider: confFile = /system/etc/apns-conf.xml
08-10 11:21:42.500 3558 3558 D MediaProvider: Adjusting external storage paths to: /storage/emulated/0
08-10 11:21:42.501 3656 3656 I dex2oat : /system/bin/dex2oat --zip-fd=5 --zip-location=/system/priv-app/SetupWizard/SetupWizard.apk --oat-fd=6 --oat-location=/data/dalvik-cache/x86/system@priv-app@SetupWizard@SetupWizard.apk@classes.dex --instruction-set=x86 --instruction-set-features=default --runtime-arg -Xms64m --runtime-arg -Xmx512m --compiler-filter=interpret-only --swap-fd=7
08-10 11:21:42.515 1808 1848 I fsck_msdos: ** Phase 2 - Check Cluster Chains
08-10 11:21:42.515 3558 3558 E SQLiteLog: (1) no such table: album_info
08-10 11:21:42.528 1808 1848 I fsck_msdos: ** Phase 3 - Checking Directories
08-10 11:21:42.544 3656 3656 I dex2oat : Decided to run without swap.
08-10 11:21:42.565 1808 1848 I fsck_msdos: ** Phase 4 - Checking for Lost Files
08-10 11:21:42.565 1808 1848 I fsck_msdos: 232 files, 1853344 free (902266 clusters)
08-10 11:21:42.566 1808 1848 I Vold : Filesystem check completed OK
08-10 11:21:42.587 1808 1848 D Vold : blkid identified as /dev/block/vold/8:49: LABEL="30GB_LAB" UUID="74BF-FF92" TYPE="vfat"
08-10 11:21:42.590 1808 1848 D Vold : Volume usb1 state changing 3 (Checking) -> 4 (Mounted)
08-10 11:21:42.590 2848 2892 D MountService: volume state changed for /storage/usb1 (checking -> mounted)
08-10 11:21:42.590 2848 2956 E MountService: Boot-time mount failed (-1)
08-10 11:21:42.590 2848 2956 W MountService: Duplicate state transition (mounted -> mounted) for /storage/emulated/0
08-10 11:21:42.590 2848 3226 E VoldConnector: NDC Command {6 volume mount /storage/usb1} took too long (1265ms)
