08-10 13:24:51.401 5318 5318 W Settings: Setting download_manager_max_bytes_over_mobile has moved from android.provider.Settings.Secure to android.provider.Settings.Global.
08-10 13:24:51.401 5318 5318 W Settings: Setting download_manager_recommended_max_bytes_over_mobile has moved from android.provider.Settings.Secure to android.provider.Settings.Global.
08-10 13:24:51.402 5359 5359 I ActivityThread: Switching default density from 160 to 240
08-10 13:24:51.402 5318 5318 W Finsky : [1] FinskyApp.getCurrentAccount: No account configured on this device.
08-10 13:24:51.402 5318 5318 W Finsky : [1] FinskyApp.getDfeApi: No account configured on this device.
08-10 13:24:51.403 5359 5359 W ResourcesManager: Asset path '/system/framework/com.android.media.remotedisplay.jar' does not exist or contains no resources.
08-10 13:24:51.403 5359 5359 W ResourcesManager: Asset path '/system/framework/com.android.location.provider.jar' does not exist or contains no resources.
08-10 13:24:51.406 5204 5381 D PackageBroadcastService: Received broadcast action=android.intent.action.PACKAGE_CHANGED and uri=com.android.vending
08-10 13:24:51.406 5359 5359 I MultiDex: VM with version 2.1.0 has multidex support
08-10 13:24:51.406 5359 5359 I MultiDex: install
08-10 13:24:51.406 5359 5359 I MultiDex: VM has multidex support, MultiDex support library is disabled.
08-10 13:24:51.407 4695 4695 W Launcher: setApplicationContext called twice! old=com.android.launcher3.LauncherApplication@1f2bcedb new=com.android.launcher3.LauncherApplication@1f2bcedb
08-10 13:24:51.409 5282 5383 I UpdateIcingCorporaServi: Updating corpora: APPS=com.android.vending, CONTACTS=MAYBE
08-10 13:24:51.412 5359 5359 I ProviderInstaller: Insert disabled by gate 'gms:security:enable_conscrypt_in_gms_application'
08-10 13:24:51.417 5204 5385 I PeopleContactsSync: CP2 sync disabled
08-10 13:24:51.419 4695 4695 W Launcher: setApplicationContext called twice! old=com.android.launcher3.LauncherApplication@1f2bcedb new=com.android.launcher3.LauncherApplication@1f2bcedb
08-10 13:24:51.422 5242 5242 D GCM : COMPAT: Multi user ser=0 current=0
08-10 13:24:51.423 5318 5318 D Finsky : [1] GmsCoreHelper.cleanupNlp: result=false type=4
08-10 13:24:51.423 5204 5392 I Icing : Storage manager: low false usage 0 Bytes avail 1.30GB capacity 1.46GB
08-10 13:24:51.424 5204 5394 D PackageBroadcastService: Received broadcast action=android.intent.action.PACKAGE_CHANGED and uri=com.google.android.gms
08-10 13:24:51.425 5204 5394 I PackageBroadcastService: Null package name or gms related package. Ignoreing.
08-10 13:24:51.427 5318 5318 D Finsky : [1] RestoreTracker.stopServiceIfDone: Restore complete with 0 success and 0 failed.
08-10 13:24:51.433 5242 5242 I GoogleURLConnFactory: Using platform SSLCertificateSocketFactory
08-10 13:24:51.436 5204 5392 E Icing : Error initializing, resetting corpora: Could not create native index
08-10 13:24:51.437 5204 5392 E Icing : Internal init failed
08-10 13:24:51.438 5204 5271 E Icing : Couldn't handle android.intent.action.PACKAGE_CHANGED intent due to initialization failure.
08-10 13:24:51.440 5204 5386 E Icing : Not initialized
08-10 13:24:51.440 5204 5397 E Icing : Couldn't handle android.intent.action.PACKAGE_CHANGED intent due to initialization failure.
08-10 13:24:51.440 5282 5383 E .AppDataSearchProvider: Could not connect to AppDataSearchClient for registerCorpora, error 16
08-10 13:24:51.440 5282 5383 W IcingCorporaProvider: Corpora registration failed
08-10 13:24:51.446 5318 5318 V Finsky : [1] GearheadStateMonitor.onReady: sIsProjecting:false
08-10 13:24:51.446 5359 5376 I CAR.SERVICE: listener not found in list
08-10 13:24:51.447 5282 5383 I ApplicationLogger: canRun() : Opted Out
08-10 13:24:51.447 5282 5383 I UpdateIcingCorporaServi: UpdateCorporaTask done [took 38 ms] updated apps [took 38 ms]
08-10 13:24:51.447 5242 5242 I GCM : GCM config loaded
08-10 13:24:51.447 5282 5383 I UpdateIcingCorporaServi: Updating corpora: APPS=com.google.android.gms, CONTACTS=MAYBE
08-10 13:24:51.448 5242 5242 D GCM : GcmService start Intent { act=com.google.android.gms.INITIALIZE flg=0x10 pkg=com.google.android.gms cmp=com.google.android.gms/.gcm.GcmService } com.google.android.gms.INITIALIZE
08-10 13:24:51.449 5204 5401 E Icing : Not initialized
08-10 13:24:51.449 5282 5383 E .AppDataSearchProvider: Could not connect to AppDataSearchClient for registerCorpora, error 16
08-10 13:24:51.449 5282 5383 W IcingCorporaProvider: Corpora registration failed
08-10 13:24:51.449 5242 5242 D AuthorizationBluetoothService: Received GmsCore event: Intent { act=com.google.android.gms.INITIALIZE flg=0x10 pkg=com.google.android.gms cmp=com.google.android.gms/.auth.be.proximity.authorization.bt.AuthorizationBluetoothService$AutoStarter }.
08-10 13:24:51.450 5242 5242 D c : Getting all permits...
08-10 13:24:51.450 5242 5242 D a : Opening database...
08-10 13:24:51.451 5242 5242 D a : Creating database auth.proximity.permit_store...
08-10 13:24:51.451 5242 5242 D b : Creating table: permit
08-10 13:24:51.452 5242 5242 D b : Creating table: permit__requester_access
08-10 13:24:51.452 5242 5242 D a : Opening database auth.proximity.permit_store...
08-10 13:24:51.452 5242 5242 D a : Closing database...
08-10 13:24:51.453 5282 5383 I ApplicationLogger: canRun() : Opted Out
08-10 13:24:51.453 5204 5204 V GmsCoreStatsServiceLauncher: Received broadcast intent Intent { act=com.google.android.gms.INITIALIZE flg=0x10 pkg=com.google.android.gms cmp=com.google.android.gms/.common.stats.GmsCoreStatsServiceLauncher }
08-10 13:24:51.453 5282 5383 I UpdateIcingCorporaServi: UpdateCorporaTask done [took 6 ms] updated apps [took 6 ms]
08-10 13:24:51.459 5242 5242 D GCM : GcmService start Intent { act=com.google.android.gms.INITIALIZE flg=0x10 pkg=com.google.android.gms cmp=com.google.android.gms/.gcm.GcmService } com.google.android.gms.INITIALIZE
08-10 13:24:51.460 5204 5410 D LocationInitializer: Restart initialization of location
08-10 13:24:51.461 5242 5242 D AuthorizationBluetoothService: Received GmsCore event: Intent { act=com.google.android.gms.INITIALIZE flg=0x10 pkg=com.google.android.gms cmp=com.google.android.gms/.auth.be.proximity.authorization.bt.AuthorizationBluetoothService$AutoStarter }.
08-10 13:24:51.461 5242 5242 D c : Getting all permits...
08-10 13:24:51.461 5242 5242 D a : Opening database...
08-10 13:24:51.461 5242 5242 D a : Opening database auth.proximity.permit_store...
08-10 13:24:51.462 5242 5242 D a : Closing database...
08-10 13:24:51.462 5204 5204 V GmsCoreStatsServiceLauncher: Received broadcast intent Intent { act=com.google.android.gms.INITIALIZE flg=0x10 pkg=com.google.android.gms cmp=com.google.android.gms/.common.stats.GmsCoreStatsServiceLauncher }
08-10 13:24:51.482 2848 2872 I ActivityManager: Start proc 5412:com.google.android.gms.wearable/u0a7 for service com.google.android.gms/.wearable.service.WearableService
08-10 13:24:51.486 5412 5412 I ActivityThread: Switching default density from 160 to 240
08-10 13:24:51.487 5412 5412 W ResourcesManager: Asset path '/system/framework/com.android.media.remotedisplay.jar' does not exist or contains no resources.
08-10 13:24:51.487 5412 5412 W ResourcesManager: Asset path '/system/framework/com.android.location.provider.jar' does not exist or contains no resources.
08-10 13:24:51.487 5242 5242 D GCM : GcmService start Intent { act=com.google.android.gms.INITIALIZE flg=0x10 pkg=com.google.android.gms cmp=com.google.android.gms/.gcm.GcmService } com.google.android.gms.INITIALIZE
08-10 13:24:51.488 5204 5430 D LocationInitializer: Restart initialization of location
08-10 13:24:51.488 5242 5242 D AuthorizationBluetoothService: Received GmsCore event: Intent { act=com.google.android.gms.INITIALIZE flg=0x10 pkg=com.google.android.gms cmp=com.google.android.gms/.auth.be.proximity.authorization.bt.AuthorizationBluetoothService$AutoStarter }.
08-10 13:24:51.488 5242 5242 D c : Getting all permits...
08-10 13:24:51.488 5242 5242 D a : Opening database...
08-10 13:24:51.489 5242 5242 D a : Opening database auth.proximity.permit_store...
08-10 13:24:51.489 5242 5242 D a : Closing database...
08-10 13:24:51.490 5204 5204 V GmsCoreStatsServiceLauncher: Received broadcast intent Intent { act=com.google.android.gms.INITIALIZE flg=0x10 pkg=com.google.android.gms cmp=com.google.android.gms/.common.stats.GmsCoreStatsServiceLauncher }
08-10 13:24:51.490 5412 5412 I MultiDex: VM with version 2.1.0 has multidex support
08-10 13:24:51.490 5412 5412 I MultiDex: install
08-10 13:24:51.490 5412 5412 I MultiDex: VM has multidex support, MultiDex support library is disabled.
08-10 13:24:51.492 5242 5242 D GCM : GcmService start Intent { act=com.google.android.gms.INITIALIZE flg=0x10 pkg=com.google.android.gms cmp=com.google.android.gms/.gcm.GcmService } com.google.android.gms.INITIALIZE
08-10 13:24:51.493 5412 5412 I ProviderInstaller: Insert disabled by gate 'gms:security:enable_conscrypt_in_gms_application'
08-10 13:24:51.493 5242 5242 D AuthorizationBluetoothService: Received GmsCore event: Intent { act=com.google.android.gms.INITIALIZE flg=0x10 pkg=com.google.android.gms cmp=com.google.android.gms/.auth.be.proximity.authorization.bt.AuthorizationBluetoothService$AutoStarter }.
08-10 13:24:51.493 5242 5242 D c : Getting all permits...
08-10 13:24:51.493 5242 5242 D a : Opening database...
08-10 13:24:51.494 5242 5242 D a : Opening database auth.proximity.permit_store...
08-10 13:24:51.494 5242 5242 D a : Closing database...
08-10 13:24:51.494 5204 5432 D LocationInitializer: Restart initialization of location
08-10 13:24:51.495 5204 5204 V GmsCoreStatsServiceLauncher: Received broadcast intent Intent { act=com.google.android.gms.INITIALIZE flg=0x10 pkg=com.google.android.gms cmp=com.google.android.gms/.common.stats.GmsCoreStatsServiceLauncher }
08-10 13:24:51.497 5242 5242 D GCM : GcmService start Intent { act=com.google.android.gms.INITIALIZE flg=0x10 pkg=com.google.android.gms cmp=com.google.android.gms/.gcm.GcmService } com.google.android.gms.INITIALIZE
08-10 13:24:51.497 5204 5434 D LocationInitializer: Restart initialization of location
08-10 13:24:51.497 5242 5242 D AuthorizationBluetoothService: Received GmsCore event: Intent { act=com.google.android.gms.INITIALIZE flg=0x10 pkg=com.google.android.gms cmp=com.google.android.gms/.auth.be.proximity.authorization.bt.AuthorizationBluetoothService$AutoStarter }.
08-10 13:24:51.498 5242 5242 D c : Getting all permits...
08-10 13:24:51.498 5242 5242 D a : Opening database...
08-10 13:24:51.498 5242 5242 D a : Opening database auth.proximity.permit_store...
08-10 13:24:51.498 5242 5242 D a : Closing database...
08-10 13:24:51.499 5204 5204 V GmsCoreStatsServiceLauncher: Received broadcast intent Intent { act=com.google.android.gms.INITIALIZE flg=0x10 pkg=com.google.android.gms cmp=com.google.android.gms/.common.stats.GmsCoreStatsServiceLauncher }
08-10 13:24:51.501 5204 5441 D LocationInitializer: Restart initialization of location
08-10 13:24:51.505 5222 5409 E MDM : [332] b.run: Couldn't connect to Google API client: ConnectionResult{statusCode=API_UNAVAILABLE, resolution=null}
08-10 13:24:51.505 5412 5442 E SQLiteLog: (284) automatic index on assetrefs(dataitems_id)
08-10 13:24:51.506 5222 5445 E MDM : [333] b.run: Couldn't connect to Google API client: ConnectionResult{statusCode=API_UNAVAILABLE, resolution=null}
08-10 13:24:51.507 5222 5447 E MDM : [334] b.run: Couldn't connect to Google API client: ConnectionResult{statusCode=API_UNAVAILABLE, resolution=null}
08-10 13:24:51.509 5222 5449 E MDM : [335] b.run: Couldn't connect to Google API client: ConnectionResult{statusCode=API_UNAVAILABLE, resolution=null}
08-10 13:24:51.509 5222 5449 E MDM : [335] b.run: Couldn't connect to Google API client: ConnectionResult{statusCode=API_UNAVAILABLE, resolution=null}
08-10 13:24:51.607 2848 2964 E WifiStateMachine: WifiStateMachine CMD_START_SCAN source -2 txSuccessRate=-0.00 rxSuccessRate=-0.00 targetRoamBSSID=9c:97:26:9d:de:fb RSSI=-127
08-10 13:24:51.607 2848 2964 E WifiStateMachine: WifiStateMachine L2Connected CMD_START_SCAN source -2 4, 5 -> obsolete
08-10 13:24:52.625 5242 5405 W ActivityThread: ClassLoader.loadClass: The class loader returned by Thread.getContextClassLoader() may fail for processes that host multiple applications. You should explicitly specify a context class loader. For example: Thread.setContextClassLoader(getClass().getClassLoader());
08-10 13:24:52.645 5242 5457 I VacuumService: Vacuum at: now=1439205892645 tag=VacuumService
08-10 13:24:52.651 5318 5318 D Finsky : [1] DailyHygiene.inHoldoffPeriod: DailyHygiene holdoff continue
08-10 13:24:52.662 5242 5459 I GoogleURLConnFactory: Using platform SSLCertificateSocketFactory
08-10 13:24:52.663 5242 5459 I Scheduler: Use PeriodicScheduler
08-10 13:24:52.669 5242 5459 W Uploader: No account for auth token provided
08-10 13:24:53.599 5242 5456 D GCM : Connected
08-10 13:24:53.614 5242 5456 D GCM : Message class com.google.f.a.a.r
08-10 13:24:53.695 4973 4973 D wpa_supplicant: wlan0: Control interface command 'SIGNAL_POLL'
08-10 13:24:53.695 2848 2969 D ConnectivityService: updateNetworkScore for NetworkAgentInfo [WIFI () - 100] to 42
08-10 13:24:53.695 2848 2969 D ConnectivityService: rematching NetworkAgentInfo [WIFI () - 100]
08-10 13:24:53.695 2848 2969 D ConnectivityService: Network NetworkAgentInfo [WIFI () - 100] was already satisfying request 1. No change.
08-10 13:24:53.695 2848 2969 D ConnectivityService: notifyType AVAILABLE for NetworkAgentInfo [WIFI () - 100]
08-10 13:24:53.695 3186 3690 D ConnectivityManager.CallbackHandler: CM callback handler got msg 524290
08-10 13:24:53.769 5242 5459 W Uploader: no longer exists, so no auth token.
08-10 13:24:56.449 5359 5359 I Process : Sending signal. PID: 5359 SIG: 9
08-10 13:24:56.449 1806 1806 E lowmemorykiller: Error writing /proc/5359/oom_score_adj; errno=22
08-10 13:24:56.463 2848 3603 I ActivityManager: Process com.google.android.gms:car (pid 5359) has died
08-10 13:24:56.698 4973 4973 D wpa_supplicant: wlan0: Control interface command 'SIGNAL_POLL'
08-10 13:24:56.698 2848 2969 D ConnectivityService: updateNetworkScore for NetworkAgentInfo [WIFI () - 100] to 40
08-10 13:24:56.698 2848 2969 D ConnectivityService: rematching NetworkAgentInfo [WIFI () - 100]
08-10 13:24:56.698 2848 2969 D ConnectivityService: Network NetworkAgentInfo [WIFI () - 100] was already satisfying request 1. No change.
08-10 13:24:56.698 2848 2969 D ConnectivityService: notifyType AVAILABLE for NetworkAgentInfo [WIFI () - 100]
08-10 13:24:56.698 3186 3690 D ConnectivityManager.CallbackHandler: CM callback handler got msg 524290
08-10 13:24:59.700 4973 4973 D wpa_supplicant: wlan0: Control interface command 'SIGNAL_POLL'
08-10 13:24:59.700 2848 2969 D ConnectivityService: updateNetworkScore for NetworkAgentInfo [WIFI () - 100] to 38
08-10 13:24:59.700 2848 2969 D ConnectivityService: rematching NetworkAgentInfo [WIFI () - 100]
08-10 13:24:59.700 2848 2969 D ConnectivityService: Network NetworkAgentInfo [WIFI () - 100] was already satisfying request 1. No change.
08-10 13:24:59.700 2848 2969 D ConnectivityService: notifyType AVAILABLE for NetworkAgentInfo [WIFI () - 100]
08-10 13:24:59.700 3186 3690 D ConnectivityManager.CallbackHandler: CM callback handler got msg 524290
08-10 13:25:01.318 2848 2973 W AudioTrack: AUDIO_OUTPUT_FLAG_FAST denied by client
08-10 13:25:01.330 2616 2977 D audio_hw_primary: found out /dev/snd/pcmC0D0p
08-10 13:25:01.390 2848 2964 E WifiStateMachine: WifiStateMachine CMD_START_SCAN source 1000 txSuccessRate=-0.00 rxSuccessRate=-0.00 targetRoamBSSID=9c:97:26:9d:de:fb RSSI=-127
08-10 13:25:01.391 4973 4973 D wpa_supplicant: wlan0: Control interface command 'SCAN TYPE=ONLY'
08-10 13:25:01.391 4973 4973 D wpa_supplicant: wlan0: Setting scan request: 0.000000 sec
08-10 13:25:01.391 4973 4973 D wpa_supplicant: wlan0: Starting AP scan for wildcard SSID
08-10 13:25:01.391 4973 4973 D wpa_supplicant: wlan0: Add radio work 'scan'@0xb6836430
08-10 13:25:01.391 4973 4973 D wpa_supplicant: wlan0: First radio work item in the queue - schedule start immediately
08-10 13:25:01.391 4973 4973 D wpa_supplicant: wlan0: Starting radio work 'scan'@0xb6836430 after 0.000011 second wait
08-10 13:25:01.391 4973 4973 D wpa_supplicant: wlan0: nl80211: scan request
08-10 13:25:01.391 4973 4973 D wpa_supplicant: nl80211: Scan SSID - hexdump(len=0): [NULL]
08-10 13:25:01.391 4973 4973 D wpa_supplicant: Scan requested (ret=0) - scan timeout 30 seconds
08-10 13:25:01.391 4973 4973 D wpa_supplicant: nl80211: Event message available
08-10 13:25:01.391 4973 4973 D wpa_supplicant: nl80211: Drv Event 33 (NL80211_CMD_TRIGGER_SCAN) received for wlan0
08-10 13:25:01.391 4973 4973 D wpa_supplicant: wlan0: nl80211: Scan trigger
08-10 13:25:01.391 4973 4973 D wpa_supplicant: wlan0: Event SCAN_STARTED (49) received
08-10 13:25:01.391 4973 4973 D wpa_supplicant: wlan0: Own scan request started a scan in 0.000034 seconds
08-10 13:25:01.391 4973 4973 D wpa_supplicant: CTRL_IFACE monitor sent successfully to /data/misc/wifi/sockets/wpa_ctrl_2848-2\x00
08-10 13:25:01.420 3637 3921 D OpenGLRenderer: endAllStagingAnimators on 0xa2950700 (RippleDrawable) with handle 0xa2a427d0
08-10 13:25:02.294 2848 2964 E WifiStateMachine: WifiStateMachine CMD_START_SCAN source -2 txSuccessRate=-0.00 rxSuccessRate=-0.00 targetRoamBSSID=9c:97:26:9d:de:fb RSSI=-127
08-10 13:25:02.294 4973 4973 D wpa_supplicant: wlan0: Control interface command 'SCAN TYPE=ONLY'
08-10 13:25:02.294 4973 4973 D wpa_supplicant: Ongoing scan action - reject new request
08-10 13:25:02.577 2848 3438 D AlarmManagerService: Setting time of day to sec=1439198702
08-10 11:25:02.810 4647 4647 V AlarmClock: AlarmInitReceiver android.intent.action.TIME_SET
08-10 11:25:02.811 4647 4666 V AlarmClock: AlarmInitReceiver finished
08-10 11:25:02.834 2848 2870 I art : Explicit concurrent mark sweep GC freed 29776(1671KB) AllocSpace objects, 10(167KB) LOS objects, 33% free, 9MB/14MB, paused 301us total 22.516ms
08-10 11:25:02.922 4973 4973 D wpa_supplicant: wlan0: Control interface command 'SIGNAL_POLL'
08-10 11:25:03.385 2848 2973 W AudioTrack: AUDIO_OUTPUT_FLAG_FAST denied by client
08-10 11:25:03.405 2848 3144 V WindowManager: not Base app: Adding window Window{c47beee u0 Telecom-11009531} at 4 of 8
08-10 11:25:04.706 2848 2973 W AudioTrack: AUDIO_OUTPUT_FLAG_FAST denied by client
08-10 11:25:04.722 2848 2964 E WifiConfigStore: removeNetwork 0 key="Telecom-11009531"WPA_PSK config.id=0 crc=13067946
08-10 11:25:04.724 4973 4973 D wpa_supplicant: wlan0: Control interface command 'REMOVE_NETWORK 0'
08-10 11:25:04.724 4973 4973 D wpa_supplicant: CTRL_IFACE: REMOVE_NETWORK id=0
08-10 11:25:04.724 4973 4973 D wpa_supplicant: wlan0: Request to deauthenticate - bssid=9c:97:26:9d:de:fb pending_bssid=00:00:00:00:00:00 reason=3 state=COMPLETED
08-10 11:25:04.724 4973 4973 D wpa_supplicant: TDLS: Tear down peers
08-10 11:25:04.724 4973 4973 D wpa_supplicant: wpa_driver_nl80211_deauthenticate(addr=9c:97:26:9d:de:fb reason_code=3)
08-10 11:25:04.734 4973 4973 D wpa_supplicant: wlan0: Event DEAUTH (12) received
08-10 11:25:04.734 4973 4973 D wpa_supplicant: wlan0: Deauthentication notification
08-10 11:25:04.734 4973 4973 D wpa_supplicant: wlan0: * reason 3 (locally generated)
08-10 11:25:04.734 4973 4973 D wpa_supplicant: Deauthentication frame IE(s) - hexdump(len=0): [NULL]
08-10 11:25:04.734 4973 4973 I wpa_supplicant: wlan0: CTRL-EVENT-DISCONNECTED bssid=9c:97:26:9d:de:fb reason=3 locally_generated=1
08-10 11:25:04.734 4973 4973 D wpa_supplicant: CTRL_IFACE monitor sent successfully to /data/misc/wifi/sockets/wpa_ctrl_2848-2\x00
08-10 11:25:04.734 4973 4973 D wpa_supplicant: wlan0: Auto connect disabled: do not try to re-connect
08-10 11:25:04.734 4973 4973 D wpa_supplicant: wlan0: Ignore connection failure indication since interface has been put into disconnected state
08-10 11:25:04.734 4973 4973 D wpa_supplicant: TDLS: Remove peers on disassociation
08-10 11:25:04.734 4973 4973 D wpa_supplicant: wlan0: Disconnect event - remove keys
08-10 11:25:04.734 4973 4973 D wpa_supplicant: wpa_driver_nl80211_set_key: ifindex=5 (wlan0) alg=0 addr=0x0 key_idx=0 set_tx=0 seq_len=0 key_len=0
08-10 11:25:04.734 4973 4973 D wpa_supplicant: wpa_driver_nl80211_set_key: ifindex=5 (wlan0) alg=0 addr=0x0 key_idx=2 set_tx=0 seq_len=0 key_len=0
08-10 11:25:04.734 4973 4973 D wpa_supplicant: wpa_driver_nl80211_set_key: ifindex=5 (wlan0) alg=0 addr=0xb68558b8 key_idx=0 set_tx=0 seq_len=0 key_len=0
08-10 11:25:04.734 4973 4973 D wpa_supplicant: addr=9c:97:26:9d:de:fb
08-10 11:25:04.734 4973 4973 D wpa_supplicant: wlan0: State: COMPLETED -> DISCONNECTED
08-10 11:25:04.734 4973 4973 D wpa_supplicant: nl80211: Set wlan0 operstate 1->0 (DORMANT)
08-10 11:25:04.734 4973 4973 D wpa_supplicant: netlink: Operstate: ifindex=5 linkmode=-1 (no change), operstate=5 (IF_OPER_DORMANT)
08-10 11:25:04.734 4973 4973 D wpa_supplicant: CTRL_IFACE monitor sent successfully to /data/misc/wifi/sockets/wpa_ctrl_2848-2\x00
08-10 11:25:04.734 4973 4973 D wpa_supplicant: EAPOL: External notification - portEnabled=0
08-10 11:25:04.734 4973 4973 D wpa_supplicant: EAPOL: SUPP_PAE entering state DISCONNECTED
08-10 11:25:04.734 4973 4973 D wpa_supplicant: EAPOL: Supplicant port status: Unauthorized
08-10 11:25:04.734 4973 4973 D wpa_supplicant: nl80211: Skip set_supp_port(unauthorized) while not associated
08-10 11:25:04.734 4973 4973 D wpa_supplicant: EAPOL: SUPP_BE entering state INITIALIZE
08-10 11:25:04.734 4973 4973 D wpa_supplicant: EAPOL: External notification - portValid=0
08-10 11:25:04.734 4973 4973 D wpa_supplicant: EAPOL: External notification - EAP success=0
08-10 11:25:04.734 4973 4973 D wpa_supplicant: wlan0: State: DISCONNECTED -> DISCONNECTED
08-10 11:25:04.734 4973 4973 D wpa_supplicant: nl80211: Set wlan0 operstate 0->0 (DORMANT)
08-10 11:25:04.734 4973 4973 D wpa_supplicant: netlink: Operstate: ifindex=5 linkmode=-1 (no change), operstate=5 (IF_OPER_DORMANT)
08-10 11:25:04.734 4973 4973 D wpa_supplicant: EAPOL: External notification - portEnabled=0
08-10 11:25:04.734 4973 4973 D wpa_supplicant: EAPOL: External notification - portValid=0
08-10 11:25:04.734 4973 4973 D wpa_supplicant: RTM_NEWLINK: ifi_index=5 ifname=wlan0 operstate=2 linkmode=1 ifi_family=0 ifi_flags=0x1003 ([UP])
08-10 11:25:04.734 4973 4973 D wpa_supplicant: nl80211: Event message available
08-10 11:25:04.734 4973 4973 D wpa_supplicant: nl80211: Drv Event 20 (NL80211_CMD_DEL_STATION) received for wlan0
08-10 11:25:04.734 4973 4973 D wpa_supplicant: nl80211: Delete station 9c:97:26:9d:de:fb
08-10 11:25:04.734 4973 4973 D wpa_supplicant: nl80211: Event message available
08-10 11:25:04.734 4973 4973 D wpa_supplicant: nl80211: Drv Event 39 (NL80211_CMD_DEAUTHENTICATE) received for wlan0
08-10 11:25:04.734 4973 4973 D wpa_supplicant: nl80211: MLME event 39 (NL80211_CMD_DEAUTHENTICATE) on wlan0(00:02:72:4a:d4:4f) A1=9c:97:26:9d:de:fb A2=00:02:72:4a:d4:4f
08-10 11:25:04.734 4973 4973 D wpa_supplicant: nl80211: MLME event frame - hexdump(len=26): c0 00 00 00 9c 97 26 9d de fb 00 02 72 4a d4 4f 9c 97 26 9d de fb 00 00 03 00
08-10 11:25:04.734 4973 4973 D wpa_supplicant: nl80211: Deauthenticate event
08-10 11:25:04.734 4973 4973 D wpa_supplicant: nl80211: Ignore deauth event triggered due to own deauth request
08-10 11:25:04.734 4973 4973 D wpa_supplicant: wlan0: Control interface command 'SAVE_CONFIG'
08-10 11:25:04.734 4973 4973 D wpa_supplicant: Writing configuration file '/data/misc/wifi/wpa_supplicant.conf.tmp'
08-10 11:25:04.734 4973 4973 D wpa_supplicant: Configuration file '/data/misc/wifi/wpa_supplicant.conf' written successfully
08-10 11:25:04.734 4973 4973 D wpa_supplicant: CTRL_IFACE: SAVE_CONFIG - Configuration updated
08-10 11:25:04.734 4973 4973 D wpa_supplicant: nl80211: Event message available
08-10 11:25:04.734 4973 4973 D wpa_supplicant: nl80211: Drv Event 48 (NL80211_CMD_DISCONNECT) received for wlan0
08-10 11:25:04.734 4973 4973 D wpa_supplicant: nl80211: Ignore disconnect event when using userspace SME
08-10 11:25:04.734 4973 4973 D wpa_supplicant: RTM_NEWLINK: ifi_index=5 ifname=wlan0 wext ifi_family=0 ifi_flags=0x1043 ([UP][RUNNING])
08-10 11:25:04.735 4973 4973 D wpa_supplicant: wlan0: Control interface command 'SET ps 1'
08-10 11:25:04.735 4973 4973 D wpa_supplicant: CTRL_IFACE SET 'ps'='1'
08-10 11:25:04.735 4973 4973 D wpa_supplicant: nl80211: set_p2p_powersave (legacy_ps=1 opp_ps=-1 ctwindow=-1)
08-10 11:25:04.735 4973 4973 D wpa_supplicant: wlan0: Control interface command 'DRIVER BTCOEXMODE 2'
08-10 11:25:04.735 2615 2846 D CommandListener: Clearing all IP addresses on wlan0
08-10 11:25:04.736 2615 2839 E Netd : ifc_reset_connections failed on iface wlan0 for address 192.168.1.6/24 (Unknown error -1)
08-10 11:25:04.736 2615 2839 E Netd : ifc_reset_connections failed on iface wlan0 for address fe80::202:72ff:fe4a:d44f/64 (Unknown error -1)
08-10 11:25:04.737 2848 2969 D ConnectivityService: NetworkAgentInfo [WIFI () - 100] EVENT_NETWORK_INFO_CHANGED, going from CONNECTED to DISCONNECTED
08-10 11:25:04.737 2848 2969 D ConnectivityService: NetworkAgentInfo [WIFI () - 100] got DISCONNECTED, was satisfying 2
08-10 11:25:04.739 2848 2964 E WifiStateMachine: WifiStateMachine: Leaving Connected state
08-10 11:25:04.740 2848 2964 D WifiNetworkAgent: NetworkAgent: NetworkAgent channel lost
08-10 11:25:04.741 4604 4929 D OpenGLRenderer: endAllStagingAnimators on 0xa0983180 (RippleDrawable) with handle 0xa097d9b0
08-10 11:25:04.744 2848 2969 D ConnectivityService: notifyType LOST for NetworkAgentInfo [WIFI () - 100]
08-10 11:25:04.744 2848 2969 D CSLegacyTypeTracker: Sending disconnected broadcast for type 1 NetworkAgentInfo [WIFI () - 100] isDefaultNetwork=true
08-10 11:25:04.744 2848 2969 D ConnectivityService: sendStickyBroadcast: action=android.net.conn.CONNECTIVITY_CHANGE_IMMEDIATE
08-10 11:25:04.744 2848 5004 D NetworkMonitor/NetworkAgentInfo [WIFI () - 100]: ValidatedState{ when=0 what=532487 target=com.android.internal.util.StateMachine$SmHandler }
08-10 11:25:04.744 2848 5004 D NetworkMonitor/NetworkAgentInfo [WIFI () - 100]: DefaultState{ when=0 what=532487 target=com.android.internal.util.StateMachine$SmHandler }
08-10 11:25:04.744 2848 5004 D NetworkMonitor/NetworkAgentInfo [WIFI () - 100]: Disconnected - quitting
08-10 11:25:04.744 2848 2969 D ConnectivityService: sendStickyBroadcast: action=android.net.conn.CONNECTIVITY_CHANGE
08-10 11:25:04.744 3186 3690 D ConnectivityManager.CallbackHandler: CM callback handler got msg 524292
08-10 11:25:04.744 2848 2969 D ConnectivityService: sendStickyBroadcast: action=android.net.conn.CONNECTIVITY_CHANGE_IMMEDIATE
08-10 11:25:04.745 2848 2894 D Tethering: MasterInitialState.processMessage what=3
08-10 11:25:04.745 2848 2969 D ConnectivityService: sendStickyBroadcast: action=android.net.conn.CONNECTIVITY_CHANGE
08-10 11:25:04.745 2848 2969 D ConnectivityService: Checking for replacement network to handle request NetworkRequest [ id=1, legacyType=-1, [ Capabilities: INTERNET&NOT_RESTRICTED&TRUSTED&NOT_VPN] ]
08-10 11:25:04.745 2848 2894 D Tethering: MasterInitialState.processMessage what=3
08-10 11:25:04.746 2848 2969 E ConnectivityService: EVENT_NETWORK_INFO_CHANGED from unknown NetworkAgent
08-10 11:25:04.747 3451 3469 D PhoneInterfaceManager: [PhoneIntfMgr] getDataEnabled: subId=-1 phoneId=-1
08-10 11:25:04.747 3451 3469 E PhoneInterfaceManager: [PhoneIntfMgr] getDataEnabled: no phone subId=-1 retVal=false
08-10 11:25:04.747 2848 2879 D TelephonyManager: getDataEnabled: retVal=false
08-10 11:25:04.748 2848 2879 E GpsLocationProvider: No APN found to select.
08-10 11:25:04.749 3451 3469 D PhoneInterfaceManager: [PhoneIntfMgr] getDataEnabled: subId=-1 phoneId=-1
08-10 11:25:04.749 3451 3469 E PhoneInterfaceManager: [PhoneIntfMgr] getDataEnabled: no phone subId=-1 retVal=false
08-10 11:25:04.749 2848 2879 D TelephonyManager: getDataEnabled: retVal=false
08-10 11:25:04.750 2848 2879 E GpsLocationProvider: No APN found to select.
08-10 11:25:04.751 5222 5222 I GCoreUlr: Wifi connected, attempting upload
08-10 11:25:04.751 5222 5222 I GCoreUlr: Starting service, intent=Intent { act=com.google.android.location.reporting.WIFI_TRIGGERED_UPLOAD cmp=com.google.android.gms/com.google.android.location.reporting.service.DispatchingService }, extras=null
08-10 11:25:04.753 5222 5222 I GCoreUlr: DispatchingService.onCreate()
08-10 11:25:04.796 5222 5494 W GCoreUlr: DispatchingService ignoring Intent { act=com.google.android.location.reporting.WIFI_TRIGGERED_UPLOAD cmp=com.google.android.gms/com.google.android.location.reporting.service.DispatchingService } because ULR inactive
08-10 11:25:04.801 5222 5222 D GeofencerStateMachine: Creating GeofencerStateMachine
08-10 11:25:04.802 2848 2968 D WifiService: New client listening to asynchronous messages
08-10 11:25:04.816 4512 4512 D ConnectivityManager: getMobileDataEnabled()+ subId=-1
08-10 11:25:04.816 3451 4544 D PhoneInterfaceManager: [PhoneIntfMgr] getDataEnabled: subId=-1 phoneId=-1
08-10 11:25:04.816 3451 4544 E PhoneInterfaceManager: [PhoneIntfMgr] getDataEnabled: no phone subId=-1 retVal=false
08-10 11:25:04.816 4512 4512 D ConnectivityManager: getMobileDataEnabled()- subId=-1 retVal=false
08-10 11:25:04.816 5222 5222 I GCoreUlr: DispatchingService.onDestroy()
08-10 11:25:04.817 5222 5503 W Settings: Setting airplane_mode_on has moved from android.provider.Settings.System to android.provider.Settings.Global, returning read-only value.
08-10 11:25:04.818 5222 5222 I GCoreUlr: Unbound from all location providers
08-10 11:25:04.821 5204 5506 I CheckinService: Disabling old GoogleServicesFramework version
08-10 11:25:04.822 5222 5222 V GeofencerHelper: Initializing geofence's system cache.
08-10 11:25:04.823 5242 5242 D GCM : GcmService start Intent { act=android.net.conn.CONNECTIVITY_CHANGE flg=0x4000010 cmp=com.google.android.gms/.gcm.GcmService (has extras) } android.net.conn.CONNECTIVITY_CHANGE
08-10 11:25:04.823 5222 5497 D GeofenceStateCache: Recovered 0 geofences.
08-10 11:25:04.823 5204 5204 I iu.Environment: update battery state; isPlugged? false
08-10 11:25:04.824 5222 5497 I GeofencerStateMachine: Network location disabled.
08-10 11:25:04.824 5204 5204 D NetworkLogImpl: Loaded NetworkSpeedPredictor
08-10 11:25:04.826 5204 5204 I iu.Environment: update connectivity state; isNetworkMetered? false, isRoaming? false, isBackgroundDataAllowed? false
08-10 11:25:04.826 5204 5204 I iu.Environment: update connectivity state; isNetworkMetered? false, isRoaming? false, isBackgroundDataAllowed? false
08-10 11:25:04.829 5204 5507 I CheckinService: Checking schedule, now: 1439198704829 next: 30000
08-10 11:25:04.829 5204 5507 I CheckinService: active receiver: enabled
08-10 11:25:04.830 4512 4512 D ConnectivityManager: getMobileDataEnabled()+ subId=-1
08-10 11:25:04.830 3451 3468 D PhoneInterfaceManager: [PhoneIntfMgr] getDataEnabled: subId=-1 phoneId=-1
08-10 11:25:04.830 3451 3468 E PhoneInterfaceManager: [PhoneIntfMgr] getDataEnabled: no phone subId=-1 retVal=false
08-10 11:25:04.830 4512 4512 D ConnectivityManager: getMobileDataEnabled()- subId=-1 retVal=false
08-10 11:25:04.833 5242 5242 D GCM : GcmService start Intent { act=android.net.conn.CONNECTIVITY_CHANGE flg=0x4000010 cmp=com.google.android.gms/.gcm.GcmService (has extras) } android.net.conn.CONNECTIVITY_CHANGE
08-10 11:25:04.833 5204 5204 I iu.Environment: update connectivity state; isNetworkMetered? false, isRoaming? false, isBackgroundDataAllowed? false
08-10 11:25:04.833 5204 5511 I CheckinService: Checking schedule, now: 1439198704833 next: 30000
08-10 11:25:04.833 5204 5511 I CheckinService: active receiver: enabled
08-10 11:25:04.838 5242 5242 D GCM : GcmService start Intent { act=com.google.android.checkin.CHECKIN_COMPLETE flg=0x10 cmp=com.google.android.gms/.gcm.GcmService (has extras) } com.google.android.checkin.CHECKIN_COMPLETE
08-10 11:25:04.844 5242 5242 D GCM : GcmService start Intent { act=com.google.android.checkin.CHECKIN_COMPLETE flg=0x10 cmp=com.google.android.gms/.gcm.GcmService (has extras) } com.google.android.checkin.CHECKIN_COMPLETE
08-10 11:25:05.511 4973 4973 D wpa_supplicant: RTM_NEWLINK: ifi_index=5 ifname=wlan0 wext ifi_family=0 ifi_flags=0x1003 ([UP])
08-10 11:25:05.511 4973 4973 D wpa_supplicant: nl80211: Event message available
08-10 11:25:05.511 4973 4973 D wpa_supplicant: nl80211: Drv Event 34 (NL80211_CMD_NEW_SCAN_RESULTS) received for wlan0
08-10 11:25:05.511 4973 4973 D wpa_supplicant: wlan0: nl80211: New scan results available
08-10 11:25:05.511 4973 4973 D wpa_supplicant: nl80211: Scan probed for SSID ''
08-10 11:25:05.511 4973 4973 D wpa_supplicant: nl80211: Scan included frequencies: 2412 2417 2422 2427 2432 2437 2442 2447 2452 2457 2462 2467 2472 2484
08-10 11:25:05.511 4973 4973 D wpa_supplicant: wlan0: Event SCAN_RESULTS (3) received
08-10 11:25:05.511 4973 4973 D wpa_supplicant: wlan0: Scan completed in 3.899760 seconds
08-10 11:25:05.512 4973 4973 D wpa_supplicant: nl80211: Received scan results (1 BSSes)
08-10 11:25:05.512 4973 4973 D wpa_supplicant: Sorted scan results
08-10 11:25:05.512 4973 4973 D wpa_supplicant: 9c:97:26:9d:de:fb freq=2442 qual=0 noise=0 level=54 flags=0x3 age=578
08-10 11:25:05.512 4973 4973 D wpa_supplicant: IEs - hexdump(len=318): 00 10 54 65 6c 65 63 6f 6d 2d 31 31 30 30 39 35 33 31 01 08 82 84 8b 96 24 30 48 6c 03 01 07 2a ...
08-10 11:25:05.512 4973 4973 D wpa_supplicant: Beacon IEs - hexdump(len=210): 00 10 54 65 6c 65 63 6f 6d 2d 31 31 30 30 39 35 33 31 01 08 82 84 8b 96 24 30 48 6c 03 01 07 05 ...
08-10 11:25:05.512 4973 4973 D wpa_supplicant: wlan0: BSS: Start scan result update 4
08-10 11:25:05.512 4973 4973 D wpa_supplicant: BSS: last_scan_res_used=1/32
08-10 11:25:05.512 4973 4973 D wpa_supplicant: Add randomness: count=6 entropy=1
08-10 11:25:05.512 4973 4973 D wpa_supplicant: random pool - hexdump(len=128): [REMOVED]
08-10 11:25:05.512 4973 4973 D wpa_supplicant: random_mix_pool - hexdump(len=8): [REMOVED]
08-10 11:25:05.512 4973 4973 D wpa_supplicant: random_mix_pool - hexdump(len=5): [REMOVED]
08-10 11:25:05.512 4973 4973 D wpa_supplicant: random pool - hexdump(len=128): [REMOVED]
08-10 11:25:05.512 4973 4973 D wpa_supplicant: wlan0: Scan-only results received
08-10 11:25:05.512 4973 4973 D wpa_supplicant: CTRL_IFACE monitor sent successfully to /data/misc/wifi/sockets/wpa_ctrl_2848-2\x00
08-10 11:25:05.512 4973 4973 D wpa_supplicant: wlan0: Radio work 'scan'@0xb6836430 done in 3.900266 seconds
08-10 11:25:05.512 4973 4973 D wpa_supplicant: wlan0: Control interface command 'BSS RANGE=0- MASK=0x21987'
08-10 11:25:05.512 4973 4973 D wpa_supplicant: WPS: attr type=0x104a len=1
08-10 11:25:05.512 4973 4973 D wpa_supplicant: WPS: attr type=0x1044 len=1
08-10 11:25:05.512 4973 4973 D wpa_supplicant: WPS: attr type=0x103b len=1
08-10 11:25:05.512 4973 4973 D wpa_supplicant: WPS: attr type=0x1047 len=16
08-10 11:25:05.512 4973 4973 D wpa_supplicant: WPS: attr type=0x1021 len=11
08-10 11:25:05.512 4973 4973 D wpa_supplicant: WPS: attr type=0x1023 len=14
08-10 11:25:05.512 4973 4973 D wpa_supplicant: WPS: attr type=0x1024 len=5
08-10 11:25:05.512 4973 4973 D wpa_supplicant: WPS: attr type=0x1042 len=9
08-10 11:25:05.512 4973 4973 D wpa_supplicant: WPS: attr type=0x1054 len=8
08-10 11:25:05.512 4973 4973 D wpa_supplicant: WPS: attr type=0x1011 len=7
08-10 11:25:05.512 4973 4973 D wpa_supplicant: WPS: attr type=0x1008 len=2
08-10 11:25:05.512 4973 4973 D wpa_supplicant: WPS: attr type=0x103c len=1
08-10 11:25:05.512 4973 4973 D wpa_supplicant: WPS: attr type=0x1049 len=6
08-10 11:25:05.512 4973 4973 D wpa_supplicant: WPS: WFA subelement id=0 len=1
08-10 11:25:05.512 4973 4973 D wpa_supplicant: WPS: attr type=0x104a len=1
08-10 11:25:05.512 4973 4973 D wpa_supplicant: WPS: attr type=0x1044 len=1
08-10 11:25:05.512 4973 4973 D wpa_supplicant: WPS: attr type=0x103b len=1
08-10 11:25:05.512 4973 4973 D wpa_supplicant: WPS: attr type=0x1047 len=16
08-10 11:25:05.512 4973 4973 D wpa_supplicant: WPS: attr type=0x1021 len=11
08-10 11:25:05.512 4973 4973 D wpa_supplicant: WPS: attr type=0x1023 len=14
08-10 11:25:05.512 4973 4973 D wpa_supplicant: WPS: attr type=0x1024 len=5
08-10 11:25:05.512 4973 4973 D wpa_supplicant: WPS: attr type=0x1042 len=9
08-10 11:25:05.512 4973 4973 D wpa_supplicant: WPS: attr type=0x1054 len=8
08-10 11:25:05.512 4973 4973 D wpa_supplicant: WPS: attr type=0x1011 len=7
08-10 11:25:05.512 4973 4973 D wpa_supplicant: WPS: attr type=0x1008 len=2
08-10 11:25:05.512 4973 4973 D wpa_supplicant: WPS: attr type=0x103c len=1
08-10 11:25:05.512 4973 4973 D wpa_supplicant: WPS: attr type=0x1049 len=6
08-10 11:25:05.512 4973 4973 D wpa_supplicant: WPS: WFA subelement id=0 len=1
08-10 11:25:05.512 4973 4973 D wpa_supplicant: WPS: attr type=0x104a len=1
08-10 11:25:05.512 4973 4973 D wpa_supplicant: WPS: attr type=0x1044 len=1
08-10 11:25:05.512 4973 4973 D wpa_supplicant: WPS: attr type=0x103b len=1
08-10 11:25:05.512 4973 4973 D wpa_supplicant: WPS: attr type=0x1047 len=16
08-10 11:25:05.512 4973 4973 D wpa_supplicant: WPS: attr type=0x1021 len=11
08-10 11:25:05.512 4973 4973 D wpa_supplicant: WPS: attr type=0x1023 len=14
08-10 11:25:05.512 4973 4973 D wpa_supplicant: WPS: attr type=0x1024 len=5
08-10 11:25:05.512 4973 4973 D wpa_supplicant: WPS: attr type=0x1042 len=9
08-10 11:25:05.512 4973 4973 D wpa_supplicant: WPS: attr type=0x1054 len=8
08-10 11:25:05.512 4973 4973 D wpa_supplicant: WPS: attr type=0x1011 len=7
08-10 11:25:05.512 4973 4973 D wpa_supplicant: WPS: attr type=0x1008 len=2
08-10 11:25:05.512 4973 4973 D wpa_supplicant: WPS: attr type=0x103c len=1
08-10 11:25:05.512 4973 4973 D wpa_supplicant: WPS: attr type=0x1049 len=6
08-10 11:25:05.512 4973 4973 D wpa_supplicant: WPS: WFA subelement id=0 len=1
08-10 11:25:05.513 4973 4973 D wpa_supplicant: wlan0: Control interface command 'STATUS-NO_EVENTS'
08-10 11:25:07.353 2848 2973 W AudioTrack: AUDIO_OUTPUT_FLAG_FAST denied by client
08-10 11:25:07.372 2848 3603 V WindowManager: not Base app: Adding window Window{ee8d30a u0 Telecom-11009531} at 4 of 8
08-10 11:25:08.573 2848 2973 W AudioTrack: AUDIO_OUTPUT_FLAG_FAST denied by client
08-10 11:25:11.612 4973 4973 D wpa_supplicant: wlan0: Control interface command 'SCAN TYPE=ONLY'
08-10 11:25:11.612 4973 4973 D wpa_supplicant: wlan0: Setting scan request: 0.000000 sec
08-10 11:25:11.612 4973 4973 D wpa_supplicant: wlan0: State: DISCONNECTED -> SCANNING
08-10 11:25:11.612 4973 4973 D wpa_supplicant: CTRL_IFACE monitor sent successfully to /data/misc/wifi/sockets/wpa_ctrl_2848-2\x00
08-10 11:25:11.612 4973 4973 D wpa_supplicant: wlan0: Starting AP scan for wildcard SSID
08-10 11:25:11.612 4973 4973 D wpa_supplicant: wlan0: Add radio work 'scan'@0xb6836430
08-10 11:25:11.612 4973 4973 D wpa_supplicant: wlan0: First radio work item in the queue - schedule start immediately
08-10 11:25:11.612 4973 4973 D wpa_supplicant: wlan0: Starting radio work 'scan'@0xb6836430 after 0.000014 second wait
08-10 11:25:11.612 4973 4973 D wpa_supplicant: wlan0: nl80211: scan request
08-10 11:25:11.612 4973 4973 D wpa_supplicant: nl80211: Scan SSID - hexdump(len=0): [NULL]
08-10 11:25:11.621 4973 4973 D wpa_supplicant: Scan requested (ret=0) - scan timeout 30 seconds
08-10 11:25:11.621 4973 4973 D wpa_supplicant: nl80211: Event message available
08-10 11:25:11.621 4973 4973 D wpa_supplicant: nl80211: Drv Event 33 (NL80211_CMD_TRIGGER_SCAN) received for wlan0
08-10 11:25:11.621 4973 4973 D wpa_supplicant: wlan0: nl80211: Scan trigger
08-10 11:25:11.621 4973 4973 D wpa_supplicant: wlan0: Event SCAN_STARTED (49) received
08-10 11:25:11.621 4973 4973 D wpa_supplicant: wlan0: Own scan request started a scan in 0.000047 seconds
08-10 11:25:11.621 4973 4973 D wpa_supplicant: CTRL_IFACE monitor sent successfully to /data/misc/wifi/sockets/wpa_ctrl_2848-2\x00
08-10 11:25:12.740 4973 4973 D wpa_supplicant: RTM_NEWLINK: ifi_index=5 ifname=wlan0 wext ifi_family=0 ifi_flags=0x1003 ([UP])
08-10 11:25:12.740 4973 4973 D wpa_supplicant: nl80211: Event message available
08-10 11:25:12.740 4973 4973 D wpa_supplicant: nl80211: Drv Event 34 (NL80211_CMD_NEW_SCAN_RESULTS) received for wlan0
08-10 11:25:12.740 4973 4973 D wpa_supplicant: wlan0: nl80211: New scan results available
08-10 11:25:12.740 4973 4973 D wpa_supplicant: nl80211: Scan probed for SSID ''
08-10 11:25:12.740 4973 4973 D wpa_supplicant: nl80211: Scan included frequencies: 2412 2417 2422 2427 2432 2437 2442 2447 2452 2457 2462 2467 2472 2484
08-10 11:25:12.740 4973 4973 D wpa_supplicant: wlan0: Event SCAN_RESULTS (3) received
08-10 11:25:12.740 4973 4973 D wpa_supplicant: wlan0: Scan completed in 1.119394 seconds
08-10 11:25:12.741 4973 4973 D wpa_supplicant: nl80211: Received scan results (1 BSSes)
08-10 11:25:12.741 4973 4973 D wpa_supplicant: Sorted scan results
08-10 11:25:12.741 4973 4973 D wpa_supplicant: 9c:97:26:9d:de:fb freq=2442 qual=0 noise=0 level=58 flags=0x3 age=640
08-10 11:25:12.741 4973 4973 D wpa_supplicant: IEs - hexdump(len=318): 00 10 54 65 6c 65 63 6f 6d 2d 31 31 30 30 39 35 33 31 01 08 82 84 8b 96 24 30 48 6c 03 01 07 2a ...
08-10 11:25:12.741 4973 4973 D wpa_supplicant: Beacon IEs - hexdump(len=210): 00 10 54 65 6c 65 63 6f 6d 2d 31 31 30 30 39 35 33 31 01 08 82 84 8b 96 24 30 48 6c 03 01 07 05 ...
08-10 11:25:12.741 4973 4973 D wpa_supplicant: wlan0: BSS: Start scan result update 5
08-10 11:25:12.741 4973 4973 D wpa_supplicant: BSS: last_scan_res_used=1/32
08-10 11:25:12.741 4973 4973 D wpa_supplicant: Add randomness: count=7 entropy=2
08-10 11:25:12.741 4973 4973 D wpa_supplicant: random pool - hexdump(len=128): [REMOVED]
08-10 11:25:12.741 4973 4973 D wpa_supplicant: random_mix_pool - hexdump(len=8): [REMOVED]
08-10 11:25:12.741 4973 4973 D wpa_supplicant: random_mix_pool - hexdump(len=5): [REMOVED]
08-10 11:25:12.741 4973 4973 D wpa_supplicant: random pool - hexdump(len=128): [REMOVED]
08-10 11:25:12.741 4973 4973 D wpa_supplicant: wlan0: Scan-only results received
08-10 11:25:12.741 4973 4973 D wpa_supplicant: CTRL_IFACE monitor sent successfully to /data/misc/wifi/sockets/wpa_ctrl_2848-2\x00
08-10 11:25:12.741 4973 4973 D wpa_supplicant: wlan0: Radio work 'scan'@0xb6836430 done in 1.128799 seconds
08-10 11:25:12.741 4973 4973 D wpa_supplicant: wlan0: Control interface command 'BSS RANGE=0- MASK=0x21987'
08-10 11:25:12.741 4973 4973 D wpa_supplicant: WPS: attr type=0x104a len=1
08-10 11:25:12.741 4973 4973 D wpa_supplicant: WPS: attr type=0x1044 len=1
08-10 11:25:12.741 4973 4973 D wpa_supplicant: WPS: attr type=0x103b len=1
08-10 11:25:12.741 4973 4973 D wpa_supplicant: WPS: attr type=0x1047 len=16
08-10 11:25:12.741 4973 4973 D wpa_supplicant: WPS: attr type=0x1021 len=11
08-10 11:25:12.741 4973 4973 D wpa_supplicant: WPS: attr type=0x1023 len=14
08-10 11:25:12.741 4973 4973 D wpa_supplicant: WPS: attr type=0x1024 len=5
08-10 11:25:12.741 4973 4973 D wpa_supplicant: WPS: attr type=0x1042 len=9
08-10 11:25:12.741 4973 4973 D wpa_supplicant: WPS: attr type=0x1054 len=8
08-10 11:25:12.741 4973 4973 D wpa_supplicant: WPS: attr type=0x1011 len=7
08-10 11:25:12.741 4973 4973 D wpa_supplicant: WPS: attr type=0x1008 len=2
08-10 11:25:12.741 4973 4973 D wpa_supplicant: WPS: attr type=0x103c len=1
08-10 11:25:12.741 4973 4973 D wpa_supplicant: WPS: attr type=0x1049 len=6
08-10 11:25:12.741 4973 4973 D wpa_supplicant: WPS: WFA subelement id=0 len=1
08-10 11:25:12.741 4973 4973 D wpa_supplicant: WPS: attr type=0x104a len=1
08-10 11:25:12.741 4973 4973 D wpa_supplicant: WPS: attr type=0x1044 len=1
08-10 11:25:12.741 4973 4973 D wpa_supplicant: WPS: attr type=0x103b len=1
08-10 11:25:12.741 4973 4973 D wpa_supplicant: WPS: attr type=0x1047 len=16
08-10 11:25:12.741 4973 4973 D wpa_supplicant: WPS: attr type=0x1021 len=11
08-10 11:25:12.741 4973 4973 D wpa_supplicant: WPS: attr type=0x1023 len=14
08-10 11:25:12.741 4973 4973 D wpa_supplicant: WPS: attr type=0x1024 len=5
08-10 11:25:12.741 4973 4973 D wpa_supplicant: WPS: attr type=0x1042 len=9
08-10 11:25:12.741 4973 4973 D wpa_supplicant: WPS: attr type=0x1054 len=8
08-10 11:25:12.741 4973 4973 D wpa_supplicant: WPS: attr type=0x1011 len=7
08-10 11:25:12.741 4973 4973 D wpa_supplicant: WPS: attr type=0x1008 len=2
08-10 11:25:12.741 4973 4973 D wpa_supplicant: WPS: attr type=0x103c len=1
08-10 11:25:12.741 4973 4973 D wpa_supplicant: WPS: attr type=0x1049 len=6
08-10 11:25:12.741 4973 4973 D wpa_supplicant: WPS: WFA subelement id=0 len=1
08-10 11:25:12.741 4973 4973 D wpa_supplicant: WPS: attr type=0x104a len=1
08-10 11:25:12.741 4973 4973 D wpa_supplicant: WPS: attr type=0x1044 len=1
08-10 11:25:12.741 4973 4973 D wpa_supplicant: WPS: attr type=0x103b len=1
08-10 11:25:12.741 4973 4973 D wpa_supplicant: WPS: attr type=0x1047 len=16
08-10 11:25:12.741 4973 4973 D wpa_supplicant: WPS: attr type=0x1021 len=11
08-10 11:25:12.741 4973 4973 D wpa_supplicant: WPS: attr type=0x1023 len=14
08-10 11:25:12.741 4973 4973 D wpa_supplicant: WPS: attr type=0x1024 len=5
08-10 11:25:12.741 4973 4973 D wpa_supplicant: WPS: attr type=0x1042 len=9
08-10 11:25:12.741 4973 4973 D wpa_supplicant: WPS: attr type=0x1054 len=8
08-10 11:25:12.741 4973 4973 D wpa_supplicant: WPS: attr type=0x1011 len=7
08-10 11:25:12.741 4973 4973 D wpa_supplicant: WPS: attr type=0x1008 len=2
08-10 11:25:12.741 4973 4973 D wpa_supplicant: WPS: attr type=0x103c len=1
08-10 11:25:12.741 4973 4973 D wpa_supplicant: WPS: attr type=0x1049 len=6
08-10 11:25:12.741 4973 4973 D wpa_supplicant: WPS: WFA subelement id=0 len=1
08-10 11:25:12.742 4973 4973 D wpa_supplicant: wlan0: Control interface command 'STATUS-NO_EVENTS'
08-10 11:25:14.741 4973 4973 D wpa_supplicant: wlan0: Control interface command 'SCAN TYPE=ONLY'
08-10 11:25:14.741 4973 4973 D wpa_supplicant: wlan0: Setting scan request: 0.000000 sec
08-10 11:25:14.741 4973 4973 D wpa_supplicant: wlan0: Starting AP scan for wildcard SSID
08-10 11:25:14.741 4973 4973 D wpa_supplicant: wlan0: Add radio work 'scan'@0xb6836430
08-10 11:25:14.741 4973 4973 D wpa_supplicant: wlan0: First radio work item in the queue - schedule start immediately
08-10 11:25:14.741 4973 4973 D wpa_supplicant: wlan0: Starting radio work 'scan'@0xb6836430 after 0.000015 second wait
08-10 11:25:14.741 4973 4973 D wpa_supplicant: wlan0: nl80211: scan request
08-10 11:25:14.741 4973 4973 D wpa_supplicant: nl80211: Scan SSID - hexdump(len=0): [NULL]
08-10 11:25:14.751 4973 4973 D wpa_supplicant: Scan requested (ret=0) - scan timeout 30 seconds
08-10 11:25:14.751 4973 4973 D wpa_supplicant: nl80211: Event message available
08-10 11:25:14.751 4973 4973 D wpa_supplicant: nl80211: Drv Event 33 (NL80211_CMD_TRIGGER_SCAN) received for wlan0
08-10 11:25:14.751 4973 4973 D wpa_supplicant: wlan0: nl80211: Scan trigger
08-10 11:25:14.751 4973 4973 D wpa_supplicant: wlan0: Event SCAN_STARTED (49) received
08-10 11:25:14.751 4973 4973 D wpa_supplicant: wlan0: Own scan request started a scan in 0.000045 seconds
08-10 11:25:14.751 4973 4973 D wpa_supplicant: CTRL_IFACE monitor sent successfully to /data/misc/wifi/sockets/wpa_ctrl_2848-2\x00
08-10 11:25:15.870 4973 4973 D wpa_supplicant: RTM_NEWLINK: ifi_index=5 ifname=wlan0 wext ifi_family=0 ifi_flags=0x1003 ([UP])
08-10 11:25:15.870 4973 4973 D wpa_supplicant: nl80211: Event message available
08-10 11:25:15.870 4973 4973 D wpa_supplicant: nl80211: Drv Event 34 (NL80211_CMD_NEW_SCAN_RESULTS) received for wlan0
08-10 11:25:15.870 4973 4973 D wpa_supplicant: wlan0: nl80211: New scan results available
08-10 11:25:15.870 4973 4973 D wpa_supplicant: nl80211: Scan probed for SSID ''
08-10 11:25:15.870 4973 4973 D wpa_supplicant: nl80211: Scan included frequencies: 2412 2417 2422 2427 2432 2437 2442 2447 2452 2457 2462 2467 2472 2484
08-10 11:25:15.870 4973 4973 D wpa_supplicant: wlan0: Event SCAN_RESULTS (3) received
08-10 11:25:15.870 4973 4973 D wpa_supplicant: wlan0: Scan completed in 1.119441 seconds
08-10 11:25:15.871 4973 4973 D wpa_supplicant: nl80211: Received scan results (1 BSSes)
08-10 11:25:15.871 4973 4973 D wpa_supplicant: Sorted scan results
08-10 11:25:15.871 4973 4973 D wpa_supplicant: 9c:97:26:9d:de:fb freq=2442 qual=0 noise=0 level=56 flags=0x3 age=595
08-10 11:25:15.871 4973 4973 D wpa_supplicant: IEs - hexdump(len=318): 00 10 54 65 6c 65 63 6f 6d 2d 31 31 30 30 39 35 33 31 01 08 82 84 8b 96 24 30 48 6c 03 01 07 2a ...
08-10 11:25:15.871 4973 4973 D wpa_supplicant: Beacon IEs - hexdump(len=210): 00 10 54 65 6c 65 63 6f 6d 2d 31 31 30 30 39 35 33 31 01 08 82 84 8b 96 24 30 48 6c 03 01 07 05 ...
08-10 11:25:15.871 4973 4973 D wpa_supplicant: wlan0: BSS: Start scan result update 6
08-10 11:25:15.871 4973 4973 D wpa_supplicant: BSS: last_scan_res_used=1/32
08-10 11:25:15.871 4973 4973 D wpa_supplicant: Add randomness: count=8 entropy=3
08-10 11:25:15.871 4973 4973 D wpa_supplicant: random pool - hexdump(len=128): [REMOVED]
08-10 11:25:15.871 4973 4973 D wpa_supplicant: random_mix_pool - hexdump(len=8): [REMOVED]
08-10 11:25:15.871 4973 4973 D wpa_supplicant: random_mix_pool - hexdump(len=5): [REMOVED]
08-10 11:25:15.871 4973 4973 D wpa_supplicant: random pool - hexdump(len=128): [REMOVED]
08-10 11:25:15.871 4973 4973 D wpa_supplicant: wlan0: Scan-only results received
08-10 11:25:15.871 4973 4973 D wpa_supplicant: CTRL_IFACE monitor sent successfully to /data/misc/wifi/sockets/wpa_ctrl_2848-2\x00
08-10 11:25:15.871 4973 4973 D wpa_supplicant: wlan0: Radio work 'scan'@0xb6836430 done in 1.129759 seconds
08-10 11:25:15.871 4973 4973 D wpa_supplicant: wlan0: Control interface command 'BSS RANGE=0- MASK=0x21987'
08-10 11:25:15.871 4973 4973 D wpa_supplicant: WPS: attr type=0x104a len=1
08-10 11:25:15.871 4973 4973 D wpa_supplicant: WPS: attr type=0x1044 len=1
08-10 11:25:15.871 4973 4973 D wpa_supplicant: WPS: attr type=0x103b len=1
08-10 11:25:15.871 4973 4973 D wpa_supplicant: WPS: attr type=0x1047 len=16
08-10 11:25:15.871 4973 4973 D wpa_supplicant: WPS: attr type=0x1021 len=11
08-10 11:25:15.871 4973 4973 D wpa_supplicant: WPS: attr type=0x1023 len=14
