08-10 11:26:36.603 8118 8140 W Resources: Converting to int: TypedValue{t=0x3/d=0x19 "4" a=-1}
08-10 11:26:36.603 8118 8140 W Resources: Converting to int: TypedValue{t=0x3/d=0x11 "1" a=-1}
08-10 11:26:36.604 8118 8140 W Launcher.LauncherProvider: Unable to add favorite: com.andrew.apollo/com.andrew.apollo.ui.activities.HomeActivity
08-10 11:26:36.604 8118 8140 W Launcher.LauncherProvider: android.content.pm.PackageManager$NameNotFoundException: ComponentInfo{com.andrew.apollo/com.andrew.apollo.ui.activities.HomeActivity}
08-10 11:26:36.604 8118 8140 W Launcher.LauncherProvider: at android.app.ApplicationPackageManager.getActivityInfo(ApplicationPackageManager.java:314)
08-10 11:26:36.604 8118 8140 W Launcher.LauncherProvider: at com.android.launcher3.LauncherProvider$DatabaseHelper.addAppShortcut(LauncherProvider.java:1308)
08-10 11:26:36.604 8118 8140 W Launcher.LauncherProvider: at com.android.launcher3.LauncherProvider$DatabaseHelper.loadFavorites(LauncherProvider.java:1185)
08-10 11:26:36.604 8118 8140 W Launcher.LauncherProvider: at com.android.launcher3.LauncherProvider$DatabaseHelper.access$000(LauncherProvider.java:298)
08-10 11:26:36.604 8118 8140 W Launcher.LauncherProvider: at com.android.launcher3.LauncherProvider.loadDefaultFavoritesIfNecessary(LauncherProvider.java:288)
08-10 11:26:36.604 8118 8140 W Launcher.LauncherProvider: at com.android.launcher3.LauncherModel$LoaderTask.loadWorkspace(LauncherModel.java:1681)
08-10 11:26:36.604 8118 8140 W Launcher.LauncherProvider: at com.android.launcher3.LauncherModel$LoaderTask.loadAndBindWorkspace(LauncherModel.java:1425)
08-10 11:26:36.604 8118 8140 W Launcher.LauncherProvider: at com.android.launcher3.LauncherModel$LoaderTask.run(LauncherModel.java:1530)
08-10 11:26:36.604 8118 8140 W Launcher.LauncherProvider: at android.os.Handler.handleCallback(Handler.java:739)
08-10 11:26:36.604 8118 8140 W Launcher.LauncherProvider: at android.os.Handler.dispatchMessage(Handler.java:95)
08-10 11:26:36.604 8118 8140 W Launcher.LauncherProvider: at android.os.Looper.loop(Looper.java:135)
08-10 11:26:36.604 8118 8140 W Launcher.LauncherProvider: at android.os.HandlerThread.run(HandlerThread.java:61)
08-10 11:26:36.604 8118 8140 W Resources: Converting to int: TypedValue{t=0x3/d=0x12 "0" a=-1}
08-10 11:26:36.604 8118 8140 W Resources: Converting to int: TypedValue{t=0x3/d=0x19 "4" a=-1}
08-10 11:26:36.604 8118 8140 W Resources: Converting to int: TypedValue{t=0x3/d=0x2b "2" a=-1}
08-10 11:26:36.604 8118 8140 W Launcher.LauncherProvider: Unable to add favorite: com.cyanogenmod.gallerynext/com.cyanogenmod.gallerynext.app.GalleryActivity
08-10 11:26:36.604 8118 8140 W Launcher.LauncherProvider: android.content.pm.PackageManager$NameNotFoundException: ComponentInfo{com.cyanogenmod.gallerynext/com.cyanogenmod.gallerynext.app.GalleryActivity}
08-10 11:26:36.604 8118 8140 W Launcher.LauncherProvider: at android.app.ApplicationPackageManager.getActivityInfo(ApplicationPackageManager.java:314)
08-10 11:26:36.604 8118 8140 W Launcher.LauncherProvider: at com.android.launcher3.LauncherProvider$DatabaseHelper.addAppShortcut(LauncherProvider.java:1308)
08-10 11:26:36.604 8118 8140 W Launcher.LauncherProvider: at com.android.launcher3.LauncherProvider$DatabaseHelper.loadFavorites(LauncherProvider.java:1185)
08-10 11:26:36.604 8118 8140 W Launcher.LauncherProvider: at com.android.launcher3.LauncherProvider$DatabaseHelper.access$000(LauncherProvider.java:298)
08-10 11:26:36.604 8118 8140 W Launcher.LauncherProvider: at com.android.launcher3.LauncherProvider.loadDefaultFavoritesIfNecessary(LauncherProvider.java:288)
08-10 11:26:36.604 8118 8140 W Launcher.LauncherProvider: at com.android.launcher3.LauncherModel$LoaderTask.loadWorkspace(LauncherModel.java:1681)
08-10 11:26:36.604 8118 8140 W Launcher.LauncherProvider: at com.android.launcher3.LauncherModel$LoaderTask.loadAndBindWorkspace(LauncherModel.java:1425)
08-10 11:26:36.604 8118 8140 W Launcher.LauncherProvider: at com.android.launcher3.LauncherModel$LoaderTask.run(LauncherModel.java:1530)
08-10 11:26:36.604 8118 8140 W Launcher.LauncherProvider: at android.os.Handler.handleCallback(Handler.java:739)
08-10 11:26:36.604 8118 8140 W Launcher.LauncherProvider: at android.os.Handler.dispatchMessage(Handler.java:95)
08-10 11:26:36.604 8118 8140 W Launcher.LauncherProvider: at android.os.Looper.loop(Looper.java:135)
08-10 11:26:36.604 8118 8140 W Launcher.LauncherProvider: at android.os.HandlerThread.run(HandlerThread.java:61)
08-10 11:26:36.604 8118 8140 W Resources: Converting to int: TypedValue{t=0x3/d=0x12 "0" a=-1}
08-10 11:26:36.604 8118 8140 W Resources: Converting to int: TypedValue{t=0x3/d=0x19 "4" a=-1}
08-10 11:26:36.604 8118 8140 W Resources: Converting to int: TypedValue{t=0x3/d=0x2b "2" a=-1}
08-10 11:26:36.604 8118 8140 W Resources: Converting to int: TypedValue{t=0x3/d=0x18 "7" a=-1}
08-10 11:26:36.604 8118 8140 W Resources: Converting to int: TypedValue{t=0x3/d=0x19 "4" a=-1}
08-10 11:26:36.604 8118 8140 W Resources: Converting to int: TypedValue{t=0x3/d=0x2b "2" a=-1}
08-10 11:26:36.605 8118 8140 W Resources: Converting to int: TypedValue{t=0x3/d=0x13 "6" a=-1}
08-10 11:26:36.605 8118 8140 W Resources: Converting to int: TypedValue{t=0x3/d=0x19 "4" a=-1}
08-10 11:26:36.605 8118 8140 W Resources: Converting to int: TypedValue{t=0x3/d=0x11 "1" a=-1}
08-10 11:26:36.605 8118 8140 W Resources: Converting to int: TypedValue{t=0x3/d=0x12 "0" a=-1}
08-10 11:26:36.605 8118 8140 W Resources: Converting to int: TypedValue{t=0x3/d=0x2b "2" a=-1}
08-10 11:26:36.605 8118 8140 W Resources: Converting to int: TypedValue{t=0x3/d=0x13 "6" a=-1}
08-10 11:26:36.605 8118 8140 W Resources: Converting to int: TypedValue{t=0x3/d=0x19 "4" a=-1}
08-10 11:26:36.608 6548 6570 I ActivityManager: Start proc 8286:com.google.android.googlequicksearchbox/u0a21 for broadcast com.google.android.googlequicksearchbox/com.android.launcher3.WallpaperChangedReceiver
08-10 11:26:36.608 8118 8140 W Resources: Converting to int: TypedValue{t=0x3/d=0x19 "4" a=-1}
08-10 11:26:36.608 8118 8140 W Resources: Converting to int: TypedValue{t=0x3/d=0x11 "1" a=-1}
08-10 11:26:36.608 8118 8140 W Resources: Converting to int: TypedValue{t=0x3/d=0x2b "2" a=-1}
08-10 11:26:36.608 8118 8140 W Resources: Converting to int: TypedValue{t=0x3/d=0x12 "0" a=-1}
08-10 11:26:36.608 8118 8140 W Resources: Converting to int: TypedValue{t=0x3/d=0x2b "2" a=-1}
08-10 11:26:36.608 8118 8140 E Launcher.Model: Error loading shortcut Item(id=-1 type=0 container=-100 screen=2 cellX=2 cellY=0 spanX=4 spanY=1 dropPos=null) into cell (2-2:2,0) occupied by Item(id=-1 type=0 container=-100 screen=2 cellX=1 cellY=0 spanX=6 spanY=4 dropPos=null)
08-10 11:26:36.608 8118 8140 W Resources: Converting to int: TypedValue{t=0x3/d=0x35 "5" a=-1}
08-10 11:26:36.608 8118 8140 W Resources: Converting to int: TypedValue{t=0x3/d=0x12 "0" a=-1}
08-10 11:26:36.608 8118 8140 W Resources: Converting to int: TypedValue{t=0x3/d=0x35 "5" a=-1}
08-10 11:26:36.609 8118 8140 W Launcher.LauncherProvider: Unable to add favorite: com.google.android.talk/com.google.android.talk.SigningInActivity
08-10 11:26:36.609 8118 8140 W Launcher.LauncherProvider: android.content.pm.PackageManager$NameNotFoundException: ComponentInfo{com.google.android.talk/com.google.android.talk.SigningInActivity}
08-10 11:26:36.609 8118 8140 W Launcher.LauncherProvider: at android.app.ApplicationPackageManager.getActivityInfo(ApplicationPackageManager.java:314)
08-10 11:26:36.609 8118 8140 W Launcher.LauncherProvider: at com.android.launcher3.LauncherProvider$DatabaseHelper.addAppShortcut(LauncherProvider.java:1308)
08-10 11:26:36.609 8118 8140 W Launcher.LauncherProvider: at com.android.launcher3.LauncherProvider$DatabaseHelper.loadFavorites(LauncherProvider.java:1185)
08-10 11:26:36.609 8118 8140 W Launcher.LauncherProvider: at com.android.launcher3.LauncherProvider$DatabaseHelper.access$000(LauncherProvider.java:298)
08-10 11:26:36.609 8118 8140 W Launcher.LauncherProvider: at com.android.launcher3.LauncherProvider.loadDefaultFavoritesIfNecessary(LauncherProvider.java:288)
08-10 11:26:36.609 8118 8140 W Launcher.LauncherProvider: at com.android.launcher3.LauncherModel$LoaderTask.loadWorkspace(LauncherModel.java:1681)
08-10 11:26:36.609 8118 8140 W Launcher.LauncherProvider: at com.android.launcher3.LauncherModel$LoaderTask.loadAndBindWorkspace(LauncherModel.java:1425)
08-10 11:26:36.609 8118 8140 W Launcher.LauncherProvider: at com.android.launcher3.LauncherModel$LoaderTask.run(LauncherModel.java:1530)
08-10 11:26:36.609 8118 8140 W Launcher.LauncherProvider: at android.os.Handler.handleCallback(Handler.java:739)
08-10 11:26:36.609 8118 8140 W Launcher.LauncherProvider: at android.os.Handler.dispatchMessage(Handler.java:95)
08-10 11:26:36.609 8118 8140 W Launcher.LauncherProvider: at android.os.Looper.loop(Looper.java:135)
08-10 11:26:36.609 8118 8140 W Launcher.LauncherProvider: at android.os.HandlerThread.run(HandlerThread.java:61)
08-10 11:26:36.609 8118 8140 W Resources: Converting to int: TypedValue{t=0x3/d=0x35 "5" a=-1}
08-10 11:26:36.609 8118 8140 W Resources: Converting to int: TypedValue{t=0x3/d=0x12 "0" a=-1}
08-10 11:26:36.609 8118 8140 W Resources: Converting to int: TypedValue{t=0x3/d=0x35 "5" a=-1}
08-10 11:26:36.610 8118 8140 W Resources: Converting to int: TypedValue{t=0x3/d=0x13 "6" a=-1}
08-10 11:26:36.610 8118 8140 W Resources: Converting to int: TypedValue{t=0x3/d=0x12 "0" a=-1}
08-10 11:26:36.610 8118 8140 W Resources: Converting to int: TypedValue{t=0x3/d=0x13 "6" a=-1}
08-10 11:26:36.610 8118 8140 W Launcher.LauncherProvider: Unable to add favorite: com.android.chrome/com.google.android.apps.chrome.Main
08-10 11:26:36.610 8118 8140 W Launcher.LauncherProvider: android.content.pm.PackageManager$NameNotFoundException: ComponentInfo{com.android.chrome/com.google.android.apps.chrome.Main}
08-10 11:26:36.610 8118 8140 W Launcher.LauncherProvider: at android.app.ApplicationPackageManager.getActivityInfo(ApplicationPackageManager.java:314)
08-10 11:26:36.610 8118 8140 W Launcher.LauncherProvider: at com.android.launcher3.LauncherProvider$DatabaseHelper.addAppShortcut(LauncherProvider.java:1308)
08-10 11:26:36.610 8118 8140 W Launcher.LauncherProvider: at com.android.launcher3.LauncherProvider$DatabaseHelper.loadFavorites(LauncherProvider.java:1185)
08-10 11:26:36.610 8118 8140 W Launcher.LauncherProvider: at com.android.launcher3.LauncherProvider$DatabaseHelper.access$000(LauncherProvider.java:298)
08-10 11:26:36.610 8118 8140 W Launcher.LauncherProvider: at com.android.launcher3.LauncherProvider.loadDefaultFavoritesIfNecessary(LauncherProvider.java:288)
08-10 11:26:36.610 8118 8140 W Launcher.LauncherProvider: at com.android.launcher3.LauncherModel$LoaderTask.loadWorkspace(LauncherModel.java:1681)
08-10 11:26:36.610 8118 8140 W Launcher.LauncherProvider: at com.android.launcher3.LauncherModel$LoaderTask.loadAndBindWorkspace(LauncherModel.java:1425)
08-10 11:26:36.610 8118 8140 W Launcher.LauncherProvider: at com.android.launcher3.LauncherModel$LoaderTask.run(LauncherModel.java:1530)
08-10 11:26:36.610 8118 8140 W Launcher.LauncherProvider: at android.os.Handler.handleCallback(Handler.java:739)
08-10 11:26:36.610 8118 8140 W Launcher.LauncherProvider: at android.os.Handler.dispatchMessage(Handler.java:95)
08-10 11:26:36.610 8118 8140 W Launcher.LauncherProvider: at android.os.Looper.loop(Looper.java:135)
08-10 11:26:36.610 8118 8140 W Launcher.LauncherProvider: at android.os.HandlerThread.run(HandlerThread.java:61)
08-10 11:26:36.610 8118 8140 W Resources: Converting to int: TypedValue{t=0x3/d=0x13 "6" a=-1}
08-10 11:26:36.610 8118 8140 W Resources: Converting to int: TypedValue{t=0x3/d=0x12 "0" a=-1}
08-10 11:26:36.610 8118 8140 W Resources: Converting to int: TypedValue{t=0x3/d=0x13 "6" a=-1}
08-10 11:26:36.610 8118 8140 W Resources: Converting to int: TypedValue{t=0x3/d=0x14 "3" a=-1}
08-10 11:26:36.610 8118 8140 W Resources: Converting to int: TypedValue{t=0x3/d=0x12 "0" a=-1}
08-10 11:26:36.610 8118 8140 W Resources: Converting to int: TypedValue{t=0x3/d=0x14 "3" a=-1}
08-10 11:26:36.611 8118 8140 W Launcher.LauncherProvider: Unable to add favorite: com.google.android.music/com.android.music.activitymanagement.TopLevelActivity
08-10 11:26:36.611 8118 8140 W Launcher.LauncherProvider: android.content.pm.PackageManager$NameNotFoundException: ComponentInfo{com.google.android.music/com.android.music.activitymanagement.TopLevelActivity}
08-10 11:26:36.611 8118 8140 W Launcher.LauncherProvider: at android.app.ApplicationPackageManager.getActivityInfo(ApplicationPackageManager.java:314)
08-10 11:26:36.611 8118 8140 W Launcher.LauncherProvider: at com.android.launcher3.LauncherProvider$DatabaseHelper.addAppShortcut(LauncherProvider.java:1308)
08-10 11:26:36.611 8118 8140 W Launcher.LauncherProvider: at com.android.launcher3.LauncherProvider$DatabaseHelper.loadFavorites(LauncherProvider.java:1185)
08-10 11:26:36.611 8118 8140 W Launcher.LauncherProvider: at com.android.launcher3.LauncherProvider$DatabaseHelper.access$000(LauncherProvider.java:298)
08-10 11:26:36.611 8118 8140 W Launcher.LauncherProvider: at com.android.launcher3.LauncherProvider.loadDefaultFavoritesIfNecessary(LauncherProvider.java:288)
08-10 11:26:36.611 8118 8140 W Launcher.LauncherProvider: at com.android.launcher3.LauncherModel$LoaderTask.loadWorkspace(LauncherModel.java:1681)
08-10 11:26:36.611 8118 8140 W Launcher.LauncherProvider: at com.android.launcher3.LauncherModel$LoaderTask.loadAndBindWorkspace(LauncherModel.java:1425)
08-10 11:26:36.611 8118 8140 W Launcher.LauncherProvider: at com.android.launcher3.LauncherModel$LoaderTask.run(LauncherModel.java:1530)
08-10 11:26:36.611 8118 8140 W Launcher.LauncherProvider: at android.os.Handler.handleCallback(Handler.java:739)
08-10 11:26:36.611 8118 8140 W Launcher.LauncherProvider: at android.os.Handler.dispatchMessage(Handler.java:95)
08-10 11:26:36.611 8118 8140 W Launcher.LauncherProvider: at android.os.Looper.loop(Looper.java:135)
08-10 11:26:36.611 8118 8140 W Launcher.LauncherProvider: at android.os.HandlerThread.run(HandlerThread.java:61)
08-10 11:26:36.611 8118 8140 W Resources: Converting to int: TypedValue{t=0x3/d=0x14 "3" a=-1}
08-10 11:26:36.611 8118 8140 W Resources: Converting to int: TypedValue{t=0x3/d=0x12 "0" a=-1}
08-10 11:26:36.611 8118 8140 W Resources: Converting to int: TypedValue{t=0x3/d=0x14 "3" a=-1}
08-10 11:26:36.611 8118 8140 W Launcher.LauncherProvider: Unable to add favorite: com.android.camera2/com.android.camera.CameraLauncher
08-10 11:26:36.611 8118 8140 W Launcher.LauncherProvider: android.content.pm.PackageManager$NameNotFoundException: ComponentInfo{com.android.camera2/com.android.camera.CameraLauncher}
08-10 11:26:36.611 8118 8140 W Launcher.LauncherProvider: at android.app.ApplicationPackageManager.getActivityInfo(ApplicationPackageManager.java:314)
08-10 11:26:36.611 8118 8140 W Launcher.LauncherProvider: at com.android.launcher3.LauncherProvider$DatabaseHelper.addAppShortcut(LauncherProvider.java:1308)
08-10 11:26:36.611 8118 8140 W Launcher.LauncherProvider: at com.android.launcher3.LauncherProvider$DatabaseHelper.loadFavorites(LauncherProvider.java:1185)
08-10 11:26:36.611 8118 8140 W Launcher.LauncherProvider: at com.android.launcher3.LauncherProvider$DatabaseHelper.access$000(LauncherProvider.java:298)
08-10 11:26:36.611 8118 8140 W Launcher.LauncherProvider: at com.android.launcher3.LauncherProvider.loadDefaultFavoritesIfNecessary(LauncherProvider.java:288)
08-10 11:26:36.611 8118 8140 W Launcher.LauncherProvider: at com.android.launcher3.LauncherModel$LoaderTask.loadWorkspace(LauncherModel.java:1681)
08-10 11:26:36.611 8118 8140 W Launcher.LauncherProvider: at com.android.launcher3.LauncherModel$LoaderTask.loadAndBindWorkspace(LauncherModel.java:1425)
08-10 11:26:36.611 8118 8140 W Launcher.LauncherProvider: at com.android.launcher3.LauncherModel$LoaderTask.run(LauncherModel.java:1530)
08-10 11:26:36.611 8118 8140 W Launcher.LauncherProvider: at android.os.Handler.handleCallback(Handler.java:739)
08-10 11:26:36.611 8118 8140 W Launcher.LauncherProvider: at android.os.Handler.dispatchMessage(Handler.java:95)
08-10 11:26:36.611 8118 8140 W Launcher.LauncherProvider: at android.os.Looper.loop(Looper.java:135)
08-10 11:26:36.611 8118 8140 W Launcher.LauncherProvider: at android.os.HandlerThread.run(HandlerThread.java:61)
08-10 11:26:36.611 8118 8140 W Resources: Converting to int: TypedValue{t=0x3/d=0x2b "2" a=-1}
08-10 11:26:36.611 8118 8140 W Resources: Converting to int: TypedValue{t=0x3/d=0x12 "0" a=-1}
08-10 11:26:36.611 8118 8140 W Resources: Converting to int: TypedValue{t=0x3/d=0x2b "2" a=-1}
08-10 11:26:36.611 8118 8140 W Launcher.LauncherProvider: Unable to add favorite: com.google.android.youtube/com.google.android.youtube.app.honeycomb.Shell$HomeActivity
08-10 11:26:36.611 8118 8140 W Launcher.LauncherProvider: android.content.pm.PackageManager$NameNotFoundException: ComponentInfo{com.google.android.youtube/com.google.android.youtube.app.honeycomb.Shell$HomeActivity}
08-10 11:26:36.611 8118 8140 W Launcher.LauncherProvider: at android.app.ApplicationPackageManager.getActivityInfo(ApplicationPackageManager.java:314)
08-10 11:26:36.611 8118 8140 W Launcher.LauncherProvider: at com.android.launcher3.LauncherProvider$DatabaseHelper.addAppShortcut(LauncherProvider.java:1308)
08-10 11:26:36.611 8118 8140 W Launcher.LauncherProvider: at com.android.launcher3.LauncherProvider$DatabaseHelper.loadFavorites(LauncherProvider.java:1185)
08-10 11:26:36.611 8118 8140 W Launcher.LauncherProvider: at com.android.launcher3.LauncherProvider$DatabaseHelper.access$000(LauncherProvider.java:298)
08-10 11:26:36.611 8118 8140 W Launcher.LauncherProvider: at com.android.launcher3.LauncherProvider.loadDefaultFavoritesIfNecessary(LauncherProvider.java:288)
08-10 11:26:36.611 8118 8140 W Launcher.LauncherProvider: at com.android.launcher3.LauncherModel$LoaderTask.loadWorkspace(LauncherModel.java:1681)
08-10 11:26:36.611 8118 8140 W Launcher.LauncherProvider: at com.android.launcher3.LauncherModel$LoaderTask.loadAndBindWorkspace(LauncherModel.java:1425)
08-10 11:26:36.611 8118 8140 W Launcher.LauncherProvider: at com.android.launcher3.LauncherModel$LoaderTask.run(LauncherModel.java:1530)
08-10 11:26:36.611 8118 8140 W Launcher.LauncherProvider: at android.os.Handler.handleCallback(Handler.java:739)
08-10 11:26:36.611 8118 8140 W Launcher.LauncherProvider: at android.os.Handler.dispatchMessage(Handler.java:95)
08-10 11:26:36.611 8118 8140 W Launcher.LauncherProvider: at android.os.Looper.loop(Looper.java:135)
08-10 11:26:36.611 8118 8140 W Launcher.LauncherProvider: at android.os.HandlerThread.run(HandlerThread.java:61)
08-10 11:26:36.611 8118 8140 W Resources: Converting to int: TypedValue{t=0x3/d=0x2b "2" a=-1}
08-10 11:26:36.611 8118 8140 W Resources: Converting to int: TypedValue{t=0x3/d=0x12 "0" a=-1}
08-10 11:26:36.611 8118 8140 W Resources: Converting to int: TypedValue{t=0x3/d=0x2b "2" a=-1}
08-10 11:26:36.612 8286 8286 I ActivityThread: Switching default density from 160 to 240
08-10 11:26:36.618 8286 8286 D Launcher.LauncherProvider: 11683562 - initializeMaxScreenId(): 0
08-10 11:26:36.618 8286 8286 V Launcher: LauncherAppState inited
08-10 11:26:36.620 8286 8286 D Launcher.Model: Old launcher provider: content://com.google.android.launcher.oldhome.settings/favorites?notify=true
08-10 11:26:36.620 8286 8286 D Launcher.Model: Old launcher provider does not exist.
08-10 11:26:36.623 7724 7724 D Finsky : [1] BaseWidgetProvider.onReceive: Received ACTION_APPWIDGET_UPDATE, updating 1 widgets.
08-10 11:26:36.632 6548 6918 W BackupManagerService: dataChanged but no participant pkg='com.cyanogenmod.trebuchet' uid=10020
08-10 11:26:36.633 6548 6717 W BackupManagerService: dataChanged but no participant pkg='com.cyanogenmod.trebuchet' uid=10020
08-10 11:26:36.662 8118 8313 D OpenGLRenderer: Use EGL_SWAP_BEHAVIOR_PRESERVED: true
08-10 11:26:36.662 8118 8118 I GRALLOC-RADEON: detected chipset 0x679a family 0x35 (vram size -1060MiB, gart size 1019MiB)
08-10 11:26:36.662 8118 8118 I GRALLOC-DRM: create radeon for driver radeon
08-10 11:26:36.663 8118 8118 D Atlas : Validating map...
08-10 11:26:36.663 6548 7223 V WindowManager: Adding window Window{6c9b03c u0 com.cyanogenmod.trebuchet/com.android.launcher3.Launcher} at 4 of 9 (after Window{105791c8 u0 Starting com.android.provision})
08-10 11:26:36.709 8118 8313 I OpenGLRenderer: Initialized EGL, version 1.4
08-10 11:26:36.710 8118 8313 D OpenGLRenderer: Enabling debug mode 0
08-10 11:26:36.759 6548 6575 I ActivityManager: Displayed com.cyanogenmod.trebuchet/com.android.launcher3.Launcher: +206ms (total +538ms)
08-10 11:26:36.823 6548 7097 I ActivityManager: Killing 7700:com.android.managedprovisioning/u0a11 (adj 15): empty #17
08-10 11:26:36.850 6548 7097 I ActivityManager: Killing 7203:com.google.android.partnersetup/u0a10 (adj 15): empty #17
08-10 11:26:37.231 8118 8313 V RenderScript: 0xae226600 Launching thread(s), CPUs 4
08-10 11:26:37.797 7724 7724 D Finsky : [1] DailyHygiene.inHoldoffPeriod: No holdoff required - already provisioned
08-10 11:26:37.797 7724 7724 D Finsky : [1] DailyHygiene.onStartCommand: Beginning daily hygiene
08-10 11:26:37.799 7724 7724 D Finsky : [1] GcmRegistrationIdHelper.getRegistrationId: Start requesting GCM Reg Id
08-10 11:26:37.799 7724 7724 D GCMRegistrar: resetting backoff for com.android.vending
08-10 11:26:37.799 7724 7724 V GCMRegistrar: Registering app com.android.vending of senders 932144863878
08-10 11:26:37.808 6892 6892 V GLSActivity: AuthDelegateWrapperCreated with selected intent: Intent { cmp=com.google.android.gms/.auth.DefaultAuthDelegateService }
08-10 11:26:37.809 6892 8326 I GCM : GCM config loaded
08-10 11:26:37.813 7328 7906 D InitAlarmsService: Clearing and rescheduling alarms.
08-10 11:26:37.816 6548 6957 I ActivityManager: Killing 7820:com.android.onetimeinitializer/u0a14 (adj 15): empty #17
08-10 11:26:37.880 6548 6665 W AudioTrack: AUDIO_OUTPUT_FLAG_FAST denied by client
08-10 11:26:38.253 6937 6937 D wpa_supplicant: wlan0: Control interface command 'SIGNAL_POLL'
08-10 11:26:38.304 7724 7724 D Finsky : [1] 1.onResponse: Received device config token 1439198798203
08-10 11:26:38.306 6892 6892 V GLSActivity: AuthDelegateWrapperCreated with selected intent: Intent { cmp=com.google.android.gms/.auth.DefaultAuthDelegateService }
08-10 11:26:38.406 7724 7724 D Finsky : [1] SelfUpdateScheduler.checkForSelfUpdate: Starting DFE self-update from local version [80330600] to server version [80371000]
08-10 11:26:38.409 6892 6892 V GLSActivity: AuthDelegateWrapperCreated with selected intent: Intent { cmp=com.google.android.gms/.auth.DefaultAuthDelegateService }
08-10 11:26:38.419 6892 6892 V GLSActivity: AuthDelegateWrapperCreated with selected intent: Intent { cmp=com.google.android.gms/.auth.DefaultAuthDelegateService }
08-10 11:26:38.681 7724 7724 V GCMBroadcastReceiver: onReceive: com.google.android.c2dm.intent.REGISTRATION
08-10 11:26:38.681 7724 7724 V GCMBroadcastReceiver: GCM IntentService class: com.android.vending.GCMIntentService
08-10 11:26:38.682 7724 7724 V GCMBaseIntentService: Acquiring wakelock
08-10 11:26:38.683 7724 7724 D Finsky : [1] DownloadImpl.setState: self-update-download from null to UNQUEUED.
08-10 11:26:38.683 7724 7724 D Finsky : [1] DownloadQueueImpl.add: Download self-update-download added to DownloadQueue
08-10 11:26:38.684 7724 7724 D Finsky : [1] DownloadImpl.setState: self-update-download from UNQUEUED to QUEUED.
08-10 11:26:38.685 1817 1817 I installd: free_cache(0) avail 1633337344
08-10 11:26:38.685 7724 7724 V GCMBaseIntentService: Intent service name: GCMIntentService-932144863878-1
08-10 11:26:38.686 7724 8335 E GCMRegistrar: internal error: retry receiver class not set yet
08-10 11:26:38.686 7724 8335 V GCMRegistrar: Registering receiver
08-10 11:26:38.687 7724 8335 D GCMBaseIntentService: handleRegistration: registrationId = APA91bE5pd1TMePdK33Jr1GfRVgXU4KIDzWdi0eN_IMjxyQt2_z8318UxxyF7yrhXQGq-UXeOpSwKDSu-N2mt0y1wN8vsgFctRnwObh-z9ozz99Hl7YARYKWNOAFt8PcOpKTNteeyT9-, error = null, unregistered = null
08-10 11:26:38.687 7724 8335 D GCMRegistrar: resetting backoff for com.android.vending
08-10 11:26:38.687 7724 8335 V GCMRegistrar: Saving regId on app version 80330600
08-10 11:26:38.687 7724 7724 D Finsky : [1] DownloadQueueImpl.startDownload: Download self-update-download starting
08-10 11:26:38.687 7724 8335 V GCMBaseIntentService: Releasing wakelock
08-10 11:26:38.688 7724 7724 D Finsky : [1] GcmRegistrationIdHelper.uploadIfNotRegistered: Uploading GcmRegistration Id because not registered yet
08-10 11:26:38.690 6892 6892 V GLSActivity: AuthDelegateWrapperCreated with selected intent: Intent { cmp=com.google.android.gms/.auth.DefaultAuthDelegateService }
08-10 11:26:38.693 7724 7752 D Finsky : [177] 7.run: Enqueued self-update-download as content://downloads/my_downloads/1
08-10 11:26:38.693 7724 7724 D Finsky : [1] DownloadImpl.setState: self-update-download from QUEUED to DOWNLOADING.
08-10 11:26:38.694 7724 7724 D Finsky : [1] DownloadQueueImpl.onStart: self-update-download: onStart
08-10 11:26:38.703 7724 7724 D Finsky : [1] DownloadQueueImpl.notifyProgress: self-update-download: onProgress 0/-1 Status: 192.
08-10 11:26:38.706 6938 8337 D DownloadManager: [1] Starting
08-10 11:26:38.710 6938 8337 W ActivityThread: ClassLoader.loadClass: The class loader returned by Thread.getContextClassLoader() may fail for processes that host multiple applications. You should explicitly specify a context class loader. For example: Thread.setContextClassLoader(getClass().getClassLoader());
08-10 11:26:38.759 6548 6665 W AudioTrack: AUDIO_OUTPUT_FLAG_FAST denied by client
08-10 11:26:39.359 7724 7724 D Finsky : [1] 3.onMutationsApplied: App library has changed, requesting content sync.
08-10 11:26:39.362 7724 7724 D Finsky : [1] DailyHygiene.logDeviceFeaturesAndContinue: Logging device features
08-10 11:26:39.363 7724 7724 D Finsky : [1] DailyHygiene.flushEventLogsAndContinue: Flushing event logs for [7gzFGQgxhLIHb-5R_6IEwfE4-60]
08-10 11:26:39.364 7724 7724 D Finsky : [1] DailyHygiene.reschedule: Scheduling first run in 35.3 hours
08-10 11:26:39.365 7084 7105 D DeviceConnectionService: client connected with version: 6587000
08-10 11:26:39.366 7724 7724 D Finsky : [1] VerifyInstalledPackagesReceiver.onReceive: Verify installed apps requested
08-10 11:26:39.369 7724 7724 D Finsky : [1] VerifyInstalledPackagesTask.onPreExecute: Verifying installed apps
08-10 11:26:39.950 6937 6937 D wpa_supplicant: RTM_NEWLINK: ifi_index=6 ifname=wlan0 wext ifi_family=0 ifi_flags=0x11043 ([UP][RUNNING][LOWER_UP])
08-10 11:26:39.950 6937 6937 D wpa_supplicant: nl80211: Event message available
08-10 11:26:39.950 6937 6937 D wpa_supplicant: nl80211: Drv Event 34 (NL80211_CMD_NEW_SCAN_RESULTS) received for wlan0
08-10 11:26:39.950 6937 6937 D wpa_supplicant: wlan0: nl80211: New scan results available
08-10 11:26:39.950 6937 6937 D wpa_supplicant: nl80211: Scan probed for SSID ''
08-10 11:26:39.950 6937 6937 D wpa_supplicant: nl80211: Scan included frequencies: 2412 2417 2422 2427 2432 2437 2442 2447 2452 2457 2462 2467 2472 2484
08-10 11:26:39.950 6937 6937 D wpa_supplicant: wlan0: Event SCAN_RESULTS (3) received
08-10 11:26:39.950 6937 6937 D wpa_supplicant: wlan0: Scan completed in 5.109307 seconds
08-10 11:26:39.950 6937 6937 D wpa_supplicant: nl80211: Associated on 2442 MHz
08-10 11:26:39.950 6937 6937 D wpa_supplicant: nl80211: Associated with 9c:97:26:9d:de:fb
08-10 11:26:39.950 6937 6937 D wpa_supplicant: nl80211: Received scan results (1 BSSes)
08-10 11:26:39.950 6937 6937 D wpa_supplicant: nl80211: Scan results indicate BSS status with 9c:97:26:9d:de:fb as associated
08-10 11:26:39.950 6937 6937 D wpa_supplicant: Sorted scan results
08-10 11:26:39.950 6937 6937 D wpa_supplicant: 9c:97:26:9d:de:fb freq=2442 qual=0 noise=0 level=56 flags=0x23 age=158
08-10 11:26:39.950 6937 6937 D wpa_supplicant: IEs - hexdump(len=318): 00 10 54 65 6c 65 63 6f 6d 2d 31 31 30 30 39 35 33 31 01 08 82 84 8b 96 24 30 48 6c 03 01 07 2a ...
08-10 11:26:39.950 6937 6937 D wpa_supplicant: Beacon IEs - hexdump(len=210): 00 10 54 65 6c 65 63 6f 6d 2d 31 31 30 30 39 35 33 31 01 08 82 84 8b 96 24 30 48 6c 03 01 07 05 ...
08-10 11:26:39.950 6937 6937 D wpa_supplicant: wlan0: BSS: Start scan result update 4
08-10 11:26:39.950 6937 6937 D wpa_supplicant: BSS: last_scan_res_used=1/32
08-10 11:26:39.950 6937 6937 D wpa_supplicant: Add randomness: count=6 entropy=1
08-10 11:26:39.950 6937 6937 D wpa_supplicant: random pool - hexdump(len=128): [REMOVED]
08-10 11:26:39.950 6937 6937 D wpa_supplicant: random_mix_pool - hexdump(len=8): [REMOVED]
08-10 11:26:39.950 6937 6937 D wpa_supplicant: random_mix_pool - hexdump(len=5): [REMOVED]
08-10 11:26:39.950 6937 6937 D wpa_supplicant: random pool - hexdump(len=128): [REMOVED]
08-10 11:26:39.950 6937 6937 D wpa_supplicant: wlan0: Scan-only results received
08-10 11:26:39.950 6937 6937 D wpa_supplicant: CTRL_IFACE monitor sent successfully to /data/misc/wifi/sockets/wpa_ctrl_6548-2\x00
08-10 11:26:39.950 6937 6937 D wpa_supplicant: wlan0: Radio work 'scan'@0xb6836430 done in 5.109965 seconds
08-10 11:26:39.951 6937 6937 D wpa_supplicant: wlan0: Control interface command 'BSS RANGE=0- MASK=0x21987'
08-10 11:26:39.951 6937 6937 D wpa_supplicant: WPS: attr type=0x104a len=1
08-10 11:26:39.951 6937 6937 D wpa_supplicant: WPS: attr type=0x1044 len=1
08-10 11:26:39.951 6937 6937 D wpa_supplicant: WPS: attr type=0x103b len=1
08-10 11:26:39.951 6937 6937 D wpa_supplicant: WPS: attr type=0x1047 len=16
08-10 11:26:39.951 6937 6937 D wpa_supplicant: WPS: attr type=0x1021 len=11
08-10 11:26:39.951 6937 6937 D wpa_supplicant: WPS: attr type=0x1023 len=14
08-10 11:26:39.951 6937 6937 D wpa_supplicant: WPS: attr type=0x1024 len=5
08-10 11:26:39.951 6937 6937 D wpa_supplicant: WPS: attr type=0x1042 len=9
08-10 11:26:39.951 6937 6937 D wpa_supplicant: WPS: attr type=0x1054 len=8
08-10 11:26:39.951 6937 6937 D wpa_supplicant: WPS: attr type=0x1011 len=7
08-10 11:26:39.951 6937 6937 D wpa_supplicant: WPS: attr type=0x1008 len=2
08-10 11:26:39.951 6937 6937 D wpa_supplicant: WPS: attr type=0x103c len=1
08-10 11:26:39.951 6937 6937 D wpa_supplicant: WPS: attr type=0x1049 len=6
08-10 11:26:39.951 6937 6937 D wpa_supplicant: WPS: WFA subelement id=0 len=1
08-10 11:26:39.951 6937 6937 D wpa_supplicant: WPS: attr type=0x104a len=1
08-10 11:26:39.951 6937 6937 D wpa_supplicant: WPS: attr type=0x1044 len=1
08-10 11:26:39.951 6937 6937 D wpa_supplicant: WPS: attr type=0x103b len=1
08-10 11:26:39.951 6937 6937 D wpa_supplicant: WPS: attr type=0x1047 len=16
08-10 11:26:39.951 6937 6937 D wpa_supplicant: WPS: attr type=0x1021 len=11
08-10 11:26:39.951 6937 6937 D wpa_supplicant: WPS: attr type=0x1023 len=14
08-10 11:26:39.951 6937 6937 D wpa_supplicant: WPS: attr type=0x1024 len=5
08-10 11:26:39.951 6937 6937 D wpa_supplicant: WPS: attr type=0x1042 len=9
08-10 11:26:39.951 6937 6937 D wpa_supplicant: WPS: attr type=0x1054 len=8
08-10 11:26:39.951 6937 6937 D wpa_supplicant: WPS: attr type=0x1011 len=7
08-10 11:26:39.951 6937 6937 D wpa_supplicant: WPS: attr type=0x1008 len=2
08-10 11:26:39.951 6937 6937 D wpa_supplicant: WPS: attr type=0x103c len=1
08-10 11:26:39.951 6937 6937 D wpa_supplicant: WPS: attr type=0x1049 len=6
08-10 11:26:39.951 6937 6937 D wpa_supplicant: WPS: WFA subelement id=0 len=1
08-10 11:26:39.951 6937 6937 D wpa_supplicant: WPS: attr type=0x104a len=1
08-10 11:26:39.951 6937 6937 D wpa_supplicant: WPS: attr type=0x1044 len=1
08-10 11:26:39.951 6937 6937 D wpa_supplicant: WPS: attr type=0x103b len=1
08-10 11:26:39.951 6937 6937 D wpa_supplicant: WPS: attr type=0x1047 len=16
08-10 11:26:39.951 6937 6937 D wpa_supplicant: WPS: attr type=0x1021 len=11
08-10 11:26:39.951 6937 6937 D wpa_supplicant: WPS: attr type=0x1023 len=14
08-10 11:26:39.951 6937 6937 D wpa_supplicant: WPS: attr type=0x1024 len=5
08-10 11:26:39.951 6937 6937 D wpa_supplicant: WPS: attr type=0x1042 len=9
08-10 11:26:39.951 6937 6937 D wpa_supplicant: WPS: attr type=0x1054 len=8
08-10 11:26:39.951 6937 6937 D wpa_supplicant: WPS: attr type=0x1011 len=7
08-10 11:26:39.951 6937 6937 D wpa_supplicant: WPS: attr type=0x1008 len=2
08-10 11:26:39.951 6937 6937 D wpa_supplicant: WPS: attr type=0x103c len=1
08-10 11:26:39.951 6937 6937 D wpa_supplicant: WPS: attr type=0x1049 len=6
08-10 11:26:39.951 6937 6937 D wpa_supplicant: WPS: WFA subelement id=0 len=1
08-10 11:26:39.951 6937 6937 D wpa_supplicant: wlan0: Control interface command 'STATUS-NO_EVENTS'
08-10 11:26:40.536 6548 6665 W AudioTrack: AUDIO_OUTPUT_FLAG_FAST denied by client
08-10 11:26:41.255 6937 6937 D wpa_supplicant: wlan0: Control interface command 'SIGNAL_POLL'
08-10 11:26:42.376 6548 6665 W AudioTrack: AUDIO_OUTPUT_FLAG_FAST denied by client
08-10 11:26:42.837 6548 7233 I art : Explicit concurrent mark sweep GC freed 20397(1163KB) AllocSpace objects, 12(192KB) LOS objects, 33% free, 9MB/14MB, paused 258us total 20.196ms
08-10 11:26:44.039 6548 6567 I ActivityManager: START u0 {act=android.intent.action.MAIN cat=[android.intent.category.LAUNCHER] flg=0x10200000 cmp=com.android.settings/.Settings} from uid 10020 on display 0
08-10 11:26:44.039 6548 6665 W AudioTrack: AUDIO_OUTPUT_FLAG_FAST denied by client
08-10 11:26:44.042 6548 6567 V WindowManager: addAppToken: AppWindowToken{1af9992c token=Token{195878df ActivityRecord{1e7b0b7e u0 com.android.settings/.Settings t4}}} to stack=1 task=4 at 0
08-10 11:26:44.043 6548 6570 W BroadcastQueue: Permission Denial: broadcasting Intent { act=com.android.launcher3.action.LAUNCH flg=0x10 (has extras) } from com.cyanogenmod.trebuchet (pid=8118, uid=10020) requires com.google.android.launcher.permission.RECEIVE_LAUNCH_BROADCASTS due to receiver com.google.android.googlequicksearchbox/com.google.android.search.core.icingsync.ApplicationLaunchReceiver
08-10 11:26:44.043 6548 6570 W BroadcastQueue: Permission Denial: receiving Intent { act=com.android.launcher3.action.LAUNCH flg=0x10 (has extras) } to com.google.android.googlequicksearchbox/com.google.android.search.core.icingsync.ApplicationLaunchReceiver requires com.android.launcher3.permission.RECEIVE_LAUNCH_BROADCASTS due to sender com.cyanogenmod.trebuchet (uid 10020)
08-10 11:26:44.046 6548 6575 V WindowManager: Adding window Window{16f908ad u0 Starting com.android.settings} at 2 of 7 (after Window{6c9b03c u0 com.cyanogenmod.trebuchet/com.android.launcher3.Launcher})
08-10 11:26:44.059 7861 8353 I IndexDatabaseHelper: Bootstrapped database
08-10 11:26:44.059 7861 8353 I IndexDatabaseHelper: Using schema version: 115
08-10 11:26:44.059 7861 8353 I IndexDatabaseHelper: Index is fine
08-10 11:26:44.089 7861 8353 V NFC : this device does not have NFC support
08-10 11:26:44.090 6548 7104 V WindowManager: Adding window Window{236edde1 u0 com.android.settings/com.android.settings.Settings} at 2 of 8 (before Window{16f908ad u0 Starting com.android.settings})
08-10 11:26:44.120 7861 7861 D DashboardSummary: rebuildUI took: 29 ms
08-10 11:26:44.177 6548 6574 D BluetoothManagerService: Message: 20
08-10 11:26:44.177 6548 6574 D BluetoothManagerService: Added callback: android.bluetooth.IBluetoothManagerCallback$Stub$Proxy@383071c7:true
08-10 11:26:44.178 7861 8353 D BluetoothAdapter: 781467815: getState() : mService = null. Returning STATE_OFF
08-10 11:26:44.178 6548 6574 D BluetoothManagerService: Message: 30
08-10 11:26:44.179 6548 6574 D BluetoothManagerService: Message: 30
08-10 11:26:44.179 7861 8353 D LocalBluetoothProfileManager: Adding local MAP profile
08-10 11:26:44.179 7861 8353 D BluetoothMap: Create BluetoothMap proxy object
08-10 11:26:44.179 6548 6574 D BluetoothManagerService: Message: 30
08-10 11:26:44.181 6548 6574 D BluetoothManagerService: Message: 30
08-10 11:26:44.181 7861 8353 D LocalBluetoothProfileManager: LocalBluetoothProfileManager construction complete
08-10 11:26:44.181 7861 8353 D BluetoothAdapter: 781467815: getState() : mService = null. Returning STATE_OFF
08-10 11:26:44.197 7861 8353 D Index : Indexing locale 'en_US' took 137 millis
08-10 11:26:44.201 6548 6575 I ActivityManager: Displayed com.android.settings/.Settings: +158ms
08-10 11:26:44.255 6937 6937 D wpa_supplicant: wlan0: Control interface command 'SIGNAL_POLL'
08-10 11:26:46.207 6548 7229 I ActivityManager: START u0 {act=android.intent.action.MAIN cmp=com.android.settings/.SubSettings (has extras)} from uid 1000 on display 0
08-10 11:26:46.208 6548 6665 W AudioTrack: AUDIO_OUTPUT_FLAG_FAST denied by client
08-10 11:26:46.208 6548 7229 V WindowManager: addAppToken: AppWindowToken{b4a8989 token=Token{1f21ac90 ActivityRecord{238eb53 u0 com.android.settings/.SubSettings t4}}} to stack=1 task=4 at 1
08-10 11:26:46.231 7861 7861 D SubSettings: Launching fragment com.android.settings.DevelopmentSettings
08-10 11:26:46.242 7861 7861 W Settings: Setting bugreport_in_power_menu has moved from android.provider.Settings.Secure to android.provider.Settings.Global.
08-10 11:26:46.247 7861 7861 W Settings: Setting bugreport_in_power_menu has moved from android.provider.Settings.Secure to android.provider.Settings.Global.
08-10 11:26:46.250 6548 7229 V WindowManager: Adding window Window{36fcb066 u0 com.android.settings/com.android.settings.SubSettings} at 3 of 8 (after Window{236edde1 u0 com.android.settings/com.android.settings.Settings})
08-10 11:26:46.321 6548 6575 I ActivityManager: Displayed com.android.settings/.SubSettings: +111ms
08-10 11:26:46.355 7861 7944 D OpenGLRenderer: endAllStagingAnimators on 0xa0bb8800 (RippleDrawable) with handle 0xa0ade170
08-10 11:26:46.508 6548 6635 I InputReader: Reconfiguring input devices. changes=0x00000010
08-10 11:26:46.508 6548 6635 I InputReader: Reconfiguring input devices. changes=0x00000010
08-10 11:26:46.512 6548 6548 D BackupManagerService: Received broadcast Intent { act=android.intent.action.PACKAGE_CHANGED dat=package:com.android.provision flg=0x4000010 (has extras) }
08-10 11:26:46.513 6548 6569 W LocationProviderProxy-fused: com.google.android.gms resolves service com.android.location.service.FusedLocationProvider, but has wrong signature, ignoring
08-10 11:26:46.515 6548 6548 D BackupManagerService: Received broadcast Intent { act=android.intent.action.PACKAGE_CHANGED dat=package:com.google.android.setupwizard flg=0x4000010 (has extras) }
08-10 11:26:46.520 7106 8363 D PackageBroadcastService: Received broadcast action=android.intent.action.PACKAGE_CHANGED and uri=com.android.provision
08-10 11:26:46.521 8118 8118 I Launcher: Deferring update until onResume
08-10 11:26:46.522 8118 8118 W Launcher: setApplicationContext called twice! old=com.android.launcher3.LauncherApplication@be3c802 new=com.android.launcher3.LauncherApplication@be3c802
08-10 11:26:46.522 8118 8118 I Launcher: Deferring update until onResume
08-10 11:26:46.523 7106 8364 I PeopleContactsSync: CP2 sync disabled
08-10 11:26:46.523 8286 8304 W Launcher.Model: Nobody to tell about the new app. Launcher is probably loading.
08-10 11:26:46.525 7159 8366 I UpdateIcingCorporaServi: Updating corpora: APPS=com.android.provision, CONTACTS=MAYBE
08-10 11:26:46.525 7106 7549 E Icing : Couldn't handle android.intent.action.PACKAGE_CHANGED intent due to initialization failure.
08-10 11:26:46.528 6548 6569 W LocationProviderProxy-fused: com.google.android.gms resolves service com.android.location.service.FusedLocationProvider, but has wrong signature, ignoring
08-10 11:26:46.531 8286 8304 W Launcher.Model: Nobody to tell about the new app. Launcher is probably loading.
08-10 11:26:46.533 7106 8369 D PackageBroadcastService: Received broadcast action=android.intent.action.PACKAGE_CHANGED and uri=com.google.android.setupwizard
08-10 11:26:46.533 8118 8118 W Launcher: setApplicationContext called twice! old=com.android.launcher3.LauncherApplication@be3c802 new=com.android.launcher3.LauncherApplication@be3c802
08-10 11:26:46.535 7106 8370 I PeopleContactsSync: CP2 sync disabled
08-10 11:26:46.535 7106 7321 E Icing : Not initialized
08-10 11:26:46.535 7106 7896 E Icing : Couldn't handle android.intent.action.PACKAGE_CHANGED intent due to initialization failure.
08-10 11:26:46.536 7159 8366 E .AppDataSearchProvider: Could not connect to AppDataSearchClient for registerCorpora, error 16
08-10 11:26:46.536 7159 8366 W IcingCorporaProvider: Corpora registration failed
08-10 11:26:46.540 7159 8366 I ApplicationLogger: canRun() : Opted Out
08-10 11:26:46.540 7159 8366 I UpdateIcingCorporaServi: UpdateCorporaTask done [took 15 ms] updated apps [took 15 ms]
08-10 11:26:46.541 7159 8366 I UpdateIcingCorporaServi: Updating corpora: APPS=com.google.android.setupwizard, CONTACTS=MAYBE
08-10 11:26:46.543 7106 7352 E Icing : Not initialized
08-10 11:26:46.543 7159 8366 E .AppDataSearchProvider: Could not connect to AppDataSearchClient for registerCorpora, error 16
08-10 11:26:46.543 7159 8366 W IcingCorporaProvider: Corpora registration failed
08-10 11:26:46.547 7159 8366 I ApplicationLogger: canRun() : Opted Out
08-10 11:26:46.547 7159 8366 I UpdateIcingCorporaServi: UpdateCorporaTask done [took 6 ms] updated apps [took 6 ms]
08-10 11:26:47.258 6937 6937 D wpa_supplicant: wlan0: Control interface command 'SIGNAL_POLL'
08-10 11:26:47.791 6548 6665 W AudioTrack: AUDIO_OUTPUT_FLAG_FAST denied by client
08-10 11:26:48.992 6548 6665 W AudioTrack: AUDIO_OUTPUT_FLAG_FAST denied by client
08-10 11:26:49.053 7861 7861 D DashboardSummary: rebuildUI took: 19 ms
08-10 11:26:49.392 6548 6634 I ActivityManager: START u0 {act=android.intent.action.MAIN cat=[android.intent.category.HOME] flg=0x10200000 cmp=com.cyanogenmod.trebuchet/com.android.launcher3.Launcher} from uid 1000 on display 0
08-10 11:26:49.393 6548 6665 W AudioTrack: AUDIO_OUTPUT_FLAG_FAST denied by client
08-10 11:26:49.394 1809 2017 D PermissionCache: checking android.permission.READ_FRAME_BUFFER for uid=1000 => granted (94 us)
08-10 11:26:49.920 6548 6665 W AudioTrack: AUDIO_OUTPUT_FLAG_FAST denied by client
08-10 11:26:49.924 6548 6775 I ActivityManager: START u0 {act=com.android.systemui.recents.SHOW_RECENTS flg=0x10804000 cmp=com.android.systemui/.recents.RecentsActivity} from uid 10019 on display 0
08-10 11:26:49.925 6548 6775 V WindowManager: addAppToken: AppWindowToken{2035a9d token=Token{d6d8574 ActivityRecord{1b02c947 u0 com.android.systemui/.recents.RecentsActivity t5}}} to stack=0 task=5 at 0
08-10 11:26:49.931 6718 6718 D OpenGLRenderer: setting property ambientRatio to 1.5
08-10 11:26:49.931 6718 6718 D OpenGLRenderer: ambientRatio = 1.50
08-10 11:26:49.932 6718 6718 W ResourceType: No package identifier when getting value for resource number 0x00000000
08-10 11:26:49.932 6718 6718 W PackageManager: Failure retrieving resources for com.android.settings: Resource ID #0x0
08-10 11:26:49.965 6548 7104 V WindowManager: Adding window Window{53ad336 u0 com.android.systemui/com.android.systemui.recents.RecentsActivity} at 3 of 8 (after Window{6c9b03c u0 com.cyanogenmod.trebuchet/com.android.launcher3.Launcher EXITING})
08-10 11:26:50.013 6548 6575 I ActivityManager: Displayed com.android.systemui/.recents.RecentsActivity: +87ms
08-10 11:26:50.262 6937 6937 D wpa_supplicant: wlan0: Control interface command 'SIGNAL_POLL'
08-10 11:26:51.512 6548 6665 W AudioTrack: AUDIO_OUTPUT_FLAG_FAST denied by client
08-10 11:26:51.772 6548 7097 I ActivityManager: START u0 {act=android.intent.action.MAIN cat=[android.intent.category.HOME] flg=0x10200000 cmp=com.cyanogenmod.trebuchet/com.android.launcher3.Launcher} from uid 10019 on display 0
08-10 11:26:52.373 8118 8313 W OpenGLRenderer: Incorrectly called buildLayer on View: ShortcutAndWidgetContainer, destroying layer...
08-10 11:26:53.265 6937 6937 D wpa_supplicant: wlan0: Control interface command 'SIGNAL_POLL'
08-10 11:26:53.692 6548 6570 I ActivityManager: Waited long enough for: ServiceRecord{869fb85 u0 com.android.providers.downloads/.DownloadService}
08-10 11:26:54.337 1809 1809 D SurfaceFlinger: Set power mode=0, type=0 flinger=0xb685c000
08-10 11:26:54.399 6892 6892 V GLSActivity: AuthDelegateWrapperCreated with selected intent: Intent { cmp=com.google.android.gms/.auth.DefaultAuthDelegateService }
08-10 11:26:54.841 6548 6659 E WifiStateMachine: WifiStateMachine CMD_START_SCAN source -2 txSuccessRate=-0.00 rxSuccessRate=-0.00 targetRoamBSSID=9c:97:26:9d:de:fb RSSI=-127
08-10 11:26:54.842 6548 6659 E WifiStateMachine: WifiStateMachine starting scan for "Telecom-11009531"WPA_PSK with 2442
08-10 11:26:54.842 6937 6937 D wpa_supplicant: wlan0: Control interface command 'SCAN TYPE=ONLY freq=2442'
08-10 11:26:54.842 6937 6937 D wpa_supplicant: wlan0: Setting scan request: 0.000000 sec
08-10 11:26:54.842 6937 6937 D wpa_supplicant: wlan0: Starting AP scan for wildcard SSID
08-10 11:26:54.842 6937 6937 D wpa_supplicant: wlan0: Limit manual scan to specified channels
08-10 11:26:54.842 6937 6937 D wpa_supplicant: wlan0: Add radio work 'scan'@0xb6836430
08-10 11:26:54.842 6937 6937 D wpa_supplicant: wlan0: First radio work item in the queue - schedule start immediately
08-10 11:26:54.842 6937 6937 D wpa_supplicant: wlan0: Starting radio work 'scan'@0xb6836430 after 0.000013 second wait
08-10 11:26:54.842 6937 6937 D wpa_supplicant: wlan0: nl80211: scan request
08-10 11:26:54.842 6937 6937 D wpa_supplicant: nl80211: Scan SSID - hexdump(len=0): [NULL]
08-10 11:26:54.842 6937 6937 D wpa_supplicant: nl80211: Scan frequency 2442 MHz
08-10 11:26:54.842 6937 6937 D wpa_supplicant: Scan requested (ret=0) - scan timeout 30 seconds
08-10 11:26:54.842 6937 6937 D wpa_supplicant: nl80211: Event message available
08-10 11:26:54.842 6937 6937 D wpa_supplicant: nl80211: Drv Event 33 (NL80211_CMD_TRIGGER_SCAN) received for wlan0
08-10 11:26:54.842 6937 6937 D wpa_supplicant: wlan0: nl80211: Scan trigger
08-10 11:26:54.842 6937 6937 D wpa_supplicant: wlan0: Event SCAN_STARTED (49) received
08-10 11:26:54.842 6937 6937 D wpa_supplicant: wlan0: Own scan request started a scan in 0.000036 seconds
08-10 11:26:54.842 6937 6937 D wpa_supplicant: CTRL_IFACE monitor sent successfully to /data/misc/wifi/sockets/wpa_ctrl_6548-2\x00
08-10 11:26:54.852 6892 8098 I GLSUser : [GLSUser] extracting token using key:Auth
08-10 11:26:54.853 6892 8098 W GLSUser : [GLSUser] [GLSUser] Permission for com.android.vending to access androidsecure will be managed locally.
08-10 11:26:54.872 6937 6937 D wpa_supplicant: RTM_NEWLINK: ifi_index=6 ifname=wlan0 wext ifi_family=0 ifi_flags=0x11043 ([UP][RUNNING][LOWER_UP])
08-10 11:26:54.872 6937 6937 D wpa_supplicant: nl80211: Event message available
08-10 11:26:54.872 6937 6937 D wpa_supplicant: nl80211: Drv Event 34 (NL80211_CMD_NEW_SCAN_RESULTS) received for wlan0
08-10 11:26:54.872 6937 6937 D wpa_supplicant: wlan0: nl80211: New scan results available
08-10 11:26:54.872 6937 6937 D wpa_supplicant: nl80211: Scan probed for SSID ''
08-10 11:26:54.872 6937 6937 D wpa_supplicant: nl80211: Scan included frequencies: 2442
08-10 11:26:54.872 6937 6937 D wpa_supplicant: wlan0: Event SCAN_RESULTS (3) received
08-10 11:26:54.872 6937 6937 D wpa_supplicant: wlan0: Scan completed in 0.029597 seconds
08-10 11:26:54.872 6937 6937 D wpa_supplicant: nl80211: Associated on 2442 MHz
08-10 11:26:54.872 6937 6937 D wpa_supplicant: nl80211: Associated with 9c:97:26:9d:de:fb
08-10 11:26:54.872 6937 6937 D wpa_supplicant: nl80211: Received scan results (1 BSSes)
08-10 11:26:54.872 6937 6937 D wpa_supplicant: nl80211: Scan results indicate BSS status with 9c:97:26:9d:de:fb as associated
08-10 11:26:54.872 6937 6937 D wpa_supplicant: Sorted scan results
08-10 11:26:54.872 6937 6937 D wpa_supplicant: 9c:97:26:9d:de:fb freq=2442 qual=0 noise=0 level=58 flags=0x23 age=24
08-10 11:26:54.872 6937 6937 D wpa_supplicant: IEs - hexdump(len=318): 00 10 54 65 6c 65 63 6f 6d 2d 31 31 30 30 39 35 33 31 01 08 82 84 8b 96 24 30 48 6c 03 01 07 2a ...
08-10 11:26:54.872 6937 6937 D wpa_supplicant: Beacon IEs - hexdump(len=210): 00 10 54 65 6c 65 63 6f 6d 2d 31 31 30 30 39 35 33 31 01 08 82 84 8b 96 24 30 48 6c 03 01 07 05 ...
08-10 11:26:54.872 6937 6937 D wpa_supplicant: wlan0: BSS: Start scan result update 5
08-10 11:26:54.872 6937 6937 D wpa_supplicant: BSS: last_scan_res_used=1/32
08-10 11:26:54.872 6937 6937 D wpa_supplicant: Add randomness: count=7 entropy=2
08-10 11:26:54.872 6937 6937 D wpa_supplicant: random pool - hexdump(len=128): [REMOVED]
08-10 11:26:54.872 6937 6937 D wpa_supplicant: random_mix_pool - hexdump(len=8): [REMOVED]
08-10 11:26:54.872 6937 6937 D wpa_supplicant: random_mix_pool - hexdump(len=5): [REMOVED]
08-10 11:26:54.872 6937 6937 D wpa_supplicant: random pool - hexdump(len=128): [REMOVED]
08-10 11:26:54.872 6937 6937 D wpa_supplicant: wlan0: Scan-only results received
08-10 11:26:54.872 6937 6937 D wpa_supplicant: CTRL_IFACE monitor sent successfully to /data/misc/wifi/sockets/wpa_ctrl_6548-2\x00
08-10 11:26:54.872 6937 6937 D wpa_supplicant: wlan0: Radio work 'scan'@0xb6836430 done in 0.030270 seconds
08-10 11:26:54.872 6937 6937 D wpa_supplicant: wlan0: Control interface command 'BSS RANGE=0- MASK=0x21987'
08-10 11:26:54.872 6937 6937 D wpa_supplicant: WPS: attr type=0x104a len=1
08-10 11:26:54.872 6937 6937 D wpa_supplicant: WPS: attr type=0x1044 len=1
08-10 11:26:54.872 6937 6937 D wpa_supplicant: WPS: attr type=0x103b len=1
08-10 11:26:54.872 6937 6937 D wpa_supplicant: WPS: attr type=0x1047 len=16
08-10 11:26:54.872 6937 6937 D wpa_supplicant: WPS: attr type=0x1021 len=11
08-10 11:26:54.872 6937 6937 D wpa_supplicant: WPS: attr type=0x1023 len=14
08-10 11:26:54.872 6937 6937 D wpa_supplicant: WPS: attr type=0x1024 len=5
08-10 11:26:54.872 6937 6937 D wpa_supplicant: WPS: attr type=0x1042 len=9
08-10 11:26:54.872 6937 6937 D wpa_supplicant: WPS: attr type=0x1054 len=8
08-10 11:26:54.872 6937 6937 D wpa_supplicant: WPS: attr type=0x1011 len=7
08-10 11:26:54.872 6937 6937 D wpa_supplicant: WPS: attr type=0x1008 len=2
08-10 11:26:54.872 6937 6937 D wpa_supplicant: WPS: attr type=0x103c len=1
