08-10 11:25:52.901 5872 5872 E installd: Running /system/bin/patchoat isa=x86 in-fd=5 (/system/app/Browser/x86/Browser.odex) out-fd=6 (/data/dalvik-cache/x86/system@app@Browser@Browser.apk@classes.dex)
08-10 11:25:52.903 5204 5830 W GmsApplication: Using Auth Proxy for data requests.
08-10 11:25:52.905 2848 2968 D WifiService: New client listening to asynchronous messages
08-10 11:25:52.906 5204 5830 W GmsApplication: Using Auth Proxy for data requests.
08-10 11:25:52.911 5282 5317 I WebViewFactory: Loading com.android.webview version 39 (eng.utente-x86) (code 399997)
08-10 11:25:52.943 5848 5848 I ActivityThread: Switching default density from 160 to 240
08-10 11:25:52.945 5282 5317 I LibraryLoader: Time to load native libraries: 0 ms (timestamps 2474-2474)
08-10 11:25:52.945 5282 5317 I LibraryLoader: Expected native library version number "",actual native library version number ""
08-10 11:25:52.946 1808 1848 E Vold : Failed to find mounted volume for /storage/usb0/Android/data/com.android.browser/files/
08-10 11:25:52.946 1808 1848 W Vold : Returning OperationFailed - no handler for errno 0
08-10 11:25:52.946 5848 5848 W ContextImpl: Failed to ensure directory: /storage/usb0/Android/data/com.android.browser/files
08-10 11:25:52.946 5282 5317 W art : Attempt to remove local handle scope entry from IRT, ignoring
08-10 11:25:52.947 5282 5317 I Search.RefreshSearchDom: refreshing search domain
08-10 11:25:52.948 5282 5317 W Search.SearchUrlHelper: Auth token not ready, no auth header set.
08-10 11:25:52.949 5204 5797 W GmsApplication: Using Auth Proxy for data requests.
08-10 11:25:52.949 5204 5830 W GmsApplication: Using Auth Proxy for data requests.
08-10 11:25:52.950 5282 5317 I System.out: Found 1 addresses to connect to, out of which 0 are on Ipv6
08-10 11:25:52.951 5204 5830 W GmsApplication: Using Auth Proxy for data requests.
08-10 11:25:52.953 2848 2879 D SyncManager: failed sync operation issor.oruam@gmail.com u0 (com.google), subscribedfeeds, SERVER, currentRunTime 322245, reason: AutoSync, SyncResult: stats [ numIoExceptions: 1]
08-10 11:25:52.954 5222 5812 I GCoreUlr: WorldUpdater received intent Intent { act=com.google.android.location.reporting.ACTION_UPDATE_WORLD cmp=com.google.android.gms/com.google.android.location.reporting.service.DispatchingService (has extras) } with receiverAction android.accounts.LOGIN_ACCOUNTS_CHANGED
08-10 11:25:52.966 5222 5816 I GCoreUlr: Starting service, intent=Intent { cmp=com.google.android.gms/com.google.android.location.reporting.service.InitializerService }, extras=null
08-10 11:25:52.973 5204 5830 I GamesDatabaseHelper: Bootstrapping database version: 1103
08-10 11:25:52.980 5242 5810 I art : Explicit concurrent mark sweep GC freed 9934(520KB) AllocSpace objects, 1(16KB) LOS objects, 39% free, 5MB/8MB, paused 184us total 6.002ms
08-10 11:25:52.982 5222 5238 I GCoreUlr: Starting service, intent=Intent { cmp=com.google.android.gms/com.google.android.location.reporting.service.InitializerService }, extras=null
08-10 11:25:52.990 5222 5812 I GCoreUlr: Starting service, intent=Intent { cmp=com.google.android.gms/com.google.android.location.reporting.service.InitializerService }, extras=null
08-10 11:25:52.991 5204 5887 W AccountUtils: Unable to get accounts by type and feature
08-10 11:25:52.991 5204 5887 W AccountUtils: android.accounts.OperationCanceledException
08-10 11:25:52.991 5204 5887 W AccountUtils: at android.accounts.AccountManager$Future2Task.internalGetResult(AccountManager.java:1992)
08-10 11:25:52.991 5204 5887 W AccountUtils: at android.accounts.AccountManager$Future2Task.getResult(AccountManager.java:1997)
08-10 11:25:52.991 5204 5887 W AccountUtils: at com.google.android.gms.common.util.a.g(SourceFile:379)
08-10 11:25:52.991 5204 5887 W AccountUtils: at com.google.android.gms.common.util.a.h(SourceFile:401)
08-10 11:25:52.991 5204 5887 W AccountUtils: at com.google.android.gms.games.service.af.onPerformSync(SourceFile:149)
08-10 11:25:52.991 5204 5887 W AccountUtils: at android.content.AbstractThreadedSyncAdapter$SyncThread.run(AbstractThreadedSyncAdapter.java:259)
08-10 11:25:52.994 2848 2879 W SyncManager: Ignoring setPeriodicSyncTime request for a sync that does not exist. Authority: issor.oruam@gmail.com/com.google.android.gms.games:u0
08-10 11:25:52.996 5222 5885 I GCoreUlr: Starting service, intent=Intent { cmp=com.google.android.gms/com.google.android.location.reporting.service.InitializerService }, extras=null
08-10 11:25:52.998 1808 1848 E Vold : Failed to find mounted volume for /storage/usb2/Android/data/com.android.browser/files/
08-10 11:25:52.998 1808 1848 W Vold : Returning OperationFailed - no handler for errno 0
08-10 11:25:52.998 5848 5848 W ContextImpl: Failed to ensure directory: /storage/usb2/Android/data/com.android.browser/files
08-10 11:25:52.999 1808 1848 E Vold : Failed to find mounted volume for /storage/usb3/Android/data/com.android.browser/files/
08-10 11:25:52.999 1808 1848 W Vold : Returning OperationFailed - no handler for errno 0
08-10 11:25:52.999 5848 5848 W ContextImpl: Failed to ensure directory: /storage/usb3/Android/data/com.android.browser/files
08-10 11:25:52.999 5222 5886 I GCoreUlr: No GCM registration ID
08-10 11:25:53.000 1808 1848 E Vold : Failed to find mounted volume for /storage/sdcard1/Android/data/com.android.browser/files/
08-10 11:25:53.000 1808 1848 W Vold : Returning OperationFailed - no handler for errno 0
08-10 11:25:53.000 5848 5848 W ContextImpl: Failed to ensure directory: /storage/sdcard1/Android/data/com.android.browser/files
08-10 11:25:53.005 3388 5898 I Email : System accounts updated.
08-10 11:25:53.009 4671 4671 I Exchange: Accounts changed - requesting FolderSync for unsynced accounts
08-10 11:25:53.009 5848 5848 I WebViewFactory: Loading com.android.webview version 39 (eng.utente-x86) (code 399997)
08-10 11:25:53.012 4671 4671 I Exchange: EasService.onCreate
08-10 11:25:53.013 5848 5848 I LibraryLoader: Time to load native libraries: 1 ms (timestamps 2541-2542)
08-10 11:25:53.013 5848 5848 I LibraryLoader: Expected native library version number "",actual native library version number ""
08-10 11:25:53.013 5848 5848 W art : Attempt to remove local handle scope entry from IRT, ignoring
08-10 11:25:53.014 4671 5901 I Exchange: RestartPingTask
08-10 11:25:53.014 5318 5318 D Finsky : [1] BaseWidgetProvider.onReceive: Received ACTION_APPWIDGET_UPDATE, updating 0 widgets.
08-10 11:25:53.015 3388 5898 I NotifActionUtils: resendNotifications account: null, folder: null
08-10 11:25:53.015 5318 5318 D Finsky : [1] BaseWidgetProvider.onReceive: Received ACTION_APPWIDGET_UPDATE, updating 0 widgets.
08-10 11:25:53.016 3388 5902 I NotifUtils: resendNotifications cancelExisting: false, account: null, folder: null
08-10 11:25:53.017 5318 5318 D Finsky : [1] BaseWidgetProvider.onReceive: Received ACTION_APPWIDGET_UPDATE, updating 0 widgets.
08-10 11:25:53.023 5222 5886 W GmsApplication: Using Auth Proxy for data requests.
08-10 11:25:53.027 5222 5886 I GoogleURLConnFactory: Using platform SSLCertificateSocketFactory
08-10 11:25:53.028 5222 5886 I GLSUser : [ ChannelManager ] Attempting to channel bind connection HttpClient.
08-10 11:25:53.029 5222 5812 I GCoreUlr: WorldUpdater:android.accounts.LOGIN_ACCOUNTS_CHANGED: Ensuring that reporting is stopped because of reasons: {account#-19#=[InactiveReason{mVersionCode=0, mIdentifier=4, mName='GoogleLocationDisabled'}, InactiveReason{mVersionCode=0, mIdentifier=6, mName='ReportingNotEnabled'}, InactiveReason{mVersionCode=0, mIdentifier=14, mName='HistoryNotEnabled'}]}
08-10 11:25:53.030 5222 5886 I GLSUser : [ ChannelManager ] Skip channel binding on pre-KLP devices.
08-10 11:25:53.033 5204 5903 I CheckinService: Checking schedule, now: 1439198753033 next: 1439198753341
08-10 11:25:53.033 5204 5903 I CheckinService: active receiver: disabled
08-10 11:25:53.043 2848 3144 I art : Explicit concurrent mark sweep GC freed 38432(2024KB) AllocSpace objects, 28(448KB) LOS objects, 33% free, 10MB/15MB, paused 268us total 12.909ms
08-10 11:25:53.050 5242 5242 D GCM : GcmService start Intent { act=com.google.android.checkin.CHECKIN_COMPLETE flg=0x10 cmp=com.google.android.gms/.gcm.GcmService (has extras) } com.google.android.checkin.CHECKIN_COMPLETE
08-10 11:25:53.052 2848 2879 D SyncManager: handleSyncHandlerMessage: dropping since the sync is no longer active: startTime 322488, mTimeoutStartTime 322488, mHistoryRowId 22, syncOperation issor.oruam@gmail.com u0 (com.google), com.google.android.gms.games.background, POLL, currentRunTime 322245, reason: AccountsUpdated
08-10 11:25:53.056 4671 4671 I Exchange: RestartPingsTask did not start any pings.
08-10 11:25:53.056 4671 4671 I Exchange: PSS stopIfIdle
08-10 11:25:53.056 4671 4671 I Exchange: PSS has no active accounts; stopping service.
08-10 11:25:53.057 4671 4671 I Exchange: onDestroy
08-10 11:25:53.058 5222 5812 I GCoreUlr: Unbound from all location providers
08-10 11:25:53.058 5222 5913 I Fitness : sync: Account {name=issor.oruam@gmail.com, type=com.google}, extras: Bundle[{}]
08-10 11:25:53.061 2848 2894 D BluetoothManagerService: Message: 20
08-10 11:25:53.061 2848 2894 D BluetoothManagerService: Added callback: android.bluetooth.IBluetoothManagerCallback$Stub$Proxy@550b7d9:true
08-10 11:25:53.061 5848 5896 E SQLiteLog: (1) no such table: _sync_state_metadata
08-10 11:25:53.063 5222 5222 I GCoreUlr: DispatchingService.onDestroy()
08-10 11:25:53.064 5222 5222 I GCoreUlr: Unbound from all location providers
08-10 11:25:53.064 5222 5816 I GCoreUlr: Starting service, intent=Intent { cmp=com.google.android.gms/com.google.android.location.reporting.service.InitializerService }, extras=null
08-10 11:25:53.082 5242 5817 I art : Explicit concurrent mark sweep GC freed 8704(441KB) AllocSpace objects, 0(0B) LOS objects, 40% free, 5MB/8MB, paused 164us total 5.762ms
08-10 11:25:53.108 5222 5913 I art : Explicit concurrent mark sweep GC freed 20638(1258KB) AllocSpace objects, 4(64KB) LOS objects, 39% free, 5MB/9MB, paused 113us total 8.080ms
08-10 11:25:53.163 5242 5921 I GoogleURLConnFactory: Using platform SSLCertificateSocketFactory
08-10 11:25:53.189 5242 5265 I GLSUser : [GLSUser] extracting token using key:Auth
08-10 11:25:53.191 5242 5265 I GLSUser : [s] Fetched account id for issor.oruam@gmail.com : 105927134870076686954
08-10 11:25:53.250 5242 5815 I GLSUser : [GLSUser] extracting token using key:Auth
08-10 11:25:53.253 5242 5815 I GLSUser : [s] Fetched account id for issor.oruam@gmail.com : 105927134870076686954
08-10 11:25:53.270 5242 5274 I GLSUser : [GLSUser] extracting token using key:Auth
08-10 11:25:53.271 5242 5274 W GLSUser : [GLSUser] [GLSUser] Permission for com.google.android.gms to access oauth2:https://www.googleapis.com/auth/emeraldsea.mobileapps.doritos.cookie will be managed locally.
08-10 11:25:53.319 5242 5842 I GLSUser : [GLSUser] extracting token using key:Auth
08-10 11:25:53.320 5242 5842 W GLSUser : [GLSUser] [GLSUser] Permission for com.google.android.googlequicksearchbox to access oauth2:https://www.googleapis.com/auth/googlenow will be managed locally.
08-10 11:25:53.323 5242 5259 I GLSUser : [GLSUser] extracting token using key:Auth
08-10 11:25:53.324 5242 5259 W GLSUser : [GLSUser] [GLSUser] Permission for com.google.android.syncadapters.contacts to access cp will be managed locally.
08-10 11:25:53.327 5204 5880 V AccountUtils: 0 accounts found with uca feature
08-10 11:25:53.331 5204 5789 I PeopleSync: Setting subscription: result=true [d5167cb4]
08-10 11:25:53.331 5204 5789 I PeopleSync: Starting sync, feed=null [d5167cb4]
08-10 11:25:53.337 5204 5789 W GmsApplication: Using Auth Proxy for data requests.
08-10 11:25:53.339 5204 5789 W GmsApplication: Using Auth Proxy for data requests.
08-10 11:25:53.341 5204 5789 W GmsApplication: Using Auth Proxy for data requests.
08-10 11:25:53.341 5204 5789 I PeopleSync: Sync start: cannotHavePeople=false isPageExistenceCheckOnly=false
08-10 11:25:53.344 5242 5258 I GLSUser : [GLSUser] extracting token using key:Auth
08-10 11:25:53.345 5242 5258 W GLSUser : [GLSUser] [GLSUser] Permission for com.google.android.gms to access ac2dm will be managed locally.
08-10 11:25:53.346 5657 5766 I GLSActivity: Fetching market offers
08-10 11:25:53.356 5242 5242 V GLSActivity: AuthDelegateWrapperCreated with selected intent: Intent { cmp=com.google.android.gms/.auth.DefaultAuthDelegateService }
08-10 11:25:53.357 5204 5919 E AndroidRuntime: FATAL EXCEPTION: Thread-417
08-10 11:25:53.357 5204 5919 E AndroidRuntime: Process: com.google.android.gms, PID: 5204
08-10 11:25:53.357 5204 5919 E AndroidRuntime: java.lang.UnsatisfiedLinkError: dalvik.system.PathClassLoader[DexPathList[[zip file "/system/framework/com.android.location.provider.jar", zip file "/system/framework/com.android.media.remotedisplay.jar", zip file "/system/priv-app/PrebuiltGmsCore/PrebuiltGmsCore.apk"],nativeLibraryDirectories=[/vendor/lib, /system/lib]]] couldn't find "libgmscore.so"
08-10 11:25:53.357 5204 5919 E AndroidRuntime: at java.lang.Runtime.loadLibrary(Runtime.java:366)
08-10 11:25:53.357 5204 5919 E AndroidRuntime: at java.lang.System.loadLibrary(System.java:988)
08-10 11:25:53.357 5204 5919 E AndroidRuntime: at com.google.android.gms.org.conscrypt.NativeCrypto.(SourceFile:57)
08-10 11:25:53.357 5204 5919 E AndroidRuntime: at com.google.android.gms.org.conscrypt.NativeCrypto.SSL_CTX_new(Native Method)
08-10 11:25:53.357 5204 5919 E AndroidRuntime: at com.google.android.gms.org.conscrypt.a.(SourceFile:50)
08-10 11:25:53.357 5204 5919 E AndroidRuntime: at com.google.android.gms.org.conscrypt.ClientSessionContext.(SourceFile:39)
08-10 11:25:53.357 5204 5919 E AndroidRuntime: at com.google.android.gms.org.conscrypt.OpenSSLContextImpl.(SourceFile:50)
08-10 11:25:53.357 5204 5919 E AndroidRuntime: at com.google.android.gms.common.net.SSLCertificateSocketFactory.a(SourceFile:275)
08-10 11:25:53.357 5204 5919 E AndroidRuntime: at com.google.android.gms.common.net.SSLCertificateSocketFactory.a(SourceFile:295)
08-10 11:25:53.357 5204 5919 E AndroidRuntime: at com.google.android.gms.common.net.SSLCertificateSocketFactory.createSocket(SourceFile:490)
08-10 11:25:53.357 5204 5919 E AndroidRuntime: at com.android.okhttp.Connection.upgradeToTls(Connection.java:175)
08-10 11:25:53.357 5204 5919 E AndroidRuntime: at com.android.okhttp.Connection.connect(Connection.java:155)
08-10 11:25:53.357 5204 5919 E AndroidRuntime: at com.android.okhttp.internal.http.HttpEngine.connect(HttpEngine.java:276)
08-10 11:25:53.357 5204 5919 E AndroidRuntime: at com.android.okhttp.internal.http.HttpEngine.sendRequest(HttpEngine.java:211)
08-10 11:25:53.357 5204 5919 E AndroidRuntime: at com.android.okhttp.internal.http.HttpURLConnectionImpl.execute(HttpURLConnectionImpl.java:382)
08-10 11:25:53.357 5204 5919 E AndroidRuntime: at com.android.okhttp.internal.http.HttpURLConnectionImpl.getResponse(HttpURLConnectionImpl.java:332)
08-10 11:25:53.357 5204 5919 E AndroidRuntime: at com.android.okhttp.internal.http.HttpURLConnectionImpl.getResponseCode(HttpURLConnectionImpl.java:500)
08-10 11:25:53.357 5204 5919 E AndroidRuntime: at com.android.okhttp.internal.http.DelegatingHttpsURLConnection.getResponseCode(DelegatingHttpsURLConnection.java:105)
08-10 11:25:53.357 5204 5919 E AndroidRuntime: at com.android.okhttp.internal.http.HttpsURLConnectionImpl.getResponseCode(HttpsURLConnectionImpl.java:25)
08-10 11:25:53.357 5204 5919 E AndroidRuntime: at com.google.android.gms.ads.social.a.a(SourceFile:166)
08-10 11:25:53.357 5204 5919 E AndroidRuntime: at com.google.android.gms.ads.social.a.a(SourceFile:129)
08-10 11:25:53.357 5204 5919 E AndroidRuntime: at com.google.android.gms.ads.social.GcmSchedulerWakeupService.a(SourceFile:17)
08-10 11:25:53.357 5204 5919 E AndroidRuntime: at com.google.android.gms.gcm.ap.run(SourceFile:131)
08-10 11:25:53.361 2848 2881 D Atlas : Validating map...
08-10 11:25:53.362 5204 5216 I art : Rejecting re-init on previously-failed class java.lang.Class
08-10 11:25:53.362 5204 5216 E System : Uncaught exception thrown by finalizer
08-10 11:25:53.362 5204 5216 E System : java.lang.UnsatisfiedLinkError: com.google.android.gms.org.conscrypt.NativeCrypto
08-10 11:25:53.362 5204 5216 E System : at com.google.android.gms.org.conscrypt.NativeCrypto.SSL_CTX_free(Native Method)
08-10 11:25:53.362 5204 5216 E System : at com.google.android.gms.org.conscrypt.a.finalize(SourceFile:308)
08-10 11:25:53.362 5204 5216 E System : at java.lang.Daemons$FinalizerDaemon.doFinalize(Daemons.java:191)
08-10 11:25:53.362 5204 5216 E System : at java.lang.Daemons$FinalizerDaemon.run(Daemons.java:174)
08-10 11:25:53.362 5204 5216 E System : at java.lang.Thread.run(Thread.java:818)
08-10 11:25:53.379 5282 5465 I System.out: Found 1 addresses to connect to, out of which 0 are on Ipv6
08-10 11:25:53.386 5242 5846 I GLSUser : [GLSUser] extracting token using key:Auth
08-10 11:25:53.387 5242 5846 W GLSUser : [GLSUser] [GLSUser] Permission for com.google.android.gms to access oauth2:https://www.googleapis.com/auth/userlocation.reporting will be managed locally.
08-10 11:25:53.394 2848 2960 I OpenGLRenderer: Initialized EGL, version 1.4
08-10 11:25:53.395 5242 5242 W GLSUser : [DeviceKeyStore] Cannot load key: Device key file not found.
08-10 11:25:53.396 5242 5815 V GLSUser : [AppCertService] DeviceKey is turned off
08-10 11:25:53.398 5222 5908 W ActivityThread: ClassLoader.loadClass: The class loader returned by Thread.getContextClassLoader() may fail for processes that host multiple applications. You should explicitly specify a context class loader. For example: Thread.setContextClassLoader(getClass().getClassLoader());
08-10 11:25:53.409 2848 2960 F libc : Fatal signal 11 (SIGSEGV), code 1, fault addr 0x0 in tid 2960 (RenderThread)
08-10 11:25:53.422 1809 1809 E SurfaceFlinger: rejecting buffer: bufWidth=960, bufHeight=305, front.active.{w=97, h=97}
08-10 11:25:53.458 5242 5921 I GLSUser : [GLSUser] extracting token using key:Auth
08-10 11:25:53.459 1813 1813 I DEBUG : *** *** *** *** *** *** *** *** *** *** *** *** *** *** *** ***
08-10 11:25:53.459 1813 1813 I DEBUG : Build fingerprint: 'Android-x86/android_x86/x86:5.1.1/LVY48C/utente07311853:eng/test-keys'
08-10 11:25:53.459 1813 1813 I DEBUG : Revision: '0'
08-10 11:25:53.459 1813 1813 I DEBUG : ABI: 'x86'
08-10 11:25:53.459 1813 1813 I DEBUG : pid: 2848, tid: 2960, name: RenderThread >>> system_server <<<
08-10 11:25:53.459 1813 1813 I DEBUG : signal 11 (SIGSEGV), code 1 (SEGV_MAPERR), fault addr 0x0
08-10 11:25:53.461 1813 1813 I DEBUG : eax 00000010 ebx b58601cc ecx fffffffe edx fffffffd
08-10 11:25:53.461 1813 1813 I DEBUG : esi a11b95d8 edi 984df5d8
08-10 11:25:53.461 1813 1813 I DEBUG : xcs 00000073 xds 0000007b xes 0000007b xfs 000000f7 xss 0000007b
08-10 11:25:53.461 1813 1813 I DEBUG : eip 00000000 ebp 984df5d8 esp 9ff7bc0c flags 00210286
08-10 11:25:53.461 1813 1813 I DEBUG :
08-10 11:25:53.461 1813 1813 I DEBUG : backtrace:
08-10 11:25:53.461 1813 1813 I DEBUG : #00 pc 00000000
08-10 11:25:53.461 1813 1813 I DEBUG : #01 pc 006d408f /android/system/lib/dri/gallium_dri.so
08-10 11:25:53.495 1813 1813 W libbacktrace: virtual bool Backtrace::VerifyReadWordArgs(uintptr_t, word_t*): invalid pointer 0xb759c82d
08-10 11:25:53.549 1813 1813 W libbacktrace: virtual bool Backtrace::VerifyReadWordArgs(uintptr_t, word_t*): invalid pointer 0xb6a45873
08-10 11:25:53.719 4089 4089 I CalendarProvider2: Sending notification intent: Intent { act=android.intent.action.PROVIDER_CHANGED dat=content://com.android.calendar }
08-10 11:25:53.719 4089 4089 W ContentResolver: Failed to get type for: content://com.android.calendar (Unknown URL content://com.android.calendar)
08-10 11:25:56.577 1813 1813 I DEBUG :
08-10 11:25:56.577 1813 1813 I DEBUG : Tombstone written to: /data/tombstones/tombstone_02
08-10 11:25:56.584 1817 1817 E installd: eof
08-10 11:25:56.584 1817 1817 E installd: failed to read size
08-10 11:25:56.584 1817 1817 I installd: closing connection
08-10 11:25:56.584 1806 1806 I lowmemorykiller: ActivityManager disconnected
08-10 11:25:56.584 1806 1806 I lowmemorykiller: Closing Activity Manager data connection
08-10 11:25:56.584 1807 1807 I ServiceManager: service 'servicediscovery' died
08-10 11:25:56.585 5204 5919 E AndroidRuntime: Error reporting crash
08-10 11:25:56.585 5204 5919 E AndroidRuntime: android.os.DeadObjectException
08-10 11:25:56.585 5204 5919 E AndroidRuntime: at android.os.BinderProxy.transactNative(Native Method)
08-10 11:25:56.585 5204 5919 E AndroidRuntime: at android.os.BinderProxy.transact(Binder.java:496)
08-10 11:25:56.585 5204 5919 E AndroidRuntime: at android.app.ActivityManagerProxy.handleApplicationCrash(ActivityManagerNative.java:4164)
08-10 11:25:56.585 5204 5919 E AndroidRuntime: at com.android.internal.os.RuntimeInit$UncaughtHandler.uncaughtException(RuntimeInit.java:89)
08-10 11:25:56.585 5204 5919 E AndroidRuntime: at com.google.android.gms.common.app.b.uncaughtException(SourceFile:54)
08-10 11:25:56.585 5204 5919 E AndroidRuntime: at java.lang.ThreadGroup.uncaughtException(ThreadGroup.java:693)
08-10 11:25:56.585 5204 5919 E AndroidRuntime: at java.lang.ThreadGroup.uncaughtException(ThreadGroup.java:690)
08-10 11:25:56.585 5204 5919 I Process : Sending signal. PID: 5204 SIG: 9
08-10 11:25:56.585 5242 5921 W Auth : java.lang.RuntimeException: android.os.DeadObjectException
08-10 11:25:56.585 5242 5921 W Auth : at android.accounts.AccountManager.setUserData(AccountManager.java:1017)
08-10 11:25:56.585 5242 5921 W Auth : at com.google.android.gms.auth.be.k.a(SourceFile:2090)
08-10 11:25:56.585 5242 5921 W Auth : at com.google.android.gms.auth.be.k.a(SourceFile:1684)
08-10 11:25:56.585 5242 5921 W Auth : at com.google.android.gms.auth.be.k.a(SourceFile:965)
08-10 11:25:56.585 5242 5921 W Auth : at com.google.android.gms.auth.be.k.a(SourceFile:1150)
08-10 11:25:56.585 5242 5921 W Auth : at com.google.android.gms.auth.be.r.a(SourceFile:261)
08-10 11:25:56.585 5242 5921 W Auth : at com.google.android.gms.auth.firstparty.dataservice.y.a(SourceFile:205)
08-10 11:25:56.585 5242 5921 W Auth : at com.google.android.gms.auth.firstparty.dataservice.w.a(SourceFile:556)
08-10 11:25:56.585 5242 5921 W Auth : at com.google.android.gms.auth.firstparty.dataservice.w.a(SourceFile:204)
08-10 11:25:56.585 5242 5921 W Auth : at com.google.android.gms.auth.n.a(SourceFile:139)
08-10 11:25:56.585 5242 5921 W Auth : at com.google.android.gms.auth.p.a(SourceFile:632)
08-10 11:25:56.585 5242 5921 W Auth : at com.google.android.gms.auth.p.a(SourceFile:499)
08-10 11:25:56.585 5242 5921 W Auth : at com.google.android.gms.auth.p.c(SourceFile:1531)
08-10 11:25:56.585 5242 5921 W Auth : at com.google.android.gms.auth.p.b(SourceFile:930)
08-10 11:25:56.585 5242 5921 W Auth : at com.google.android.gms.auth.p.b(SourceFile:733)
08-10 11:25:56.585 5242 5921 W Auth : at com.google.android.gms.playlog.uploader.e.a(SourceFile:449)
08-10 11:25:56.585 5242 5921 W Auth : at com.google.android.gms.playlog.uploader.e.a(SourceFile:322)
08-10 11:25:56.585 5242 5921 W Auth : at com.google.android.gms.playlog.uploader.e.a(SourceFile:232)
08-10 11:25:56.585 5242 5921 W Auth : at com.google.android.gms.playlog.uploader.e.a(SourceFile:204)
08-10 11:25:56.585 5242 5921 W Auth : at com.google.android.gms.playlog.uploader.UploaderService.a(SourceFile:52)
08-10 11:25:56.585 5242 5921 W Auth : at com.google.android.gms.gcm.ap.run(SourceFile:131)
08-10 11:25:56.585 5242 5921 W Auth : Caused by: android.os.DeadObjectException
08-10 11:25:56.585 5242 5921 W Auth : at android.os.BinderProxy.transactNative(Native Method)
08-10 11:25:56.585 5242 5921 W Auth : at android.os.BinderProxy.transact(Binder.java:496)
08-10 11:25:56.585 5242 5921 W Auth : at android.accounts.IAccountManager$Stub$Proxy.setUserData(IAccountManager.java:1083)
08-10 11:25:56.585 5242 5921 W Auth : at android.accounts.AccountManager.setUserData(AccountManager.java:1014)
08-10 11:25:56.585 5242 5921 W Auth : ... 20 more
08-10 11:25:56.585 5242 5921 W GoogleAccountDataServiceClient: [GoogleAccountDataServiceClient] RemoteException when executing call!
08-10 11:25:56.585 5242 5921 W GoogleAccountDataServiceClient: android.os.RemoteException: android.os.DeadObjectException
08-10 11:25:56.585 5242 5921 W GoogleAccountDataServiceClient: at com.google.android.gms.auth.be.r.a(SourceFile:526)
08-10 11:25:56.585 5242 5921 W GoogleAccountDataServiceClient: at com.google.android.gms.auth.be.r.a(SourceFile:273)
08-10 11:25:56.585 5242 5921 W GoogleAccountDataServiceClient: at com.google.android.gms.auth.firstparty.dataservice.y.a(SourceFile:205)
08-10 11:25:56.585 5242 5921 W GoogleAccountDataServiceClient: at com.google.android.gms.auth.firstparty.dataservice.w.a(SourceFile:556)
08-10 11:25:56.585 5242 5921 W GoogleAccountDataServiceClient: at com.google.android.gms.auth.firstparty.dataservice.w.a(SourceFile:204)
08-10 11:25:56.585 5242 5921 W GoogleAccountDataServiceClient: at com.google.android.gms.auth.n.a(SourceFile:139)
08-10 11:25:56.585 5242 5921 W GoogleAccountDataServiceClient: at com.google.android.gms.auth.p.a(SourceFile:632)
08-10 11:25:56.585 5242 5921 W GoogleAccountDataServiceClient: at com.google.android.gms.auth.p.a(SourceFile:499)
08-10 11:25:56.585 5242 5921 W GoogleAccountDataServiceClient: at com.google.android.gms.auth.p.c(SourceFile:1531)
08-10 11:25:56.585 5242 5921 W GoogleAccountDataServiceClient: at com.google.android.gms.auth.p.b(SourceFile:930)
08-10 11:25:56.585 5242 5921 W GoogleAccountDataServiceClient: at com.google.android.gms.auth.p.b(SourceFile:733)
08-10 11:25:56.585 5242 5921 W GoogleAccountDataServiceClient: at com.google.android.gms.playlog.uploader.e.a(SourceFile:449)
08-10 11:25:56.585 5242 5921 W GoogleAccountDataServiceClient: at com.google.android.gms.playlog.uploader.e.a(SourceFile:322)
08-10 11:25:56.585 5242 5921 W GoogleAccountDataServiceClient: at com.google.android.gms.playlog.uploader.e.a(SourceFile:232)
08-10 11:25:56.585 5242 5921 W GoogleAccountDataServiceClient: at com.google.android.gms.playlog.uploader.e.a(SourceFile:204)
08-10 11:25:56.585 5242 5921 W GoogleAccountDataServiceClient: at com.google.android.gms.playlog.uploader.UploaderService.a(SourceFile:52)
08-10 11:25:56.585 5242 5921 W GoogleAccountDataServiceClient: at com.google.android.gms.gcm.ap.run(SourceFile:131)
08-10 11:25:56.586 5242 5242 D AndroidRuntime: Shutting down VM
08-10 11:25:56.587 5242 5242 E AndroidRuntime: FATAL EXCEPTION: main
08-10 11:25:56.587 5242 5242 E AndroidRuntime: Process: com.google.process.gapps, PID: 5242
08-10 11:25:56.587 5242 5242 E AndroidRuntime: java.lang.SecurityException: attempting to read gservices without permission: Neither user 10007 nor current process has com.google.android.providers.gsf.permission.READ_GSERVICES.
08-10 11:25:56.587 5242 5242 E AndroidRuntime: at android.app.ContextImpl.enforce(ContextImpl.java:1914)
08-10 11:25:56.587 5242 5242 E AndroidRuntime: at android.app.ContextImpl.enforceCallingOrSelfPermission(ContextImpl.java:1943)
08-10 11:25:56.587 5242 5242 E AndroidRuntime: at android.content.ContextWrapper.enforceCallingOrSelfPermission(ContextWrapper.java:600)
08-10 11:25:56.587 5242 5242 E AndroidRuntime: at com.google.android.gsf.f.c(SourceFile:107)
08-10 11:25:56.587 5242 5242 E AndroidRuntime: at com.google.android.gsf.f.a(SourceFile:121)
08-10 11:25:56.587 5242 5242 E AndroidRuntime: at com.google.android.gsf.f.a(SourceFile:182)
08-10 11:25:56.587 5242 5242 E AndroidRuntime: at com.google.android.gms.common.c.a.a(SourceFile:137)
08-10 11:25:56.587 5242 5242 E AndroidRuntime: at com.google.android.gms.gcm.nts.l.handleMessage(SourceFile:115)
08-10 11:25:56.587 5242 5242 E AndroidRuntime: at android.os.Handler.dispatchMessage(Handler.java:102)
08-10 11:25:56.587 5242 5242 E AndroidRuntime: at android.os.Looper.loop(Looper.java:135)
08-10 11:25:56.587 5242 5242 E AndroidRuntime: at android.app.ActivityThread.main(ActivityThread.java:5254)
08-10 11:25:56.587 5242 5242 E AndroidRuntime: at java.lang.reflect.Method.invoke(Native Method)
08-10 11:25:56.587 5242 5242 E AndroidRuntime: at java.lang.reflect.Method.invoke(Method.java:372)
08-10 11:25:56.587 5242 5242 E AndroidRuntime: at com.android.internal.os.ZygoteInit$MethodAndArgsCaller.run(ZygoteInit.java:903)
08-10 11:25:56.587 5242 5242 E AndroidRuntime: at com.android.internal.os.ZygoteInit.main(ZygoteInit.java:698)
08-10 11:25:56.587 5242 5242 E AndroidRuntime: Error reporting crash
08-10 11:25:56.587 5242 5242 E AndroidRuntime: android.os.DeadObjectException
08-10 11:25:56.587 5242 5242 E AndroidRuntime: at android.os.BinderProxy.transactNative(Native Method)
08-10 11:25:56.587 5242 5242 E AndroidRuntime: at android.os.BinderProxy.transact(Binder.java:496)
08-10 11:25:56.587 5242 5242 E AndroidRuntime: at android.app.ActivityManagerProxy.handleApplicationCrash(ActivityManagerNative.java:4164)
08-10 11:25:56.587 5242 5242 E AndroidRuntime: at com.android.internal.os.RuntimeInit$UncaughtHandler.uncaughtException(RuntimeInit.java:89)
08-10 11:25:56.587 5242 5242 E AndroidRuntime: at com.google.android.gms.common.app.b.uncaughtException(SourceFile:54)
08-10 11:25:56.587 5242 5242 E AndroidRuntime: at java.lang.ThreadGroup.uncaughtException(ThreadGroup.java:693)
08-10 11:25:56.587 5242 5242 E AndroidRuntime: at java.lang.ThreadGroup.uncaughtException(ThreadGroup.java:690)
08-10 11:25:56.587 5242 5242 I Process : Sending signal. PID: 5242 SIG: 9
08-10 11:25:56.587 5242 5817 W Auth : java.lang.SecurityException: attempting to read gservices without permission: Neither user 10007 nor current process has com.google.android.providers.gsf.permission.READ_GSERVICES.
08-10 11:25:56.587 5242 5817 W Auth : at android.app.ContextImpl.enforce(ContextImpl.java:1914)
08-10 11:25:56.587 5242 5817 W Auth : at android.app.ContextImpl.enforceCallingOrSelfPermission(ContextImpl.java:1943)
08-10 11:25:56.587 5242 5817 W Auth : at android.content.ContextWrapper.enforceCallingOrSelfPermission(ContextWrapper.java:600)
08-10 11:25:56.587 5242 5817 W Auth : at com.google.android.gsf.f.c(SourceFile:107)
08-10 11:25:56.587 5242 5817 W Auth : at com.google.android.gsf.f.a(SourceFile:121)
08-10 11:25:56.587 5242 5817 W Auth : at com.google.android.gsf.f.a(SourceFile:227)
08-10 11:25:56.587 5242 5817 W Auth : at com.google.android.gms.common.a.l.a(SourceFile:301)
08-10 11:25:56.587 5242 5817 W Auth : at com.google.android.gms.common.a.e.a(SourceFile:219)
08-10 11:25:56.587 5242 5817 W Auth : at com.google.android.gms.common.a.d.c(SourceFile:197)
08-10 11:25:56.587 5242 5817 W Auth : at com.google.android.gms.common.a.d.d(SourceFile:208)
08-10 11:25:56.587 5242 5817 W Auth : at com.google.android.gms.auth.i.b.a(SourceFile:28)
08-10 11:25:56.587 5242 5817 W Auth : at com.google.android.gms.auth.be.j.a(SourceFile:272)
08-10 11:25:56.587 5242 5817 W Auth : at com.google.android.gms.auth.be.k.a(SourceFile:625)
08-10 11:25:56.587 5242 5817 W Auth : at com.google.android.gms.auth.be.k.a(SourceFile:951)
08-10 11:25:56.587 5242 5817 W Auth : at com.google.android.gms.auth.be.k.a(SourceFile:1150)
08-10 11:25:56.587 5242 5817 W Auth : at com.google.android.gms.auth.be.r.a(SourceFile:261)
08-10 11:25:56.587 5242 5817 W Auth : at com.google.android.gms.auth.firstparty.dataservice.y.a(SourceFile:205)
08-10 11:25:56.587 5242 5817 W Auth : at com.google.android.gms.auth.firstparty.dataservice.w.a(SourceFile:556)
08-10 11:25:56.587 5242 5817 W Auth : at com.google.android.gms.auth.firstparty.dataservice.w.a(SourceFile:204)
08-10 11:25:56.587 5242 5817 W Auth : at com.google.android.gms.auth.n.a(SourceFile:139)
08-10 11:25:56.587 5242 5817 W Auth : at com.google.android.gms.auth.n.a(SourceFile:94)
08-10 11:25:56.587 5242 5817 W Auth : at com.google.android.b.b.onTransact(SourceFile:63)
08-10 11:25:56.587 5242 5817 W Auth : at android.os.Binder.execTransact(Binder.java:446)
08-10 11:25:56.587 5282 5873 E WifiManager: Channel connection lost
08-10 11:25:56.587 5222 5496 E WifiManager: Channel connection lost
08-10 11:25:56.587 4604 4975 E WifiManager: Channel connection lost
08-10 11:25:56.587 3451 3913 E WifiManager: Channel connection lost
08-10 11:25:56.587 2616 2981 W AudioFlinger: power manager service died !!!
08-10 11:25:56.587 3186 3627 E WifiManager: Channel connection lost
08-10 11:25:56.587 5222 5239 W Sensors : sensorservice died [0xb3fd8640]
08-10 11:25:56.588 5222 5886 E AndroidRuntime: FATAL EXCEPTION: IntentService[GCoreUlr-InitializerService]
08-10 11:25:56.588 5222 5886 E AndroidRuntime: Process: com.google.process.location, PID: 5222
08-10 11:25:56.588 5222 5886 E AndroidRuntime: java.lang.SecurityException: attempting to read gservices without permission: Neither user 10007 nor current process has com.google.android.providers.gsf.permission.READ_GSERVICES.
08-10 11:25:56.588 5222 5886 E AndroidRuntime: at android.app.ContextImpl.enforce(ContextImpl.java:1914)
08-10 11:25:56.588 5222 5886 E AndroidRuntime: at android.app.ContextImpl.enforceCallingOrSelfPermission(ContextImpl.java:1943)
08-10 11:25:56.588 5222 5886 E AndroidRuntime: at android.content.ContextWrapper.enforceCallingOrSelfPermission(ContextWrapper.java:600)
08-10 11:25:56.588 5222 5886 E AndroidRuntime: at com.google.android.gsf.f.c(SourceFile:107)
08-10 11:25:56.588 5222 5886 E AndroidRuntime: at com.google.android.gsf.f.a(SourceFile:121)
08-10 11:25:56.588 5222 5886 E AndroidRuntime: at com.google.android.gsf.f.a(SourceFile:227)
08-10 11:25:56.588 5222 5886 E AndroidRuntime: at com.google.android.gms.common.a.l.a(SourceFile:301)
08-10 11:25:56.588 5222 5886 E AndroidRuntime: at com.google.android.gms.common.a.e.a(SourceFile:219)
08-10 11:25:56.588 5222 5886 E AndroidRuntime: at com.google.android.gms.common.a.d.c(SourceFile:197)
08-10 11:25:56.588 5222 5886 E AndroidRuntime: at com.google.android.gms.common.a.d.d(SourceFile:208)
08-10 11:25:56.588 5222 5886 E AndroidRuntime: at com.google.android.location.a.b.b(SourceFile:114)
08-10 11:25:56.588 5222 5886 E AndroidRuntime: at com.google.android.location.a.b.a(SourceFile:51)
08-10 11:25:56.588 5222 5886 E AndroidRuntime: at com.google.android.location.reporting.c.l.a(SourceFile:379)
08-10 11:25:56.588 5222 5886 E AndroidRuntime: at com.google.android.location.reporting.c.l.b(SourceFile:555)
08-10 11:25:56.588 5222 5886 E AndroidRuntime: at com.google.android.location.reporting.service.InitializerService.a(SourceFile:203)
08-10 11:25:56.588 5222 5886 E AndroidRuntime: at com.google.android.location.reporting.service.InitializerService.a(SourceFile:143)
08-10 11:25:56.588 5222 5886 E AndroidRuntime: at com.google.android.gms.common.app.a.onHandleIntent(SourceFile:40)
08-10 11:25:56.588 5222 5886 E AndroidRuntime: at android.app.IntentService$ServiceHandler.handleMessage(IntentService.java:65)
08-10 11:25:56.588 5222 5886 E AndroidRuntime: at android.os.Handler.dispatchMessage(Handler.java:102)
08-10 11:25:56.588 5222 5886 E AndroidRuntime: at android.os.Looper.loop(Looper.java:135)
08-10 11:25:56.588 5222 5886 E AndroidRuntime: at android.os.HandlerThread.run(HandlerThread.java:61)
08-10 11:25:56.588 5222 5886 E AndroidRuntime: Error reporting crash
08-10 11:25:56.588 5222 5886 E AndroidRuntime: android.os.DeadObjectException
08-10 11:25:56.588 5222 5886 E AndroidRuntime: at android.os.BinderProxy.transactNative(Native Method)
08-10 11:25:56.588 5222 5886 E AndroidRuntime: at android.os.BinderProxy.transact(Binder.java:496)
08-10 11:25:56.588 5222 5886 E AndroidRuntime: at android.app.ActivityManagerProxy.handleApplicationCrash(ActivityManagerNative.java:4164)
08-10 11:25:56.588 5222 5886 E AndroidRuntime: at com.android.internal.os.RuntimeInit$UncaughtHandler.uncaughtException(RuntimeInit.java:89)
08-10 11:25:56.588 5222 5886 E AndroidRuntime: at com.google.android.gms.common.app.b.uncaughtException(SourceFile:54)
08-10 11:25:56.588 5222 5886 E AndroidRuntime: at java.lang.ThreadGroup.uncaughtException(ThreadGroup.java:693)
08-10 11:25:56.588 5222 5886 E AndroidRuntime: at java.lang.ThreadGroup.uncaughtException(ThreadGroup.java:690)
08-10 11:25:56.588 5222 5886 I Process : Sending signal. PID: 5222 SIG: 9
08-10 11:25:56.589 1809 1809 D SurfaceFlinger: Set power mode=2, type=0 flinger=0xb685c000
08-10 11:25:56.589 1809 1809 D SurfaceFlinger: Screen type=0 is already mode=2
08-10 11:25:56.590 1807 1807 I ServiceManager: service 'telecom' died
08-10 11:25:56.590 1809 3013 E BufferQueueProducer: [com.google.android.gms/com.google.android.gms.auth.login.LoginActivityTask] dequeueBuffer: BufferQueue has been abandoned
08-10 11:25:56.591 1807 1807 I ServiceManager: service 'location' died
08-10 11:25:56.591 1807 1807 I ServiceManager: service 'country_detector' died
08-10 11:25:56.591 1807 1807 I ServiceManager: service 'DockObserver' died
08-10 11:25:56.591 1807 1807 I ServiceManager: service 'updatelock' died
08-10 11:25:56.591 1807 1807 I ServiceManager: service 'audio' died
08-10 11:25:56.591 1807 1807 I ServiceManager: service 'usb' died
08-10 11:25:56.591 1807 1807 I ServiceManager: service 'serial' died
08-10 11:25:56.591 1807 1807 I ServiceManager: service 'uimode' died
08-10 11:25:56.591 1807 1807 I ServiceManager: service 'jobscheduler' died
08-10 11:25:56.591 1807 1807 I ServiceManager: service 'backup' died
08-10 11:25:56.591 1807 1807 I ServiceManager: service 'appwidget' died
08-10 11:25:56.591 1807 1807 I ServiceManager: service 'voiceinteraction' died
08-10 11:25:56.591 1807 1807 I ServiceManager: service 'diskstats' died
08-10 11:25:56.591 1807 1807 I ServiceManager: service 'samplingprofiler' died
08-10 11:25:56.591 1807 1807 I ServiceManager: service 'commontime_management' died
08-10 11:25:56.591 1807 1807 I ServiceManager: service 'dreams' died
08-10 11:25:56.591 1807 1807 I ServiceManager: service 'assetatlas' died
08-10 11:25:56.591 1807 1807 I ServiceManager: service 'print' died
08-10 11:25:56.591 1807 1807 I ServiceManager: service 'restrictions' died
08-10 11:25:56.591 1807 1807 I ServiceManager: service 'media_session' died
08-10 11:25:56.591 1807 1807 I ServiceManager: service 'media_router' died
08-10 11:25:56.591 1807 1807 I ServiceManager: service 'trust' died
08-10 11:25:56.591 1807 1807 I ServiceManager: service 'fingerprint' died
08-10 11:25:56.591 1807 1807 I ServiceManager: service 'launcherapps' died
08-10 11:25:56.591 1807 1807 I ServiceManager: service 'media_projection' died
08-10 11:25:56.591 1807 1807 I ServiceManager: service 'imms' died
08-10 11:25:56.591 1807 1807 I ServiceManager: service 'wifi' died
08-10 11:25:56.591 1807 1807 I ServiceManager: service 'wifiscanner' died
08-10 11:25:56.591 1807 1807 I ServiceManager: service 'notification' died
08-10 11:25:56.591 1807 1807 I ServiceManager: service 'devicestoragemonitor' died
08-10 11:25:56.591 1807 1807 I ServiceManager: service 'search' died
08-10 11:25:56.591 1807 1807 I ServiceManager: service 'dropbox' died
08-10 11:25:56.591 1807 1807 I ServiceManager: service 'wallpaper' died
08-10 11:25:56.591 1807 1807 I ServiceManager: service 'rttmanager' died
08-10 11:25:56.591 1807 1807 I ServiceManager: service 'ethernet' died
08-10 11:25:56.591 1807 1807 I ServiceManager: service 'connectivity' died
08-10 11:25:56.591 1807 1807 I ServiceManager: service 'dbinfo' died
08-10 11:25:56.591 1807 1807 I ServiceManager: service 'cpuinfo' died
08-10 11:25:56.591 1807 1807 I ServiceManager: service 'permission' died
08-10 11:25:56.591 1807 1807 I ServiceManager: service 'hardware' died
08-10 11:25:56.591 1807 1807 I ServiceManager: service 'battery' died
08-10 11:25:56.591 1807 1807 I ServiceManager: service 'usagestats' died
08-10 11:25:56.591 1807 1807 I ServiceManager: service 'webviewupdate' died
08-10 11:25:56.591 1807 1807 I ServiceManager: service 'scheduling_policy' died
08-10 11:25:56.591 1807 1807 I ServiceManager: service 'telephony.registry' died
08-10 11:25:56.591 1807 1807 I ServiceManager: service 'entropy' died
08-10 11:25:56.591 1807 1807 I ServiceManager: service 'account' died
08-10 11:25:56.591 1807 1807 I ServiceManager: service 'content' died
08-10 11:25:56.591 1807 1807 I ServiceManager: service 'vibrator' died
08-10 11:25:56.591 1807 1807 I ServiceManager: service 'consumer_ir' died
08-10 11:25:56.591 1807 1807 I ServiceManager: service 'alarm' died
08-10 11:25:56.591 1807 1807 I ServiceManager: service 'window' died
08-10 11:25:56.591 1807 1807 I ServiceManager: service 'input' died
08-10 11:25:56.591 1807 1807 I ServiceManager: service 'bluetooth_manager' died
08-10 11:25:56.591 1807 1807 I ServiceManager: service 'input_method' died
08-10 11:25:56.591 1807 1807 I ServiceManager: service 'accessibility' died
08-10 11:25:56.591 1807 1807 I ServiceManager: service 'mount' died
08-10 11:25:56.591 1807 1807 I ServiceManager: service 'textservices' died
08-10 11:25:56.591 1807 1807 I ServiceManager: service 'lock_settings' died
08-10 11:25:56.591 1807 1807 I ServiceManager: service 'device_policy' died
08-10 11:25:56.591 1807 1807 I ServiceManager: service 'statusbar' died
08-10 11:25:56.591 1807 1807 I ServiceManager: service 'clipboard' died
08-10 11:25:56.591 1807 1807 I ServiceManager: service 'network_management' died
08-10 11:25:56.591 1807 1807 I ServiceManager: service 'network_score' died
08-10 11:25:56.591 1807 1807 I ServiceManager: service 'netstats' died
08-10 11:25:56.591 1807 1807 I ServiceManager: service 'netpolicy' died
08-10 11:25:56.591 1807 1807 I ServiceManager: service 'meminfo' died
08-10 11:25:56.591 1807 1807 I ServiceManager: service 'sensorservice' died
08-10 11:25:56.591 1807 1807 I ServiceManager: service 'batterystats' died
08-10 11:25:56.591 1807 1807 I ServiceManager: service 'appops' died
08-10 11:25:56.591 1807 1807 I ServiceManager: service 'power' died
08-10 11:25:56.591 1807 1807 I ServiceManager: service 'display' died
08-10 11:25:56.591 1807 1807 I ServiceManager: service 'package' died
08-10 11:25:56.591 1807 1807 I ServiceManager: service 'activity' died
08-10 11:25:56.591 1807 1807 I ServiceManager: service 'user' died
08-10 11:25:56.591 1807 1807 I ServiceManager: service 'procstats' died
08-10 11:25:56.591 1807 1807 I ServiceManager: service 'gfxinfo' died
08-10 11:25:56.591 1807 1807 I ServiceManager: service 'wifip2p' died
08-10 11:25:56.592 3168 3508 E DatabaseUtils: Writing exception to parcel
08-10 11:25:56.592 3168 3508 E DatabaseUtils: java.lang.SecurityException: Permission Denial: reading com.android.providers.contacts.ContactsProvider2 uri content://com.android.contacts/groups?account_name=issor.oruam%40gmail.com&account_type=com.google&caller_is_syncadapter=true from pid=5242, uid=10007 requires android.permission.READ_CONTACTS, or grantUriPermission()
08-10 11:25:56.592 3168 3508 E DatabaseUtils: at android.content.ContentProvider.enforceReadPermissionInner(ContentProvider.java:539)
08-10 11:25:56.592 3168 3508 E DatabaseUtils: at android.content.ContentProvider$Transport.enforceReadPermission(ContentProvider.java:452)
08-10 11:25:56.592 3168 3508 E DatabaseUtils: at android.content.ContentProvider$Transport.query(ContentProvider.java:205)
08-10 11:25:56.592 3168 3508 E DatabaseUtils: at android.content.ContentProviderNative.onTransact(ContentProviderNative.java:112)
08-10 11:25:56.592 3168 3508 E DatabaseUtils: at android.os.Binder.execTransact(Binder.java:446)
08-10 11:25:56.592 5282 5312 W SearchHistoryHelper: Failed to get search history setting
08-10 11:25:56.592 5282 5312 W SearchHistoryHelper: com.google.android.shared.api.io.GsaIOException: Error code: 262160 | The connection was not attempted due to lack of network connectivity.
08-10 11:25:56.592 5282 5312 W SearchHistoryHelper: at com.google.android.shared.g.f.e(HttpHelper.java:202)
08-10 11:25:56.592 5282 5312 W SearchHistoryHelper: at com.google.android.shared.g.f.a(HttpHelper.java:183)
08-10 11:25:56.592 5282 5312 W SearchHistoryHelper: at com.google.android.shared.g.f.executeRequest(HttpHelper.java:128)
08-10 11:25:56.592 5282 5312 W SearchHistoryHelper: at com.google.android.search.core.h.e.b(SearchHistoryHelper.java:401)
08-10 11:25:56.592 5282 5312 W SearchHistoryHelper: at com.google.android.search.core.h.e.a(SearchHistoryHelper.java:378)
08-10 11:25:56.592 5282 5312 W SearchHistoryHelper: at com.google.android.search.core.h.d.u(SearchHistoryHelper.java:487)
08-10 11:25:56.592 5282 5312 W SearchHistoryHelper: at com.google.android.search.core.h.g.a(SearchHistoryHelper.java:352)
08-10 11:25:56.592 5282 5312 W SearchHistoryHelper: at com.google.android.search.core.h.a.c(SearchHistoryHelper.java:262)
08-10 11:25:56.592 5282 5312 W SearchHistoryHelper: at com.google.android.search.core.h.a.b(SearchHistoryHelper.java:202)
08-10 11:25:56.592 5282 5312 W SearchHistoryHelper: at com.google.android.search.core.aa.c(FetchOptInStatusTask.java:87)
08-10 11:25:56.592 5282 5312 W SearchHistoryHelper: at com.google.android.search.core.aa.Uv(FetchOptInStatusTask.java:69)
08-10 11:25:56.592 5282 5312 W SearchHistoryHelper: at com.google.android.search.core.aa.call(FetchOptInStatusTask.java:21)
08-10 11:25:56.592 5282 5312 W SearchHistoryHelper: at java.util.concurrent.FutureTask.run(FutureTask.java:237)
08-10 11:25:56.592 5282 5312 W SearchHistoryHelper: at java.util.concurrent.Executors$RunnableAdapter.call(Executors.java:422)
08-10 11:25:56.592 5282 5312 W SearchHistoryHelper: at java.util.concurrent.FutureTask.run(FutureTask.java:237)
08-10 11:25:56.592 5282 5312 W SearchHistoryHelper: at java.util.concurrent.ScheduledThreadPoolExecutor$ScheduledFutureTask.access$201(ScheduledThreadPoolExecutor.java:152)
08-10 11:25:56.592 5282 5312 W SearchHistoryHelper: at java.util.concurrent.ScheduledThreadPoolExecutor$ScheduledFutureTask.run(ScheduledThreadPoolExecutor.java:265)
08-10 11:25:56.592 5282 5312 W SearchHistoryHelper: at java.util.concurrent.ThreadPoolExecutor.runWorker(ThreadPoolExecutor.java:1112)
08-10 11:25:56.592 5282 5312 W SearchHistoryHelper: at java.util.concurrent.ThreadPoolExecutor$Worker.run(ThreadPoolExecutor.java:587)
08-10 11:25:56.592 5282 5312 W SearchHistoryHelper: at java.lang.Thread.run(Thread.java:818)
08-10 11:25:56.592 5282 5312 W SearchHistoryHelper: at com.google.android.shared.util.bk.run(GsaThreadFactory.java:77)
08-10 11:25:56.593 5282 5312 W SearchHistoryHelper: Failed to get search history setting
08-10 11:25:56.593 5282 5312 W SearchHistoryHelper: com.google.android.shared.api.io.GsaIOException: Error code: 262160 | The connection was not attempted due to lack of network connectivity.
08-10 11:25:56.593 5282 5312 W SearchHistoryHelper: at com.google.android.shared.g.f.e(HttpHelper.java:202)
08-10 11:25:56.593 5282 5312 W SearchHistoryHelper: at com.google.android.shared.g.f.a(HttpHelper.java:183)
08-10 11:25:56.593 5282 5312 W SearchHistoryHelper: at com.google.android.shared.g.f.executeRequest(HttpHelper.java:128)
08-10 11:25:56.593 5282 5312 W SearchHistoryHelper: at com.google.android.search.core.h.e.b(SearchHistoryHelper.java:401)
08-10 11:25:56.593 5282 5312 W SearchHistoryHelper: at com.google.android.search.core.h.e.a(SearchHistoryHelper.java:378)
08-10 11:25:56.593 5282 5312 W SearchHistoryHelper: at com.google.android.search.core.h.d.u(SearchHistoryHelper.java:487)
08-10 11:25:56.593 5282 5312 W SearchHistoryHelper: at com.google.android.search.core.h.g.a(SearchHistoryHelper.java:352)
08-10 11:25:56.593 5282 5312 W SearchHistoryHelper: at com.google.android.search.core.h.a.c(SearchHistoryHelper.java:262)
08-10 11:25:56.593 5282 5312 W SearchHistoryHelper: at com.google.android.search.core.h.a.b(SearchHistoryHelper.java:202)
08-10 11:25:56.593 5282 5312 W SearchHistoryHelper: at com.google.android.search.core.aa.c(FetchOptInStatusTask.java:90)
08-10 11:25:56.593 5282 5312 W SearchHistoryHelper: at com.google.android.search.core.aa.Uv(FetchOptInStatusTask.java:69)
08-10 11:25:56.593 5282 5312 W SearchHistoryHelper: at com.google.android.search.core.aa.call(FetchOptInStatusTask.java:21)
08-10 11:25:56.593 5282 5312 W SearchHistoryHelper: at java.util.concurrent.FutureTask.run(FutureTask.java:237)
08-10 11:25:56.593 5282 5312 W SearchHistoryHelper: at java.util.concurrent.Executors$RunnableAdapter.call(Executors.java:422)
08-10 11:25:56.593 5282 5312 W SearchHistoryHelper: at java.util.concurrent.FutureTask.run(FutureTask.java:237)
08-10 11:25:56.593 5282 5312 W SearchHistoryHelper: at java.util.concurrent.ScheduledThreadPoolExecutor$ScheduledFutureTask.access$201(ScheduledThreadPoolExecutor.java:152)
08-10 11:25:56.593 5282 5312 W SearchHistoryHelper: at java.util.concurrent.ScheduledThreadPoolExecutor$ScheduledFutureTask.run(ScheduledThreadPoolExecutor.java:265)
08-10 11:25:56.593 5282 5312 W SearchHistoryHelper: at java.util.concurrent.ThreadPoolExecutor.runWorker(ThreadPoolExecutor.java:1112)
08-10 11:25:56.593 5282 5312 W SearchHistoryHelper: at java.util.concurrent.ThreadPoolExecutor$Worker.run(ThreadPoolExecutor.java:587)
08-10 11:25:56.593 5282 5312 W SearchHistoryHelper: at java.lang.Thread.run(Thread.java:818)
08-10 11:25:56.593 5282 5312 W SearchHistoryHelper: at com.google.android.shared.util.bk.run(GsaThreadFactory.java:77)
08-10 11:25:56.604 1809 2614 E BufferQueueProducer: [com.google.android.gms/com.google.android.gms.auth.login.LoginActivityTask] dequeueBuffer: BufferQueue has been abandoned
08-10 11:25:56.607 5282 5868 I GoogleAuthUtil: GMS remote exception
08-10 11:25:56.607 5282 5868 I GoogleAuthUtil: android.os.DeadObjectException
08-10 11:25:56.607 5282 5868 I GoogleAuthUtil: at android.os.BinderProxy.transactNative(Native Method)
08-10 11:25:56.607 5282 5868 I GoogleAuthUtil: at android.os.BinderProxy.transact(Binder.java:496)
08-10 11:25:56.607 5282 5868 I GoogleAuthUtil: at com.google.android.gms.internal.gf.a(Unknown Source)
08-10 11:25:56.607 5282 5868 I GoogleAuthUtil: at com.google.android.gms.auth.e.a(Unknown Source)
08-10 11:25:56.607 5282 5868 I GoogleAuthUtil: at com.google.android.gms.auth.e.a(Unknown Source)
08-10 11:25:56.607 5282 5868 I GoogleAuthUtil: at com.google.android.gms.auth.e.b(Unknown Source)
