08-10 11:25:57.380 6190 6190 W PackageManager: Failed to parse /system/app/TestViewport: Application package com.android.test already installed. Skipping duplicate.
08-10 11:25:57.382 6190 6190 I art : DexFile_isDexOptNeeded file /system/app/VisualizationWallpapers/x86/VisualizationWallpapers.odex needs to be relocated for /system/app/VisualizationWallpapers/VisualizationWallpapers.apk
08-10 11:25:57.383 6190 6190 D PackageManager: No files in app dir /system/vendor/app
08-10 11:25:57.383 6190 6190 D PackageManager: No files in app dir /oem/app
08-10 11:25:57.384 6190 6190 D PackageManager: No files in app dir /data/app
08-10 11:25:57.384 6190 6190 D PackageManager: No files in app dir /data/app-private
08-10 11:25:57.384 6190 6190 W PackageManager: Package com.google.android.gms desires unavailable shared library com.google.android.ble; ignoring!
08-10 11:25:57.384 6190 6190 I PackageManager: Adjusting ABI for : com.android.keychain to x86
08-10 11:25:57.384 6190 6190 I PackageManager: Adjusting ABI for : com.android.server.telecom to x86
08-10 11:25:57.384 6190 6190 I PackageManager: Adjusting ABI for : com.android.inputdevices to x86
08-10 11:25:57.384 6190 6190 I PackageManager: Adjusting ABI for : org.zeroxlab.util.tscal to x86
08-10 11:25:57.384 6190 6190 I PackageManager: Adjusting ABI for : com.android.location.fused to x86
08-10 11:25:57.384 6190 6190 I PackageManager: Adjusting ABI for : com.android.providers.settings to x86
08-10 11:25:57.384 6190 6190 I PackageManager: Adjusting ABI for : com.android.settings to x86
08-10 11:25:57.384 6190 6190 I PackageManager: Time to scan packages: 0.142 seconds
08-10 11:25:57.384 6190 6190 W PackageManager: Unknown permission com.google.android.voicesearch.SHORTCUTS_ACCESS in package com.google.android.googlequicksearchbox
08-10 11:25:57.384 6190 6190 W PackageManager: Unknown permission com.google.android.voicesearch.ACCESS_SETTINGS in package com.google.android.googlequicksearchbox
08-10 11:25:57.384 6190 6190 W PackageManager: Unknown permission com.google.android.ears.permission.WRITE in package com.google.android.googlequicksearchbox
08-10 11:25:57.384 6190 6190 W PackageManager: Unknown permission com.google.googlenav.friend.permission.OPT_IN in package com.google.android.googlequicksearchbox
08-10 11:25:57.384 6190 6190 W PackageManager: Unknown permission com.google.android.apps.maps.permission.PREFETCH in package com.google.android.googlequicksearchbox
08-10 11:25:57.384 6190 6190 W PackageManager: Unknown permission com.google.android.apps.googlevoice.permission.AUTO_SEND in package com.google.android.googlequicksearchbox
08-10 11:25:57.384 6190 6190 W PackageManager: Unknown permission com.google.android.gm.permission.AUTO_SEND in package com.google.android.googlequicksearchbox
08-10 11:25:57.384 6190 6190 W PackageManager: Unknown permission com.google.android.hangouts.START_HANGOUT in package com.google.android.googlequicksearchbox
08-10 11:25:57.384 6190 6190 W PackageManager: Unknown permission com.android.chrome.PRERENDER_URL in package com.google.android.googlequicksearchbox
08-10 11:25:57.384 6190 6190 W PackageManager: Unknown permission com.google.android.launcher.permission.CONTENT_REDIRECT in package com.google.android.googlequicksearchbox
08-10 11:25:57.384 6190 6190 W PackageManager: Unknown permission com.android.launcher.permission.READ_SETTINGS in package com.google.android.onetimeinitializer
08-10 11:25:57.384 6190 6190 W PackageManager: Unknown permission com.android.launcher.permission.WRITE_SETTINGS in package com.google.android.onetimeinitializer
08-10 11:25:57.384 6190 6190 W PackageManager: Not granting permission android.permission.GLOBAL_SEARCH to package com.android.quicksearchbox (protectionLevel=18 flags=0x8be45)
08-10 11:25:57.384 6190 6190 W PackageManager: Not granting permission android.permission.ACCESS_DOWNLOAD_MANAGER to package com.android.browser (protectionLevel=18 flags=0x9be45)
08-10 11:25:57.384 6190 6190 W PackageManager: Not granting permission android.permission.SEND_DOWNLOAD_COMPLETED_INTENTS to package com.android.browser (protectionLevel=2 flags=0x9be45)
08-10 11:25:57.384 6190 6190 W PackageManager: Not granting permission android.permission.SEND_DOWNLOAD_COMPLETED_INTENTS to package com.android.vending (protectionLevel=2 flags=0x400abe45)
08-10 11:25:57.384 6190 6190 W PackageManager: Unknown permission android.permission.SEND_SMS_NO_CONFIRMATION in package com.android.vending
08-10 11:25:57.384 6190 6190 W PackageManager: Not granting permission android.permission.BIND_WALLPAPER to package com.android.camera2 (protectionLevel=18 flags=0x58bc45)
08-10 11:25:57.384 6190 6190 W PackageManager: Unknown permission android.permission.INSTALL_DRM in package com.android.mms
08-10 11:25:57.384 6190 6190 W PackageManager: Unknown permission android.permission.READ_OWNER_DATA in package com.google.android.setupwizard
08-10 11:25:57.384 6190 6190 W PackageManager: Unknown permission android.permission.WRITE_OWNER_DATA in package com.google.android.setupwizard
08-10 11:25:57.384 6190 6190 W PackageManager: Unknown permission com.android.launcher.permission.READ_SETTINGS in package com.android.onetimeinitializer
08-10 11:25:57.384 6190 6190 W PackageManager: Unknown permission com.android.launcher.permission.WRITE_SETTINGS in package com.android.onetimeinitializer
08-10 11:25:57.384 6190 6190 W PackageManager: Unknown permission com.google.android.gms.permission.CONTACTS_SYNC_DELEGATION in package com.google.android.syncadapters.contacts
08-10 11:25:57.384 6190 6190 W PackageManager: Unknown permission com.android.launcher.permission.READ_SETTINGS in package com.cyanogenmod.trebuchet
08-10 11:25:57.384 6190 6190 W PackageManager: Unknown permission com.android.launcher.permission.WRITE_SETTINGS in package com.cyanogenmod.trebuchet
08-10 11:25:57.384 6190 6190 W PackageManager: Unknown permission com.google.android.apps.enterprise.dmagent.permission.AutoSyncPermission in package com.google.android.gms
08-10 11:25:57.384 6190 6190 W PackageManager: Unknown permission com.google.android.hangouts.START_HANGOUT in package com.google.android.gms
08-10 11:25:57.384 6190 6190 W PackageManager: Unknown permission com.google.android.wearable.READ_SETTINGS in package com.google.android.gms
08-10 11:25:57.384 6190 6190 W PackageManager: Unknown permission com.google.android.gm.permission.READ_GMAIL in package com.google.android.gms
08-10 11:25:57.384 6190 6190 W PackageManager: Unknown permission com.android.launcher.permission.PRELOAD_WORKSPACE in package com.google.android.partnersetup
08-10 11:25:57.384 6190 6190 W PackageManager: Not granting permission android.permission.DELETE_PACKAGES to package com.svox.pico (protectionLevel=18 flags=0x8be45)
08-10 11:25:57.385 6190 6190 W PackageManager: Unknown permission com.cyanogenmod.filemanager.permissions.READ_THEME in package com.cyanogenmod.filemanager
08-10 11:25:57.385 6190 6190 W PackageManager: Not granting permission android.permission.CONTROL_KEYGUARD to package com.google.android.gsf.login (protectionLevel=2 flags=0x4048be45)
08-10 11:25:57.385 6190 6190 W PackageManager: Unknown permission com.android.vending.billing.IBillingAccountService.BIND2 in package com.google.android.gsf.login
08-10 11:25:57.385 6190 6190 W PackageManager: Unknown permission com.android.chrome.TOS_ACKED in package com.google.android.gsf.login
08-10 11:25:57.385 6190 6190 W PackageManager: Unknown permission com.android.launcher.permission.READ_SETTINGS in package com.android.settings
08-10 11:25:57.385 6190 6190 W PackageManager: Unknown permission com.android.launcher.permission.WRITE_SETTINGS in package com.android.settings
08-10 11:25:57.385 6190 6190 W PackageManager: Unknown permission com.android.smspush.WAPPUSH_MANAGER_BIND in package com.android.phone
08-10 11:25:57.385 6190 6190 W PackageManager: Not granting permission android.permission.DEVICE_POWER to package com.android.deskclock (protectionLevel=2 flags=0x48be45)
08-10 11:25:57.385 6190 6190 W PackageManager: Unknown permission com.google.android.gallery3d.permission.GALLERY_PROVIDER in package com.android.bluetooth
08-10 11:25:57.394 6190 6190 I art : Explicit concurrent mark sweep GC freed 21507(1342KB) AllocSpace objects, 4(64KB) LOS objects, 33% free, 5MB/7MB, paused 158us total 6.661ms
08-10 11:25:57.394 6190 6190 I SystemServer: User Service
08-10 11:25:57.395 1806 1806 I lowmemorykiller: ActivityManager connected
08-10 11:25:57.397 6190 6190 I SystemServiceManager: Starting com.android.server.lights.LightsService
08-10 11:25:57.397 6190 6190 E lights : Unable to detect max_brightness. Try to set backlight.max_brightness_file
08-10 11:25:57.397 6190 6190 I SystemServiceManager: Starting com.android.server.BatteryService
08-10 11:25:57.398 6190 6190 I SystemServiceManager: Starting com.android.server.usage.UsageStatsService
08-10 11:25:57.402 6190 6190 I UsageStatsService: User[0] Rollover scheduled @ 2015-08-10 02:00:00(1439164800000)
08-10 11:25:57.402 6190 6190 I SystemServiceManager: Starting com.android.server.webkit.WebViewUpdateService
08-10 11:25:57.402 6190 6190 I SystemServer: Reading configuration...
08-10 11:25:57.402 6190 6190 I SystemServer: Scheduling Policy
08-10 11:25:57.402 6190 6190 I SystemServiceManager: Starting com.android.server.telecom.TelecomLoaderService
08-10 11:25:57.402 6190 6190 I SystemServer: Telephony Registry
08-10 11:25:57.403 6190 6190 I SystemServer: Entropy Mixer
08-10 11:25:57.404 6190 6190 I EntropyMixer: Writing entropy...
08-10 11:25:57.404 6190 6190 I SystemServer: Account Manager
08-10 11:25:57.405 6190 6190 I SystemServer: Content Manager
08-10 11:25:57.405 6190 6190 I SystemServer: System Content Providers
08-10 11:25:57.408 6190 6190 I SystemServer: Vibrator Service
08-10 11:25:57.409 6190 6190 I SystemServer: Consumer IR Service
08-10 11:25:57.409 6190 6190 E ConsumerIrService: Can't open consumer IR HW Module, error: -2
08-10 11:25:57.409 6190 6190 I SystemServiceManager: Starting com.android.server.AlarmManagerService
08-10 11:25:57.409 6190 6190 D AlarmManagerService: Kernel timezone updated to -120 minutes west of GMT
08-10 11:25:57.410 6190 6190 I SystemServer: Init Watchdog
08-10 11:25:57.410 6190 6190 I SystemServer: Input Manager
08-10 11:25:57.410 6190 6190 I InputManager: Initializing input manager, mUseDevInputEventForAudioJack=true
08-10 11:25:57.411 6190 6190 I SystemServer: Window Manager
08-10 11:25:57.413 6190 6214 I WindowManager: No existing display settings /data/system/display_settings.xml; starting empty
08-10 11:25:57.418 6190 6190 I InputManager: Starting input manager
08-10 11:25:57.418 6190 6224 D EventHub: No input device configuration file found for device 'Android Power Button'.
08-10 11:25:57.418 6190 6190 I SystemServer: Bluetooth Manager Service
08-10 11:25:57.419 6190 6190 D BluetoothManagerService: Loading stored name and address
08-10 11:25:57.419 6190 6190 D BluetoothManagerService: Stored bluetooth Name=Android-x86,Address=22:22:A6:48:07:B3
08-10 11:25:57.419 6190 6224 W EventHub: Unable to disable kernel key repeat for /dev/input/event16: Function not implemented
08-10 11:25:57.419 6190 6224 I EventHub: New device: id=1, fd=74, path='/dev/input/event16', name='Android Power Button', classes=0x1, configuration='', keyLayout='/system/usr/keylayout/Generic.kl', keyCharacterMap='/system/usr/keychars/Generic.kcm', builtinKeyboard=false, wakeMechanism=EPOLLWAKEUP, usingClockIoctl=true
08-10 11:25:57.419 6190 6224 I EventHub: ignoring event id /dev/input/event1 driver Power Button
08-10 11:25:57.419 6190 6190 I SystemServer: Input Method Service
08-10 11:25:57.420 6190 6190 W InputMethodManagerService: Couldn't create dir.: /data/system/inputmethod
08-10 11:25:57.423 6190 6190 I SystemServer: Accessibility Manager
08-10 11:25:57.424 6190 6190 I ActivityManager: Config changes=1df8 {1.0 ?mcc?mnc en_US ?layoutDir sw960dp w1280dp h960dp 240dpi xlrg land ?uimode ?night -touch -keyb/v/h -nav/h s.2}
08-10 11:25:57.425 6190 6208 I UsageStatsService: User[0] Rolling over usage stats
08-10 11:25:57.425 6190 6208 I UsageStatsService: User[0] Flushing usage stats to disk
08-10 11:25:57.425 6190 6208 I UsageStatsService: User[0] Rollover scheduled @ 2015-08-11 02:00:00(1439251200000)
08-10 11:25:57.425 6190 6208 I UsageStatsService: User[0] Rolling over usage stats complete. Took 1 milliseconds
08-10 11:25:57.426 6190 6224 I EventHub: ignoring event id /dev/input/event0 driver Power Button
08-10 11:25:57.437 6190 6190 I ActivityManager: Config changes=400 {1.0 ?mcc?mnc en_US ?layoutDir sw960dp w1280dp h886dp 240dpi xlrg land ?uimode ?night -touch -keyb/v/h -nav/h s.3}
08-10 11:25:57.438 6190 6224 D EventHub: No input device configuration file found for device 'PC Speaker'.
08-10 11:25:57.439 6190 6190 I SystemServer: Mount Service
08-10 11:25:57.440 6190 6190 D MountService: got storage path: null description: Internal storage primary: true removable: false emulated: true mtpReserve: 100 allowMassStorage: false maxFileSize: 0
08-10 11:25:57.440 6190 6190 D MountService: addVolumeLocked() StorageVolume:
08-10 11:25:57.440 6190 6190 D MountService: mStorageId=65537 mPath=/storage/emulated/0 mDescriptionId=17040805
08-10 11:25:57.440 6190 6190 D MountService: mPrimary=true mRemovable=false mEmulated=true mMtpReserveSpace=100
08-10 11:25:57.440 6190 6190 D MountService: mAllowMassStorage=false mMaxFileSize=0 mOwner=UserHandle{0} mUuid=null
08-10 11:25:57.440 6190 6190 D MountService: mUserLabel=null mState=null
08-10 11:25:57.440 6190 6190 D MountService: got storage path: /storage/sdcard1 description: SD card primary: false removable: true emulated: false mtpReserve: 0 allowMassStorage: false maxFileSize: 4294967296
08-10 11:25:57.440 6190 6190 D MountService: addVolumeLocked() StorageVolume:
08-10 11:25:57.440 6190 6190 D MountService: mStorageId=0 mPath=/storage/sdcard1 mDescriptionId=17040806 mPrimary=false
08-10 11:25:57.440 6190 6190 D MountService: mRemovable=true mEmulated=false mMtpReserveSpace=0 mAllowMassStorage=false
08-10 11:25:57.440 6190 6190 D MountService: mMaxFileSize=4294967296 mOwner=null mUuid=null mUserLabel=null mState=null
08-10 11:25:57.440 6190 6190 D MountService: got storage path: /storage/usb0 description: USB storage primary: false removable: true emulated: false mtpReserve: 0 allowMassStorage: false maxFileSize: 4294967296
08-10 11:25:57.440 6190 6190 D MountService: addVolumeLocked() StorageVolume:
08-10 11:25:57.440 6190 6190 D MountService: mStorageId=0 mPath=/storage/usb0 mDescriptionId=17040807 mPrimary=false
08-10 11:25:57.440 6190 6190 D MountService: mRemovable=true mEmulated=false mMtpReserveSpace=0 mAllowMassStorage=false
08-10 11:25:57.440 6190 6190 D MountService: mMaxFileSize=4294967296 mOwner=null mUuid=null mUserLabel=null mState=null
08-10 11:25:57.440 6190 6190 D MountService: got storage path: /storage/usb1 description: USB storage primary: false removable: true emulated: false mtpReserve: 0 allowMassStorage: false maxFileSize: 4294967296
08-10 11:25:57.440 6190 6190 D MountService: addVolumeLocked() StorageVolume:
08-10 11:25:57.440 6190 6190 D MountService: mStorageId=0 mPath=/storage/usb1 mDescriptionId=17040807 mPrimary=false
08-10 11:25:57.440 6190 6190 D MountService: mRemovable=true mEmulated=false mMtpReserveSpace=0 mAllowMassStorage=false
08-10 11:25:57.440 6190 6190 D MountService: mMaxFileSize=4294967296 mOwner=null mUuid=null mUserLabel=null mState=null
08-10 11:25:57.440 6190 6190 D MountService: got storage path: /storage/usb2 description: USB storage primary: false removable: true emulated: false mtpReserve: 0 allowMassStorage: false maxFileSize: 4294967296
08-10 11:25:57.440 6190 6190 D MountService: addVolumeLocked() StorageVolume:
08-10 11:25:57.440 6190 6190 D MountService: mStorageId=0 mPath=/storage/usb2 mDescriptionId=17040807 mPrimary=false
08-10 11:25:57.440 6190 6190 D MountService: mRemovable=true mEmulated=false mMtpReserveSpace=0 mAllowMassStorage=false
08-10 11:25:57.440 6190 6190 D MountService: mMaxFileSize=4294967296 mOwner=null mUuid=null mUserLabel=null mState=null
08-10 11:25:57.440 6190 6190 D MountService: got storage path: /storage/usb3 description: USB storage primary: false removable: true emulated: false mtpReserve: 0 allowMassStorage: false maxFileSize: 4294967296
08-10 11:25:57.440 6190 6190 D MountService: addVolumeLocked() StorageVolume:
08-10 11:25:57.440 6190 6190 D MountService: mStorageId=0 mPath=/storage/usb3 mDescriptionId=17040807 mPrimary=false
08-10 11:25:57.440 6190 6190 D MountService: mRemovable=true mEmulated=false mMtpReserveSpace=0 mAllowMassStorage=false
08-10 11:25:57.440 6190 6190 D MountService: mMaxFileSize=4294967296 mOwner=null mUuid=null mUserLabel=null mState=null
08-10 11:25:57.441 6190 6190 I SystemServer: LockSettingsService
08-10 11:25:57.442 6190 6227 W MountService: Duplicate state transition (unmounted -> unmounted) for /storage/usb0
08-10 11:25:57.442 6190 6227 I MountService: Media already mounted on daemon connection
08-10 11:25:57.442 6190 6227 D MountService: volume state changed for /storage/usb1 (unmounted -> mounted)
08-10 11:25:57.442 6190 6227 D MountService: volume state changed for /storage/usb2 (unmounted -> removed)
08-10 11:25:57.442 6190 6227 D MountService: volume state changed for /storage/usb3 (unmounted -> removed)
08-10 11:25:57.442 6190 6227 D MountService: Got locale en-US from mount service
08-10 11:25:57.442 6190 6190 I SystemServiceManager: Starting com.android.server.devicepolicy.DevicePolicyManagerService$Lifecycle
08-10 11:25:57.442 6190 6227 I ActivityManager: Config changes=2004 {1.0 ?mcc?mnc en_US ldltr sw960dp w1280dp h886dp 240dpi xlrg land ?uimode ?night -touch -keyb/v/h -nav/h s.4}
08-10 11:25:57.442 6190 6209 D ActivityManager: Storing locale en-US for decryption UI
08-10 11:25:57.442 6190 6227 D MountService: Setting system properties to en-US from mount service
08-10 11:25:57.443 6190 6190 I SystemServer: Status Bar
08-10 11:25:57.443 6190 6227 I PackageManager: No secure containers found
08-10 11:25:57.443 6190 6227 W PackageManager: Unknown permission com.google.android.voicesearch.SHORTCUTS_ACCESS in package com.google.android.googlequicksearchbox
08-10 11:25:57.443 6190 6227 W PackageManager: Unknown permission com.google.android.voicesearch.ACCESS_SETTINGS in package com.google.android.googlequicksearchbox
08-10 11:25:57.443 6190 6227 W PackageManager: Unknown permission com.google.android.ears.permission.WRITE in package com.google.android.googlequicksearchbox
08-10 11:25:57.443 6190 6227 W PackageManager: Unknown permission com.google.googlenav.friend.permission.OPT_IN in package com.google.android.googlequicksearchbox
08-10 11:25:57.443 6190 6227 W PackageManager: Unknown permission com.google.android.apps.maps.permission.PREFETCH in package com.google.android.googlequicksearchbox
08-10 11:25:57.443 6190 6227 W PackageManager: Unknown permission com.google.android.apps.googlevoice.permission.AUTO_SEND in package com.google.android.googlequicksearchbox
08-10 11:25:57.443 6190 6227 W PackageManager: Unknown permission com.google.android.gm.permission.AUTO_SEND in package com.google.android.googlequicksearchbox
08-10 11:25:57.443 6190 6227 W PackageManager: Unknown permission com.google.android.hangouts.START_HANGOUT in package com.google.android.googlequicksearchbox
08-10 11:25:57.443 6190 6227 W PackageManager: Unknown permission com.android.chrome.PRERENDER_URL in package com.google.android.googlequicksearchbox
08-10 11:25:57.443 6190 6227 W PackageManager: Unknown permission com.google.android.launcher.permission.CONTENT_REDIRECT in package com.google.android.googlequicksearchbox
08-10 11:25:57.443 6190 6227 W PackageManager: Unknown permission com.android.launcher.permission.READ_SETTINGS in package com.google.android.onetimeinitializer
08-10 11:25:57.443 6190 6227 W PackageManager: Unknown permission com.android.launcher.permission.WRITE_SETTINGS in package com.google.android.onetimeinitializer
08-10 11:25:57.443 6190 6227 W PackageManager: Not granting permission android.permission.GLOBAL_SEARCH to package com.android.quicksearchbox (protectionLevel=18 flags=0x8be45)
08-10 11:25:57.443 6190 6227 W PackageManager: Not granting permission android.permission.ACCESS_DOWNLOAD_MANAGER to package com.android.browser (protectionLevel=18 flags=0x9be45)
08-10 11:25:57.443 6190 6227 W PackageManager: Not granting permission android.permission.SEND_DOWNLOAD_COMPLETED_INTENTS to package com.android.browser (protectionLevel=2 flags=0x9be45)
08-10 11:25:57.443 6190 6227 W PackageManager: Not granting permission android.permission.SEND_DOWNLOAD_COMPLETED_INTENTS to package com.android.vending (protectionLevel=2 flags=0x400abe45)
08-10 11:25:57.443 6190 6227 W PackageManager: Unknown permission android.permission.SEND_SMS_NO_CONFIRMATION in package com.android.vending
08-10 11:25:57.443 6190 6227 W PackageManager: Not granting permission android.permission.BIND_WALLPAPER to package com.android.camera2 (protectionLevel=18 flags=0x58bc45)
08-10 11:25:57.443 6190 6227 W PackageManager: Unknown permission android.permission.INSTALL_DRM in package com.android.mms
08-10 11:25:57.443 6190 6227 W PackageManager: Unknown permission android.permission.READ_OWNER_DATA in package com.google.android.setupwizard
08-10 11:25:57.443 6190 6227 W PackageManager: Unknown permission android.permission.WRITE_OWNER_DATA in package com.google.android.setupwizard
08-10 11:25:57.443 6190 6227 W PackageManager: Unknown permission com.android.launcher.permission.READ_SETTINGS in package com.android.onetimeinitializer
08-10 11:25:57.443 6190 6227 W PackageManager: Unknown permission com.android.launcher.permission.WRITE_SETTINGS in package com.android.onetimeinitializer
08-10 11:25:57.443 6190 6227 W PackageManager: Unknown permission com.google.android.gms.permission.CONTACTS_SYNC_DELEGATION in package com.google.android.syncadapters.contacts
08-10 11:25:57.443 6190 6227 W PackageManager: Unknown permission com.android.launcher.permission.READ_SETTINGS in package com.cyanogenmod.trebuchet
08-10 11:25:57.443 6190 6227 W PackageManager: Unknown permission com.android.launcher.permission.WRITE_SETTINGS in package com.cyanogenmod.trebuchet
08-10 11:25:57.443 6190 6227 W PackageManager: Unknown permission com.google.android.apps.enterprise.dmagent.permission.AutoSyncPermission in package com.google.android.gms
08-10 11:25:57.443 6190 6227 W PackageManager: Unknown permission com.google.android.hangouts.START_HANGOUT in package com.google.android.gms
08-10 11:25:57.443 6190 6227 W PackageManager: Unknown permission com.google.android.wearable.READ_SETTINGS in package com.google.android.gms
08-10 11:25:57.443 6190 6227 W PackageManager: Unknown permission com.google.android.gm.permission.READ_GMAIL in package com.google.android.gms
08-10 11:25:57.444 6190 6227 W PackageManager: Unknown permission com.android.launcher.permission.PRELOAD_WORKSPACE in package com.google.android.partnersetup
08-10 11:25:57.444 6190 6227 W PackageManager: Not granting permission android.permission.DELETE_PACKAGES to package com.svox.pico (protectionLevel=18 flags=0x8be45)
08-10 11:25:57.444 6190 6227 W PackageManager: Unknown permission com.cyanogenmod.filemanager.permissions.READ_THEME in package com.cyanogenmod.filemanager
08-10 11:25:57.444 6190 6227 W PackageManager: Not granting permission android.permission.CONTROL_KEYGUARD to package com.google.android.gsf.login (protectionLevel=2 flags=0x4048be45)
08-10 11:25:57.444 6190 6227 W PackageManager: Unknown permission com.android.vending.billing.IBillingAccountService.BIND2 in package com.google.android.gsf.login
08-10 11:25:57.444 6190 6227 W PackageManager: Unknown permission com.android.chrome.TOS_ACKED in package com.google.android.gsf.login
08-10 11:25:57.444 6190 6227 W PackageManager: Unknown permission com.android.launcher.permission.READ_SETTINGS in package com.android.settings
08-10 11:25:57.444 6190 6227 W PackageManager: Unknown permission com.android.launcher.permission.WRITE_SETTINGS in package com.android.settings
08-10 11:25:57.444 6190 6190 I SystemServer: Clipboard Service
08-10 11:25:57.444 6190 6227 W PackageManager: Unknown permission com.android.smspush.WAPPUSH_MANAGER_BIND in package com.android.phone
08-10 11:25:57.444 6190 6227 W PackageManager: Not granting permission android.permission.DEVICE_POWER to package com.android.deskclock (protectionLevel=2 flags=0x48be45)
08-10 11:25:57.444 6190 6227 W PackageManager: Unknown permission com.google.android.gallery3d.permission.GALLERY_PROVIDER in package com.android.bluetooth
08-10 11:25:57.444 6190 6190 I SystemServer: NetworkManagement Service
08-10 11:25:57.445 6190 6190 I SystemServer: Text Service Manager Service
08-10 11:25:57.448 6190 6190 I SystemServer: Network Score Service
08-10 11:25:57.448 6190 6190 I SystemServer: NetworkStats Service
08-10 11:25:57.450 6190 6190 I SystemServer: NetworkPolicy Service
08-10 11:25:57.451 6190 6190 I SystemServiceManager: Starting com.android.server.wifi.p2p.WifiP2pService
08-10 11:25:57.455 6190 6190 I WifiP2pService: Registering wifip2p
08-10 11:25:57.455 6190 6190 I SystemServiceManager: Starting com.android.server.wifi.WifiService
08-10 11:25:57.468 6190 6224 D EventHub: No input device configuration file found for device 'AT Translated Set 2 keyboard'.
08-10 11:25:57.469 6190 6224 I EventHub: New device: id=3, fd=90, path='/dev/input/event3', name='AT Translated Set 2 keyboard', classes=0x3, configuration='', keyLayout='/system/usr/keylayout/Generic.kl', keyCharacterMap='/system/usr/keychars/Generic.kcm', builtinKeyboard=false, wakeMechanism=EPOLLWAKEUP, usingClockIoctl=true
08-10 11:25:57.481 6190 6190 E WifiConfigStore: associatedPartialScanPeriodMilli set to 20000
08-10 11:25:57.484 6190 6190 D WifiController: isAirplaneModeOn = false, isWifiEnabled = true, isScanningAvailable = false
08-10 11:25:57.484 6190 6190 I WifiService: Registering wifi
08-10 11:25:57.484 6190 6190 I SystemServiceManager: Starting com.android.server.wifi.WifiScanningService
08-10 11:25:57.484 6190 6190 I WifiScanningService: Creating wifiscanner
08-10 11:25:57.484 6190 6190 I WifiScanningService: Starting wifiscanner
08-10 11:25:57.484 6190 6190 I SystemServiceManager: Starting com.android.server.wifi.RttService
08-10 11:25:57.484 6190 6190 I RttService: Creating rttmanager
08-10 11:25:57.485 6190 6190 I RttService: Starting rttmanager
08-10 11:25:57.485 6190 6190 I SystemServiceManager: Starting com.android.server.ethernet.EthernetService
08-10 11:25:57.486 6190 6190 I EthernetServiceImpl: Creating EthernetConfigStore
08-10 11:25:57.486 6190 6190 E IpConfigStore: Error parsing configuration: java.io.FileNotFoundException: /data/misc/ethernet/ipconfig.txt: open failed: ENOENT (No such file or directory)
08-10 11:25:57.486 6190 6190 W EthernetConfigStore: No Ethernet configuration found. Using default.
08-10 11:25:57.486 6190 6190 I EthernetServiceImpl: Read stored IP configuration: IP assignment: DHCP
08-10 11:25:57.486 6190 6190 I EthernetServiceImpl: Proxy settings: NONE
08-10 11:25:57.486 6190 6190 I EthernetService: Registering service ethernet
08-10 11:25:57.486 6190 6190 I SystemServer: Connectivity Service
08-10 11:25:57.487 6190 6190 D ConnectivityService: ConnectivityService starting up
08-10 11:25:57.488 6190 6190 D ConnectivityService: wifiOnly=false
08-10 11:25:57.488 6190 6190 E ConnectivityService: Ignoring protectedNetwork 14
08-10 11:25:57.488 6190 6190 E ConnectivityService: Ignoring protectedNetwork 15
08-10 11:25:57.490 6190 6190 I SystemServer: Network Service Discovery Service
08-10 11:25:57.490 6190 6190 D NsdService: Network service discovery enabled true
08-10 11:25:57.491 6190 6190 I SystemServer: UpdateLock Service
08-10 11:25:57.495 6190 6190 I SystemServiceManager: Starting com.android.server.notification.NotificationManagerService
08-10 11:25:57.499 6190 6190 D ZenLog : set_zen_mode: off,setting
08-10 11:25:57.499 6190 6190 I SystemServiceManager: Starting com.android.server.storage.DeviceStorageMonitorService
08-10 11:25:57.500 6190 6190 I SystemServer: Location Manager
08-10 11:25:57.500 6190 6190 I SystemServer: Country Detector
08-10 11:25:57.501 6190 6190 I SystemServer: Search Service
08-10 11:25:57.501 6190 6190 I SystemServer: DropBox Service
08-10 11:25:57.501 6190 6190 I SystemServer: Wallpaper Service
08-10 11:25:57.502 6190 6190 I SystemServer: Audio Service
08-10 11:25:57.503 6190 6239 I ServiceManager: Waiting for service media.audio_policy...
08-10 11:25:57.503 6190 6190 W TelecomManager: Telecom Service not found.
08-10 11:25:57.519 6190 6224 E EventHub: could not get driver version for /dev/input/mice, Not a typewriter
08-10 11:25:57.527 6190 6224 D EventHub: No input device configuration file found for device 'HDA Intel PCH Line Out CLFE'.
08-10 11:25:57.527 6190 6224 I EventHub: New device: id=4, fd=91, path='/dev/input/event8', name='HDA Intel PCH Line Out CLFE', classes=0x80, configuration='', keyLayout='', keyCharacterMap='', builtinKeyboard=false, wakeMechanism=EPOLLWAKEUP, usingClockIoctl=true
08-10 11:25:57.528 6190 6224 D EventHub: No input device configuration file found for device 'HDA Intel PCH Line Out Surround'.
08-10 11:25:57.528 6190 6224 I EventHub: New device: id=5, fd=110, path='/dev/input/event7', name='HDA Intel PCH Line Out Surround', classes=0x80, configuration='', keyLayout='', keyCharacterMap='', builtinKeyboard=false, wakeMechanism=EPOLLWAKEUP, usingClockIoctl=true
08-10 11:25:57.528 6190 6224 D EventHub: No input device configuration file found for device 'HDA Intel PCH Line Out Front'.
08-10 11:25:57.528 6190 6224 I EventHub: New device: id=6, fd=111, path='/dev/input/event6', name='HDA Intel PCH Line Out Front', classes=0x80, configuration='', keyLayout='', keyCharacterMap='', builtinKeyboard=false, wakeMechanism=EPOLLWAKEUP, usingClockIoctl=true
08-10 11:25:57.528 6190 6224 D EventHub: No input device configuration file found for device 'HDA Intel PCH Line'.
08-10 11:25:57.528 6190 6224 I EventHub: New device: id=7, fd=112, path='/dev/input/event5', name='HDA Intel PCH Line', classes=0x80, configuration='', keyLayout='', keyCharacterMap='', builtinKeyboard=false, wakeMechanism=EPOLLWAKEUP, usingClockIoctl=true
08-10 11:25:57.528 6190 6224 D EventHub: No input device configuration file found for device 'HDA Intel PCH Rear Mic'.
08-10 11:25:57.528 6190 6224 I EventHub: New device: id=8, fd=113, path='/dev/input/event4', name='HDA Intel PCH Rear Mic', classes=0x80, configuration='', keyLayout='', keyCharacterMap='', builtinKeyboard=false, wakeMechanism=EPOLLWAKEUP, usingClockIoctl=true
08-10 11:25:57.578 6190 6224 E EventHub: could not get driver version for /dev/input/mouse0, Not a typewriter
08-10 11:25:57.637 6190 6224 D EventHub: No input device configuration file found for device 'Microsoft Microsoft Wheel Mouse Optical®'.
08-10 11:25:57.637 6190 6224 I EventHub: New device: id=9, fd=114, path='/dev/input/event2', name='Microsoft Microsoft Wheel Mouse Optical®', classes=0x80000008, configuration='', keyLayout='', keyCharacterMap='', builtinKeyboard=false, wakeMechanism=EPOLLWAKEUP, usingClockIoctl=true
08-10 11:25:57.637 6190 6224 D EventHub: No input device configuration file found for device 'HDA ATI HDMI HDMI/DP,pcm=11'.
08-10 11:25:57.637 6190 6224 I EventHub: New device: id=10, fd=115, path='/dev/input/event14', name='HDA ATI HDMI HDMI/DP,pcm=11', classes=0x80, configuration='', keyLayout='', keyCharacterMap='', builtinKeyboard=false, wakeMechanism=EPOLLWAKEUP, usingClockIoctl=true
08-10 11:25:57.637 6190 6224 D EventHub: No input device configuration file found for device 'HDA ATI HDMI HDMI/DP,pcm=10'.
08-10 11:25:57.638 6190 6224 I EventHub: New device: id=11, fd=116, path='/dev/input/event13', name='HDA ATI HDMI HDMI/DP,pcm=10', classes=0x80, configuration='', keyLayout='', keyCharacterMap='', builtinKeyboard=false, wakeMechanism=EPOLLWAKEUP, usingClockIoctl=true
08-10 11:25:57.638 6190 6224 D EventHub: No input device configuration file found for device 'HDA ATI HDMI HDMI/DP,pcm=9'.
08-10 11:25:57.638 6190 6224 I EventHub: New device: id=12, fd=117, path='/dev/input/event12', name='HDA ATI HDMI HDMI/DP,pcm=9', classes=0x80, configuration='', keyLayout='', keyCharacterMap='', builtinKeyboard=false, wakeMechanism=EPOLLWAKEUP, usingClockIoctl=true
08-10 11:25:57.638 6190 6224 D EventHub: No input device configuration file found for device 'HDA ATI HDMI HDMI/DP,pcm=8'.
08-10 11:25:57.638 6190 6224 I EventHub: New device: id=13, fd=118, path='/dev/input/event11', name='HDA ATI HDMI HDMI/DP,pcm=8', classes=0x80, configuration='', keyLayout='', keyCharacterMap='', builtinKeyboard=false, wakeMechanism=EPOLLWAKEUP, usingClockIoctl=true
08-10 11:25:57.638 6190 6224 D EventHub: No input device configuration file found for device 'HDA ATI HDMI HDMI/DP,pcm=7'.
08-10 11:25:57.638 6190 6224 I EventHub: New device: id=14, fd=119, path='/dev/input/event10', name='HDA ATI HDMI HDMI/DP,pcm=7', classes=0x80, configuration='', keyLayout='', keyCharacterMap='', builtinKeyboard=false, wakeMechanism=EPOLLWAKEUP, usingClockIoctl=true
08-10 11:25:57.638 6190 6224 D EventHub: No input device configuration file found for device 'HDA ATI HDMI HDMI/DP,pcm=3'.
08-10 11:25:57.638 6190 6224 I EventHub: New device: id=15, fd=120, path='/dev/input/event9', name='HDA ATI HDMI HDMI/DP,pcm=3', classes=0x80, configuration='', keyLayout='', keyCharacterMap='', builtinKeyboard=false, wakeMechanism=EPOLLWAKEUP, usingClockIoctl=true
08-10 11:25:57.639 6190 6224 I InputReader: Device added: id=-1, name='Virtual', sources=0x00000301
08-10 11:25:57.639 6190 6224 I InputReader: Device added: id=15, name='HDA ATI HDMI HDMI/DP,pcm=3', sources=0x80000000
08-10 11:25:57.639 6190 6224 I InputReader: Device added: id=14, name='HDA ATI HDMI HDMI/DP,pcm=7', sources=0x80000000
08-10 11:25:57.639 6190 6224 I InputReader: Device added: id=13, name='HDA ATI HDMI HDMI/DP,pcm=8', sources=0x80000000
08-10 11:25:57.639 6190 6224 I InputReader: Device added: id=12, name='HDA ATI HDMI HDMI/DP,pcm=9', sources=0x80000000
08-10 11:25:57.639 6190 6224 I InputReader: Device added: id=11, name='HDA ATI HDMI HDMI/DP,pcm=10', sources=0x80000000
08-10 11:25:57.639 6190 6224 I InputReader: Device added: id=10, name='HDA ATI HDMI HDMI/DP,pcm=11', sources=0x80000000
08-10 11:25:57.642 6190 6224 I InputReader: Device added: id=9, name='Microsoft Microsoft Wheel Mouse Optical®', sources=0x00002002
08-10 11:25:57.642 6190 6224 I InputReader: Device added: id=8, name='HDA Intel PCH Rear Mic', sources=0x80000000
08-10 11:25:57.642 6190 6224 I InputReader: Device added: id=7, name='HDA Intel PCH Line', sources=0x80000000
08-10 11:25:57.642 6190 6224 I InputReader: Device added: id=6, name='HDA Intel PCH Line Out Front', sources=0x80000000
08-10 11:25:57.642 6190 6224 I InputReader: Device added: id=5, name='HDA Intel PCH Line Out Surround', sources=0x80000000
08-10 11:25:57.642 6190 6224 I InputReader: Device added: id=4, name='HDA Intel PCH Line Out CLFE', sources=0x80000000
08-10 11:25:57.642 6190 6224 I InputReader: Device added: id=3, name='AT Translated Set 2 keyboard', sources=0x00000101
08-10 11:25:57.642 6190 6224 I InputReader: Device added: id=1, name='Android Power Button', sources=0x00000101
08-10 11:25:57.643 6190 6224 I InputReader: Reconfiguring input devices. changes=0x00000004
08-10 11:25:57.643 6190 6223 I ActivityManager: Config changes=30 {1.0 ?mcc?mnc en_US ldltr sw960dp w1280dp h886dp 240dpi xlrg land ?uimode ?night -touch qwerty/v/v -nav/h s.5}
08-10 11:25:57.644 6190 6209 W BroadcastQueue: pending app [foreground]ProcessRecord{e850f2c 0:android.process.acore/u0a2} died before responding to broadcast
08-10 11:25:57.687 4973 4973 D wpa_supplicant: nl80211: Event message available
08-10 11:25:57.687 4973 4973 D wpa_supplicant: nl80211: Drv Event 20 (NL80211_CMD_DEL_STATION) received for wlan0
08-10 11:25:57.687 4973 4973 D wpa_supplicant: nl80211: Delete station 9c:97:26:9d:de:fb
08-10 11:25:57.687 4973 4973 D wpa_supplicant: nl80211: Event message available
08-10 11:25:57.687 4973 4973 D wpa_supplicant: nl80211: Drv Event 39 (NL80211_CMD_DEAUTHENTICATE) received for wlan0
08-10 11:25:57.687 4973 4973 D wpa_supplicant: nl80211: MLME event 39 (NL80211_CMD_DEAUTHENTICATE) on wlan0(00:02:72:4a:d4:4f) A1=9c:97:26:9d:de:fb A2=00:02:72:4a:d4:4f
08-10 11:25:57.688 4973 4973 D wpa_supplicant: nl80211: MLME event frame - hexdump(len=26): c0 00 00 00 9c 97 26 9d de fb 00 02 72 4a d4 4f 9c 97 26 9d de fb 00 00 03 00
08-10 11:25:57.688 4973 4973 D wpa_supplicant: nl80211: Deauthenticate event
08-10 11:25:57.688 4973 4973 D wpa_supplicant: wlan0: Event DEAUTH (12) received
08-10 11:25:57.688 4973 4973 D wpa_supplicant: wlan0: Deauthentication notification
08-10 11:25:57.688 4973 4973 D wpa_supplicant: wlan0: * reason 3 (locally generated)
08-10 11:25:57.688 4973 4973 D wpa_supplicant: wlan0: * address 9c:97:26:9d:de:fb
08-10 11:25:57.688 4973 4973 D wpa_supplicant: Deauthentication frame IE(s) - hexdump(len=0): [NULL]
08-10 11:25:57.688 4973 4973 I wpa_supplicant: wlan0: CTRL-EVENT-DISCONNECTED bssid=9c:97:26:9d:de:fb reason=3 locally_generated=1
08-10 11:25:57.688 4973 4973 D wpa_supplicant: CTRL_IFACE monitor[/data/misc/wifi/sockets/wpa_ctrl_2848-2\x00]: 111 - Connection refused
08-10 11:25:57.688 4973 4973 D wpa_supplicant: wlan0: Auto connect disabled: do not try to re-connect
08-10 11:25:57.688 4973 4973 D wpa_supplicant: wlan0: Ignore connection failure indication since interface has been put into disconnected state
08-10 11:25:57.688 4973 4973 D wpa_supplicant: TDLS: Remove peers on disassociation
08-10 11:25:57.688 4973 4973 D wpa_supplicant: wlan0: Disconnect event - remove keys
08-10 11:25:57.688 4973 4973 D wpa_supplicant: wpa_driver_nl80211_set_key: ifindex=5 (wlan0) alg=0 addr=0x0 key_idx=0 set_tx=0 seq_len=0 key_len=0
08-10 11:25:57.688 5959 6181 E Netd : ifc_reset_connections failed on iface wlan0 for address fe80::202:72ff:fe4a:d44f/64 (Unknown error -1)
08-10 11:25:57.689 5959 6181 E NetlinkEvent: Unknown ifindex 5 in RTM_DELADDR
08-10 11:25:57.700 4973 4973 D wpa_supplicant: nl80211: set_key failed; err=-19 No such device)
08-10 11:25:57.711 4973 4973 D wpa_supplicant: wpa_driver_nl80211_set_key: ifindex=0 (wlan0) alg=0 addr=0x0 key_idx=2 set_tx=0 seq_len=0 key_len=0
08-10 11:25:57.724 4973 4973 D wpa_supplicant: nl80211: set_key failed; err=-19 No such device)
08-10 11:25:57.739 4973 4973 D wpa_supplicant: wpa_driver_nl80211_set_key: ifindex=0 (wlan0) alg=0 addr=0xb68558b8 key_idx=0 set_tx=0 seq_len=0 key_len=0
08-10 11:25:57.739 4973 4973 D wpa_supplicant: addr=9c:97:26:9d:de:fb
08-10 11:25:57.739 4973 4973 D wpa_supplicant: nl80211: set_key failed; err=-19 No such device)
08-10 11:25:57.739 4973 4973 D wpa_supplicant: wlan0: State: COMPLETED -> DISCONNECTED
08-10 11:25:57.739 4973 4973 D wpa_supplicant: nl80211: Set wlan0 operstate 1->0 (DORMANT)
08-10 11:25:57.739 4973 4973 D wpa_supplicant: netlink: Operstate: ifindex=5 linkmode=-1 (no change), operstate=5 (IF_OPER_DORMANT)
08-10 11:25:57.739 4973 4973 D wpa_supplicant: CTRL_IFACE monitor[/data/misc/wifi/sockets/wpa_ctrl_2848-2\x00]: 111 - Connection refused
08-10 11:25:57.739 4973 4973 D wpa_supplicant: EAPOL: External notification - portEnabled=0
08-10 11:25:57.739 4973 4973 D wpa_supplicant: EAPOL: SUPP_PAE entering state DISCONNECTED
08-10 11:25:57.739 4973 4973 D wpa_supplicant: EAPOL: Supplicant port status: Unauthorized
08-10 11:25:57.739 4973 4973 D wpa_supplicant: nl80211: Skip set_supp_port(unauthorized) while not associated
08-10 11:25:57.739 4973 4973 D wpa_supplicant: EAPOL: SUPP_BE entering state INITIALIZE
08-10 11:25:57.739 4973 4973 D wpa_supplicant: EAPOL: External notification - portValid=0
08-10 11:25:57.739 4973 4973 D wpa_supplicant: EAPOL: External notification - EAP success=0
08-10 11:25:57.739 4973 4973 D wpa_supplicant: RTM_NEWLINK: ifi_index=5 ifname=wlan0 operstate=2 linkmode=1 ifi_family=0 ifi_flags=0x1002 ()
08-10 11:25:57.739 4973 4973 D wpa_supplicant: nl80211: Interface down
08-10 11:25:57.739 4973 4973 D wpa_supplicant: wlan0: Event INTERFACE_DISABLED (29) received
08-10 11:25:57.739 4973 4973 D wpa_supplicant: wlan0: Interface was disabled
08-10 11:25:57.739 4973 4973 D wpa_supplicant: wlan0: State: DISCONNECTED -> DISCONNECTED
08-10 11:25:57.739 4973 4973 D wpa_supplicant: nl80211: Set wlan0 operstate 0->0 (DORMANT)
08-10 11:25:57.739 4973 4973 D wpa_supplicant: netlink: Operstate: ifindex=5 linkmode=-1 (no change), operstate=5 (IF_OPER_DORMANT)
08-10 11:25:57.739 4973 4973 D wpa_supplicant: EAPOL: External notification - portEnabled=0
08-10 11:25:57.739 4973 4973 D wpa_supplicant: EAPOL: External notification - portValid=0
08-10 11:25:57.739 4973 4973 D wpa_supplicant: wlan0: State: DISCONNECTED -> INTERFACE_DISABLED
08-10 11:25:57.739 4973 4973 D wpa_supplicant: CTRL_IFACE monitor[/data/misc/wifi/sockets/wpa_ctrl_2848-2\x00]: 111 - Connection refused
08-10 11:25:57.751 4973 4973 D wpa_supplicant: nl80211: Interface wlan0 does not exist - ignore RTM_NEWLINK
08-10 11:25:57.751 4973 4973 D wpa_supplicant: RTM_DELLINK: ifi_index=5 ifname=wlan0 operstate=2 linkmode=1 ifi_family=0 ifi_flags=0x1002 ()
08-10 11:25:57.751 4973 4973 D wpa_supplicant: RTM_DELLINK: Interface 'wlan0' removed - mark if_removed=1
08-10 11:25:57.751 4973 4973 D wpa_supplicant: wlan0: Event INTERFACE_STATUS (5) received
08-10 11:25:57.751 4973 4973 D wpa_supplicant: wlan0: Configured interface was removed
08-10 11:25:57.751 4973 4973 D wpa_supplicant: wlan0: State: INTERFACE_DISABLED -> INTERFACE_DISABLED
08-10 11:25:57.763 4973 4973 D wpa_supplicant: RTM_NEWLINK: ifi_index=5 ifname=wlan0 wext ifi_family=0 ifi_flags=0x1043 ([UP][RUNNING])
08-10 11:25:57.777 4973 4973 D wpa_supplicant: nl80211: Ignore interface up event since interface wlan0 does not exist
08-10 11:25:57.789 4973 4973 D wpa_supplicant: nl80211: Interface wlan0 does not exist - ignore RTM_NEWLINK
08-10 11:25:57.789 4973 4973 D wpa_supplicant: nl80211: Event message available
08-10 11:25:57.789 4973 4973 D wpa_supplicant: nl80211: Drv Event 48 (NL80211_CMD_DISCONNECT) received for wlan0
08-10 11:25:57.789 4973 4973 D wpa_supplicant: nl80211: Ignore disconnect event when using userspace SME
08-10 11:25:57.789 4973 4973 D wpa_supplicant: l2_packet_receive - recvfrom: Network is down
08-10 11:25:57.844 5960 5960 I CameraService: CameraService started (pid=5960)
08-10 11:25:57.844 5960 5960 D Camera_Factory: CameraFactory::CameraFactory
08-10 11:25:57.844 5960 5960 D Camera_Factory: CameraFactory::parseConfig: configFile = /etc/camera.cfg
08-10 11:25:57.844 5960 5960 D Camera_Factory: /etc/camera.cfg not found, using camera configuration defaults
08-10 11:25:57.844 5960 5960 I CameraService: Loaded "Camera Module" camera module
08-10 11:25:57.844 5960 5960 D Camera_Factory: CameraFactory::get_number_of_cameras
08-10 11:25:57.844 5960 5960 D Camera_Factory: CameraFactory::getCameraNum: 0
08-10 11:25:57.844 5960 5960 I AudioPolicyService: AudioPolicyService CSTOR in new mode
08-10 11:25:57.845 5960 5960 I AudioPolicyManager: loadAudioPolicyConfig() loaded /system/etc/audio_policy.conf
08-10 11:25:57.845 5960 5960 E audio_hw_primary: Failed to open /system/etc/mixer_paths.xml
08-10 11:25:57.845 5960 5960 I AudioFlinger: loadHwModule() Loaded primary audio interface from Grouper audio HW HAL (audio) handle 1
08-10 11:25:57.845 5960 5960 I AudioFlinger: HAL output buffer size 512 frames, normal sink buffer size 1024 frames
08-10 11:25:57.846 5960 5960 I AudioMixer: found effect "Multichannel Downmix To Stereo" from The Android Open Source Project
08-10 11:25:57.846 5960 5960 E MonoPipe: Failed to fetch local time frequency when constructing a MonoPipe (res = -32). getNextWriteTimestamp calls will be non-functional
08-10 11:25:57.846 5960 5960 I AudioFlinger: Using module 1 has the primary audio interface
08-10 11:25:57.846 5960 6254 I AudioFlinger: AudioFlinger's thread 0xb58a7000 ready to run
08-10 11:25:57.847 5960 6255 I AudioFlinger: AudioFlinger's thread 0xb593d000 ready to run
08-10 11:25:57.847 5960 5960 I audio_a2dp_hw: adev_open: adev_open in A2dp_hw module
08-10 11:25:57.847 5960 5960 I AudioFlinger: loadHwModule() Loaded a2dp audio interface from A2DP Audio HW HAL (audio) handle 4
08-10 11:25:57.847 5960 5960 I AudioFlinger: loadHwModule() Loaded usb audio interface from USB audio HW HAL (audio) handle 5
08-10 11:25:57.847 5960 5960 E SoundTriggerHwService: couldn't load sound trigger module sound_trigger.primary (No such file or directory)
08-10 11:25:57.904 6190 6223 I InputDispatcher: Dropped event because input dispatch is disabled.
08-10 11:25:57.905 6190 6214 I GRALLOC-RADEON: detected chipset 0x679a family 0x35 (vram size -1049MiB, gart size 1019MiB)
08-10 11:25:57.905 6190 6214 I GRALLOC-DRM: create radeon for driver radeon
08-10 11:25:58.509 6190 6190 I SystemServiceManager: Starting com.android.server.DockObserver
08-10 11:25:58.510 6190 6190 W DockObserver: This kernel does not have dock station support
08-10 11:25:58.510 6190 6190 I SystemServer: Wired Accessory Manager
08-10 11:25:58.510 6190 6190 W WiredAccessoryManager: This kernel does not have usb audio support
08-10 11:25:58.511 6190 6190 W WiredAccessoryManager: This kernel does not have HDMI audio support
08-10 11:25:58.511 6190 6190 I SystemServiceManager: Starting com.android.server.usb.UsbService$Lifecycle
08-10 11:25:58.512 6190 6190 I SystemServer: Serial Service
08-10 11:25:58.512 6190 6190 I SystemServiceManager: Starting com.android.server.twilight.TwilightService
08-10 11:25:58.514 6190 6190 I SystemServiceManager: Starting com.android.server.UiModeManagerService
08-10 11:25:58.515 6190 6190 I SystemServiceManager: Starting com.android.server.job.JobSchedulerService
08-10 11:25:58.517 6190 6190 I SystemServiceManager: Starting com.android.server.backup.BackupManagerService$Lifecycle
08-10 11:25:58.518 6190 6190 I SystemServiceManager: Starting com.android.server.appwidget.AppWidgetService
08-10 11:25:58.519 6190 6190 I SystemServiceManager: Starting com.android.server.voiceinteraction.VoiceInteractionManagerService
08-10 11:25:58.520 6190 6190 W SoundTriggerHelper: listModules status=0, # of modules=0
08-10 11:25:58.520 6190 6190 I SystemServer: DiskStats Service
08-10 11:25:58.521 6190 6190 I SystemServer: SamplingProfiler Service
08-10 11:25:58.521 6190 6190 I SystemServer: NetworkTimeUpdateService
08-10 11:25:58.522 6190 6190 I SystemServer: CommonTimeManagementService
08-10 11:25:58.523 6190 6190 I SystemServer: CertBlacklister
08-10 11:25:58.523 6190 6190 I SystemServiceManager: Starting com.android.server.dreams.DreamManagerService
08-10 11:25:58.524 6190 6190 I SystemServer: Assets Atlas Service
08-10 11:25:58.525 6190 6190 I SystemServiceManager: Starting com.android.server.print.PrintManagerService
08-10 11:25:58.526 6190 6260 D AssetAtlas: Loaded configuration: SliceMinArea (768x768) flags=0x2 count=446
08-10 11:25:58.527 6190 6190 I SystemServiceManager: Starting com.android.server.restrictions.RestrictionsManagerService
08-10 11:25:58.527 6190 6190 I SystemServiceManager: Starting com.android.server.media.MediaSessionService
08-10 11:25:58.528 6190 6190 I SystemServer: Media Router Service
08-10 11:25:58.529 6190 6190 I SystemServiceManager: Starting com.android.server.trust.TrustManagerService
08-10 11:25:58.529 6190 6190 I SystemServiceManager: Starting com.android.server.fingerprint.FingerprintService
08-10 11:25:58.530 6190 6190 V Fingerprint-JNI: nativeInit()
08-10 11:25:58.530 6190 6190 V Fingerprint-JNI: nativeOpenHal()
08-10 11:25:58.530 6190 6190 E Fingerprint-JNI: Can't open fingerprint HW Module, error: -2
08-10 11:25:58.530 6190 6190 I SystemServer: BackgroundDexOptService
08-10 11:25:58.531 6190 6190 I SystemServiceManager: Starting com.android.server.pm.LauncherAppsService
08-10 11:25:58.532 6190 6190 I SystemServiceManager: Starting com.android.server.media.projection.MediaProjectionManagerService
08-10 11:25:58.534 6190 6190 I WindowManager: SAFE MODE not enabled
08-10 11:25:58.535 6190 6190 I SystemServiceManager: Starting com.android.server.MmsServiceBroker
08-10 11:25:58.536 6190 6190 E SQLiteLog: (283) recovered 16 frames from WAL file /data/system/locksettings.db-wal
08-10 11:25:58.538 6190 6190 E LockSettingsStorage: Cannot read file java.io.FileNotFoundException: /data/system/password.key: open failed: ENOENT (No such file or directory)
08-10 11:25:58.538 6190 6190 E LockSettingsStorage: Cannot read file java.io.FileNotFoundException: /data/system/gesture.key: open failed: ENOENT (No such file or directory)
08-10 11:25:58.538 6190 6190 I SystemServiceManager: Starting phase 480
08-10 11:25:58.541 6190 6190 I SystemServiceManager: Starting phase 500
08-10 11:25:58.542 6190 6190 I WifiService: WifiService starting up with Wi-Fi enabled
08-10 11:25:58.542 6190 6190 D WifiService: setWifiEnabled: true pid=6190, uid=1000
08-10 11:25:58.542 6190 6190 E WifiService: Invoking mWifiStateMachine.setWifiEnabled
08-10 11:25:58.542 6190 6234 D WifiController: WifiController msg { when=0 what=155656 target=com.android.internal.util.StateMachine$SmHandler } deferred for 500ms
08-10 11:25:58.545 6190 6234 D WifiService: New client listening to asynchronous messages
08-10 11:25:58.545 6190 6190 I WifiScanningService: Registering wifiscanner
08-10 11:25:58.548 6190 6190 D WifiScanningService: New client, channel: null messenger: null
08-10 11:25:58.548 6190 6190 I RttService: Registering rttmanager
08-10 11:25:58.548 6190 6264 D WifiChangeStateMachine: Entering IdleState
08-10 11:25:58.548 6190 6264 D WifiScanningService: DefaultState
08-10 11:25:58.549 6190 6190 I EthernetServiceImpl: Starting Ethernet service
08-10 11:25:58.550 6190 6260 D AssetAtlas: Rendered atlas in 20.94ms (2.78+18.15ms)
08-10 11:25:58.550 6190 6190 D Ethernet: Registering NetworkFactory
08-10 11:25:58.550 6190 6235 D ConnectivityService: Got NetworkFactory Messenger for Ethernet
