--------- beginning of main
08-10 11:20:52.011 0 1823 I powerbtn: open event1(Power Button) ok
08-10 11:20:52.011 0 1823 I powerbtn: open event0(Power Button) ok
08-10 11:20:52.051 0 1817 I installd: installd firing up
08-10 11:20:52.051 0 1817 E cutils : Failed to read /data/.layout_version: No such file or directory
08-10 11:20:52.051 0 1817 D installd: Upgrading /data/media for multi-user
08-10 11:20:52.051 0 1817 D installd: Upgrading to shared /data/media/obb
08-10 11:20:52.051 0 1817 D installd: Upgrading to /data/misc/user directories
08-10 11:20:52.058 0 1824 E sdcard : missing packages.list; retrying
08-10 11:20:52.198 0 1812 I Netd : Netd 1.0 starting
08-10 11:20:52.198 0 1812 E Netd : Failed to open /proc/sys/net/ipv6/conf/default/accept_ra_rt_table: No such file or directory
08-10 11:20:52.198 0 1812 E Netd : Failed to open /proc/sys/net/ipv6/conf/eth0/accept_ra_rt_table: No such file or directory
08-10 11:20:52.198 0 1812 E Netd : Failed to open /proc/sys/net/ipv6/conf/ip6tnl0/accept_ra_rt_table: No such file or directory
08-10 11:20:52.198 0 1812 E Netd : Failed to open /proc/sys/net/ipv6/conf/lo/accept_ra_rt_table: No such file or directory
08-10 11:20:52.198 0 1812 E Netd : Failed to open /proc/sys/net/ipv6/conf/sit0/accept_ra_rt_table: No such file or directory
08-10 11:20:52.198 0 1812 E Netd : Failed to open /proc/sys/net/ipv6/conf/wlan0/accept_ra_rt_table: No such file or directory
08-10 11:20:52.236 0 1813 I : debuggerd: Jul 18 2015 12:46:41
08-10 11:20:52.284 1806 1806 I lowmemorykiller: Using in-kernel low memory killer interface --------- beginning of system
08-10 11:20:52.343 1808 1808 I Vold : Vold 2.1 (the revenge) firing up
08-10 11:20:52.343 1808 1808 E DirectVolume: Vold managed volumes must have auto mount point; ignoring /storage/usb0
08-10 11:20:52.343 1808 1808 D Vold : Volume usb0 state changing -1 (Initializing) -> 0 (No-Media)
08-10 11:20:52.343 1808 1808 E DirectVolume: Vold managed volumes must have auto mount point; ignoring /storage/usb1
08-10 11:20:52.343 1808 1808 D Vold : Volume usb1 state changing -1 (Initializing) -> 0 (No-Media)
08-10 11:20:52.343 1808 1808 E DirectVolume: Vold managed volumes must have auto mount point; ignoring /storage/usb2
08-10 11:20:52.343 1808 1808 D Vold : Volume usb2 state changing -1 (Initializing) -> 0 (No-Media)
08-10 11:20:52.343 1808 1808 E DirectVolume: Vold managed volumes must have auto mount point; ignoring /storage/usb3
08-10 11:20:52.343 1808 1808 D Vold : Volume usb3 state changing -1 (Initializing) -> 0 (No-Media)
08-10 11:20:52.344 1808 1847 D Vold : Volume usb0 state changing 0 (No-Media) -> 2 (Pending)
08-10 11:20:52.344 1808 1847 D Vold : Volume usb0 state changing 2 (Pending) -> 1 (Idle-Unmounted)
08-10 11:20:52.505 1812 1812 V NatController: runCmd(/system/bin/iptables -F natctrl_FORWARD) res=0
08-10 11:20:52.505 1812 1812 V NatController: runCmd(/system/bin/iptables -A natctrl_FORWARD -j DROP) res=0
08-10 11:20:52.506 1812 1812 V NatController: runCmd(/system/bin/iptables -t nat -F natctrl_nat_POSTROUTING) res=0
08-10 11:20:52.507 1812 1812 V NatController: runCmd(/system/bin/iptables -F natctrl_tether_counters) res=1
08-10 11:20:52.507 1812 1812 V NatController: runCmd(/system/bin/iptables -X natctrl_tether_counters) res=1
08-10 11:20:52.508 1812 1812 V NatController: runCmd(/system/bin/iptables -N natctrl_tether_counters) res=0
08-10 11:20:52.509 1812 1812 V NatController: runCmd(/system/bin/iptables -t mangle -A natctrl_mangle_FORWARD -p tcp --tcp-flags SYN SYN -j TCPMSS --clamp-mss-to-pmtu) res=0
08-10 11:20:52.518 1809 1809 I SurfaceFlinger: SurfaceFlinger is starting
08-10 11:20:52.518 1809 1809 I SurfaceFlinger: SurfaceFlinger's main thread ready to run. Initializing graphics H/W...
08-10 11:20:52.548 1809 1809 D libEGL : loaded /system/lib/egl/libGLES_mesa.so
08-10 11:20:52.558 1812 1812 I iptables: iptables: No chain/target/match by that name.
08-10 11:20:52.558 1812 1812 I iptables: iptables terminated by exit(1)
08-10 11:20:52.558 1812 1812 E BandwidthController: runIptablesCmd(): res=1 status=256 failed /system/bin/iptables -A bw_INPUT -m owner --socket-exists
08-10 11:20:52.565 1809 1809 I GRALLOC-RADEON: detected chipset 0x679a family 0x35 (vram size -1039MiB, gart size 1019MiB)
08-10 11:20:52.565 1809 1809 I GRALLOC-DRM: create radeon for driver radeon
08-10 11:20:52.579 1812 1812 I ip6tables: ip6tables: No chain/target/match by that name.
08-10 11:20:52.579 1812 1812 I ip6tables: ip6tables terminated by exit(1)
08-10 11:20:52.579 1812 1812 E BandwidthController: runIptablesCmd(): res=1 status=256 failed /system/bin/ip6tables -A bw_INPUT -m owner --socket-exists
08-10 11:20:52.673 1818 1818 I keystore: SELinux: Keystore SELinux is disabled.
08-10 11:20:52.680 1812 1812 E Netd : Unable to create netlink socket: Protocol not supported
08-10 11:20:52.680 1812 1812 E Netd : Unable to open quota2 logging socket
08-10 11:20:52.680 1812 1812 D MDnsDS : MDnsSdListener::Hander starting up
08-10 11:20:52.680 1812 2069 D MDnsDS : MDnsSdListener starting to monitor
08-10 11:20:52.680 1812 2069 D MDnsDS : Going to poll with pollCount 1
08-10 11:20:52.973 1816 1816 I mediaserver: ServiceManager: 0xb58356a0
08-10 11:20:52.973 1816 1816 I AudioFlinger: Using default 3000 mSec as standby time.
08-10 11:20:52.973 1816 1816 I ServiceManager: Waiting for service batterystats...
08-10 11:20:53.168 1822 1822 D AndroidRuntime: >>>>>> START com.android.internal.os.ZygoteInit uid 0 <<<<<<
08-10 11:20:53.352 1822 1822 D AndroidRuntime: CheckJNI is ON
08-10 11:20:53.420 1809 1809 D GRALLOC-KMS: supported drm planes and formats
08-10 11:20:53.421 1822 1822 I art : option[0]=-Xzygote
08-10 11:20:53.421 1822 1822 I art : option[1]=-Xcheck:jni
08-10 11:20:53.421 1822 1822 I art : option[2]=-Xjnigreflimit:2000
08-10 11:20:53.421 1822 1822 I art : option[3]=-Xstacktracefile:/data/anr/traces.txt
08-10 11:20:53.421 1822 1822 I art : option[4]=exit
08-10 11:20:53.421 1822 1822 I art : option[5]=vfprintf
08-10 11:20:53.421 1822 1822 I art : option[6]=sensitiveThread
08-10 11:20:53.421 1822 1822 I art : option[7]=-verbose:gc
08-10 11:20:53.421 1822 1822 I art : option[8]=-Xms16m
08-10 11:20:53.421 1822 1822 I art : option[9]=-Xmx512m
08-10 11:20:53.421 1822 1822 I art : option[10]=-XX:mainThreadStackSize=24K
08-10 11:20:53.421 1822 1822 I art : option[11]=-XX:HeapGrowthLimit=192m
08-10 11:20:53.421 1822 1822 I art : option[12]=-XX:HeapMinFree=512k
08-10 11:20:53.421 1822 1822 I art : option[13]=-XX:HeapMaxFree=8m
08-10 11:20:53.421 1822 1822 I art : option[14]=-XX:HeapTargetUtilization=0.75
08-10 11:20:53.421 1822 1822 I art : option[15]=-Xgenregmap
08-10 11:20:53.421 1822 1822 I art : option[16]=-Xgc:precise
08-10 11:20:53.421 1822 1822 I art : option[17]=-agentlib:jdwp=transport=dt_android_adb,suspend=n,server=y
08-10 11:20:53.421 1822 1822 I art : option[18]=-Ximage-compiler-option
08-10 11:20:53.421 1822 1822 I art : option[19]=--runtime-arg
08-10 11:20:53.421 1822 1822 I art : option[20]=-Ximage-compiler-option
08-10 11:20:53.421 1822 1822 I art : option[21]=-Xms64m
08-10 11:20:53.421 1822 1822 I art : option[22]=-Ximage-compiler-option
08-10 11:20:53.421 1822 1822 I art : option[23]=--runtime-arg
08-10 11:20:53.421 1822 1822 I art : option[24]=-Ximage-compiler-option
08-10 11:20:53.421 1822 1822 I art : option[25]=-Xmx64m
08-10 11:20:53.421 1822 1822 I art : option[26]=-Ximage-compiler-option
08-10 11:20:53.421 1822 1822 I art : option[27]=--compiler-filter=verify-none
08-10 11:20:53.421 1822 1822 I art : option[28]=-Ximage-compiler-option
08-10 11:20:53.421 1822 1822 I art : option[29]=--image-classes=/system/etc/preloaded-classes
08-10 11:20:53.421 1822 1822 I art : option[30]=-Xcompiler-option
08-10 11:20:53.421 1822 1822 I art : option[31]=--runtime-arg
08-10 11:20:53.421 1822 1822 I art : option[32]=-Xcompiler-option
08-10 11:20:53.421 1822 1822 I art : option[33]=-Xms64m
08-10 11:20:53.421 1822 1822 I art : option[34]=-Xcompiler-option
08-10 11:20:53.421 1822 1822 I art : option[35]=--runtime-arg
08-10 11:20:53.421 1822 1822 I art : option[36]=-Xcompiler-option
08-10 11:20:53.421 1822 1822 I art : option[37]=-Xmx512m
08-10 11:20:53.421 1822 1822 I art : option[38]=-Xcompiler-option
08-10 11:20:53.421 1822 1822 I art : option[39]=--compiler-filter=interpret-only
08-10 11:20:53.421 1822 1822 I art : option[40]=-Duser.language=en
08-10 11:20:53.421 1822 1822 I art : option[41]=-Duser.region=US
08-10 11:20:53.473 1822 1822 I art : Pruning dalvik-cache since we are relocating an image and will need to recompile
08-10 11:20:53.473 1822 1822 I art : RelocateImage: /system/bin/patchoat --input-image-location=/system/framework/boot.art --output-image-file=/data/dalvik-cache/x86/system@framework@boot.art --input-oat-location=/system/framework/boot.oat --output-oat-file=/data/dalvik-cache/x86/system@framework@boot.oat --instruction-set=x86 --base-offset-delta=6733824
08-10 11:20:53.495 1809 1809 I GRALLOC-KMS: there are 19 modes on connector 0x2d, type 2
08-10 11:20:53.495 1809 1809 I GRALLOC-KMS: 1920x1440
08-10 11:20:53.495 1809 1809 I GRALLOC-KMS: 1600x1200
08-10 11:20:53.495 1809 1809 I GRALLOC-KMS: 1280x1024
08-10 11:20:53.495 1809 1809 I GRALLOC-KMS: 1280x1024
08-10 11:20:53.495 1809 1809 I GRALLOC-KMS: 1152x864
08-10 11:20:53.495 1809 1809 I GRALLOC-KMS: 1024x768
08-10 11:20:53.495 1809 1809 I GRALLOC-KMS: 1024x768
08-10 11:20:53.495 1809 1809 I GRALLOC-KMS: 1024x768
08-10 11:20:53.495 1809 1809 I GRALLOC-KMS: 1024x768
08-10 11:20:53.495 1809 1809 I GRALLOC-KMS: 832x624
08-10 11:20:53.495 1809 1809 I GRALLOC-KMS: 800x600
08-10 11:20:53.495 1809 1809 I GRALLOC-KMS: 800x600
08-10 11:20:53.495 1809 1809 I GRALLOC-KMS: 800x600
08-10 11:20:53.495 1809 1809 I GRALLOC-KMS: 800x600
08-10 11:20:53.495 1809 1809 I GRALLOC-KMS: 640x480
08-10 11:20:53.495 1809 1809 I GRALLOC-KMS: 640x480
08-10 11:20:53.495 1809 1809 I GRALLOC-KMS: 640x480
08-10 11:20:53.495 1809 1809 I GRALLOC-KMS: 640x480
08-10 11:20:53.495 1809 1809 I GRALLOC-KMS: 720x400
08-10 11:20:53.495 1809 1809 I GRALLOC-KMS: Established mode:
08-10 11:20:53.495 1809 1809 I GRALLOC-KMS: clock: 234000, hdisplay: 1920, hsync_start: 2048, hsync_end: 2256, htotal: 2600, hskew: 0
08-10 11:20:53.495 1809 1809 I GRALLOC-KMS: vdisplay: 1440, vsync_start: 1441, vsync_end: 1444, vtotal: 1500, vscan: 0, vrefresh: 60
08-10 11:20:53.495 1809 1809 I GRALLOC-KMS: flags: 6, type: 64, name 1920x1440
08-10 11:20:53.495 1809 1809 I GRALLOC-KMS: the best mode is 1920x1440
08-10 11:20:53.532 1809 1809 D GRALLOC-KMS: will use flip for fb posting
08-10 11:20:53.532 1809 1809 I GRALLOC-MOD: mode.hdisplay 1920
08-10 11:20:53.532 1809 1809 I GRALLOC-MOD: mode.vdisplay 1440
08-10 11:20:53.532 1809 1809 I GRALLOC-MOD: mode.vrefresh 60.000000
08-10 11:20:53.532 1809 1809 I GRALLOC-MOD: format 0x5
08-10 11:20:53.532 1809 1809 I GRALLOC-MOD: xdpi 135.000000
08-10 11:20:53.532 1809 1809 I GRALLOC-MOD: ydpi 135.000000
08-10 11:20:53.532 1809 1809 I GRALLOC-MOD: mode.hdisplay 1920
08-10 11:20:53.532 1809 1809 I GRALLOC-MOD: mode.vdisplay 1440
08-10 11:20:53.532 1809 1809 I GRALLOC-MOD: mode.vrefresh 60.000000
08-10 11:20:53.532 1809 1809 I GRALLOC-MOD: format 0x5
08-10 11:20:53.532 1809 1809 I GRALLOC-MOD: xdpi 135.000000
08-10 11:20:53.532 1809 1809 I GRALLOC-MOD: ydpi 135.000000
08-10 11:20:53.532 1809 1809 W hwcomposer: getting VSYNC period from fb HAL: 16666667
08-10 11:20:53.532 1809 1809 D hwcomposer: Intel hwcomposer module
08-10 11:20:53.532 1809 1809 I SurfaceFlinger: Using composer version 1.0
08-10 11:20:53.532 1809 1809 W SurfaceFlinger: no suitable EGLConfig found, trying a simpler query
08-10 11:20:53.533 1809 1809 I SurfaceFlinger: EGL information:
08-10 11:20:53.533 1809 1809 I SurfaceFlinger: vendor : Android
08-10 11:20:53.533 1809 1809 I SurfaceFlinger: version : 1.4 Android META-EGL
08-10 11:20:53.533 1809 1809 I SurfaceFlinger: extensions: EGL_KHR_get_all_proc_addresses EGL_ANDROID_presentation_time EGL_KHR_image_base EGL_KHR_gl_texture_2D_image EGL_KHR_gl_texture_cubemap_image EGL_KHR_gl_renderbuffer_image EGL_KHR_fence_sync EGL_KHR_create_context EGL_ANDROID_image_native_buffer EGL_KHR_wait_sync
08-10 11:20:53.533 1809 1809 I SurfaceFlinger: Client API: OpenGL_ES
08-10 11:20:53.533 1809 1809 I SurfaceFlinger: EGLSurface: 8-8-8-8, config=0xb684b7e0
08-10 11:20:53.728 1809 1809 I SurfaceFlinger: OpenGL ES informations:
08-10 11:20:53.728 1809 1809 I SurfaceFlinger: vendor : X.Org
08-10 11:20:53.728 1809 1809 I SurfaceFlinger: renderer : Gallium 0.4 on AMD TAHITI
08-10 11:20:53.728 1809 1809 I SurfaceFlinger: version : OpenGL ES 2.0 Mesa 10.7.0-devel (git-6543ccb)
08-10 11:20:53.728 1809 1809 I SurfaceFlinger: extensions: GL_EXT_debug_marker GL_EXT_blend_minmax GL_EXT_multi_draw_arrays GL_EXT_texture_filter_anisotropic GL_EXT_texture_compression_dxt1 GL_EXT_texture_format_BGRA8888 GL_OES_compressed_ETC1_RGB8_texture GL_OES_depth24 GL_OES_element_index_uint GL_OES_fbo_render_mipmap GL_OES_mapbuffer GL_OES_rgb8_rgba8 GL_OES_standard_derivatives GL_OES_stencil8 GL_OES_texture_3D GL_OES_texture_npot GL_OES_EGL_image GL_OES_depth_texture GL_OES_packed_depth_stencil GL_EXT_texture_type_2_10_10_10_REV GL_OES_get_program_binary GL_APPLE_texture_max_level GL_EXT_discard_framebuffer GL_EXT_read_format_bgra GL_NV_fbo_color_attachments GL_OES_EGL_image_external GL_OES_EGL_sync GL_OES_vertex_array_object GL_ANGLE_texture_compression_dxt3 GL_ANGLE_texture_compression_dxt5 GL_EXT_texture_rg GL_EXT_unpack_subimage GL_NV_draw_buffers GL_NV_read_buffer GL_EXT_draw_buffers GL_EXT_map_buffer_range GL_OES_depth_texture_cube_map GL_OES_surfaceless_context GL_EXT_separate_shader_objects GL_KHR_context_flush_control
08-10 11:20:53.728 1809 1809 I SurfaceFlinger: GL_MAX_TEXTURE_SIZE = 16384
08-10 11:20:53.728 1809 1809 I SurfaceFlinger: GL_MAX_VIEWPORT_DIMS = 16384
08-10 11:20:53.728 1809 1809 D SurfaceFlinger: Open /dev/tty0 OK
08-10 11:20:53.735 1809 1809 D SurfaceFlinger: Set power mode=2, type=0 flinger=0xb685c000
08-10 11:20:53.793 1809 2014 I SurfaceFlinger: auto set density to 240
08-10 11:20:53.815 1809 1809 D SurfaceFlinger: shader cache generated - 24 shaders in 32.151646 ms
08-10 11:20:53.974 1816 1816 I ServiceManager: Waiting for service batterystats...
08-10 11:20:54.212 2083 2086 D libEGL : loaded /system/lib/egl/libGLES_mesa.so
08-10 11:20:54.220 2083 2086 I GRALLOC-RADEON: detected chipset 0x679a family 0x35 (vram size -1049MiB, gart size 1019MiB)
08-10 11:20:54.220 2083 2086 I GRALLOC-DRM: create radeon for driver radeon
08-10 11:20:54.974 1816 1816 I ServiceManager: Waiting for service batterystats...
08-10 11:20:55.058 1824 1824 E sdcard : missing packages.list; retrying
08-10 11:20:55.381 1822 1822 E memtrack: Couldn't load memtrack module (No such file or directory)
08-10 11:20:55.381 1822 1822 E android.os.Debug: failed to load memtrack module: -2
08-10 11:20:55.383 1822 1822 I SamplingProfilerIntegration: Profiling disabled.
08-10 11:20:55.384 1822 1822 D Zygote : begin preload
08-10 11:20:55.384 1822 1822 I Zygote : Preloading classes...
08-10 11:20:55.385 1822 1822 I art : Explicit concurrent mark sweep GC freed 796(36KB) AllocSpace objects, 0(0B) LOS objects, 95% free, 44KB/1068KB, paused 39us total 1.695ms
08-10 11:20:55.386 1822 1822 I art : Counter: 1
08-10 11:20:55.390 1822 1822 I art : Explicit concurrent mark sweep GC freed 561(34KB) AllocSpace objects, 0(0B) LOS objects, 94% free, 64KB/1088KB, paused 36us total 1.418ms
08-10 11:20:55.418 1822 1822 I art : Explicit concurrent mark sweep GC freed 650(41KB) AllocSpace objects, 0(0B) LOS objects, 93% free, 71KB/1095KB, paused 35us total 1.625ms
08-10 11:20:55.565 1822 1822 I art : Explicit concurrent mark sweep GC freed 381(22KB) AllocSpace objects, 0(0B) LOS objects, 90% free, 102KB/1126KB, paused 41us total 1.496ms
08-10 11:20:55.770 1822 1822 E Minikin : addFont failed to create font /system/fonts/NotoSansGujarati-Regular.ttf
08-10 11:20:55.770 1822 1822 E Minikin : addFont failed to create font /system/fonts/NotoSansGujarati-Bold.ttf
08-10 11:20:55.770 1822 1822 E Minikin : addFont failed to create font /system/fonts/NotoSansGujaratiUI-Regular.ttf
08-10 11:20:55.770 1822 1822 E Minikin : addFont failed to create font /system/fonts/NotoSansGujaratiUI-Bold.ttf
08-10 11:20:55.770 1822 1822 E Minikin : addFont failed to create font /system/fonts/NotoSansGurmukhi-Regular.ttf
08-10 11:20:55.770 1822 1822 E Minikin : addFont failed to create font /system/fonts/NotoSansGurmukhi-Bold.ttf
08-10 11:20:55.770 1822 1822 E Minikin : addFont failed to create font /system/fonts/NotoSansGurmukhiUI-Regular.ttf
08-10 11:20:55.770 1822 1822 E Minikin : addFont failed to create font /system/fonts/NotoSansGurmukhiUI-Bold.ttf
08-10 11:20:55.808 1822 1822 E Minikin : addFont failed to create font /system/fonts/NotoSansSinhala-Regular.ttf
08-10 11:20:55.808 1822 1822 E Minikin : addFont failed to create font /system/fonts/NotoSansSinhala-Bold.ttf
08-10 11:20:55.816 1822 1822 E Minikin : addFont failed to create font /system/fonts/NotoSansThaana-Regular.ttf
08-10 11:20:55.816 1822 1822 E Minikin : addFont failed to create font /system/fonts/NotoSansThaana-Bold.ttf
08-10 11:20:55.816 1822 1822 E Minikin : addFont failed to create font /system/fonts/NotoSansCham-Regular.ttf
08-10 11:20:55.816 1822 1822 E Minikin : addFont failed to create font /system/fonts/NotoSansCham-Bold.ttf
08-10 11:20:55.816 1822 1822 E Minikin : addFont failed to create font /system/fonts/NotoSansBalinese-Regular.ttf
08-10 11:20:55.816 1822 1822 E Minikin : addFont failed to create font /system/fonts/NotoSansBatak-Regular.ttf
08-10 11:20:55.816 1822 1822 E Minikin : addFont failed to create font /system/fonts/NotoSansBuginese-Regular.ttf
08-10 11:20:55.816 1822 1822 E Minikin : addFont failed to create font /system/fonts/NotoSansBuhid-Regular.ttf
08-10 11:20:55.816 1822 1822 E Minikin : addFont failed to create font /system/fonts/NotoSansCanadianAboriginal-Regular.ttf
08-10 11:20:55.816 1822 1822 E Minikin : addFont failed to create font /system/fonts/NotoSansCherokee-Regular.ttf
08-10 11:20:55.816 1822 1822 E Minikin : addFont failed to create font /system/fonts/NotoSansCoptic-Regular.ttf
08-10 11:20:55.816 1822 1822 E Minikin : addFont failed to create font /system/fonts/NotoSansGlagolitic-Regular.ttf
08-10 11:20:55.816 1822 1822 E Minikin : addFont failed to create font /system/fonts/NotoSansHanunoo-Regular.ttf
08-10 11:20:55.816 1822 1822 E Minikin : addFont failed to create font /system/fonts/NotoSansJavanese-Regular.ttf
08-10 11:20:55.816 1822 1822 E Minikin : addFont failed to create font /system/fonts/NotoSansKayahLi-Regular.ttf
08-10 11:20:55.816 1822 1822 E Minikin : addFont failed to create font /system/fonts/NotoSansLepcha-Regular.ttf
08-10 11:20:55.816 1822 1822 E Minikin : addFont failed to create font /system/fonts/NotoSansLimbu-Regular.ttf
08-10 11:20:55.816 1822 1822 E Minikin : addFont failed to create font /system/fonts/NotoSansMeeteiMayek-Regular.ttf
08-10 11:20:55.816 1822 1822 E Minikin : addFont failed to create font /system/fonts/NotoSansOlChiki-Regular.ttf
08-10 11:20:55.816 1822 1822 E Minikin : addFont failed to create font /system/fonts/NotoSansRejang-Regular.ttf
08-10 11:20:55.816 1822 1822 E Minikin : addFont failed to create font /system/fonts/NotoSansSaurashtra-Regular.ttf
08-10 11:20:55.816 1822 1822 E Minikin : addFont failed to create font /system/fonts/NotoSansSundanese-Regular.ttf
08-10 11:20:55.816 1822 1822 E Minikin : addFont failed to create font /system/fonts/NotoSansSylotiNagri-Regular.ttf
08-10 11:20:55.816 1822 1822 E Minikin : addFont failed to create font /system/fonts/NotoSansTagbanwa-Regular.ttf
08-10 11:20:55.816 1822 1822 E Minikin : addFont failed to create font /system/fonts/NotoSansTaiTham-Regular.ttf
08-10 11:20:55.816 1822 1822 E Minikin : addFont failed to create font /system/fonts/NotoSansTaiViet-Regular.ttf
08-10 11:20:55.816 1822 1822 E Minikin : addFont failed to create font /system/fonts/NotoSansTifinagh-Regular.ttf
08-10 11:20:55.816 1822 1822 E Minikin : addFont failed to create font /system/fonts/NotoSansYi-Regular.ttf
08-10 11:20:55.816 1822 1822 E Minikin : addFont failed to create font /system/fonts/Lohit-Odia.ttf
08-10 11:20:55.816 1822 1822 E Minikin : addFont failed to create font /system/fonts/NotoSansHans-Regular.otf
08-10 11:20:55.816 1822 1822 E Minikin : addFont failed to create font /system/fonts/NotoSansHant-Regular.otf
08-10 11:20:55.816 1822 1822 E Minikin : addFont failed to create font /system/fonts/NotoSansJP-Regular.otf
08-10 11:20:55.816 1822 1822 E Minikin : addFont failed to create font /system/fonts/NotoSansKR-Regular.otf
08-10 11:20:55.904 1822 1822 E Minikin : addFont failed to create font /system/fonts/NotoSansTaiLe-Regular.ttf
08-10 11:20:55.970 1822 1822 I art : Explicit concurrent mark sweep GC freed 1798(129KB) AllocSpace objects, 0(0B) LOS objects, 90% free, 113KB/1137KB, paused 28us total 1.131ms
08-10 11:20:55.973 1822 1822 I art : Explicit concurrent mark sweep GC freed 1933(92KB) AllocSpace objects, 0(0B) LOS objects, 86% free, 154KB/1178KB, paused 26us total 1.375ms
08-10 11:20:55.974 1816 1816 I ServiceManager: Waiting for service batterystats...
08-10 11:20:55.975 1822 1822 I art : Explicit concurrent mark sweep GC freed 1977(87KB) AllocSpace objects, 0(0B) LOS objects, 84% free, 188KB/1212KB, paused 26us total 1.294ms
08-10 11:20:55.977 1822 1822 I art : Explicit concurrent mark sweep GC freed 371(19KB) AllocSpace objects, 0(0B) LOS objects, 82% free, 221KB/1245KB, paused 26us total 1.318ms
08-10 11:20:55.999 1822 1822 I art : Thread[1,tid=1822,WaitingForJniOnLoad,Thread*=0xb3c25800,peer=0x12c31100,"main"] recursive attempt to load library "/system/lib/libmedia_jni.so"
08-10 11:20:55.999 1822 1822 D MtpDeviceJNI: register_android_mtp_MtpDevice
08-10 11:20:55.999 1822 1822 I art : Thread[1,tid=1822,WaitingForJniOnLoad,Thread*=0xb3c25800,peer=0x12c31100,"main"] recursive attempt to load library "/system/lib/libmedia_jni.so"
08-10 11:20:55.999 1822 1822 I art : Thread[1,tid=1822,WaitingForJniOnLoad,Thread*=0xb3c25800,peer=0x12c31100,"main"] recursive attempt to load library "/system/lib/libmedia_jni.so"
08-10 11:20:56.002 1822 1822 I art : Explicit concurrent mark sweep GC freed 663(37KB) AllocSpace objects, 0(0B) LOS objects, 80% free, 244KB/1268KB, paused 28us total 1.430ms
08-10 11:20:56.019 1822 1822 I art : Explicit concurrent mark sweep GC freed 576(29KB) AllocSpace objects, 0(0B) LOS objects, 79% free, 264KB/1288KB, paused 27us total 1.387ms
08-10 11:20:56.021 1822 1822 I art : Explicit concurrent mark sweep GC freed 478(27KB) AllocSpace objects, 0(0B) LOS objects, 77% free, 303KB/1327KB, paused 25us total 1.052ms
08-10 11:20:56.027 1822 1822 I art : Explicit concurrent mark sweep GC freed 1788(104KB) AllocSpace objects, 0(0B) LOS objects, 69% free, 452KB/1476KB, paused 25us total 1.277ms
08-10 11:20:56.028 1822 1822 E EmojiFactory_jni: Failed to load libemoji.so: dlopen failed: library "libemoji.so" not found
08-10 11:20:56.032 1822 1822 I art : Explicit concurrent mark sweep GC freed 350(45KB) AllocSpace objects, 0(0B) LOS objects, 57% free, 749KB/1773KB, paused 25us total 1.703ms
08-10 11:20:56.035 1822 1822 I art : Explicit concurrent mark sweep GC freed 438(30KB) AllocSpace objects, 0(0B) LOS objects, 57% free, 768KB/1792KB, paused 25us total 1.389ms
08-10 11:20:56.038 1822 1822 I art : Explicit concurrent mark sweep GC freed 780(49KB) AllocSpace objects, 0(0B) LOS objects, 57% free, 768KB/1792KB, paused 25us total 1.379ms
08-10 11:20:56.051 1822 1822 I art : Explicit concurrent mark sweep GC freed 956(105KB) AllocSpace objects, 0(0B) LOS objects, 55% free, 811KB/1835KB, paused 26us total 1.995ms
08-10 11:20:56.054 1822 1822 I art : Explicit concurrent mark sweep GC freed 597(42KB) AllocSpace objects, 0(0B) LOS objects, 55% free, 818KB/1842KB, paused 26us total 1.338ms
08-10 11:20:56.059 1822 1822 I art : Explicit concurrent mark sweep GC freed 265(20KB) AllocSpace objects, 0(0B) LOS objects, 54% free, 846KB/1870KB, paused 26us total 1.263ms
08-10 11:20:56.066 1822 1822 I art : Explicit concurrent mark sweep GC freed 14(640B) AllocSpace objects, 0(0B) LOS objects, 45% free, 1225KB/2MB, paused 27us total 1.590ms
08-10 11:20:56.069 1822 1822 I art : Explicit concurrent mark sweep GC freed 572(33KB) AllocSpace objects, 0(0B) LOS objects, 45% free, 1241KB/2MB, paused 28us total 1.599ms
08-10 11:20:56.072 1822 1822 I art : Explicit concurrent mark sweep GC freed 741(45KB) AllocSpace objects, 0(0B) LOS objects, 45% free, 1245KB/2MB, paused 27us total 1.537ms
08-10 11:20:56.092 1822 1822 I System : Loaded time zone names for "" in 20ms (18ms in ICU)
08-10 11:20:56.104 1822 1822 I System : Loaded time zone names for "en_US" in 12ms (11ms in ICU)
08-10 11:20:56.105 1822 1822 I art : Explicit concurrent mark sweep GC freed 2345(178KB) AllocSpace objects, 0(0B) LOS objects, 42% free, 1403KB/2MB, paused 28us total 1.860ms
08-10 11:20:56.108 1822 1822 I art : Explicit concurrent mark sweep GC freed 136(12KB) AllocSpace objects, 0(0B) LOS objects, 41% free, 1468KB/2MB, paused 27us total 1.626ms
08-10 11:20:56.111 1822 1822 I art : Explicit concurrent mark sweep GC freed 288(24KB) AllocSpace objects, 0(0B) LOS objects, 40% free, 1514KB/2MB, paused 27us total 1.762ms
08-10 11:20:56.114 1822 1822 I art : Explicit concurrent mark sweep GC freed 677(47KB) AllocSpace objects, 0(0B) LOS objects, 40% free, 1515KB/2MB, paused 27us total 1.752ms
08-10 11:20:56.114 1822 1822 I Zygote : ...preloaded 3005 classes in 730ms.
08-10 11:20:56.114 1822 1822 I art : VMRuntime.preloadDexCaches starting
08-10 11:20:56.123 1822 1822 I art : VMRuntime.preloadDexCaches strings total=212339 before=39120 after=39120
08-10 11:20:56.123 1822 1822 I art : VMRuntime.preloadDexCaches types total=18429 before=6390 after=6428
08-10 11:20:56.123 1822 1822 I art : VMRuntime.preloadDexCaches fields total=85590 before=32321 after=32655
08-10 11:20:56.123 1822 1822 I art : VMRuntime.preloadDexCaches methods total=151811 before=66893 after=67794
08-10 11:20:56.123 1822 1822 I art : VMRuntime.preloadDexCaches finished
08-10 11:20:56.123 1822 1822 I art : Counter: 0
08-10 11:20:56.123 1822 1822 I art : Counter: 1
08-10 11:20:56.125 1822 1822 I art : Explicit concurrent mark sweep GC freed 63(15KB) AllocSpace objects, 0(0B) LOS objects, 40% free, 1501KB/2MB, paused 28us total 2.343ms
08-10 11:20:56.135 2124 2124 D idmap : error: no read access to /vendor/overlay: No such file or directory
08-10 11:20:56.192 1822 1822 I Zygote : Preloading resources...
08-10 11:20:56.242 1822 1822 I art : Explicit concurrent mark sweep GC freed 86(3KB) AllocSpace objects, 0(0B) LOS objects, 39% free, 1550KB/2MB, paused 38us total 2.421ms
08-10 11:20:56.247 1822 1822 I art : Explicit concurrent mark sweep GC freed 89(4KB) AllocSpace objects, 0(0B) LOS objects, 39% free, 1596KB/2MB, paused 55us total 3.300ms
08-10 11:20:56.258 1822 1822 I art : Explicit concurrent mark sweep GC freed 122(5KB) AllocSpace objects, 0(0B) LOS objects, 39% free, 1644KB/2MB, paused 52us total 2.948ms
08-10 11:20:56.263 1822 1822 I art : Explicit concurrent mark sweep GC freed 101(4KB) AllocSpace objects, 0(0B) LOS objects, 40% free, 1690KB/2MB, paused 35us total 2.765ms
08-10 11:20:56.266 1822 1822 I art : Explicit concurrent mark sweep GC freed 93(4KB) AllocSpace objects, 0(0B) LOS objects, 39% free, 1734KB/2MB, paused 35us total 2.003ms
08-10 11:20:56.271 1822 1822 I art : Explicit concurrent mark sweep GC freed 103(4KB) AllocSpace objects, 0(0B) LOS objects, 40% free, 1780KB/2MB, paused 37us total 2.044ms
08-10 11:20:56.274 1822 1822 I art : Explicit concurrent mark sweep GC freed 112(5KB) AllocSpace objects, 0(0B) LOS objects, 40% free, 1825KB/2MB, paused 36us total 2.009ms
08-10 11:20:56.277 1822 1822 I art : Explicit concurrent mark sweep GC freed 117(5KB) AllocSpace objects, 0(0B) LOS objects, 39% free, 1872KB/3MB, paused 35us total 1.938ms
08-10 11:20:56.281 1822 1822 I art : Explicit concurrent mark sweep GC freed 108(5KB) AllocSpace objects, 0(0B) LOS objects, 39% free, 1920KB/3MB, paused 35us total 1.985ms
08-10 11:20:56.286 1822 1822 I art : Explicit concurrent mark sweep GC freed 147(6KB) AllocSpace objects, 0(0B) LOS objects, 39% free, 1991KB/3MB, paused 51us total 2.012ms
08-10 11:20:56.297 1822 1822 I art : Explicit concurrent mark sweep GC freed 136(5KB) AllocSpace objects, 0(0B) LOS objects, 39% free, 2034KB/3MB, paused 35us total 1.972ms
08-10 11:20:56.300 1822 1822 I art : Explicit concurrent mark sweep GC freed 84(7KB) AllocSpace objects, 0(0B) LOS objects, 39% free, 2MB/3MB, paused 37us total 2.040ms
08-10 11:20:56.320 1822 1822 I art : Explicit concurrent mark sweep GC freed 112(4KB) AllocSpace objects, 0(0B) LOS objects, 39% free, 2MB/3MB, paused 36us total 2.096ms
08-10 11:20:56.325 1822 1822 I art : Explicit concurrent mark sweep GC freed 135(5KB) AllocSpace objects, 0(0B) LOS objects, 39% free, 2MB/3MB, paused 36us total 2.049ms
08-10 11:20:56.327 1822 1822 I art : Explicit concurrent mark sweep GC freed 62(2752B) AllocSpace objects, 0(0B) LOS objects, 39% free, 2MB/3MB, paused 36us total 2.011ms
08-10 11:20:56.332 1822 1822 I art : Explicit concurrent mark sweep GC freed 111(4KB) AllocSpace objects, 0(0B) LOS objects, 39% free, 2MB/4MB, paused 36us total 2.028ms
08-10 11:20:56.336 1822 1822 I art : Explicit concurrent mark sweep GC freed 206(9KB) AllocSpace objects, 0(0B) LOS objects, 39% free, 2MB/4MB, paused 36us total 2.031ms
08-10 11:20:56.340 1822 1822 I art : Explicit concurrent mark sweep GC freed 370(16KB) AllocSpace objects, 0(0B) LOS objects, 40% free, 2MB/4MB, paused 35us total 1.989ms
08-10 11:20:56.347 1822 1822 I art : Explicit concurrent mark sweep GC freed 214(9KB) AllocSpace objects, 0(0B) LOS objects, 39% free, 2MB/4MB, paused 66us total 2.448ms
08-10 11:20:56.352 1822 1822 I art : Explicit concurrent mark sweep GC freed 112(6KB) AllocSpace objects, 0(0B) LOS objects, 39% free, 2MB/4MB, paused 45us total 2.796ms
08-10 11:20:56.356 1822 1822 I art : Explicit concurrent mark sweep GC freed 113(5KB) AllocSpace objects, 0(0B) LOS objects, 40% free, 2MB/4MB, paused 44us total 2.515ms
08-10 11:20:56.359 1822 1822 I art : Explicit concurrent mark sweep GC freed 49(8KB) AllocSpace objects, 0(0B) LOS objects, 39% free, 2MB/4MB, paused 46us total 2.461ms
08-10 11:20:56.363 1822 1822 I art : Explicit concurrent mark sweep GC freed 101(4KB) AllocSpace objects, 0(0B) LOS objects, 39% free, 2MB/4MB, paused 44us total 2.439ms
08-10 11:20:56.367 1822 1822 I art : Explicit concurrent mark sweep GC freed 105(4KB) AllocSpace objects, 0(0B) LOS objects, 39% free, 2MB/4MB, paused 45us total 2.410ms
08-10 11:20:56.371 1822 1822 I art : Explicit concurrent mark sweep GC freed 99(4KB) AllocSpace objects, 0(0B) LOS objects, 39% free, 2MB/4MB, paused 42us total 2.419ms
08-10 11:20:56.376 1822 1822 I art : Explicit concurrent mark sweep GC freed 172(7KB) AllocSpace objects, 0(0B) LOS objects, 40% free, 2MB/4MB, paused 43us total 2.381ms
08-10 11:20:56.387 1822 1822 I art : Explicit concurrent mark sweep GC freed 417(18KB) AllocSpace objects, 0(0B) LOS objects, 39% free, 3MB/5MB, paused 43us total 2.435ms
08-10 11:20:56.393 1822 1822 I art : Explicit concurrent mark sweep GC freed 363(16KB) AllocSpace objects, 0(0B) LOS objects, 39% free, 3MB/5MB, paused 43us total 2.316ms
08-10 11:20:56.397 1822 1822 I art : Explicit concurrent mark sweep GC freed 174(8KB) AllocSpace objects, 0(0B) LOS objects, 40% free, 3MB/5MB, paused 42us total 2.321ms
08-10 11:20:56.401 1822 1822 I art : Explicit concurrent mark sweep GC freed 515(19KB) AllocSpace objects, 0(0B) LOS objects, 39% free, 3MB/5MB, paused 41us total 2.323ms
08-10 11:20:56.405 1822 1822 I art : Explicit concurrent mark sweep GC freed 353(14KB) AllocSpace objects, 0(0B) LOS objects, 40% free, 3MB/5MB, paused 41us total 2.264ms
08-10 11:20:56.408 1822 1822 I art : Explicit concurrent mark sweep GC freed 1153(40KB) AllocSpace objects, 0(0B) LOS objects, 39% free, 3MB/5MB, paused 42us total 2.276ms
08-10 11:20:56.411 1822 1822 I art : Explicit concurrent mark sweep GC freed 1499(50KB) AllocSpace objects, 0(0B) LOS objects, 39% free, 3MB/5MB, paused 40us total 2.280ms
08-10 11:20:56.414 1822 1822 I art : Explicit concurrent mark sweep GC freed 1381(49KB) AllocSpace objects, 0(0B) LOS objects, 40% free, 3MB/5MB, paused 39us total 2.238ms
08-10 11:20:56.419 1822 1822 I art : Explicit concurrent mark sweep GC freed 1453(56KB) AllocSpace objects, 0(0B) LOS objects, 40% free, 3MB/5MB, paused 40us total 2.688ms
08-10 11:20:56.423 1822 1822 I art : Explicit concurrent mark sweep GC freed 603(27KB) AllocSpace objects, 0(0B) LOS objects, 40% free, 3MB/5MB, paused 40us total 2.310ms
08-10 11:20:56.428 1822 1822 I art : Explicit concurrent mark sweep GC freed 344(20KB) AllocSpace objects, 0(0B) LOS objects, 40% free, 3MB/6MB, paused 41us total 2.301ms
08-10 11:20:56.436 1822 1822 I art : Explicit concurrent mark sweep GC freed 384(17KB) AllocSpace objects, 0(0B) LOS objects, 39% free, 3MB/6MB, paused 42us total 2.496ms
08-10 11:20:56.437 1822 1822 I Zygote : ...preloaded 343 resources in 246ms.
08-10 11:20:56.440 1822 1822 I art : Explicit concurrent mark sweep GC freed 639(39KB) AllocSpace objects, 0(0B) LOS objects, 39% free, 3MB/6MB, paused 41us total 2.385ms
08-10 11:20:56.442 1822 1822 I Zygote : ...preloaded 41 resources in 4ms.
08-10 11:20:56.442 1822 1822 I art : Counter: 0
08-10 11:20:56.442 1822 1822 D libEGL : loaded /system/lib/egl/libGLES_mesa.so
08-10 11:20:56.452 1822 1822 I Zygote : Preloading shared libraries...
08-10 11:20:56.459 1822 1822 D Zygote : end preload
08-10 11:20:56.461 1822 1822 I art : Explicit concurrent mark sweep GC freed 450(20KB) AllocSpace objects, 0(0B) LOS objects, 40% free, 3MB/6MB, paused 40us total 2.409ms
08-10 11:20:56.463 1822 1822 I art : Explicit concurrent mark sweep GC freed 389(16KB) AllocSpace objects, 0(0B) LOS objects, 40% free, 3MB/6MB, paused 39us total 2.234ms
08-10 11:20:56.466 1822 1822 I art : Explicit concurrent mark sweep GC freed 5(160B) AllocSpace objects, 0(0B) LOS objects, 40% free, 3MB/6MB, paused 39us total 2.152ms
08-10 11:20:56.486 1822 1822 I Zygote : System server process 2125 has been created
08-10 11:20:56.487 1822 1822 I Zygote : Accepting command socket connections
08-10 11:20:56.501 2125 2125 I art : DexFile_isDexOptNeeded file /system/framework/x86/services.odex needs to be relocated for /system/framework/services.jar
08-10 11:20:56.501 2125 2125 I InstallerConnection: connecting...
08-10 11:20:56.501 1817 1817 I installd: new connection
08-10 11:20:56.501 2141 2141 E installd: Running /system/bin/patchoat isa=x86 in-fd=5 (/system/framework/x86/services.odex) out-fd=6 (/data/dalvik-cache/x86/system@framework@services.jar@classes.dex)
08-10 11:20:56.732 2125 2125 I art : DexFile_isDexOptNeeded file /system/framework/x86/ethernet-service.odex needs to be relocated for /system/framework/ethernet-service.jar
08-10 11:20:56.732 2142 2142 E installd: Running /system/bin/patchoat isa=x86 in-fd=5 (/system/framework/x86/ethernet-service.odex) out-fd=6 (/data/dalvik-cache/x86/system@framework@ethernet-service.jar@classes.dex)
08-10 11:20:56.751 2125 2125 I art : DexFile_isDexOptNeeded file /system/framework/x86/wifi-service.odex needs to be relocated for /system/framework/wifi-service.jar
08-10 11:20:56.752 2145 2145 E installd: Running /system/bin/patchoat isa=x86 in-fd=5 (/system/framework/x86/wifi-service.odex) out-fd=6 (/data/dalvik-cache/x86/system@framework@wifi-service.jar@classes.dex)
08-10 11:20:56.781 2125 2125 I InstallerConnection: disconnecting...
08-10 11:20:56.781 1817 1817 E installd: eof
08-10 11:20:56.781 1817 1817 E installd: failed to read size
08-10 11:20:56.781 1817 1817 I installd: closing connection
08-10 11:20:56.782 2125 2125 I SystemServer: Entered the Android system server!
08-10 11:20:56.787 2125 2125 V Fingerprint-JNI: FingerprintManager JNI ready.
08-10 11:20:56.787 2125 2125 D SensorService: nuSensorService starting...
08-10 11:20:56.791 2125 2125 D iio-sensors: open_iio_sensors: id=poll
08-10 11:20:56.791 2125 2125 D iio-sensors: SensorPollContext: module=0xae5990a0 sensors: 0
08-10 11:20:56.791 2125 2125 E SensorService: couldn't open device for module sensors (Invalid argument)
08-10 11:20:56.791 2125 2125 D iio-sensors: enter sensors_get_sensors_list
08-10 11:20:56.791 2125 2125 D iio-sensors: enter sensors_get_sensors_list
08-10 11:20:56.791 2125 2125 I SystemServiceManager: Starting com.android.server.pm.Installer
08-10 11:20:56.792 2125 2125 I Installer: Waiting for installd to be ready.
08-10 11:20:56.792 2125 2125 I InstallerConnection: connecting...
08-10 11:20:56.792 1817 1817 I installd: new connection
08-10 11:20:56.792 2125 2125 I SystemServiceManager: Starting com.android.server.am.ActivityManagerService$Lifecycle
08-10 11:20:56.795 2125 2125 I ActivityManager: Memory class: 192
08-10 11:20:56.797 2125 2125 I AppOps : No existing app ops /data/system/appops.xml; starting empty
08-10 11:20:56.808 2125 2125 I IntentFirewall: Read new rules (A:0 B:0 S:0)
08-10 11:20:56.816 2125 2125 D AppOps : AppOpsService published
08-10 11:20:56.816 2125 2125 I SystemServiceManager: Starting com.android.server.power.PowerManagerService
08-10 11:20:56.817 2125 2125 W libsuspend: Error writing 'on' to /sys/power/state: Invalid argument
08-10 11:20:56.817 2125 2125 I libsuspend: Selected wakeup count
08-10 11:20:56.817 2125 2125 I SystemServiceManager: Starting com.android.server.display.DisplayManagerService
08-10 11:20:56.818 2125 2125 I SystemServiceManager: Starting phase 100
08-10 11:20:56.819 2125 2154 I DisplayManagerService: Display device added: DisplayDeviceInfo{"Built-in Screen": uniqueId="local:0", 1920 x 1440, 60.000004 fps, supportedRefreshRates [60.000004], density 240, 135.0 x 135.0 dpi, appVsyncOff 0, presDeadline 17666666, touch INTERNAL, rotation 0, type BUILT_IN, state UNKNOWN, FLAG_DEFAULT_DISPLAY, FLAG_ROTATES_WITH_CONTENT, FLAG_SECURE, FLAG_SUPPORTS_PROTECTED_BUFFERS}
08-10 11:20:56.819 2125 2125 I SystemServer: Package Manager
08-10 11:20:56.820 2125 2125 W SELinuxMMAC: Error opening /data/system/seapp_hash. Assuming first boot.
08-10 11:20:56.820 2125 2125 W FileUtils: Failed to chmod(/data/system/packages.list): android.system.ErrnoException: chmod failed: ENOENT (No such file or directory)
08-10 11:20:56.821 2125 2125 W SystemConfig: No directory /system/etc/sysconfig, skipping
08-10 11:20:56.826 2125 2125 D SELinuxMMAC: Using policy file /system/etc/security/mac_permissions.xml
08-10 11:20:56.831 2125 2125 I PackageManager: No settings file; creating initial state
08-10 11:20:56.852 2160 2160 I dex2oat : /system/bin/dex2oat --zip-fd=5 --zip-location=/system/framework/com.google.widevine.software.drm.jar --oat-fd=6 --oat-location=/data/dalvik-cache/x86/system@framework@com.google.widevine.software.drm.jar@classes.dex --instruction-set=x86 --instruction-set-features=default --runtime-arg -Xms64m --runtime-arg -Xmx512m --compiler-filter=interpret-only --swap-fd=7
08-10 11:20:56.874 2160 2160 I dex2oat : Decided to run without swap.
08-10 11:20:56.896 2160 2160 I dex2oat : dex2oat took 23.888ms (threads: 4) arena alloc=0B java alloc=1560B native alloc=239KB free=7MB
08-10 11:20:56.901 2165 2165 I dex2oat : /system/bin/dex2oat --zip-fd=5 --zip-location=/system/framework/com.google.android.media.effects.jar --oat-fd=6 --oat-location=/data/dalvik-cache/x86/system@framework@com.google.android.media.effects.jar@classes.dex --instruction-set=x86 --instruction-set-features=default --runtime-arg -Xms64m --runtime-arg -Xmx512m --compiler-filter=interpret-only --swap-fd=7
08-10 11:20:56.903 2165 2165 I dex2oat : Decided to run without swap.
08-10 11:20:56.914 2165 2165 I dex2oat : dex2oat took 13.559ms (threads: 4) arena alloc=0B java alloc=143KB native alloc=298KB free=7MB
08-10 11:20:56.916 2125 2125 I art : DexFile_isDexOptNeeded file /system/framework/x86/com.android.location.provider.odex needs to be relocated for /system/framework/com.android.location.provider.jar
08-10 11:20:56.916 2170 2170 E installd: Running /system/bin/patchoat isa=x86 in-fd=5 (/system/framework/x86/com.android.location.provider.odex) out-fd=6 (/data/dalvik-cache/x86/system@framework@com.android.location.provider.jar@classes.dex)
08-10 11:20:56.922 2171 2171 I dex2oat : /system/bin/dex2oat --zip-fd=5 --zip-location=/system/framework/com.google.android.camera2.jar --oat-fd=6 --oat-location=/data/dalvik-cache/x86/system@framework@com.google.android.camera2.jar@classes.dex --instruction-set=x86 --instruction-set-features=default --runtime-arg -Xms64m --runtime-arg -Xmx512m --compiler-filter=interpret-only --swap-fd=7
08-10 11:20:56.925 2171 2171 I dex2oat : Decided to run without swap.
08-10 11:20:56.931 2171 2171 I dex2oat : dex2oat took 8.748ms (threads: 4) arena alloc=0B java alloc=91KB native alloc=266KB free=7MB
08-10 11:20:56.932 2125 2125 I art : DexFile_isDexOptNeeded file /system/framework/x86/com.android.future.usb.accessory.odex needs to be relocated for /system/framework/com.android.future.usb.accessory.jar
08-10 11:20:56.932 2176 2176 E installd: Running /system/bin/patchoat isa=x86 in-fd=5 (/system/framework/x86/com.android.future.usb.accessory.odex) out-fd=6 (/data/dalvik-cache/x86/system@framework@com.android.future.usb.accessory.jar@classes.dex)
08-10 11:20:56.937 2125 2125 I art : DexFile_isDexOptNeeded file /system/framework/x86/javax.obex.odex needs to be relocated for /system/framework/javax.obex.jar
08-10 11:20:56.937 2177 2177 E installd: Running /system/bin/patchoat isa=x86 in-fd=5 (/system/framework/x86/javax.obex.odex) out-fd=6 (/data/dalvik-cache/x86/system@framework@javax.obex.jar@classes.dex)
08-10 11:20:56.946 2125 2125 I art : DexFile_isDexOptNeeded file /system/framework/x86/android.test.runner.odex needs to be relocated for /system/framework/android.test.runner.jar
08-10 11:20:56.946 2178 2178 E installd: Running /system/bin/patchoat isa=x86 in-fd=5 (/system/framework/x86/android.test.runner.odex) out-fd=6 (/data/dalvik-cache/x86/system@framework@android.test.runner.jar@classes.dex)
08-10 11:20:56.954 2179 2179 I dex2oat : /system/bin/dex2oat --zip-fd=5 --zip-location=/system/framework/com.google.android.maps.jar --oat-fd=6 --oat-location=/data/dalvik-cache/x86/system@framework@com.google.android.maps.jar@classes.dex --instruction-set=x86 --instruction-set-features=default --runtime-arg -Xms64m --runtime-arg -Xmx512m --compiler-filter=interpret-only --swap-fd=7
08-10 11:20:56.962 2179 2179 I dex2oat : Decided to run without swap.
08-10 11:20:56.975 1816 1816 I CameraService: CameraService started (pid=1816)
08-10 11:20:56.980 2179 2179 I dex2oat : dex2oat took 26.065ms (threads: 4) arena alloc=0B java alloc=485KB native alloc=533KB free=7MB
08-10 11:20:56.981 2125 2125 I art : DexFile_isDexOptNeeded file /system/framework/x86/com.android.media.remotedisplay.odex needs to be relocated for /system/framework/com.android.media.remotedisplay.jar
08-10 11:20:56.981 2184 2184 E installd: Running /system/bin/patchoat isa=x86 in-fd=5 (/system/framework/x86/com.android.media.remotedisplay.odex) out-fd=6 (/data/dalvik-cache/x86/system@framework@com.android.media.remotedisplay.jar@classes.dex)
08-10 11:20:56.983 1816 1816 D Camera_Factory: CameraFactory::CameraFactory
08-10 11:20:56.983 1816 1816 D Camera_Factory: CameraFactory::parseConfig: configFile = /etc/camera.cfg
08-10 11:20:56.983 1816 1816 D Camera_Factory: /etc/camera.cfg not found, using camera configuration defaults
08-10 11:20:56.983 1816 1816 I CameraService: Loaded "Camera Module" camera module
08-10 11:20:56.983 1816 1816 D Camera_Factory: CameraFactory::get_number_of_cameras
08-10 11:20:56.983 1816 1816 D Camera_Factory: CameraFactory::getCameraNum: 0
08-10 11:20:56.983 1816 1816 I AudioPolicyService: AudioPolicyService CSTOR in new mode
08-10 11:20:56.984 2125 2125 I art : DexFile_isDexOptNeeded file /system/framework/x86/com.android.mediadrm.signer.odex needs to be relocated for /system/framework/com.android.mediadrm.signer.jar
08-10 11:20:56.984 2188 2188 E installd: Running /system/bin/patchoat isa=x86 in-fd=5 (/system/framework/x86/com.android.mediadrm.signer.odex) out-fd=6 (/data/dalvik-cache/x86/system@framework@com.android.mediadrm.signer.jar@classes.dex)
08-10 11:20:56.986 1816 1816 I AudioPolicyManager: loadAudioPolicyConfig() loaded /system/etc/audio_policy.conf
08-10 11:20:56.987 1816 1816 E audio_hw_primary: Failed to open /system/etc/mixer_paths.xml
08-10 11:20:56.987 1816 1816 I AudioFlinger: loadHwModule() Loaded primary audio interface from Grouper audio HW HAL (audio) handle 1
08-10 11:20:56.987 1816 1816 I AudioFlinger: HAL output buffer size 512 frames, normal sink buffer size 1024 frames
08-10 11:20:56.987 2125 2125 I art : DexFile_isDexOptNeeded file /system/framework/x86/am.odex needs to be relocated for /system/framework/am.jar
08-10 11:20:56.987 2189 2189 E installd: Running /system/bin/patchoat isa=x86 in-fd=5 (/system/framework/x86/am.odex) out-fd=6 (/data/dalvik-cache/x86/system@framework@am.jar@classes.dex)
08-10 11:20:56.990 2125 2125 I art : DexFile_isDexOptNeeded file /system/framework/x86/appops.odex needs to be relocated for /system/framework/appops.jar
08-10 11:20:56.990 2190 2190 E installd: Running /system/bin/patchoat isa=x86 in-fd=5 (/system/framework/x86/appops.odex) out-fd=6 (/data/dalvik-cache/x86/system@framework@appops.jar@classes.dex)
08-10 11:20:56.992 2125 2125 I art : DexFile_isDexOptNeeded file /system/framework/x86/appwidget.odex needs to be relocated for /system/framework/appwidget.jar
08-10 11:20:56.993 2191 2191 E installd: Running /system/bin/patchoat isa=x86 in-fd=5 (/system/framework/x86/appwidget.odex) out-fd=6 (/data/dalvik-cache/x86/system@framework@appwidget.jar@classes.dex)
08-10 11:20:56.995 2125 2125 I art : DexFile_isDexOptNeeded file /system/framework/x86/bmgr.odex needs to be relocated for /system/framework/bmgr.jar
08-10 11:20:56.995 2192 2192 E installd: Running /system/bin/patchoat isa=x86 in-fd=5 (/system/framework/x86/bmgr.odex) out-fd=6 (/data/dalvik-cache/x86/system@framework@bmgr.jar@classes.dex)
08-10 11:20:56.997 1816 1816 I AudioMixer: found effect "Multichannel Downmix To Stereo" from The Android Open Source Project
08-10 11:20:56.997 1816 1816 E MonoPipe: Failed to fetch local time frequency when constructing a MonoPipe (res = -32). getNextWriteTimestamp calls will be non-functional
08-10 11:20:56.998 2125 2125 I art : DexFile_isDexOptNeeded file /system/framework/x86/bu.odex needs to be relocated for /system/framework/bu.jar
08-10 11:20:56.998 2194 2194 E installd: Running /system/bin/patchoat isa=x86 in-fd=5 (/system/framework/x86/bu.odex) out-fd=6 (/data/dalvik-cache/x86/system@framework@bu.jar@classes.dex)
08-10 11:20:57.001 2125 2125 I art : DexFile_isDexOptNeeded file /system/framework/x86/content.odex needs to be relocated for /system/framework/content.jar
08-10 11:20:57.001 2195 2195 E installd: Running /system/bin/patchoat isa=x86 in-fd=5 (/system/framework/x86/content.odex) out-fd=6 (/data/dalvik-cache/x86/system@framework@content.jar@classes.dex)
08-10 11:20:57.003 2125 2125 I art : DexFile_isDexOptNeeded file /system/framework/x86/dpm.odex needs to be relocated for /system/framework/dpm.jar
08-10 11:20:57.004 2196 2196 E installd: Running /system/bin/patchoat isa=x86 in-fd=5 (/system/framework/x86/dpm.odex) out-fd=6 (/data/dalvik-cache/x86/system@framework@dpm.jar@classes.dex)
08-10 11:20:57.006 2125 2125 I art : DexFile_isDexOptNeeded file /system/framework/x86/ime.odex needs to be relocated for /system/framework/ime.jar
08-10 11:20:57.006 2197 2197 E installd: Running /system/bin/patchoat isa=x86 in-fd=5 (/system/framework/x86/ime.odex) out-fd=6 (/data/dalvik-cache/x86/system@framework@ime.jar@classes.dex)
08-10 11:20:57.009 2125 2125 I art : DexFile_isDexOptNeeded file /system/framework/x86/input.odex needs to be relocated for /system/framework/input.jar
08-10 11:20:57.009 2198 2198 E installd: Running /system/bin/patchoat isa=x86 in-fd=5 (/system/framework/x86/input.odex) out-fd=6 (/data/dalvik-cache/x86/system@framework@input.jar@classes.dex)
08-10 11:20:57.012 2125 2125 I art : DexFile_isDexOptNeeded file /system/framework/x86/media_cmd.odex needs to be relocated for /system/framework/media_cmd.jar
08-10 11:20:57.012 2199 2199 E installd: Running /system/bin/patchoat isa=x86 in-fd=5 (/system/framework/x86/media_cmd.odex) out-fd=6 (/data/dalvik-cache/x86/system@framework@media_cmd.jar@classes.dex)
08-10 11:20:57.020 2125 2125 I art : DexFile_isDexOptNeeded file /system/framework/x86/monkey.odex needs to be relocated for /system/framework/monkey.jar
08-10 11:20:57.020 2200 2200 E installd: Running /system/bin/patchoat isa=x86 in-fd=5 (/system/framework/x86/monkey.odex) out-fd=6 (/data/dalvik-cache/x86/system@framework@monkey.jar@classes.dex)
08-10 11:20:57.024 2125 2125 I art : DexFile_isDexOptNeeded file /system/framework/x86/pm.odex needs to be relocated for /system/framework/pm.jar
08-10 11:20:57.024 2201 2201 E installd: Running /system/bin/patchoat isa=x86 in-fd=5 (/system/framework/x86/pm.odex) out-fd=6 (/data/dalvik-cache/x86/system@framework@pm.jar@classes.dex)
08-10 11:20:57.027 2125 2125 I art : DexFile_isDexOptNeeded file /system/framework/x86/requestsync.odex needs to be relocated for /system/framework/requestsync.jar
08-10 11:20:57.027 2202 2202 E installd: Running /system/bin/patchoat isa=x86 in-fd=5 (/system/framework/x86/requestsync.odex) out-fd=6 (/data/dalvik-cache/x86/system@framework@requestsync.jar@classes.dex)
08-10 11:20:57.030 2125 2125 I art : DexFile_isDexOptNeeded file /system/framework/x86/settings.odex needs to be relocated for /system/framework/settings.jar
08-10 11:20:57.030 2203 2203 E installd: Running /system/bin/patchoat isa=x86 in-fd=5 (/system/framework/x86/settings.odex) out-fd=6 (/data/dalvik-cache/x86/system@framework@settings.jar@classes.dex)
