08-10 11:21:48.010 3583 3984 W IcingCorporaProvider: Corpora registration failed
08-10 11:21:48.022 2848 3012 I ActivityManager: Start proc 4054:com.android.gallery3d/u0a46 for broadcast com.android.gallery3d/.app.PackagesMonitor
08-10 11:21:48.027 4001 4001 D ExtensionsFactory: No custom extensions.
08-10 11:21:48.028 4001 4001 D AlertReceiver: onReceive: a=android.intent.action.LOCALE_CHANGED Intent { act=android.intent.action.LOCALE_CHANGED flg=0x10000010 cmp=com.android.calendar/.alerts.AlertReceiver }
08-10 11:21:48.030 2848 3143 I art : DexFile_isDexOptNeeded file /system/app/Gallery2/x86/Gallery2.odex needs to be relocated for /system/app/Gallery2/Gallery2.apk
08-10 11:21:48.030 2848 3143 I PackageManager: Running patchoat on: com.android.gallery3d
08-10 11:21:48.030 4077 4077 E installd: Running /system/bin/patchoat isa=x86 in-fd=5 (/system/app/Gallery2/x86/Gallery2.odex) out-fd=6 (/data/dalvik-cache/x86/system@app@Gallery2@Gallery2.apk@classes.dex)
08-10 11:21:48.030 4001 4001 D AlertUtils: Flushing old alerts from shared prefs table
08-10 11:21:48.031 4001 4076 D AlertService: 0 Action = android.intent.action.LOCALE_CHANGED
08-10 11:21:48.031 4001 4076 I GlobalDismissManager: no sender configured
08-10 11:21:48.031 4001 4076 D AlertService: Beginning updateAlertNotification
08-10 11:21:48.387 3583 3747 I LibraryLoader: Time to load native libraries: 375 ms (timestamps 7762-8137)
08-10 11:21:48.387 3583 3747 I LibraryLoader: Expected native library version number "",actual native library version number ""
08-10 11:21:48.388 3583 3747 W art : Attempt to remove local handle scope entry from IRT, ignoring
08-10 11:21:48.403 3583 3751 W GStaticConfiguration: No valid gstatic url found.
08-10 11:21:48.403 3822 3976 W GmsApplication: Using Auth Proxy for data requests.
08-10 11:21:48.405 4054 4054 I ActivityThread: Switching default density from 160 to 240
08-10 11:21:48.405 4054 4054 W ResourcesManager: Asset path '/system/framework/com.google.android.media.effects.jar' does not exist or contains no resources.
08-10 11:21:48.405 3822 3977 E Icing : Not initialized
08-10 11:21:48.415 2848 2870 I ActivityManager: Start proc 4089:com.android.providers.calendar/u0a1 for content provider com.android.providers.calendar/.CalendarProvider2
08-10 11:21:48.416 3583 3984 E .AppDataSearchProvider: Could not connect to AppDataSearchClient for onTableChanged, error 16
08-10 11:21:48.416 3583 3984 W IcingCorporaProvider: Table change notification failed for TableStorageSpec[applications]
08-10 11:21:48.416 3583 3984 I ApplicationLogger: canRun() : Opted Out
08-10 11:21:48.429 3583 3747 W Search.SearchUrlHelper: Auth token not ready, no auth header set.
08-10 11:21:48.430 2848 3448 I art : Explicit concurrent mark sweep GC freed 15560(914KB) AllocSpace objects, 6(97KB) LOS objects, 33% free, 9MB/13MB, paused 217us total 11.910ms
08-10 11:21:48.431 4089 4089 I ActivityThread: Switching default density from 160 to 240
08-10 11:21:48.431 4089 4089 W ResourcesManager: Asset path '/system/framework/android.test.runner.jar' does not exist or contains no resources.
08-10 11:21:48.433 3583 3751 I Search.RefreshSearchDom: refreshing search domain
08-10 11:21:48.433 3583 3751 W Search.SearchUrlHelper: Auth token not ready, no auth header set.
08-10 11:21:48.434 3583 3751 W Search.RefreshSearchDom: Search parameters fetch failed: com.google.android.shared.api.io.GsaIOException: Error code: 262160 | The connection was not attempted due to lack of network connectivity.
08-10 11:21:48.434 3583 3751 W Search.RefreshSearchDom: Search parameters fetch failed
08-10 11:21:48.435 2848 2872 I ActivityManager: Start proc 4109:com.android.deskclock/u0a33 for broadcast com.android.deskclock/.AlarmInitReceiver
08-10 11:21:48.435 4089 4089 I CalendarDatabaseHelper: Bootstrapping database
08-10 11:21:48.437 3822 4052 E Icing : Not initialized
08-10 11:21:48.437 3583 3984 E .AppDataSearchProvider: Could not connect to AppDataSearchClient for registerCorpora, error 16
08-10 11:21:48.437 3583 3984 W IcingCorporaProvider: Corpora registration failed
08-10 11:21:48.440 3583 4085 E Search.NetworkLoader: Failed to load https://www.gstatic.com/android/voicesearch/help/help_action_1369153348_en_us: com.google.android.shared.api.io.GsaIOException: Error code: 327726
08-10 11:21:48.451 2848 3450 I ActivityManager: Start proc 4129:com.android.vending/u0a15 for broadcast com.android.vending/com.google.android.finsky.widget.consumption.NowPlayingWidgetProvider
08-10 11:21:48.452 2848 3603 I art : DexFile_isDexOptNeeded file /system/app/DeskClock/x86/DeskClock.odex needs to be relocated for /system/app/DeskClock/DeskClock.apk
08-10 11:21:48.452 2848 3603 I PackageManager: Running patchoat on: com.android.deskclock
08-10 11:21:48.452 4147 4147 E installd: Running /system/bin/patchoat isa=x86 in-fd=5 (/system/app/DeskClock/x86/DeskClock.odex) out-fd=6 (/data/dalvik-cache/x86/system@app@DeskClock@DeskClock.apk@classes.dex)
08-10 11:21:48.453 4089 4089 I CalendarProvider2: Created com.android.providers.calendar.CalendarAlarmManager@1f2bcedb(com.android.providers.calendar.CalendarProvider2@370ffd78)
08-10 11:21:48.483 4109 4109 I ActivityThread: Switching default density from 160 to 240
08-10 11:21:48.484 4129 4129 I ActivityThread: Switching default density from 160 to 240
08-10 11:21:48.487 3583 3984 I ContactLogger: canRun() : Opted Out
08-10 11:21:48.487 3583 3984 I UpdateIcingCorporaServi: UpdateCorporaTask done [took 679 ms] updated apps [took 608 ms] updated contacts [took 71 ms]
08-10 11:21:48.488 4109 4109 V AlarmClock: AlarmInitReceiver android.intent.action.LOCALE_CHANGED
08-10 11:21:48.488 3583 3984 I UpdateIcingCorporaServi: Updating corpora: APPS=com.google.android.googlequicksearchbox, CONTACTS=MAYBE
08-10 11:21:48.494 4109 4152 I AlarmClock: Alarms Table created
08-10 11:21:48.494 4109 4152 I AlarmClock: Instance table created
08-10 11:21:48.494 3822 3878 E Icing : Not initialized
08-10 11:21:48.494 4109 4152 I AlarmClock: Cities table created
08-10 11:21:48.494 4109 4152 I AlarmClock: Inserting default alarms
08-10 11:21:48.494 3583 3984 E .AppDataSearchProvider: Could not connect to AppDataSearchClient for registerCorpora, error 16
08-10 11:21:48.495 3583 3984 W IcingCorporaProvider: Corpora registration failed
08-10 11:21:48.495 3822 3976 W GmsApplication: Using Auth Proxy for data requests.
08-10 11:21:48.497 4109 4152 V AlarmClock: AlarmInitReceiver finished
08-10 11:21:48.498 3583 3984 I ApplicationLogger: canRun() : Opted Out
08-10 11:21:48.498 3583 3984 I UpdateIcingCorporaServi: UpdateCorporaTask done [took 10 ms] updated apps [took 10 ms]
08-10 11:21:48.498 3583 3984 I UpdateIcingCorporaServi: Updating corpora: APPS=FORCE_ALL, CONTACTS=FORCE_ALL
08-10 11:21:48.499 3822 3976 W GmsApplication: Using Auth Proxy for data requests.
08-10 11:21:48.501 3370 3370 I SystemBroadcastReceiver: System locale changed
08-10 11:21:48.502 4129 4129 D Finsky : [1] FinskyApp.onCreate: Initializing network with DFE https://android.clients.google.com/fdfe/
08-10 11:21:48.502 3388 4158 I NotifUtils: resendNotifications cancelExisting: true, account: null, folder: null
08-10 11:21:48.503 3822 3976 W GmsApplication: Using Auth Proxy for data requests.
08-10 11:21:48.505 3822 4088 E Icing : Not initialized
08-10 11:21:48.505 3583 3984 E .AppDataSearchProvider: Could not connect to AppDataSearchClient for registerCorpora, error 16
08-10 11:21:48.505 3583 3984 W IcingCorporaProvider: Corpora registration failed
08-10 11:21:48.515 4129 4129 W Finsky : [1] FinskyApp.getCurrentAccount: No account configured on this device.
08-10 11:21:48.516 4129 4129 W Finsky : [1] FinskyApp.getCurrentAccount: No account configured on this device.
08-10 11:21:48.517 4001 4076 D AlertService: No fired or scheduled alerts
08-10 11:21:48.519 4129 4129 D Finsky : [1] DailyHygiene.goMakeHygieneIfDirty: Dirty, need more hygiene.
08-10 11:21:48.519 3583 3984 I ApplicationLogger: canRun() : Opted Out
08-10 11:21:48.522 4001 4076 D AlertService: Scheduling next alarm with AlarmScheduler. sEventReminderReceived: null
08-10 11:21:48.524 3822 3977 E Icing : Not initialized
08-10 11:21:48.525 3583 3984 E .AppDataSearchProvider: Could not connect to AppDataSearchClient for registerCorpora, error 16
08-10 11:21:48.525 3583 3984 W IcingCorporaProvider: Corpora registration failed
08-10 11:21:48.540 2848 3142 I ActivityManager: Start proc 4178:com.google.android.gms:car/u0a7 for service com.google.android.gms/.car.CarService
08-10 11:21:48.540 4001 4076 D AlarmScheduler: No events found starting within 1 week.
08-10 11:21:48.541 4129 4129 W Settings: Setting download_manager_max_bytes_over_mobile has moved from android.provider.Settings.Secure to android.provider.Settings.Global.
08-10 11:21:48.541 4129 4129 W Settings: Setting download_manager_recommended_max_bytes_over_mobile has moved from android.provider.Settings.Secure to android.provider.Settings.Global.
08-10 11:21:48.543 3583 3984 I ContactLogger: canRun() : Opted Out
08-10 11:21:48.543 3583 3984 I UpdateIcingCorporaServi: UpdateCorporaTask done [took 45 ms] updated apps [took 21 ms] updated contacts [took 24 ms]
08-10 11:21:48.544 4129 4129 W Finsky : [1] FinskyApp.getCurrentAccount: No account configured on this device.
08-10 11:21:48.544 4129 4129 W Finsky : [1] FinskyApp.getDfeApi: No account configured on this device.
08-10 11:21:48.545 4129 4129 D Finsky : [1] DailyHygiene.inHoldoffPeriod: DailyHygiene holdoff continue
08-10 11:21:48.546 3840 3840 W Launcher: setApplicationContext called twice! old=com.android.launcher3.LauncherApplication@370ffd78 new=com.android.launcher3.LauncherApplication@370ffd78
08-10 11:21:48.546 3822 4199 D PackageBroadcastService: Received broadcast action=android.intent.action.PACKAGE_CHANGED and uri=com.google.android.gsf
08-10 11:21:48.546 4178 4178 I ActivityThread: Switching default density from 160 to 240
08-10 11:21:48.547 4178 4178 W ResourcesManager: Asset path '/system/framework/com.android.media.remotedisplay.jar' does not exist or contains no resources.
08-10 11:21:48.547 4178 4178 W ResourcesManager: Asset path '/system/framework/com.android.location.provider.jar' does not exist or contains no resources.
08-10 11:21:48.548 3822 4050 E JavaBinder: *** Uncaught remote exception! (Exceptions are not yet supported across processes.)
08-10 11:21:48.548 3822 4050 E JavaBinder: java.lang.RuntimeException: android.os.RemoteException
08-10 11:21:48.548 3822 4050 E JavaBinder: at android.os.Parcel.writeException(Parcel.java:1446)
08-10 11:21:48.548 3822 4050 E JavaBinder: at android.os.Binder.execTransact(Binder.java:452)
08-10 11:21:48.548 3822 4050 E JavaBinder: Caused by: android.os.RemoteException
08-10 11:21:48.548 3822 4050 E JavaBinder: at com.google.android.gms.ads.identifier.service.b.a(SourceFile:77)
08-10 11:21:48.548 3822 4050 E JavaBinder: at com.google.android.gms.ads.identifier.a.e.onTransact(SourceFile:63)
08-10 11:21:48.548 3822 4050 E JavaBinder: at android.os.Binder.execTransact(Binder.java:446)
08-10 11:21:48.548 3583 4202 I UpdateIcingCorporaServi: Updating corpora: APPS=com.google.android.gsf, CONTACTS=MAYBE
08-10 11:21:48.548 3822 4201 I PeopleContactsSync: CP2 sync disabled
08-10 11:21:48.549 3822 4052 E Icing : Couldn't handle android.intent.action.PACKAGE_CHANGED intent due to initialization failure.
08-10 11:21:48.551 4178 4178 I MultiDex: VM with version 2.1.0 has multidex support
08-10 11:21:48.551 4178 4178 I MultiDex: install
08-10 11:21:48.551 4178 4178 I MultiDex: VM has multidex support, MultiDex support library is disabled.
08-10 11:21:48.557 4178 4178 I ProviderInstaller: Insert disabled by gate 'gms:security:enable_conscrypt_in_gms_application'
08-10 11:21:48.558 3822 3878 E Icing : Not initialized
08-10 11:21:48.560 3583 4202 E .AppDataSearchProvider: Could not connect to AppDataSearchClient for registerCorpora, error 16
08-10 11:21:48.560 3583 4202 W IcingCorporaProvider: Corpora registration failed
08-10 11:21:48.560 4129 4129 D Finsky : [1] GmsCoreHelper.cleanupNlp: result=false type=4
08-10 11:21:48.562 3583 4202 I ApplicationLogger: canRun() : Opted Out
08-10 11:21:48.562 3583 4202 I UpdateIcingCorporaServi: UpdateCorporaTask done [took 15 ms] updated apps [took 14 ms]
08-10 11:21:48.576 2848 3437 I ActivityManager: Start proc 4208:com.google.process.location/u0a7 for broadcast com.google.android.gms/com.google.android.location.internal.NlpNetworkProviderSettingsUpdateReceiver
08-10 11:21:48.578 4129 4129 D Finsky : [1] RestoreTracker.stopServiceIfDone: Restore complete with 0 success and 0 failed.
08-10 11:21:48.580 4208 4208 I ActivityThread: Switching default density from 160 to 240
08-10 11:21:48.581 4208 4208 W ResourcesManager: Asset path '/system/framework/com.android.media.remotedisplay.jar' does not exist or contains no resources.
08-10 11:21:48.581 4208 4208 W ResourcesManager: Asset path '/system/framework/com.android.location.provider.jar' does not exist or contains no resources.
08-10 11:21:48.584 4208 4208 I MultiDex: VM with version 2.1.0 has multidex support
08-10 11:21:48.584 4208 4208 I MultiDex: install
08-10 11:21:48.584 4208 4208 I MultiDex: VM has multidex support, MultiDex support library is disabled.
08-10 11:21:48.588 4208 4208 I ProviderInstaller: Insert disabled by gate 'gms:security:enable_conscrypt_in_gms_application'
08-10 11:21:48.592 4129 4129 V Finsky : [1] GearheadStateMonitor.onReady: sIsProjecting:false
08-10 11:21:48.593 4178 4198 I CAR.SERVICE: listener not found in list
08-10 11:21:48.594 2848 2848 V BackupManagerService: Connected to transport ComponentInfo{com.google.android.gms/com.google.android.gms.backup.BackupTransportService}
08-10 11:21:48.594 2848 2848 V BackupManagerService: Registering transport com.google.android.gms/.backup.BackupTransportService::com.google.android.gms/.backup.BackupTransportService = com.android.internal.backup.IBackupTransport$Stub$Proxy@204d2bf3
08-10 11:21:48.594 4208 4234 W Backup : [LegacyBackupAccountManager] No google accounts found!
08-10 11:21:48.594 3411 4236 I Backup : [BackupTransportMigratorService] Starting migration...
08-10 11:21:48.596 3411 4236 W Backup : [LegacyBackupAccountManager] No google accounts found!
08-10 11:21:48.596 4208 4208 I GCoreNlp: shouldConfirmNlp, NLP off. Ensuring opt-in disabled
08-10 11:21:48.599 3411 4236 D Backup : [BackupTransportMigratorService] Couldn't find backup account, notifying.
08-10 11:21:48.599 3411 4236 I Backup : [BackupTransportMigratorService] Successfully migrated to use GMS BackupTransportService!
08-10 11:21:48.599 4208 4208 I GCoreUlr: Starting service, intent=Intent { act=com.google.android.location.reporting.ACTION_UPDATE_WORLD cmp=com.google.android.gms/com.google.android.location.reporting.service.DispatchingService (has extras) }, extras=Bundle[{receiverAction=android.location.PROVIDERS_CHANGED}]
08-10 11:21:48.600 3411 3427 I art : Explicit concurrent mark sweep GC freed 3468(218KB) AllocSpace objects, 0(0B) LOS objects, 40% free, 3MB/6MB, paused 623us total 5.658ms
08-10 11:21:48.604 3411 4242 W Backup : [LegacyBackupAccountManager] No google accounts found!
08-10 11:21:48.605 3535 3535 D ExternalStorage: After updating volumes, found 2 active roots
08-10 11:21:48.606 3558 3558 D MediaScannerReceiver: action: android.intent.action.MEDIA_UNMOUNTED path: /storage/usb0
08-10 11:21:48.607 4208 4208 I GCoreUlr: DispatchingService.onCreate()
08-10 11:21:48.610 3840 3840 W Launcher: setApplicationContext called twice! old=com.android.launcher3.LauncherApplication@370ffd78 new=com.android.launcher3.LauncherApplication@370ffd78
08-10 11:21:48.610 3822 4247 D PackageBroadcastService: Received broadcast action=android.intent.action.PACKAGE_CHANGED and uri=org.zeroxlab.util.tscal
08-10 11:21:48.611 3583 4249 I UpdateIcingCorporaServi: Updating corpora: APPS=org.zeroxlab.util.tscal, CONTACTS=MAYBE
08-10 11:21:48.611 3822 4250 I PeopleContactsSync: CP2 sync disabled
08-10 11:21:48.613 3822 4088 E Icing : Couldn't handle android.intent.action.PACKAGE_CHANGED intent due to initialization failure.
08-10 11:21:48.613 3822 3977 E Icing : Not initialized
08-10 11:21:48.613 3583 4249 E .AppDataSearchProvider: Could not connect to AppDataSearchClient for registerCorpora, error 16
08-10 11:21:48.613 3583 4249 W IcingCorporaProvider: Corpora registration failed
08-10 11:21:48.616 3583 4249 I ApplicationLogger: canRun() : Opted Out
08-10 11:21:48.616 3583 4249 I UpdateIcingCorporaServi: UpdateCorporaTask done [took 5 ms] updated apps [took 5 ms]
08-10 11:21:48.624 2848 3449 I ActivityManager: Start proc 4254:com.android.music/u0a52 for broadcast com.android.music/.MediaButtonIntentReceiver
08-10 11:21:48.625 2848 3145 I art : DexFile_isDexOptNeeded file /system/app/Music/x86/Music.odex needs to be relocated for /system/app/Music/Music.apk
08-10 11:21:48.625 2848 3145 I PackageManager: Running patchoat on: com.android.music
08-10 11:21:48.625 4272 4272 E installd: Running /system/bin/patchoat isa=x86 in-fd=5 (/system/app/Music/x86/Music.odex) out-fd=6 (/data/dalvik-cache/x86/system@app@Music@Music.apk@classes.dex)
08-10 11:21:48.631 4254 4254 I ActivityThread: Switching default density from 160 to 240
08-10 11:21:48.634 3822 3822 I SystemUpdateService: receiver: Intent { act=android.os.UpdateLock.UPDATE_LOCK_CHANGED flg=0x4000010 cmp=com.google.android.gms/.update.SystemUpdateService$ActiveReceiver (has extras) }
08-10 11:21:48.636 3535 3535 D ExternalStorage: After updating volumes, found 2 active roots
08-10 11:21:48.636 3558 3558 D MediaScannerReceiver: action: android.intent.action.MEDIA_MOUNTED path: /storage/usb1
08-10 11:21:48.640 3411 3411 D GCM : COMPAT: Multi user ser=0 current=0
08-10 11:21:48.657 2848 3448 I ActivityManager: Start proc 4277:com.google.android.gms.wearable/u0a7 for service com.google.android.gms/.wearable.service.WearableService
08-10 11:21:48.663 3822 3822 I SubscribedFeeds: Setting ComponentInfo{com.google.android.gms/com.google.android.gms.subscribedfeeds.SyncService} to enum: 2
08-10 11:21:48.664 3411 3411 I GoogleURLConnFactory: Using platform SSLCertificateSocketFactory
08-10 11:21:48.667 4277 4277 I ActivityThread: Switching default density from 160 to 240
08-10 11:21:48.668 4277 4277 W ResourcesManager: Asset path '/system/framework/com.android.media.remotedisplay.jar' does not exist or contains no resources.
08-10 11:21:48.668 4277 4277 W ResourcesManager: Asset path '/system/framework/com.android.location.provider.jar' does not exist or contains no resources.
08-10 11:21:48.672 4277 4277 I MultiDex: VM with version 2.1.0 has multidex support
08-10 11:21:48.672 4277 4277 I MultiDex: install
08-10 11:21:48.672 4277 4277 I MultiDex: VM has multidex support, MultiDex support library is disabled.
08-10 11:21:48.674 4277 4277 I ProviderInstaller: Insert disabled by gate 'gms:security:enable_conscrypt_in_gms_application'
08-10 11:21:48.681 4208 4208 D GeofencerStateMachine: Creating GeofencerStateMachine
08-10 11:21:48.681 4208 4296 I GCoreUlr: WorldUpdater received intent Intent { act=com.google.android.location.reporting.ACTION_UPDATE_WORLD cmp=com.google.android.gms/com.google.android.location.reporting.service.DispatchingService (has extras) } with receiverAction android.location.PROVIDERS_CHANGED
08-10 11:21:48.682 2848 3142 I art : Explicit concurrent mark sweep GC freed 14610(763KB) AllocSpace objects, 1(16KB) LOS objects, 33% free, 8MB/13MB, paused 213us total 11.950ms
08-10 11:21:48.682 2848 2968 D WifiService: New client listening to asynchronous messages
08-10 11:21:48.694 4277 4311 E SQLiteLog: (284) automatic index on assetrefs(dataitems_id)
08-10 11:21:48.700 3411 3411 E GCM : Missing checkin config file
08-10 11:21:48.705 3411 3411 W GCM : GCM FAILED TO INITIALIZE - missing checkin
08-10 11:21:48.705 3411 3411 D GCM : GcmService start Intent { act=com.google.android.gms.INITIALIZE flg=0x10 pkg=com.google.android.gms cmp=com.google.android.gms/.gcm.GcmService } com.google.android.gms.INITIALIZE
08-10 11:21:48.706 3411 3411 D AuthorizationBluetoothService: Received GmsCore event: Intent { act=com.google.android.gms.INITIALIZE flg=0x10 pkg=com.google.android.gms cmp=com.google.android.gms/.auth.be.proximity.authorization.bt.AuthorizationBluetoothService$AutoStarter }.
08-10 11:21:48.706 3411 3411 E AuthorizationBluetoothService: Proximity feature is not enabled.
08-10 11:21:48.707 3822 3822 V GmsCoreStatsServiceLauncher: Received broadcast intent Intent { act=com.google.android.gms.INITIALIZE flg=0x10 pkg=com.google.android.gms cmp=com.google.android.gms/.common.stats.GmsCoreStatsServiceLauncher }
08-10 11:21:48.710 4208 4234 D Backup : [BackupTransportMigratorService] Couldn't find backup account, notifying.
08-10 11:21:48.711 4208 4317 W Settings: Setting airplane_mode_on has moved from android.provider.Settings.System to android.provider.Settings.Global, returning read-only value.
08-10 11:21:48.712 4208 4317 W Settings: Setting airplane_mode_on has moved from android.provider.Settings.System to android.provider.Settings.Global, returning read-only value.
08-10 11:21:48.712 3411 4321 W Backup : [LegacyBackupAccountManager] No google accounts found!
08-10 11:21:48.713 4208 4296 I GCoreUlr: WorldUpdater:android.location.PROVIDERS_CHANGED: Ensuring that reporting is stopped because of reasons: (no Google accounts)
08-10 11:21:48.713 4208 4296 I GCoreUlr: Unbound from all location providers
08-10 11:21:48.715 4208 4208 V GeofencerHelper: Initializing geofence's system cache.
08-10 11:21:48.716 4208 4308 E GeofenceStateCache: Unable to load state, all registered geofences are lost.
08-10 11:21:48.716 4208 4308 I GeofencerStateMachine: Network location disabled.
08-10 11:21:48.718 4208 4208 I GCoreUlr: DispatchingService.onDestroy()
08-10 11:21:48.719 4208 4208 I GCoreUlr: Unbound from all location providers
08-10 11:21:48.723 3411 3411 D GCM : GcmService start Intent { act=com.google.android.gms.INITIALIZE flg=0x10 pkg=com.google.android.gms cmp=com.google.android.gms/.gcm.GcmService } com.google.android.gms.INITIALIZE
08-10 11:21:48.724 3411 3411 D AuthorizationBluetoothService: Received GmsCore event: Intent { act=com.google.android.gms.INITIALIZE flg=0x10 pkg=com.google.android.gms cmp=com.google.android.gms/.auth.be.proximity.authorization.bt.AuthorizationBluetoothService$AutoStarter }.
08-10 11:21:48.724 3411 3411 E AuthorizationBluetoothService: Proximity feature is not enabled.
08-10 11:21:48.725 3822 3822 V GmsCoreStatsServiceLauncher: Received broadcast intent Intent { act=com.google.android.gms.INITIALIZE flg=0x10 pkg=com.google.android.gms cmp=com.google.android.gms/.common.stats.GmsCoreStatsServiceLauncher }
08-10 11:21:48.726 4208 4329 E MDM : [232] b.run: Couldn't connect to Google API client: ConnectionResult{statusCode=API_UNAVAILABLE, resolution=null}
08-10 11:21:48.726 3411 3411 D GCM : GcmService start Intent { act=com.google.android.gms.INITIALIZE flg=0x10 pkg=com.google.android.gms cmp=com.google.android.gms/.gcm.GcmService } com.google.android.gms.INITIALIZE
08-10 11:21:48.727 3411 3411 D AuthorizationBluetoothService: Received GmsCore event: Intent { act=com.google.android.gms.INITIALIZE flg=0x10 pkg=com.google.android.gms cmp=com.google.android.gms/.auth.be.proximity.authorization.bt.AuthorizationBluetoothService$AutoStarter }.
08-10 11:21:48.727 3411 3411 E AuthorizationBluetoothService: Proximity feature is not enabled.
08-10 11:21:48.728 3822 3822 V GmsCoreStatsServiceLauncher: Received broadcast intent Intent { act=com.google.android.gms.INITIALIZE flg=0x10 pkg=com.google.android.gms cmp=com.google.android.gms/.common.stats.GmsCoreStatsServiceLauncher }
08-10 11:21:48.728 4208 4333 E MDM : [233] b.run: Couldn't connect to Google API client: ConnectionResult{statusCode=API_UNAVAILABLE, resolution=null}
08-10 11:21:48.729 2848 2848 D BluetoothManagerService: Retrieving Bluetooth Adapter name and address...
08-10 11:21:48.729 2848 2848 D BluetoothManagerService: getNameAndAddress(): mBluetooth = null mBinding = false
08-10 11:21:48.729 2848 2894 D BluetoothManagerService: Message: 200
08-10 11:21:48.729 2848 2894 D BluetoothManagerService: MESSAGE_GET_NAME_AND_ADDRESS
08-10 11:21:48.729 2848 2894 D BluetoothManagerService: Binding to service to get name and address
08-10 11:21:48.730 3451 4336 D SIP : [SipSharedPreferences] isReceivingCallsEnabled, option not set; use default value, exception: android.provider.Settings$SettingNotFoundException: sip_receive_calls
08-10 11:21:48.730 4208 4335 E MDM : [234] b.run: Couldn't connect to Google API client: ConnectionResult{statusCode=API_UNAVAILABLE, resolution=null}
08-10 11:21:48.740 2848 2894 I ActivityManager: Start proc 4340:com.android.bluetooth/1002 for service com.android.bluetooth/.btservice.AdapterService
08-10 11:21:48.740 2848 2872 I art : DexFile_isDexOptNeeded file /system/app/Bluetooth/x86/Bluetooth.odex needs to be relocated for /system/app/Bluetooth/Bluetooth.apk
08-10 11:21:48.740 2848 2872 I PackageManager: Running patchoat on: com.android.bluetooth
08-10 11:21:48.740 4358 4358 E installd: Running /system/bin/patchoat isa=x86 in-fd=5 (/system/app/Bluetooth/x86/Bluetooth.odex) out-fd=6 (/data/dalvik-cache/x86/system@app@Bluetooth@Bluetooth.apk@classes.dex)
08-10 11:21:48.787 4340 4340 I ActivityThread: Switching default density from 160 to 240
08-10 11:21:48.787 4340 4340 W ResourcesManager: Asset path '/system/framework/javax.obex.jar' does not exist or contains no resources.
08-10 11:21:48.791 3558 4275 W MediaScanner: Error opening directory '/storage/sdcard1/', skipping: Permission denied.
08-10 11:21:48.791 3558 4275 W MediaScanner: Error opening directory '/storage/usb0/', skipping: Permission denied.
08-10 11:21:48.803 2848 4337 I ActivityManager: Start proc 4359:com.android.keychain/1000 for service com.android.keychain/.KeyChainService
08-10 11:21:48.804 4340 4340 D AdapterServiceConfig: Adding HeadsetService
08-10 11:21:48.804 4340 4340 D AdapterServiceConfig: Adding A2dpService
08-10 11:21:48.804 4340 4340 D AdapterServiceConfig: Adding HidService
08-10 11:21:48.804 4340 4340 D AdapterServiceConfig: Adding HealthService
08-10 11:21:48.804 4340 4340 D AdapterServiceConfig: Adding PanService
08-10 11:21:48.804 4340 4340 D AdapterServiceConfig: Adding GattService
08-10 11:21:48.804 4340 4340 D AdapterServiceConfig: Adding BluetoothMapService
08-10 11:21:48.805 2617 2617 I art : Explicit concurrent mark sweep GC freed 709(30KB) AllocSpace objects, 0(0B) LOS objects, 39% free, 1918KB/3MB, paused 41us total 2.829ms
08-10 11:21:48.808 2617 2617 I art : Explicit concurrent mark sweep GC freed 5(160B) AllocSpace objects, 0(0B) LOS objects, 39% free, 1918KB/3MB, paused 42us total 2.726ms
08-10 11:21:48.809 2848 4378 I RecoverySystem: No recovery log file
08-10 11:21:48.810 2848 4378 I BootReceiver: Copying audit failures to DropBox
08-10 11:21:48.810 2848 4378 I BootReceiver: Checking for fsck errors
08-10 11:21:48.811 2617 2617 I art : Explicit concurrent mark sweep GC freed 5(160B) AllocSpace objects, 0(0B) LOS objects, 39% free, 1918KB/3MB, paused 41us total 2.803ms
08-10 11:21:48.812 2848 4378 I BootReceiver: Copying /data/tombstones/tombstone_01 to DropBox (SYSTEM_TOMBSTONE)
08-10 11:21:48.812 3822 4330 I Scheduler: Use PeriodicScheduler
08-10 11:21:48.815 4359 4359 I ActivityThread: Switching default density from 160 to 240
08-10 11:21:48.816 3822 4379 I UploadsDatabaseHelper: Creating database tables at version 33
08-10 11:21:48.817 2848 4378 I BootReceiver: Copying /data/tombstones/tombstone_00 to DropBox (SYSTEM_TOMBSTONE)
08-10 11:21:48.819 2616 2616 I SampleTable: There are reordered frames present.
08-10 11:21:48.829 2848 3599 I ActivityManager: Start proc 4384:com.android.dialer/u0a4 for broadcast com.android.dialer/.calllog.CallLogReceiver
08-10 11:21:48.832 3822 4379 I iu.UploadsManager: #reloadSettings(); account: -1; IU: disabled; IS: disabled; IS account: -1; photoWiFi: true; videoWiFi: true; roam: false; battery: true; size: FULL; maxMobile: 157286400
08-10 11:21:48.832 2848 2894 D BluetoothManagerService: Message: 20
08-10 11:21:48.832 2848 2894 D BluetoothManagerService: Added callback: android.bluetooth.IBluetoothManagerCallback$Stub$Proxy@30f8bb1d:true
08-10 11:21:48.832 4340 4340 D BluetoothAdapterState: make
08-10 11:21:48.833 4340 4340 I bluedroid: init
08-10 11:21:48.833 4340 4403 I BluetoothAdapterState: Entering OffState
08-10 11:21:48.836 2848 3448 I art : DexFile_isDexOptNeeded file /system/priv-app/Dialer/x86/Dialer.odex needs to be relocated for /system/priv-app/Dialer/Dialer.apk
08-10 11:21:48.836 2848 3448 I PackageManager: Running patchoat on: com.android.dialer
08-10 11:21:48.837 4407 4407 E installd: Running /system/bin/patchoat isa=x86 in-fd=5 (/system/priv-app/Dialer/x86/Dialer.odex) out-fd=6 (/data/dalvik-cache/x86/system@priv-app@Dialer@Dialer.apk@classes.dex)
08-10 11:21:48.837 3411 4404 E SQLiteLog: (1) no such table: play_logger_context
08-10 11:21:48.837 3411 4404 I Scheduler: Use PeriodicScheduler
08-10 11:21:48.852 4340 4340 E bt-btif : btif_config_get(L190): assert failed: section && *section && key && *key && name && *name && bytes && type
08-10 11:21:48.871 4340 4340 I bte_conf: bte_load_conf attempt to load stack conf from /etc/bluetooth/bt_stack.conf
08-10 11:21:48.871 4340 4340 I bte_conf: bte_load_ble_conf attempt to load ble stack conf from /etc/bluetooth/ble_stack.conf
08-10 11:21:48.871 4340 4340 E bt_osi_config: config_new unable to open file '/etc/bluetooth/ble_stack.conf': No such file or directory
08-10 11:21:48.871 4340 4340 I bte_conf: bte_load_ble_conf file >/etc/bluetooth/ble_stack.conf< not found
08-10 11:21:48.871 4340 4340 I bluedroid: get_profile_interface socket
08-10 11:21:48.871 4340 4340 I bluedroid: get_profile_interface map_client
08-10 11:21:48.871 4340 4410 I GKI_LINUX: gki_task_entry task_id=1 [BTIF] starting
08-10 11:21:48.872 4340 4410 D BluetoothAdapterProperties: Address is:22:22:A6:48:07:B3
08-10 11:21:48.930 2848 2848 D BluetoothManagerService: Bluetooth Adapter name changed to Android-x86
08-10 11:21:48.930 4340 4410 D BluetoothAdapterProperties: Name is: Android-x86
08-10 11:21:48.930 2848 2848 D BluetoothManagerService: Stored Bluetooth name: Android-x86
08-10 11:21:48.930 2848 2848 D BluetoothManagerService: BluetoothServiceConnection: com.android.bluetooth.btservice.AdapterService
08-10 11:21:48.930 2848 2894 D BluetoothManagerService: Message: 40
08-10 11:21:48.930 2848 2894 D BluetoothManagerService: MESSAGE_BLUETOOTH_SERVICE_CONNECTED: 1
08-10 11:21:48.932 4340 4357 I bluedroid: config_hci_snoop_log
08-10 11:21:48.932 2848 2894 D BluetoothManagerService: Message: 200
08-10 11:21:48.932 2848 2894 D BluetoothManagerService: MESSAGE_GET_NAME_AND_ADDRESS
08-10 11:21:48.932 2848 2894 D BluetoothManagerService: Message: 201
08-10 11:21:48.932 2848 2894 D BluetoothManagerService: MESSAGE_SAVE_NAME_AND_ADDRESS
08-10 11:21:48.932 4384 4384 I ActivityThread: Switching default density from 160 to 240
08-10 11:21:48.933 4340 4403 D BluetoothAdapterState: CURRENT_STATE=OFF, MESSAGE = USER_TURN_ON
08-10 11:21:48.933 4340 4403 D BluetoothAdapterProperties: Setting state to 11
08-10 11:21:48.933 4340 4403 I BluetoothAdapterState: Bluetooth adapter state changed: 10-> 11
08-10 11:21:48.933 4340 4403 D BluetoothBondStateMachine: make
08-10 11:21:48.933 4340 4411 I BluetoothBondStateMachine: StableState(): Entering Off State
08-10 11:21:48.934 4340 4340 D BluetoothAdapterService: getAdapterService() - returning com.android.bluetooth.btservice.AdapterService@13d9ac51
08-10 11:21:48.935 4340 4340 D HeadsetService: Received start request. Starting profile...
08-10 11:21:48.935 4340 4340 I BluetoothHeadsetServiceJni: classInitNative: succeeds
08-10 11:21:48.935 4340 4340 D HeadsetStateMachine: make
08-10 11:21:48.935 4384 4384 D ExtensionsFactory: No custom extensions.
08-10 11:21:48.937 4340 4340 D HeadsetStateMachine: max_hf_connections = 1
08-10 11:21:48.937 4340 4340 I bluedroid: get_profile_interface handsfree
08-10 11:21:48.938 4340 4414 D HeadsetStateMachine: Enter Disconnected: -2, size: 0
08-10 11:21:48.939 4340 4340 D BluetoothAdapterService: getAdapterService() - returning com.android.bluetooth.btservice.AdapterService@13d9ac51
08-10 11:21:48.939 2848 2848 D BluetoothA2dp: Proxy object connected
08-10 11:21:48.939 2848 2848 D BluetoothAdapter: 569156418: getState() : mService = null. Returning STATE_OFF
08-10 11:21:48.939 4340 4340 D A2dpService: Received start request. Starting profile...
08-10 11:21:48.940 4340 4340 I BluetoothAvrcpServiceJni: classInitNative: succeeds
08-10 11:21:48.940 4340 4340 I bluedroid: get_profile_interface avrcp
08-10 11:21:48.940 3186 3186 D BluetoothA2dp: Proxy object connected
08-10 11:21:48.941 3411 4417 V GLSUser : [ AccountStateSummary ] - get() - [isConsistent= true, expectedNames=null, expectedHmacs=*****]
08-10 11:21:48.941 3411 4417 V GLSUser : AccountStateSummary - No changes.
08-10 11:21:48.941 3411 4417 I NotificationStore: file does not exist: /data/data/com.google.android.gms/files/notification_data.dat
08-10 11:21:48.942 4340 4340 E RemoteController: Cannot set synchronization mode on an unregistered RemoteController
08-10 11:21:48.942 4340 4340 I BluetoothA2dpServiceJni: classInitNative: succeeds
08-10 11:21:48.942 4340 4340 D A2dpStateMachine: make
08-10 11:21:48.942 4340 4340 I bluedroid: get_profile_interface a2dp
08-10 11:21:48.942 4340 4420 I GKI_LINUX: gki_task_entry task_id=2 [A2DP-MEDIA] starting
08-10 11:21:48.942 2848 3143 I ActivityManager: Delay finish: com.android.phone/.OtaStartupReceiver
08-10 11:21:48.942 4340 4403 I BluetoothAdapterState: Entering PendingCommandState State: isTurningOn()=true, isTurningOff()=false
08-10 11:21:48.943 4340 4419 D A2dpStateMachine: Enter Disconnected: -2
08-10 11:21:48.943 4340 4340 I BluetoothHidServiceJni: classInitNative: succeeds
08-10 11:21:48.943 3411 4417 I GLSUser : [LoginAccountsChangedIntentService] No need to update account challenges.
08-10 11:21:48.943 4340 4340 D BluetoothAdapterService: getAdapterService() - returning com.android.bluetooth.btservice.AdapterService@13d9ac51
08-10 11:21:48.943 2848 3478 I ActivityManager: Resuming delayed broadcast
08-10 11:21:48.944 2848 2964 D WIFI : Registering NetworkFactory
08-10 11:21:48.944 2848 2964 D WIFI_UT : Registering NetworkFactory
08-10 11:21:48.944 2848 2969 D ConnectivityService: Got NetworkFactory Messenger for WIFI
08-10 11:21:48.944 2848 2969 D ConnectivityService: Got NetworkFactory Messenger for WIFI_UT
08-10 11:21:48.944 2848 2964 D WIFI : got request NetworkRequest [ id=1, legacyType=-1, [ Capabilities: INTERNET&NOT_RESTRICTED&TRUSTED&NOT_VPN] ] with score 0
08-10 11:21:48.944 2848 2964 D WIFI_UT : got request NetworkRequest [ id=1, legacyType=-1, [ Capabilities: INTERNET&NOT_RESTRICTED&TRUSTED&NOT_VPN] ] with score 0
08-10 11:21:48.944 3186 3186 D BluetoothInputDevice: Proxy object connected
08-10 11:21:48.944 4340 4340 D HidService: Received start request. Starting profile...
08-10 11:21:48.944 4340 4340 I bluedroid: get_profile_interface hidhost
08-10 11:21:48.944 4340 4340 D HeadsetStateMachine: Proxy object connected
08-10 11:21:48.944 4340 4340 I BluetoothHealthServiceJni: classInitNative: succeeds
08-10 11:21:48.944 4340 4340 D BluetoothAdapterService: getAdapterService() - returning com.android.bluetooth.btservice.AdapterService@13d9ac51
08-10 11:21:48.945 4340 4340 D HealthService: Received start request. Starting profile...
08-10 11:21:48.945 4340 4340 I bluedroid: get_profile_interface health
08-10 11:21:48.945 4340 4414 D HeadsetStateMachine: Disconnected process message: 10, size: 0
08-10 11:21:48.945 4340 4340 I BluetoothPanServiceJni: classInitNative(L105): succeeds
08-10 11:21:48.945 4340 4340 D BluetoothAdapterService: getAdapterService() - returning com.android.bluetooth.btservice.AdapterService@13d9ac51
08-10 11:21:48.946 4340 4340 D PanService: Received start request. Starting profile...
08-10 11:21:48.946 4340 4340 D BluetoothPanServiceJni: initializeNative(L110): pan
08-10 11:21:48.946 4340 4340 I bluedroid: get_profile_interface pan
08-10 11:21:48.946 3186 3186 D BluetoothPan: BluetoothPAN Proxy object connected
08-10 11:21:48.946 4340 4340 I BtGatt.JNI: classInitNative(L873): classInitNative: Success!
08-10 11:21:48.946 4340 4340 D BluetoothAdapterService: getAdapterService() - returning com.android.bluetooth.btservice.AdapterService@13d9ac51
08-10 11:21:48.946 4340 4340 D BtGatt.DebugUtils: handleDebugAction() action=null
08-10 11:21:48.947 4340 4340 D BtGatt.GattService: Received start request. Starting profile...
08-10 11:21:48.947 4340 4340 D BtGatt.GattService: start()
08-10 11:21:48.947 4340 4340 I bluedroid: get_profile_interface gatt
08-10 11:21:48.947 4340 4340 D BluetoothAdapterService: getAdapterService() - returning com.android.bluetooth.btservice.AdapterService@13d9ac51
08-10 11:21:48.947 4340 4340 D BtGatt.AdvertiseManager: advertise manager created
08-10 11:21:48.949 4340 4340 D BluetoothAdapterService: getAdapterService() - returning com.android.bluetooth.btservice.AdapterService@13d9ac51
08-10 11:21:48.949 4340 4340 D BluetoothMapService: Received start request. Starting profile...
08-10 11:21:48.949 4340 4340 D BluetoothMapService: start()
08-10 11:21:48.949 3186 3186 D BluetoothMap: Proxy object connected
08-10 11:21:48.950 4340 4340 D BluetoothMapEmailSettingsLoader: Found 0 applications
08-10 11:21:48.950 4340 4340 D BluetoothMapEmailAppObserver: createReceiver()
08-10 11:21:48.950 4340 4340 D BluetoothMapEmailAppObserver: initObservers()
08-10 11:21:48.950 4340 4340 D BluetoothMapEmailAppObserver: getEnabledAccountItems()
08-10 11:21:48.950 3822 4330 I PeopleSync: First sync
08-10 11:21:48.951 4340 4403 D BluetoothAdapterState: CURRENT_STATE=PENDING, MESSAGE = STARTED, isTurningOn=true, isTurningOff=false
08-10 11:21:48.951 4340 4403 I bluedroid: enable
08-10 11:21:48.954 3822 4330 I PeopleSync: requestAllFullSyncForDbUpgrade
08-10 11:21:48.957 4340 4403 I bt_hci_bdroid: init
08-10 11:21:48.957 4340 4437 I GKI_LINUX: gki_task_entry task_id=0 [BTU] starting
08-10 11:21:48.957 4340 4437 I bt-btu : btu_task pending for preload complete event
08-10 11:21:48.957 3822 4330 I LocationInitializer: Initializing location.
08-10 11:21:48.957 4340 4403 I bt_vendor: init
08-10 11:21:48.957 4340 4403 I bt_vnd_conf: Attempt to load conf from /etc/bluetooth/bt_vendor.conf
08-10 11:21:48.957 4340 4403 I bt_vnd_conf: vnd_load_conf file >/etc/bluetooth/bt_vendor.conf< not found
08-10 11:21:48.957 4340 4403 D bt_userial: userial_init
08-10 11:21:48.957 4340 4439 I bt_userial_vendor: userial vendor open: opening /dev/ttyO1
08-10 11:21:48.957 4340 4439 E bt_userial_vendor: userial vendor open: unable to open /dev/ttyO1
08-10 11:21:48.958 4340 4439 E bt_userial: userial_open opened wrong number of ports: got 0, expected 1.
08-10 11:21:48.958 4340 4439 E bt_userial: userial_write error writing to serial port: Bad file number
08-10 11:21:48.962 2848 3603 I ActivityManager: Start proc 4428:com.google.android.onetimeinitializer/u0a9 for broadcast com.google.android.onetimeinitializer/.OneTimeInitializerReceiver
08-10 11:21:48.962 2848 3450 I PackageManager: Running dexopt on: /system/priv-app/GoogleOneTimeInitializer/GoogleOneTimeInitializer.apk pkg=com.google.android.onetimeinitializer isa=x86 vmSafeMode=false
08-10 11:21:48.966 4449 4449 I dex2oat : /system/bin/dex2oat --zip-fd=5 --zip-location=/system/priv-app/GoogleOneTimeInitializer/GoogleOneTimeInitializer.apk --oat-fd=6 --oat-location=/data/dalvik-cache/x86/system@priv-app@GoogleOneTimeInitializer@GoogleOneTimeInitializer.apk@classes.dex --instruction-set=x86 --instruction-set-features=default --runtime-arg -Xms64m --runtime-arg -Xmx512m --compiler-filter=interpret-only --swap-fd=7
08-10 11:21:48.972 4449 4449 I dex2oat : Decided to run without swap.
08-10 11:21:48.983 2616 2616 I SampleTable: There are reordered frames present.
08-10 11:21:48.996 4449 4449 I dex2oat : dex2oat took 30.328ms (threads: 4) arena alloc=0B java alloc=401KB native alloc=386KB free=7MB
08-10 11:21:48.998 4208 4208 D GLMSImpl: onGmsCoreInit
08-10 11:21:48.999 3822 4330 W GmsApplication: Using Auth Proxy for data requests.
08-10 11:21:49.000 4428 4428 I ActivityThread: Switching default density from 160 to 240
08-10 11:21:49.002 4428 4428 V OneTimeInitializerReceiver: OneTimeInitializerReceiver.onReceive
08-10 11:21:49.003 4428 4455 V OneTimeService: OneTimeService.onHandleIntent
08-10 11:21:49.003 4428 4455 V OneTimeService: Updating shortcuts
08-10 11:21:49.004 4428 4455 V OneTimeService: updateShortcut: uri=content://com.android.launcher2.settings/favorites?notify=true
08-10 11:21:49.004 3822 4379 I iu.UploadsManager: End new media; added: 0, uploading: 0, time: 172 ms
08-10 11:21:49.004 4428 4455 E ActivityThread: Failed to find provider info for com.android.launcher2.settings
08-10 11:21:49.004 4428 4455 V OneTimeService: updateShortcut: uri=content://com.google.android.launcher.settings/favorites
08-10 11:21:49.020 2848 3145 I ActivityManager: Start proc 4458:com.google.android.googlequicksearchbox/u0a21 for content provider com.google.android.googlequicksearchbox/com.android.launcher3.LauncherProvider
08-10 11:21:49.021 2848 3141 I ActivityManager: Delay finish: com.google.android.partnersetup/.GooglePartnerSetup
08-10 11:21:49.028 4458 4458 I ActivityThread: Switching default density from 160 to 240
08-10 11:21:49.029 3822 4330 E MDM : [190] SitrepService.a: No Google accounts; deferring server state update.
08-10 11:21:49.037 2848 3142 I ActivityManager: Resuming delayed broadcast
08-10 11:21:49.039 2848 2872 I ActivityManager: Delay finish: com.google.android.partnersetup/.RlzPingBroadcastReceiver
08-10 11:21:49.042 2848 3143 I art : Explicit concurrent mark sweep GC freed 10538(706KB) AllocSpace objects, 20(2MB) LOS objects, 33% free, 9MB/13MB, paused 171us total 12.117ms
08-10 11:21:49.051 3822 4487 V AuthZen : Handling intent: com.google.android.gms.GMS_UPDATED
08-10 11:21:49.051 3822 4487 D AuthZenEventHandler: Handling event: com.google.android.gms.GMS_UPDATED
08-10 11:21:49.056 3720 4484 I RlzPingService: Setting next ping for 1439810509045
08-10 11:21:49.062 2848 3143 I ActivityManager: Resuming delayed broadcast
08-10 11:21:49.062 3822 4487 W GmsApplication: Using Auth Proxy for data requests.
08-10 11:21:49.077 2848 3143 I ActivityManager: Start proc 4491:com.android.managedprovisioning/u0a11 for broadcast com.android.managedprovisioning/.BootReminder
08-10 11:21:49.081 4491 4491 I ActivityThread: Switching default density from 160 to 240
08-10 11:21:49.084 2848 3478 I ActivityManager: Killing 3238:com.android.exchange/u0a37 (adj 15): empty #17
08-10 11:21:49.085 3411 3427 I art : Explicit concurrent mark sweep GC freed 8072(467KB) AllocSpace objects, 3(48KB) LOS objects, 24% free, 4MB/5MB, paused 60us total 5.486ms
08-10 11:21:49.099 3822 4330 I NetstatsCollectorService: Scheduling Netstats Collection every 86400 seconds
08-10 11:21:49.115 2848 2870 I ActivityManager: Start proc 4512:com.android.mms/u0a12 for broadcast com.android.mms/.transaction.MmsSystemEventReceiver
08-10 11:21:49.117 3822 4330 I PhenotypeConfigurator: Scheduling Phenotype for one-off execution 5247 seconds from now (1439205709117)
08-10 11:21:49.118 2848 3603 I art : DexFile_isDexOptNeeded file /system/priv-app/Mms/x86/Mms.odex needs to be relocated for /system/priv-app/Mms/Mms.apk
08-10 11:21:49.118 2848 3603 I PackageManager: Running patchoat on: com.android.mms
08-10 11:21:49.119 4533 4533 E installd: Running /system/bin/patchoat isa=x86 in-fd=5 (/system/priv-app/Mms/x86/Mms.odex) out-fd=6 (/data/dalvik-cache/x86/system@priv-app@Mms@Mms.apk@classes.dex)
08-10 11:21:49.119 4208 4532 I NearbySharing: NearbySharingIntentService.onHandleIntent()
08-10 11:21:49.160 2616 2616 I SampleTable: There are reordered frames present.
08-10 11:21:49.171 3822 4330 D LocationInitializer: Restart initialization of location
08-10 11:21:49.173 4512 4512 I ActivityThread: Switching default density from 160 to 240
08-10 11:21:49.174 3822 4330 D LocationInitializer: Restart initialization of location
08-10 11:21:49.174 3822 4330 D LocationInitializer: Restart initialization of location
08-10 11:21:49.175 2848 3437 I ActivityManager: Killing 3604:com.android.settings/1000 (adj 15): empty #17
08-10 11:21:49.204 2848 3450 D CountryDetector: The first listener is added
08-10 11:21:49.208 4512 4512 V Mms : mnc/mcc:
08-10 11:21:49.208 4512 4512 V Mms : tag: bool value: enabledMMS - true
08-10 11:21:49.208 4512 4512 V Mms : tag: int value: maxMessageSize - 307200
08-10 11:21:49.208 4512 4512 V Mms : tag: int value: maxImageHeight - 480
08-10 11:21:49.208 4512 4512 V Mms : tag: int value: maxImageWidth - 640
08-10 11:21:49.208 4512 4512 V Mms : tag: int value: defaultSMSMessagesPerThread - 10000
08-10 11:21:49.208 4512 4512 V Mms : tag: int value: defaultMMSMessagesPerThread - 1000
08-10 11:21:49.208 4512 4512 V Mms : tag: int value: minMessageCountPerThread - 10
08-10 11:21:49.208 4512 4512 V Mms : tag: int value: maxMessageCountPerThread - 5000
08-10 11:21:49.208 4512 4512 V Mms : tag: string value: uaProfUrl - http://www.google.com/oha/rdf/ua-profile-kila.xml
08-10 11:21:49.208 4512 4512 V Mms : tag: int value: recipientLimit - -1
08-10 11:21:49.208 4512 4512 V Mms : tag: bool value: enableMultipartSMS - true
08-10 11:21:49.208 4512 4512 V Mms : tag: int value: smsToMmsTextThreshold - -1
08-10 11:21:49.208 4512 4512 V Mms : tag: bool value: enableSlideDuration - true
08-10 11:21:49.208 4512 4512 V Mms : tag: int value: maxMessageTextSize - -1
08-10 11:21:49.227 2848 3145 I ActivityManager: Start proc 4548:com.android.onetimeinitializer/u0a14 for broadcast com.android.onetimeinitializer/.OneTimeInitializerReceiver
08-10 11:21:49.228 4512 4546 D ConnectivityManager: getMobileDataEnabled()+ subId=-1
08-10 11:21:49.229 3451 3468 D PhoneInterfaceManager: [PhoneIntfMgr] getDataEnabled: subId=-1 phoneId=-1
08-10 11:21:49.229 3451 3468 E PhoneInterfaceManager: [PhoneIntfMgr] getDataEnabled: no phone subId=-1 retVal=false
08-10 11:21:49.229 4512 4546 D ConnectivityManager: getMobileDataEnabled()- subId=-1 retVal=false
08-10 11:21:49.231 2848 3448 I art : DexFile_isDexOptNeeded file /system/priv-app/OneTimeInitializer/x86/OneTimeInitializer.odex needs to be relocated for /system/priv-app/OneTimeInitializer/OneTimeInitializer.apk
08-10 11:21:49.231 2848 3448 I PackageManager: Running patchoat on: com.android.onetimeinitializer
08-10 11:21:49.231 4512 4546 D ConnectivityManager: getMobileDataEnabled()+ subId=-1
08-10 11:21:49.231 4566 4566 E installd: Running /system/bin/patchoat isa=x86 in-fd=5 (/system/priv-app/OneTimeInitializer/x86/OneTimeInitializer.odex) out-fd=6 (/data/dalvik-cache/x86/system@priv-app@OneTimeInitializer@OneTimeInitializer.apk@classes.dex)
08-10 11:21:49.234 3451 3469 D PhoneInterfaceManager: [PhoneIntfMgr] getDataEnabled: subId=-1 phoneId=-1
08-10 11:21:49.234 3451 3469 E PhoneInterfaceManager: [PhoneIntfMgr] getDataEnabled: no phone subId=-1 retVal=false
08-10 11:21:49.234 4512 4546 D ConnectivityManager: getMobileDataEnabled()- subId=-1 retVal=false
08-10 11:21:49.235 4512 4545 D Mms : cancelNotification
08-10 11:21:49.235 4548 4548 I ActivityThread: Switching default density from 160 to 240
08-10 11:21:49.235 3451 3786 D MmsSmsDatabaseHelper: [MmsSmsDb] tableName: threads hasAutoIncrement: CREATE TABLE threads (_id INTEGER PRIMARY KEY AUTOINCREMENT,date INTEGER DEFAULT 0,message_count INTEGER DEFAULT 0,recipient_ids TEXT,snippet TEXT,snippet_cs INTEGER DEFAULT 0,read INTEGER DEFAULT 1,archived INTEGER DEFAULT 0,type INTEGER DEFAULT 0,error INTEGER DEFAULT 0,has_attachment INTEGER DEFAULT 0) result: true
08-10 11:21:49.236 3451 3786 D MmsSmsDatabaseHelper: [MmsSmsDb] tableName: canonical_addresses hasAutoIncrement: CREATE TABLE canonical_addresses (_id INTEGER PRIMARY KEY AUTOINCREMENT,address TEXT) result: true
08-10 11:21:49.236 3451 3786 D MmsSmsDatabaseHelper: [MmsSmsDb] tableName: part hasAutoIncrement: CREATE TABLE part (_id INTEGER PRIMARY KEY AUTOINCREMENT,mid INTEGER,seq INTEGER DEFAULT 0,ct TEXT,name TEXT,chset INTEGER,cd TEXT,fn TEXT,cid TEXT,cl TEXT,ctt_s INTEGER,ctt_t TEXT,_data TEXT,text TEXT) result: true
08-10 11:21:49.236 3451 3786 D MmsSmsDatabaseHelper: [MmsSmsDb] tableName: pdu hasAutoIncrement: CREATE TABLE pdu (_id INTEGER PRIMARY KEY AUTOINCREMENT,thread_id INTEGER,date INTEGER,date_sent INTEGER DEFAULT 0,msg_box INTEGER,read INTEGER DEFAULT 0,m_id TEXT,sub TEXT,sub_cs INTEGER,ct_t TEXT,ct_l TEXT,exp INTEGER,m_cls TEXT,m_type INTEGER,v INTEGER,m_size INTEGER,pri INTEGER,rr INTEGER,rpt_a INTEGER,resp_st INTEGER,st INTEGER,tr_id TEXT,retr_st INTEGER,retr_txt TEXT,retr_txt_cs INTEGER,read_status INTEGER,ct_cls INTEGER,resp_txt TEXT,d_tm INTEGER,d_rpt INTEGER,locked INTEGER DEFAULT 0,sub_id INTEGER DEFAULT -1, seen INTEGER DEFAULT 0,creator TEXT,text_only INTEGER DEFAULT 0) result: true
08-10 11:21:49.236 3451 3786 D MmsSmsDatabaseHelper: [getWritableDatabase] hasAutoIncrementThreads: true hasAutoIncrementAddresses: true hasAutoIncrementPart: true hasAutoIncrementPdu: true
08-10 11:21:49.236 4548 4548 V OneTimeInitializerRece: OneTimeInitializerReceiver.onReceive
08-10 11:21:49.238 4548 4567 I OneTimeInitializerServ: Updating to version 1.
08-10 11:21:49.238 4548 4567 E ActivityThread: Failed to find provider info for com.android.launcher2.settings
08-10 11:21:49.238 2848 3144 I ActivityManager: Killing 3489:com.android.printspooler/u0a58 (adj 15): empty #17
08-10 11:21:49.253 3411 3411 V GLSUser : [LoginAccountsChangedWakefulBroadcastReceiver] recieved broadcast intent with action: android.intent.action.BOOT_COMPLETED
08-10 11:21:49.254 2848 3437 I ActivityManager: Delay finish: com.google.android.gms/.auth.be.change.LoginAccountsChangedWakefulBroadcastReceiver
08-10 11:21:49.255 3411 4572 I GLSUser : [LoginAccountsChangedIntentService] No need to update account challenges.
08-10 11:21:49.255 2848 3449 I ActivityManager: Resuming delayed broadcast
