08-10 11:26:02.830 6548 6635 I EventHub: New device: id=3, fd=85, path='/dev/input/event3', name='AT Translated Set 2 keyboard', classes=0x3, configuration='', keyLayout='/system/usr/keylayout/Generic.kl', keyCharacterMap='/system/usr/keychars/Generic.kcm', builtinKeyboard=false, wakeMechanism=EPOLLWAKEUP, usingClockIoctl=true
08-10 11:26:02.838 6548 6641 I GRALLOC-RADEON: detected chipset 0x679a family 0x35 (vram size -1060MiB, gart size 1019MiB)
08-10 11:26:02.838 6548 6641 I GRALLOC-DRM: create radeon for driver radeon
08-10 11:26:02.841 6548 6641 I OpenGLRenderer: Initialized EGL, version 1.4
08-10 11:26:02.842 6548 6641 D OpenGLRenderer: Enabling debug mode 0
08-10 11:26:02.843 6639 6639 I dex2oat : Decided to run without swap.
08-10 11:26:02.880 6548 6635 E EventHub: could not get driver version for /dev/input/mice, Not a typewriter
08-10 11:26:02.881 6317 6317 I CameraService: CameraService started (pid=6317)
08-10 11:26:02.881 6317 6317 D Camera_Factory: CameraFactory::CameraFactory
08-10 11:26:02.881 6317 6317 D Camera_Factory: CameraFactory::parseConfig: configFile = /etc/camera.cfg
08-10 11:26:02.881 6317 6317 D Camera_Factory: /etc/camera.cfg not found, using camera configuration defaults
08-10 11:26:02.881 6317 6317 I CameraService: Loaded "Camera Module" camera module
08-10 11:26:02.881 6317 6317 D Camera_Factory: CameraFactory::get_number_of_cameras
08-10 11:26:02.881 6317 6317 D Camera_Factory: CameraFactory::getCameraNum: 0
08-10 11:26:02.881 6317 6317 I AudioPolicyService: AudioPolicyService CSTOR in new mode
08-10 11:26:02.881 6317 6317 I AudioPolicyManager: loadAudioPolicyConfig() loaded /system/etc/audio_policy.conf
08-10 11:26:02.882 6317 6317 E audio_hw_primary: Failed to open /system/etc/mixer_paths.xml
08-10 11:26:02.882 6317 6317 I AudioFlinger: loadHwModule() Loaded primary audio interface from Grouper audio HW HAL (audio) handle 1
08-10 11:26:02.882 6317 6317 I AudioFlinger: HAL output buffer size 512 frames, normal sink buffer size 1024 frames
08-10 11:26:02.882 6317 6317 I AudioMixer: found effect "Multichannel Downmix To Stereo" from The Android Open Source Project
08-10 11:26:02.882 6317 6317 E MonoPipe: Failed to fetch local time frequency when constructing a MonoPipe (res = -32). getNextWriteTimestamp calls will be non-functional
08-10 11:26:02.882 6317 6317 I AudioFlinger: Using module 1 has the primary audio interface
08-10 11:26:02.884 6317 6652 I AudioFlinger: AudioFlinger's thread 0xb58a7000 ready to run
08-10 11:26:02.884 1809 3013 I SurfaceFlinger: Boot is finished (310145 ms)
08-10 11:26:02.884 6317 6653 I AudioFlinger: AudioFlinger's thread 0xb593b000 ready to run
08-10 11:26:02.884 6317 6317 I audio_a2dp_hw: adev_open: adev_open in A2dp_hw module
08-10 11:26:02.884 6317 6317 I AudioFlinger: loadHwModule() Loaded a2dp audio interface from A2DP Audio HW HAL (audio) handle 4
08-10 11:26:02.884 6317 6317 I AudioFlinger: loadHwModule() Loaded usb audio interface from USB audio HW HAL (audio) handle 5
08-10 11:26:02.885 6317 6317 E SoundTriggerHwService: couldn't load sound trigger module sound_trigger.primary (No such file or directory)
08-10 11:26:02.898 6548 6635 D EventHub: No input device configuration file found for device 'HDA Intel PCH Line Out CLFE'.
08-10 11:26:02.898 6548 6635 I EventHub: New device: id=4, fd=87, path='/dev/input/event8', name='HDA Intel PCH Line Out CLFE', classes=0x80, configuration='', keyLayout='', keyCharacterMap='', builtinKeyboard=false, wakeMechanism=EPOLLWAKEUP, usingClockIoctl=true
08-10 11:26:02.898 6548 6635 D EventHub: No input device configuration file found for device 'HDA Intel PCH Line Out Surround'.
08-10 11:26:02.898 6548 6635 I EventHub: New device: id=5, fd=91, path='/dev/input/event7', name='HDA Intel PCH Line Out Surround', classes=0x80, configuration='', keyLayout='', keyCharacterMap='', builtinKeyboard=false, wakeMechanism=EPOLLWAKEUP, usingClockIoctl=true
08-10 11:26:02.898 6548 6635 D EventHub: No input device configuration file found for device 'HDA Intel PCH Line Out Front'.
08-10 11:26:02.898 6548 6635 I EventHub: New device: id=6, fd=92, path='/dev/input/event6', name='HDA Intel PCH Line Out Front', classes=0x80, configuration='', keyLayout='', keyCharacterMap='', builtinKeyboard=false, wakeMechanism=EPOLLWAKEUP, usingClockIoctl=true
08-10 11:26:02.898 6548 6635 D EventHub: No input device configuration file found for device 'HDA Intel PCH Line'.
08-10 11:26:02.898 6548 6635 I EventHub: New device: id=7, fd=93, path='/dev/input/event5', name='HDA Intel PCH Line', classes=0x80, configuration='', keyLayout='', keyCharacterMap='', builtinKeyboard=false, wakeMechanism=EPOLLWAKEUP, usingClockIoctl=true
08-10 11:26:02.898 6548 6635 D EventHub: No input device configuration file found for device 'HDA Intel PCH Rear Mic'.
08-10 11:26:02.898 6548 6635 I EventHub: New device: id=8, fd=94, path='/dev/input/event4', name='HDA Intel PCH Rear Mic', classes=0x80, configuration='', keyLayout='', keyCharacterMap='', builtinKeyboard=false, wakeMechanism=EPOLLWAKEUP, usingClockIoctl=true
08-10 11:26:02.924 5948 5955 F libc : Fatal signal 11 (SIGSEGV), code 1, fault addr 0xb540d54f in tid 5955 (BootAnimation)
08-10 11:26:02.949 6548 6635 E EventHub: could not get driver version for /dev/input/mouse0, Not a typewriter
08-10 11:26:02.974 1813 1813 E DEBUG : unexpected waitpid response: n=5955, status=00000000
08-10 11:26:02.974 1813 1813 E DEBUG : tid exited before attach completed: tid 5955
08-10 11:26:02.983 6639 6639 I dex2oat : dex2oat took 178.527ms (threads: 4) arena alloc=0B java alloc=4MB native alloc=637KB free=7MB
08-10 11:26:02.984 6548 6548 I SystemServer: LockSettingsService
08-10 11:26:02.985 6548 6548 I SystemServiceManager: Starting com.android.server.devicepolicy.DevicePolicyManagerService$Lifecycle
08-10 11:26:02.985 6548 6548 I SystemServer: Status Bar
08-10 11:26:02.986 6548 6548 I SystemServer: Clipboard Service
08-10 11:26:02.986 6548 6548 I SystemServer: NetworkManagement Service
08-10 11:26:02.988 6548 6548 I SystemServer: Text Service Manager Service
08-10 11:26:02.989 6548 6548 I SystemServer: Network Score Service
08-10 11:26:02.989 6548 6548 I SystemServer: NetworkStats Service
08-10 11:26:02.991 6548 6548 I SystemServer: NetworkPolicy Service
08-10 11:26:02.993 6548 6548 I SystemServiceManager: Starting com.android.server.wifi.p2p.WifiP2pService
08-10 11:26:02.996 6548 6548 I WifiP2pService: Registering wifip2p
08-10 11:26:02.996 6548 6548 I SystemServiceManager: Starting com.android.server.wifi.WifiService
08-10 11:26:03.018 6548 6635 D EventHub: No input device configuration file found for device 'Microsoft Microsoft Wheel Mouse Optical®'.
08-10 11:26:03.018 6548 6635 I EventHub: New device: id=9, fd=95, path='/dev/input/event2', name='Microsoft Microsoft Wheel Mouse Optical®', classes=0x80000008, configuration='', keyLayout='', keyCharacterMap='', builtinKeyboard=false, wakeMechanism=EPOLLWAKEUP, usingClockIoctl=true
08-10 11:26:03.018 6548 6635 D EventHub: No input device configuration file found for device 'HDA ATI HDMI HDMI/DP,pcm=11'.
08-10 11:26:03.018 6548 6635 I EventHub: New device: id=10, fd=110, path='/dev/input/event14', name='HDA ATI HDMI HDMI/DP,pcm=11', classes=0x80, configuration='', keyLayout='', keyCharacterMap='', builtinKeyboard=false, wakeMechanism=EPOLLWAKEUP, usingClockIoctl=true
08-10 11:26:03.018 6548 6635 D EventHub: No input device configuration file found for device 'HDA ATI HDMI HDMI/DP,pcm=10'.
08-10 11:26:03.018 6548 6635 I EventHub: New device: id=11, fd=111, path='/dev/input/event13', name='HDA ATI HDMI HDMI/DP,pcm=10', classes=0x80, configuration='', keyLayout='', keyCharacterMap='', builtinKeyboard=false, wakeMechanism=EPOLLWAKEUP, usingClockIoctl=true
08-10 11:26:03.018 6548 6635 D EventHub: No input device configuration file found for device 'HDA ATI HDMI HDMI/DP,pcm=9'.
08-10 11:26:03.018 6548 6635 I EventHub: New device: id=12, fd=112, path='/dev/input/event12', name='HDA ATI HDMI HDMI/DP,pcm=9', classes=0x80, configuration='', keyLayout='', keyCharacterMap='', builtinKeyboard=false, wakeMechanism=EPOLLWAKEUP, usingClockIoctl=true
08-10 11:26:03.018 6548 6635 D EventHub: No input device configuration file found for device 'HDA ATI HDMI HDMI/DP,pcm=8'.
08-10 11:26:03.018 6548 6635 I EventHub: New device: id=13, fd=113, path='/dev/input/event11', name='HDA ATI HDMI HDMI/DP,pcm=8', classes=0x80, configuration='', keyLayout='', keyCharacterMap='', builtinKeyboard=false, wakeMechanism=EPOLLWAKEUP, usingClockIoctl=true
08-10 11:26:03.018 6548 6635 D EventHub: No input device configuration file found for device 'HDA ATI HDMI HDMI/DP,pcm=7'.
08-10 11:26:03.019 6548 6635 I EventHub: New device: id=14, fd=114, path='/dev/input/event10', name='HDA ATI HDMI HDMI/DP,pcm=7', classes=0x80, configuration='', keyLayout='', keyCharacterMap='', builtinKeyboard=false, wakeMechanism=EPOLLWAKEUP, usingClockIoctl=true
08-10 11:26:03.019 6548 6635 D EventHub: No input device configuration file found for device 'HDA ATI HDMI HDMI/DP,pcm=3'.
08-10 11:26:03.019 6548 6635 I EventHub: New device: id=15, fd=115, path='/dev/input/event9', name='HDA ATI HDMI HDMI/DP,pcm=3', classes=0x80, configuration='', keyLayout='', keyCharacterMap='', builtinKeyboard=false, wakeMechanism=EPOLLWAKEUP, usingClockIoctl=true
08-10 11:26:03.019 6548 6635 I InputReader: Device added: id=-1, name='Virtual', sources=0x00000301
08-10 11:26:03.020 6548 6635 I InputReader: Device added: id=15, name='HDA ATI HDMI HDMI/DP,pcm=3', sources=0x80000000
08-10 11:26:03.020 6548 6635 I InputReader: Device added: id=14, name='HDA ATI HDMI HDMI/DP,pcm=7', sources=0x80000000
08-10 11:26:03.020 6548 6635 I InputReader: Device added: id=13, name='HDA ATI HDMI HDMI/DP,pcm=8', sources=0x80000000
08-10 11:26:03.020 6548 6635 I InputReader: Device added: id=12, name='HDA ATI HDMI HDMI/DP,pcm=9', sources=0x80000000
08-10 11:26:03.020 6548 6635 I InputReader: Device added: id=11, name='HDA ATI HDMI HDMI/DP,pcm=10', sources=0x80000000
08-10 11:26:03.020 6548 6635 I InputReader: Device added: id=10, name='HDA ATI HDMI HDMI/DP,pcm=11', sources=0x80000000
08-10 11:26:03.021 6548 6635 I InputReader: Device added: id=9, name='Microsoft Microsoft Wheel Mouse Optical®', sources=0x00002002
08-10 11:26:03.021 6548 6635 I InputReader: Device added: id=8, name='HDA Intel PCH Rear Mic', sources=0x80000000
08-10 11:26:03.021 6548 6635 I InputReader: Device added: id=7, name='HDA Intel PCH Line', sources=0x80000000
08-10 11:26:03.021 6548 6635 I InputReader: Device added: id=6, name='HDA Intel PCH Line Out Front', sources=0x80000000
08-10 11:26:03.021 6548 6635 I InputReader: Device added: id=5, name='HDA Intel PCH Line Out Surround', sources=0x80000000
08-10 11:26:03.021 6548 6635 I InputReader: Device added: id=4, name='HDA Intel PCH Line Out CLFE', sources=0x80000000
08-10 11:26:03.021 6548 6635 I InputReader: Device added: id=3, name='AT Translated Set 2 keyboard', sources=0x00000101
08-10 11:26:03.021 6548 6635 I InputReader: Device added: id=1, name='Android Power Button', sources=0x00000101
08-10 11:26:03.021 6548 6635 I InputReader: Reconfiguring input devices. changes=0x00000004
08-10 11:26:03.021 6548 6634 I ActivityManager: Config changes=30 {1.0 ?mcc?mnc en_US ldltr sw960dp w1280dp h886dp 240dpi xlrg land ?uimode ?night -touch qwerty/v/v -nav/h s.5}
08-10 11:26:03.023 6548 6548 E WifiConfigStore: associatedPartialScanPeriodMilli set to 20000
08-10 11:26:03.026 6548 6548 D WifiController: isAirplaneModeOn = false, isWifiEnabled = true, isScanningAvailable = false
08-10 11:26:03.026 6548 6548 I WifiService: Registering wifi
08-10 11:26:03.027 6548 6548 I SystemServiceManager: Starting com.android.server.wifi.WifiScanningService
08-10 11:26:03.027 6548 6548 I WifiScanningService: Creating wifiscanner
08-10 11:26:03.027 6548 6548 I WifiScanningService: Starting wifiscanner
08-10 11:26:03.027 6548 6548 I SystemServiceManager: Starting com.android.server.wifi.RttService
08-10 11:26:03.027 6548 6548 I RttService: Creating rttmanager
08-10 11:26:03.027 6548 6548 I RttService: Starting rttmanager
08-10 11:26:03.027 6548 6548 I SystemServiceManager: Starting com.android.server.ethernet.EthernetService
08-10 11:26:03.028 6548 6548 I EthernetServiceImpl: Creating EthernetConfigStore
08-10 11:26:03.028 6548 6548 E IpConfigStore: Error parsing configuration: java.io.FileNotFoundException: /data/misc/ethernet/ipconfig.txt: open failed: ENOENT (No such file or directory)
08-10 11:26:03.028 6548 6548 W EthernetConfigStore: No Ethernet configuration found. Using default.
08-10 11:26:03.028 6548 6548 I EthernetServiceImpl: Read stored IP configuration: IP assignment: DHCP
08-10 11:26:03.028 6548 6548 I EthernetServiceImpl: Proxy settings: NONE
08-10 11:26:03.028 6548 6548 I EthernetService: Registering service ethernet
08-10 11:26:03.028 6548 6548 I SystemServer: Connectivity Service
08-10 11:26:03.029 6548 6548 D ConnectivityService: ConnectivityService starting up
08-10 11:26:03.030 6548 6548 D ConnectivityService: wifiOnly=false
08-10 11:26:03.030 6548 6548 E ConnectivityService: Ignoring protectedNetwork 14
08-10 11:26:03.030 6548 6548 E ConnectivityService: Ignoring protectedNetwork 15
08-10 11:26:03.032 6548 6548 I SystemServer: Network Service Discovery Service
08-10 11:26:03.032 6548 6548 D NsdService: Network service discovery enabled true
08-10 11:26:03.033 6548 6548 I SystemServer: UpdateLock Service
08-10 11:26:03.036 6548 6548 I SystemServiceManager: Starting com.android.server.notification.NotificationManagerService
08-10 11:26:03.040 6548 6548 D ZenLog : set_zen_mode: off,setting
08-10 11:26:03.040 6548 6548 I SystemServiceManager: Starting com.android.server.storage.DeviceStorageMonitorService
08-10 11:26:03.041 6548 6548 I SystemServer: Location Manager
08-10 11:26:03.041 6548 6548 I SystemServer: Country Detector
08-10 11:26:03.042 6548 6548 I SystemServer: Search Service
08-10 11:26:03.042 6548 6548 I SystemServer: DropBox Service
08-10 11:26:03.042 6548 6548 I SystemServer: Wallpaper Service
08-10 11:26:03.043 6548 6548 I SystemServer: Audio Service
08-10 11:26:03.045 6548 6548 W TelecomManager: Telecom Service not found.
08-10 11:26:03.047 6548 6548 I SystemServiceManager: Starting com.android.server.DockObserver
08-10 11:26:03.048 6548 6548 W DockObserver: This kernel does not have dock station support
08-10 11:26:03.048 6548 6548 I SystemServer: Wired Accessory Manager
08-10 11:26:03.048 6548 6548 W WiredAccessoryManager: This kernel does not have usb audio support
08-10 11:26:03.048 6548 6548 W WiredAccessoryManager: This kernel does not have HDMI audio support
08-10 11:26:03.048 6548 6548 I SystemServiceManager: Starting com.android.server.usb.UsbService$Lifecycle
08-10 11:26:03.049 6548 6548 I SystemServer: Serial Service
08-10 11:26:03.049 6548 6548 I SystemServiceManager: Starting com.android.server.twilight.TwilightService
08-10 11:26:03.050 6548 6548 I SystemServiceManager: Starting com.android.server.UiModeManagerService
08-10 11:26:03.050 6548 6548 I SystemServiceManager: Starting com.android.server.job.JobSchedulerService
08-10 11:26:03.052 6548 6548 I SystemServiceManager: Starting com.android.server.backup.BackupManagerService$Lifecycle
08-10 11:26:03.052 6548 6548 I SystemServiceManager: Starting com.android.server.appwidget.AppWidgetService
08-10 11:26:03.053 6548 6548 I SystemServiceManager: Starting com.android.server.voiceinteraction.VoiceInteractionManagerService
08-10 11:26:03.053 6548 6548 W SoundTriggerHelper: listModules status=0, # of modules=0
08-10 11:26:03.053 6548 6548 I SystemServer: DiskStats Service
08-10 11:26:03.053 6548 6548 I SystemServer: SamplingProfiler Service
08-10 11:26:03.054 6548 6548 I SystemServer: NetworkTimeUpdateService
08-10 11:26:03.054 6548 6548 I SystemServer: CommonTimeManagementService
08-10 11:26:03.055 6548 6548 I SystemServer: CertBlacklister
08-10 11:26:03.055 6548 6548 I SystemServiceManager: Starting com.android.server.dreams.DreamManagerService
08-10 11:26:03.056 6548 6548 I SystemServer: Assets Atlas Service
08-10 11:26:03.056 6548 6548 I SystemServiceManager: Starting com.android.server.print.PrintManagerService
08-10 11:26:03.057 6548 6668 D AssetAtlas: Loaded configuration: SliceMinArea (768x768) flags=0x2 count=446
08-10 11:26:03.057 6548 6548 I SystemServiceManager: Starting com.android.server.restrictions.RestrictionsManagerService
08-10 11:26:03.057 6548 6548 I SystemServiceManager: Starting com.android.server.media.MediaSessionService
08-10 11:26:03.058 6548 6548 I SystemServer: Media Router Service
08-10 11:26:03.058 6548 6548 I SystemServiceManager: Starting com.android.server.trust.TrustManagerService
08-10 11:26:03.059 6548 6548 I SystemServiceManager: Starting com.android.server.fingerprint.FingerprintService
08-10 11:26:03.059 6548 6548 V Fingerprint-JNI: nativeInit()
08-10 11:26:03.059 6548 6548 V Fingerprint-JNI: nativeOpenHal()
08-10 11:26:03.059 6548 6548 E Fingerprint-JNI: Can't open fingerprint HW Module, error: -2
08-10 11:26:03.059 6548 6548 I SystemServer: BackgroundDexOptService
08-10 11:26:03.060 6548 6548 I SystemServiceManager: Starting com.android.server.pm.LauncherAppsService
08-10 11:26:03.060 6548 6548 I SystemServiceManager: Starting com.android.server.media.projection.MediaProjectionManagerService
08-10 11:26:03.062 6548 6548 I WindowManager: SAFE MODE not enabled
08-10 11:26:03.062 6548 6548 I SystemServiceManager: Starting com.android.server.MmsServiceBroker
08-10 11:26:03.063 6548 6548 E SQLiteLog: (283) recovered 16 frames from WAL file /data/system/locksettings.db-wal
08-10 11:26:03.064 6548 6548 E LockSettingsStorage: Cannot read file java.io.FileNotFoundException: /data/system/password.key: open failed: ENOENT (No such file or directory)
08-10 11:26:03.064 6548 6548 E LockSettingsStorage: Cannot read file java.io.FileNotFoundException: /data/system/gesture.key: open failed: ENOENT (No such file or directory)
08-10 11:26:03.064 6548 6548 I SystemServiceManager: Starting phase 480
08-10 11:26:03.067 6548 6548 I SystemServiceManager: Starting phase 500
08-10 11:26:03.067 6548 6548 I WifiService: WifiService starting up with Wi-Fi enabled
08-10 11:26:03.067 6548 6548 D WifiService: setWifiEnabled: true pid=6548, uid=1000
08-10 11:26:03.067 6548 6548 E WifiService: Invoking mWifiStateMachine.setWifiEnabled
08-10 11:26:03.067 6548 6660 D WifiController: WifiController msg { when=0 what=155656 target=com.android.internal.util.StateMachine$SmHandler } deferred for 500ms
08-10 11:26:03.067 6548 6668 D AssetAtlas: Rendered atlas in 8.97ms (1.69+7.28ms)
08-10 11:26:03.069 6548 6660 D WifiService: New client listening to asynchronous messages
08-10 11:26:03.069 6548 6548 I WifiScanningService: Registering wifiscanner
08-10 11:26:03.070 6548 6548 D WifiScanningService: New client, channel: null messenger: null
08-10 11:26:03.070 6548 6548 I RttService: Registering rttmanager
08-10 11:26:03.070 6548 6671 D WifiChangeStateMachine: Entering IdleState
08-10 11:26:03.070 6548 6671 D WifiScanningService: DefaultState
08-10 11:26:03.071 6548 6548 I EthernetServiceImpl: Starting Ethernet service
08-10 11:26:03.071 6548 6548 D Ethernet: Registering NetworkFactory
08-10 11:26:03.072 6548 6661 D ConnectivityService: Got NetworkFactory Messenger for Ethernet
08-10 11:26:03.072 6548 6673 D Ethernet: got request NetworkRequest [ id=1, legacyType=-1, [ Capabilities: INTERNET&NOT_RESTRICTED&TRUSTED&NOT_VPN] ] with score 0
08-10 11:26:03.072 6548 6548 D EthernetNetworkFactory: Started tracking interface eth0
08-10 11:26:03.072 6316 6546 D CommandListener: Setting iface cfg
08-10 11:26:03.072 6316 6546 D CommandListener: Trying to bring up eth0
08-10 11:26:03.073 6548 6548 D EthernetNetworkFactory: updateInterface: eth0 link up
08-10 11:26:03.073 6548 6548 I ActivityManager: Config changes=200 {1.0 ?mcc?mnc en_US ldltr sw960dp w1280dp h886dp 240dpi xlrg land -touch qwerty/v/v -nav/h s.6}
08-10 11:26:03.073 6548 6674 I EthernetNetworkFactory: dhcpThread(+eth0): mNetworkInfo=[type: Ethernet[], state: UNKNOWN/IDLE, reason: (unspecified), extra: bc:5f:f4:99:82:b4, roaming: false, failover: false, isAvailable: true, isConnectedToProvisioningNetwork: false]
08-10 11:26:03.073 6548 6570 W BroadcastQueue: pending app [foreground]ProcessRecord{61dee9e 0:android.process.acore/u0a2} died before responding to broadcast
08-10 11:26:03.074 6548 6548 V BackupManagerService: No ancestral data
08-10 11:26:03.074 6548 6548 D BackupManagerService: Now staging backup of com.google.android.googlequicksearchbox
08-10 11:26:03.074 6548 6548 D BackupManagerService: Now staging backup of com.android.browser
08-10 11:26:03.074 6548 6548 D BackupManagerService: Now staging backup of com.android.vending
08-10 11:26:03.074 6548 6548 D BackupManagerService: Now staging backup of android
08-10 11:26:03.074 6548 6548 D BackupManagerService: Now staging backup of com.android.calendar
08-10 11:26:03.074 6548 6548 D BackupManagerService: Now staging backup of com.android.providers.settings
08-10 11:26:03.074 6548 6548 D BackupManagerService: Now staging backup of com.android.sharedstoragebackup
08-10 11:26:03.074 6548 6548 D BackupManagerService: Now staging backup of com.android.dialer
08-10 11:26:03.074 6548 6548 D BackupManagerService: Now staging backup of com.android.providers.userdictionary
08-10 11:26:03.074 6548 6548 V BackupManagerService: Starting with transport android/com.android.internal.backup.LocalTransport
08-10 11:26:03.074 6548 6548 V BackupManagerService: Found transports: 2
08-10 11:26:03.074 6548 6548 I BackupManagerService: Binding to transport host ComponentInfo{android/com.android.internal.backup.LocalTransportService}
08-10 11:26:03.075 6548 6548 I BackupManagerService: Binding to transport host ComponentInfo{com.google.android.gms/com.google.android.gms.backup.BackupTransportService}
08-10 11:26:03.076 6548 6548 I BackupManagerService: Found stale backup journal, scheduling
08-10 11:26:03.079 6548 6548 I AppOps : Pruning old package media/1013: new uid=-1
08-10 11:26:03.079 6548 6548 I ActivityManager: System now ready
08-10 11:26:03.079 6548 6548 I SystemServer: Making services ready
08-10 11:26:03.079 6548 6548 I SystemServiceManager: Starting phase 550
08-10 11:26:03.080 6548 6575 I DisplayManagerService: Display device changed: DisplayDeviceInfo{"Built-in Screen": uniqueId="local:0", 1920 x 1440, 60.000004 fps, supportedRefreshRates [60.000004], density 240, 135.0 x 135.0 dpi, appVsyncOff 0, presDeadline 17666666, touch INTERNAL, rotation 0, type BUILT_IN, state ON, FLAG_DEFAULT_DISPLAY, FLAG_ROTATES_WITH_CONTENT, FLAG_SECURE, FLAG_SUPPORTS_PROTECTED_BUFFERS}
08-10 11:26:03.080 6548 6548 I SystemServer: WebViewFactory preparation
08-10 11:26:03.081 6548 6678 D UsbHostManager: Added device UsbDevice[mName=/dev/bus/usb/004/003,mVendorId=2766,mProductId=4625,mClass=255,mSubclass=255,mProtocol=255,mManufacturerName=ZyDAS,mProductName=USB2.0 WLAN,mSerialNumber=null,mConfigurations=[
08-10 11:26:03.081 6548 6678 D UsbHostManager: UsbConfiguration[mId=1,mName=null,mAttributes=128,mMaxPower=250,mInterfaces=[
08-10 11:26:03.081 6548 6678 D UsbHostManager: UsbInterface[mId=0,mAlternateSetting=0,mName=null,mClass=255,mSubclass=0,mProtocol=0,mEndpoints=[
08-10 11:26:03.081 6548 6678 D UsbHostManager: UsbEndpoint[mAddress=1,mAttributes=2,mMaxPacketSize=512,mInterval=0]
08-10 11:26:03.081 6548 6678 D UsbHostManager: UsbEndpoint[mAddress=130,mAttributes=2,mMaxPacketSize=512,mInterval=0]
08-10 11:26:03.081 6548 6678 D UsbHostManager: UsbEndpoint[mAddress=131,mAttributes=3,mMaxPacketSize=64,mInterval=1]
08-10 11:26:03.081 6548 6678 D UsbHostManager: UsbEndpoint[mAddress=4,mAttributes=3,mMaxPacketSize=64,mInterval=1]]]]
08-10 11:26:03.082 6548 6678 W ContextImpl: Calling a method in the system process without a qualified user: android.app.ContextImpl.sendBroadcast:1327 com.android.server.usb.UsbSettingsManager.deviceAttached:741 com.android.server.usb.UsbHostManager.endUsbDeviceAdded:224 com.android.server.usb.UsbHostManager.monitorUsbHostBus:-2 com.android.server.usb.UsbHostManager.access$000:42
08-10 11:26:03.089 1809 1809 D SurfaceFlinger: Set power mode=2, type=0 flinger=0xb685c000
08-10 11:26:03.089 1809 1809 D SurfaceFlinger: Screen type=0 is already mode=2
08-10 11:26:03.091 6548 6548 I Zygote : Process: zygote socket opened, supported ABIS: x86
08-10 11:26:03.106 6548 6548 I ActivityManager: Start proc 6680:WebViewLoader-x86/1037 [android.webkit.WebViewFactory$RelroFileCreator] for
08-10 11:26:03.106 6548 6570 W BroadcastQueue: pending app [foreground]ProcessRecord{61dee9e 0:android.process.acore/u0a2} died before responding to broadcast
08-10 11:26:03.108 6680 6680 V WebViewFactory: RelroFileCreator (64bit = false), 32-bit lib: /system/app/webview/lib/x86/libwebviewchromium.so, 64-bit lib:
08-10 11:26:03.111 6548 6678 D UsbHostManager: Added device UsbDevice[mName=/dev/bus/usb/003/006,mVendorId=2316,mProductId=4096,mClass=0,mSubclass=0,mProtocol=0,mManufacturerName=,mProductName=,mSerialNumber=12061285001060,mConfigurations=[
08-10 11:26:03.111 6548 6678 D UsbHostManager: UsbConfiguration[mId=1,mName=null,mAttributes=128,mMaxPower=250,mInterfaces=[
08-10 11:26:03.111 6548 6678 D UsbHostManager: UsbInterface[mId=0,mAlternateSetting=0,mName=null,mClass=8,mSubclass=6,mProtocol=80,mEndpoints=[
08-10 11:26:03.111 6548 6678 D UsbHostManager: UsbEndpoint[mAddress=129,mAttributes=2,mMaxPacketSize=512,mInterval=255]
08-10 11:26:03.111 6548 6678 D UsbHostManager: UsbEndpoint[mAddress=2,mAttributes=2,mMaxPacketSize=512,mInterval=255]]]]
08-10 11:26:03.111 6548 6678 W ContextImpl: Calling a method in the system process without a qualified user: android.app.ContextImpl.sendBroadcast:1327 com.android.server.usb.UsbSettingsManager.deviceAttached:741 com.android.server.usb.UsbHostManager.endUsbDeviceAdded:224 com.android.server.usb.UsbHostManager.monitorUsbHostBus:-2 com.android.server.usb.UsbHostManager.access$000:42
08-10 11:26:03.113 6680 6680 I art : System.exit called, status: 0
08-10 11:26:03.113 6680 6680 I AndroidRuntime: VM exiting with result code 0, cleanup skipped.
08-10 11:26:03.117 6548 6570 I ActivityManager: Start proc 6698:android.process.acore/u0a2 for broadcast com.android.providers.contacts/.LocaleChangeReceiver
08-10 11:26:03.132 6548 6548 I ActivityManager: Start proc 6718:com.android.systemui/u0a19 for service com.android.systemui/.SystemUIService
08-10 11:26:03.132 6548 6548 D NetworkManagementService: not enabling bandwidth control
08-10 11:26:03.132 1808 1848 I Vold : /dev/block/vold/8:33 being considered for volume usb0
08-10 11:26:03.132 1808 1848 D Vold : Volume usb0 state changing 1 (Idle-Unmounted) -> 3 (Checking)
08-10 11:26:03.133 6548 6567 I art : DexFile_isDexOptNeeded file /system/priv-app/ContactsProvider/x86/ContactsProvider.odex needs to be relocated for /system/priv-app/ContactsProvider/ContactsProvider.apk
08-10 11:26:03.133 6548 6567 I PackageManager: Running patchoat on: com.android.providers.contacts
08-10 11:26:03.133 6548 6572 D MountService: volume state changed for /storage/usb0 (unmounted -> checking)
08-10 11:26:03.133 6548 6572 D MountService: sendStorageIntent Intent { act=android.intent.action.MEDIA_CHECKING dat=file:///storage/usb0 flg=0x4000000 (has extras) } to UserHandle{-1}
08-10 11:26:03.133 6729 6729 E installd: Running /system/bin/patchoat isa=x86 in-fd=5 (/system/priv-app/ContactsProvider/x86/ContactsProvider.odex) out-fd=6 (/data/dalvik-cache/x86/system@priv-app@ContactsProvider@ContactsProvider.apk@classes.dex)
08-10 11:26:03.134 1808 1848 I fsck_msdos: ** /dev/block/vold/8:33
08-10 11:26:03.134 1808 1848 I fsck_msdos: ** Phase 1 - Read FAT (compare skipped)
08-10 11:26:03.134 1808 1848 I fsck_msdos: Attempting to allocate 7679 KB for FAT
08-10 11:26:03.134 6548 6678 D UsbHostManager: Added device UsbDevice[mName=/dev/bus/usb/003/005,mVendorId=1816,mProductId=1795,mClass=0,mSubclass=0,mProtocol=0,mManufacturerName=TDKMedia,mProductName=TF090 Drive,mSerialNumber=10J9700000001114,mConfigurations=[
08-10 11:26:03.134 6548 6678 D UsbHostManager: UsbConfiguration[mId=1,mName=null,mAttributes=128,mMaxPower=250,mInterfaces=[
08-10 11:26:03.134 6548 6678 D UsbHostManager: UsbInterface[mId=0,mAlternateSetting=0,mName=null,mClass=8,mSubclass=6,mProtocol=80,mEndpoints=[
08-10 11:26:03.134 6548 6678 D UsbHostManager: UsbEndpoint[mAddress=129,mAttributes=2,mMaxPacketSize=512,mInterval=255]
08-10 11:26:03.134 6548 6678 D UsbHostManager: UsbEndpoint[mAddress=2,mAttributes=2,mMaxPacketSize=512,mInterval=255]]]]
08-10 11:26:03.134 6548 6678 W ContextImpl: Calling a method in the system process without a qualified user: android.app.ContextImpl.sendBroadcast:1327 com.android.server.usb.UsbSettingsManager.deviceAttached:741 com.android.server.usb.UsbHostManager.endUsbDeviceAdded:224 com.android.server.usb.UsbHostManager.monitorUsbHostBus:-2 com.android.server.usb.UsbHostManager.access$000:42
08-10 11:26:03.140 6548 6567 I art : DexFile_isDexOptNeeded file /system/app/UserDictionaryProvider/x86/UserDictionaryProvider.odex needs to be relocated for /system/app/UserDictionaryProvider/UserDictionaryProvider.apk
08-10 11:26:03.140 6548 6567 I PackageManager: Running patchoat on: com.android.providers.userdictionary
08-10 11:26:03.140 6548 6548 W NetworkStats: bandwidth controls disabled, unable to track stats
08-10 11:26:03.140 6548 6548 W NetworkPolicy: bandwidth controls disabled, unable to enforce policy
08-10 11:26:03.141 6745 6745 E installd: Running /system/bin/patchoat isa=x86 in-fd=5 (/system/app/UserDictionaryProvider/x86/UserDictionaryProvider.odex) out-fd=6 (/data/dalvik-cache/x86/system@app@UserDictionaryProvider@UserDictionaryProvider.apk@classes.dex)
08-10 11:26:03.145 6548 6568 I art : DexFile_isDexOptNeeded file /system/priv-app/SystemUI/x86/SystemUI.odex needs to be relocated for /system/priv-app/SystemUI/SystemUI.apk
08-10 11:26:03.145 6548 6568 I PackageManager: Running patchoat on: com.android.systemui
08-10 11:26:03.145 6746 6746 E installd: Running /system/bin/patchoat isa=x86 in-fd=5 (/system/priv-app/SystemUI/x86/SystemUI.odex) out-fd=6 (/data/dalvik-cache/x86/system@priv-app@SystemUI@SystemUI.apk@classes.dex)
08-10 11:26:03.145 6698 6698 I ActivityThread: Switching default density from 160 to 240
08-10 11:26:03.151 1808 1848 I fsck_msdos: ** Phase 2 - Check Cluster Chains
08-10 11:26:03.154 6718 6718 I ActivityThread: Switching default density from 160 to 240
08-10 11:26:03.160 6548 6678 D UsbHostManager: Added device UsbDevice[mName=/dev/bus/usb/003/003,mVendorId=1118,mProductId=64,mClass=0,mSubclass=0,mProtocol=0,mManufacturerName=Microsoft,mProductName=Microsoft Wheel Mouse Opticalᆴ,mSerialNumber=null,mConfigurations=[
08-10 11:26:03.160 6548 6678 D UsbHostManager: UsbConfiguration[mId=1,mName=null,mAttributes=160,mMaxPower=50,mInterfaces=[
08-10 11:26:03.160 6548 6678 D UsbHostManager: UsbInterface[mId=0,mAlternateSetting=0,mName=null,mClass=3,mSubclass=1,mProtocol=2,mEndpoints=[
08-10 11:26:03.160 6548 6678 D UsbHostManager: UsbEndpoint[mAddress=129,mAttributes=3,mMaxPacketSize=4,mInterval=10]]]]
08-10 11:26:03.160 6718 6718 V SystemUIService: Starting SystemUI services.
08-10 11:26:03.160 6548 6678 W ContextImpl: Calling a method in the system process without a qualified user: android.app.ContextImpl.sendBroadcast:1327 com.android.server.usb.UsbSettingsManager.deviceAttached:741 com.android.server.usb.UsbHostManager.endUsbDeviceAdded:224 com.android.server.usb.UsbHostManager.monitorUsbHostBus:-2 com.android.server.usb.UsbHostManager.access$000:42
08-10 11:26:03.164 6548 6548 D PermissionMonitor: Monitoring
08-10 11:26:03.167 6698 6748 I ContactLocale: AddressBook Labels [en-US]: [, A, B, C, D, E, F, G, H, I, J, K, L, M, N, O, P, Q, R, S, T, U, V, W, X, Y, Z, Α, Β, Γ, Δ, Ε, Ζ, Η, Θ, Ι, Κ, Λ, Μ, Ν, Ξ, Ο, Π, Ρ, Σ, Τ, Υ, Φ, Χ, Ψ, Ω, , А, Б, В, Г, Д, Ђ, Е, Є, Ж, З, И, І, Ї, Й, Ј, К, Л, Љ, М, Н, Њ, О, П, Р, С, Т, Ћ, У, Ф, Х, Ц, Ч, Џ, Ш, Щ, Ю, Я, , א, ב, ג, ד, ה, ו, ז, ח, ט, י, כ, ל, מ, נ, ס, ע, פ, צ, ק, ר, ש, ת, , ا, ب, ت, ث, ج, ح, خ, د, ذ, ر, ز, س, ش, ص, ض, ط, ظ, ع, غ, ف, ق, ك, ل, م, ن, ه, و, ي, , ก, ข, ฃ, ค, ฅ, ฆ, ง, จ, ฉ, ช, ซ, ฌ, ญ, ฎ, ฏ, ฐ, ฑ, ฒ, ณ, ด, ต, ถ, ท, ธ, น, บ, ป, ผ, ฝ, พ, ฟ, ภ, ม, ย, ร, ฤ, ล, ฦ, ว, ศ, ษ, ส, ห, ฬ, อ, ฮ, , ㄱ, ㄴ, ㄷ, ㄹ, ㅁ, ㅂ, ㅅ, ㅇ, ㅈ, ㅊ, ㅋ, ㅌ, ㅍ, ㅎ, , あ, か, さ, た, な, は, ま, や, ら, わ, #, ]
08-10 11:26:03.168 1808 1848 I fsck_msdos: ** Phase 3 - Checking Directories
08-10 11:26:03.172 1808 1848 I fsck_msdos: ** Phase 4 - Checking for Lost Files
08-10 11:26:03.175 1808 1848 I fsck_msdos: 8632 files, 2854992 free (356874 clusters)
08-10 11:26:03.176 1808 1848 I Vold : Filesystem check completed OK
08-10 11:26:03.177 1808 1848 E Vold : /dev/block/vold/8:33 failed to mount via VFAT (Device or resource busy)
08-10 11:26:03.177 1808 1848 E Vold : Volume usb0 found no suitable devices for mounting :(
08-10 11:26:03.177 1808 1848 D Vold : Volume usb0 state changing 3 (Checking) -> 1 (Idle-Unmounted)
08-10 11:26:03.177 1808 1848 W Vold : Returning OperationFailed - no handler for errno 0
08-10 11:26:03.177 6548 6572 D MountService: volume state changed for /storage/usb0 (checking -> unmounted)
08-10 11:26:03.177 6548 6572 D MountService: sendStorageIntent Intent { act=android.intent.action.MEDIA_UNMOUNTED dat=file:///storage/usb0 flg=0x4000000 (has extras) } to UserHandle{-1}
08-10 11:26:03.177 6548 6636 E MountService: Boot-time mount failed (-1)
08-10 11:26:03.177 6548 6636 E MountService: Boot-time mount failed (-1)
08-10 11:26:03.177 6548 6636 W MountService: Duplicate state transition (mounted -> mounted) for /storage/emulated/0
08-10 11:26:03.179 6548 6568 I ActivityManager: Start proc 6757:com.android.vending/u0a15 for broadcast com.android.vending/com.google.android.finsky.receivers.ClearCacheReceiver
08-10 11:26:03.194 6548 6570 I ActivityManager: Start proc 6776:com.android.externalstorage/u0a6 for broadcast com.android.externalstorage/.MountReceiver
08-10 11:26:03.194 6548 6548 D PermissionMonitor: Users: 1, Apps: 73
08-10 11:26:03.195 6548 6567 I PackageManager: Running dexopt on: /system/priv-app/Phonesky/Phonesky.apk pkg=com.android.vending isa=x86 vmSafeMode=false
08-10 11:26:03.196 6548 6548 I SystemServiceManager: Starting phase 600
08-10 11:26:03.196 6548 6574 D BluetoothManagerService: Message: 20
08-10 11:26:03.196 6548 6574 D BluetoothManagerService: Added callback: android.bluetooth.BluetoothAdapter$1@25f9e60e:true
08-10 11:26:03.196 6548 6665 D BluetoothManagerService: Trying to bind to profile: 1, while Bluetooth was disabled
08-10 11:26:03.196 6548 6574 D BluetoothManagerService: Message: 30
08-10 11:26:03.201 6792 6792 I dex2oat : /system/bin/dex2oat --zip-fd=5 --zip-location=/system/priv-app/Phonesky/Phonesky.apk --oat-fd=6 --oat-location=/data/dalvik-cache/x86/system@priv-app@Phonesky@Phonesky.apk@classes.dex --instruction-set=x86 --instruction-set-features=default --runtime-arg -Xms64m --runtime-arg -Xmx512m --compiler-filter=interpret-only --swap-fd=7
08-10 11:26:03.225 6548 6659 D WifiHW : Unable to unload driver module "zd1211rw": No such file or directory
08-10 11:26:03.317 6792 6792 I dex2oat : Decided to run without swap.
08-10 11:26:03.572 6548 6660 D WifiController: DEFERRED_TOGGLE handled
08-10 11:26:03.576 6548 6659 I WifiHW : got module path /system/lib/modules/4.0.8-android-x86+/kernel/drivers/net/wireless/zd1211rw/zd1211rw.ko
08-10 11:26:03.701 6792 6792 I dex2oat : dex2oat took 500.169ms (threads: 4) arena alloc=0B java alloc=12MB native alloc=975KB free=11MB
08-10 11:26:03.703 6548 6574 D BluetoothManagerService: Message: 30
08-10 11:26:03.703 6548 6717 I art : DexFile_isDexOptNeeded file /system/priv-app/ExternalStorageProvider/x86/ExternalStorageProvider.odex needs to be relocated for /system/priv-app/ExternalStorageProvider/ExternalStorageProvider.apk
08-10 11:26:03.703 6548 6717 I PackageManager: Running patchoat on: com.android.externalstorage
08-10 11:26:03.704 6548 6548 I BackupManagerService: Backup enabled => false
08-10 11:26:03.704 6548 6548 I BackupManagerService: Opting out of backup
08-10 11:26:03.704 6757 6757 I ActivityThread: Switching default density from 160 to 240
08-10 11:26:03.704 6801 6801 E installd: Running /system/bin/patchoat isa=x86 in-fd=5 (/system/priv-app/ExternalStorageProvider/x86/ExternalStorageProvider.odex) out-fd=6 (/data/dalvik-cache/x86/system@priv-app@ExternalStorageProvider@ExternalStorageProvider.apk@classes.dex)
08-10 11:26:03.709 6776 6776 I ActivityThread: Switching default density from 160 to 240
08-10 11:26:03.711 6317 6807 E WVMExtractor: Failed to open libwvm.so: dlopen failed: library "libwvm.so" not found
08-10 11:26:03.711 6776 6776 D ExternalStorage: After updating volumes, found 2 active roots
08-10 11:26:03.714 6317 6317 D NuPlayerDriver: start(0xb584eca0)
08-10 11:26:03.714 6317 6806 I GenericSource: start
08-10 11:26:03.718 6317 6809 W OMXNodeInstance: [e:google.mpeg4.decoder] component does not support metadata mode; using fallback
08-10 11:26:03.718 6317 6809 W OMXNodeInstance: [f:google.h263.decoder] component does not support metadata mode; using fallback
08-10 11:26:03.718 6317 6809 W OMXNodeInstance: [10:google.h264.decoder] component does not support metadata mode; using fallback
08-10 11:26:03.719 6317 6809 D SoftHEVC: Number of CPU cores: 4
08-10 11:26:03.719 6317 6809 D SoftHEVC: Initializing decoder
08-10 11:26:03.719 6317 6809 D SoftHEVC: Set number of cores to 4
08-10 11:26:03.719 6317 6809 D SoftHEVC: Ittiam decoder version number: @(#)Id:HEVCDEC_production Ver:04.01 Released by ITTIAM Build: Jul 18 2015 @ 12:54:46
08-10 11:26:03.719 6317 6809 W OMXNodeInstance: [11:google.hevc.decoder] component does not support metadata mode; using fallback
08-10 11:26:03.719 6317 6809 D SoftHEVC: Freeing codec memory
08-10 11:26:03.719 6317 6809 D SoftHEVC: Number of CPU cores: 4
08-10 11:26:03.719 6317 6809 D SoftHEVC: Initializing decoder
08-10 11:26:03.719 6317 6809 D SoftHEVC: Set number of cores to 4
08-10 11:26:03.719 6317 6809 D SoftHEVC: Ittiam decoder version number: @(#)Id:HEVCDEC_production Ver:04.01 Released by ITTIAM Build: Jul 18 2015 @ 12:54:46
08-10 11:26:03.719 6317 6809 D SoftHEVC: In SoftHEVC::~SoftHEVC
08-10 11:26:03.719 6317 6809 D SoftHEVC: Freeing codec memory
08-10 11:26:03.719 6317 6809 W OMXNodeInstance: [12:google.vp8.decoder] component does not support metadata mode; using fallback
08-10 11:26:03.720 6317 6809 W OMXNodeInstance: [13:google.vp9.decoder] component does not support metadata mode; using fallback
08-10 11:26:03.720 6317 6809 I SoftMPEG4Encoder: Construct SoftMPEG4Encoder
08-10 11:26:03.720 6317 6809 W ACodec : do not know color format 0x7f000789 = 2130708361
08-10 11:26:03.720 6317 6809 I SoftAVCEncoder: Construct SoftAVCEncoder
08-10 11:26:03.720 6317 6809 W ACodec : do not know color format 0x7f000789 = 2130708361
08-10 11:26:03.720 6317 6809 I SoftMPEG4Encoder: Construct SoftMPEG4Encoder
08-10 11:26:03.720 6317 6809 W ACodec : do not know color format 0x7f000789 = 2130708361
08-10 11:26:03.724 6317 6809 W ACodec : do not know color format 0x7f000789 = 2130708361
08-10 11:26:03.724 6548 6548 I ActivityManager: Start proc 6855:com.google.android.googlequicksearchbox:interactor/u0a21 for service com.google.android.googlequicksearchbox/com.google.android.voiceinteraction.GsaVoiceInteractionService
08-10 11:26:03.727 6317 6317 D NuPlayerDriver: reset(0xb584eca0)
08-10 11:26:03.727 6317 6806 D NuPlayerDriver: notifyResetComplete(0xb584eca0)
08-10 11:26:03.731 6317 6654 D NuPlayerDriver: start(0xb5028040)
08-10 11:26:03.731 6317 6877 I GenericSource: start
08-10 11:26:03.733 6317 6654 D NuPlayerDriver: reset(0xb5028040)
08-10 11:26:03.734 6317 6877 D NuPlayerDriver: notifyResetComplete(0xb5028040)
08-10 11:26:03.736 4973 4973 D wpa_supplicant: nl80211: Update ifindex for a removed interface
08-10 11:26:03.736 4973 4973 D wpa_supplicant: nl80211: Supported cipher 00-0f-ac:1
08-10 11:26:03.736 4973 4973 D wpa_supplicant: nl80211: Supported cipher 00-0f-ac:5
08-10 11:26:03.736 4973 4973 D wpa_supplicant: nl80211: Supported cipher 00-0f-ac:2
08-10 11:26:03.736 4973 4973 D wpa_supplicant: nl80211: Supported cipher 00-0f-ac:4
08-10 11:26:03.736 4973 4973 D wpa_supplicant: nl80211: Supported cipher 00-0f-ac:10
08-10 11:26:03.736 4973 4973 D wpa_supplicant: nl80211: Supported cipher 00-0f-ac:8
08-10 11:26:03.736 4973 4973 D wpa_supplicant: nl80211: Supported cipher 00-0f-ac:9
08-10 11:26:03.736 4973 4973 D wpa_supplicant: nl80211: Supported cipher 00-0f-ac:6
08-10 11:26:03.736 4973 4973 D wpa_supplicant: nl80211: Supported cipher 00-0f-ac:13
08-10 11:26:03.736 4973 4973 D wpa_supplicant: nl80211: Supported cipher 00-0f-ac:11
08-10 11:26:03.736 4973 4973 D wpa_supplicant: nl80211: Supported cipher 00-0f-ac:12
08-10 11:26:03.736 4973 4973 D wpa_supplicant: nl80211: Using driver-based off-channel TX
08-10 11:26:03.736 4973 4973 D wpa_supplicant: nl80211: interface wlan0 in phy phy1
08-10 11:26:03.736 4973 4973 D wpa_supplicant: nl80211: Set mode ifindex 6 iftype 2 (STATION)
08-10 11:26:03.736 4973 4973 D wpa_supplicant: nl80211: Unsubscribe mgmt frames handle 0x3e0bea39 (mode change)
08-10 11:26:03.736 4973 4973 D wpa_supplicant: nl80211: Subscribe to mgmt frames with non-AP handle 0xb68362b0
08-10 11:26:03.736 4973 4973 D wpa_supplicant: nl80211: Register frame type=0xd0 (WLAN_FC_STYPE_ACTION) nl_handle=0xb68362b0 match=0104
08-10 11:26:03.736 4973 4973 D wpa_supplicant: nl80211: Register frame type=0xd0 (WLAN_FC_STYPE_ACTION) nl_handle=0xb68362b0 match=040a
08-10 11:26:03.736 4973 4973 D wpa_supplicant: nl80211: Register frame type=0xd0 (WLAN_FC_STYPE_ACTION) nl_handle=0xb68362b0 match=040b
08-10 11:26:03.736 4973 4973 D wpa_supplicant: nl80211: Register frame type=0xd0 (WLAN_FC_STYPE_ACTION) nl_handle=0xb68362b0 match=040c
08-10 11:26:03.736 4973 4973 D wpa_supplicant: nl80211: Register frame type=0xd0 (WLAN_FC_STYPE_ACTION) nl_handle=0xb68362b0 match=040d
08-10 11:26:03.736 4973 4973 D wpa_supplicant: nl80211: Register frame type=0xd0 (WLAN_FC_STYPE_ACTION) nl_handle=0xb68362b0 match=090a
08-10 11:26:03.736 4973 4973 D wpa_supplicant: nl80211: Register frame type=0xd0 (WLAN_FC_STYPE_ACTION) nl_handle=0xb68362b0 match=090b
08-10 11:26:03.736 4973 4973 D wpa_supplicant: nl80211: Register frame type=0xd0 (WLAN_FC_STYPE_ACTION) nl_handle=0xb68362b0 match=090c
08-10 11:26:03.736 4973 4973 D wpa_supplicant: nl80211: Register frame type=0xd0 (WLAN_FC_STYPE_ACTION) nl_handle=0xb68362b0 match=090d
08-10 11:26:03.736 4973 4973 D wpa_supplicant: nl80211: Register frame type=0xd0 (WLAN_FC_STYPE_ACTION) nl_handle=0xb68362b0 match=0409506f9a09
08-10 11:26:03.736 4973 4973 D wpa_supplicant: nl80211: Register frame type=0xd0 (WLAN_FC_STYPE_ACTION) nl_handle=0xb68362b0 match=7f506f9a09
08-10 11:26:03.736 4973 4973 D wpa_supplicant: nl80211: Register frame type=0xd0 (WLAN_FC_STYPE_ACTION) nl_handle=0xb68362b0 match=0801
08-10 11:26:03.736 4973 4973 D wpa_supplicant: nl80211: Register frame type=0xd0 (WLAN_FC_STYPE_ACTION) nl_handle=0xb68362b0 match=06
08-10 11:26:03.736 4973 4973 D wpa_supplicant: nl80211: Register frame type=0xd0 (WLAN_FC_STYPE_ACTION) nl_handle=0xb68362b0 match=0a07
08-10 11:26:03.736 4973 4973 D wpa_supplicant: nl80211: Register frame type=0xd0 (WLAN_FC_STYPE_ACTION) nl_handle=0xb68362b0 match=0a11
08-10 11:26:03.736 4973 4973 D wpa_supplicant: nl80211: Register frame type=0xd0 (WLAN_FC_STYPE_ACTION) nl_handle=0xb68362b0 match=0a1a
08-10 11:26:03.737 6548 6659 E WifiStateMachine: Failed to reload STA firmware java.lang.IllegalArgumentException: command '16 softap fwreload wlan0 STA' failed with '501 16 SoftAP command has failed'
08-10 11:26:03.738 6317 6666 D NuPlayerDriver: start(0xb584ef40)
08-10 11:26:03.738 6317 6885 I GenericSource: start
08-10 11:26:03.740 6548 6775 I ActivityManager: Start proc 6892:com.google.process.gapps/u0a7 for content provider com.google.android.gsf/.gservices.GservicesProvider
08-10 11:26:03.741 6548 6548 E InputMethodManagerService: Ignoring setImeWindowStatus due to an invalid token. uid:1000 token:null
08-10 11:26:03.741 6548 6717 I PackageManager: Running dexopt on: /system/priv-app/Velvet/Velvet.apk pkg=com.google.android.googlequicksearchbox isa=x86 vmSafeMode=false
08-10 11:26:03.742 6317 6666 D NuPlayerDriver: reset(0xb584ef40)
08-10 11:26:03.743 6317 6885 D NuPlayerDriver: notifyResetComplete(0xb584ef40)
08-10 11:26:03.743 6776 6776 D ExternalStorage: After updating volumes, found 2 active roots
08-10 11:26:03.746 6317 6317 D NuPlayerDriver: start(0xb584eca0)
08-10 11:26:03.746 6317 6906 I GenericSource: start
08-10 11:26:03.749 6902 6902 I dex2oat : /system/bin/dex2oat --zip-fd=5 --zip-location=/system/priv-app/Velvet/Velvet.apk --oat-fd=6 --oat-location=/data/dalvik-cache/x86/system@priv-app@Velvet@Velvet.apk@classes.dex --instruction-set=x86 --instruction-set-features=default --runtime-arg -Xms64m --runtime-arg -Xmx512m --compiler-filter=interpret-only --swap-fd=7
08-10 11:26:03.750 6317 6317 D NuPlayerDriver: reset(0xb584eca0)
08-10 11:26:03.750 6317 6906 D NuPlayerDriver: notifyResetComplete(0xb584eca0)
08-10 11:26:03.754 6317 6654 D NuPlayerDriver: start(0xb5028040)
08-10 11:26:03.754 6317 6920 I GenericSource: start
08-10 11:26:03.757 6317 6654 D NuPlayerDriver: reset(0xb5028040)
08-10 11:26:03.757 6317 6920 D NuPlayerDriver: notifyResetComplete(0xb5028040)
08-10 11:26:03.762 6317 6666 D NuPlayerDriver: start(0xb584ef40)
08-10 11:26:03.762 6317 6927 I GenericSource: start
08-10 11:26:03.764 6317 6666 D NuPlayerDriver: reset(0xb584ef40)
08-10 11:26:03.765 6317 6927 D NuPlayerDriver: notifyResetComplete(0xb584ef40)
08-10 11:26:03.879 6902 6902 I dex2oat : Decided to run without swap.
08-10 11:26:03.892 4973 4973 D wpa_supplicant: netlink: Operstate: ifindex=6 linkmode=1 (userspace-control), operstate=5 (IF_OPER_DORMANT)
08-10 11:26:03.892 4973 4973 D wpa_supplicant: RTM_NEWLINK: ifi_index=6 ifname=wlan0 operstate=2 linkmode=0 ifi_family=0 ifi_flags=0x1002 ()
08-10 11:26:03.892 4973 4973 D wpa_supplicant: nl80211: Mark if_removed=0 for wlan0 based on RTM_NEWLINK event
08-10 11:26:03.892 4973 4973 D wpa_supplicant: wlan0: Event INTERFACE_STATUS (5) received
08-10 11:26:03.892 4973 4973 D wpa_supplicant: wlan0: Configured interface was added
08-10 11:26:03.893 6316 6546 D CommandListener: Setting iface cfg
08-10 11:26:03.893 6316 6546 D CommandListener: Trying to bring down wlan0
08-10 11:26:03.899 4973 4973 D wpa_supplicant: wlan0: Own MAC address: 00:02:72:4a:d4:4f
08-10 11:26:03.899 4973 4973 D wpa_supplicant: wlan0: RSN: flushing PMKID list in the driver
08-10 11:26:03.899 4973 4973 D wpa_supplicant: nl80211: Flush PMKIDs
08-10 11:26:03.905 4973 4973 D wpa_supplicant: wlan0: State: INTERFACE_DISABLED -> DISCONNECTED
08-10 11:26:03.905 4973 4973 D wpa_supplicant: nl80211: Set wlan0 operstate 0->0 (DORMANT)
08-10 11:26:03.905 4973 4973 D wpa_supplicant: netlink: Operstate: ifindex=6 linkmode=-1 (no change), operstate=5 (IF_OPER_DORMANT)
08-10 11:26:03.905 4973 4973 D wpa_supplicant: CTRL_IFACE monitor[/data/misc/wifi/sockets/wpa_ctrl_2848-2\x00]: 111 - Connection refused
08-10 11:26:03.905 4973 4973 D wpa_supplicant: wlan0: Setting scan request: 0.100000 sec
08-10 11:26:03.905 4973 4973 D wpa_supplicant: RTM_NEWLINK: ifi_index=6 ifname=wlan0 operstate=0 linkmode=0 ifi_family=0 ifi_flags=0x1043 ([UP][RUNNING])
08-10 11:26:03.905 4973 4973 D wpa_supplicant: nl80211: Ignore interface up event since interface wlan0 is down
08-10 11:26:03.905 4973 4973 D wpa_supplicant: RTM_NEWLINK: ifi_index=6 ifname=wlan0 operstate=5 linkmode=0 ifi_family=0 ifi_flags=0x1003 ([UP])
08-10 11:26:03.905 4973 4973 D wpa_supplicant: nl80211: Ignore interface up event since interface wlan0 is down
08-10 11:26:03.905 4973 4973 D wpa_supplicant: RTM_NEWLINK: ifi_index=6 ifname=wlan0 operstate=5 linkmode=1 ifi_family=0 ifi_flags=0x1003 ([UP])
08-10 11:26:03.905 4973 4973 D wpa_supplicant: nl80211: Ignore interface up event since interface wlan0 is down
08-10 11:26:03.905 4973 4973 D wpa_supplicant: RTM_NEWLINK: ifi_index=6 ifname=wlan0 operstate=2 linkmode=1 ifi_family=0 ifi_flags=0x1003 ([UP])
08-10 11:26:03.905 4973 4973 D wpa_supplicant: nl80211: Ignore interface up event since interface wlan0 is down
08-10 11:26:03.905 4973 4973 D wpa_supplicant: RTM_NEWLINK: ifi_index=6 ifname=wlan0 operstate=2 linkmode=1 ifi_family=0 ifi_flags=0x1002 ()
08-10 11:26:03.905 4973 4973 D wpa_supplicant: l2_packet_receive - recvfrom: Network is down
08-10 11:26:03.905 6316 6546 D CommandListener: Clearing all IP addresses on wlan0
08-10 11:26:03.906 6548 6659 E WifiMonitor: killSupplicant p2pfalse init.svc.wpa_supplicant=unknown init.svc.p2p_supplicant=unknown
08-10 11:26:04.010 6937 6937 D wpa_supplicant: wpa_supplicant v2.3-5.1.1
08-10 11:26:04.010 6937 6937 D wpa_supplicant: Add randomness: count=1 entropy=0
08-10 11:26:04.010 6937 6937 D wpa_supplicant: random pool - hexdump(len=128): [REMOVED]
08-10 11:26:04.010 6937 6937 D wpa_supplicant: random_mix_pool - hexdump(len=8): [REMOVED]
08-10 11:26:04.010 6937 6937 D wpa_supplicant: random_mix_pool - hexdump(len=20): [REMOVED]
08-10 11:26:04.010 6937 6937 D wpa_supplicant: random pool - hexdump(len=128): [REMOVED]
08-10 11:26:04.010 6937 6937 D wpa_supplicant: random: Added entropy from /data/misc/wifi/entropy.bin (own_pool_ready=2)
08-10 11:26:04.010 6937 6937 D wpa_supplicant: random: Trying to read entropy from /dev/random
08-10 11:26:04.010 6937 6937 D wpa_supplicant: Get randomness: len=20 entropy=1
08-10 11:26:04.010 6937 6937 D wpa_supplicant: random from os_get_random - hexdump(len=20): [REMOVED]
08-10 11:26:04.010 6937 6937 D wpa_supplicant: random_mix_pool - hexdump(len=20): [REMOVED]
08-10 11:26:04.010 6937 6937 D wpa_supplicant: random from internal pool - hexdump(len=16): [REMOVED]
08-10 11:26:04.010 6937 6937 D wpa_supplicant: random_mix_pool - hexdump(len=20): [REMOVED]
08-10 11:26:04.010 6937 6937 D wpa_supplicant: random from internal pool - hexdump(len=16): [REMOVED]
