08-10 11:25:58.550 6190 6266 D Ethernet: got request NetworkRequest [ id=1, legacyType=-1, [ Capabilities: INTERNET&NOT_RESTRICTED&TRUSTED&NOT_VPN] ] with score 0
08-10 11:25:58.550 6190 6260 F libc : Fatal signal 11 (SIGSEGV), code 1, fault addr 0x9f5a454f in tid 6260 (Thread-50)
08-10 11:25:58.551 6190 6190 D EthernetNetworkFactory: Started tracking interface eth0
08-10 11:25:58.551 5959 6189 D CommandListener: Setting iface cfg
08-10 11:25:58.551 5959 6189 D CommandListener: Trying to bring up eth0
08-10 11:25:58.552 6190 6190 D EthernetNetworkFactory: updateInterface: eth0 link up
08-10 11:25:58.552 6190 6190 I ActivityManager: Config changes=200 {1.0 ?mcc?mnc en_US ldltr sw960dp w1280dp h886dp 240dpi xlrg land -touch qwerty/v/v -nav/h s.6}
08-10 11:25:58.552 6190 6209 W BroadcastQueue: pending app [foreground]ProcessRecord{e850f2c 0:android.process.acore/u0a2} died before responding to broadcast
08-10 11:25:58.552 6190 6267 I EthernetNetworkFactory: dhcpThread(+eth0): mNetworkInfo=[type: Ethernet[], state: UNKNOWN/IDLE, reason: (unspecified), extra: bc:5f:f4:99:82:b4, roaming: false, failover: false, isAvailable: true, isConnectedToProvisioningNetwork: false]
08-10 11:25:58.553 6190 6190 V BackupManagerService: No ancestral data
08-10 11:25:58.554 6190 6190 D BackupManagerService: Now staging backup of com.google.android.googlequicksearchbox
08-10 11:25:58.554 6190 6190 D BackupManagerService: Now staging backup of com.android.browser
08-10 11:25:58.554 6190 6190 D BackupManagerService: Now staging backup of com.android.vending
08-10 11:25:58.554 6190 6190 D BackupManagerService: Now staging backup of android
08-10 11:25:58.554 6190 6190 D BackupManagerService: Now staging backup of com.android.calendar
08-10 11:25:58.554 6190 6190 D BackupManagerService: Now staging backup of com.android.providers.settings
08-10 11:25:58.554 6190 6190 D BackupManagerService: Now staging backup of com.android.sharedstoragebackup
08-10 11:25:58.554 6190 6190 D BackupManagerService: Now staging backup of com.android.dialer
08-10 11:25:58.554 6190 6190 D BackupManagerService: Now staging backup of com.android.providers.userdictionary
08-10 11:25:58.554 6190 6190 V BackupManagerService: Starting with transport android/com.android.internal.backup.LocalTransport
08-10 11:25:58.554 6190 6190 V BackupManagerService: Found transports: 2
08-10 11:25:58.554 6190 6190 I BackupManagerService: Binding to transport host ComponentInfo{android/com.android.internal.backup.LocalTransportService}
08-10 11:25:58.555 6190 6190 I BackupManagerService: Binding to transport host ComponentInfo{com.google.android.gms/com.google.android.gms.backup.BackupTransportService}
08-10 11:25:58.556 6190 6190 I BackupManagerService: Found stale backup journal, scheduling
08-10 11:25:58.562 6190 6190 I AppOps : Pruning old package media/1013: new uid=-1
08-10 11:25:58.562 6190 6190 I ActivityManager: System now ready
08-10 11:25:58.563 6190 6190 I SystemServer: Making services ready
08-10 11:25:58.563 6190 6190 I SystemServiceManager: Starting phase 550
08-10 11:25:58.563 6190 6214 I DisplayManagerService: Display device changed: DisplayDeviceInfo{"Built-in Screen": uniqueId="local:0", 1920 x 1440, 60.000004 fps, supportedRefreshRates [60.000004], density 240, 135.0 x 135.0 dpi, appVsyncOff 0, presDeadline 17666666, touch INTERNAL, rotation 0, type BUILT_IN, state ON, FLAG_DEFAULT_DISPLAY, FLAG_ROTATES_WITH_CONTENT, FLAG_SECURE, FLAG_SUPPORTS_PROTECTED_BUFFERS}
08-10 11:25:58.563 1809 1809 D SurfaceFlinger: Set power mode=2, type=0 flinger=0xb685c000
08-10 11:25:58.563 1809 1809 D SurfaceFlinger: Screen type=0 is already mode=2
08-10 11:25:58.564 6190 6190 I SystemServer: WebViewFactory preparation
08-10 11:25:58.565 6190 6271 D UsbHostManager: Added device UsbDevice[mName=/dev/bus/usb/004/003,mVendorId=2766,mProductId=4625,mClass=255,mSubclass=255,mProtocol=255,mManufacturerName=ZyDAS,mProductName=USB2.0 WLAN,mSerialNumber=null,mConfigurations=[
08-10 11:25:58.565 6190 6271 D UsbHostManager: UsbConfiguration[mId=1,mName=null,mAttributes=128,mMaxPower=250,mInterfaces=[
08-10 11:25:58.565 6190 6271 D UsbHostManager: UsbInterface[mId=0,mAlternateSetting=0,mName=null,mClass=255,mSubclass=0,mProtocol=0,mEndpoints=[
08-10 11:25:58.565 6190 6271 D UsbHostManager: UsbEndpoint[mAddress=1,mAttributes=2,mMaxPacketSize=512,mInterval=0]
08-10 11:25:58.565 6190 6271 D UsbHostManager: UsbEndpoint[mAddress=130,mAttributes=2,mMaxPacketSize=512,mInterval=0]
08-10 11:25:58.565 6190 6271 D UsbHostManager: UsbEndpoint[mAddress=131,mAttributes=3,mMaxPacketSize=64,mInterval=1]
08-10 11:25:58.565 6190 6271 D UsbHostManager: UsbEndpoint[mAddress=4,mAttributes=3,mMaxPacketSize=64,mInterval=1]]]]
08-10 11:25:58.566 6190 6271 W ContextImpl: Calling a method in the system process without a qualified user: android.app.ContextImpl.sendBroadcast:1327 com.android.server.usb.UsbSettingsManager.deviceAttached:741 com.android.server.usb.UsbHostManager.endUsbDeviceAdded:224 com.android.server.usb.UsbHostManager.monitorUsbHostBus:-2 com.android.server.usb.UsbHostManager.access$000:42
08-10 11:25:58.574 6190 6190 I Zygote : Process: zygote socket opened, supported ABIS: x86
08-10 11:25:58.591 6190 6190 I ActivityManager: Start proc 6273:WebViewLoader-x86/1037 [android.webkit.WebViewFactory$RelroFileCreator] for
08-10 11:25:58.591 6190 6209 W BroadcastQueue: pending app [foreground]ProcessRecord{e850f2c 0:android.process.acore/u0a2} died before responding to broadcast
08-10 11:25:58.594 6273 6273 V WebViewFactory: RelroFileCreator (64bit = false), 32-bit lib: /system/app/webview/lib/x86/libwebviewchromium.so, 64-bit lib:
08-10 11:25:58.596 6190 6271 D UsbHostManager: Added device UsbDevice[mName=/dev/bus/usb/003/006,mVendorId=2316,mProductId=4096,mClass=0,mSubclass=0,mProtocol=0,mManufacturerName=,mProductName=,mSerialNumber=12061285001060,mConfigurations=[
08-10 11:25:58.596 6190 6271 D UsbHostManager: UsbConfiguration[mId=1,mName=null,mAttributes=128,mMaxPower=250,mInterfaces=[
08-10 11:25:58.596 6190 6271 D UsbHostManager: UsbInterface[mId=0,mAlternateSetting=0,mName=null,mClass=8,mSubclass=6,mProtocol=80,mEndpoints=[
08-10 11:25:58.596 6190 6271 D UsbHostManager: UsbEndpoint[mAddress=129,mAttributes=2,mMaxPacketSize=512,mInterval=255]
08-10 11:25:58.596 6190 6271 D UsbHostManager: UsbEndpoint[mAddress=2,mAttributes=2,mMaxPacketSize=512,mInterval=255]]]]
08-10 11:25:58.597 6190 6271 W ContextImpl: Calling a method in the system process without a qualified user: android.app.ContextImpl.sendBroadcast:1327 com.android.server.usb.UsbSettingsManager.deviceAttached:741 com.android.server.usb.UsbHostManager.endUsbDeviceAdded:224 com.android.server.usb.UsbHostManager.monitorUsbHostBus:-2 com.android.server.usb.UsbHostManager.access$000:42
08-10 11:25:58.601 1813 1813 I DEBUG : *** *** *** *** *** *** *** *** *** *** *** *** *** *** *** ***
08-10 11:25:58.601 1813 1813 I DEBUG : Build fingerprint: 'Android-x86/android_x86/x86:5.1.1/LVY48C/utente07311853:eng/test-keys'
08-10 11:25:58.601 1813 1813 I DEBUG : Revision: '0'
08-10 11:25:58.601 1813 1813 I DEBUG : ABI: 'x86'
08-10 11:25:58.601 1813 1813 I DEBUG : pid: 6190, tid: 6260, name: Thread-50 >>> system_server <<<
08-10 11:25:58.601 1813 1813 I DEBUG : signal 11 (SIGSEGV), code 1 (SEGV_MAPERR), fault addr 0x9f5a454f
08-10 11:25:58.601 6273 6273 I art : System.exit called, status: 0
08-10 11:25:58.601 6273 6273 I AndroidRuntime: VM exiting with result code 0, cleanup skipped.
08-10 11:25:58.602 1813 1813 I DEBUG : eax 00000000 ebx b753a7a4 ecx 00000001 edx 9fb382e0
08-10 11:25:58.602 1813 1813 I DEBUG : esi 9f5a454f edi b753f1e0
08-10 11:25:58.602 1813 1813 I DEBUG : xcs 00000073 xds 0000007b xes 0000007b xfs 00000000 xss 0000007b
08-10 11:25:58.602 1813 1813 I DEBUG : eip 9f5a454f ebp a0edddb0 esp a0eddcbc flags 00210282
08-10 11:25:58.602 1813 1813 I DEBUG :
08-10 11:25:58.602 1813 1813 I DEBUG : backtrace:
08-10 11:25:58.602 1813 1813 I DEBUG : #00 pc 0013d54f /android/system/app/Gallery2/Gallery2.apk
08-10 11:25:58.602 1813 1813 I DEBUG : #01 pc 00308bff
08-10 11:25:58.635 1813 1813 W libbacktrace: virtual bool Backtrace::VerifyReadWordArgs(uintptr_t, word_t*): invalid pointer 0xb74fc82d
08-10 11:26:01.684 1813 1813 I DEBUG :
08-10 11:26:01.684 1813 1813 I DEBUG : Tombstone written to: /data/tombstones/tombstone_03
08-10 11:26:01.688 1817 1817 E installd: eof
08-10 11:26:01.688 1817 1817 E installd: failed to read size
08-10 11:26:01.688 1817 1817 I installd: closing connection
08-10 11:26:01.688 1806 1806 I lowmemorykiller: ActivityManager disconnected
08-10 11:26:01.688 1806 1806 I lowmemorykiller: Closing Activity Manager data connection
08-10 11:26:01.689 1807 1807 I ServiceManager: service 'meminfo' died
08-10 11:26:01.689 5960 6256 W AudioFlinger: power manager service died !!!
08-10 11:26:01.689 1807 1807 I ServiceManager: service 'gfxinfo' died
08-10 11:26:01.689 1807 1807 I ServiceManager: service 'dbinfo' died
08-10 11:26:01.689 1807 1807 I ServiceManager: service 'cpuinfo' died
08-10 11:26:01.689 1807 1807 I ServiceManager: service 'permission' died
08-10 11:26:01.689 1807 1807 I ServiceManager: service 'hardware' died
08-10 11:26:01.689 1807 1807 I ServiceManager: service 'battery' died
08-10 11:26:01.689 1807 1807 I ServiceManager: service 'usagestats' died
08-10 11:26:01.689 1807 1807 I ServiceManager: service 'webviewupdate' died
08-10 11:26:01.689 1807 1807 I ServiceManager: service 'scheduling_policy' died
08-10 11:26:01.689 1807 1807 I ServiceManager: service 'telephony.registry' died
08-10 11:26:01.689 1807 1807 I ServiceManager: service 'entropy' died
08-10 11:26:01.689 1807 1807 I ServiceManager: service 'account' died
08-10 11:26:01.689 1807 1807 I ServiceManager: service 'content' died
08-10 11:26:01.689 1807 1807 I ServiceManager: service 'network_management' died
08-10 11:26:01.689 1807 1807 I ServiceManager: service 'vibrator' died
08-10 11:26:01.689 1807 1807 I ServiceManager: service 'consumer_ir' died
08-10 11:26:01.689 1807 1807 I ServiceManager: service 'alarm' died
08-10 11:26:01.689 1807 1807 I ServiceManager: service 'window' died
08-10 11:26:01.689 1807 1807 I ServiceManager: service 'input' died
08-10 11:26:01.689 1807 1807 I ServiceManager: service 'bluetooth_manager' died
08-10 11:26:01.689 1807 1807 I ServiceManager: service 'clipboard' died
08-10 11:26:01.689 1807 1807 I ServiceManager: service 'input_method' died
08-10 11:26:01.689 1807 1807 I ServiceManager: service 'accessibility' died
08-10 11:26:01.689 1807 1807 I ServiceManager: service 'mount' died
08-10 11:26:01.689 1807 1807 I ServiceManager: service 'lock_settings' died
08-10 11:26:01.689 1807 1807 I ServiceManager: service 'network_score' died
08-10 11:26:01.690 1807 1807 I ServiceManager: service 'device_policy' died
08-10 11:26:01.690 1807 1807 I ServiceManager: service 'statusbar' died
08-10 11:26:01.690 1807 1807 I ServiceManager: service 'textservices' died
08-10 11:26:01.690 1807 1807 I ServiceManager: service 'netstats' died
08-10 11:26:01.690 1807 1807 I ServiceManager: service 'netpolicy' died
08-10 11:26:01.690 1807 1807 I ServiceManager: service 'wifip2p' died
08-10 11:26:01.690 1807 1807 I ServiceManager: service 'DockObserver' died
08-10 11:26:01.690 1807 1807 I ServiceManager: service 'usb' died
08-10 11:26:01.690 1807 1807 I ServiceManager: service 'serial' died
08-10 11:26:01.690 1807 1807 I ServiceManager: service 'uimode' died
08-10 11:26:01.690 1807 1807 I ServiceManager: service 'jobscheduler' died
08-10 11:26:01.690 1807 1807 I ServiceManager: service 'backup' died
08-10 11:26:01.690 1807 1807 I ServiceManager: service 'appwidget' died
08-10 11:26:01.690 1807 1807 I ServiceManager: service 'voiceinteraction' died
08-10 11:26:01.690 1807 1807 I ServiceManager: service 'diskstats' died
08-10 11:26:01.690 1807 1807 I ServiceManager: service 'samplingprofiler' died
08-10 11:26:01.690 1807 1807 I ServiceManager: service 'commontime_management' died
08-10 11:26:01.690 1807 1807 I ServiceManager: service 'dreams' died
08-10 11:26:01.690 1807 1807 I ServiceManager: service 'assetatlas' died
08-10 11:26:01.690 1807 1807 I ServiceManager: service 'print' died
08-10 11:26:01.690 1807 1807 I ServiceManager: service 'restrictions' died
08-10 11:26:01.690 1807 1807 I ServiceManager: service 'media_session' died
08-10 11:26:01.690 1807 1807 I ServiceManager: service 'media_router' died
08-10 11:26:01.690 1807 1807 I ServiceManager: service 'trust' died
08-10 11:26:01.690 1807 1807 I ServiceManager: service 'fingerprint' died
08-10 11:26:01.690 1807 1807 I ServiceManager: service 'launcherapps' died
08-10 11:26:01.690 1807 1807 I ServiceManager: service 'media_projection' died
08-10 11:26:01.690 1807 1807 I ServiceManager: service 'imms' died
08-10 11:26:01.690 1807 1807 I ServiceManager: service 'sensorservice' died
08-10 11:26:01.690 1807 1807 I ServiceManager: service 'batterystats' died
08-10 11:26:01.690 1807 1807 I ServiceManager: service 'appops' died
08-10 11:26:01.690 1807 1807 I ServiceManager: service 'power' died
08-10 11:26:01.690 1807 1807 I ServiceManager: service 'display' died
08-10 11:26:01.690 1807 1807 I ServiceManager: service 'package' died
08-10 11:26:01.690 1807 1807 I ServiceManager: service 'activity' died
08-10 11:26:01.690 1807 1807 I ServiceManager: service 'user' died
08-10 11:26:01.690 1807 1807 I ServiceManager: service 'procstats' died
08-10 11:26:01.690 1807 1807 I ServiceManager: service 'wifi' died
08-10 11:26:01.690 1807 1807 I ServiceManager: service 'wifiscanner' died
08-10 11:26:01.690 1807 1807 I ServiceManager: service 'rttmanager' died
08-10 11:26:01.690 1807 1807 I ServiceManager: service 'ethernet' died
08-10 11:26:01.690 1807 1807 I ServiceManager: service 'connectivity' died
08-10 11:26:01.690 1807 1807 I ServiceManager: service 'servicediscovery' died
08-10 11:26:01.690 1807 1807 I ServiceManager: service 'updatelock' died
08-10 11:26:01.690 1807 1807 I ServiceManager: service 'notification' died
08-10 11:26:01.690 1807 1807 I ServiceManager: service 'devicestoragemonitor' died
08-10 11:26:01.690 1807 1807 I ServiceManager: service 'location' died
08-10 11:26:01.690 1807 1807 I ServiceManager: service 'country_detector' died
08-10 11:26:01.690 1807 1807 I ServiceManager: service 'search' died
08-10 11:26:01.690 1807 1807 I ServiceManager: service 'dropbox' died
08-10 11:26:01.690 1807 1807 I ServiceManager: service 'wallpaper' died
08-10 11:26:01.690 1807 1807 I ServiceManager: service 'audio' died
08-10 11:26:01.827 5958 5958 I Zygote : Process 6190 exited due to signal (11)
08-10 11:26:01.827 5958 5958 E Zygote : Exit zygote because system server (6190) has terminated
08-10 11:26:01.840 1807 1807 I ServiceManager: service 'media.audio_flinger' died
08-10 11:26:01.840 1807 1807 I ServiceManager: service 'media.player' died
08-10 11:26:01.840 1807 1807 I ServiceManager: service 'media.audio_policy' died
08-10 11:26:01.840 1807 1807 I ServiceManager: service 'media.camera' died
08-10 11:26:01.840 1807 1807 I ServiceManager: service 'media.sound_trigger_hw' died
08-10 11:26:01.843 6316 6316 I Netd : Netd 1.0 starting
08-10 11:26:01.843 6316 6316 E Netd : Failed to open /proc/sys/net/ipv6/conf/default/accept_ra_rt_table: No such file or directory
08-10 11:26:01.843 6316 6316 E Netd : Failed to open /proc/sys/net/ipv6/conf/eth0/accept_ra_rt_table: No such file or directory
08-10 11:26:01.843 6316 6316 E Netd : Failed to open /proc/sys/net/ipv6/conf/ip6tnl0/accept_ra_rt_table: No such file or directory
08-10 11:26:01.843 6316 6316 E Netd : Failed to open /proc/sys/net/ipv6/conf/lo/accept_ra_rt_table: No such file or directory
08-10 11:26:01.843 6316 6316 E Netd : Failed to open /proc/sys/net/ipv6/conf/sit0/accept_ra_rt_table: No such file or directory
08-10 11:26:01.880 6317 6317 I mediaserver: ServiceManager: 0xb58356a0
08-10 11:26:01.880 6317 6317 I AudioFlinger: Using default 3000 mSec as standby time.
08-10 11:26:01.881 6317 6317 I ServiceManager: Waiting for service batterystats...
08-10 11:26:01.893 6315 6315 D AndroidRuntime: >>>>>> START com.android.internal.os.ZygoteInit uid 0 <<<<<<
08-10 11:26:01.894 6315 6315 D AndroidRuntime: CheckJNI is ON
08-10 11:26:01.894 6315 6315 I art : option[0]=-Xzygote
08-10 11:26:01.894 6315 6315 I art : option[1]=-Xcheck:jni
08-10 11:26:01.894 6315 6315 I art : option[2]=-Xjnigreflimit:2000
08-10 11:26:01.894 6315 6315 I art : option[3]=-Xstacktracefile:/data/anr/traces.txt
08-10 11:26:01.894 6315 6315 I art : option[4]=exit
08-10 11:26:01.894 6315 6315 I art : option[5]=vfprintf
08-10 11:26:01.894 6315 6315 I art : option[6]=sensitiveThread
08-10 11:26:01.894 6315 6315 I art : option[7]=-verbose:gc
08-10 11:26:01.894 6315 6315 I art : option[8]=-Xms16m
08-10 11:26:01.894 6315 6315 I art : option[9]=-Xmx512m
08-10 11:26:01.894 6315 6315 I art : option[10]=-XX:mainThreadStackSize=24K
08-10 11:26:01.894 6315 6315 I art : option[11]=-XX:HeapGrowthLimit=192m
08-10 11:26:01.894 6315 6315 I art : option[12]=-XX:HeapMinFree=512k
08-10 11:26:01.894 6315 6315 I art : option[13]=-XX:HeapMaxFree=8m
08-10 11:26:01.894 6315 6315 I art : option[14]=-XX:HeapTargetUtilization=0.75
08-10 11:26:01.894 6315 6315 I art : option[15]=-Xgenregmap
08-10 11:26:01.894 6315 6315 I art : option[16]=-Xgc:precise
08-10 11:26:01.894 6315 6315 I art : option[17]=-agentlib:jdwp=transport=dt_android_adb,suspend=n,server=y
08-10 11:26:01.894 6315 6315 I art : option[18]=-Ximage-compiler-option
08-10 11:26:01.894 6315 6315 I art : option[19]=--runtime-arg
08-10 11:26:01.894 6315 6315 I art : option[20]=-Ximage-compiler-option
08-10 11:26:01.894 6315 6315 I art : option[21]=-Xms64m
08-10 11:26:01.894 6315 6315 I art : option[22]=-Ximage-compiler-option
08-10 11:26:01.894 6315 6315 I art : option[23]=--runtime-arg
08-10 11:26:01.894 6315 6315 I art : option[24]=-Ximage-compiler-option
08-10 11:26:01.894 6315 6315 I art : option[25]=-Xmx64m
08-10 11:26:01.894 6315 6315 I art : option[26]=-Ximage-compiler-option
08-10 11:26:01.894 6315 6315 I art : option[27]=--compiler-filter=verify-none
08-10 11:26:01.894 6315 6315 I art : option[28]=-Ximage-compiler-option
08-10 11:26:01.894 6315 6315 I art : option[29]=--image-classes=/system/etc/preloaded-classes
08-10 11:26:01.894 6315 6315 I art : option[30]=-Xcompiler-option
08-10 11:26:01.894 6315 6315 I art : option[31]=--runtime-arg
08-10 11:26:01.894 6315 6315 I art : option[32]=-Xcompiler-option
08-10 11:26:01.894 6315 6315 I art : option[33]=-Xms64m
08-10 11:26:01.894 6315 6315 I art : option[34]=-Xcompiler-option
08-10 11:26:01.894 6315 6315 I art : option[35]=--runtime-arg
08-10 11:26:01.894 6315 6315 I art : option[36]=-Xcompiler-option
08-10 11:26:01.894 6315 6315 I art : option[37]=-Xmx512m
08-10 11:26:01.894 6315 6315 I art : option[38]=-Xcompiler-option
08-10 11:26:01.894 6315 6315 I art : option[39]=--compiler-filter=interpret-only
08-10 11:26:01.894 6315 6315 I art : option[40]=-Duser.language=en
08-10 11:26:01.894 6315 6315 I art : option[41]=-Duser.region=US
08-10 11:26:01.894 6315 6315 W art : Incomplete boot detected. Pruning dalvik cache
08-10 11:26:01.907 6315 6315 I art : Pruning dalvik-cache since we are relocating an image and will need to recompile
08-10 11:26:01.907 6315 6315 I art : RelocateImage: /system/bin/patchoat --input-image-location=/system/framework/boot.art --output-image-file=/data/dalvik-cache/x86/system@framework@boot.art --input-oat-location=/system/framework/boot.oat --output-oat-file=/data/dalvik-cache/x86/system@framework@boot.oat --instruction-set=x86 --base-offset-delta=13856768
08-10 11:26:01.992 6315 6315 E memtrack: Couldn't load memtrack module (No such file or directory)
08-10 11:26:01.992 6315 6315 E android.os.Debug: failed to load memtrack module: -2
08-10 11:26:01.992 6316 6316 V NatController: runCmd(/system/bin/iptables -F natctrl_FORWARD) res=0
08-10 11:26:01.993 6316 6316 V NatController: runCmd(/system/bin/iptables -A natctrl_FORWARD -j DROP) res=0
08-10 11:26:01.993 6315 6315 I SamplingProfilerIntegration: Profiling disabled.
08-10 11:26:01.993 6315 6315 D Zygote : begin preload
08-10 11:26:01.993 6315 6315 I Zygote : Preloading classes...
08-10 11:26:01.994 6316 6316 V NatController: runCmd(/system/bin/iptables -t nat -F natctrl_nat_POSTROUTING) res=0
08-10 11:26:01.994 6316 6316 V NatController: runCmd(/system/bin/iptables -F natctrl_tether_counters) res=0
08-10 11:26:01.995 6315 6315 I art : Explicit concurrent mark sweep GC freed 796(36KB) AllocSpace objects, 0(0B) LOS objects, 95% free, 44KB/1068KB, paused 32us total 1.396ms
08-10 11:26:01.995 6315 6315 I art : Counter: 1
08-10 11:26:01.995 6316 6316 V NatController: runCmd(/system/bin/iptables -X natctrl_tether_counters) res=0
08-10 11:26:01.996 6316 6316 V NatController: runCmd(/system/bin/iptables -N natctrl_tether_counters) res=0
08-10 11:26:01.997 6316 6316 V NatController: runCmd(/system/bin/iptables -t mangle -A natctrl_mangle_FORWARD -p tcp --tcp-flags SYN SYN -j TCPMSS --clamp-mss-to-pmtu) res=0
08-10 11:26:01.998 6315 6315 I art : Explicit concurrent mark sweep GC freed 561(34KB) AllocSpace objects, 0(0B) LOS objects, 94% free, 64KB/1088KB, paused 30us total 1.187ms
08-10 11:26:02.006 6315 6315 I art : Explicit concurrent mark sweep GC freed 650(41KB) AllocSpace objects, 0(0B) LOS objects, 93% free, 71KB/1095KB, paused 30us total 1.351ms
08-10 11:26:02.018 6315 6315 I art : Explicit concurrent mark sweep GC freed 381(22KB) AllocSpace objects, 0(0B) LOS objects, 90% free, 102KB/1126KB, paused 29us total 1.067ms
08-10 11:26:02.021 6315 6315 E Minikin : addFont failed to create font /system/fonts/NotoSansGujarati-Regular.ttf
08-10 11:26:02.021 6315 6315 E Minikin : addFont failed to create font /system/fonts/NotoSansGujarati-Bold.ttf
08-10 11:26:02.021 6315 6315 E Minikin : addFont failed to create font /system/fonts/NotoSansGujaratiUI-Regular.ttf
08-10 11:26:02.021 6315 6315 E Minikin : addFont failed to create font /system/fonts/NotoSansGujaratiUI-Bold.ttf
08-10 11:26:02.021 6315 6315 E Minikin : addFont failed to create font /system/fonts/NotoSansGurmukhi-Regular.ttf
08-10 11:26:02.021 6315 6315 E Minikin : addFont failed to create font /system/fonts/NotoSansGurmukhi-Bold.ttf
08-10 11:26:02.021 6315 6315 E Minikin : addFont failed to create font /system/fonts/NotoSansGurmukhiUI-Regular.ttf
08-10 11:26:02.021 6315 6315 E Minikin : addFont failed to create font /system/fonts/NotoSansGurmukhiUI-Bold.ttf
08-10 11:26:02.021 6315 6315 E Minikin : addFont failed to create font /system/fonts/NotoSansSinhala-Regular.ttf
08-10 11:26:02.021 6315 6315 E Minikin : addFont failed to create font /system/fonts/NotoSansSinhala-Bold.ttf
08-10 11:26:02.022 6315 6315 E Minikin : addFont failed to create font /system/fonts/NotoSansThaana-Regular.ttf
08-10 11:26:02.022 6315 6315 E Minikin : addFont failed to create font /system/fonts/NotoSansThaana-Bold.ttf
08-10 11:26:02.022 6315 6315 E Minikin : addFont failed to create font /system/fonts/NotoSansCham-Regular.ttf
08-10 11:26:02.022 6315 6315 E Minikin : addFont failed to create font /system/fonts/NotoSansCham-Bold.ttf
08-10 11:26:02.022 6315 6315 E Minikin : addFont failed to create font /system/fonts/NotoSansBalinese-Regular.ttf
08-10 11:26:02.022 6315 6315 E Minikin : addFont failed to create font /system/fonts/NotoSansBatak-Regular.ttf
08-10 11:26:02.022 6315 6315 E Minikin : addFont failed to create font /system/fonts/NotoSansBuginese-Regular.ttf
08-10 11:26:02.022 6315 6315 E Minikin : addFont failed to create font /system/fonts/NotoSansBuhid-Regular.ttf
08-10 11:26:02.022 6315 6315 E Minikin : addFont failed to create font /system/fonts/NotoSansCanadianAboriginal-Regular.ttf
08-10 11:26:02.022 6315 6315 E Minikin : addFont failed to create font /system/fonts/NotoSansCherokee-Regular.ttf
08-10 11:26:02.022 6315 6315 E Minikin : addFont failed to create font /system/fonts/NotoSansCoptic-Regular.ttf
08-10 11:26:02.022 6315 6315 E Minikin : addFont failed to create font /system/fonts/NotoSansGlagolitic-Regular.ttf
08-10 11:26:02.022 6315 6315 E Minikin : addFont failed to create font /system/fonts/NotoSansHanunoo-Regular.ttf
08-10 11:26:02.022 6315 6315 E Minikin : addFont failed to create font /system/fonts/NotoSansJavanese-Regular.ttf
08-10 11:26:02.022 6315 6315 E Minikin : addFont failed to create font /system/fonts/NotoSansKayahLi-Regular.ttf
08-10 11:26:02.022 6315 6315 E Minikin : addFont failed to create font /system/fonts/NotoSansLepcha-Regular.ttf
08-10 11:26:02.022 6315 6315 E Minikin : addFont failed to create font /system/fonts/NotoSansLimbu-Regular.ttf
08-10 11:26:02.022 6315 6315 E Minikin : addFont failed to create font /system/fonts/NotoSansMeeteiMayek-Regular.ttf
08-10 11:26:02.022 6315 6315 E Minikin : addFont failed to create font /system/fonts/NotoSansOlChiki-Regular.ttf
08-10 11:26:02.022 6315 6315 E Minikin : addFont failed to create font /system/fonts/NotoSansRejang-Regular.ttf
08-10 11:26:02.022 6315 6315 E Minikin : addFont failed to create font /system/fonts/NotoSansSaurashtra-Regular.ttf
08-10 11:26:02.022 6315 6315 E Minikin : addFont failed to create font /system/fonts/NotoSansSundanese-Regular.ttf
08-10 11:26:02.022 6315 6315 E Minikin : addFont failed to create font /system/fonts/NotoSansSylotiNagri-Regular.ttf
08-10 11:26:02.022 6315 6315 E Minikin : addFont failed to create font /system/fonts/NotoSansTagbanwa-Regular.ttf
08-10 11:26:02.022 6315 6315 E Minikin : addFont failed to create font /system/fonts/NotoSansTaiTham-Regular.ttf
08-10 11:26:02.022 6315 6315 E Minikin : addFont failed to create font /system/fonts/NotoSansTaiViet-Regular.ttf
08-10 11:26:02.022 6315 6315 E Minikin : addFont failed to create font /system/fonts/NotoSansTifinagh-Regular.ttf
08-10 11:26:02.022 6315 6315 E Minikin : addFont failed to create font /system/fonts/NotoSansYi-Regular.ttf
08-10 11:26:02.022 6315 6315 E Minikin : addFont failed to create font /system/fonts/Lohit-Odia.ttf
08-10 11:26:02.022 6315 6315 E Minikin : addFont failed to create font /system/fonts/NotoSansHans-Regular.otf
08-10 11:26:02.022 6315 6315 E Minikin : addFont failed to create font /system/fonts/NotoSansHant-Regular.otf
08-10 11:26:02.022 6315 6315 E Minikin : addFont failed to create font /system/fonts/NotoSansJP-Regular.otf
08-10 11:26:02.022 6315 6315 E Minikin : addFont failed to create font /system/fonts/NotoSansKR-Regular.otf
08-10 11:26:02.022 6315 6315 E Minikin : addFont failed to create font /system/fonts/NotoSansTaiLe-Regular.ttf
08-10 11:26:02.026 6315 6315 I art : Explicit concurrent mark sweep GC freed 1798(129KB) AllocSpace objects, 0(0B) LOS objects, 90% free, 113KB/1137KB, paused 28us total 1.146ms
08-10 11:26:02.029 6315 6315 I art : Explicit concurrent mark sweep GC freed 1933(92KB) AllocSpace objects, 0(0B) LOS objects, 86% free, 154KB/1178KB, paused 28us total 1.432ms
08-10 11:26:02.032 6315 6315 I art : Explicit concurrent mark sweep GC freed 1977(87KB) AllocSpace objects, 0(0B) LOS objects, 84% free, 188KB/1212KB, paused 27us total 1.356ms
08-10 11:26:02.034 6315 6315 I art : Explicit concurrent mark sweep GC freed 371(19KB) AllocSpace objects, 0(0B) LOS objects, 82% free, 221KB/1245KB, paused 26us total 1.365ms
08-10 11:26:02.040 6315 6315 I art : Thread[1,tid=6315,WaitingForJniOnLoad,Thread*=0xb3c25800,peer=0x12c31100,"main"] recursive attempt to load library "/system/lib/libmedia_jni.so"
08-10 11:26:02.040 6315 6315 D MtpDeviceJNI: register_android_mtp_MtpDevice
08-10 11:26:02.040 6315 6315 I art : Thread[1,tid=6315,WaitingForJniOnLoad,Thread*=0xb3c25800,peer=0x12c31100,"main"] recursive attempt to load library "/system/lib/libmedia_jni.so"
08-10 11:26:02.040 6315 6315 I art : Thread[1,tid=6315,WaitingForJniOnLoad,Thread*=0xb3c25800,peer=0x12c31100,"main"] recursive attempt to load library "/system/lib/libmedia_jni.so"
08-10 11:26:02.043 6315 6315 I art : Explicit concurrent mark sweep GC freed 663(37KB) AllocSpace objects, 0(0B) LOS objects, 80% free, 244KB/1268KB, paused 28us total 1.427ms
08-10 11:26:02.048 6315 6315 I art : Explicit concurrent mark sweep GC freed 576(29KB) AllocSpace objects, 0(0B) LOS objects, 79% free, 264KB/1288KB, paused 27us total 1.405ms
08-10 11:26:02.050 6315 6315 I art : Explicit concurrent mark sweep GC freed 478(27KB) AllocSpace objects, 0(0B) LOS objects, 77% free, 303KB/1327KB, paused 26us total 1.089ms
08-10 11:26:02.051 6316 6316 I iptables: iptables: No chain/target/match by that name.
08-10 11:26:02.051 6316 6316 I iptables: iptables terminated by exit(1)
08-10 11:26:02.051 6316 6316 E BandwidthController: runIptablesCmd(): res=1 status=256 failed /system/bin/iptables -A bw_INPUT -m owner --socket-exists
08-10 11:26:02.057 6315 6315 I art : Explicit concurrent mark sweep GC freed 1788(104KB) AllocSpace objects, 0(0B) LOS objects, 69% free, 452KB/1476KB, paused 27us total 1.367ms
08-10 11:26:02.058 6315 6315 E EmojiFactory_jni: Failed to load libemoji.so: dlopen failed: library "libemoji.so" not found
08-10 11:26:02.062 6315 6315 I art : Explicit concurrent mark sweep GC freed 350(45KB) AllocSpace objects, 0(0B) LOS objects, 57% free, 749KB/1773KB, paused 27us total 1.795ms
08-10 11:26:02.065 6315 6315 I art : Explicit concurrent mark sweep GC freed 438(30KB) AllocSpace objects, 0(0B) LOS objects, 57% free, 768KB/1792KB, paused 25us total 1.432ms
08-10 11:26:02.067 6315 6315 I art : Explicit concurrent mark sweep GC freed 780(49KB) AllocSpace objects, 0(0B) LOS objects, 57% free, 768KB/1792KB, paused 26us total 1.452ms
08-10 11:26:02.072 6316 6316 I ip6tables: ip6tables: No chain/target/match by that name.
08-10 11:26:02.072 6316 6316 I ip6tables: ip6tables terminated by exit(1)
08-10 11:26:02.072 6316 6316 E BandwidthController: runIptablesCmd(): res=1 status=256 failed /system/bin/ip6tables -A bw_INPUT -m owner --socket-exists
08-10 11:26:02.075 6315 6315 I art : Explicit concurrent mark sweep GC freed 956(105KB) AllocSpace objects, 0(0B) LOS objects, 55% free, 811KB/1835KB, paused 27us total 2.077ms
08-10 11:26:02.078 6315 6315 I art : Explicit concurrent mark sweep GC freed 597(42KB) AllocSpace objects, 0(0B) LOS objects, 55% free, 818KB/1842KB, paused 27us total 1.414ms
08-10 11:26:02.081 6316 6316 E Netd : Unable to create netlink socket: Protocol not supported
08-10 11:26:02.081 6316 6316 E Netd : Unable to open quota2 logging socket
08-10 11:26:02.081 6316 6316 D MDnsDS : MDnsSdListener::Hander starting up
08-10 11:26:02.081 6316 6543 D MDnsDS : MDnsSdListener starting to monitor
08-10 11:26:02.081 6316 6543 D MDnsDS : Going to poll with pollCount 1
08-10 11:26:02.082 6315 6315 I art : Explicit concurrent mark sweep GC freed 265(20KB) AllocSpace objects, 0(0B) LOS objects, 54% free, 846KB/1870KB, paused 26us total 1.335ms
08-10 11:26:02.089 6315 6315 I art : Explicit concurrent mark sweep GC freed 12(544B) AllocSpace objects, 0(0B) LOS objects, 45% free, 1225KB/2MB, paused 28us total 1.712ms
08-10 11:26:02.092 6315 6315 I art : Explicit concurrent mark sweep GC freed 574(33KB) AllocSpace objects, 0(0B) LOS objects, 45% free, 1241KB/2MB, paused 29us total 1.683ms
08-10 11:26:02.095 6315 6315 I art : Explicit concurrent mark sweep GC freed 741(45KB) AllocSpace objects, 0(0B) LOS objects, 45% free, 1245KB/2MB, paused 28us total 1.590ms
08-10 11:26:02.104 6315 6315 I System : Loaded time zone names for "" in 9ms (8ms in ICU)
08-10 11:26:02.110 6315 6315 I System : Loaded time zone names for "en_US" in 6ms (6ms in ICU)
08-10 11:26:02.112 6315 6315 I art : Explicit concurrent mark sweep GC freed 2345(178KB) AllocSpace objects, 0(0B) LOS objects, 42% free, 1403KB/2MB, paused 28us total 1.808ms
08-10 11:26:02.114 6315 6315 I art : Explicit concurrent mark sweep GC freed 136(12KB) AllocSpace objects, 0(0B) LOS objects, 41% free, 1468KB/2MB, paused 28us total 1.664ms
08-10 11:26:02.117 6315 6315 I art : Explicit concurrent mark sweep GC freed 288(24KB) AllocSpace objects, 0(0B) LOS objects, 40% free, 1514KB/2MB, paused 28us total 1.837ms
08-10 11:26:02.120 6315 6315 I art : Explicit concurrent mark sweep GC freed 679(47KB) AllocSpace objects, 0(0B) LOS objects, 40% free, 1515KB/2MB, paused 28us total 1.726ms
08-10 11:26:02.120 6315 6315 I Zygote : ...preloaded 3005 classes in 127ms.
08-10 11:26:02.120 6315 6315 I art : VMRuntime.preloadDexCaches starting
08-10 11:26:02.129 6315 6315 I art : VMRuntime.preloadDexCaches strings total=212339 before=39120 after=39120
08-10 11:26:02.129 6315 6315 I art : VMRuntime.preloadDexCaches types total=18429 before=6390 after=6428
08-10 11:26:02.129 6315 6315 I art : VMRuntime.preloadDexCaches fields total=85590 before=32321 after=32655
08-10 11:26:02.129 6315 6315 I art : VMRuntime.preloadDexCaches methods total=151811 before=66893 after=67794
08-10 11:26:02.129 6315 6315 I art : VMRuntime.preloadDexCaches finished
08-10 11:26:02.129 6315 6315 I art : Counter: 0
08-10 11:26:02.129 6315 6315 I art : Counter: 1
08-10 11:26:02.132 6315 6315 I art : Explicit concurrent mark sweep GC freed 61(15KB) AllocSpace objects, 0(0B) LOS objects, 40% free, 1501KB/2MB, paused 29us total 2.494ms
08-10 11:26:02.135 6547 6547 D idmap : error: no read access to /vendor/overlay: No such file or directory
08-10 11:26:02.136 6315 6315 I Zygote : Preloading resources...
08-10 11:26:02.139 6315 6315 I art : Explicit concurrent mark sweep GC freed 86(3KB) AllocSpace objects, 0(0B) LOS objects, 39% free, 1550KB/2MB, paused 31us total 2.019ms
08-10 11:26:02.142 6315 6315 I art : Explicit concurrent mark sweep GC freed 89(4KB) AllocSpace objects, 0(0B) LOS objects, 39% free, 1596KB/2MB, paused 34us total 1.905ms
08-10 11:26:02.147 6315 6315 I art : Explicit concurrent mark sweep GC freed 122(5KB) AllocSpace objects, 0(0B) LOS objects, 39% free, 1644KB/2MB, paused 52us total 2.896ms
08-10 11:26:02.149 6315 6315 I art : Explicit concurrent mark sweep GC freed 101(4KB) AllocSpace objects, 0(0B) LOS objects, 40% free, 1690KB/2MB, paused 32us total 1.657ms
08-10 11:26:02.152 6315 6315 I art : Explicit concurrent mark sweep GC freed 93(4KB) AllocSpace objects, 0(0B) LOS objects, 39% free, 1734KB/2MB, paused 29us total 1.665ms
08-10 11:26:02.155 6315 6315 I art : Explicit concurrent mark sweep GC freed 103(4KB) AllocSpace objects, 0(0B) LOS objects, 40% free, 1780KB/2MB, paused 30us total 1.737ms
08-10 11:26:02.158 6315 6315 I art : Explicit concurrent mark sweep GC freed 112(5KB) AllocSpace objects, 0(0B) LOS objects, 40% free, 1825KB/2MB, paused 30us total 1.691ms
08-10 11:26:02.161 6315 6315 I art : Explicit concurrent mark sweep GC freed 117(5KB) AllocSpace objects, 0(0B) LOS objects, 39% free, 1872KB/3MB, paused 30us total 1.697ms
08-10 11:26:02.163 6315 6315 I art : Explicit concurrent mark sweep GC freed 108(5KB) AllocSpace objects, 0(0B) LOS objects, 39% free, 1920KB/3MB, paused 30us total 1.698ms
08-10 11:26:02.167 6315 6315 I art : Explicit concurrent mark sweep GC freed 147(6KB) AllocSpace objects, 0(0B) LOS objects, 39% free, 1991KB/3MB, paused 31us total 1.726ms
08-10 11:26:02.170 6315 6315 I art : Explicit concurrent mark sweep GC freed 136(5KB) AllocSpace objects, 0(0B) LOS objects, 39% free, 2034KB/3MB, paused 31us total 1.751ms
08-10 11:26:02.172 6315 6315 I art : Explicit concurrent mark sweep GC freed 84(7KB) AllocSpace objects, 0(0B) LOS objects, 39% free, 2MB/3MB, paused 34us total 1.788ms
08-10 11:26:02.176 6315 6315 I art : Explicit concurrent mark sweep GC freed 112(4KB) AllocSpace objects, 0(0B) LOS objects, 39% free, 2MB/3MB, paused 31us total 1.789ms
08-10 11:26:02.178 6315 6315 I art : Explicit concurrent mark sweep GC freed 135(5KB) AllocSpace objects, 0(0B) LOS objects, 39% free, 2MB/3MB, paused 33us total 1.734ms
08-10 11:26:02.181 6315 6315 I art : Explicit concurrent mark sweep GC freed 62(2752B) AllocSpace objects, 0(0B) LOS objects, 39% free, 2MB/3MB, paused 30us total 1.699ms
08-10 11:26:02.184 6315 6315 I art : Explicit concurrent mark sweep GC freed 111(4KB) AllocSpace objects, 0(0B) LOS objects, 39% free, 2MB/4MB, paused 32us total 1.780ms
08-10 11:26:02.188 6315 6315 I art : Explicit concurrent mark sweep GC freed 206(9KB) AllocSpace objects, 0(0B) LOS objects, 39% free, 2MB/4MB, paused 32us total 1.839ms
08-10 11:26:02.191 6315 6315 I art : Explicit concurrent mark sweep GC freed 370(16KB) AllocSpace objects, 0(0B) LOS objects, 40% free, 2MB/4MB, paused 32us total 1.824ms
08-10 11:26:02.195 6315 6315 I art : Explicit concurrent mark sweep GC freed 214(9KB) AllocSpace objects, 0(0B) LOS objects, 39% free, 2MB/4MB, paused 33us total 1.814ms
08-10 11:26:02.197 6315 6315 I art : Explicit concurrent mark sweep GC freed 112(6KB) AllocSpace objects, 0(0B) LOS objects, 39% free, 2MB/4MB, paused 33us total 1.833ms
08-10 11:26:02.200 6315 6315 I art : Explicit concurrent mark sweep GC freed 113(5KB) AllocSpace objects, 0(0B) LOS objects, 40% free, 2MB/4MB, paused 32us total 1.819ms
08-10 11:26:02.203 6315 6315 I art : Explicit concurrent mark sweep GC freed 49(8KB) AllocSpace objects, 0(0B) LOS objects, 39% free, 2MB/4MB, paused 34us total 1.817ms
08-10 11:26:02.206 6315 6315 I art : Explicit concurrent mark sweep GC freed 101(4KB) AllocSpace objects, 0(0B) LOS objects, 39% free, 2MB/4MB, paused 33us total 1.870ms
08-10 11:26:02.209 6315 6315 I art : Explicit concurrent mark sweep GC freed 105(4KB) AllocSpace objects, 0(0B) LOS objects, 39% free, 2MB/4MB, paused 34us total 1.842ms
08-10 11:26:02.211 6315 6315 I art : Explicit concurrent mark sweep GC freed 99(4KB) AllocSpace objects, 0(0B) LOS objects, 39% free, 2MB/4MB, paused 34us total 1.850ms
08-10 11:26:02.216 6315 6315 I art : Explicit concurrent mark sweep GC freed 172(7KB) AllocSpace objects, 0(0B) LOS objects, 40% free, 2MB/4MB, paused 33us total 1.880ms
08-10 11:26:02.221 6315 6315 I art : Explicit concurrent mark sweep GC freed 417(18KB) AllocSpace objects, 0(0B) LOS objects, 39% free, 3MB/5MB, paused 34us total 1.912ms
08-10 11:26:02.227 6315 6315 I art : Explicit concurrent mark sweep GC freed 363(16KB) AllocSpace objects, 0(0B) LOS objects, 39% free, 3MB/5MB, paused 35us total 1.910ms
08-10 11:26:02.230 6315 6315 I art : Explicit concurrent mark sweep GC freed 174(8KB) AllocSpace objects, 0(0B) LOS objects, 40% free, 3MB/5MB, paused 34us total 1.901ms
08-10 11:26:02.234 6315 6315 I art : Explicit concurrent mark sweep GC freed 515(19KB) AllocSpace objects, 0(0B) LOS objects, 39% free, 3MB/5MB, paused 35us total 1.945ms
08-10 11:26:02.239 6315 6315 I art : Explicit concurrent mark sweep GC freed 353(14KB) AllocSpace objects, 0(0B) LOS objects, 40% free, 3MB/5MB, paused 56us total 3.010ms
08-10 11:26:02.243 6315 6315 I art : Explicit concurrent mark sweep GC freed 1153(40KB) AllocSpace objects, 0(0B) LOS objects, 39% free, 3MB/5MB, paused 50us total 2.913ms
08-10 11:26:02.246 6315 6315 I art : Explicit concurrent mark sweep GC freed 1499(50KB) AllocSpace objects, 0(0B) LOS objects, 39% free, 3MB/5MB, paused 49us total 2.748ms
08-10 11:26:02.252 6315 6315 I art : Explicit concurrent mark sweep GC freed 1381(49KB) AllocSpace objects, 0(0B) LOS objects, 40% free, 3MB/5MB, paused 88us total 4.571ms
08-10 11:26:02.262 6315 6315 I art : Explicit concurrent mark sweep GC freed 1453(56KB) AllocSpace objects, 0(0B) LOS objects, 40% free, 3MB/5MB, paused 85us total 5.534ms
08-10 11:26:02.270 6315 6315 I art : Explicit concurrent mark sweep GC freed 603(27KB) AllocSpace objects, 0(0B) LOS objects, 40% free, 3MB/5MB, paused 84us total 4.470ms
08-10 11:26:02.278 6315 6315 I art : Explicit concurrent mark sweep GC freed 344(20KB) AllocSpace objects, 0(0B) LOS objects, 40% free, 3MB/6MB, paused 76us total 4.218ms
08-10 11:26:02.286 6315 6315 I art : Explicit concurrent mark sweep GC freed 384(17KB) AllocSpace objects, 0(0B) LOS objects, 39% free, 3MB/6MB, paused 42us total 2.384ms
08-10 11:26:02.289 6315 6315 I Zygote : ...preloaded 343 resources in 154ms.
08-10 11:26:02.294 6315 6315 I art : Explicit concurrent mark sweep GC freed 639(39KB) AllocSpace objects, 0(0B) LOS objects, 39% free, 3MB/6MB, paused 86us total 4.875ms
08-10 11:26:02.298 6315 6315 I Zygote : ...preloaded 41 resources in 8ms.
08-10 11:26:02.298 6315 6315 I art : Counter: 0
08-10 11:26:02.299 6315 6315 D libEGL : loaded /system/lib/egl/libGLES_mesa.so
08-10 11:26:02.317 6315 6315 I Zygote : Preloading shared libraries...
08-10 11:26:02.319 6315 6315 D Zygote : end preload
08-10 11:26:02.323 6315 6315 I art : Explicit concurrent mark sweep GC freed 450(20KB) AllocSpace objects, 0(0B) LOS objects, 40% free, 3MB/6MB, paused 77us total 4.395ms
08-10 11:26:02.328 6315 6315 I art : Explicit concurrent mark sweep GC freed 389(16KB) AllocSpace objects, 0(0B) LOS objects, 40% free, 3MB/6MB, paused 72us total 4.127ms
08-10 11:26:02.332 6315 6315 I art : Explicit concurrent mark sweep GC freed 5(160B) AllocSpace objects, 0(0B) LOS objects, 40% free, 3MB/6MB, paused 72us total 4.016ms
08-10 11:26:02.360 6315 6315 I Zygote : System server process 6548 has been created
08-10 11:26:02.361 6315 6315 I Zygote : Accepting command socket connections
08-10 11:26:02.364 6548 6548 I art : DexFile_isDexOptNeeded file /system/framework/x86/services.odex needs to be relocated for /system/framework/services.jar
08-10 11:26:02.364 6548 6548 I InstallerConnection: connecting...
08-10 11:26:02.364 1817 1817 I installd: new connection
08-10 11:26:02.364 6564 6564 E installd: Running /system/bin/patchoat isa=x86 in-fd=5 (/system/framework/x86/services.odex) out-fd=6 (/data/dalvik-cache/x86/system@framework@services.jar@classes.dex)
08-10 11:26:02.378 6548 6548 I art : DexFile_isDexOptNeeded file /system/framework/x86/ethernet-service.odex needs to be relocated for /system/framework/ethernet-service.jar
08-10 11:26:02.378 6565 6565 E installd: Running /system/bin/patchoat isa=x86 in-fd=5 (/system/framework/x86/ethernet-service.odex) out-fd=6 (/data/dalvik-cache/x86/system@framework@ethernet-service.jar@classes.dex)
08-10 11:26:02.383 6548 6548 I art : DexFile_isDexOptNeeded file /system/framework/x86/wifi-service.odex needs to be relocated for /system/framework/wifi-service.jar
08-10 11:26:02.383 6566 6566 E installd: Running /system/bin/patchoat isa=x86 in-fd=5 (/system/framework/x86/wifi-service.odex) out-fd=6 (/data/dalvik-cache/x86/system@framework@wifi-service.jar@classes.dex)
08-10 11:26:02.388 6548 6548 I InstallerConnection: disconnecting...
08-10 11:26:02.388 1817 1817 E installd: eof
08-10 11:26:02.388 1817 1817 E installd: failed to read size
08-10 11:26:02.388 1817 1817 I installd: closing connection
08-10 11:26:02.390 6548 6548 I SystemServer: Entered the Android system server!
08-10 11:26:02.395 6548 6548 V Fingerprint-JNI: FingerprintManager JNI ready.
08-10 11:26:02.396 6548 6548 D SensorService: nuSensorService starting...
08-10 11:26:02.396 6548 6548 D iio-sensors: open_iio_sensors: id=poll
08-10 11:26:02.396 6548 6548 D iio-sensors: SensorPollContext: module=0xae54c0a0 sensors: 0
08-10 11:26:02.396 6548 6548 E SensorService: couldn't open device for module sensors (Invalid argument)
08-10 11:26:02.396 6548 6548 D iio-sensors: enter sensors_get_sensors_list
08-10 11:26:02.396 6548 6548 D iio-sensors: enter sensors_get_sensors_list
08-10 11:26:02.397 6548 6548 I SystemServiceManager: Starting com.android.server.pm.Installer
08-10 11:26:02.397 6548 6548 I Installer: Waiting for installd to be ready.
08-10 11:26:02.397 6548 6548 I InstallerConnection: connecting...
08-10 11:26:02.397 1817 1817 I installd: new connection
08-10 11:26:02.397 6548 6548 I SystemServiceManager: Starting com.android.server.am.ActivityManagerService$Lifecycle
08-10 11:26:02.401 6548 6548 I ActivityManager: Memory class: 192
08-10 11:26:02.419 6548 6548 I IntentFirewall: Read new rules (A:0 B:0 S:0)
08-10 11:26:02.423 6548 6548 D AppOps : AppOpsService published
08-10 11:26:02.423 6548 6548 I SystemServiceManager: Starting com.android.server.power.PowerManagerService
08-10 11:26:02.423 6548 6548 W libsuspend: Error writing 'on' to /sys/power/state: Invalid argument
08-10 11:26:02.423 6548 6548 I libsuspend: Selected wakeup count
08-10 11:26:02.424 6548 6548 I SystemServiceManager: Starting com.android.server.display.DisplayManagerService
08-10 11:26:02.425 6548 6548 I SystemServiceManager: Starting phase 100
08-10 11:26:02.426 6548 6575 I DisplayManagerService: Display device added: DisplayDeviceInfo{"Built-in Screen": uniqueId="local:0", 1920 x 1440, 60.000004 fps, supportedRefreshRates [60.000004], density 240, 135.0 x 135.0 dpi, appVsyncOff 0, presDeadline 17666666, touch INTERNAL, rotation 0, type BUILT_IN, state UNKNOWN, FLAG_DEFAULT_DISPLAY, FLAG_ROTATES_WITH_CONTENT, FLAG_SECURE, FLAG_SUPPORTS_PROTECTED_BUFFERS}
08-10 11:26:02.426 6548 6548 I SystemServer: Package Manager
08-10 11:26:02.429 6548 6548 W SystemConfig: No directory /system/etc/sysconfig, skipping
08-10 11:26:02.435 6548 6548 D SELinuxMMAC: Using policy file /system/etc/security/mac_permissions.xml
08-10 11:26:02.447 6581 6581 I dex2oat : /system/bin/dex2oat --zip-fd=5 --zip-location=/system/framework/com.google.widevine.software.drm.jar --oat-fd=6 --oat-location=/data/dalvik-cache/x86/system@framework@com.google.widevine.software.drm.jar@classes.dex --instruction-set=x86 --instruction-set-features=default --runtime-arg -Xms64m --runtime-arg -Xmx512m --compiler-filter=interpret-only --swap-fd=7
08-10 11:26:02.448 6581 6581 I dex2oat : Decided to run without swap.
08-10 11:26:02.450 6581 6581 I dex2oat : dex2oat took 2.904ms (threads: 4) arena alloc=0B java alloc=1560B native alloc=239KB free=7MB
08-10 11:26:02.455 6586 6586 I dex2oat : /system/bin/dex2oat --zip-fd=5 --zip-location=/system/framework/com.google.android.media.effects.jar --oat-fd=6 --oat-location=/data/dalvik-cache/x86/system@framework@com.google.android.media.effects.jar@classes.dex --instruction-set=x86 --instruction-set-features=default --runtime-arg -Xms64m --runtime-arg -Xmx512m --compiler-filter=interpret-only --swap-fd=7
08-10 11:26:02.458 6586 6586 I dex2oat : Decided to run without swap.
08-10 11:26:02.467 6586 6586 I dex2oat : dex2oat took 11.928ms (threads: 4) arena alloc=0B java alloc=143KB native alloc=302KB free=7MB
08-10 11:26:02.468 6548 6548 I art : DexFile_isDexOptNeeded file /system/framework/x86/com.android.location.provider.odex needs to be relocated for /system/framework/com.android.location.provider.jar
08-10 11:26:02.468 6591 6591 E installd: Running /system/bin/patchoat isa=x86 in-fd=5 (/system/framework/x86/com.android.location.provider.odex) out-fd=6 (/data/dalvik-cache/x86/system@framework@com.android.location.provider.jar@classes.dex)
08-10 11:26:02.476 6592 6592 I dex2oat : /system/bin/dex2oat --zip-fd=5 --zip-location=/system/framework/com.google.android.camera2.jar --oat-fd=6 --oat-location=/data/dalvik-cache/x86/system@framework@com.google.android.camera2.jar@classes.dex --instruction-set=x86 --instruction-set-features=default --runtime-arg -Xms64m --runtime-arg -Xmx512m --compiler-filter=interpret-only --swap-fd=7
08-10 11:26:02.478 6592 6592 I dex2oat : Decided to run without swap.
08-10 11:26:02.486 6592 6592 I dex2oat : dex2oat took 10.184ms (threads: 4) arena alloc=0B java alloc=91KB native alloc=267KB free=7MB
08-10 11:26:02.487 6548 6548 I art : DexFile_isDexOptNeeded file /system/framework/x86/com.android.future.usb.accessory.odex needs to be relocated for /system/framework/com.android.future.usb.accessory.jar
08-10 11:26:02.487 6597 6597 E installd: Running /system/bin/patchoat isa=x86 in-fd=5 (/system/framework/x86/com.android.future.usb.accessory.odex) out-fd=6 (/data/dalvik-cache/x86/system@framework@com.android.future.usb.accessory.jar@classes.dex)
08-10 11:26:02.491 6548 6548 I art : DexFile_isDexOptNeeded file /system/framework/x86/javax.obex.odex needs to be relocated for /system/framework/javax.obex.jar
08-10 11:26:02.491 6598 6598 E installd: Running /system/bin/patchoat isa=x86 in-fd=5 (/system/framework/x86/javax.obex.odex) out-fd=6 (/data/dalvik-cache/x86/system@framework@javax.obex.jar@classes.dex)
08-10 11:26:02.496 6548 6548 I art : DexFile_isDexOptNeeded file /system/framework/x86/android.test.runner.odex needs to be relocated for /system/framework/android.test.runner.jar
08-10 11:26:02.496 6599 6599 E installd: Running /system/bin/patchoat isa=x86 in-fd=5 (/system/framework/x86/android.test.runner.odex) out-fd=6 (/data/dalvik-cache/x86/system@framework@android.test.runner.jar@classes.dex)
08-10 11:26:02.504 6600 6600 I dex2oat : /system/bin/dex2oat --zip-fd=5 --zip-location=/system/framework/com.google.android.maps.jar --oat-fd=6 --oat-location=/data/dalvik-cache/x86/system@framework@com.google.android.maps.jar@classes.dex --instruction-set=x86 --instruction-set-features=default --runtime-arg -Xms64m --runtime-arg -Xmx512m --compiler-filter=interpret-only --swap-fd=7
08-10 11:26:02.513 6600 6600 I dex2oat : Decided to run without swap.
08-10 11:26:02.534 6600 6600 I dex2oat : dex2oat took 30.448ms (threads: 4) arena alloc=0B java alloc=488KB native alloc=528KB free=7MB
08-10 11:26:02.535 6548 6548 I art : DexFile_isDexOptNeeded file /system/framework/x86/com.android.media.remotedisplay.odex needs to be relocated for /system/framework/com.android.media.remotedisplay.jar
08-10 11:26:02.535 6605 6605 E installd: Running /system/bin/patchoat isa=x86 in-fd=5 (/system/framework/x86/com.android.media.remotedisplay.odex) out-fd=6 (/data/dalvik-cache/x86/system@framework@com.android.media.remotedisplay.jar@classes.dex)
08-10 11:26:02.539 6548 6548 I art : DexFile_isDexOptNeeded file /system/framework/x86/com.android.mediadrm.signer.odex needs to be relocated for /system/framework/com.android.mediadrm.signer.jar
08-10 11:26:02.539 6606 6606 E installd: Running /system/bin/patchoat isa=x86 in-fd=5 (/system/framework/x86/com.android.mediadrm.signer.odex) out-fd=6 (/data/dalvik-cache/x86/system@framework@com.android.mediadrm.signer.jar@classes.dex)
08-10 11:26:02.542 6548 6548 I art : DexFile_isDexOptNeeded file /system/framework/x86/am.odex needs to be relocated for /system/framework/am.jar
