08-10 11:21:06.844 2617 2617 I art : VMRuntime.preloadDexCaches strings total=212339 before=39120 after=39120
08-10 11:21:06.845 2617 2617 I art : VMRuntime.preloadDexCaches types total=18429 before=6390 after=6428
08-10 11:21:06.845 2617 2617 I art : VMRuntime.preloadDexCaches fields total=85590 before=32321 after=32655
08-10 11:21:06.845 2617 2617 I art : VMRuntime.preloadDexCaches methods total=151811 before=66893 after=67794
08-10 11:21:06.845 2617 2617 I art : VMRuntime.preloadDexCaches finished
08-10 11:21:06.845 2617 2617 I art : Counter: 0
08-10 11:21:06.845 2617 2617 I art : Counter: 1
08-10 11:21:06.847 2617 2617 I art : Explicit concurrent mark sweep GC freed 61(15KB) AllocSpace objects, 0(0B) LOS objects, 40% free, 1501KB/2MB, paused 29us total 2.472ms
08-10 11:21:06.850 2847 2847 D idmap : error: no read access to /vendor/overlay: No such file or directory
08-10 11:21:06.851 2617 2617 I Zygote : Preloading resources...
08-10 11:21:06.854 2617 2617 I art : Explicit concurrent mark sweep GC freed 86(3KB) AllocSpace objects, 0(0B) LOS objects, 39% free, 1550KB/2MB, paused 30us total 1.968ms
08-10 11:21:06.857 2617 2617 I art : Explicit concurrent mark sweep GC freed 89(4KB) AllocSpace objects, 0(0B) LOS objects, 39% free, 1596KB/2MB, paused 30us total 1.734ms
08-10 11:21:06.859 2617 2617 I art : Explicit concurrent mark sweep GC freed 122(5KB) AllocSpace objects, 0(0B) LOS objects, 39% free, 1644KB/2MB, paused 29us total 1.665ms
08-10 11:21:06.862 2617 2617 I art : Explicit concurrent mark sweep GC freed 101(4KB) AllocSpace objects, 0(0B) LOS objects, 40% free, 1690KB/2MB, paused 29us total 1.664ms
08-10 11:21:06.865 2617 2617 I art : Explicit concurrent mark sweep GC freed 93(4KB) AllocSpace objects, 0(0B) LOS objects, 39% free, 1734KB/2MB, paused 29us total 1.665ms
08-10 11:21:06.868 2617 2617 I art : Explicit concurrent mark sweep GC freed 103(4KB) AllocSpace objects, 0(0B) LOS objects, 40% free, 1780KB/2MB, paused 31us total 1.721ms
08-10 11:21:06.870 2617 2617 I art : Explicit concurrent mark sweep GC freed 112(5KB) AllocSpace objects, 0(0B) LOS objects, 40% free, 1825KB/2MB, paused 30us total 1.698ms
08-10 11:21:06.873 2617 2617 I art : Explicit concurrent mark sweep GC freed 117(5KB) AllocSpace objects, 0(0B) LOS objects, 39% free, 1872KB/3MB, paused 30us total 1.694ms
08-10 11:21:06.876 2617 2617 I art : Explicit concurrent mark sweep GC freed 108(5KB) AllocSpace objects, 0(0B) LOS objects, 39% free, 1920KB/3MB, paused 30us total 1.694ms
08-10 11:21:06.880 2617 2617 I art : Explicit concurrent mark sweep GC freed 147(6KB) AllocSpace objects, 0(0B) LOS objects, 39% free, 1991KB/3MB, paused 34us total 1.762ms
08-10 11:21:06.882 2617 2617 I art : Explicit concurrent mark sweep GC freed 136(5KB) AllocSpace objects, 0(0B) LOS objects, 39% free, 2034KB/3MB, paused 31us total 1.724ms
08-10 11:21:06.885 2617 2617 I art : Explicit concurrent mark sweep GC freed 84(7KB) AllocSpace objects, 0(0B) LOS objects, 39% free, 2MB/3MB, paused 31us total 1.724ms
08-10 11:21:06.888 2617 2617 I art : Explicit concurrent mark sweep GC freed 112(4KB) AllocSpace objects, 0(0B) LOS objects, 39% free, 2MB/3MB, paused 31us total 1.753ms
08-10 11:21:06.891 2617 2617 I art : Explicit concurrent mark sweep GC freed 135(5KB) AllocSpace objects, 0(0B) LOS objects, 39% free, 2MB/3MB, paused 31us total 1.754ms
08-10 11:21:06.893 2617 2617 I art : Explicit concurrent mark sweep GC freed 62(2752B) AllocSpace objects, 0(0B) LOS objects, 39% free, 2MB/3MB, paused 31us total 1.738ms
08-10 11:21:06.897 2617 2617 I art : Explicit concurrent mark sweep GC freed 111(4KB) AllocSpace objects, 0(0B) LOS objects, 39% free, 2MB/4MB, paused 32us total 1.801ms
08-10 11:21:06.901 2617 2617 I art : Explicit concurrent mark sweep GC freed 206(9KB) AllocSpace objects, 0(0B) LOS objects, 39% free, 2MB/4MB, paused 32us total 1.821ms
08-10 11:21:06.904 2617 2617 I art : Explicit concurrent mark sweep GC freed 370(16KB) AllocSpace objects, 0(0B) LOS objects, 40% free, 2MB/4MB, paused 32us total 1.825ms
08-10 11:21:06.907 2617 2617 I art : Explicit concurrent mark sweep GC freed 214(9KB) AllocSpace objects, 0(0B) LOS objects, 39% free, 2MB/4MB, paused 32us total 1.810ms
08-10 11:21:06.910 2617 2617 I art : Explicit concurrent mark sweep GC freed 112(6KB) AllocSpace objects, 0(0B) LOS objects, 39% free, 2MB/4MB, paused 33us total 1.817ms
08-10 11:21:06.913 2617 2617 I art : Explicit concurrent mark sweep GC freed 113(5KB) AllocSpace objects, 0(0B) LOS objects, 40% free, 2MB/4MB, paused 32us total 1.830ms
08-10 11:21:06.915 2617 2617 I art : Explicit concurrent mark sweep GC freed 49(8KB) AllocSpace objects, 0(0B) LOS objects, 39% free, 2MB/4MB, paused 33us total 1.818ms
08-10 11:21:06.918 2617 2617 I art : Explicit concurrent mark sweep GC freed 101(4KB) AllocSpace objects, 0(0B) LOS objects, 39% free, 2MB/4MB, paused 33us total 1.816ms
08-10 11:21:06.921 2617 2617 I art : Explicit concurrent mark sweep GC freed 105(4KB) AllocSpace objects, 0(0B) LOS objects, 39% free, 2MB/4MB, paused 34us total 1.835ms
08-10 11:21:06.924 2617 2617 I art : Explicit concurrent mark sweep GC freed 99(4KB) AllocSpace objects, 0(0B) LOS objects, 39% free, 2MB/4MB, paused 33us total 1.844ms
08-10 11:21:06.928 2617 2617 I art : Explicit concurrent mark sweep GC freed 172(7KB) AllocSpace objects, 0(0B) LOS objects, 40% free, 2MB/4MB, paused 32us total 1.872ms
08-10 11:21:06.934 2617 2617 I art : Explicit concurrent mark sweep GC freed 417(18KB) AllocSpace objects, 0(0B) LOS objects, 39% free, 3MB/5MB, paused 33us total 1.903ms
08-10 11:21:06.940 2617 2617 I art : Explicit concurrent mark sweep GC freed 363(16KB) AllocSpace objects, 0(0B) LOS objects, 39% free, 3MB/5MB, paused 35us total 2.138ms
08-10 11:21:06.943 2617 2617 I art : Explicit concurrent mark sweep GC freed 174(8KB) AllocSpace objects, 0(0B) LOS objects, 40% free, 3MB/5MB, paused 36us total 2.018ms
08-10 11:21:06.947 2617 2617 I art : Explicit concurrent mark sweep GC freed 515(19KB) AllocSpace objects, 0(0B) LOS objects, 39% free, 3MB/5MB, paused 35us total 1.927ms
08-10 11:21:06.950 2617 2617 I art : Explicit concurrent mark sweep GC freed 353(14KB) AllocSpace objects, 0(0B) LOS objects, 40% free, 3MB/5MB, paused 35us total 2.004ms
08-10 11:21:06.953 2617 2617 I art : Explicit concurrent mark sweep GC freed 1153(40KB) AllocSpace objects, 0(0B) LOS objects, 39% free, 3MB/5MB, paused 56us total 2.049ms
08-10 11:21:06.955 2617 2617 I art : Explicit concurrent mark sweep GC freed 1499(50KB) AllocSpace objects, 0(0B) LOS objects, 39% free, 3MB/5MB, paused 36us total 2.018ms
08-10 11:21:06.958 2617 2617 I art : Explicit concurrent mark sweep GC freed 1381(49KB) AllocSpace objects, 0(0B) LOS objects, 40% free, 3MB/5MB, paused 34us total 2.009ms
08-10 11:21:06.962 2617 2617 I art : Explicit concurrent mark sweep GC freed 1453(56KB) AllocSpace objects, 0(0B) LOS objects, 40% free, 3MB/5MB, paused 36us total 2.372ms
08-10 11:21:06.966 2617 2617 I art : Explicit concurrent mark sweep GC freed 603(27KB) AllocSpace objects, 0(0B) LOS objects, 40% free, 3MB/5MB, paused 36us total 2.089ms
08-10 11:21:06.970 2617 2617 I art : Explicit concurrent mark sweep GC freed 344(20KB) AllocSpace objects, 0(0B) LOS objects, 40% free, 3MB/6MB, paused 44us total 2.089ms
08-10 11:21:06.976 2617 2617 I art : Explicit concurrent mark sweep GC freed 384(17KB) AllocSpace objects, 0(0B) LOS objects, 39% free, 3MB/6MB, paused 36us total 2.077ms
08-10 11:21:06.978 2617 2617 I Zygote : ...preloaded 343 resources in 127ms.
08-10 11:21:06.980 2617 2617 I art : Explicit concurrent mark sweep GC freed 639(39KB) AllocSpace objects, 0(0B) LOS objects, 39% free, 3MB/6MB, paused 37us total 2.191ms
08-10 11:21:06.982 2617 2617 I Zygote : ...preloaded 41 resources in 4ms.
08-10 11:21:06.982 2617 2617 I art : Counter: 0
08-10 11:21:06.982 2617 2617 D libEGL : loaded /system/lib/egl/libGLES_mesa.so
08-10 11:21:06.991 2617 2617 I Zygote : Preloading shared libraries...
08-10 11:21:06.991 2617 2617 D Zygote : end preload
08-10 11:21:06.994 2617 2617 I art : Explicit concurrent mark sweep GC freed 450(20KB) AllocSpace objects, 0(0B) LOS objects, 40% free, 3MB/6MB, paused 37us total 2.207ms
08-10 11:21:06.996 2617 2617 I art : Explicit concurrent mark sweep GC freed 389(16KB) AllocSpace objects, 0(0B) LOS objects, 40% free, 3MB/6MB, paused 36us total 2.114ms
08-10 11:21:06.998 2617 2617 I art : Explicit concurrent mark sweep GC freed 5(160B) AllocSpace objects, 0(0B) LOS objects, 40% free, 3MB/6MB, paused 36us total 2.085ms
08-10 11:21:07.002 2562 2562 I dhcpcd : eth0: offered 192.168.1.2 from 192.168.1.1
08-10 11:21:07.018 2617 2617 I Zygote : System server process 2848 has been created
08-10 11:21:07.019 2617 2617 I Zygote : Accepting command socket connections
08-10 11:21:07.022 2848 2848 I art : DexFile_isDexOptNeeded file /system/framework/x86/services.odex needs to be relocated for /system/framework/services.jar
08-10 11:21:07.022 2848 2848 I InstallerConnection: connecting...
08-10 11:21:07.022 1817 1817 I installd: new connection
08-10 11:21:07.022 2864 2864 E installd: Running /system/bin/patchoat isa=x86 in-fd=5 (/system/framework/x86/services.odex) out-fd=6 (/data/dalvik-cache/x86/system@framework@services.jar@classes.dex)
08-10 11:21:07.031 2562 2562 I dhcpcd : eth0: acknowledged 192.168.1.2 from 192.168.1.1
08-10 11:21:07.036 2848 2848 I art : DexFile_isDexOptNeeded file /system/framework/x86/ethernet-service.odex needs to be relocated for /system/framework/ethernet-service.jar
08-10 11:21:07.036 2865 2865 E installd: Running /system/bin/patchoat isa=x86 in-fd=5 (/system/framework/x86/ethernet-service.odex) out-fd=6 (/data/dalvik-cache/x86/system@framework@ethernet-service.jar@classes.dex)
08-10 11:21:07.039 2848 2848 I art : DexFile_isDexOptNeeded file /system/framework/x86/wifi-service.odex needs to be relocated for /system/framework/wifi-service.jar
08-10 11:21:07.039 2866 2866 E installd: Running /system/bin/patchoat isa=x86 in-fd=5 (/system/framework/x86/wifi-service.odex) out-fd=6 (/data/dalvik-cache/x86/system@framework@wifi-service.jar@classes.dex)
08-10 11:21:07.041 2562 2562 I dhcpcd : eth0: leased 192.168.1.2 for 21600 seconds
08-10 11:21:07.043 2848 2848 I InstallerConnection: disconnecting...
08-10 11:21:07.043 1817 1817 E installd: eof
08-10 11:21:07.043 1817 1817 E installd: failed to read size
08-10 11:21:07.043 1817 1817 I installd: closing connection
08-10 11:21:07.045 2848 2848 I SystemServer: Entered the Android system server!
08-10 11:21:07.049 2848 2848 V Fingerprint-JNI: FingerprintManager JNI ready.
08-10 11:21:07.050 2848 2848 D SensorService: nuSensorService starting...
08-10 11:21:07.050 2848 2848 D iio-sensors: open_iio_sensors: id=poll
08-10 11:21:07.050 2848 2848 D iio-sensors: SensorPollContext: module=0xae58f0a0 sensors: 0
08-10 11:21:07.050 2848 2848 E SensorService: couldn't open device for module sensors (Invalid argument)
08-10 11:21:07.050 2848 2848 D iio-sensors: enter sensors_get_sensors_list
08-10 11:21:07.050 2848 2848 D iio-sensors: enter sensors_get_sensors_list
08-10 11:21:07.051 2848 2848 I SystemServiceManager: Starting com.android.server.pm.Installer
08-10 11:21:07.051 2848 2848 I Installer: Waiting for installd to be ready.
08-10 11:21:07.051 2848 2848 I InstallerConnection: connecting...
08-10 11:21:07.051 1817 1817 I installd: new connection
08-10 11:21:07.051 2848 2848 I SystemServiceManager: Starting com.android.server.am.ActivityManagerService$Lifecycle
08-10 11:21:07.054 2848 2848 I ActivityManager: Memory class: 192
08-10 11:21:07.057 2848 2848 I AppOps : No existing app ops /data/system/appops.xml; starting empty
08-10 11:21:07.066 2848 2848 W ProcessCpuTracker: Skipping unknown process pid 2883
08-10 11:21:07.068 2848 2848 I IntentFirewall: Read new rules (A:0 B:0 S:0)
08-10 11:21:07.070 2848 2848 D AppOps : AppOpsService published
08-10 11:21:07.070 2848 2848 I SystemServiceManager: Starting com.android.server.power.PowerManagerService
08-10 11:21:07.071 2848 2848 W libsuspend: Error writing 'on' to /sys/power/state: Invalid argument
08-10 11:21:07.071 2848 2848 I libsuspend: Selected wakeup count
08-10 11:21:07.071 2848 2848 I SystemServiceManager: Starting com.android.server.display.DisplayManagerService
08-10 11:21:07.072 2848 2848 I SystemServiceManager: Starting phase 100
08-10 11:21:07.073 2848 2895 I DisplayManagerService: Display device added: DisplayDeviceInfo{"Built-in Screen": uniqueId="local:0", 1920 x 1440, 60.000004 fps, supportedRefreshRates [60.000004], density 240, 135.0 x 135.0 dpi, appVsyncOff 0, presDeadline 17666666, touch INTERNAL, rotation 0, type BUILT_IN, state UNKNOWN, FLAG_DEFAULT_DISPLAY, FLAG_ROTATES_WITH_CONTENT, FLAG_SECURE, FLAG_SUPPORTS_PROTECTED_BUFFERS}
08-10 11:21:07.073 2848 2848 I SystemServer: Package Manager
08-10 11:21:07.075 2848 2848 W SystemConfig: No directory /system/etc/sysconfig, skipping
08-10 11:21:07.079 2848 2848 D SELinuxMMAC: Using policy file /system/etc/security/mac_permissions.xml
08-10 11:21:07.088 2901 2901 I dex2oat : /system/bin/dex2oat --zip-fd=5 --zip-location=/system/framework/com.google.widevine.software.drm.jar --oat-fd=6 --oat-location=/data/dalvik-cache/x86/system@framework@com.google.widevine.software.drm.jar@classes.dex --instruction-set=x86 --instruction-set-features=default --runtime-arg -Xms64m --runtime-arg -Xmx512m --compiler-filter=interpret-only --swap-fd=7
08-10 11:21:07.090 2901 2901 I dex2oat : Decided to run without swap.
08-10 11:21:07.091 2901 2901 I dex2oat : dex2oat took 3.277ms (threads: 4) arena alloc=0B java alloc=1560B native alloc=239KB free=7MB
08-10 11:21:07.097 2906 2906 I dex2oat : /system/bin/dex2oat --zip-fd=5 --zip-location=/system/framework/com.google.android.media.effects.jar --oat-fd=6 --oat-location=/data/dalvik-cache/x86/system@framework@com.google.android.media.effects.jar@classes.dex --instruction-set=x86 --instruction-set-features=default --runtime-arg -Xms64m --runtime-arg -Xmx512m --compiler-filter=interpret-only --swap-fd=7
08-10 11:21:07.101 2906 2906 I dex2oat : Decided to run without swap.
08-10 11:21:07.107 2906 2906 I dex2oat : dex2oat took 9.738ms (threads: 4) arena alloc=0B java alloc=142KB native alloc=305KB free=7MB
08-10 11:21:07.108 2848 2848 I art : DexFile_isDexOptNeeded file /system/framework/x86/com.android.location.provider.odex needs to be relocated for /system/framework/com.android.location.provider.jar
08-10 11:21:07.108 2911 2911 E installd: Running /system/bin/patchoat isa=x86 in-fd=5 (/system/framework/x86/com.android.location.provider.odex) out-fd=6 (/data/dalvik-cache/x86/system@framework@com.android.location.provider.jar@classes.dex)
08-10 11:21:07.114 2912 2912 I dex2oat : /system/bin/dex2oat --zip-fd=5 --zip-location=/system/framework/com.google.android.camera2.jar --oat-fd=6 --oat-location=/data/dalvik-cache/x86/system@framework@com.google.android.camera2.jar@classes.dex --instruction-set=x86 --instruction-set-features=default --runtime-arg -Xms64m --runtime-arg -Xmx512m --compiler-filter=interpret-only --swap-fd=7
08-10 11:21:07.116 2912 2912 I dex2oat : Decided to run without swap.
08-10 11:21:07.124 2912 2912 I dex2oat : dex2oat took 9.662ms (threads: 4) arena alloc=0B java alloc=91KB native alloc=266KB free=7MB
08-10 11:21:07.125 2848 2848 I art : DexFile_isDexOptNeeded file /system/framework/x86/com.android.future.usb.accessory.odex needs to be relocated for /system/framework/com.android.future.usb.accessory.jar
08-10 11:21:07.125 2917 2917 E installd: Running /system/bin/patchoat isa=x86 in-fd=5 (/system/framework/x86/com.android.future.usb.accessory.odex) out-fd=6 (/data/dalvik-cache/x86/system@framework@com.android.future.usb.accessory.jar@classes.dex)
08-10 11:21:07.128 2848 2848 I art : DexFile_isDexOptNeeded file /system/framework/x86/javax.obex.odex needs to be relocated for /system/framework/javax.obex.jar
08-10 11:21:07.128 2918 2918 E installd: Running /system/bin/patchoat isa=x86 in-fd=5 (/system/framework/x86/javax.obex.odex) out-fd=6 (/data/dalvik-cache/x86/system@framework@javax.obex.jar@classes.dex)
08-10 11:21:07.131 2848 2848 I art : DexFile_isDexOptNeeded file /system/framework/x86/android.test.runner.odex needs to be relocated for /system/framework/android.test.runner.jar
08-10 11:21:07.131 2919 2919 E installd: Running /system/bin/patchoat isa=x86 in-fd=5 (/system/framework/x86/android.test.runner.odex) out-fd=6 (/data/dalvik-cache/x86/system@framework@android.test.runner.jar@classes.dex)
08-10 11:21:07.137 2920 2920 I dex2oat : /system/bin/dex2oat --zip-fd=5 --zip-location=/system/framework/com.google.android.maps.jar --oat-fd=6 --oat-location=/data/dalvik-cache/x86/system@framework@com.google.android.maps.jar@classes.dex --instruction-set=x86 --instruction-set-features=default --runtime-arg -Xms64m --runtime-arg -Xmx512m --compiler-filter=interpret-only --swap-fd=7
08-10 11:21:07.145 2920 2920 I dex2oat : Decided to run without swap.
08-10 11:21:07.162 2920 2920 I dex2oat : dex2oat took 25.485ms (threads: 4) arena alloc=0B java alloc=488KB native alloc=514KB free=7MB
08-10 11:21:07.163 2848 2848 I art : DexFile_isDexOptNeeded file /system/framework/x86/com.android.media.remotedisplay.odex needs to be relocated for /system/framework/com.android.media.remotedisplay.jar
08-10 11:21:07.163 2925 2925 E installd: Running /system/bin/patchoat isa=x86 in-fd=5 (/system/framework/x86/com.android.media.remotedisplay.odex) out-fd=6 (/data/dalvik-cache/x86/system@framework@com.android.media.remotedisplay.jar@classes.dex)
08-10 11:21:07.166 2848 2848 I art : DexFile_isDexOptNeeded file /system/framework/x86/com.android.mediadrm.signer.odex needs to be relocated for /system/framework/com.android.mediadrm.signer.jar
08-10 11:21:07.166 2926 2926 E installd: Running /system/bin/patchoat isa=x86 in-fd=5 (/system/framework/x86/com.android.mediadrm.signer.odex) out-fd=6 (/data/dalvik-cache/x86/system@framework@com.android.mediadrm.signer.jar@classes.dex)
08-10 11:21:07.169 2848 2848 I art : DexFile_isDexOptNeeded file /system/framework/x86/am.odex needs to be relocated for /system/framework/am.jar
08-10 11:21:07.169 2927 2927 E installd: Running /system/bin/patchoat isa=x86 in-fd=5 (/system/framework/x86/am.odex) out-fd=6 (/data/dalvik-cache/x86/system@framework@am.jar@classes.dex)
08-10 11:21:07.172 2848 2848 I art : DexFile_isDexOptNeeded file /system/framework/x86/appops.odex needs to be relocated for /system/framework/appops.jar
08-10 11:21:07.172 2928 2928 E installd: Running /system/bin/patchoat isa=x86 in-fd=5 (/system/framework/x86/appops.odex) out-fd=6 (/data/dalvik-cache/x86/system@framework@appops.jar@classes.dex)
08-10 11:21:07.174 2848 2848 I art : DexFile_isDexOptNeeded file /system/framework/x86/appwidget.odex needs to be relocated for /system/framework/appwidget.jar
08-10 11:21:07.175 2929 2929 E installd: Running /system/bin/patchoat isa=x86 in-fd=5 (/system/framework/x86/appwidget.odex) out-fd=6 (/data/dalvik-cache/x86/system@framework@appwidget.jar@classes.dex)
08-10 11:21:07.177 2848 2848 I art : DexFile_isDexOptNeeded file /system/framework/x86/bmgr.odex needs to be relocated for /system/framework/bmgr.jar
08-10 11:21:07.177 2930 2930 E installd: Running /system/bin/patchoat isa=x86 in-fd=5 (/system/framework/x86/bmgr.odex) out-fd=6 (/data/dalvik-cache/x86/system@framework@bmgr.jar@classes.dex)
08-10 11:21:07.180 2848 2848 I art : DexFile_isDexOptNeeded file /system/framework/x86/bu.odex needs to be relocated for /system/framework/bu.jar
08-10 11:21:07.180 2931 2931 E installd: Running /system/bin/patchoat isa=x86 in-fd=5 (/system/framework/x86/bu.odex) out-fd=6 (/data/dalvik-cache/x86/system@framework@bu.jar@classes.dex)
08-10 11:21:07.182 2848 2848 I art : DexFile_isDexOptNeeded file /system/framework/x86/content.odex needs to be relocated for /system/framework/content.jar
08-10 11:21:07.182 2932 2932 E installd: Running /system/bin/patchoat isa=x86 in-fd=5 (/system/framework/x86/content.odex) out-fd=6 (/data/dalvik-cache/x86/system@framework@content.jar@classes.dex)
08-10 11:21:07.185 2848 2848 I art : DexFile_isDexOptNeeded file /system/framework/x86/dpm.odex needs to be relocated for /system/framework/dpm.jar
08-10 11:21:07.185 2933 2933 E installd: Running /system/bin/patchoat isa=x86 in-fd=5 (/system/framework/x86/dpm.odex) out-fd=6 (/data/dalvik-cache/x86/system@framework@dpm.jar@classes.dex)
08-10 11:21:07.188 2848 2848 I art : DexFile_isDexOptNeeded file /system/framework/x86/ime.odex needs to be relocated for /system/framework/ime.jar
08-10 11:21:07.188 2934 2934 E installd: Running /system/bin/patchoat isa=x86 in-fd=5 (/system/framework/x86/ime.odex) out-fd=6 (/data/dalvik-cache/x86/system@framework@ime.jar@classes.dex)
08-10 11:21:07.190 2848 2848 I art : DexFile_isDexOptNeeded file /system/framework/x86/input.odex needs to be relocated for /system/framework/input.jar
08-10 11:21:07.191 2935 2935 E installd: Running /system/bin/patchoat isa=x86 in-fd=5 (/system/framework/x86/input.odex) out-fd=6 (/data/dalvik-cache/x86/system@framework@input.jar@classes.dex)
08-10 11:21:07.193 2848 2848 I art : DexFile_isDexOptNeeded file /system/framework/x86/media_cmd.odex needs to be relocated for /system/framework/media_cmd.jar
08-10 11:21:07.193 2936 2936 E installd: Running /system/bin/patchoat isa=x86 in-fd=5 (/system/framework/x86/media_cmd.odex) out-fd=6 (/data/dalvik-cache/x86/system@framework@media_cmd.jar@classes.dex)
08-10 11:21:07.196 2848 2848 I art : DexFile_isDexOptNeeded file /system/framework/x86/monkey.odex needs to be relocated for /system/framework/monkey.jar
08-10 11:21:07.196 2937 2937 E installd: Running /system/bin/patchoat isa=x86 in-fd=5 (/system/framework/x86/monkey.odex) out-fd=6 (/data/dalvik-cache/x86/system@framework@monkey.jar@classes.dex)
08-10 11:21:07.199 2848 2848 I art : DexFile_isDexOptNeeded file /system/framework/x86/pm.odex needs to be relocated for /system/framework/pm.jar
08-10 11:21:07.199 2938 2938 E installd: Running /system/bin/patchoat isa=x86 in-fd=5 (/system/framework/x86/pm.odex) out-fd=6 (/data/dalvik-cache/x86/system@framework@pm.jar@classes.dex)
08-10 11:21:07.201 2848 2848 I art : DexFile_isDexOptNeeded file /system/framework/x86/requestsync.odex needs to be relocated for /system/framework/requestsync.jar
08-10 11:21:07.202 2939 2939 E installd: Running /system/bin/patchoat isa=x86 in-fd=5 (/system/framework/x86/requestsync.odex) out-fd=6 (/data/dalvik-cache/x86/system@framework@requestsync.jar@classes.dex)
08-10 11:21:07.204 2848 2848 I art : DexFile_isDexOptNeeded file /system/framework/x86/settings.odex needs to be relocated for /system/framework/settings.jar
08-10 11:21:07.204 2940 2940 E installd: Running /system/bin/patchoat isa=x86 in-fd=5 (/system/framework/x86/settings.odex) out-fd=6 (/data/dalvik-cache/x86/system@framework@settings.jar@classes.dex)
08-10 11:21:07.207 2848 2848 I art : DexFile_isDexOptNeeded file /system/framework/x86/svc.odex needs to be relocated for /system/framework/svc.jar
08-10 11:21:07.207 2941 2941 E installd: Running /system/bin/patchoat isa=x86 in-fd=5 (/system/framework/x86/svc.odex) out-fd=6 (/data/dalvik-cache/x86/system@framework@svc.jar@classes.dex)
08-10 11:21:07.209 2848 2848 I art : DexFile_isDexOptNeeded file /system/framework/x86/uiautomator.odex needs to be relocated for /system/framework/uiautomator.jar
08-10 11:21:07.210 2942 2942 E installd: Running /system/bin/patchoat isa=x86 in-fd=5 (/system/framework/x86/uiautomator.odex) out-fd=6 (/data/dalvik-cache/x86/system@framework@uiautomator.jar@classes.dex)
08-10 11:21:07.212 2848 2848 I art : DexFile_isDexOptNeeded file /system/framework/x86/wm.odex needs to be relocated for /system/framework/wm.jar
08-10 11:21:07.212 2943 2943 E installd: Running /system/bin/patchoat isa=x86 in-fd=5 (/system/framework/x86/wm.odex) out-fd=6 (/data/dalvik-cache/x86/system@framework@wm.jar@classes.dex)
08-10 11:21:07.215 2848 2848 D PackageManager: No files in app dir /vendor/overlay
08-10 11:21:07.222 2848 2848 W PackageManager: Failed to parse /system/framework/x86: Missing base APK in /system/framework/x86
08-10 11:21:07.223 2848 2848 I art : DexFile_isDexOptNeeded file /system/priv-app/BackupRestoreConfirmation/x86/BackupRestoreConfirmation.odex needs to be relocated for /system/priv-app/BackupRestoreConfirmation/BackupRestoreConfirmation.apk
08-10 11:21:07.224 2848 2848 I art : DexFile_isDexOptNeeded file /system/priv-app/CalendarProvider/x86/CalendarProvider.odex needs to be relocated for /system/priv-app/CalendarProvider/CalendarProvider.apk
08-10 11:21:07.226 2848 2848 W PackageParser: No actions in intent filter at /system/priv-app/Contacts/Contacts.apk Binary XML file line #356
08-10 11:21:07.227 2848 2848 I art : DexFile_isDexOptNeeded file /system/priv-app/Contacts/x86/Contacts.odex needs to be relocated for /system/priv-app/Contacts/Contacts.apk
08-10 11:21:07.228 2848 2848 I art : DexFile_isDexOptNeeded file /system/priv-app/ContactsProvider/x86/ContactsProvider.odex needs to be relocated for /system/priv-app/ContactsProvider/ContactsProvider.apk
08-10 11:21:07.229 2848 2848 I art : DexFile_isDexOptNeeded file /system/priv-app/DefaultContainerService/x86/DefaultContainerService.odex needs to be relocated for /system/priv-app/DefaultContainerService/DefaultContainerService.apk
08-10 11:21:07.231 2848 2848 W PackageParser: No actions in intent filter at /system/priv-app/Dialer/Dialer.apk Binary XML file line #166
08-10 11:21:07.231 2848 2848 I art : DexFile_isDexOptNeeded file /system/priv-app/Dialer/x86/Dialer.odex needs to be relocated for /system/priv-app/Dialer/Dialer.apk
08-10 11:21:07.233 2848 2848 I art : DexFile_isDexOptNeeded file /system/priv-app/DownloadProvider/x86/DownloadProvider.odex needs to be relocated for /system/priv-app/DownloadProvider/DownloadProvider.apk
08-10 11:21:07.234 2848 2848 I art : DexFile_isDexOptNeeded file /system/priv-app/ExternalStorageProvider/x86/ExternalStorageProvider.odex needs to be relocated for /system/priv-app/ExternalStorageProvider/ExternalStorageProvider.apk
08-10 11:21:07.234 2848 2848 I art : DexFile_isDexOptNeeded file /system/priv-app/FusedLocation/x86/FusedLocation.odex needs to be relocated for /system/priv-app/FusedLocation/FusedLocation.apk
08-10 11:21:07.245 2848 2848 I art : DexFile_isDexOptNeeded file /system/priv-app/InputDevices/x86/InputDevices.odex needs to be relocated for /system/priv-app/InputDevices/InputDevices.apk
08-10 11:21:07.246 2848 2848 I art : DexFile_isDexOptNeeded file /system/priv-app/ManagedProvisioning/x86/ManagedProvisioning.odex needs to be relocated for /system/priv-app/ManagedProvisioning/ManagedProvisioning.apk
08-10 11:21:07.247 2848 2848 I art : DexFile_isDexOptNeeded file /system/priv-app/MediaProvider/x86/MediaProvider.odex needs to be relocated for /system/priv-app/MediaProvider/MediaProvider.apk
08-10 11:21:07.249 2848 2848 I art : DexFile_isDexOptNeeded file /system/priv-app/Mms/x86/Mms.odex needs to be relocated for /system/priv-app/Mms/Mms.apk
08-10 11:21:07.250 2848 2848 I art : DexFile_isDexOptNeeded file /system/priv-app/MmsService/x86/MmsService.odex needs to be relocated for /system/priv-app/MmsService/MmsService.apk
08-10 11:21:07.251 2848 2848 I art : DexFile_isDexOptNeeded file /system/priv-app/MusicFX/x86/MusicFX.odex needs to be relocated for /system/priv-app/MusicFX/MusicFX.apk
08-10 11:21:07.251 2848 2848 I art : DexFile_isDexOptNeeded file /system/priv-app/OneTimeInitializer/x86/OneTimeInitializer.odex needs to be relocated for /system/priv-app/OneTimeInitializer/OneTimeInitializer.apk
08-10 11:21:07.259 2848 2848 W Resources: Converting to boolean: TypedValue{t=0x3/d=0x24b0 "true" a=2 r=0x7f120994}
08-10 11:21:07.270 2848 2848 I art : DexFile_isDexOptNeeded file /system/priv-app/ProxyHandler/x86/ProxyHandler.odex needs to be relocated for /system/priv-app/ProxyHandler/ProxyHandler.apk
08-10 11:21:07.277 2848 2848 I art : DexFile_isDexOptNeeded file /system/priv-app/Settings/x86/Settings.odex needs to be relocated for /system/priv-app/Settings/Settings.apk
08-10 11:21:07.278 2848 2848 I art : DexFile_isDexOptNeeded file /system/priv-app/SettingsProvider/x86/SettingsProvider.odex needs to be relocated for /system/priv-app/SettingsProvider/SettingsProvider.apk
08-10 11:21:07.281 2848 2848 W PackageParser: No actions in intent filter at /system/priv-app/SetupWizard/SetupWizard.apk Binary XML file line #170
08-10 11:21:07.281 2848 2848 W PackageParser: No actions in intent filter at /system/priv-app/SetupWizard/SetupWizard.apk Binary XML file line #347
08-10 11:21:07.283 2848 2848 I art : DexFile_isDexOptNeeded file /system/priv-app/SharedStorageBackup/x86/SharedStorageBackup.odex needs to be relocated for /system/priv-app/SharedStorageBackup/SharedStorageBackup.apk
08-10 11:21:07.285 2848 2848 I art : DexFile_isDexOptNeeded file /system/priv-app/Shell/x86/Shell.odex needs to be relocated for /system/priv-app/Shell/Shell.apk
08-10 11:21:07.287 2848 2848 I art : DexFile_isDexOptNeeded file /system/priv-app/SystemUI/x86/SystemUI.odex needs to be relocated for /system/priv-app/SystemUI/SystemUI.apk
08-10 11:21:07.288 2848 2848 I art : DexFile_isDexOptNeeded file /system/priv-app/TSCalibration2/x86/TSCalibration2.odex needs to be relocated for /system/priv-app/TSCalibration2/TSCalibration2.apk
08-10 11:21:07.290 2848 2848 W ResourceType: Failure getting entry for 0x7f08026f (t=7 e=623) (error -75)
08-10 11:21:07.290 2848 2848 I art : DexFile_isDexOptNeeded file /system/priv-app/TeleService/x86/TeleService.odex needs to be relocated for /system/priv-app/TeleService/TeleService.apk
08-10 11:21:07.291 2848 2848 W PackageParser: Unknown element under : android at /system/priv-app/Telecom/Telecom.apk Binary XML file line #232
08-10 11:21:07.291 2848 2848 I art : DexFile_isDexOptNeeded file /system/priv-app/Telecom/x86/Telecom.odex needs to be relocated for /system/priv-app/Telecom/Telecom.apk
08-10 11:21:07.292 2848 2848 I art : DexFile_isDexOptNeeded file /system/priv-app/TelephonyProvider/x86/TelephonyProvider.odex needs to be relocated for /system/priv-app/TelephonyProvider/TelephonyProvider.apk
08-10 11:21:07.293 2848 2848 I art : DexFile_isDexOptNeeded file /system/priv-app/Trebuchet/x86/Trebuchet.odex needs to be relocated for /system/priv-app/Trebuchet/Trebuchet.apk
08-10 11:21:07.299 2848 2848 I art : DexFile_isDexOptNeeded file /system/priv-app/VpnDialogs/x86/VpnDialogs.odex needs to be relocated for /system/priv-app/VpnDialogs/VpnDialogs.apk
08-10 11:21:07.300 2848 2848 I art : DexFile_isDexOptNeeded file /system/priv-app/WallpaperCropper/x86/WallpaperCropper.odex needs to be relocated for /system/priv-app/WallpaperCropper/WallpaperCropper.apk
08-10 11:21:07.301 2848 2848 I art : DexFile_isDexOptNeeded file /system/app/BasicDreams/x86/BasicDreams.odex needs to be relocated for /system/app/BasicDreams/BasicDreams.apk
08-10 11:21:07.302 2848 2848 I art : DexFile_isDexOptNeeded file /system/app/BasicSmsReceiver/x86/BasicSmsReceiver.odex needs to be relocated for /system/app/BasicSmsReceiver/BasicSmsReceiver.apk
08-10 11:21:07.303 2848 2848 W PackageParser: No actions in intent filter at /system/app/Bluetooth/Bluetooth.apk Binary XML file line #209
08-10 11:21:07.303 2848 2848 I art : DexFile_isDexOptNeeded file /system/app/Bluetooth/x86/Bluetooth.odex needs to be relocated for /system/app/Bluetooth/Bluetooth.apk
08-10 11:21:07.305 2848 2848 I art : DexFile_isDexOptNeeded file /system/app/Browser/x86/Browser.odex needs to be relocated for /system/app/Browser/Browser.apk
08-10 11:21:07.306 2848 2848 W PackageParser: No actions in intent filter at /system/app/CMFileManager/CMFileManager.apk Binary XML file line #166
08-10 11:21:07.306 2848 2848 I art : DexFile_isDexOptNeeded file /system/app/CMFileManager/x86/CMFileManager.odex needs to be relocated for /system/app/CMFileManager/CMFileManager.apk
08-10 11:21:07.307 2848 2848 I art : DexFile_isDexOptNeeded file /system/app/Calculator/x86/Calculator.odex needs to be relocated for /system/app/Calculator/Calculator.apk
08-10 11:21:07.309 2848 2848 I art : DexFile_isDexOptNeeded file /system/app/Calendar/x86/Calendar.odex needs to be relocated for /system/app/Calendar/Calendar.apk
08-10 11:21:07.310 2848 2848 I art : DexFile_isDexOptNeeded file /system/app/Camera2/x86/Camera2.odex needs to be relocated for /system/app/Camera2/Camera2.apk
08-10 11:21:07.311 2848 2848 I art : DexFile_isDexOptNeeded file /system/app/CaptivePortalLogin/x86/CaptivePortalLogin.odex needs to be relocated for /system/app/CaptivePortalLogin/CaptivePortalLogin.apk
08-10 11:21:07.311 2848 2848 I art : DexFile_isDexOptNeeded file /system/app/CertInstaller/x86/CertInstaller.odex needs to be relocated for /system/app/CertInstaller/CertInstaller.apk
08-10 11:21:07.313 2848 2848 I art : DexFile_isDexOptNeeded file /system/app/DeskClock/x86/DeskClock.odex needs to be relocated for /system/app/DeskClock/DeskClock.apk
08-10 11:21:07.314 2848 2848 I art : DexFile_isDexOptNeeded file /system/app/Development/x86/Development.odex needs to be relocated for /system/app/Development/Development.apk
08-10 11:21:07.315 2848 2848 I art : DexFile_isDexOptNeeded file /system/app/DocumentsUI/x86/DocumentsUI.odex needs to be relocated for /system/app/DocumentsUI/DocumentsUI.apk
08-10 11:21:07.316 2848 2848 I art : DexFile_isDexOptNeeded file /system/app/DownloadProviderUi/x86/DownloadProviderUi.odex needs to be relocated for /system/app/DownloadProviderUi/DownloadProviderUi.apk
08-10 11:21:07.318 2848 2848 I art : DexFile_isDexOptNeeded file /system/app/Email/x86/Email.odex needs to be relocated for /system/app/Email/Email.apk
08-10 11:21:07.319 2848 2848 I art : DexFile_isDexOptNeeded file /system/app/Exchange2/x86/Exchange2.odex needs to be relocated for /system/app/Exchange2/Exchange2.apk
08-10 11:21:07.321 2848 2848 I art : DexFile_isDexOptNeeded file /system/app/GL2CameraEye/x86/GL2CameraEye.odex needs to be relocated for /system/app/GL2CameraEye/GL2CameraEye.apk
08-10 11:21:07.322 2848 2848 I art : DexFile_isDexOptNeeded file /system/app/GL2JNI/x86/GL2JNI.odex needs to be relocated for /system/app/GL2JNI/GL2JNI.apk
08-10 11:21:07.322 2848 2848 I art : DexFile_isDexOptNeeded file /system/app/GL2Java/x86/GL2Java.odex needs to be relocated for /system/app/GL2Java/GL2Java.apk
08-10 11:21:07.323 2848 2848 I art : DexFile_isDexOptNeeded file /system/app/GLDual/x86/GLDual.odex needs to be relocated for /system/app/GLDual/GLDual.apk
08-10 11:21:07.323 2848 2848 I art : DexFile_isDexOptNeeded file /system/app/GLJNI/x86/GLJNI.odex needs to be relocated for /system/app/GLJNI/GLJNI.apk
08-10 11:21:07.324 2848 2848 I art : DexFile_isDexOptNeeded file /system/app/GLPerf/x86/GLPerf.odex needs to be relocated for /system/app/GLPerf/GLPerf.apk
08-10 11:21:07.325 2848 2848 I art : DexFile_isDexOptNeeded file /system/app/Galaxy4/x86/Galaxy4.odex needs to be relocated for /system/app/Galaxy4/Galaxy4.apk
08-10 11:21:07.326 2848 2848 W PackageParser: Unknown element under : permission at /system/app/Gallery2/Gallery2.apk Binary XML file line #242
08-10 11:21:07.326 2848 2848 W PackageParser: Unknown element under : permission at /system/app/Gallery2/Gallery2.apk Binary XML file line #245
08-10 11:21:07.327 2848 2848 I art : DexFile_isDexOptNeeded file /system/app/Gallery2/x86/Gallery2.odex needs to be relocated for /system/app/Gallery2/Gallery2.apk
08-10 11:21:07.329 2848 2848 I art : DexFile_isDexOptNeeded file /system/app/HTMLViewer/x86/HTMLViewer.odex needs to be relocated for /system/app/HTMLViewer/HTMLViewer.apk
08-10 11:21:07.330 2848 2848 I art : DexFile_isDexOptNeeded file /system/app/HoloSpiralWallpaper/x86/HoloSpiralWallpaper.odex needs to be relocated for /system/app/HoloSpiralWallpaper/HoloSpiralWallpaper.apk
08-10 11:21:07.331 2848 2848 I art : DexFile_isDexOptNeeded file /system/app/KeyChain/x86/KeyChain.odex needs to be relocated for /system/app/KeyChain/KeyChain.apk
08-10 11:21:07.332 2848 2848 I art : DexFile_isDexOptNeeded file /system/app/LatinIME/x86/LatinIME.odex needs to be relocated for /system/app/LatinIME/LatinIME.apk
08-10 11:21:07.333 2848 2848 I art : DexFile_isDexOptNeeded file /system/app/LiveWallpapers/x86/LiveWallpapers.odex needs to be relocated for /system/app/LiveWallpapers/LiveWallpapers.apk
08-10 11:21:07.334 2848 2848 I art : DexFile_isDexOptNeeded file /system/app/LiveWallpapersPicker/x86/LiveWallpapersPicker.odex needs to be relocated for /system/app/LiveWallpapersPicker/LiveWallpapersPicker.apk
08-10 11:21:07.335 2848 2848 I art : DexFile_isDexOptNeeded file /system/app/Music/x86/Music.odex needs to be relocated for /system/app/Music/Music.apk
08-10 11:21:07.336 2848 2848 I art : DexFile_isDexOptNeeded file /system/app/NotePad/x86/NotePad.odex needs to be relocated for /system/app/NotePad/NotePad.apk
08-10 11:21:07.337 2848 2848 I art : DexFile_isDexOptNeeded file /system/app/PacProcessor/x86/PacProcessor.odex needs to be relocated for /system/app/PacProcessor/PacProcessor.apk
08-10 11:21:07.338 2848 2848 I art : DexFile_isDexOptNeeded file /system/app/PackageInstaller/x86/PackageInstaller.odex needs to be relocated for /system/app/PackageInstaller/PackageInstaller.apk
08-10 11:21:07.338 2848 2848 I art : DexFile_isDexOptNeeded file /system/app/PhaseBeam/x86/PhaseBeam.odex needs to be relocated for /system/app/PhaseBeam/PhaseBeam.apk
08-10 11:21:07.339 2848 2848 I art : DexFile_isDexOptNeeded file /system/app/PicoTts/x86/PicoTts.odex needs to be relocated for /system/app/PicoTts/PicoTts.apk
08-10 11:21:07.340 2848 2848 I art : DexFile_isDexOptNeeded file /system/app/PrintSpooler/x86/PrintSpooler.odex needs to be relocated for /system/app/PrintSpooler/PrintSpooler.apk
08-10 11:21:07.341 2848 2848 I art : DexFile_isDexOptNeeded file /system/app/Provision/x86/Provision.odex needs to be relocated for /system/app/Provision/Provision.apk
08-10 11:21:07.342 2848 2848 I art : DexFile_isDexOptNeeded file /system/app/QuickSearchBox/x86/QuickSearchBox.odex needs to be relocated for /system/app/QuickSearchBox/QuickSearchBox.apk
08-10 11:21:07.342 2848 2848 I art : DexFile_isDexOptNeeded file /system/app/RSSReader/x86/RSSReader.odex needs to be relocated for /system/app/RSSReader/RSSReader.apk
08-10 11:21:07.343 2848 2848 I art : DexFile_isDexOptNeeded file /system/app/SoundRecorder/x86/SoundRecorder.odex needs to be relocated for /system/app/SoundRecorder/SoundRecorder.apk
08-10 11:21:07.344 2848 2848 I art : DexFile_isDexOptNeeded file /system/app/SpeechRecorder/x86/SpeechRecorder.odex needs to be relocated for /system/app/SpeechRecorder/SpeechRecorder.apk
08-10 11:21:07.344 2848 2848 I art : DexFile_isDexOptNeeded file /system/app/TestEGL/x86/TestEGL.odex needs to be relocated for /system/app/TestEGL/TestEGL.apk
08-10 11:21:07.345 2848 2848 I art : DexFile_isDexOptNeeded file /system/app/TestFramerate/x86/TestFramerate.odex needs to be relocated for /system/app/TestFramerate/TestFramerate.apk
08-10 11:21:07.345 2848 2848 I art : DexFile_isDexOptNeeded file /system/app/TestLatency/x86/TestLatency.odex needs to be relocated for /system/app/TestLatency/TestLatency.apk
08-10 11:21:07.346 2848 2848 I PackageManager: /system/app/TestViewport changed; collecting certs
08-10 11:21:07.349 2848 2848 W PackageManager: Failed to parse /system/app/TestViewport: Application package com.android.test already installed. Skipping duplicate.
08-10 11:21:07.350 2848 2848 I art : DexFile_isDexOptNeeded file /system/app/UserDictionaryProvider/x86/UserDictionaryProvider.odex needs to be relocated for /system/app/UserDictionaryProvider/UserDictionaryProvider.apk
08-10 11:21:07.351 2848 2848 I art : DexFile_isDexOptNeeded file /system/app/VisualizationWallpapers/x86/VisualizationWallpapers.odex needs to be relocated for /system/app/VisualizationWallpapers/VisualizationWallpapers.apk
08-10 11:21:07.352 2848 2848 D PackageManager: No files in app dir /system/vendor/app
08-10 11:21:07.352 2848 2848 D PackageManager: No files in app dir /oem/app
08-10 11:21:07.352 2848 2848 D PackageManager: No files in app dir /data/app
08-10 11:21:07.352 2848 2848 D PackageManager: No files in app dir /data/app-private
08-10 11:21:07.352 2848 2848 W PackageManager: Package com.google.android.gms desires unavailable shared library com.google.android.ble; ignoring!
08-10 11:21:07.352 2848 2848 I PackageManager: Adjusting ABI for : com.android.keychain to x86
08-10 11:21:07.352 2848 2848 I art : DexFile_isDexOptNeeded file /system/app/KeyChain/x86/KeyChain.odex needs to be relocated for /system/app/KeyChain/KeyChain.apk
08-10 11:21:07.352 2848 2848 I PackageManager: Running patchoat on: com.android.keychain
08-10 11:21:07.353 2944 2944 E installd: Running /system/bin/patchoat isa=x86 in-fd=5 (/system/app/KeyChain/x86/KeyChain.odex) out-fd=6 (/data/dalvik-cache/x86/system@app@KeyChain@KeyChain.apk@classes.dex)
08-10 11:21:07.356 2848 2848 I PackageManager: Adjusting ABI for : com.android.inputdevices to x86
08-10 11:21:07.356 2848 2848 I art : DexFile_isDexOptNeeded file /system/priv-app/InputDevices/x86/InputDevices.odex needs to be relocated for /system/priv-app/InputDevices/InputDevices.apk
08-10 11:21:07.356 2848 2848 I PackageManager: Running patchoat on: com.android.inputdevices
08-10 11:21:07.356 2945 2945 E installd: Running /system/bin/patchoat isa=x86 in-fd=5 (/system/priv-app/InputDevices/x86/InputDevices.odex) out-fd=6 (/data/dalvik-cache/x86/system@priv-app@InputDevices@InputDevices.apk@classes.dex)
08-10 11:21:07.359 2848 2848 I PackageManager: Adjusting ABI for : org.zeroxlab.util.tscal to x86
08-10 11:21:07.359 2848 2848 I art : DexFile_isDexOptNeeded file /system/priv-app/TSCalibration2/x86/TSCalibration2.odex needs to be relocated for /system/priv-app/TSCalibration2/TSCalibration2.apk
08-10 11:21:07.359 2848 2848 I PackageManager: Running patchoat on: org.zeroxlab.util.tscal
08-10 11:21:07.359 2946 2946 E installd: Running /system/bin/patchoat isa=x86 in-fd=5 (/system/priv-app/TSCalibration2/x86/TSCalibration2.odex) out-fd=6 (/data/dalvik-cache/x86/system@priv-app@TSCalibration2@TSCalibration2.apk@classes.dex)
08-10 11:21:07.361 2848 2848 I PackageManager: Adjusting ABI for : com.android.server.telecom to x86
08-10 11:21:07.361 2848 2848 I art : DexFile_isDexOptNeeded file /system/priv-app/Telecom/x86/Telecom.odex needs to be relocated for /system/priv-app/Telecom/Telecom.apk
08-10 11:21:07.361 2848 2848 I PackageManager: Running patchoat on: com.android.server.telecom
08-10 11:21:07.361 2947 2947 E installd: Running /system/bin/patchoat isa=x86 in-fd=5 (/system/priv-app/Telecom/x86/Telecom.odex) out-fd=6 (/data/dalvik-cache/x86/system@priv-app@Telecom@Telecom.apk@classes.dex)
08-10 11:21:07.364 2848 2848 I PackageManager: Adjusting ABI for : com.android.providers.settings to x86
08-10 11:21:07.364 2848 2848 I art : DexFile_isDexOptNeeded file /system/priv-app/SettingsProvider/x86/SettingsProvider.odex needs to be relocated for /system/priv-app/SettingsProvider/SettingsProvider.apk
08-10 11:21:07.364 2848 2848 I PackageManager: Running patchoat on: com.android.providers.settings
08-10 11:21:07.365 2948 2948 E installd: Running /system/bin/patchoat isa=x86 in-fd=5 (/system/priv-app/SettingsProvider/x86/SettingsProvider.odex) out-fd=6 (/data/dalvik-cache/x86/system@priv-app@SettingsProvider@SettingsProvider.apk@classes.dex)
08-10 11:21:07.367 2848 2848 I PackageManager: Adjusting ABI for : com.android.location.fused to x86
08-10 11:21:07.367 2848 2848 I art : DexFile_isDexOptNeeded file /system/priv-app/FusedLocation/x86/FusedLocation.odex needs to be relocated for /system/priv-app/FusedLocation/FusedLocation.apk
08-10 11:21:07.367 2848 2848 I PackageManager: Running patchoat on: com.android.location.fused
08-10 11:21:07.367 2949 2949 E installd: Running /system/bin/patchoat isa=x86 in-fd=5 (/system/priv-app/FusedLocation/x86/FusedLocation.odex) out-fd=6 (/data/dalvik-cache/x86/system@priv-app@FusedLocation@FusedLocation.apk@classes.dex)
08-10 11:21:07.370 2848 2848 I PackageManager: Adjusting ABI for : com.android.settings to x86
08-10 11:21:07.370 2848 2848 I art : DexFile_isDexOptNeeded file /system/priv-app/Settings/x86/Settings.odex needs to be relocated for /system/priv-app/Settings/Settings.apk
08-10 11:21:07.370 2848 2848 I PackageManager: Running patchoat on: com.android.settings
08-10 11:21:07.371 2950 2950 E installd: Running /system/bin/patchoat isa=x86 in-fd=5 (/system/priv-app/Settings/x86/Settings.odex) out-fd=6 (/data/dalvik-cache/x86/system@priv-app@Settings@Settings.apk@classes.dex)
08-10 11:21:07.376 2848 2848 I PackageManager: Time to scan packages: 0.292 seconds
08-10 11:21:07.376 2848 2848 W PackageManager: Unknown permission com.google.android.voicesearch.SHORTCUTS_ACCESS in package com.google.android.googlequicksearchbox
08-10 11:21:07.376 2848 2848 W PackageManager: Unknown permission com.google.android.voicesearch.ACCESS_SETTINGS in package com.google.android.googlequicksearchbox
08-10 11:21:07.376 2848 2848 W PackageManager: Unknown permission com.google.android.ears.permission.WRITE in package com.google.android.googlequicksearchbox
08-10 11:21:07.376 2848 2848 W PackageManager: Unknown permission com.google.googlenav.friend.permission.OPT_IN in package com.google.android.googlequicksearchbox
08-10 11:21:07.376 2848 2848 W PackageManager: Unknown permission com.google.android.apps.maps.permission.PREFETCH in package com.google.android.googlequicksearchbox
08-10 11:21:07.376 2848 2848 W PackageManager: Unknown permission com.google.android.apps.googlevoice.permission.AUTO_SEND in package com.google.android.googlequicksearchbox
08-10 11:21:07.376 2848 2848 W PackageManager: Unknown permission com.google.android.gm.permission.AUTO_SEND in package com.google.android.googlequicksearchbox
08-10 11:21:07.376 2848 2848 W PackageManager: Unknown permission com.google.android.hangouts.START_HANGOUT in package com.google.android.googlequicksearchbox
08-10 11:21:07.376 2848 2848 W PackageManager: Unknown permission com.android.chrome.PRERENDER_URL in package com.google.android.googlequicksearchbox
08-10 11:21:07.376 2848 2848 W PackageManager: Unknown permission com.google.android.launcher.permission.CONTENT_REDIRECT in package com.google.android.googlequicksearchbox
08-10 11:21:07.377 2848 2848 W PackageManager: Unknown permission com.android.launcher.permission.READ_SETTINGS in package com.google.android.onetimeinitializer
08-10 11:21:07.377 2848 2848 W PackageManager: Unknown permission com.android.launcher.permission.WRITE_SETTINGS in package com.google.android.onetimeinitializer
08-10 11:21:07.377 2848 2848 W PackageManager: Not granting permission android.permission.GLOBAL_SEARCH to package com.android.quicksearchbox (protectionLevel=18 flags=0x8be45)
08-10 11:21:07.377 2848 2848 W PackageManager: Not granting permission android.permission.ACCESS_DOWNLOAD_MANAGER to package com.android.browser (protectionLevel=18 flags=0x9be45)
08-10 11:21:07.377 2848 2848 W PackageManager: Not granting permission android.permission.SEND_DOWNLOAD_COMPLETED_INTENTS to package com.android.browser (protectionLevel=2 flags=0x9be45)
08-10 11:21:07.377 2848 2848 W PackageManager: Not granting permission android.permission.SEND_DOWNLOAD_COMPLETED_INTENTS to package com.android.vending (protectionLevel=2 flags=0x400abe45)
08-10 11:21:07.377 2848 2848 W PackageManager: Unknown permission android.permission.SEND_SMS_NO_CONFIRMATION in package com.android.vending
08-10 11:21:07.377 2848 2848 W PackageManager: Not granting permission android.permission.BIND_WALLPAPER to package com.android.camera2 (protectionLevel=18 flags=0x58bc45)
08-10 11:21:07.377 2848 2848 W PackageManager: Unknown permission android.permission.INSTALL_DRM in package com.android.mms
08-10 11:21:07.377 2848 2848 W PackageManager: Unknown permission android.permission.READ_OWNER_DATA in package com.google.android.setupwizard
08-10 11:21:07.377 2848 2848 W PackageManager: Unknown permission android.permission.WRITE_OWNER_DATA in package com.google.android.setupwizard
08-10 11:21:07.377 2848 2848 W PackageManager: Unknown permission com.android.launcher.permission.READ_SETTINGS in package com.android.onetimeinitializer
08-10 11:21:07.377 2848 2848 W PackageManager: Unknown permission com.android.launcher.permission.WRITE_SETTINGS in package com.android.onetimeinitializer
08-10 11:21:07.377 2848 2848 W PackageManager: Unknown permission com.google.android.gms.permission.CONTACTS_SYNC_DELEGATION in package com.google.android.syncadapters.contacts
08-10 11:21:07.377 2848 2848 W PackageManager: Unknown permission com.android.launcher.permission.READ_SETTINGS in package com.cyanogenmod.trebuchet
08-10 11:21:07.377 2848 2848 W PackageManager: Unknown permission com.android.launcher.permission.WRITE_SETTINGS in package com.cyanogenmod.trebuchet
08-10 11:21:07.377 2848 2848 W PackageManager: Unknown permission com.google.android.apps.enterprise.dmagent.permission.AutoSyncPermission in package com.google.android.gms
08-10 11:21:07.377 2848 2848 W PackageManager: Unknown permission com.google.android.hangouts.START_HANGOUT in package com.google.android.gms
08-10 11:21:07.377 2848 2848 W PackageManager: Unknown permission com.google.android.wearable.READ_SETTINGS in package com.google.android.gms
08-10 11:21:07.377 2848 2848 W PackageManager: Unknown permission com.google.android.gm.permission.READ_GMAIL in package com.google.android.gms
08-10 11:21:07.377 2848 2848 W PackageManager: Unknown permission com.android.launcher.permission.PRELOAD_WORKSPACE in package com.google.android.partnersetup
08-10 11:21:07.377 2848 2848 W PackageManager: Not granting permission android.permission.DELETE_PACKAGES to package com.svox.pico (protectionLevel=18 flags=0x8be45)
08-10 11:21:07.377 2848 2848 W PackageManager: Unknown permission com.cyanogenmod.filemanager.permissions.READ_THEME in package com.cyanogenmod.filemanager
