08-10 11:25:26.778 1808 1848 E Vold : Failed to find mounted volume for /storage/usb2/Android/data/com.android.vending/files/
08-10 11:25:26.778 1808 1848 W Vold : Returning OperationFailed - no handler for errno 0
08-10 11:25:26.778 5318 5318 W ContextImpl: Failed to ensure directory: /storage/usb2/Android/data/com.android.vending/files
08-10 11:25:26.778 1808 1848 E Vold : Failed to find mounted volume for /storage/usb3/Android/data/com.android.vending/files/
08-10 11:25:26.778 1808 1848 W Vold : Returning OperationFailed - no handler for errno 0
08-10 11:25:26.779 5318 5318 W ContextImpl: Failed to ensure directory: /storage/usb3/Android/data/com.android.vending/files
08-10 11:25:26.779 1808 1848 E Vold : Failed to find mounted volume for /storage/sdcard1/Android/data/com.android.vending/files/
08-10 11:25:26.779 1808 1848 W Vold : Returning OperationFailed - no handler for errno 0
08-10 11:25:26.779 5318 5318 W ContextImpl: Failed to ensure directory: /storage/sdcard1/Android/data/com.android.vending/files
08-10 11:25:26.780 5318 5318 W Finsky : [1] FinskyApp.getCurrentAccount: No account configured on this device.
08-10 11:25:26.781 5318 5318 D Finsky : [1] PlaySetupService.onInstallPackageEvent: EarlyUpdate com.android.vending: DOWNLOAD_ERROR
08-10 11:25:26.939 4973 4973 D wpa_supplicant: wlan0: Control interface command 'SIGNAL_POLL'
08-10 11:25:26.939 2848 2969 D ConnectivityService: updateNetworkScore for NetworkAgentInfo [WIFI () - 101] to 46
08-10 11:25:26.939 2848 2969 D ConnectivityService: rematching NetworkAgentInfo [WIFI () - 101]
08-10 11:25:26.939 2848 2969 D ConnectivityService: Network NetworkAgentInfo [WIFI () - 101] was already satisfying request 1. No change.
08-10 11:25:26.939 2848 2969 D ConnectivityService: notifyType AVAILABLE for NetworkAgentInfo [WIFI () - 101]
08-10 11:25:26.939 3186 3690 D ConnectivityManager.CallbackHandler: CM callback handler got msg 524290
08-10 11:25:28.054 5318 5335 D Finsky : [336] PlaySetupService.doGetEarlyUpdate: Received EarlyUpdate with 1 entries
08-10 11:25:28.054 3637 3873 I SetupWizard.EarlyUpdate: Found no more early updates
08-10 11:25:29.072 2848 3603 I ActivityManager: START u0 {act=com.android.wizard.NEXT cmp=com.google.android.setupwizard/.WizardManager (has extras)} from uid 10017 on display 0
08-10 11:25:29.072 2848 3603 W ActivityManager: startActivity called from finishing ActivityRecord{ecf5d88 u0 com.google.android.setupwizard/.EarlyUpdateActivity t3 f}; forcing Intent.FLAG_ACTIVITY_NEW_TASK for: Intent { act=com.android.wizard.NEXT flg=0x800000 cmp=com.google.android.setupwizard/.WizardManager (has extras) }
08-10 11:25:29.073 2848 3603 V WindowManager: addAppToken: AppWindowToken{3a452864 token=Token{1e1861f7 ActivityRecord{2b8309f6 u0 com.google.android.setupwizard/.WizardManager t3}}} to stack=0 task=3 at 5
08-10 11:25:29.091 2848 3599 W ActivityManager: Duplicate finish request for ActivityRecord{ecf5d88 u0 com.google.android.setupwizard/.EarlyUpdateActivity t3 f}
08-10 11:25:29.091 2848 3143 I ActivityManager: START u0 {act=com.android.wizard.NEXT cmp=com.google.android.setupwizard/.WizardManager (has extras)} from uid 10017 on display 0
08-10 11:25:29.091 2848 3143 W ActivityManager: startActivity called from finishing ActivityRecord{ecf5d88 u0 com.google.android.setupwizard/.EarlyUpdateActivity t3 f}; forcing Intent.FLAG_ACTIVITY_NEW_TASK for: Intent { act=com.android.wizard.NEXT flg=0x800000 cmp=com.google.android.setupwizard/.WizardManager (has extras) }
08-10 11:25:29.092 2848 3143 V WindowManager: addAppToken: AppWindowToken{1c672693 token=Token{2bcdcf82 ActivityRecord{318dacd u0 com.google.android.setupwizard/.WizardManager t3}}} to stack=0 task=3 at 6
08-10 11:25:29.105 3637 3637 I SetupWizard.WizardManager: onNext actionId=early_update resultCode=-1
08-10 11:25:29.105 2848 3450 I ActivityManager: START u0 {act=com.google.android.setupwizard.EDU_CHECK flg=0x4000000 cmp=com.google.android.setupwizard/.EduCheck (has extras)} from uid 10017 on display 0
08-10 11:25:29.108 2848 3450 V WindowManager: addAppToken: AppWindowToken{120d61ce token=Token{166556c9 ActivityRecord{2e5e66d0 u0 com.google.android.setupwizard/.EduCheck t3}}} to stack=0 task=3 at 7
08-10 11:25:29.110 3637 3637 I SetupWizard.WizardManager: onNext actionId=early_update resultCode=-1
08-10 11:25:29.110 2848 3599 I ActivityManager: START u0 {act=com.google.android.setupwizard.EDU_CHECK flg=0x4000000 cmp=com.google.android.setupwizard/.EduCheck (has extras)} from uid 10017 on display 0
08-10 11:25:29.111 2848 3599 V WindowManager: addAppToken: AppWindowToken{3fe39685 token=Token{88b1ffc ActivityRecord{36d398ef u0 com.google.android.setupwizard/.EduCheck t3}}} to stack=0 task=3 at 7
08-10 11:25:29.114 2848 3012 I ActivityManager: START u0 {act=com.android.wizard.NEXT cmp=com.google.android.setupwizard/.WizardManager (has extras)} from uid 10017 on display 0
08-10 11:25:29.115 2848 3012 V WindowManager: addAppToken: AppWindowToken{34683fe8 token=Token{3aead50b ActivityRecord{3ba1ccda u0 com.google.android.setupwizard/.WizardManager t3}}} to stack=0 task=3 at 7
08-10 11:25:29.117 3637 3637 I SetupWizard.WizardManager: onNext actionId=edu_check resultCode=1
08-10 11:25:29.117 2848 3599 I ActivityManager: START u0 {act=com.google.android.setupwizard.ACCOUNT_CHECK flg=0x4000000 cmp=com.google.android.setupwizard/.AccountCheckActivity (has extras)} from uid 10017 on display 0
08-10 11:25:29.118 2848 3599 V WindowManager: addAppToken: AppWindowToken{37efb6e7 token=Token{9dfdca6 ActivityRecord{294c1601 u0 com.google.android.setupwizard/.AccountCheckActivity t3}}} to stack=0 task=3 at 8
08-10 11:25:29.121 2848 3012 I ActivityManager: START u0 {act=com.android.wizard.NEXT cmp=com.google.android.setupwizard/.WizardManager (has extras)} from uid 10017 on display 0
08-10 11:25:29.122 2848 3012 V WindowManager: addAppToken: AppWindowToken{c9d1d32 token=Token{563113d ActivityRecord{38757294 u0 com.google.android.setupwizard/.WizardManager t3}}} to stack=0 task=3 at 9
08-10 11:25:29.124 3637 3637 I SetupWizard.WizardManager: onNext actionId=account_pre_check resultCode=1
08-10 11:25:29.125 2848 3599 I ActivityManager: START u0 {act=com.google.android.setupwizard.ACCOUNT_SETUP flg=0x4000000 cmp=com.google.android.setupwizard/.AccountSetupWrapper (has extras)} from uid 10017 on display 0
08-10 11:25:29.125 2848 3599 V WindowManager: addAppToken: AppWindowToken{34f48439 token=Token{21812400 ActivityRecord{476da83 u0 com.google.android.setupwizard/.AccountSetupWrapper t3}}} to stack=0 task=3 at 10
08-10 11:25:29.129 3637 3637 I SetupWizard.AccountSetupWrapper: launching subactivity Intent { act=com.google.android.accounts.AccountIntro (has extras) }
08-10 11:25:29.130 2848 3449 I ActivityManager: START u0 {act=com.google.android.accounts.AccountIntro cmp=com.google.android.gms/.auth.accounts.AccountIntroActivity (has extras)} from uid 10017 on display 0
08-10 11:25:29.131 2848 3449 W ResourcesManager: Asset path '/system/framework/com.android.media.remotedisplay.jar' does not exist or contains no resources.
08-10 11:25:29.131 2848 3449 W ResourcesManager: Asset path '/system/framework/com.android.location.provider.jar' does not exist or contains no resources.
08-10 11:25:29.132 2848 3449 V WindowManager: addAppToken: AppWindowToken{38d4802c token=Token{1c29bdf ActivityRecord{97bda7e u0 com.google.android.gms/.auth.accounts.AccountIntroActivity t3}}} to stack=0 task=3 at 11
08-10 11:25:29.135 2848 2872 V WindowManager: Adding window Window{2bf7208a u0 com.google.android.setupwizard/com.google.android.setupwizard.AccountSetupWrapper} at 5 of 9 (after Window{eba55a0 u0 com.google.android.setupwizard/com.google.android.setupwizard.EarlyUpdateActivity})
08-10 11:25:29.153 2848 3143 I ActivityManager: Start proc 5657:com.google.android.gms.ui/u0a7 for activity com.google.android.gms/.auth.accounts.AccountIntroActivity
08-10 11:25:29.160 5657 5657 I ActivityThread: Switching default density from 160 to 240
08-10 11:25:29.162 5657 5657 W ResourcesManager: Asset path '/system/framework/com.android.media.remotedisplay.jar' does not exist or contains no resources.
08-10 11:25:29.162 5657 5657 W ResourcesManager: Asset path '/system/framework/com.android.location.provider.jar' does not exist or contains no resources.
08-10 11:25:29.167 5657 5657 I MultiDex: VM with version 2.1.0 has multidex support
08-10 11:25:29.167 5657 5657 I MultiDex: install
08-10 11:25:29.167 5657 5657 I MultiDex: VM has multidex support, MultiDex support library is disabled.
08-10 11:25:29.170 5657 5657 I ProviderInstaller: Insert disabled by gate 'gms:security:enable_conscrypt_in_gms_application'
08-10 11:25:29.171 5242 5242 D GCM : GcmService start Intent { act=com.google.android.gms.INITIALIZE flg=0x10 pkg=com.google.android.gms cmp=com.google.android.gms/.gcm.GcmService } com.google.android.gms.INITIALIZE
08-10 11:25:29.174 5242 5242 D AuthorizationBluetoothService: Received GmsCore event: Intent { act=com.google.android.gms.INITIALIZE flg=0x10 pkg=com.google.android.gms cmp=com.google.android.gms/.auth.be.proximity.authorization.bt.AuthorizationBluetoothService$AutoStarter }.
08-10 11:25:29.174 5242 5242 D c : Getting all permits...
08-10 11:25:29.174 5242 5242 D a : Opening database...
08-10 11:25:29.175 5242 5242 D a : Opening database auth.proximity.permit_store...
08-10 11:25:29.175 5242 5242 D a : Closing database...
08-10 11:25:29.176 5204 5204 V GmsCoreStatsServiceLauncher: Received broadcast intent Intent { act=com.google.android.gms.INITIALIZE flg=0x10 pkg=com.google.android.gms cmp=com.google.android.gms/.common.stats.GmsCoreStatsServiceLauncher }
08-10 11:25:29.177 2848 3478 I ActivityManager: START u0 {flg=0x2000000 cmp=com.google.android.gms/.auth.gsf.AccountIntroActivity (has extras)} from uid 10007 on display 0
08-10 11:25:29.177 2848 3478 V WindowManager: addAppToken: AppWindowToken{1c058171 token=Token{311f7318 ActivityRecord{38df16fb u0 com.google.android.gms/.auth.gsf.AccountIntroActivity t3}}} to stack=0 task=3 at 12
08-10 11:25:29.181 5204 5677 D LocationInitializer: Restart initialization of location
08-10 11:25:29.181 5222 5447 E MDM : [334] b.run: Couldn't connect to Google API client: ConnectionResult{statusCode=API_UNAVAILABLE, resolution=null}
08-10 11:25:29.184 5657 5657 W GLSUser : GLS Activity without session
08-10 11:25:29.184 5657 5657 W GLSActivity: Accepting legacy allowSkip from intent
08-10 11:25:29.192 5657 5681 D OpenGLRenderer: Use EGL_SWAP_BEHAVIOR_PRESERVED: true
08-10 11:25:29.192 5657 5657 I GRALLOC-RADEON: detected chipset 0x679a family 0x35 (vram size -1049MiB, gart size 1019MiB)
08-10 11:25:29.192 5657 5657 I GRALLOC-DRM: create radeon for driver radeon
08-10 11:25:29.193 5657 5657 D Atlas : Validating map...
08-10 11:25:29.194 2848 3437 V WindowManager: Adding window Window{1e0c03a u0 com.google.android.gms/com.google.android.gms.auth.gsf.AccountIntroActivity} at 6 of 10 (after Window{2bf7208a u0 com.google.android.setupwizard/com.google.android.setupwizard.AccountSetupWrapper})
08-10 11:25:29.196 5242 5258 W FactoryReset: [FactoryResetProtectionManager] Factory reset protection is not supported!
08-10 11:25:29.196 5657 5680 I GLSActivity: [AccountIntroActivity] Provisioning with name/email. Edu: false
08-10 11:25:29.196 5657 5680 I GLSActivity: [AccountIntroActivity] Setup a Google account using GmsCore managed workflow.
08-10 11:25:29.200 5657 5680 V NFC : this device does not have NFC support
08-10 11:25:29.200 5657 5680 I D2D : [TargetActivity] NFC not available.
08-10 11:25:29.211 5657 5681 I OpenGLRenderer: Initialized EGL, version 1.4
08-10 11:25:29.213 5657 5681 D OpenGLRenderer: Enabling debug mode 0
08-10 11:25:29.223 5242 5258 I art : Explicit concurrent mark sweep GC freed 9420(517KB) AllocSpace objects, 2(32KB) LOS objects, 40% free, 4MB/7MB, paused 137us total 6.679ms
08-10 11:25:29.225 2848 3449 I ActivityManager: START u0 {cmp=com.google.android.gms/.auth.login.LoginActivity (has extras)} from uid 10007 on display 0
08-10 11:25:29.226 2848 3449 V WindowManager: addAppToken: AppWindowToken{2468a8e1 token=Token{2561d248 ActivityRecord{2e1fb4eb u0 com.google.android.gms/.auth.login.LoginActivity t3}}} to stack=0 task=3 at 7
08-10 11:25:29.231 2848 2872 I ActivityManager: START u0 {cmp=com.google.android.gms/.auth.login.BrowserActivity (has extras)} from uid 10007 on display 0
08-10 11:25:29.232 2848 2872 V WindowManager: addAppToken: AppWindowToken{1065f21d token=Token{36e5caf4 ActivityRecord{18c2b4c7 u0 com.google.android.gms/.auth.login.BrowserActivity t3}}} to stack=0 task=3 at 8
08-10 11:25:29.254 5657 5657 I WebViewFactory: Loading com.android.webview version 39 (eng.utente-x86) (code 399997)
08-10 11:25:29.256 5657 5657 I LibraryLoader: Time to load native libraries: 0 ms (timestamps 8785-8785)
08-10 11:25:29.256 5657 5657 I LibraryLoader: Expected native library version number "",actual native library version number ""
08-10 11:25:29.258 5657 5657 V WebViewChromiumFactoryProvider: Binding Chromium to main looper Looper (main, tid 1) {1d32074a}
08-10 11:25:29.258 5657 5657 I LibraryLoader: Expected native library version number "",actual native library version number ""
08-10 11:25:29.260 5657 5657 I chromium: [INFO:library_loader_hooks.cc(104)] Chromium logging enabled: level = 0, default verbosity = 0
08-10 11:25:29.261 5657 5657 I BrowserStartupController: Initializing chromium process, singleProcess=true
08-10 11:25:29.263 5657 5657 W art : Attempt to remove local handle scope entry from IRT, ignoring
08-10 11:25:29.278 5657 5657 W chromium: [WARNING:resource_bundle.cc(304)] locale_file_path.empty()
08-10 11:25:29.278 5657 5657 I chromium: [INFO:aw_browser_main_parts.cc(65)] Load from apk succesful, fd=42 off=46184 len=3037
08-10 11:25:29.278 2848 2894 D BluetoothManagerService: Message: 20
08-10 11:25:29.278 2848 2894 D BluetoothManagerService: Added callback: android.bluetooth.IBluetoothManagerCallback$Stub$Proxy@11abd663:true
08-10 11:25:29.279 5657 5691 D BluetoothAdapter: 432133819: getState() : mService = null. Returning STATE_OFF
08-10 11:25:29.280 5657 5657 I chromium: [INFO:aw_browser_main_parts.cc(78)] Loading webviewchromium.pak from, fd:43 off:229484 len:1089587
08-10 11:25:29.376 5657 5657 W chromium: [WARNING:data_reduction_proxy_settings.cc(331)] SPDY proxy OFF at startup
08-10 11:25:29.400 5657 5657 W art : Attempt to remove local handle scope entry from IRT, ignoring
08-10 11:25:29.405 5657 5657 W AwContents: onDetachedFromWindow called when already detached. Ignoring
08-10 11:25:29.499 5657 5707 W chromium: [WARNING:simple_index_file.cc(337)] Could not map Simple Index file.
08-10 11:25:29.501 5657 5657 W GLSActivity: com.google.android.androidforwork is not installed on system.
08-10 11:25:29.502 5657 5657 W art : Attempt to remove local handle scope entry from IRT, ignoring
08-10 11:25:29.502 5657 5657 W art : Attempt to remove local handle scope entry from IRT, ignoring
08-10 11:25:29.502 5657 5657 I GLSActivity: [BrowserActivity] StatusBar Height from resources: 38
08-10 11:25:29.507 5242 5710 I MM-DG-SERVICE: Starting Dg init in serviceCreateAsync
08-10 11:25:29.507 2848 3478 V WindowManager: Adding window Window{2ddce39a u0 com.google.android.gms/com.google.android.gms.auth.login.BrowserActivity} at 7 of 11 (after Window{1e0c03a u0 com.google.android.gms/com.google.android.gms.auth.gsf.AccountIntroActivity})
08-10 11:25:29.520 2848 3599 I art : Explicit concurrent mark sweep GC freed 21920(1178KB) AllocSpace objects, 4(64KB) LOS objects, 33% free, 9MB/14MB, paused 179us total 11.827ms
08-10 11:25:29.532 2616 3557 E Drm : Failed to find drm plugin
08-10 11:25:29.533 5627 5643 W DG.WV : Widevine DRM not supported on this device
08-10 11:25:29.533 5627 5643 W DG.WV : android.media.UnsupportedSchemeException: Failed to instantiate drm object.
08-10 11:25:29.533 5627 5643 W DG.WV : at android.media.MediaDrm.native_setup(Native Method)
08-10 11:25:29.533 5627 5643 W DG.WV : at android.media.MediaDrm.(MediaDrm.java:180)
08-10 11:25:29.533 5627 5643 W DG.WV : at com.google.android.gms.droidguard.o.a(SourceFile:87)
08-10 11:25:29.533 5627 5643 W DG.WV : at com.google.android.gms.common.internal.b.b(SourceFile:556)
08-10 11:25:29.533 5627 5643 W DG.WV : at com.google.android.gms.common.internal.bq.onTransact(SourceFile:824)
08-10 11:25:29.533 5627 5643 W DG.WV : at android.os.Binder.execTransact(Binder.java:446)
08-10 11:25:29.534 5242 5710 I MM-DG-SERVICE: Finished Dg init in serviceCreateAsync
08-10 11:25:29.538 5627 5644 I GoogleURLConnFactory: Using platform SSLCertificateSocketFactory
08-10 11:25:29.547 5657 5657 I GLSActivity: MM-DG bound!
08-10 11:25:29.597 2848 2895 I ActivityManager: Displayed com.google.android.gms/.auth.login.BrowserActivity: +364ms (total +504ms)
08-10 11:25:29.919 5723 5723 I dex2oat : /system/bin/dex2oat --runtime-arg -classpath --runtime-arg --instruction-set=x86 --instruction-set-features=default --runtime-arg -Xrelocate --boot-image=/system/framework/boot.art --dex-file=/data/data/com.google.android.gms/app_fb/f.apk --oat-fd=32 --oat-location=/data/data/com.google.android.gms/app_fb/f.dex --runtime-arg -Xms64m --runtime-arg -Xmx512m --compiler-filter=interpret-only
08-10 11:25:29.923 5723 5723 I dex2oat : dex2oat took 3.329ms (threads: 4) arena alloc=0B java alloc=18KB native alloc=245KB free=7MB
08-10 11:25:29.924 5627 5644 I GRALLOC-RADEON: detected chipset 0x679a family 0x35 (vram size -1049MiB, gart size 1019MiB)
08-10 11:25:29.924 5627 5644 I GRALLOC-DRM: create radeon for driver radeon
08-10 11:25:29.941 4973 4973 D wpa_supplicant: wlan0: Control interface command 'SIGNAL_POLL'
08-10 11:25:29.942 2848 2969 D ConnectivityService: updateNetworkScore for NetworkAgentInfo [WIFI () - 101] to 44
08-10 11:25:29.942 2848 2969 D ConnectivityService: rematching NetworkAgentInfo [WIFI () - 101]
08-10 11:25:29.942 2848 2969 D ConnectivityService: Network NetworkAgentInfo [WIFI () - 101] was already satisfying request 1. No change.
08-10 11:25:29.942 2848 2969 D ConnectivityService: notifyType AVAILABLE for NetworkAgentInfo [WIFI () - 101]
08-10 11:25:29.942 3186 3690 D ConnectivityManager.CallbackHandler: CM callback handler got msg 524290
08-10 11:25:29.993 2617 2617 I Zygote : Process 5627 exited cleanly (255)
08-10 11:25:29.993 2848 3478 I ActivityManager: Process com.google.android.gms.unstable (pid 5627) has died
08-10 11:25:29.993 2848 3478 W ActivityManager: Scheduling restart of crashed service com.google.android.gms/.droidguard.DroidGuardService in 4000ms
08-10 11:25:30.823 2848 2964 E WifiStateMachine: WifiStateMachine CMD_START_SCAN source -2 txSuccessRate=-0.00 rxSuccessRate=-0.00 targetRoamBSSID=9c:97:26:9d:de:fb RSSI=-127
08-10 11:25:30.823 2848 2964 E WifiStateMachine: WifiStateMachine L2Connected CMD_START_SCAN source -2 9, 10 -> obsolete
08-10 11:25:32.944 4973 4973 D wpa_supplicant: wlan0: Control interface command 'SIGNAL_POLL'
08-10 11:25:32.944 2848 2969 D ConnectivityService: updateNetworkScore for NetworkAgentInfo [WIFI () - 101] to 42
08-10 11:25:32.944 2848 2969 D ConnectivityService: rematching NetworkAgentInfo [WIFI () - 101]
08-10 11:25:32.944 2848 2969 D ConnectivityService: Network NetworkAgentInfo [WIFI () - 101] was already satisfying request 1. No change.
08-10 11:25:32.944 2848 2969 D ConnectivityService: notifyType AVAILABLE for NetworkAgentInfo [WIFI () - 101]
08-10 11:25:32.945 3186 3690 D ConnectivityManager.CallbackHandler: CM callback handler got msg 524290
08-10 11:25:33.360 4695 4715 W Launcher.Model: Nobody to tell about the new app. Launcher is probably loading.
08-10 11:25:33.364 2848 2955 I InputReader: Reconfiguring input devices. changes=0x00000010
08-10 11:25:33.366 2848 2848 D BackupManagerService: Received broadcast Intent { act=android.intent.action.PACKAGE_CHANGED dat=package:com.google.android.gms flg=0x4000010 (has extras) }
08-10 11:25:33.366 2848 2848 I BackupManagerService: Unbinding ComponentInfo{com.google.android.gms/com.google.android.gms.backup.BackupTransportService}
08-10 11:25:33.367 2848 2848 I BackupManagerService: Binding to transport host ComponentInfo{com.google.android.gms/com.google.android.gms.backup.BackupTransportService}
08-10 11:25:33.368 4695 4695 W Launcher: setApplicationContext called twice! old=com.android.launcher3.LauncherApplication@1f2bcedb new=com.android.launcher3.LauncherApplication@1f2bcedb
08-10 11:25:33.369 5204 5737 D PackageBroadcastService: Received broadcast action=android.intent.action.PACKAGE_CHANGED and uri=com.google.android.gms
08-10 11:25:33.369 5204 5737 I PackageBroadcastService: Null package name or gms related package. Ignoreing.
08-10 11:25:33.372 5282 5738 I UpdateIcingCorporaServi: Updating corpora: APPS=com.google.android.gms, CONTACTS=MAYBE
08-10 11:25:33.372 2848 2879 W LocationProviderProxy-fused: com.google.android.gms resolves service com.android.location.service.FusedLocationProvider, but has wrong signature, ignoring
08-10 11:25:33.373 5204 5271 E Icing : Couldn't handle android.intent.action.PACKAGE_CHANGED intent due to initialization failure.
08-10 11:25:33.375 2848 2848 V BackupManagerService: Connected to transport ComponentInfo{com.google.android.gms/com.google.android.gms.backup.BackupTransportService}
08-10 11:25:33.375 2848 2848 V BackupManagerService: Registering transport com.google.android.gms/.backup.BackupTransportService::com.google.android.gms/.backup.BackupTransportService = com.android.internal.backup.IBackupTransport$Stub$Proxy@342c2226
08-10 11:25:33.376 5242 5740 I Backup : [BackupTransportMigratorService] Starting migration...
08-10 11:25:33.376 5222 5273 W Backup : [LegacyBackupAccountManager] No google accounts found!
08-10 11:25:33.377 5242 5740 W Backup : [LegacyBackupAccountManager] No google accounts found!
08-10 11:25:33.378 5222 5273 D Backup : [BackupTransportMigratorService] Couldn't find backup account, notifying.
08-10 11:25:33.378 5242 5740 D Backup : [BackupTransportMigratorService] Couldn't find backup account, notifying.
08-10 11:25:33.378 5204 5397 E Icing : Not initialized
08-10 11:25:33.379 5282 5738 E .AppDataSearchProvider: Could not connect to AppDataSearchClient for registerCorpora, error 16
08-10 11:25:33.379 5282 5738 W IcingCorporaProvider: Corpora registration failed
08-10 11:25:33.382 5242 5740 I Backup : [BackupTransportMigratorService] Successfully migrated to use GMS BackupTransportService!
08-10 11:25:33.384 5242 5741 W Backup : [LegacyBackupAccountManager] No google accounts found!
08-10 11:25:33.385 5282 5738 I ApplicationLogger: canRun() : Opted Out
08-10 11:25:33.385 5282 5738 I UpdateIcingCorporaServi: UpdateCorporaTask done [took 13 ms] updated apps [took 13 ms]
08-10 11:25:33.385 5242 5741 W Backup : [LegacyBackupAccountManager] No google accounts found!
08-10 11:25:34.014 2848 2881 I ActivityManager: Start proc 5742:com.google.android.gms.unstable/u0a7 for service com.google.android.gms/.droidguard.DroidGuardService
08-10 11:25:34.022 5742 5742 I ActivityThread: Switching default density from 160 to 240
08-10 11:25:34.023 5742 5742 W ResourcesManager: Asset path '/system/framework/com.android.media.remotedisplay.jar' does not exist or contains no resources.
08-10 11:25:34.023 5742 5742 W ResourcesManager: Asset path '/system/framework/com.android.location.provider.jar' does not exist or contains no resources.
08-10 11:25:34.030 5742 5742 I MultiDex: VM with version 2.1.0 has multidex support
08-10 11:25:34.030 5742 5742 I MultiDex: install
08-10 11:25:34.030 5742 5742 I MultiDex: VM has multidex support, MultiDex support library is disabled.
08-10 11:25:34.034 5742 5742 I ProviderInstaller: Insert disabled by gate 'gms:security:enable_conscrypt_in_gms_application'
08-10 11:25:34.035 5242 5242 D GCM : GcmService start Intent { act=com.google.android.gms.INITIALIZE flg=0x10 pkg=com.google.android.gms cmp=com.google.android.gms/.gcm.GcmService } com.google.android.gms.INITIALIZE
08-10 11:25:34.036 5242 5242 D AuthorizationBluetoothService: Received GmsCore event: Intent { act=com.google.android.gms.INITIALIZE flg=0x10 pkg=com.google.android.gms cmp=com.google.android.gms/.auth.be.proximity.authorization.bt.AuthorizationBluetoothService$AutoStarter }.
08-10 11:25:34.037 5242 5242 D c : Getting all permits...
08-10 11:25:34.037 5242 5242 D a : Opening database...
08-10 11:25:34.038 5242 5242 D a : Opening database auth.proximity.permit_store...
08-10 11:25:34.038 5242 5242 D a : Closing database...
08-10 11:25:34.039 5204 5204 V GmsCoreStatsServiceLauncher: Received broadcast intent Intent { act=com.google.android.gms.INITIALIZE flg=0x10 pkg=com.google.android.gms cmp=com.google.android.gms/.common.stats.GmsCoreStatsServiceLauncher }
08-10 11:25:34.043 5204 5761 D LocationInitializer: Restart initialization of location
08-10 11:25:34.043 5222 5449 E MDM : [335] b.run: Couldn't connect to Google API client: ConnectionResult{statusCode=API_UNAVAILABLE, resolution=null}
08-10 11:25:35.012 5657 5657 D InputEventConsistencyVerifier: KeyEvent: ACTION_UP but key was not down.
08-10 11:25:35.012 5657 5657 D InputEventConsistencyVerifier: in android.view.ViewRootImpl@2d14dc98
08-10 11:25:35.012 5657 5657 D InputEventConsistencyVerifier: 0: sent at 304538000000, KeyEvent { action=ACTION_UP, keyCode=KEYCODE_I, scanCode=23, metaState=0, flags=0x8, repeatCount=0, eventTime=304538, downTime=304486, deviceId=3, source=0x101 }
08-10 11:25:35.012 5657 5657 D InputEventConsistencyVerifier: -- recent events --
08-10 11:25:35.012 5657 5657 D InputEventConsistencyVerifier: 1: sent at 304538000000, KeyEvent { action=ACTION_UP, keyCode=KEYCODE_I, scanCode=23, metaState=0, flags=0x8, repeatCount=0, eventTime=304538, downTime=304486, deviceId=3, source=0x101 }
08-10 11:25:35.012 5657 5657 D InputEventConsistencyVerifier: 2: sent at 304486000000, KeyEvent { action=ACTION_DOWN, keyCode=KEYCODE_I, scanCode=23, metaState=0, flags=0x8, repeatCount=0, eventTime=304486, downTime=304486, deviceId=3, source=0x101 }
08-10 11:25:35.012 5657 5657 D InputEventConsistencyVerifier: 3: sent at 303314231000, MotionEvent { action=ACTION_HOVER_MOVE, id[0]=0, x[0]=964.8932, y[0]=445.46878, toolType[0]=TOOL_TYPE_MOUSE, buttonState=0, metaState=0, flags=0x0, edgeFlags=0x0, pointerCount=1, historySize=0, eventTime=303314, downTime=303226, deviceId=9, source=0x2002 }
08-10 11:25:35.012 5657 5657 D InputEventConsistencyVerifier: 4: sent at 303314231000, MotionEvent { action=ACTION_HOVER_ENTER, id[0]=0, x[0]=964.8932, y[0]=445.46878, toolType[0]=TOOL_TYPE_MOUSE, buttonState=0, metaState=0, flags=0x0, edgeFlags=0x0, pointerCount=1, historySize=0, eventTime=303314, downTime=303226, deviceId=9, source=0x2002 }
08-10 11:25:35.012 5657 5657 D InputEventConsistencyVerifier: 5: sent at 303314231000, MotionEvent { action=ACTION_UP, id[0]=0, x[0]=964.8932, y[0]=445.46878, toolType[0]=TOOL_TYPE_MOUSE, buttonState=0, metaState=0, flags=0x0, edgeFlags=0x0, pointerCount=1, historySize=0, eventTime=303314, downTime=303226, deviceId=9, source=0x2002 }
08-10 11:25:35.472 5657 5657 D InputEventConsistencyVerifier: KeyEvent: ACTION_UP but key was not down.
08-10 11:25:35.472 5657 5657 D InputEventConsistencyVerifier: in android.view.ViewRootImpl@2d14dc98
08-10 11:25:35.472 5657 5657 D InputEventConsistencyVerifier: 0: sent at 304999000000, KeyEvent { action=ACTION_UP, keyCode=KEYCODE_S, scanCode=31, metaState=0, flags=0x8, repeatCount=0, eventTime=304999, downTime=304947, deviceId=3, source=0x101 }
08-10 11:25:35.472 5657 5657 D InputEventConsistencyVerifier: -- recent events --
08-10 11:25:35.472 5657 5657 D InputEventConsistencyVerifier: 1: sent at 304999000000, KeyEvent { action=ACTION_UP, keyCode=KEYCODE_S, scanCode=31, metaState=0, flags=0x8, repeatCount=0, eventTime=304999, downTime=304947, deviceId=3, source=0x101 }
08-10 11:25:35.472 5657 5657 D InputEventConsistencyVerifier: 2: sent at 304947000000, KeyEvent { action=ACTION_DOWN, keyCode=KEYCODE_S, scanCode=31, metaState=0, flags=0x8, repeatCount=0, eventTime=304947, downTime=304947, deviceId=3, source=0x101 }
08-10 11:25:35.472 5657 5657 D InputEventConsistencyVerifier: 3: sent at 304538000000, KeyEvent { action=ACTION_UP, keyCode=KEYCODE_I, scanCode=23, metaState=0, flags=0x80000008, repeatCount=0, eventTime=304538, downTime=304486, deviceId=3, source=0x101 }
08-10 11:25:35.472 5657 5657 D InputEventConsistencyVerifier: 4: sent at 304538000000, KeyEvent { action=ACTION_UP, keyCode=KEYCODE_I, scanCode=23, metaState=0, flags=0x8, repeatCount=0, eventTime=304538, downTime=304486, deviceId=3, source=0x101 }
08-10 11:25:35.472 5657 5657 D InputEventConsistencyVerifier: 5: sent at 304486000000, KeyEvent { action=ACTION_DOWN, keyCode=KEYCODE_I, scanCode=23, metaState=0, flags=0x8, repeatCount=0, eventTime=304486, downTime=304486, deviceId=3, source=0x101 }
08-10 11:25:35.703 5657 5657 D InputEventConsistencyVerifier: KeyEvent: ACTION_UP but key was not down.
08-10 11:25:35.703 5657 5657 D InputEventConsistencyVerifier: in android.view.ViewRootImpl@2d14dc98
08-10 11:25:35.703 5657 5657 D InputEventConsistencyVerifier: 0: sent at 305230000000, KeyEvent { action=ACTION_UP, keyCode=KEYCODE_S, scanCode=31, metaState=0, flags=0x8, repeatCount=0, eventTime=305230, downTime=305135, deviceId=3, source=0x101 }
08-10 11:25:35.703 5657 5657 D InputEventConsistencyVerifier: -- recent events --
08-10 11:25:35.703 5657 5657 D InputEventConsistencyVerifier: 1: sent at 305230000000, KeyEvent { action=ACTION_UP, keyCode=KEYCODE_S, scanCode=31, metaState=0, flags=0x8, repeatCount=0, eventTime=305230, downTime=305135, deviceId=3, source=0x101 }
08-10 11:25:35.703 5657 5657 D InputEventConsistencyVerifier: 2: sent at 305135000000, KeyEvent { action=ACTION_DOWN, keyCode=KEYCODE_S, scanCode=31, metaState=0, flags=0x8, repeatCount=0, eventTime=305135, downTime=305135, deviceId=3, source=0x101 }
08-10 11:25:35.703 5657 5657 D InputEventConsistencyVerifier: 3: sent at 304999000000, KeyEvent { action=ACTION_UP, keyCode=KEYCODE_S, scanCode=31, metaState=0, flags=0x80000008, repeatCount=0, eventTime=304999, downTime=304947, deviceId=3, source=0x101 }
08-10 11:25:35.703 5657 5657 D InputEventConsistencyVerifier: 4: sent at 304999000000, KeyEvent { action=ACTION_UP, keyCode=KEYCODE_S, scanCode=31, metaState=0, flags=0x8, repeatCount=0, eventTime=304999, downTime=304947, deviceId=3, source=0x101 }
08-10 11:25:35.703 5657 5657 D InputEventConsistencyVerifier: 5: sent at 304947000000, KeyEvent { action=ACTION_DOWN, keyCode=KEYCODE_S, scanCode=31, metaState=0, flags=0x8, repeatCount=0, eventTime=304947, downTime=304947, deviceId=3, source=0x101 }
08-10 11:25:35.946 4973 4973 D wpa_supplicant: wlan0: Control interface command 'SIGNAL_POLL'
08-10 11:25:35.947 2848 2969 D ConnectivityService: updateNetworkScore for NetworkAgentInfo [WIFI () - 101] to 40
08-10 11:25:35.947 2848 2969 D ConnectivityService: rematching NetworkAgentInfo [WIFI () - 101]
08-10 11:25:35.947 2848 2969 D ConnectivityService: Network NetworkAgentInfo [WIFI () - 101] was already satisfying request 1. No change.
08-10 11:25:35.947 2848 2969 D ConnectivityService: notifyType AVAILABLE for NetworkAgentInfo [WIFI () - 101]
08-10 11:25:35.947 3186 3690 D ConnectivityManager.CallbackHandler: CM callback handler got msg 524290
08-10 11:25:35.981 5657 5657 D InputEventConsistencyVerifier: KeyEvent: ACTION_UP but key was not down.
08-10 11:25:35.981 5657 5657 D InputEventConsistencyVerifier: in android.view.ViewRootImpl@2d14dc98
08-10 11:25:35.981 5657 5657 D InputEventConsistencyVerifier: 0: sent at 305509000000, KeyEvent { action=ACTION_UP, keyCode=KEYCODE_O, scanCode=24, metaState=0, flags=0x8, repeatCount=0, eventTime=305509, downTime=305457, deviceId=3, source=0x101 }
08-10 11:25:35.981 5657 5657 D InputEventConsistencyVerifier: -- recent events --
08-10 11:25:35.981 5657 5657 D InputEventConsistencyVerifier: 1: sent at 305509000000, KeyEvent { action=ACTION_UP, keyCode=KEYCODE_O, scanCode=24, metaState=0, flags=0x8, repeatCount=0, eventTime=305509, downTime=305457, deviceId=3, source=0x101 }
08-10 11:25:35.981 5657 5657 D InputEventConsistencyVerifier: 2: sent at 305457000000, KeyEvent { action=ACTION_DOWN, keyCode=KEYCODE_O, scanCode=24, metaState=0, flags=0x8, repeatCount=0, eventTime=305457, downTime=305457, deviceId=3, source=0x101 }
08-10 11:25:35.981 5657 5657 D InputEventConsistencyVerifier: 3: sent at 305230000000, KeyEvent { action=ACTION_UP, keyCode=KEYCODE_S, scanCode=31, metaState=0, flags=0x80000008, repeatCount=0, eventTime=305230, downTime=305135, deviceId=3, source=0x101 }
08-10 11:25:35.981 5657 5657 D InputEventConsistencyVerifier: 4: sent at 305230000000, KeyEvent { action=ACTION_UP, keyCode=KEYCODE_S, scanCode=31, metaState=0, flags=0x8, repeatCount=0, eventTime=305230, downTime=305135, deviceId=3, source=0x101 }
08-10 11:25:35.981 5657 5657 D InputEventConsistencyVerifier: 5: sent at 305135000000, KeyEvent { action=ACTION_DOWN, keyCode=KEYCODE_S, scanCode=31, metaState=0, flags=0x8, repeatCount=0, eventTime=305135, downTime=305135, deviceId=3, source=0x101 }
08-10 11:25:36.305 5657 5657 D InputEventConsistencyVerifier: KeyEvent: ACTION_UP but key was not down.
08-10 11:25:36.305 5657 5657 D InputEventConsistencyVerifier: in android.view.ViewRootImpl@2d14dc98
08-10 11:25:36.305 5657 5657 D InputEventConsistencyVerifier: 0: sent at 305832000000, KeyEvent { action=ACTION_UP, keyCode=KEYCODE_R, scanCode=19, metaState=0, flags=0x8, repeatCount=0, eventTime=305832, downTime=305735, deviceId=3, source=0x101 }
08-10 11:25:36.305 5657 5657 D InputEventConsistencyVerifier: -- recent events --
08-10 11:25:36.305 5657 5657 D InputEventConsistencyVerifier: 1: sent at 305832000000, KeyEvent { action=ACTION_UP, keyCode=KEYCODE_R, scanCode=19, metaState=0, flags=0x8, repeatCount=0, eventTime=305832, downTime=305735, deviceId=3, source=0x101 }
08-10 11:25:36.305 5657 5657 D InputEventConsistencyVerifier: 2: sent at 305735000000, KeyEvent { action=ACTION_DOWN, keyCode=KEYCODE_R, scanCode=19, metaState=0, flags=0x8, repeatCount=0, eventTime=305735, downTime=305735, deviceId=3, source=0x101 }
08-10 11:25:36.305 5657 5657 D InputEventConsistencyVerifier: 3: sent at 305509000000, KeyEvent { action=ACTION_UP, keyCode=KEYCODE_O, scanCode=24, metaState=0, flags=0x80000008, repeatCount=0, eventTime=305509, downTime=305457, deviceId=3, source=0x101 }
08-10 11:25:36.305 5657 5657 D InputEventConsistencyVerifier: 4: sent at 305509000000, KeyEvent { action=ACTION_UP, keyCode=KEYCODE_O, scanCode=24, metaState=0, flags=0x8, repeatCount=0, eventTime=305509, downTime=305457, deviceId=3, source=0x101 }
08-10 11:25:36.305 5657 5657 D InputEventConsistencyVerifier: 5: sent at 305457000000, KeyEvent { action=ACTION_DOWN, keyCode=KEYCODE_O, scanCode=24, metaState=0, flags=0x8, repeatCount=0, eventTime=305457, downTime=305457, deviceId=3, source=0x101 }
08-10 11:25:36.857 5657 5657 D InputEventConsistencyVerifier: KeyEvent: ACTION_UP but key was not down.
08-10 11:25:36.857 5657 5657 D InputEventConsistencyVerifier: in android.view.ViewRootImpl@2d14dc98
08-10 11:25:36.857 5657 5657 D InputEventConsistencyVerifier: 0: sent at 306385000000, KeyEvent { action=ACTION_UP, keyCode=KEYCODE_PERIOD, scanCode=52, metaState=0, flags=0x8, repeatCount=0, eventTime=306385, downTime=306333, deviceId=3, source=0x101 }
08-10 11:25:36.857 5657 5657 D InputEventConsistencyVerifier: -- recent events --
08-10 11:25:36.857 5657 5657 D InputEventConsistencyVerifier: 1: sent at 306385000000, KeyEvent { action=ACTION_UP, keyCode=KEYCODE_PERIOD, scanCode=52, metaState=0, flags=0x8, repeatCount=0, eventTime=306385, downTime=306333, deviceId=3, source=0x101 }
08-10 11:25:36.857 5657 5657 D InputEventConsistencyVerifier: 2: sent at 306333000000, KeyEvent { action=ACTION_DOWN, keyCode=KEYCODE_PERIOD, scanCode=52, metaState=0, flags=0x8, repeatCount=0, eventTime=306333, downTime=306333, deviceId=3, source=0x101 }
08-10 11:25:36.857 5657 5657 D InputEventConsistencyVerifier: 3: sent at 305832000000, KeyEvent { action=ACTION_UP, keyCode=KEYCODE_R, scanCode=19, metaState=0, flags=0x80000008, repeatCount=0, eventTime=305832, downTime=305735, deviceId=3, source=0x101 }
08-10 11:25:36.857 5657 5657 D InputEventConsistencyVerifier: 4: sent at 305832000000, KeyEvent { action=ACTION_UP, keyCode=KEYCODE_R, scanCode=19, metaState=0, flags=0x8, repeatCount=0, eventTime=305832, downTime=305735, deviceId=3, source=0x101 }
08-10 11:25:36.857 5657 5657 D InputEventConsistencyVerifier: 5: sent at 305735000000, KeyEvent { action=ACTION_DOWN, keyCode=KEYCODE_R, scanCode=19, metaState=0, flags=0x8, repeatCount=0, eventTime=305735, downTime=305735, deviceId=3, source=0x101 }
08-10 11:25:37.637 5657 5657 D InputEventConsistencyVerifier: KeyEvent: ACTION_UP but key was not down.
08-10 11:25:37.637 5657 5657 D InputEventConsistencyVerifier: in android.view.ViewRootImpl@2d14dc98
08-10 11:25:37.637 5657 5657 D InputEventConsistencyVerifier: 0: sent at 307165000000, KeyEvent { action=ACTION_UP, keyCode=KEYCODE_O, scanCode=24, metaState=0, flags=0x8, repeatCount=0, eventTime=307165, downTime=307068, deviceId=3, source=0x101 }
08-10 11:25:37.637 5657 5657 D InputEventConsistencyVerifier: -- recent events --
08-10 11:25:37.637 5657 5657 D InputEventConsistencyVerifier: 1: sent at 307165000000, KeyEvent { action=ACTION_UP, keyCode=KEYCODE_O, scanCode=24, metaState=0, flags=0x8, repeatCount=0, eventTime=307165, downTime=307068, deviceId=3, source=0x101 }
08-10 11:25:37.637 5657 5657 D InputEventConsistencyVerifier: 2: sent at 307068000000, KeyEvent { action=ACTION_DOWN, keyCode=KEYCODE_O, scanCode=24, metaState=0, flags=0x8, repeatCount=0, eventTime=307068, downTime=307068, deviceId=3, source=0x101 }
08-10 11:25:37.637 5657 5657 D InputEventConsistencyVerifier: 3: sent at 306385000000, KeyEvent { action=ACTION_UP, keyCode=KEYCODE_PERIOD, scanCode=52, metaState=0, flags=0x80000008, repeatCount=0, eventTime=306385, downTime=306333, deviceId=3, source=0x101 }
08-10 11:25:37.637 5657 5657 D InputEventConsistencyVerifier: 4: sent at 306385000000, KeyEvent { action=ACTION_UP, keyCode=KEYCODE_PERIOD, scanCode=52, metaState=0, flags=0x8, repeatCount=0, eventTime=306385, downTime=306333, deviceId=3, source=0x101 }
08-10 11:25:37.637 5657 5657 D InputEventConsistencyVerifier: 5: sent at 306333000000, KeyEvent { action=ACTION_DOWN, keyCode=KEYCODE_PERIOD, scanCode=52, metaState=0, flags=0x8, repeatCount=0, eventTime=306333, downTime=306333, deviceId=3, source=0x101 }
08-10 11:25:37.808 5657 5657 D InputEventConsistencyVerifier: KeyEvent: ACTION_UP but key was not down.
08-10 11:25:37.808 5657 5657 D InputEventConsistencyVerifier: in android.view.ViewRootImpl@2d14dc98
08-10 11:25:37.808 5657 5657 D InputEventConsistencyVerifier: 0: sent at 307335000000, KeyEvent { action=ACTION_UP, keyCode=KEYCODE_E, scanCode=18, metaState=0, flags=0x8, repeatCount=0, eventTime=307335, downTime=307284, deviceId=3, source=0x101 }
08-10 11:25:37.808 5657 5657 D InputEventConsistencyVerifier: -- recent events --
08-10 11:25:37.808 5657 5657 D InputEventConsistencyVerifier: 1: sent at 307335000000, KeyEvent { action=ACTION_UP, keyCode=KEYCODE_E, scanCode=18, metaState=0, flags=0x8, repeatCount=0, eventTime=307335, downTime=307284, deviceId=3, source=0x101 }
08-10 11:25:37.808 5657 5657 D InputEventConsistencyVerifier: 2: sent at 307284000000, KeyEvent { action=ACTION_DOWN, keyCode=KEYCODE_E, scanCode=18, metaState=0, flags=0x8, repeatCount=0, eventTime=307284, downTime=307284, deviceId=3, source=0x101 }
08-10 11:25:37.808 5657 5657 D InputEventConsistencyVerifier: 3: sent at 307165000000, KeyEvent { action=ACTION_UP, keyCode=KEYCODE_O, scanCode=24, metaState=0, flags=0x80000008, repeatCount=0, eventTime=307165, downTime=307068, deviceId=3, source=0x101 }
08-10 11:25:37.808 5657 5657 D InputEventConsistencyVerifier: 4: sent at 307165000000, KeyEvent { action=ACTION_UP, keyCode=KEYCODE_O, scanCode=24, metaState=0, flags=0x8, repeatCount=0, eventTime=307165, downTime=307068, deviceId=3, source=0x101 }
08-10 11:25:37.808 5657 5657 D InputEventConsistencyVerifier: 5: sent at 307068000000, KeyEvent { action=ACTION_DOWN, keyCode=KEYCODE_O, scanCode=24, metaState=0, flags=0x8, repeatCount=0, eventTime=307068, downTime=307068, deviceId=3, source=0x101 }
08-10 11:25:38.135 5657 5657 D InputEventConsistencyVerifier: KeyEvent: ACTION_UP but key was not down.
08-10 11:25:38.135 5657 5657 D InputEventConsistencyVerifier: in android.view.ViewRootImpl@2d14dc98
08-10 11:25:38.135 5657 5657 D InputEventConsistencyVerifier: 0: sent at 307659000000, KeyEvent { action=ACTION_UP, keyCode=KEYCODE_U, scanCode=22, metaState=0, flags=0x8, repeatCount=0, eventTime=307659, downTime=307562, deviceId=3, source=0x101 }
08-10 11:25:38.135 5657 5657 D InputEventConsistencyVerifier: -- recent events --
08-10 11:25:38.135 5657 5657 D InputEventConsistencyVerifier: 1: sent at 307659000000, KeyEvent { action=ACTION_UP, keyCode=KEYCODE_U, scanCode=22, metaState=0, flags=0x8, repeatCount=0, eventTime=307659, downTime=307562, deviceId=3, source=0x101 }
08-10 11:25:38.135 5657 5657 D InputEventConsistencyVerifier: 2: sent at 307562000000, KeyEvent { action=ACTION_DOWN, keyCode=KEYCODE_U, scanCode=22, metaState=0, flags=0x8, repeatCount=0, eventTime=307562, downTime=307562, deviceId=3, source=0x101 }
08-10 11:25:38.135 5657 5657 D InputEventConsistencyVerifier: 3: sent at 307335000000, KeyEvent { action=ACTION_UP, keyCode=KEYCODE_E, scanCode=18, metaState=0, flags=0x80000008, repeatCount=0, eventTime=307335, downTime=307284, deviceId=3, source=0x101 }
08-10 11:25:38.135 5657 5657 D InputEventConsistencyVerifier: 4: sent at 307335000000, KeyEvent { action=ACTION_UP, keyCode=KEYCODE_E, scanCode=18, metaState=0, flags=0x8, repeatCount=0, eventTime=307335, downTime=307284, deviceId=3, source=0x101 }
08-10 11:25:38.135 5657 5657 D InputEventConsistencyVerifier: 5: sent at 307284000000, KeyEvent { action=ACTION_DOWN, keyCode=KEYCODE_E, scanCode=18, metaState=0, flags=0x8, repeatCount=0, eventTime=307284, downTime=307284, deviceId=3, source=0x101 }
08-10 11:25:38.229 5657 5657 D InputEventConsistencyVerifier: KeyEvent: ACTION_UP but key was not down.
08-10 11:25:38.229 5657 5657 D InputEventConsistencyVerifier: in android.view.ViewRootImpl@2d14dc98
08-10 11:25:38.229 5657 5657 D InputEventConsistencyVerifier: 0: sent at 307756000000, KeyEvent { action=ACTION_UP, keyCode=KEYCODE_A, scanCode=30, metaState=0, flags=0x8, repeatCount=0, eventTime=307756, downTime=307704, deviceId=3, source=0x101 }
08-10 11:25:38.229 5657 5657 D InputEventConsistencyVerifier: -- recent events --
08-10 11:25:38.229 5657 5657 D InputEventConsistencyVerifier: 1: sent at 307756000000, KeyEvent { action=ACTION_UP, keyCode=KEYCODE_A, scanCode=30, metaState=0, flags=0x8, repeatCount=0, eventTime=307756, downTime=307704, deviceId=3, source=0x101 }
08-10 11:25:38.229 5657 5657 D InputEventConsistencyVerifier: 2: sent at 307704000000, KeyEvent { action=ACTION_DOWN, keyCode=KEYCODE_A, scanCode=30, metaState=0, flags=0x8, repeatCount=0, eventTime=307704, downTime=307704, deviceId=3, source=0x101 }
08-10 11:25:38.229 5657 5657 D InputEventConsistencyVerifier: 3: sent at 307659000000, KeyEvent { action=ACTION_UP, keyCode=KEYCODE_U, scanCode=22, metaState=0, flags=0x80000008, repeatCount=0, eventTime=307659, downTime=307562, deviceId=3, source=0x101 }
08-10 11:25:38.229 5657 5657 D InputEventConsistencyVerifier: 4: sent at 307659000000, KeyEvent { action=ACTION_UP, keyCode=KEYCODE_U, scanCode=22, metaState=0, flags=0x8, repeatCount=0, eventTime=307659, downTime=307562, deviceId=3, source=0x101 }
08-10 11:25:38.229 5657 5657 D InputEventConsistencyVerifier: 5: sent at 307562000000, KeyEvent { action=ACTION_DOWN, keyCode=KEYCODE_U, scanCode=22, metaState=0, flags=0x8, repeatCount=0, eventTime=307562, downTime=307562, deviceId=3, source=0x101 }
08-10 11:25:38.370 5657 5657 D InputEventConsistencyVerifier: KeyEvent: ACTION_UP but key was not down.
08-10 11:25:38.370 5657 5657 D InputEventConsistencyVerifier: in android.view.ViewRootImpl@2d14dc98
08-10 11:25:38.370 5657 5657 D InputEventConsistencyVerifier: 0: sent at 307898000000, KeyEvent { action=ACTION_UP, keyCode=KEYCODE_M, scanCode=50, metaState=0, flags=0x8, repeatCount=0, eventTime=307898, downTime=307801, deviceId=3, source=0x101 }
08-10 11:25:38.370 5657 5657 D InputEventConsistencyVerifier: -- recent events --
08-10 11:25:38.370 5657 5657 D InputEventConsistencyVerifier: 1: sent at 307898000000, KeyEvent { action=ACTION_UP, keyCode=KEYCODE_M, scanCode=50, metaState=0, flags=0x8, repeatCount=0, eventTime=307898, downTime=307801, deviceId=3, source=0x101 }
08-10 11:25:38.370 5657 5657 D InputEventConsistencyVerifier: 2: sent at 307801000000, KeyEvent { action=ACTION_DOWN, keyCode=KEYCODE_M, scanCode=50, metaState=0, flags=0x8, repeatCount=0, eventTime=307801, downTime=307801, deviceId=3, source=0x101 }
08-10 11:25:38.370 5657 5657 D InputEventConsistencyVerifier: 3: sent at 307756000000, KeyEvent { action=ACTION_UP, keyCode=KEYCODE_A, scanCode=30, metaState=0, flags=0x80000008, repeatCount=0, eventTime=307756, downTime=307704, deviceId=3, source=0x101 }
08-10 11:25:38.370 5657 5657 D InputEventConsistencyVerifier: 4: sent at 307756000000, KeyEvent { action=ACTION_UP, keyCode=KEYCODE_A, scanCode=30, metaState=0, flags=0x8, repeatCount=0, eventTime=307756, downTime=307704, deviceId=3, source=0x101 }
08-10 11:25:38.370 5657 5657 D InputEventConsistencyVerifier: 5: sent at 307704000000, KeyEvent { action=ACTION_DOWN, keyCode=KEYCODE_A, scanCode=30, metaState=0, flags=0x8, repeatCount=0, eventTime=307704, downTime=307704, deviceId=3, source=0x101 }
08-10 11:25:38.950 4973 4973 D wpa_supplicant: wlan0: Control interface command 'SIGNAL_POLL'
08-10 11:25:38.951 2848 2969 D ConnectivityService: updateNetworkScore for NetworkAgentInfo [WIFI () - 101] to 38
08-10 11:25:38.951 2848 2969 D ConnectivityService: rematching NetworkAgentInfo [WIFI () - 101]
08-10 11:25:38.951 2848 2969 D ConnectivityService: Network NetworkAgentInfo [WIFI () - 101] was already satisfying request 1. No change.
08-10 11:25:38.951 2848 2969 D ConnectivityService: notifyType AVAILABLE for NetworkAgentInfo [WIFI () - 101]
08-10 11:25:38.951 3186 3690 D ConnectivityManager.CallbackHandler: CM callback handler got msg 524290
08-10 11:25:39.060 5657 5657 D InputEventConsistencyVerifier: KeyEvent: ACTION_UP but key was not down.
08-10 11:25:39.060 5657 5657 D InputEventConsistencyVerifier: in android.view.ViewRootImpl@2d14dc98
08-10 11:25:39.060 5657 5657 D InputEventConsistencyVerifier: 0: sent at 308587000000, KeyEvent { action=ACTION_UP, keyCode=KEYCODE_DEL, scanCode=14, metaState=0, flags=0x8, repeatCount=0, eventTime=308587, downTime=308490, deviceId=3, source=0x101 }
08-10 11:25:39.060 5657 5657 D InputEventConsistencyVerifier: -- recent events --
08-10 11:25:39.060 5657 5657 D InputEventConsistencyVerifier: 1: sent at 308587000000, KeyEvent { action=ACTION_UP, keyCode=KEYCODE_DEL, scanCode=14, metaState=0, flags=0x8, repeatCount=0, eventTime=308587, downTime=308490, deviceId=3, source=0x101 }
08-10 11:25:39.060 5657 5657 D InputEventConsistencyVerifier: 2: sent at 308490000000, KeyEvent { action=ACTION_DOWN, keyCode=KEYCODE_DEL, scanCode=14, metaState=0, flags=0x8, repeatCount=0, eventTime=308490, downTime=308490, deviceId=3, source=0x101 }
08-10 11:25:39.060 5657 5657 D InputEventConsistencyVerifier: 3: sent at 307898000000, KeyEvent { action=ACTION_UP, keyCode=KEYCODE_M, scanCode=50, metaState=0, flags=0x80000008, repeatCount=0, eventTime=307898, downTime=307801, deviceId=3, source=0x101 }
08-10 11:25:39.060 5657 5657 D InputEventConsistencyVerifier: 4: sent at 307898000000, KeyEvent { action=ACTION_UP, keyCode=KEYCODE_M, scanCode=50, metaState=0, flags=0x8, repeatCount=0, eventTime=307898, downTime=307801, deviceId=3, source=0x101 }
08-10 11:25:39.060 5657 5657 D InputEventConsistencyVerifier: 5: sent at 307801000000, KeyEvent { action=ACTION_DOWN, keyCode=KEYCODE_M, scanCode=50, metaState=0, flags=0x8, repeatCount=0, eventTime=307801, downTime=307801, deviceId=3, source=0x101 }
08-10 11:25:39.202 5657 5657 D InputEventConsistencyVerifier: KeyEvent: ACTION_UP but key was not down.
08-10 11:25:39.202 5657 5657 D InputEventConsistencyVerifier: in android.view.ViewRootImpl@2d14dc98
08-10 11:25:39.202 5657 5657 D InputEventConsistencyVerifier: 0: sent at 308729000000, KeyEvent { action=ACTION_UP, keyCode=KEYCODE_DEL, scanCode=14, metaState=0, flags=0x8, repeatCount=0, eventTime=308729, downTime=308678, deviceId=3, source=0x101 }
08-10 11:25:39.202 5657 5657 D InputEventConsistencyVerifier: -- recent events --
08-10 11:25:39.202 5657 5657 D InputEventConsistencyVerifier: 1: sent at 308729000000, KeyEvent { action=ACTION_UP, keyCode=KEYCODE_DEL, scanCode=14, metaState=0, flags=0x8, repeatCount=0, eventTime=308729, downTime=308678, deviceId=3, source=0x101 }
08-10 11:25:39.202 5657 5657 D InputEventConsistencyVerifier: 2: sent at 308678000000, KeyEvent { action=ACTION_DOWN, keyCode=KEYCODE_DEL, scanCode=14, metaState=0, flags=0x8, repeatCount=0, eventTime=308678, downTime=308678, deviceId=3, source=0x101 }
08-10 11:25:39.202 5657 5657 D InputEventConsistencyVerifier: 3: sent at 308587000000, KeyEvent { action=ACTION_UP, keyCode=KEYCODE_DEL, scanCode=14, metaState=0, flags=0x80000008, repeatCount=0, eventTime=308587, downTime=308490, deviceId=3, source=0x101 }
08-10 11:25:39.202 5657 5657 D InputEventConsistencyVerifier: 4: sent at 308587000000, KeyEvent { action=ACTION_UP, keyCode=KEYCODE_DEL, scanCode=14, metaState=0, flags=0x8, repeatCount=0, eventTime=308587, downTime=308490, deviceId=3, source=0x101 }
08-10 11:25:39.202 5657 5657 D InputEventConsistencyVerifier: 5: sent at 308490000000, KeyEvent { action=ACTION_DOWN, keyCode=KEYCODE_DEL, scanCode=14, metaState=0, flags=0x8, repeatCount=0, eventTime=308490, downTime=308490, deviceId=3, source=0x101 }
08-10 11:25:39.358 5657 5657 D InputEventConsistencyVerifier: KeyEvent: ACTION_UP but key was not down.
