08-10 11:26:04.010 6937 6937 D wpa_supplicant: mixed random - hexdump(len=20): [REMOVED]
08-10 11:26:04.010 6937 6937 D wpa_supplicant: random: Updated entropy file /data/misc/wifi/entropy.bin (own_pool_ready=2)
08-10 11:26:04.010 6937 6937 D wpa_supplicant: Global control interface '@android:wpa_wlan0'
08-10 11:26:04.010 6937 6937 D wpa_supplicant: Using Android control socket 'wpa_wlan0'
08-10 11:26:04.010 6937 6937 I wpa_supplicant: Successfully initialized wpa_supplicant
08-10 11:26:04.010 6937 6937 D wpa_supplicant: Override interface parameter: ctrl_interface ('(null)' -> '/data/misc/wifi/sockets')
08-10 11:26:04.011 6937 6937 D wpa_supplicant: Initializing interface 'wlan0' conf '/data/misc/wifi/wpa_supplicant.conf' driver 'nl80211' ctrl_interface '/data/misc/wifi/sockets' bridge 'N/A'
08-10 11:26:04.011 6937 6937 D wpa_supplicant: Configuration file '/data/misc/wifi/wpa_supplicant.conf' -> '/data/misc/wifi/wpa_supplicant.conf'
08-10 11:26:04.011 6937 6937 D wpa_supplicant: Reading configuration file '/data/misc/wifi/wpa_supplicant.conf'
08-10 11:26:04.011 6937 6937 D wpa_supplicant: ctrl_interface='/data/misc/wifi/sockets'
08-10 11:26:04.011 6937 6937 D wpa_supplicant: update_config=1
08-10 11:26:04.011 6937 6937 D wpa_supplicant: device_name='android_x86'
08-10 11:26:04.011 6937 6937 D wpa_supplicant: manufacturer='To Be Filled By O.E.M.'
08-10 11:26:04.011 6937 6937 D wpa_supplicant: model_name='To Be Filled By O.E.M.'
08-10 11:26:04.011 6937 6937 D wpa_supplicant: model_number='To Be Filled By O.E.M.'
08-10 11:26:04.011 6937 6937 D wpa_supplicant: serial_number=''
08-10 11:26:04.011 6937 6937 D wpa_supplicant: config_methods='physical_display virtual_push_button'
08-10 11:26:04.011 6937 6937 D wpa_supplicant: external_sim=1
08-10 11:26:04.011 6937 6937 D wpa_supplicant: Line: 12 - start of a new network block
08-10 11:26:04.011 6937 6937 D wpa_supplicant: ssid - hexdump(len=16): 54 65 6c 65 63 6f 6d 2d 31 31 30 30 39 35 33 31
08-10 11:26:04.011 6937 6937 D wpa_supplicant: PSK (ASCII passphrase) - hexdump(len=27): [REMOVED]
08-10 11:26:04.011 6937 6937 D wpa_supplicant: key_mgmt: 0x2
08-10 11:26:04.011 6937 6937 D wpa_supplicant: priority=2 (0x2)
08-10 11:26:04.016 6937 6937 D wpa_supplicant: PSK (from passphrase) - hexdump(len=32): [REMOVED]
08-10 11:26:04.016 6937 6937 D wpa_supplicant: Priority group 2
08-10 11:26:04.016 6937 6937 D wpa_supplicant: id=0 ssid='Telecom-11009531'
08-10 11:26:04.016 6937 6937 I wpa_supplicant: rfkill: Cannot open RFKILL control device
08-10 11:26:04.016 6937 6937 D wpa_supplicant: nl80211: RFKILL status not available
08-10 11:26:04.016 6937 6937 D wpa_supplicant: nl80211: Supported cipher 00-0f-ac:1
08-10 11:26:04.016 6937 6937 D wpa_supplicant: nl80211: Supported cipher 00-0f-ac:5
08-10 11:26:04.016 6937 6937 D wpa_supplicant: nl80211: Supported cipher 00-0f-ac:2
08-10 11:26:04.016 6937 6937 D wpa_supplicant: nl80211: Supported cipher 00-0f-ac:4
08-10 11:26:04.016 6937 6937 D wpa_supplicant: nl80211: Supported cipher 00-0f-ac:10
08-10 11:26:04.016 6937 6937 D wpa_supplicant: nl80211: Supported cipher 00-0f-ac:8
08-10 11:26:04.016 6937 6937 D wpa_supplicant: nl80211: Supported cipher 00-0f-ac:9
08-10 11:26:04.016 6937 6937 D wpa_supplicant: nl80211: Supported cipher 00-0f-ac:6
08-10 11:26:04.016 6937 6937 D wpa_supplicant: nl80211: Supported cipher 00-0f-ac:13
08-10 11:26:04.016 6937 6937 D wpa_supplicant: nl80211: Supported cipher 00-0f-ac:11
08-10 11:26:04.016 6937 6937 D wpa_supplicant: nl80211: Supported cipher 00-0f-ac:12
08-10 11:26:04.016 6937 6937 D wpa_supplicant: nl80211: Using driver-based off-channel TX
08-10 11:26:04.016 6937 6937 D wpa_supplicant: nl80211: interface wlan0 in phy phy1
08-10 11:26:04.016 6937 6937 D wpa_supplicant: nl80211: Set mode ifindex 6 iftype 2 (STATION)
08-10 11:26:04.016 6937 6937 D wpa_supplicant: nl80211: Subscribe to mgmt frames with non-AP handle 0xb68362e0
08-10 11:26:04.016 6937 6937 D wpa_supplicant: nl80211: Register frame type=0xd0 (WLAN_FC_STYPE_ACTION) nl_handle=0xb68362e0 match=0104
08-10 11:26:04.016 6937 6937 D wpa_supplicant: nl80211: Register frame type=0xd0 (WLAN_FC_STYPE_ACTION) nl_handle=0xb68362e0 match=040a
08-10 11:26:04.016 6937 6937 D wpa_supplicant: nl80211: Register frame type=0xd0 (WLAN_FC_STYPE_ACTION) nl_handle=0xb68362e0 match=040b
08-10 11:26:04.016 6937 6937 D wpa_supplicant: nl80211: Register frame type=0xd0 (WLAN_FC_STYPE_ACTION) nl_handle=0xb68362e0 match=040c
08-10 11:26:04.016 6937 6937 D wpa_supplicant: nl80211: Register frame type=0xd0 (WLAN_FC_STYPE_ACTION) nl_handle=0xb68362e0 match=040d
08-10 11:26:04.016 6937 6937 D wpa_supplicant: nl80211: Register frame type=0xd0 (WLAN_FC_STYPE_ACTION) nl_handle=0xb68362e0 match=090a
08-10 11:26:04.016 6937 6937 D wpa_supplicant: nl80211: Register frame type=0xd0 (WLAN_FC_STYPE_ACTION) nl_handle=0xb68362e0 match=090b
08-10 11:26:04.016 6937 6937 D wpa_supplicant: nl80211: Register frame type=0xd0 (WLAN_FC_STYPE_ACTION) nl_handle=0xb68362e0 match=090c
08-10 11:26:04.016 6937 6937 D wpa_supplicant: nl80211: Register frame type=0xd0 (WLAN_FC_STYPE_ACTION) nl_handle=0xb68362e0 match=090d
08-10 11:26:04.016 6937 6937 D wpa_supplicant: nl80211: Register frame type=0xd0 (WLAN_FC_STYPE_ACTION) nl_handle=0xb68362e0 match=0409506f9a09
08-10 11:26:04.016 6937 6937 D wpa_supplicant: nl80211: Register frame type=0xd0 (WLAN_FC_STYPE_ACTION) nl_handle=0xb68362e0 match=7f506f9a09
08-10 11:26:04.016 6937 6937 D wpa_supplicant: nl80211: Register frame type=0xd0 (WLAN_FC_STYPE_ACTION) nl_handle=0xb68362e0 match=0801
08-10 11:26:04.016 6937 6937 D wpa_supplicant: nl80211: Register frame type=0xd0 (WLAN_FC_STYPE_ACTION) nl_handle=0xb68362e0 match=06
08-10 11:26:04.016 6937 6937 D wpa_supplicant: nl80211: Register frame type=0xd0 (WLAN_FC_STYPE_ACTION) nl_handle=0xb68362e0 match=0a07
08-10 11:26:04.016 6937 6937 D wpa_supplicant: nl80211: Register frame type=0xd0 (WLAN_FC_STYPE_ACTION) nl_handle=0xb68362e0 match=0a11
08-10 11:26:04.016 6937 6937 D wpa_supplicant: nl80211: Register frame type=0xd0 (WLAN_FC_STYPE_ACTION) nl_handle=0xb68362e0 match=0a1a
08-10 11:26:04.043 6937 6937 D wpa_supplicant: netlink: Operstate: ifindex=6 linkmode=1 (userspace-control), operstate=5 (IF_OPER_DORMANT)
08-10 11:26:04.043 6937 6937 D wpa_supplicant: nl80211: driver param='(null)'
08-10 11:26:04.043 6937 6937 D wpa_supplicant: Add interface wlan0 to a new radio phy1
08-10 11:26:04.043 6937 6937 D wpa_supplicant: nl80211: Regulatory information - country=00
08-10 11:26:04.043 6937 6937 D wpa_supplicant: nl80211: 2402-2472 @ 40 MHz 20 mBm
08-10 11:26:04.043 6937 6937 D wpa_supplicant: nl80211: 2457-2482 @ 40 MHz 20 mBm (no IR)
08-10 11:26:04.043 6937 6937 D wpa_supplicant: nl80211: 2474-2494 @ 20 MHz 20 mBm (no OFDM) (no IR)
08-10 11:26:04.043 6937 6937 D wpa_supplicant: nl80211: 5170-5250 @ 160 MHz 20 mBm (no IR)
08-10 11:26:04.043 6937 6937 D wpa_supplicant: nl80211: 5250-5330 @ 160 MHz 20 mBm (DFS) (no IR)
08-10 11:26:04.043 6937 6937 D wpa_supplicant: nl80211: 5490-5730 @ 160 MHz 20 mBm (DFS) (no IR)
08-10 11:26:04.043 6937 6937 D wpa_supplicant: nl80211: 5735-5835 @ 80 MHz 20 mBm (no IR)
08-10 11:26:04.043 6937 6937 D wpa_supplicant: nl80211: 57240-63720 @ 2160 MHz 0 mBm
08-10 11:26:04.043 6937 6937 D wpa_supplicant: nl80211: Added 802.11b mode based on 802.11g information
08-10 11:26:04.049 6937 6937 D wpa_supplicant: wlan0: Own MAC address: 00:02:72:4a:d4:4f
08-10 11:26:04.049 6937 6937 D wpa_supplicant: wpa_driver_nl80211_set_key: ifindex=6 (wlan0) alg=0 addr=0x0 key_idx=0 set_tx=0 seq_len=0 key_len=0
08-10 11:26:04.049 6937 6937 D wpa_supplicant: wpa_driver_nl80211_set_key: ifindex=6 (wlan0) alg=0 addr=0x0 key_idx=1 set_tx=0 seq_len=0 key_len=0
08-10 11:26:04.049 6937 6937 D wpa_supplicant: wpa_driver_nl80211_set_key: ifindex=6 (wlan0) alg=0 addr=0x0 key_idx=2 set_tx=0 seq_len=0 key_len=0
08-10 11:26:04.049 6937 6937 D wpa_supplicant: wpa_driver_nl80211_set_key: ifindex=6 (wlan0) alg=0 addr=0x0 key_idx=3 set_tx=0 seq_len=0 key_len=0
08-10 11:26:04.049 6937 6937 D wpa_supplicant: wpa_driver_nl80211_set_key: ifindex=6 (wlan0) alg=0 addr=0x0 key_idx=4 set_tx=0 seq_len=0 key_len=0
08-10 11:26:04.049 6937 6937 D wpa_supplicant: wpa_driver_nl80211_set_key: ifindex=6 (wlan0) alg=0 addr=0x0 key_idx=5 set_tx=0 seq_len=0 key_len=0
08-10 11:26:04.049 6937 6937 D wpa_supplicant: wlan0: RSN: flushing PMKID list in the driver
08-10 11:26:04.049 6937 6937 D wpa_supplicant: nl80211: Flush PMKIDs
08-10 11:26:04.049 6937 6937 D wpa_supplicant: wlan0: Setting scan request: 0.100000 sec
08-10 11:26:04.061 6937 6937 D wpa_supplicant: TDLS: TDLS operation not supported by driver
08-10 11:26:04.061 6937 6937 D wpa_supplicant: TDLS: Driver uses internal link setup
08-10 11:26:04.061 6937 6937 D wpa_supplicant: wlan0: WPS: UUID based on MAC address: ce9d4ab7-d3aa-5f09-b5c7-32fd4ff7cd3d
08-10 11:26:04.062 6937 6937 D wpa_supplicant: EAPOL: SUPP_PAE entering state DISCONNECTED
08-10 11:26:04.062 6937 6937 D wpa_supplicant: EAPOL: Supplicant port status: Unauthorized
08-10 11:26:04.062 6937 6937 D wpa_supplicant: nl80211: Skip set_supp_port(unauthorized) while not associated
08-10 11:26:04.062 6937 6937 D wpa_supplicant: EAPOL: KEY_RX entering state NO_KEY_RECEIVE
08-10 11:26:04.062 6937 6937 D wpa_supplicant: EAPOL: SUPP_BE entering state INITIALIZE
08-10 11:26:04.062 6937 6937 D wpa_supplicant: EAP: EAP entering state DISABLED
08-10 11:26:04.062 6937 6937 D wpa_supplicant: Using existing control interface directory.
08-10 11:26:04.062 6937 6937 D wpa_supplicant: wlan0: Added interface wlan0
08-10 11:26:04.063 6937 6937 D wpa_supplicant: wlan0: State: DISCONNECTED -> DISCONNECTED
08-10 11:26:04.063 6937 6937 D wpa_supplicant: nl80211: Set wlan0 operstate 0->0 (DORMANT)
08-10 11:26:04.063 6937 6937 D wpa_supplicant: netlink: Operstate: ifindex=6 linkmode=-1 (no change), operstate=5 (IF_OPER_DORMANT)
08-10 11:26:04.063 6937 6937 D wpa_supplicant: random: Got 20/20 bytes from /dev/random
08-10 11:26:04.063 6937 6937 D wpa_supplicant: Get randomness: len=20 entropy=0
08-10 11:26:04.063 6937 6937 D wpa_supplicant: random from os_get_random - hexdump(len=20): [REMOVED]
08-10 11:26:04.063 6937 6937 D wpa_supplicant: random_mix_pool - hexdump(len=20): [REMOVED]
08-10 11:26:04.063 6937 6937 D wpa_supplicant: random from internal pool - hexdump(len=16): [REMOVED]
08-10 11:26:04.063 6937 6937 D wpa_supplicant: random_mix_pool - hexdump(len=20): [REMOVED]
08-10 11:26:04.063 6937 6937 D wpa_supplicant: random from internal pool - hexdump(len=16): [REMOVED]
08-10 11:26:04.063 6937 6937 D wpa_supplicant: mixed random - hexdump(len=20): [REMOVED]
08-10 11:26:04.063 6937 6937 D wpa_supplicant: random: Updated entropy file /data/misc/wifi/entropy.bin (own_pool_ready=2)
08-10 11:26:04.063 6937 6937 D wpa_supplicant: RTM_NEWLINK: ifi_index=6 ifname=wlan0 operstate=2 linkmode=1 ifi_family=0 ifi_flags=0x1003 ([UP])
08-10 11:26:04.150 6937 6937 D wpa_supplicant: wlan0: State: DISCONNECTED -> SCANNING
08-10 11:26:04.150 6937 6937 D wpa_supplicant: wlan0: Starting AP scan for wildcard SSID
08-10 11:26:04.150 6937 6937 D wpa_supplicant: wlan0: Add radio work 'scan'@0xb6836430
08-10 11:26:04.150 6937 6937 D wpa_supplicant: wlan0: First radio work item in the queue - schedule start immediately
08-10 11:26:04.150 6937 6937 D wpa_supplicant: wlan0: Starting radio work 'scan'@0xb6836430 after 0.000008 second wait
08-10 11:26:04.150 6937 6937 D wpa_supplicant: wlan0: nl80211: scan request
08-10 11:26:04.150 6937 6937 D wpa_supplicant: nl80211: Scan SSID - hexdump(len=0): [NULL]
08-10 11:26:04.160 6937 6937 D wpa_supplicant: Scan requested (ret=0) - scan timeout 10 seconds
08-10 11:26:04.160 6937 6937 D wpa_supplicant: nl80211: Event message available
08-10 11:26:04.160 6937 6937 D wpa_supplicant: nl80211: Drv Event 33 (NL80211_CMD_TRIGGER_SCAN) received for wlan0
08-10 11:26:04.160 6937 6937 D wpa_supplicant: wlan0: nl80211: Scan trigger
08-10 11:26:04.160 6937 6937 D wpa_supplicant: wlan0: Event SCAN_STARTED (49) received
08-10 11:26:04.160 6937 6937 D wpa_supplicant: wlan0: Own scan request started a scan in 0.000024 seconds
08-10 11:26:04.362 6902 6902 I dex2oat : dex2oat took 613.088ms (threads: 4) arena alloc=0B java alloc=14MB native alloc=1138KB free=10MB
08-10 11:26:04.365 6855 6855 I ActivityThread: Switching default density from 160 to 240
08-10 11:26:04.380 6548 6568 I ActivityManager: Start proc 6938:android.process.media/u0a5 for broadcast com.android.providers.media/.MediaScannerReceiver
08-10 11:26:04.380 6548 6659 D WifiMonitor: startMonitoring(wlan0) with mConnected = false
08-10 11:26:04.380 6937 6937 D wpa_supplicant: CTRL_IFACE monitor attached /data/misc/wifi/sockets/wpa_ctrl_6548-2\x00
08-10 11:26:04.382 6315 6315 I art : Explicit concurrent mark sweep GC freed 706(30KB) AllocSpace objects, 0(0B) LOS objects, 39% free, 1918KB/3MB, paused 56us total 2.866ms
08-10 11:26:04.385 6315 6315 I art : Explicit concurrent mark sweep GC freed 5(160B) AllocSpace objects, 0(0B) LOS objects, 39% free, 1918KB/3MB, paused 36us total 2.487ms
08-10 11:26:04.388 6315 6315 I art : Explicit concurrent mark sweep GC freed 5(160B) AllocSpace objects, 0(0B) LOS objects, 39% free, 1918KB/3MB, paused 54us total 2.596ms
08-10 11:26:04.403 6548 6548 I ActivityManager: Start proc 6958:com.android.inputmethod.latin/u0a49 for service com.android.inputmethod.latin/.LatinIME
08-10 11:26:04.403 6548 6548 V InputMethodManagerService: Adding window token: android.os.Binder@27719185
08-10 11:26:04.403 6548 6568 V FingerprintService: startListening(android.service.fingerprint.IFingerprintServiceReceiver$Stub$Proxy@378fabda)
08-10 11:26:04.403 6548 6884 I PackageManager: Running dexopt on: /system/priv-app/GoogleServicesFramework/GoogleServicesFramework.apk pkg=com.google.android.gsf isa=x86 vmSafeMode=false
08-10 11:26:04.404 6548 6548 D gps_serial: GPS dev open_gps
08-10 11:26:04.404 6548 6548 D gps_serial: GPS dev get_hardware_interface
08-10 11:26:04.408 6969 6969 I dex2oat : /system/bin/dex2oat --zip-fd=5 --zip-location=/system/priv-app/GoogleServicesFramework/GoogleServicesFramework.apk --oat-fd=6 --oat-location=/data/dalvik-cache/x86/system@priv-app@GoogleServicesFramework@GoogleServicesFramework.apk@classes.dex --instruction-set=x86 --instruction-set-features=default --runtime-arg -Xms64m --runtime-arg -Xmx512m --compiler-filter=interpret-only --swap-fd=7
08-10 11:26:04.427 6969 6969 I dex2oat : Decided to run without swap.
08-10 11:26:04.487 6969 6969 I dex2oat : dex2oat took 79.730ms (threads: 4) arena alloc=0B java alloc=1644KB native alloc=438KB free=7MB
08-10 11:26:04.488 6548 6884 I PackageManager: Running dexopt on: /system/app/GoogleContactsSyncAdapter/GoogleContactsSyncAdapter.apk pkg=com.google.android.syncadapters.contacts isa=x86 vmSafeMode=false
08-10 11:26:04.492 6981 6981 I dex2oat : /system/bin/dex2oat --zip-fd=5 --zip-location=/system/app/GoogleContactsSyncAdapter/GoogleContactsSyncAdapter.apk --oat-fd=6 --oat-location=/data/dalvik-cache/x86/system@app@GoogleContactsSyncAdapter@GoogleContactsSyncAdapter.apk@classes.dex --instruction-set=x86 --instruction-set-features=default --runtime-arg -Xms64m --runtime-arg -Xmx512m --compiler-filter=interpret-only --swap-fd=7
08-10 11:26:04.501 6981 6981 I dex2oat : Decided to run without swap.
08-10 11:26:04.533 6981 6981 I dex2oat : dex2oat took 40.864ms (threads: 4) arena alloc=0B java alloc=566KB native alloc=414KB free=7MB
08-10 11:26:04.534 6937 6937 D wpa_supplicant: wlan0: Control interface command 'DRIVER MACADDR'
08-10 11:26:04.534 6937 6937 D wpa_supplicant: wlan0: Control interface command 'SET update_config 1'
08-10 11:26:04.534 6937 6937 D wpa_supplicant: CTRL_IFACE SET 'update_config'='1'
08-10 11:26:04.534 6937 6937 D wpa_supplicant: update_config=1
08-10 11:26:04.534 6548 6717 I art : DexFile_isDexOptNeeded file /system/priv-app/MediaProvider/x86/MediaProvider.odex needs to be relocated for /system/priv-app/MediaProvider/MediaProvider.apk
08-10 11:26:04.534 6548 6717 I PackageManager: Running patchoat on: com.android.providers.media
08-10 11:26:04.534 6548 6659 D WifiConfigStore: Loading config and enabling all networks
08-10 11:26:04.534 6937 6937 D wpa_supplicant: wlan0: Control interface command 'LIST_NETWORKS LAST_ID=-1'
08-10 11:26:04.534 6937 6937 D wpa_supplicant: wlan0: Control interface command 'GET_NETWORK 0 ssid'
08-10 11:26:04.534 6937 6937 D wpa_supplicant: CTRL_IFACE: GET_NETWORK id=0 name='ssid'
08-10 11:26:04.534 6937 6937 D wpa_supplicant: wlan0: Control interface command 'GET_NETWORK 0 bssid'
08-10 11:26:04.534 6937 6937 D wpa_supplicant: CTRL_IFACE: GET_NETWORK id=0 name='bssid'
08-10 11:26:04.534 6937 6937 D wpa_supplicant: CTRL_IFACE: Failed to get network variable 'bssid'
08-10 11:26:04.534 6986 6986 E installd: Running /system/bin/patchoat isa=x86 in-fd=5 (/system/priv-app/MediaProvider/x86/MediaProvider.odex) out-fd=6 (/data/dalvik-cache/x86/system@priv-app@MediaProvider@MediaProvider.apk@classes.dex)
08-10 11:26:04.534 6937 6937 D wpa_supplicant: wlan0: Control interface command 'GET_NETWORK 0 priority'
08-10 11:26:04.534 6937 6937 D wpa_supplicant: CTRL_IFACE: GET_NETWORK id=0 name='priority'
08-10 11:26:04.534 6937 6937 D wpa_supplicant: wlan0: Control interface command 'GET_NETWORK 0 scan_ssid'
08-10 11:26:04.534 6937 6937 D wpa_supplicant: CTRL_IFACE: GET_NETWORK id=0 name='scan_ssid'
08-10 11:26:04.534 6937 6937 D wpa_supplicant: wlan0: Control interface command 'GET_NETWORK 0 wep_tx_keyidx'
08-10 11:26:04.535 6937 6937 D wpa_supplicant: CTRL_IFACE: GET_NETWORK id=0 name='wep_tx_keyidx'
08-10 11:26:04.535 6937 6937 D wpa_supplicant: wlan0: Control interface command 'GET_NETWORK 0 wep_key0'
08-10 11:26:04.535 6937 6937 D wpa_supplicant: CTRL_IFACE: GET_NETWORK id=0 name='wep_key0'
08-10 11:26:04.535 6937 6937 D wpa_supplicant: CTRL_IFACE: Failed to get network variable 'wep_key0'
08-10 11:26:04.535 6937 6937 D wpa_supplicant: wlan0: Control interface command 'GET_NETWORK 0 wep_key1'
08-10 11:26:04.535 6937 6937 D wpa_supplicant: CTRL_IFACE: GET_NETWORK id=0 name='wep_key1'
08-10 11:26:04.535 6937 6937 D wpa_supplicant: CTRL_IFACE: Failed to get network variable 'wep_key1'
08-10 11:26:04.535 6892 6892 I ActivityThread: Switching default density from 160 to 240
08-10 11:26:04.535 6937 6937 D wpa_supplicant: wlan0: Control interface command 'GET_NETWORK 0 wep_key2'
08-10 11:26:04.535 6937 6937 D wpa_supplicant: CTRL_IFACE: GET_NETWORK id=0 name='wep_key2'
08-10 11:26:04.535 6937 6937 D wpa_supplicant: CTRL_IFACE: Failed to get network variable 'wep_key2'
08-10 11:26:04.535 6937 6937 D wpa_supplicant: wlan0: Control interface command 'GET_NETWORK 0 wep_key3'
08-10 11:26:04.535 6937 6937 D wpa_supplicant: CTRL_IFACE: GET_NETWORK id=0 name='wep_key3'
08-10 11:26:04.535 6937 6937 D wpa_supplicant: CTRL_IFACE: Failed to get network variable 'wep_key3'
08-10 11:26:04.535 6937 6937 D wpa_supplicant: wlan0: Control interface command 'GET_NETWORK 0 psk'
08-10 11:26:04.535 6937 6937 D wpa_supplicant: CTRL_IFACE: GET_NETWORK id=0 name='psk'
08-10 11:26:04.535 6937 6937 D wpa_supplicant: Do not allow key_data field to be exposed
08-10 11:26:04.535 6937 6937 D wpa_supplicant: wlan0: Control interface command 'GET_NETWORK 0 proto'
08-10 11:26:04.535 6937 6937 D wpa_supplicant: CTRL_IFACE: GET_NETWORK id=0 name='proto'
08-10 11:26:04.535 6937 6937 D wpa_supplicant: wlan0: Control interface command 'GET_NETWORK 0 key_mgmt'
08-10 11:26:04.535 6937 6937 D wpa_supplicant: CTRL_IFACE: GET_NETWORK id=0 name='key_mgmt'
08-10 11:26:04.535 6937 6937 D wpa_supplicant: wlan0: Control interface command 'GET_NETWORK 0 auth_alg'
08-10 11:26:04.535 6937 6937 D wpa_supplicant: CTRL_IFACE: GET_NETWORK id=0 name='auth_alg'
08-10 11:26:04.535 6937 6937 D wpa_supplicant: CTRL_IFACE: Failed to get network variable 'auth_alg'
08-10 11:26:04.535 6937 6937 D wpa_supplicant: wlan0: Control interface command 'GET_NETWORK 0 pairwise'
08-10 11:26:04.535 6937 6937 D wpa_supplicant: CTRL_IFACE: GET_NETWORK id=0 name='pairwise'
08-10 11:26:04.535 6937 6937 D wpa_supplicant: wlan0: Control interface command 'GET_NETWORK 0 group'
08-10 11:26:04.535 6937 6937 D wpa_supplicant: CTRL_IFACE: GET_NETWORK id=0 name='group'
08-10 11:26:04.535 6937 6937 D wpa_supplicant: wlan0: Control interface command 'GET_NETWORK 0 eap'
08-10 11:26:04.535 6937 6937 D wpa_supplicant: CTRL_IFACE: GET_NETWORK id=0 name='eap'
08-10 11:26:04.535 6937 6937 D wpa_supplicant: CTRL_IFACE: Failed to get network variable 'eap'
08-10 11:26:04.535 6937 6937 D wpa_supplicant: wlan0: Control interface command 'GET_NETWORK 0 phase2'
08-10 11:26:04.535 6937 6937 D wpa_supplicant: CTRL_IFACE: GET_NETWORK id=0 name='phase2'
08-10 11:26:04.535 6937 6937 D wpa_supplicant: CTRL_IFACE: Failed to get network variable 'phase2'
08-10 11:26:04.535 6937 6937 D wpa_supplicant: wlan0: Control interface command 'GET_NETWORK 0 identity'
08-10 11:26:04.535 6937 6937 D wpa_supplicant: CTRL_IFACE: GET_NETWORK id=0 name='identity'
08-10 11:26:04.535 6937 6937 D wpa_supplicant: CTRL_IFACE: Failed to get network variable 'identity'
08-10 11:26:04.535 6937 6937 D wpa_supplicant: wlan0: Control interface command 'GET_NETWORK 0 anonymous_identity'
08-10 11:26:04.535 6937 6937 D wpa_supplicant: CTRL_IFACE: GET_NETWORK id=0 name='anonymous_identity'
08-10 11:26:04.535 6937 6937 D wpa_supplicant: CTRL_IFACE: Failed to get network variable 'anonymous_identity'
08-10 11:26:04.535 6937 6937 D wpa_supplicant: wlan0: Control interface command 'GET_NETWORK 0 password'
08-10 11:26:04.535 6937 6937 D wpa_supplicant: CTRL_IFACE: GET_NETWORK id=0 name='password'
08-10 11:26:04.535 6937 6937 D wpa_supplicant: CTRL_IFACE: Failed to get network variable 'password'
08-10 11:26:04.535 6937 6937 D wpa_supplicant: wlan0: Control interface command 'GET_NETWORK 0 client_cert'
08-10 11:26:04.535 6937 6937 D wpa_supplicant: CTRL_IFACE: GET_NETWORK id=0 name='client_cert'
08-10 11:26:04.535 6937 6937 D wpa_supplicant: CTRL_IFACE: Failed to get network variable 'client_cert'
08-10 11:26:04.535 6937 6937 D wpa_supplicant: wlan0: Control interface command 'GET_NETWORK 0 ca_cert'
08-10 11:26:04.535 6937 6937 D wpa_supplicant: CTRL_IFACE: GET_NETWORK id=0 name='ca_cert'
08-10 11:26:04.535 6937 6937 D wpa_supplicant: CTRL_IFACE: Failed to get network variable 'ca_cert'
08-10 11:26:04.535 6937 6937 D wpa_supplicant: wlan0: Control interface command 'GET_NETWORK 0 subject_match'
08-10 11:26:04.535 6937 6937 D wpa_supplicant: CTRL_IFACE: GET_NETWORK id=0 name='subject_match'
08-10 11:26:04.535 6937 6937 D wpa_supplicant: CTRL_IFACE: Failed to get network variable 'subject_match'
08-10 11:26:04.535 6937 6937 D wpa_supplicant: wlan0: Control interface command 'GET_NETWORK 0 engine'
08-10 11:26:04.535 6937 6937 D wpa_supplicant: CTRL_IFACE: GET_NETWORK id=0 name='engine'
08-10 11:26:04.535 6937 6937 D wpa_supplicant: wlan0: Control interface command 'GET_NETWORK 0 engine_id'
08-10 11:26:04.535 6937 6937 D wpa_supplicant: CTRL_IFACE: GET_NETWORK id=0 name='engine_id'
08-10 11:26:04.535 6937 6937 D wpa_supplicant: CTRL_IFACE: Failed to get network variable 'engine_id'
08-10 11:26:04.535 6937 6937 D wpa_supplicant: wlan0: Control interface command 'GET_NETWORK 0 key_id'
08-10 11:26:04.535 6937 6937 D wpa_supplicant: CTRL_IFACE: GET_NETWORK id=0 name='key_id'
08-10 11:26:04.535 6937 6937 D wpa_supplicant: CTRL_IFACE: Failed to get network variable 'key_id'
08-10 11:26:04.535 6937 6937 D wpa_supplicant: wlan0: Control interface command 'GET_NETWORK 0 private_key'
08-10 11:26:04.535 6937 6937 D wpa_supplicant: CTRL_IFACE: GET_NETWORK id=0 name='private_key'
08-10 11:26:04.535 6937 6937 D wpa_supplicant: CTRL_IFACE: Failed to get network variable 'private_key'
08-10 11:26:04.535 6937 6937 D wpa_supplicant: wlan0: Control interface command 'LIST_NETWORKS LAST_ID=0'
08-10 11:26:04.536 6892 6892 I GservicesProvider: Gservices pushing to system: true; secure/global: true
08-10 11:26:04.538 6548 6717 I art : DexFile_isDexOptNeeded file /system/priv-app/DownloadProvider/x86/DownloadProvider.odex needs to be relocated for /system/priv-app/DownloadProvider/DownloadProvider.apk
08-10 11:26:04.538 6548 6717 I PackageManager: Running patchoat on: com.android.providers.downloads
08-10 11:26:04.538 6987 6987 E installd: Running /system/bin/patchoat isa=x86 in-fd=5 (/system/priv-app/DownloadProvider/x86/DownloadProvider.odex) out-fd=6 (/data/dalvik-cache/x86/system@priv-app@DownloadProvider@DownloadProvider.apk@classes.dex)
08-10 11:26:04.542 6548 6918 I art : DexFile_isDexOptNeeded file /system/app/LatinIME/x86/LatinIME.odex needs to be relocated for /system/app/LatinIME/LatinIME.apk
08-10 11:26:04.542 6548 6918 I PackageManager: Running patchoat on: com.android.inputmethod.latin
08-10 11:26:04.542 6548 6548 D GpsLocationProvider: Reset GPS properties, previous size = 0
08-10 11:26:04.542 6548 6548 D GpsLocationProvider: GpsParamsResource: SUPL_HOST=supl.google.com
08-10 11:26:04.542 6548 6548 D GpsLocationProvider: GpsParamsResource: SUPL_PORT=7275
08-10 11:26:04.542 6548 6548 D GpsLocationProvider: GpsParamsResource: NTP_SERVER=north-america.pool.ntp.org
08-10 11:26:04.542 6548 6548 D GpsLocationProvider: GpsParamsResource: SUPL_VER=0x20000
08-10 11:26:04.542 6548 6548 D GpsLocationProvider: GpsParamsResource: SUPL_MODE=1
08-10 11:26:04.542 6548 6548 D GpsLocationProvider: GPS properties reloaded, size = 8
08-10 11:26:04.542 6548 6548 E GpsLocationProvider: no AGPS interface in set_agps_server
08-10 11:26:04.542 6548 6548 E GpsLocationProvider: no GPS configuration interface in configuraiton_update
08-10 11:26:04.542 6548 6548 D GpsLocationProvider: final config = #Mon Aug 10 11:26:04 GMT+02:00 2015
08-10 11:26:04.542 6548 6548 D GpsLocationProvider: SUPL_VER=0x20000
08-10 11:26:04.542 6548 6548 D GpsLocationProvider: SUPL_HOST=supl.google.com
08-10 11:26:04.542 6548 6548 D GpsLocationProvider: XTRA_SERVER_3=http\://xtra3.gpsonextra.net/xtra.bin
08-10 11:26:04.542 6548 6548 D GpsLocationProvider: XTRA_SERVER_1=http\://xtra1.gpsonextra.net/xtra.bin
08-10 11:26:04.542 6548 6548 D GpsLocationProvider: SUPL_PORT=7275
08-10 11:26:04.542 6548 6548 D GpsLocationProvider: XTRA_SERVER_2=http\://xtra2.gpsonextra.net/xtra.bin
08-10 11:26:04.542 6548 6548 D GpsLocationProvider: NTP_SERVER=north-america.pool.ntp.org
08-10 11:26:04.542 6548 6548 D GpsLocationProvider: SUPL_MODE=1
08-10 11:26:04.543 6938 6938 I ActivityThread: Switching default density from 160 to 240
08-10 11:26:04.543 6988 6988 E installd: Running /system/bin/patchoat isa=x86 in-fd=5 (/system/app/LatinIME/x86/LatinIME.odex) out-fd=6 (/data/dalvik-cache/x86/system@app@LatinIME@LatinIME.apk@classes.dex)
08-10 11:26:04.546 6317 6317 D NuPlayerDriver: start(0xb584eca0)
08-10 11:26:04.546 6317 6991 I GenericSource: start
08-10 11:26:04.548 6317 6317 D NuPlayerDriver: reset(0xb584eca0)
08-10 11:26:04.549 6317 6991 D NuPlayerDriver: notifyResetComplete(0xb584eca0)
08-10 11:26:04.551 6937 6937 D wpa_supplicant: wlan0: Control interface command 'SET device_name android_x86'
08-10 11:26:04.551 6937 6937 D wpa_supplicant: CTRL_IFACE SET 'device_name'='android_x86'
08-10 11:26:04.551 6937 6937 D wpa_supplicant: device_name='android_x86'
08-10 11:26:04.552 6937 6937 D wpa_supplicant: wlan0: Control interface command 'SET manufacturer To Be Filled By O.E.M.'
08-10 11:26:04.552 6937 6937 D wpa_supplicant: CTRL_IFACE SET 'manufacturer'='To Be Filled By O.E.M.'
08-10 11:26:04.552 6937 6937 D wpa_supplicant: manufacturer='To Be Filled By O.E.M.'
08-10 11:26:04.552 6937 6937 D wpa_supplicant: wlan0: Control interface command 'SET model_name To Be Filled By O.E.M.'
08-10 11:26:04.552 6937 6937 D wpa_supplicant: CTRL_IFACE SET 'model_name'='To Be Filled By O.E.M.'
08-10 11:26:04.552 6937 6937 D wpa_supplicant: model_name='To Be Filled By O.E.M.'
08-10 11:26:04.552 6317 6654 D NuPlayerDriver: start(0xb5028040)
08-10 11:26:04.552 6937 6937 D wpa_supplicant: wlan0: Control interface command 'SET model_number To Be Filled By O.E.M.'
08-10 11:26:04.552 6937 6937 D wpa_supplicant: CTRL_IFACE SET 'model_number'='To Be Filled By O.E.M.'
08-10 11:26:04.552 6937 6937 D wpa_supplicant: model_number='To Be Filled By O.E.M.'
08-10 11:26:04.552 6317 6999 I GenericSource: start
08-10 11:26:04.552 6937 6937 D wpa_supplicant: wlan0: Control interface command 'SET serial_number '
08-10 11:26:04.552 6937 6937 D wpa_supplicant: CTRL_IFACE SET 'serial_number'=''
08-10 11:26:04.552 6937 6937 D wpa_supplicant: serial_number=''
08-10 11:26:04.552 6937 6937 D wpa_supplicant: wlan0: Control interface command 'SET config_methods physical_display virtual_push_button'
08-10 11:26:04.552 6937 6937 D wpa_supplicant: CTRL_IFACE SET 'config_methods'='physical_display virtual_push_button'
08-10 11:26:04.552 6937 6937 D wpa_supplicant: config_methods='physical_display virtual_push_button'
08-10 11:26:04.552 6937 6937 D wpa_supplicant: wlan0: Control interface command 'SET device_type 10-0050F204-5'
08-10 11:26:04.552 6937 6937 D wpa_supplicant: CTRL_IFACE SET 'device_type'='10-0050F204-5'
08-10 11:26:04.552 6937 6937 D wpa_supplicant: wlan0: Control interface command 'SCAN_INTERVAL 15'
08-10 11:26:04.552 6937 6937 D wpa_supplicant: wlan0: Setting scan interval: 15 sec
08-10 11:26:04.552 6548 6659 D WifiNative-HAL: Setting external_sim to 1
08-10 11:26:04.552 6937 6937 D wpa_supplicant: wlan0: Control interface command 'SET external_sim 1'
08-10 11:26:04.552 6937 6937 D wpa_supplicant: CTRL_IFACE SET 'external_sim'='1'
08-10 11:26:04.552 6937 6937 D wpa_supplicant: external_sim=1
08-10 11:26:04.552 6548 6659 D WifiStateMachine: Setting OUI to DA-A1-19
08-10 11:26:04.552 6548 6659 I WifiNative-HAL: startHal
08-10 11:26:04.552 6548 6659 E wifi : getStaticLongField sWifiHalHandle 0x9fd5e89c
08-10 11:26:04.552 6548 6659 D wifi : halHandle = 0x0, mVM = 0xb3c4d280, mCls = 0x100d82
08-10 11:26:04.552 6548 6659 I WifiNative-HAL: Could not start hal
08-10 11:26:04.552 6937 6937 D wpa_supplicant: wlan0: Control interface command 'STA_AUTOCONNECT 0'
08-10 11:26:04.552 6937 6937 D wpa_supplicant: wlan0: Control interface command 'DRIVER BTCOEXSCAN-STOP'
08-10 11:26:04.553 6937 6937 D wpa_supplicant: wlan0: Control interface command 'DRIVER RXFILTER-STOP'
08-10 11:26:04.553 6937 6937 D wpa_supplicant: wlan0: Control interface command 'DRIVER RXFILTER-ADD 3'
08-10 11:26:04.553 6937 6937 D wpa_supplicant: wlan0: Control interface command 'DRIVER RXFILTER-START'
08-10 11:26:04.553 6937 6937 D wpa_supplicant: wlan0: Control interface command 'DRIVER RXFILTER-STOP'
08-10 11:26:04.553 6937 6937 D wpa_supplicant: wlan0: Control interface command 'DRIVER RXFILTER-REMOVE 2'
08-10 11:26:04.553 6937 6937 D wpa_supplicant: wlan0: Control interface command 'DRIVER RXFILTER-START'
08-10 11:26:04.553 6937 6937 D wpa_supplicant: wlan0: Control interface command 'STATUS'
08-10 11:26:04.553 6937 6937 D wpa_supplicant: CTRL_IFACE monitor sent successfully to /data/misc/wifi/sockets/wpa_ctrl_6548-2\x00
08-10 11:26:04.553 6548 6659 I WifiNative-HAL: startHal
08-10 11:26:04.553 6548 6659 E WifiStateMachine: cancelDelayedScan -> 1
08-10 11:26:04.553 6937 6937 D wpa_supplicant: wlan0: Control interface command 'SET ps 1'
08-10 11:26:04.553 6937 6937 D wpa_supplicant: CTRL_IFACE SET 'ps'='1'
08-10 11:26:04.553 6937 6937 D wpa_supplicant: nl80211: set_p2p_powersave (legacy_ps=1 opp_ps=-1 ctwindow=-1)
08-10 11:26:04.554 6548 6548 W LocationProviderProxy-network: com.google.android.gms resolves service com.android.location.service.v3.NetworkLocationProvider, but has wrong signature, ignoring
08-10 11:26:04.554 6937 6937 D wpa_supplicant: wlan0: Control interface command 'DRIVER SETBAND 0'
08-10 11:26:04.554 6548 6548 W LocationManagerService: no network location provider found
08-10 11:26:04.554 6548 6548 W LocationProviderProxy-fused: com.google.android.gms resolves service com.android.location.service.FusedLocationProvider, but has wrong signature, ignoring
08-10 11:26:04.554 6937 6937 D wpa_supplicant: wlan0: Control interface command 'BSS_FLUSH 0'
08-10 11:26:04.554 6937 6937 D wpa_supplicant: wlan0: Control interface command 'SCAN TYPE=ONLY'
08-10 11:26:04.554 6937 6937 D wpa_supplicant: Ongoing scan action - reject new request
08-10 11:26:04.554 6548 6548 W GeocoderProxy: com.google.android.gms resolves service com.android.location.service.GeocodeProvider, but has wrong signature, ignoring
08-10 11:26:04.554 6548 6548 E LocationManagerService: no geocoder provider found
08-10 11:26:04.554 6548 6548 E FlpHardwareProvider: Error hw_get_module 'flp': -2
08-10 11:26:04.554 6548 6659 E native : do suspend false
08-10 11:26:04.554 6548 6548 E LocationManagerService: FLP HAL not supported
08-10 11:26:04.554 6937 6937 D wpa_supplicant: wlan0: Control interface command 'DRIVER SETSUSPENDMODE 0'
08-10 11:26:04.554 6937 6937 D wpa_supplicant: wlan0: Control interface command 'BLACKLIST clear'
08-10 11:26:04.555 6548 6548 W GeofenceProxy: com.google.android.gms resolves service com.android.location.service.GeofenceProvider, but has wrong signature, ignoring
08-10 11:26:04.555 6548 6548 E LocationManagerService: Unable to bind FLP Geofence proxy.
08-10 11:26:04.555 6548 6548 E ActivityRecognitionHardware: Error hw_get_module: -2
08-10 11:26:04.555 6548 6548 E LocationManagerService: Hardware Activity-Recognition not supported.
08-10 11:26:04.556 6548 6569 D gps_serial: serial_gps_init
08-10 11:26:04.556 6548 6569 D gps_serial: gps_state_init
08-10 11:26:04.556 6548 6569 D gps_serial: no kernel-provided gps device name
08-10 11:26:04.556 6548 6569 W GpsLocationProvider: Failed to enable location provider
08-10 11:26:04.558 6548 6548 I CommonTimeManagementService: No common time service detected on this platform. Common time services will be unavailable.
08-10 11:26:04.558 6548 6548 I MmsServiceBroker: Delay connecting to MmsService until an API is called
08-10 11:26:04.559 6548 6635 I InputReader: Reconfiguring input devices. changes=0x00000020
08-10 11:26:04.559 6892 6892 I GoogleHttpClient: GMS http client unavailable, use old client
08-10 11:26:04.560 6548 6635 I InputReader: Reconfiguring input devices. changes=0x00000010
08-10 11:26:04.560 6958 6958 I ActivityThread: Switching default density from 160 to 240
08-10 11:26:04.562 6892 6892 I GoogleHttpClient: GMS http client unavailable, use old client
08-10 11:26:04.565 6317 6654 D NuPlayerDriver: reset(0xb5028040)
08-10 11:26:04.566 6317 6999 D NuPlayerDriver: notifyResetComplete(0xb5028040)
08-10 11:26:04.570 6317 6666 D NuPlayerDriver: start(0xb584ef40)
08-10 11:26:04.570 6317 7021 I GenericSource: start
08-10 11:26:04.570 6548 6548 I ActivityManager: Start proc 7012:com.android.phone/1001 for added application com.android.phone
08-10 11:26:04.571 6548 6548 I ActivityManager: START u0 {act=android.intent.action.MAIN cat=[android.intent.category.HOME] flg=0x10000000 cmp=com.google.android.setupwizard/.SetupWizardActivity} from uid 0 on display 0
08-10 11:26:04.572 6317 6666 D NuPlayerDriver: reset(0xb584ef40)
08-10 11:26:04.573 6317 7021 D NuPlayerDriver: notifyResetComplete(0xb584ef40)
08-10 11:26:04.573 6548 6548 V WindowManager: addAppToken: AppWindowToken{19a03d16 token=Token{9a8f231 ActivityRecord{35db2ed8 u0 com.google.android.setupwizard/.SetupWizardActivity t1}}} to stack=0 task=1 at 0
08-10 11:26:04.588 6548 6548 I ActivityManager: Start proc 7037:com.google.android.setupwizard/u0a17 for activity com.google.android.setupwizard/.SetupWizardActivity
08-10 11:26:04.604 6548 6569 I ActivityManager: Start proc 7055:com.android.printspooler/u0a58 for service com.android.printspooler/.model.PrintSpoolerService
08-10 11:26:04.605 6548 6957 I art : DexFile_isDexOptNeeded file /system/priv-app/TelephonyProvider/x86/TelephonyProvider.odex needs to be relocated for /system/priv-app/TelephonyProvider/TelephonyProvider.apk
08-10 11:26:04.605 6548 6957 I PackageManager: Running patchoat on: com.android.providers.telephony
08-10 11:26:04.605 7066 7066 E installd: Running /system/bin/patchoat isa=x86 in-fd=5 (/system/priv-app/TelephonyProvider/x86/TelephonyProvider.odex) out-fd=6 (/data/dalvik-cache/x86/system@priv-app@TelephonyProvider@TelephonyProvider.apk@classes.dex)
08-10 11:26:04.608 6958 6958 I LatinIME: Hardware accelerated drawing: true
08-10 11:26:04.609 6548 6957 I art : DexFile_isDexOptNeeded file /system/priv-app/TeleService/x86/TeleService.odex needs to be relocated for /system/priv-app/TeleService/TeleService.apk
08-10 11:26:04.609 6548 6957 I PackageManager: Running patchoat on: com.android.phone
08-10 11:26:04.609 7075 7075 E installd: Running /system/bin/patchoat isa=x86 in-fd=5 (/system/priv-app/TeleService/x86/TeleService.odex) out-fd=6 (/data/dalvik-cache/x86/system@priv-app@TeleService@TeleService.apk@classes.dex)
08-10 11:26:04.616 6548 6567 I art : DexFile_isDexOptNeeded file /system/app/PrintSpooler/x86/PrintSpooler.odex needs to be relocated for /system/app/PrintSpooler/PrintSpooler.apk
08-10 11:26:04.616 6548 6567 I PackageManager: Running patchoat on: com.android.printspooler
08-10 11:26:04.616 7076 7076 E installd: Running /system/bin/patchoat isa=x86 in-fd=5 (/system/app/PrintSpooler/x86/PrintSpooler.odex) out-fd=6 (/data/dalvik-cache/x86/system@app@PrintSpooler@PrintSpooler.apk@classes.dex)
08-10 11:26:04.622 7012 7012 I ActivityThread: Switching default density from 160 to 240
08-10 11:26:04.624 6938 6938 E SQLiteLog: (283) recovered 39 frames from WAL file /data/data/com.android.providers.media/databases/external.db-wal
08-10 11:26:04.627 6548 6548 I ActivityThread: Switching default density from 160 to 240
08-10 11:26:04.627 6548 6548 V ActivityManager: Display changed displayId=0
08-10 11:26:04.627 6548 6548 V ActivityManager: Display changed displayId=0
08-10 11:26:04.628 6548 6548 D WifiScanningService: SCAN_AVAILABLE : 1
08-10 11:26:04.628 6548 6548 D RttService: SCAN_AVAILABLE : 1
08-10 11:26:04.628 6548 6671 D WifiScanningService: DefaultState got{ when=0 what=160007 target=com.android.internal.util.StateMachine$SmHandler }
08-10 11:26:04.628 6548 6672 D RttService: DefaultState got{ when=0 what=160513 target=com.android.internal.util.StateMachine$SmHandler }
08-10 11:26:04.629 6718 6718 D VolumeUI: Registering volume controller
08-10 11:26:04.629 7055 7055 I ActivityThread: Switching default density from 160 to 240
08-10 11:26:04.629 6548 6548 V ActivityManager: Display changed displayId=0
08-10 11:26:04.629 6548 6548 I Choreographer: Skipped 92 frames! The application may be doing too much work on its main thread.
08-10 11:26:04.632 7055 7055 I PrintSpoolerService: No existing print spooler state.
08-10 11:26:04.632 6938 6938 D MediaScannerReceiver: action: android.intent.action.MEDIA_UNMOUNTED path: /storage/usb0
08-10 11:26:04.632 7037 7037 I ActivityThread: Switching default density from 160 to 240
08-10 11:26:04.642 6548 6548 I Telecom : TelecomGlobals: TelecomGlobals initializing
08-10 11:26:04.645 6548 6567 I ActivityManager: Start proc 7084:com.google.process.location/u0a7 for broadcast com.google.android.gms/com.google.android.location.reporting.service.WifiStatusReceiver
08-10 11:26:04.661 6548 6918 I ActivityManager: Start proc 7106:com.google.android.gms/u0a7 for service com.google.android.gms/.ads.identifier.service.AdvertisingIdService
08-10 11:26:04.661 6548 7097 I PackageManager: Running dexopt on: /system/priv-app/PrebuiltGmsCore/PrebuiltGmsCore.apk pkg=com.google.android.gms isa=x86 vmSafeMode=false
08-10 11:26:04.662 6958 6958 W InputAttributes: No editor info for this field. Bug?
08-10 11:26:04.665 6958 7127 I LatinIME:LogUtils: Dictionary info: dictionary = PersonalizationDictionary.en_US ; version = 1439198764 ; date = ?
08-10 11:26:04.665 6958 7128 I LatinIME:LogUtils: Dictionary info: dictionary = userunigram.en_US ; version = 1439198764 ; date = ?
08-10 11:26:04.665 6958 7126 I LatinIME:LogUtils: Dictionary info: dictionary = UserHistoryDictionary.en_US ; version = 1439198764 ; date = ?
08-10 11:26:04.665 6958 7130 I LatinIME:LogUtils: Dictionary info: dictionary = ContextualDictionary.en_US ; version = 1439198764 ; date = ?
08-10 11:26:04.666 7121 7121 I dex2oat : /system/bin/dex2oat --zip-fd=5 --zip-location=/system/priv-app/PrebuiltGmsCore/PrebuiltGmsCore.apk --oat-fd=6 --oat-location=/data/dalvik-cache/x86/system@priv-app@PrebuiltGmsCore@PrebuiltGmsCore.apk@classes.dex --instruction-set=x86 --instruction-set-features=default --runtime-arg -Xms64m --runtime-arg -Xmx512m --compiler-filter=interpret-only --swap-fd=7
08-10 11:26:04.666 6958 7129 I LatinIME:LogUtils: Dictionary info: dictionary = contacts.en_US ; version = 1439198764 ; date = ?
08-10 11:26:04.965 7121 7121 I dex2oat : Accepted running with swap.
08-10 11:26:05.063 6937 6937 D wpa_supplicant: EAPOL: disable timer tick
08-10 11:26:05.274 6937 6937 D wpa_supplicant: RTM_NEWLINK: ifi_index=6 ifname=wlan0 wext ifi_family=0 ifi_flags=0x1003 ([UP])
08-10 11:26:05.274 6937 6937 D wpa_supplicant: nl80211: Event message available
08-10 11:26:05.274 6937 6937 D wpa_supplicant: nl80211: Drv Event 34 (NL80211_CMD_NEW_SCAN_RESULTS) received for wlan0
08-10 11:26:05.274 6937 6937 D wpa_supplicant: wlan0: nl80211: New scan results available
08-10 11:26:05.274 6937 6937 D wpa_supplicant: nl80211: Scan probed for SSID ''
08-10 11:26:05.274 6937 6937 D wpa_supplicant: nl80211: Scan included frequencies: 2412 2417 2422 2427 2432 2437 2442 2447 2452 2457 2462 2467 2472 2484
08-10 11:26:05.274 6937 6937 D wpa_supplicant: wlan0: Event SCAN_RESULTS (3) received
08-10 11:26:05.274 6937 6937 D wpa_supplicant: wlan0: Scan completed in 1.114643 seconds
08-10 11:26:05.274 6937 6937 D wpa_supplicant: nl80211: Received scan results (1 BSSes)
08-10 11:26:05.274 6937 6937 D wpa_supplicant: Sorted scan results
08-10 11:26:05.274 6937 6937 D wpa_supplicant: 9c:97:26:9d:de:fb freq=2442 qual=0 noise=0 level=58 flags=0x3 age=643
08-10 11:26:05.274 6937 6937 D wpa_supplicant: IEs - hexdump(len=318): 00 10 54 65 6c 65 63 6f 6d 2d 31 31 30 30 39 35 33 31 01 08 82 84 8b 96 24 30 48 6c 03 01 07 2a ...
08-10 11:26:05.274 6937 6937 D wpa_supplicant: Beacon IEs - hexdump(len=210): 00 10 54 65 6c 65 63 6f 6d 2d 31 31 30 30 39 35 33 31 01 08 82 84 8b 96 24 30 48 6c 03 01 07 05 ...
08-10 11:26:05.274 6937 6937 D wpa_supplicant: wlan0: BSS: Start scan result update 1
08-10 11:26:05.274 6937 6937 D wpa_supplicant: wlan0: BSS: Add new id 0 BSSID 9c:97:26:9d:de:fb SSID 'Telecom-11009531'
08-10 11:26:05.274 6937 6937 D wpa_supplicant: CTRL_IFACE monitor sent successfully to /data/misc/wifi/sockets/wpa_ctrl_6548-2\x00
08-10 11:26:05.274 6937 6937 D wpa_supplicant: BSS: last_scan_res_used=1/32
08-10 11:26:05.274 6937 6937 D wpa_supplicant: Add randomness: count=2 entropy=0
08-10 11:26:05.274 6937 6937 D wpa_supplicant: random pool - hexdump(len=128): [REMOVED]
08-10 11:26:05.274 6937 6937 D wpa_supplicant: random_mix_pool - hexdump(len=8): [REMOVED]
08-10 11:26:05.274 6937 6937 D wpa_supplicant: random_mix_pool - hexdump(len=5): [REMOVED]
08-10 11:26:05.274 6937 6937 D wpa_supplicant: random pool - hexdump(len=128): [REMOVED]
08-10 11:26:05.274 6937 6937 D wpa_supplicant: wlan0: Scan-only results received
08-10 11:26:05.274 6937 6937 D wpa_supplicant: CTRL_IFACE monitor sent successfully to /data/misc/wifi/sockets/wpa_ctrl_6548-2\x00
08-10 11:26:05.274 6937 6937 D wpa_supplicant: WPS: attr type=0x104a len=1
08-10 11:26:05.274 6937 6937 D wpa_supplicant: WPS: attr type=0x1044 len=1
08-10 11:26:05.274 6937 6937 D wpa_supplicant: WPS: attr type=0x103b len=1
08-10 11:26:05.274 6937 6937 D wpa_supplicant: WPS: attr type=0x1047 len=16
08-10 11:26:05.274 6937 6937 D wpa_supplicant: WPS: attr type=0x1021 len=11
08-10 11:26:05.274 6937 6937 D wpa_supplicant: WPS: attr type=0x1023 len=14
08-10 11:26:05.274 6937 6937 D wpa_supplicant: WPS: attr type=0x1024 len=5
08-10 11:26:05.274 6937 6937 D wpa_supplicant: WPS: attr type=0x1042 len=9
08-10 11:26:05.274 6937 6937 D wpa_supplicant: WPS: attr type=0x1054 len=8
08-10 11:26:05.274 6937 6937 D wpa_supplicant: WPS: attr type=0x1011 len=7
08-10 11:26:05.274 6937 6937 D wpa_supplicant: WPS: attr type=0x1008 len=2
08-10 11:26:05.274 6937 6937 D wpa_supplicant: WPS: attr type=0x103c len=1
08-10 11:26:05.274 6937 6937 D wpa_supplicant: WPS: attr type=0x1049 len=6
08-10 11:26:05.274 6937 6937 D wpa_supplicant: WPS: WFA subelement id=0 len=1
08-10 11:26:05.274 6937 6937 D wpa_supplicant: WPS: attr type=0x104a len=1
08-10 11:26:05.274 6937 6937 D wpa_supplicant: WPS: attr type=0x1044 len=1
08-10 11:26:05.274 6937 6937 D wpa_supplicant: WPS: attr type=0x103b len=1
08-10 11:26:05.274 6937 6937 D wpa_supplicant: WPS: attr type=0x1047 len=16
08-10 11:26:05.274 6937 6937 D wpa_supplicant: WPS: attr type=0x1021 len=11
08-10 11:26:05.274 6937 6937 D wpa_supplicant: WPS: attr type=0x1023 len=14
08-10 11:26:05.274 6937 6937 D wpa_supplicant: WPS: attr type=0x1024 len=5
08-10 11:26:05.274 6937 6937 D wpa_supplicant: WPS: attr type=0x1042 len=9
08-10 11:26:05.274 6937 6937 D wpa_supplicant: WPS: attr type=0x1054 len=8
08-10 11:26:05.274 6937 6937 D wpa_supplicant: WPS: attr type=0x1011 len=7
08-10 11:26:05.274 6937 6937 D wpa_supplicant: WPS: attr type=0x1008 len=2
08-10 11:26:05.274 6937 6937 D wpa_supplicant: WPS: attr type=0x103c len=1
08-10 11:26:05.274 6937 6937 D wpa_supplicant: WPS: attr type=0x1049 len=6
08-10 11:26:05.274 6937 6937 D wpa_supplicant: WPS: WFA subelement id=0 len=1
08-10 11:26:05.274 6937 6937 D wpa_supplicant: WPS: attr type=0x104a len=1
08-10 11:26:05.274 6937 6937 D wpa_supplicant: WPS: attr type=0x1044 len=1
08-10 11:26:05.274 6937 6937 D wpa_supplicant: WPS: attr type=0x103b len=1
08-10 11:26:05.274 6937 6937 D wpa_supplicant: WPS: attr type=0x1047 len=16
08-10 11:26:05.274 6937 6937 D wpa_supplicant: WPS: attr type=0x1021 len=11
08-10 11:26:05.274 6937 6937 D wpa_supplicant: WPS: attr type=0x1023 len=14
08-10 11:26:05.274 6937 6937 D wpa_supplicant: WPS: attr type=0x1024 len=5
08-10 11:26:05.274 6937 6937 D wpa_supplicant: WPS: attr type=0x1042 len=9
08-10 11:26:05.274 6937 6937 D wpa_supplicant: WPS: attr type=0x1054 len=8
08-10 11:26:05.274 6937 6937 D wpa_supplicant: WPS: attr type=0x1011 len=7
08-10 11:26:05.274 6937 6937 D wpa_supplicant: WPS: attr type=0x1008 len=2
08-10 11:26:05.274 6937 6937 D wpa_supplicant: WPS: attr type=0x103c len=1
08-10 11:26:05.274 6937 6937 D wpa_supplicant: WPS: attr type=0x1049 len=6
08-10 11:26:05.274 6937 6937 D wpa_supplicant: WPS: WFA subelement id=0 len=1
08-10 11:26:05.274 6937 6937 D wpa_supplicant: CTRL_IFACE monitor sent successfully to /data/misc/wifi/sockets/wpa_ctrl_6548-2\x00
08-10 11:26:05.274 6937 6937 D wpa_supplicant: wlan0: Radio work 'scan'@0xb6836430 done in 1.124927 seconds
08-10 11:26:05.275 6548 6659 D WIFI : Registering NetworkFactory
08-10 11:26:05.275 6548 6659 D WIFI_UT : Registering NetworkFactory
08-10 11:26:05.275 6548 6661 D ConnectivityService: Got NetworkFactory Messenger for WIFI
08-10 11:26:05.275 6548 6659 I WifiNative-HAL: startHal
08-10 11:26:05.275 6548 6661 D ConnectivityService: Got NetworkFactory Messenger for WIFI_UT
08-10 11:26:05.275 6937 6937 D wpa_supplicant: wlan0: Control interface command 'BSS RANGE=0- MASK=0x21987'
08-10 11:26:05.275 6937 6937 D wpa_supplicant: WPS: attr type=0x104a len=1
08-10 11:26:05.275 6937 6937 D wpa_supplicant: WPS: attr type=0x1044 len=1
08-10 11:26:05.275 6937 6937 D wpa_supplicant: WPS: attr type=0x103b len=1
08-10 11:26:05.275 6937 6937 D wpa_supplicant: WPS: attr type=0x1047 len=16
08-10 11:26:05.275 6937 6937 D wpa_supplicant: WPS: attr type=0x1021 len=11
08-10 11:26:05.275 6937 6937 D wpa_supplicant: WPS: attr type=0x1023 len=14
08-10 11:26:05.275 6937 6937 D wpa_supplicant: WPS: attr type=0x1024 len=5
08-10 11:26:05.275 6937 6937 D wpa_supplicant: WPS: attr type=0x1042 len=9
08-10 11:26:05.275 6937 6937 D wpa_supplicant: WPS: attr type=0x1054 len=8
08-10 11:26:05.275 6937 6937 D wpa_supplicant: WPS: attr type=0x1011 len=7
08-10 11:26:05.275 6937 6937 D wpa_supplicant: WPS: attr type=0x1008 len=2
08-10 11:26:05.275 6937 6937 D wpa_supplicant: WPS: attr type=0x103c len=1
08-10 11:26:05.275 6937 6937 D wpa_supplicant: WPS: attr type=0x1049 len=6
08-10 11:26:05.275 6937 6937 D wpa_supplicant: WPS: WFA subelement id=0 len=1
08-10 11:26:05.275 6937 6937 D wpa_supplicant: WPS: attr type=0x104a len=1
08-10 11:26:05.275 6937 6937 D wpa_supplicant: WPS: attr type=0x1044 len=1
08-10 11:26:05.275 6937 6937 D wpa_supplicant: WPS: attr type=0x103b len=1
08-10 11:26:05.275 6937 6937 D wpa_supplicant: WPS: attr type=0x1047 len=16
08-10 11:26:05.275 6937 6937 D wpa_supplicant: WPS: attr type=0x1021 len=11
08-10 11:26:05.275 6937 6937 D wpa_supplicant: WPS: attr type=0x1023 len=14
08-10 11:26:05.275 6937 6937 D wpa_supplicant: WPS: attr type=0x1024 len=5
08-10 11:26:05.275 6937 6937 D wpa_supplicant: WPS: attr type=0x1042 len=9
08-10 11:26:05.275 6937 6937 D wpa_supplicant: WPS: attr type=0x1054 len=8
08-10 11:26:05.275 6937 6937 D wpa_supplicant: WPS: attr type=0x1011 len=7
08-10 11:26:05.275 6937 6937 D wpa_supplicant: WPS: attr type=0x1008 len=2
08-10 11:26:05.275 6937 6937 D wpa_supplicant: WPS: attr type=0x103c len=1
08-10 11:26:05.275 6937 6937 D wpa_supplicant: WPS: attr type=0x1049 len=6
08-10 11:26:05.275 6937 6937 D wpa_supplicant: WPS: WFA subelement id=0 len=1
08-10 11:26:05.275 6937 6937 D wpa_supplicant: WPS: attr type=0x104a len=1
08-10 11:26:05.275 6937 6937 D wpa_supplicant: WPS: attr type=0x1044 len=1
08-10 11:26:05.275 6937 6937 D wpa_supplicant: WPS: attr type=0x103b len=1
08-10 11:26:05.275 6937 6937 D wpa_supplicant: WPS: attr type=0x1047 len=16
08-10 11:26:05.275 6937 6937 D wpa_supplicant: WPS: attr type=0x1021 len=11
08-10 11:26:05.275 6937 6937 D wpa_supplicant: WPS: attr type=0x1023 len=14
08-10 11:26:05.275 6937 6937 D wpa_supplicant: WPS: attr type=0x1024 len=5
08-10 11:26:05.275 6937 6937 D wpa_supplicant: WPS: attr type=0x1042 len=9
08-10 11:26:05.275 6937 6937 D wpa_supplicant: WPS: attr type=0x1054 len=8
08-10 11:26:05.275 6937 6937 D wpa_supplicant: WPS: attr type=0x1011 len=7
