08-10 11:26:02.542 6607 6607 E installd: Running /system/bin/patchoat isa=x86 in-fd=5 (/system/framework/x86/am.odex) out-fd=6 (/data/dalvik-cache/x86/system@framework@am.jar@classes.dex)
08-10 11:26:02.545 6548 6548 I art : DexFile_isDexOptNeeded file /system/framework/x86/appops.odex needs to be relocated for /system/framework/appops.jar
08-10 11:26:02.545 6608 6608 E installd: Running /system/bin/patchoat isa=x86 in-fd=5 (/system/framework/x86/appops.odex) out-fd=6 (/data/dalvik-cache/x86/system@framework@appops.jar@classes.dex)
08-10 11:26:02.548 6548 6548 I art : DexFile_isDexOptNeeded file /system/framework/x86/appwidget.odex needs to be relocated for /system/framework/appwidget.jar
08-10 11:26:02.548 6609 6609 E installd: Running /system/bin/patchoat isa=x86 in-fd=5 (/system/framework/x86/appwidget.odex) out-fd=6 (/data/dalvik-cache/x86/system@framework@appwidget.jar@classes.dex)
08-10 11:26:02.551 6548 6548 I art : DexFile_isDexOptNeeded file /system/framework/x86/bmgr.odex needs to be relocated for /system/framework/bmgr.jar
08-10 11:26:02.551 6610 6610 E installd: Running /system/bin/patchoat isa=x86 in-fd=5 (/system/framework/x86/bmgr.odex) out-fd=6 (/data/dalvik-cache/x86/system@framework@bmgr.jar@classes.dex)
08-10 11:26:02.554 6548 6548 I art : DexFile_isDexOptNeeded file /system/framework/x86/bu.odex needs to be relocated for /system/framework/bu.jar
08-10 11:26:02.554 6611 6611 E installd: Running /system/bin/patchoat isa=x86 in-fd=5 (/system/framework/x86/bu.odex) out-fd=6 (/data/dalvik-cache/x86/system@framework@bu.jar@classes.dex)
08-10 11:26:02.557 6548 6548 I art : DexFile_isDexOptNeeded file /system/framework/x86/content.odex needs to be relocated for /system/framework/content.jar
08-10 11:26:02.557 6612 6612 E installd: Running /system/bin/patchoat isa=x86 in-fd=5 (/system/framework/x86/content.odex) out-fd=6 (/data/dalvik-cache/x86/system@framework@content.jar@classes.dex)
08-10 11:26:02.560 6548 6548 I art : DexFile_isDexOptNeeded file /system/framework/x86/dpm.odex needs to be relocated for /system/framework/dpm.jar
08-10 11:26:02.560 6613 6613 E installd: Running /system/bin/patchoat isa=x86 in-fd=5 (/system/framework/x86/dpm.odex) out-fd=6 (/data/dalvik-cache/x86/system@framework@dpm.jar@classes.dex)
08-10 11:26:02.563 6548 6548 I art : DexFile_isDexOptNeeded file /system/framework/x86/ime.odex needs to be relocated for /system/framework/ime.jar
08-10 11:26:02.563 6614 6614 E installd: Running /system/bin/patchoat isa=x86 in-fd=5 (/system/framework/x86/ime.odex) out-fd=6 (/data/dalvik-cache/x86/system@framework@ime.jar@classes.dex)
08-10 11:26:02.566 6548 6548 I art : DexFile_isDexOptNeeded file /system/framework/x86/input.odex needs to be relocated for /system/framework/input.jar
08-10 11:26:02.566 6615 6615 E installd: Running /system/bin/patchoat isa=x86 in-fd=5 (/system/framework/x86/input.odex) out-fd=6 (/data/dalvik-cache/x86/system@framework@input.jar@classes.dex)
08-10 11:26:02.569 6548 6548 I art : DexFile_isDexOptNeeded file /system/framework/x86/media_cmd.odex needs to be relocated for /system/framework/media_cmd.jar
08-10 11:26:02.569 6616 6616 E installd: Running /system/bin/patchoat isa=x86 in-fd=5 (/system/framework/x86/media_cmd.odex) out-fd=6 (/data/dalvik-cache/x86/system@framework@media_cmd.jar@classes.dex)
08-10 11:26:02.572 6548 6548 I art : DexFile_isDexOptNeeded file /system/framework/x86/monkey.odex needs to be relocated for /system/framework/monkey.jar
08-10 11:26:02.572 6617 6617 E installd: Running /system/bin/patchoat isa=x86 in-fd=5 (/system/framework/x86/monkey.odex) out-fd=6 (/data/dalvik-cache/x86/system@framework@monkey.jar@classes.dex)
08-10 11:26:02.575 6548 6548 I art : DexFile_isDexOptNeeded file /system/framework/x86/pm.odex needs to be relocated for /system/framework/pm.jar
08-10 11:26:02.575 6618 6618 E installd: Running /system/bin/patchoat isa=x86 in-fd=5 (/system/framework/x86/pm.odex) out-fd=6 (/data/dalvik-cache/x86/system@framework@pm.jar@classes.dex)
08-10 11:26:02.578 6548 6548 I art : DexFile_isDexOptNeeded file /system/framework/x86/requestsync.odex needs to be relocated for /system/framework/requestsync.jar
08-10 11:26:02.578 6619 6619 E installd: Running /system/bin/patchoat isa=x86 in-fd=5 (/system/framework/x86/requestsync.odex) out-fd=6 (/data/dalvik-cache/x86/system@framework@requestsync.jar@classes.dex)
08-10 11:26:02.581 6548 6548 I art : DexFile_isDexOptNeeded file /system/framework/x86/settings.odex needs to be relocated for /system/framework/settings.jar
08-10 11:26:02.581 6620 6620 E installd: Running /system/bin/patchoat isa=x86 in-fd=5 (/system/framework/x86/settings.odex) out-fd=6 (/data/dalvik-cache/x86/system@framework@settings.jar@classes.dex)
08-10 11:26:02.583 6548 6548 I art : DexFile_isDexOptNeeded file /system/framework/x86/svc.odex needs to be relocated for /system/framework/svc.jar
08-10 11:26:02.584 6621 6621 E installd: Running /system/bin/patchoat isa=x86 in-fd=5 (/system/framework/x86/svc.odex) out-fd=6 (/data/dalvik-cache/x86/system@framework@svc.jar@classes.dex)
08-10 11:26:02.586 6548 6548 I art : DexFile_isDexOptNeeded file /system/framework/x86/uiautomator.odex needs to be relocated for /system/framework/uiautomator.jar
08-10 11:26:02.586 6622 6622 E installd: Running /system/bin/patchoat isa=x86 in-fd=5 (/system/framework/x86/uiautomator.odex) out-fd=6 (/data/dalvik-cache/x86/system@framework@uiautomator.jar@classes.dex)
08-10 11:26:02.589 6548 6548 I art : DexFile_isDexOptNeeded file /system/framework/x86/wm.odex needs to be relocated for /system/framework/wm.jar
08-10 11:26:02.589 6623 6623 E installd: Running /system/bin/patchoat isa=x86 in-fd=5 (/system/framework/x86/wm.odex) out-fd=6 (/data/dalvik-cache/x86/system@framework@wm.jar@classes.dex)
08-10 11:26:02.592 6548 6548 D PackageManager: No files in app dir /vendor/overlay
08-10 11:26:02.600 6548 6548 W PackageManager: Failed to parse /system/framework/x86: Missing base APK in /system/framework/x86
08-10 11:26:02.600 6548 6548 I art : DexFile_isDexOptNeeded file /system/priv-app/BackupRestoreConfirmation/x86/BackupRestoreConfirmation.odex needs to be relocated for /system/priv-app/BackupRestoreConfirmation/BackupRestoreConfirmation.apk
08-10 11:26:02.602 6548 6548 I art : DexFile_isDexOptNeeded file /system/priv-app/CalendarProvider/x86/CalendarProvider.odex needs to be relocated for /system/priv-app/CalendarProvider/CalendarProvider.apk
08-10 11:26:02.604 6548 6548 W PackageParser: No actions in intent filter at /system/priv-app/Contacts/Contacts.apk Binary XML file line #356
08-10 11:26:02.605 6548 6548 I art : DexFile_isDexOptNeeded file /system/priv-app/Contacts/x86/Contacts.odex needs to be relocated for /system/priv-app/Contacts/Contacts.apk
08-10 11:26:02.606 6548 6548 I art : DexFile_isDexOptNeeded file /system/priv-app/ContactsProvider/x86/ContactsProvider.odex needs to be relocated for /system/priv-app/ContactsProvider/ContactsProvider.apk
08-10 11:26:02.607 6548 6548 I art : DexFile_isDexOptNeeded file /system/priv-app/DefaultContainerService/x86/DefaultContainerService.odex needs to be relocated for /system/priv-app/DefaultContainerService/DefaultContainerService.apk
08-10 11:26:02.608 6548 6548 W PackageParser: No actions in intent filter at /system/priv-app/Dialer/Dialer.apk Binary XML file line #166
08-10 11:26:02.609 6548 6548 I art : DexFile_isDexOptNeeded file /system/priv-app/Dialer/x86/Dialer.odex needs to be relocated for /system/priv-app/Dialer/Dialer.apk
08-10 11:26:02.610 6548 6548 I art : DexFile_isDexOptNeeded file /system/priv-app/DownloadProvider/x86/DownloadProvider.odex needs to be relocated for /system/priv-app/DownloadProvider/DownloadProvider.apk
08-10 11:26:02.611 6548 6548 I art : DexFile_isDexOptNeeded file /system/priv-app/ExternalStorageProvider/x86/ExternalStorageProvider.odex needs to be relocated for /system/priv-app/ExternalStorageProvider/ExternalStorageProvider.apk
08-10 11:26:02.612 6548 6548 I art : DexFile_isDexOptNeeded file /system/priv-app/FusedLocation/x86/FusedLocation.odex needs to be relocated for /system/priv-app/FusedLocation/FusedLocation.apk
08-10 11:26:02.622 6548 6548 I art : DexFile_isDexOptNeeded file /system/priv-app/InputDevices/x86/InputDevices.odex needs to be relocated for /system/priv-app/InputDevices/InputDevices.apk
08-10 11:26:02.624 6548 6548 I art : DexFile_isDexOptNeeded file /system/priv-app/ManagedProvisioning/x86/ManagedProvisioning.odex needs to be relocated for /system/priv-app/ManagedProvisioning/ManagedProvisioning.apk
08-10 11:26:02.624 6548 6548 I art : DexFile_isDexOptNeeded file /system/priv-app/MediaProvider/x86/MediaProvider.odex needs to be relocated for /system/priv-app/MediaProvider/MediaProvider.apk
08-10 11:26:02.626 6548 6548 I art : DexFile_isDexOptNeeded file /system/priv-app/Mms/x86/Mms.odex needs to be relocated for /system/priv-app/Mms/Mms.apk
08-10 11:26:02.627 6548 6548 I art : DexFile_isDexOptNeeded file /system/priv-app/MmsService/x86/MmsService.odex needs to be relocated for /system/priv-app/MmsService/MmsService.apk
08-10 11:26:02.628 6548 6548 I art : DexFile_isDexOptNeeded file /system/priv-app/MusicFX/x86/MusicFX.odex needs to be relocated for /system/priv-app/MusicFX/MusicFX.apk
08-10 11:26:02.628 6548 6548 I art : DexFile_isDexOptNeeded file /system/priv-app/OneTimeInitializer/x86/OneTimeInitializer.odex needs to be relocated for /system/priv-app/OneTimeInitializer/OneTimeInitializer.apk
08-10 11:26:02.636 6548 6548 W Resources: Converting to boolean: TypedValue{t=0x3/d=0x24b0 "true" a=2 r=0x7f120994}
08-10 11:26:02.647 6548 6548 I art : DexFile_isDexOptNeeded file /system/priv-app/ProxyHandler/x86/ProxyHandler.odex needs to be relocated for /system/priv-app/ProxyHandler/ProxyHandler.apk
08-10 11:26:02.653 6548 6548 I art : DexFile_isDexOptNeeded file /system/priv-app/Settings/x86/Settings.odex needs to be relocated for /system/priv-app/Settings/Settings.apk
08-10 11:26:02.654 6548 6548 I art : DexFile_isDexOptNeeded file /system/priv-app/SettingsProvider/x86/SettingsProvider.odex needs to be relocated for /system/priv-app/SettingsProvider/SettingsProvider.apk
08-10 11:26:02.657 6548 6548 W PackageParser: No actions in intent filter at /system/priv-app/SetupWizard/SetupWizard.apk Binary XML file line #170
08-10 11:26:02.658 6548 6548 W PackageParser: No actions in intent filter at /system/priv-app/SetupWizard/SetupWizard.apk Binary XML file line #347
08-10 11:26:02.660 6548 6548 I art : DexFile_isDexOptNeeded file /system/priv-app/SharedStorageBackup/x86/SharedStorageBackup.odex needs to be relocated for /system/priv-app/SharedStorageBackup/SharedStorageBackup.apk
08-10 11:26:02.661 6548 6548 I art : DexFile_isDexOptNeeded file /system/priv-app/Shell/x86/Shell.odex needs to be relocated for /system/priv-app/Shell/Shell.apk
08-10 11:26:02.663 6548 6548 I art : DexFile_isDexOptNeeded file /system/priv-app/SystemUI/x86/SystemUI.odex needs to be relocated for /system/priv-app/SystemUI/SystemUI.apk
08-10 11:26:02.664 6548 6548 I art : DexFile_isDexOptNeeded file /system/priv-app/TSCalibration2/x86/TSCalibration2.odex needs to be relocated for /system/priv-app/TSCalibration2/TSCalibration2.apk
08-10 11:26:02.666 6548 6548 W ResourceType: Failure getting entry for 0x7f08026f (t=7 e=623) (error -75)
08-10 11:26:02.666 6548 6548 I art : DexFile_isDexOptNeeded file /system/priv-app/TeleService/x86/TeleService.odex needs to be relocated for /system/priv-app/TeleService/TeleService.apk
08-10 11:26:02.668 6548 6548 W PackageParser: Unknown element under : android at /system/priv-app/Telecom/Telecom.apk Binary XML file line #232
08-10 11:26:02.668 6548 6548 I art : DexFile_isDexOptNeeded file /system/priv-app/Telecom/x86/Telecom.odex needs to be relocated for /system/priv-app/Telecom/Telecom.apk
08-10 11:26:02.669 6548 6548 I art : DexFile_isDexOptNeeded file /system/priv-app/TelephonyProvider/x86/TelephonyProvider.odex needs to be relocated for /system/priv-app/TelephonyProvider/TelephonyProvider.apk
08-10 11:26:02.670 6548 6548 I art : DexFile_isDexOptNeeded file /system/priv-app/Trebuchet/x86/Trebuchet.odex needs to be relocated for /system/priv-app/Trebuchet/Trebuchet.apk
08-10 11:26:02.676 6548 6548 I art : DexFile_isDexOptNeeded file /system/priv-app/VpnDialogs/x86/VpnDialogs.odex needs to be relocated for /system/priv-app/VpnDialogs/VpnDialogs.apk
08-10 11:26:02.677 6548 6548 I art : DexFile_isDexOptNeeded file /system/priv-app/WallpaperCropper/x86/WallpaperCropper.odex needs to be relocated for /system/priv-app/WallpaperCropper/WallpaperCropper.apk
08-10 11:26:02.678 6548 6548 I art : DexFile_isDexOptNeeded file /system/app/BasicDreams/x86/BasicDreams.odex needs to be relocated for /system/app/BasicDreams/BasicDreams.apk
08-10 11:26:02.678 6548 6548 I art : DexFile_isDexOptNeeded file /system/app/BasicSmsReceiver/x86/BasicSmsReceiver.odex needs to be relocated for /system/app/BasicSmsReceiver/BasicSmsReceiver.apk
08-10 11:26:02.679 6548 6548 W PackageParser: No actions in intent filter at /system/app/Bluetooth/Bluetooth.apk Binary XML file line #209
08-10 11:26:02.680 6548 6548 I art : DexFile_isDexOptNeeded file /system/app/Bluetooth/x86/Bluetooth.odex needs to be relocated for /system/app/Bluetooth/Bluetooth.apk
08-10 11:26:02.682 6548 6548 I art : DexFile_isDexOptNeeded file /system/app/Browser/x86/Browser.odex needs to be relocated for /system/app/Browser/Browser.apk
08-10 11:26:02.683 6548 6548 W PackageParser: No actions in intent filter at /system/app/CMFileManager/CMFileManager.apk Binary XML file line #166
08-10 11:26:02.683 6548 6548 I art : DexFile_isDexOptNeeded file /system/app/CMFileManager/x86/CMFileManager.odex needs to be relocated for /system/app/CMFileManager/CMFileManager.apk
08-10 11:26:02.684 6548 6548 I art : DexFile_isDexOptNeeded file /system/app/Calculator/x86/Calculator.odex needs to be relocated for /system/app/Calculator/Calculator.apk
08-10 11:26:02.685 6548 6548 I art : DexFile_isDexOptNeeded file /system/app/Calendar/x86/Calendar.odex needs to be relocated for /system/app/Calendar/Calendar.apk
08-10 11:26:02.686 6548 6548 I art : DexFile_isDexOptNeeded file /system/app/Camera2/x86/Camera2.odex needs to be relocated for /system/app/Camera2/Camera2.apk
08-10 11:26:02.687 6548 6548 I art : DexFile_isDexOptNeeded file /system/app/CaptivePortalLogin/x86/CaptivePortalLogin.odex needs to be relocated for /system/app/CaptivePortalLogin/CaptivePortalLogin.apk
08-10 11:26:02.688 6548 6548 I art : DexFile_isDexOptNeeded file /system/app/CertInstaller/x86/CertInstaller.odex needs to be relocated for /system/app/CertInstaller/CertInstaller.apk
08-10 11:26:02.689 6548 6548 I art : DexFile_isDexOptNeeded file /system/app/DeskClock/x86/DeskClock.odex needs to be relocated for /system/app/DeskClock/DeskClock.apk
08-10 11:26:02.691 6548 6548 I art : DexFile_isDexOptNeeded file /system/app/Development/x86/Development.odex needs to be relocated for /system/app/Development/Development.apk
08-10 11:26:02.692 6548 6548 I art : DexFile_isDexOptNeeded file /system/app/DocumentsUI/x86/DocumentsUI.odex needs to be relocated for /system/app/DocumentsUI/DocumentsUI.apk
08-10 11:26:02.692 6548 6548 I art : DexFile_isDexOptNeeded file /system/app/DownloadProviderUi/x86/DownloadProviderUi.odex needs to be relocated for /system/app/DownloadProviderUi/DownloadProviderUi.apk
08-10 11:26:02.695 6548 6548 I art : DexFile_isDexOptNeeded file /system/app/Email/x86/Email.odex needs to be relocated for /system/app/Email/Email.apk
08-10 11:26:02.696 6548 6548 I art : DexFile_isDexOptNeeded file /system/app/Exchange2/x86/Exchange2.odex needs to be relocated for /system/app/Exchange2/Exchange2.apk
08-10 11:26:02.698 6548 6548 I art : DexFile_isDexOptNeeded file /system/app/GL2CameraEye/x86/GL2CameraEye.odex needs to be relocated for /system/app/GL2CameraEye/GL2CameraEye.apk
08-10 11:26:02.698 6548 6548 I art : DexFile_isDexOptNeeded file /system/app/GL2JNI/x86/GL2JNI.odex needs to be relocated for /system/app/GL2JNI/GL2JNI.apk
08-10 11:26:02.699 6548 6548 I art : DexFile_isDexOptNeeded file /system/app/GL2Java/x86/GL2Java.odex needs to be relocated for /system/app/GL2Java/GL2Java.apk
08-10 11:26:02.699 6548 6548 I art : DexFile_isDexOptNeeded file /system/app/GLDual/x86/GLDual.odex needs to be relocated for /system/app/GLDual/GLDual.apk
08-10 11:26:02.700 6548 6548 I art : DexFile_isDexOptNeeded file /system/app/GLJNI/x86/GLJNI.odex needs to be relocated for /system/app/GLJNI/GLJNI.apk
08-10 11:26:02.701 6548 6548 I art : DexFile_isDexOptNeeded file /system/app/GLPerf/x86/GLPerf.odex needs to be relocated for /system/app/GLPerf/GLPerf.apk
08-10 11:26:02.702 6548 6548 I art : DexFile_isDexOptNeeded file /system/app/Galaxy4/x86/Galaxy4.odex needs to be relocated for /system/app/Galaxy4/Galaxy4.apk
08-10 11:26:02.704 6548 6548 W PackageParser: Unknown element under : permission at /system/app/Gallery2/Gallery2.apk Binary XML file line #242
08-10 11:26:02.704 6548 6548 W PackageParser: Unknown element under : permission at /system/app/Gallery2/Gallery2.apk Binary XML file line #245
08-10 11:26:02.704 6548 6548 I art : DexFile_isDexOptNeeded file /system/app/Gallery2/x86/Gallery2.odex needs to be relocated for /system/app/Gallery2/Gallery2.apk
08-10 11:26:02.706 6548 6548 I art : DexFile_isDexOptNeeded file /system/app/HTMLViewer/x86/HTMLViewer.odex needs to be relocated for /system/app/HTMLViewer/HTMLViewer.apk
08-10 11:26:02.707 6548 6548 I art : DexFile_isDexOptNeeded file /system/app/HoloSpiralWallpaper/x86/HoloSpiralWallpaper.odex needs to be relocated for /system/app/HoloSpiralWallpaper/HoloSpiralWallpaper.apk
08-10 11:26:02.707 6548 6548 I art : DexFile_isDexOptNeeded file /system/app/KeyChain/x86/KeyChain.odex needs to be relocated for /system/app/KeyChain/KeyChain.apk
08-10 11:26:02.709 6548 6548 I art : DexFile_isDexOptNeeded file /system/app/LatinIME/x86/LatinIME.odex needs to be relocated for /system/app/LatinIME/LatinIME.apk
08-10 11:26:02.710 6548 6548 I art : DexFile_isDexOptNeeded file /system/app/LiveWallpapers/x86/LiveWallpapers.odex needs to be relocated for /system/app/LiveWallpapers/LiveWallpapers.apk
08-10 11:26:02.711 6548 6548 I art : DexFile_isDexOptNeeded file /system/app/LiveWallpapersPicker/x86/LiveWallpapersPicker.odex needs to be relocated for /system/app/LiveWallpapersPicker/LiveWallpapersPicker.apk
08-10 11:26:02.712 6548 6548 I art : DexFile_isDexOptNeeded file /system/app/Music/x86/Music.odex needs to be relocated for /system/app/Music/Music.apk
08-10 11:26:02.713 6548 6548 I art : DexFile_isDexOptNeeded file /system/app/NotePad/x86/NotePad.odex needs to be relocated for /system/app/NotePad/NotePad.apk
08-10 11:26:02.714 6548 6548 I art : DexFile_isDexOptNeeded file /system/app/PacProcessor/x86/PacProcessor.odex needs to be relocated for /system/app/PacProcessor/PacProcessor.apk
08-10 11:26:02.715 6548 6548 I art : DexFile_isDexOptNeeded file /system/app/PackageInstaller/x86/PackageInstaller.odex needs to be relocated for /system/app/PackageInstaller/PackageInstaller.apk
08-10 11:26:02.715 6548 6548 I art : DexFile_isDexOptNeeded file /system/app/PhaseBeam/x86/PhaseBeam.odex needs to be relocated for /system/app/PhaseBeam/PhaseBeam.apk
08-10 11:26:02.716 6548 6548 I art : DexFile_isDexOptNeeded file /system/app/PicoTts/x86/PicoTts.odex needs to be relocated for /system/app/PicoTts/PicoTts.apk
08-10 11:26:02.717 6548 6548 I art : DexFile_isDexOptNeeded file /system/app/PrintSpooler/x86/PrintSpooler.odex needs to be relocated for /system/app/PrintSpooler/PrintSpooler.apk
08-10 11:26:02.718 6548 6548 I art : DexFile_isDexOptNeeded file /system/app/Provision/x86/Provision.odex needs to be relocated for /system/app/Provision/Provision.apk
08-10 11:26:02.719 6548 6548 I art : DexFile_isDexOptNeeded file /system/app/QuickSearchBox/x86/QuickSearchBox.odex needs to be relocated for /system/app/QuickSearchBox/QuickSearchBox.apk
08-10 11:26:02.719 6548 6548 I art : DexFile_isDexOptNeeded file /system/app/RSSReader/x86/RSSReader.odex needs to be relocated for /system/app/RSSReader/RSSReader.apk
08-10 11:26:02.720 6548 6548 I art : DexFile_isDexOptNeeded file /system/app/SoundRecorder/x86/SoundRecorder.odex needs to be relocated for /system/app/SoundRecorder/SoundRecorder.apk
08-10 11:26:02.721 6548 6548 I art : DexFile_isDexOptNeeded file /system/app/SpeechRecorder/x86/SpeechRecorder.odex needs to be relocated for /system/app/SpeechRecorder/SpeechRecorder.apk
08-10 11:26:02.721 6548 6548 I art : DexFile_isDexOptNeeded file /system/app/TestEGL/x86/TestEGL.odex needs to be relocated for /system/app/TestEGL/TestEGL.apk
08-10 11:26:02.722 6548 6548 I art : DexFile_isDexOptNeeded file /system/app/TestFramerate/x86/TestFramerate.odex needs to be relocated for /system/app/TestFramerate/TestFramerate.apk
08-10 11:26:02.723 6548 6548 I art : DexFile_isDexOptNeeded file /system/app/TestLatency/x86/TestLatency.odex needs to be relocated for /system/app/TestLatency/TestLatency.apk
08-10 11:26:02.723 6548 6548 I PackageManager: /system/app/TestViewport changed; collecting certs
08-10 11:26:02.726 6548 6548 W PackageManager: Failed to parse /system/app/TestViewport: Application package com.android.test already installed. Skipping duplicate.
08-10 11:26:02.727 6548 6548 I art : DexFile_isDexOptNeeded file /system/app/UserDictionaryProvider/x86/UserDictionaryProvider.odex needs to be relocated for /system/app/UserDictionaryProvider/UserDictionaryProvider.apk
08-10 11:26:02.728 6548 6548 I art : DexFile_isDexOptNeeded file /system/app/VisualizationWallpapers/x86/VisualizationWallpapers.odex needs to be relocated for /system/app/VisualizationWallpapers/VisualizationWallpapers.apk
08-10 11:26:02.729 6548 6548 D PackageManager: No files in app dir /system/vendor/app
08-10 11:26:02.729 6548 6548 D PackageManager: No files in app dir /oem/app
08-10 11:26:02.729 6548 6548 D PackageManager: No files in app dir /data/app
08-10 11:26:02.729 6548 6548 D PackageManager: No files in app dir /data/app-private
08-10 11:26:02.729 6548 6548 W PackageManager: Package com.google.android.gms desires unavailable shared library com.google.android.ble; ignoring!
08-10 11:26:02.729 6548 6548 I PackageManager: Adjusting ABI for : com.android.settings to x86
08-10 11:26:02.729 6548 6548 I art : DexFile_isDexOptNeeded file /system/priv-app/Settings/x86/Settings.odex needs to be relocated for /system/priv-app/Settings/Settings.apk
08-10 11:26:02.730 6548 6548 I PackageManager: Running patchoat on: com.android.settings
08-10 11:26:02.730 6624 6624 E installd: Running /system/bin/patchoat isa=x86 in-fd=5 (/system/priv-app/Settings/x86/Settings.odex) out-fd=6 (/data/dalvik-cache/x86/system@priv-app@Settings@Settings.apk@classes.dex)
08-10 11:26:02.736 6548 6548 I PackageManager: Adjusting ABI for : com.android.inputdevices to x86
08-10 11:26:02.736 6548 6548 I art : DexFile_isDexOptNeeded file /system/priv-app/InputDevices/x86/InputDevices.odex needs to be relocated for /system/priv-app/InputDevices/InputDevices.apk
08-10 11:26:02.736 6548 6548 I PackageManager: Running patchoat on: com.android.inputdevices
08-10 11:26:02.736 6625 6625 E installd: Running /system/bin/patchoat isa=x86 in-fd=5 (/system/priv-app/InputDevices/x86/InputDevices.odex) out-fd=6 (/data/dalvik-cache/x86/system@priv-app@InputDevices@InputDevices.apk@classes.dex)
08-10 11:26:02.739 6548 6548 I PackageManager: Adjusting ABI for : com.android.providers.settings to x86
08-10 11:26:02.739 6548 6548 I art : DexFile_isDexOptNeeded file /system/priv-app/SettingsProvider/x86/SettingsProvider.odex needs to be relocated for /system/priv-app/SettingsProvider/SettingsProvider.apk
08-10 11:26:02.739 6548 6548 I PackageManager: Running patchoat on: com.android.providers.settings
08-10 11:26:02.739 6626 6626 E installd: Running /system/bin/patchoat isa=x86 in-fd=5 (/system/priv-app/SettingsProvider/x86/SettingsProvider.odex) out-fd=6 (/data/dalvik-cache/x86/system@priv-app@SettingsProvider@SettingsProvider.apk@classes.dex)
08-10 11:26:02.742 6548 6548 I PackageManager: Adjusting ABI for : org.zeroxlab.util.tscal to x86
08-10 11:26:02.742 6548 6548 I art : DexFile_isDexOptNeeded file /system/priv-app/TSCalibration2/x86/TSCalibration2.odex needs to be relocated for /system/priv-app/TSCalibration2/TSCalibration2.apk
08-10 11:26:02.742 6548 6548 I PackageManager: Running patchoat on: org.zeroxlab.util.tscal
08-10 11:26:02.742 6627 6627 E installd: Running /system/bin/patchoat isa=x86 in-fd=5 (/system/priv-app/TSCalibration2/x86/TSCalibration2.odex) out-fd=6 (/data/dalvik-cache/x86/system@priv-app@TSCalibration2@TSCalibration2.apk@classes.dex)
08-10 11:26:02.746 6548 6548 I PackageManager: Adjusting ABI for : com.android.keychain to x86
08-10 11:26:02.746 6548 6548 I art : DexFile_isDexOptNeeded file /system/app/KeyChain/x86/KeyChain.odex needs to be relocated for /system/app/KeyChain/KeyChain.apk
08-10 11:26:02.746 6548 6548 I PackageManager: Running patchoat on: com.android.keychain
08-10 11:26:02.746 6628 6628 E installd: Running /system/bin/patchoat isa=x86 in-fd=5 (/system/app/KeyChain/x86/KeyChain.odex) out-fd=6 (/data/dalvik-cache/x86/system@app@KeyChain@KeyChain.apk@classes.dex)
08-10 11:26:02.749 6548 6548 I PackageManager: Adjusting ABI for : com.android.location.fused to x86
08-10 11:26:02.749 6548 6548 I art : DexFile_isDexOptNeeded file /system/priv-app/FusedLocation/x86/FusedLocation.odex needs to be relocated for /system/priv-app/FusedLocation/FusedLocation.apk
08-10 11:26:02.749 6548 6548 I PackageManager: Running patchoat on: com.android.location.fused
08-10 11:26:02.749 6629 6629 E installd: Running /system/bin/patchoat isa=x86 in-fd=5 (/system/priv-app/FusedLocation/x86/FusedLocation.odex) out-fd=6 (/data/dalvik-cache/x86/system@priv-app@FusedLocation@FusedLocation.apk@classes.dex)
08-10 11:26:02.752 6548 6548 I PackageManager: Adjusting ABI for : com.android.server.telecom to x86
08-10 11:26:02.752 6548 6548 I art : DexFile_isDexOptNeeded file /system/priv-app/Telecom/x86/Telecom.odex needs to be relocated for /system/priv-app/Telecom/Telecom.apk
08-10 11:26:02.752 6548 6548 I PackageManager: Running patchoat on: com.android.server.telecom
08-10 11:26:02.752 6630 6630 E installd: Running /system/bin/patchoat isa=x86 in-fd=5 (/system/priv-app/Telecom/x86/Telecom.odex) out-fd=6 (/data/dalvik-cache/x86/system@priv-app@Telecom@Telecom.apk@classes.dex)
08-10 11:26:02.755 6548 6548 I PackageManager: Time to scan packages: 0.314 seconds
08-10 11:26:02.755 6548 6548 W PackageManager: Unknown permission com.google.android.voicesearch.SHORTCUTS_ACCESS in package com.google.android.googlequicksearchbox
08-10 11:26:02.755 6548 6548 W PackageManager: Unknown permission com.google.android.voicesearch.ACCESS_SETTINGS in package com.google.android.googlequicksearchbox
08-10 11:26:02.755 6548 6548 W PackageManager: Unknown permission com.google.android.ears.permission.WRITE in package com.google.android.googlequicksearchbox
08-10 11:26:02.755 6548 6548 W PackageManager: Unknown permission com.google.googlenav.friend.permission.OPT_IN in package com.google.android.googlequicksearchbox
08-10 11:26:02.755 6548 6548 W PackageManager: Unknown permission com.google.android.apps.maps.permission.PREFETCH in package com.google.android.googlequicksearchbox
08-10 11:26:02.755 6548 6548 W PackageManager: Unknown permission com.google.android.apps.googlevoice.permission.AUTO_SEND in package com.google.android.googlequicksearchbox
08-10 11:26:02.755 6548 6548 W PackageManager: Unknown permission com.google.android.gm.permission.AUTO_SEND in package com.google.android.googlequicksearchbox
08-10 11:26:02.755 6548 6548 W PackageManager: Unknown permission com.google.android.hangouts.START_HANGOUT in package com.google.android.googlequicksearchbox
08-10 11:26:02.755 6548 6548 W PackageManager: Unknown permission com.android.chrome.PRERENDER_URL in package com.google.android.googlequicksearchbox
08-10 11:26:02.755 6548 6548 W PackageManager: Unknown permission com.google.android.launcher.permission.CONTENT_REDIRECT in package com.google.android.googlequicksearchbox
08-10 11:26:02.755 6548 6548 W PackageManager: Unknown permission com.android.launcher.permission.READ_SETTINGS in package com.google.android.onetimeinitializer
08-10 11:26:02.755 6548 6548 W PackageManager: Unknown permission com.android.launcher.permission.WRITE_SETTINGS in package com.google.android.onetimeinitializer
08-10 11:26:02.755 6548 6548 W PackageManager: Not granting permission android.permission.GLOBAL_SEARCH to package com.android.quicksearchbox (protectionLevel=18 flags=0x8be45)
08-10 11:26:02.755 6548 6548 W PackageManager: Not granting permission android.permission.ACCESS_DOWNLOAD_MANAGER to package com.android.browser (protectionLevel=18 flags=0x9be45)
08-10 11:26:02.755 6548 6548 W PackageManager: Not granting permission android.permission.SEND_DOWNLOAD_COMPLETED_INTENTS to package com.android.browser (protectionLevel=2 flags=0x9be45)
08-10 11:26:02.756 6548 6548 W PackageManager: Not granting permission android.permission.SEND_DOWNLOAD_COMPLETED_INTENTS to package com.android.vending (protectionLevel=2 flags=0x400abe45)
08-10 11:26:02.756 6548 6548 W PackageManager: Unknown permission android.permission.SEND_SMS_NO_CONFIRMATION in package com.android.vending
08-10 11:26:02.756 6548 6548 W PackageManager: Not granting permission android.permission.BIND_WALLPAPER to package com.android.camera2 (protectionLevel=18 flags=0x58bc45)
08-10 11:26:02.756 6548 6548 W PackageManager: Unknown permission android.permission.INSTALL_DRM in package com.android.mms
08-10 11:26:02.756 6548 6548 W PackageManager: Unknown permission android.permission.READ_OWNER_DATA in package com.google.android.setupwizard
08-10 11:26:02.756 6548 6548 W PackageManager: Unknown permission android.permission.WRITE_OWNER_DATA in package com.google.android.setupwizard
08-10 11:26:02.756 6548 6548 W PackageManager: Unknown permission com.android.launcher.permission.READ_SETTINGS in package com.android.onetimeinitializer
08-10 11:26:02.756 6548 6548 W PackageManager: Unknown permission com.android.launcher.permission.WRITE_SETTINGS in package com.android.onetimeinitializer
08-10 11:26:02.756 6548 6548 W PackageManager: Unknown permission com.google.android.gms.permission.CONTACTS_SYNC_DELEGATION in package com.google.android.syncadapters.contacts
08-10 11:26:02.756 6548 6548 W PackageManager: Unknown permission com.android.launcher.permission.READ_SETTINGS in package com.cyanogenmod.trebuchet
08-10 11:26:02.756 6548 6548 W PackageManager: Unknown permission com.android.launcher.permission.WRITE_SETTINGS in package com.cyanogenmod.trebuchet
08-10 11:26:02.756 6548 6548 W PackageManager: Unknown permission com.google.android.apps.enterprise.dmagent.permission.AutoSyncPermission in package com.google.android.gms
08-10 11:26:02.756 6548 6548 W PackageManager: Unknown permission com.google.android.hangouts.START_HANGOUT in package com.google.android.gms
08-10 11:26:02.756 6548 6548 W PackageManager: Unknown permission com.google.android.wearable.READ_SETTINGS in package com.google.android.gms
08-10 11:26:02.756 6548 6548 W PackageManager: Unknown permission com.google.android.gm.permission.READ_GMAIL in package com.google.android.gms
08-10 11:26:02.756 6548 6548 W PackageManager: Unknown permission com.android.launcher.permission.PRELOAD_WORKSPACE in package com.google.android.partnersetup
08-10 11:26:02.756 6548 6548 W PackageManager: Not granting permission android.permission.DELETE_PACKAGES to package com.svox.pico (protectionLevel=18 flags=0x8be45)
08-10 11:26:02.756 6548 6548 W PackageManager: Unknown permission com.cyanogenmod.filemanager.permissions.READ_THEME in package com.cyanogenmod.filemanager
08-10 11:26:02.756 6548 6548 W PackageManager: Not granting permission android.permission.CONTROL_KEYGUARD to package com.google.android.gsf.login (protectionLevel=2 flags=0x4048be45)
08-10 11:26:02.756 6548 6548 W PackageManager: Unknown permission com.android.vending.billing.IBillingAccountService.BIND2 in package com.google.android.gsf.login
08-10 11:26:02.756 6548 6548 W PackageManager: Unknown permission com.android.chrome.TOS_ACKED in package com.google.android.gsf.login
08-10 11:26:02.756 6548 6548 W PackageManager: Unknown permission com.android.launcher.permission.READ_SETTINGS in package com.android.settings
08-10 11:26:02.756 6548 6548 W PackageManager: Unknown permission com.android.launcher.permission.WRITE_SETTINGS in package com.android.settings
08-10 11:26:02.756 6548 6548 W PackageManager: Unknown permission com.android.smspush.WAPPUSH_MANAGER_BIND in package com.android.phone
08-10 11:26:02.756 6548 6548 W PackageManager: Not granting permission android.permission.DEVICE_POWER to package com.android.deskclock (protectionLevel=2 flags=0x48be45)
08-10 11:26:02.756 6548 6548 W PackageManager: Unknown permission com.google.android.gallery3d.permission.GALLERY_PROVIDER in package com.android.bluetooth
08-10 11:26:02.766 6548 6548 I art : Explicit concurrent mark sweep GC freed 20453(1300KB) AllocSpace objects, 4(64KB) LOS objects, 33% free, 4MB/7MB, paused 123us total 6.576ms
08-10 11:26:02.766 6548 6548 I SystemServer: User Service
08-10 11:26:02.767 1806 1806 I lowmemorykiller: ActivityManager connected
08-10 11:26:02.769 6548 6548 I SystemServiceManager: Starting com.android.server.lights.LightsService
08-10 11:26:02.769 6548 6548 E lights : Unable to detect max_brightness. Try to set backlight.max_brightness_file
08-10 11:26:02.769 6548 6548 I SystemServiceManager: Starting com.android.server.BatteryService
08-10 11:26:02.770 6548 6548 I SystemServiceManager: Starting com.android.server.usage.UsageStatsService
08-10 11:26:02.774 6548 6548 I UsageStatsService: User[0] Rollover scheduled @ 2015-08-10 02:00:00(1439164800000)
08-10 11:26:02.774 6548 6548 I SystemServiceManager: Starting com.android.server.webkit.WebViewUpdateService
08-10 11:26:02.774 6548 6548 I SystemServer: Reading configuration...
08-10 11:26:02.774 6548 6548 I SystemServer: Scheduling Policy
08-10 11:26:02.774 6548 6548 I SystemServiceManager: Starting com.android.server.telecom.TelecomLoaderService
08-10 11:26:02.774 6548 6548 I SystemServer: Telephony Registry
08-10 11:26:02.775 6548 6548 I SystemServer: Entropy Mixer
08-10 11:26:02.776 6548 6548 I EntropyMixer: Writing entropy...
08-10 11:26:02.776 6548 6548 I SystemServer: Account Manager
08-10 11:26:02.777 6548 6548 I SystemServer: Content Manager
08-10 11:26:02.777 6548 6548 I SystemServer: System Content Providers
08-10 11:26:02.781 6548 6548 I SystemServer: Vibrator Service
08-10 11:26:02.781 6548 6548 I SystemServer: Consumer IR Service
08-10 11:26:02.781 6548 6548 E ConsumerIrService: Can't open consumer IR HW Module, error: -2
08-10 11:26:02.781 6548 6548 I SystemServiceManager: Starting com.android.server.AlarmManagerService
08-10 11:26:02.782 6548 6548 D AlarmManagerService: Kernel timezone updated to -120 minutes west of GMT
08-10 11:26:02.782 6548 6548 I SystemServer: Init Watchdog
08-10 11:26:02.782 6548 6548 I SystemServer: Input Manager
08-10 11:26:02.783 6548 6548 I InputManager: Initializing input manager, mUseDevInputEventForAudioJack=true
08-10 11:26:02.783 6548 6548 I SystemServer: Window Manager
08-10 11:26:02.785 6548 6575 I WindowManager: No existing display settings /data/system/display_settings.xml; starting empty
08-10 11:26:02.790 6548 6548 I InputManager: Starting input manager
08-10 11:26:02.790 6548 6635 D EventHub: No input device configuration file found for device 'Android Power Button'.
08-10 11:26:02.790 6548 6548 I SystemServer: Bluetooth Manager Service
08-10 11:26:02.791 6548 6548 D BluetoothManagerService: Loading stored name and address
08-10 11:26:02.791 6548 6548 D BluetoothManagerService: Stored bluetooth Name=Android-x86,Address=22:22:A6:48:07:B3
08-10 11:26:02.791 6548 6548 I SystemServer: Input Method Service
08-10 11:26:02.791 6548 6635 W EventHub: Unable to disable kernel key repeat for /dev/input/event16: Function not implemented
08-10 11:26:02.791 6548 6635 I EventHub: New device: id=1, fd=74, path='/dev/input/event16', name='Android Power Button', classes=0x1, configuration='', keyLayout='/system/usr/keylayout/Generic.kl', keyCharacterMap='/system/usr/keychars/Generic.kcm', builtinKeyboard=false, wakeMechanism=EPOLLWAKEUP, usingClockIoctl=true
08-10 11:26:02.791 6548 6635 I EventHub: ignoring event id /dev/input/event1 driver Power Button
08-10 11:26:02.792 6548 6548 W InputMethodManagerService: Couldn't create dir.: /data/system/inputmethod
08-10 11:26:02.796 6548 6548 I SystemServer: Accessibility Manager
08-10 11:26:02.797 6548 6548 I ActivityManager: Config changes=1df8 {1.0 ?mcc?mnc en_US ?layoutDir sw960dp w1280dp h960dp 240dpi xlrg land ?uimode ?night -touch -keyb/v/h -nav/h s.2}
08-10 11:26:02.797 6548 6569 I UsageStatsService: User[0] Rolling over usage stats
08-10 11:26:02.797 6548 6569 I UsageStatsService: User[0] Rollover scheduled @ 2015-08-11 02:00:00(1439251200000)
08-10 11:26:02.797 6548 6569 I UsageStatsService: User[0] Rolling over usage stats complete. Took 0 milliseconds
08-10 11:26:02.798 6548 6548 I ActivityManager: Config changes=400 {1.0 ?mcc?mnc en_US ?layoutDir sw960dp w1280dp h886dp 240dpi xlrg land ?uimode ?night -touch -keyb/v/h -nav/h s.3}
08-10 11:26:02.798 6548 6548 I SystemServer: Mount Service
08-10 11:26:02.798 6548 6548 D MountService: got storage path: null description: Internal storage primary: true removable: false emulated: true mtpReserve: 100 allowMassStorage: false maxFileSize: 0
08-10 11:26:02.798 6548 6548 D MountService: addVolumeLocked() StorageVolume:
08-10 11:26:02.798 6548 6548 D MountService: mStorageId=65537 mPath=/storage/emulated/0 mDescriptionId=17040805
08-10 11:26:02.798 6548 6548 D MountService: mPrimary=true mRemovable=false mEmulated=true mMtpReserveSpace=100
08-10 11:26:02.798 6548 6548 D MountService: mAllowMassStorage=false mMaxFileSize=0 mOwner=UserHandle{0} mUuid=null
08-10 11:26:02.798 6548 6548 D MountService: mUserLabel=null mState=null
08-10 11:26:02.798 6548 6548 D MountService: got storage path: /storage/sdcard1 description: SD card primary: false removable: true emulated: false mtpReserve: 0 allowMassStorage: false maxFileSize: 4294967296
08-10 11:26:02.798 6548 6548 D MountService: addVolumeLocked() StorageVolume:
08-10 11:26:02.798 6548 6548 D MountService: mStorageId=0 mPath=/storage/sdcard1 mDescriptionId=17040806 mPrimary=false
08-10 11:26:02.798 6548 6548 D MountService: mRemovable=true mEmulated=false mMtpReserveSpace=0 mAllowMassStorage=false
08-10 11:26:02.798 6548 6548 D MountService: mMaxFileSize=4294967296 mOwner=null mUuid=null mUserLabel=null mState=null
08-10 11:26:02.799 6548 6548 D MountService: got storage path: /storage/usb0 description: USB storage primary: false removable: true emulated: false mtpReserve: 0 allowMassStorage: false maxFileSize: 4294967296
08-10 11:26:02.799 6548 6548 D MountService: addVolumeLocked() StorageVolume:
08-10 11:26:02.799 6548 6548 D MountService: mStorageId=0 mPath=/storage/usb0 mDescriptionId=17040807 mPrimary=false
08-10 11:26:02.799 6548 6548 D MountService: mRemovable=true mEmulated=false mMtpReserveSpace=0 mAllowMassStorage=false
08-10 11:26:02.799 6548 6548 D MountService: mMaxFileSize=4294967296 mOwner=null mUuid=null mUserLabel=null mState=null
08-10 11:26:02.799 6548 6548 D MountService: got storage path: /storage/usb1 description: USB storage primary: false removable: true emulated: false mtpReserve: 0 allowMassStorage: false maxFileSize: 4294967296
08-10 11:26:02.799 6548 6548 D MountService: addVolumeLocked() StorageVolume:
08-10 11:26:02.799 6548 6548 D MountService: mStorageId=0 mPath=/storage/usb1 mDescriptionId=17040807 mPrimary=false
08-10 11:26:02.799 6548 6548 D MountService: mRemovable=true mEmulated=false mMtpReserveSpace=0 mAllowMassStorage=false
08-10 11:26:02.799 6548 6548 D MountService: mMaxFileSize=4294967296 mOwner=null mUuid=null mUserLabel=null mState=null
08-10 11:26:02.799 6548 6548 D MountService: got storage path: /storage/usb2 description: USB storage primary: false removable: true emulated: false mtpReserve: 0 allowMassStorage: false maxFileSize: 4294967296
08-10 11:26:02.799 6548 6548 D MountService: addVolumeLocked() StorageVolume:
08-10 11:26:02.799 6548 6548 D MountService: mStorageId=0 mPath=/storage/usb2 mDescriptionId=17040807 mPrimary=false
08-10 11:26:02.799 6548 6548 D MountService: mRemovable=true mEmulated=false mMtpReserveSpace=0 mAllowMassStorage=false
08-10 11:26:02.799 6548 6548 D MountService: mMaxFileSize=4294967296 mOwner=null mUuid=null mUserLabel=null mState=null
08-10 11:26:02.799 6548 6548 D MountService: got storage path: /storage/usb3 description: USB storage primary: false removable: true emulated: false mtpReserve: 0 allowMassStorage: false maxFileSize: 4294967296
08-10 11:26:02.799 6548 6548 D MountService: addVolumeLocked() StorageVolume:
08-10 11:26:02.799 6548 6548 D MountService: mStorageId=0 mPath=/storage/usb3 mDescriptionId=17040807 mPrimary=false
08-10 11:26:02.799 6548 6548 D MountService: mRemovable=true mEmulated=false mMtpReserveSpace=0 mAllowMassStorage=false
08-10 11:26:02.799 6548 6548 D MountService: mMaxFileSize=4294967296 mOwner=null mUuid=null mUserLabel=null mState=null
08-10 11:26:02.800 6548 6548 I PackageManager: Running dexopt on: /system/priv-app/SetupWizard/SetupWizard.apk pkg=com.google.android.setupwizard isa=x86 vmSafeMode=false
08-10 11:26:02.800 6548 6638 W MountService: Duplicate state transition (unmounted -> unmounted) for /storage/usb0
08-10 11:26:02.800 6548 6638 I MountService: Media already mounted on daemon connection
08-10 11:26:02.800 6548 6638 D MountService: volume state changed for /storage/usb1 (unmounted -> mounted)
08-10 11:26:02.800 6548 6638 D MountService: volume state changed for /storage/usb2 (unmounted -> removed)
08-10 11:26:02.800 6548 6638 D MountService: volume state changed for /storage/usb3 (unmounted -> removed)
08-10 11:26:02.800 6548 6638 D MountService: Got locale en-US from mount service
08-10 11:26:02.801 6548 6638 I ActivityManager: Config changes=2004 {1.0 ?mcc?mnc en_US ldltr sw960dp w1280dp h886dp 240dpi xlrg land ?uimode ?night -touch -keyb/v/h -nav/h s.4}
08-10 11:26:02.801 6548 6570 D ActivityManager: Storing locale en-US for decryption UI
08-10 11:26:02.801 6548 6638 D MountService: Setting system properties to en-US from mount service
08-10 11:26:02.801 6548 6638 I PackageManager: No secure containers found
08-10 11:26:02.801 6548 6638 W PackageManager: Unknown permission com.google.android.voicesearch.SHORTCUTS_ACCESS in package com.google.android.googlequicksearchbox
08-10 11:26:02.801 6548 6638 W PackageManager: Unknown permission com.google.android.voicesearch.ACCESS_SETTINGS in package com.google.android.googlequicksearchbox
08-10 11:26:02.801 6548 6638 W PackageManager: Unknown permission com.google.android.ears.permission.WRITE in package com.google.android.googlequicksearchbox
08-10 11:26:02.801 6548 6638 W PackageManager: Unknown permission com.google.googlenav.friend.permission.OPT_IN in package com.google.android.googlequicksearchbox
08-10 11:26:02.801 6548 6638 W PackageManager: Unknown permission com.google.android.apps.maps.permission.PREFETCH in package com.google.android.googlequicksearchbox
08-10 11:26:02.801 6548 6638 W PackageManager: Unknown permission com.google.android.apps.googlevoice.permission.AUTO_SEND in package com.google.android.googlequicksearchbox
08-10 11:26:02.801 6548 6638 W PackageManager: Unknown permission com.google.android.gm.permission.AUTO_SEND in package com.google.android.googlequicksearchbox
08-10 11:26:02.801 6548 6638 W PackageManager: Unknown permission com.google.android.hangouts.START_HANGOUT in package com.google.android.googlequicksearchbox
08-10 11:26:02.801 6548 6638 W PackageManager: Unknown permission com.android.chrome.PRERENDER_URL in package com.google.android.googlequicksearchbox
08-10 11:26:02.801 6548 6638 W PackageManager: Unknown permission com.google.android.launcher.permission.CONTENT_REDIRECT in package com.google.android.googlequicksearchbox
08-10 11:26:02.801 6548 6638 W PackageManager: Unknown permission com.android.launcher.permission.READ_SETTINGS in package com.google.android.onetimeinitializer
08-10 11:26:02.801 6548 6638 W PackageManager: Unknown permission com.android.launcher.permission.WRITE_SETTINGS in package com.google.android.onetimeinitializer
08-10 11:26:02.801 6548 6638 W PackageManager: Not granting permission android.permission.GLOBAL_SEARCH to package com.android.quicksearchbox (protectionLevel=18 flags=0x8be45)
08-10 11:26:02.801 6548 6638 W PackageManager: Not granting permission android.permission.ACCESS_DOWNLOAD_MANAGER to package com.android.browser (protectionLevel=18 flags=0x9be45)
08-10 11:26:02.801 6548 6638 W PackageManager: Not granting permission android.permission.SEND_DOWNLOAD_COMPLETED_INTENTS to package com.android.browser (protectionLevel=2 flags=0x9be45)
08-10 11:26:02.801 6548 6638 W PackageManager: Not granting permission android.permission.SEND_DOWNLOAD_COMPLETED_INTENTS to package com.android.vending (protectionLevel=2 flags=0x400abe45)
08-10 11:26:02.801 6548 6638 W PackageManager: Unknown permission android.permission.SEND_SMS_NO_CONFIRMATION in package com.android.vending
08-10 11:26:02.801 6548 6638 W PackageManager: Not granting permission android.permission.BIND_WALLPAPER to package com.android.camera2 (protectionLevel=18 flags=0x58bc45)
08-10 11:26:02.801 6548 6638 W PackageManager: Unknown permission android.permission.INSTALL_DRM in package com.android.mms
08-10 11:26:02.801 6548 6638 W PackageManager: Unknown permission android.permission.READ_OWNER_DATA in package com.google.android.setupwizard
08-10 11:26:02.801 6548 6638 W PackageManager: Unknown permission android.permission.WRITE_OWNER_DATA in package com.google.android.setupwizard
08-10 11:26:02.801 6548 6638 W PackageManager: Unknown permission com.android.launcher.permission.READ_SETTINGS in package com.android.onetimeinitializer
08-10 11:26:02.801 6548 6638 W PackageManager: Unknown permission com.android.launcher.permission.WRITE_SETTINGS in package com.android.onetimeinitializer
08-10 11:26:02.801 6548 6638 W PackageManager: Unknown permission com.google.android.gms.permission.CONTACTS_SYNC_DELEGATION in package com.google.android.syncadapters.contacts
08-10 11:26:02.802 6548 6638 W PackageManager: Unknown permission com.android.launcher.permission.READ_SETTINGS in package com.cyanogenmod.trebuchet
08-10 11:26:02.802 6548 6638 W PackageManager: Unknown permission com.android.launcher.permission.WRITE_SETTINGS in package com.cyanogenmod.trebuchet
08-10 11:26:02.802 6548 6638 W PackageManager: Unknown permission com.google.android.apps.enterprise.dmagent.permission.AutoSyncPermission in package com.google.android.gms
08-10 11:26:02.802 6548 6638 W PackageManager: Unknown permission com.google.android.hangouts.START_HANGOUT in package com.google.android.gms
08-10 11:26:02.802 6548 6638 W PackageManager: Unknown permission com.google.android.wearable.READ_SETTINGS in package com.google.android.gms
08-10 11:26:02.802 6548 6638 W PackageManager: Unknown permission com.google.android.gm.permission.READ_GMAIL in package com.google.android.gms
08-10 11:26:02.802 6548 6638 W PackageManager: Unknown permission com.android.launcher.permission.PRELOAD_WORKSPACE in package com.google.android.partnersetup
08-10 11:26:02.802 6548 6638 W PackageManager: Not granting permission android.permission.DELETE_PACKAGES to package com.svox.pico (protectionLevel=18 flags=0x8be45)
08-10 11:26:02.802 6548 6638 W PackageManager: Unknown permission com.cyanogenmod.filemanager.permissions.READ_THEME in package com.cyanogenmod.filemanager
08-10 11:26:02.802 6548 6638 W PackageManager: Not granting permission android.permission.CONTROL_KEYGUARD to package com.google.android.gsf.login (protectionLevel=2 flags=0x4048be45)
08-10 11:26:02.802 6548 6638 W PackageManager: Unknown permission com.android.vending.billing.IBillingAccountService.BIND2 in package com.google.android.gsf.login
08-10 11:26:02.802 6548 6638 W PackageManager: Unknown permission com.android.chrome.TOS_ACKED in package com.google.android.gsf.login
08-10 11:26:02.802 6548 6638 W PackageManager: Unknown permission com.android.launcher.permission.READ_SETTINGS in package com.android.settings
08-10 11:26:02.802 6548 6638 W PackageManager: Unknown permission com.android.launcher.permission.WRITE_SETTINGS in package com.android.settings
08-10 11:26:02.802 6548 6638 W PackageManager: Unknown permission com.android.smspush.WAPPUSH_MANAGER_BIND in package com.android.phone
08-10 11:26:02.802 6548 6638 W PackageManager: Not granting permission android.permission.DEVICE_POWER to package com.android.deskclock (protectionLevel=2 flags=0x48be45)
08-10 11:26:02.802 6548 6638 W PackageManager: Unknown permission com.google.android.gallery3d.permission.GALLERY_PROVIDER in package com.android.bluetooth
08-10 11:26:02.804 6639 6639 I dex2oat : /system/bin/dex2oat --zip-fd=5 --zip-location=/system/priv-app/SetupWizard/SetupWizard.apk --oat-fd=6 --oat-location=/data/dalvik-cache/x86/system@priv-app@SetupWizard@SetupWizard.apk@classes.dex --instruction-set=x86 --instruction-set-features=default --runtime-arg -Xms64m --runtime-arg -Xmx512m --compiler-filter=interpret-only --swap-fd=7
08-10 11:26:02.808 6548 6641 D OpenGLRenderer: Use EGL_SWAP_BEHAVIOR_PRESERVED: true
08-10 11:26:02.808 6548 6635 I EventHub: ignoring event id /dev/input/event0 driver Power Button
08-10 11:26:02.820 6548 6635 D EventHub: No input device configuration file found for device 'PC Speaker'.
08-10 11:26:02.829 6548 6635 D EventHub: No input device configuration file found for device 'AT Translated Set 2 keyboard'.
