08-10 11:21:42.591 2848 2892 D MountService: sendStorageIntent Intent { act=android.intent.action.MEDIA_MOUNTED dat=file:///storage/usb1 flg=0x4000000 (has extras) } to UserHandle{-1}
08-10 11:21:42.695 3656 3656 I dex2oat : dex2oat took 194.289ms (threads: 4) arena alloc=0B java alloc=4MB native alloc=636KB free=7MB
08-10 11:21:42.697 2848 3603 W ActivityManager: Unable to start service Intent { cmp=com.android.email/.service.AttachmentService } U=0: not found
08-10 11:21:42.697 2848 2894 D BluetoothManagerService: Message: 30
08-10 11:21:42.698 3558 3558 D MediaScannerReceiver: action: android.intent.action.MEDIA_UNMOUNTED path: /storage/usb1
08-10 11:21:42.698 3186 3186 E BluetoothA2dpSink: Could not bind to Bluetooth A2DP Service with Intent { act=android.bluetooth.IBluetoothA2dpSink }
08-10 11:21:42.698 2848 2894 D BluetoothManagerService: Message: 30
08-10 11:21:42.699 3186 3186 E BluetoothAvrcpController: Could not bind to Bluetooth AVRCP Controller Service with Intent { act=android.bluetooth.IBluetoothAvrcpController }
08-10 11:21:42.699 2848 2894 D BluetoothManagerService: Message: 30
08-10 11:21:42.699 2848 3142 D BluetoothManagerService: Trying to bind to profile: 1, while Bluetooth was disabled
08-10 11:21:42.700 2848 2894 D BluetoothManagerService: Message: 30
08-10 11:21:42.700 3637 3637 I ActivityThread: Switching default density from 160 to 240
08-10 11:21:42.701 3186 3186 E BluetoothHeadsetClient: Could not bind to Bluetooth Headset Client Service with Intent { act=android.bluetooth.IBluetoothHeadsetClient }
08-10 11:21:42.702 2848 2894 D BluetoothManagerService: Message: 30
08-10 11:21:42.706 3558 3667 I DownloadManager: Upgrading downloads database from version 0 to version 109, which will destroy all old data
08-10 11:21:42.714 2848 3145 I ActivityManager: Start proc 3669:com.android.vending/u0a15 for broadcast com.android.vending/com.google.android.finsky.widget.consumption.NowPlayingWidgetProvider
08-10 11:21:42.715 3238 3238 I Exchange: RestartPingsTask did not start any pings.
08-10 11:21:42.715 3238 3238 I Exchange: PSS stopIfIdle
08-10 11:21:42.715 3238 3238 I Exchange: PSS has no active accounts; stopping service.
08-10 11:21:42.715 3186 3186 D BluetoothMap: Create BluetoothMap proxy object
08-10 11:21:42.715 2848 2894 D BluetoothManagerService: Message: 30
08-10 11:21:42.716 2848 2894 D BluetoothManagerService: Message: 30
08-10 11:21:42.718 2848 3141 I PackageManager: Running dexopt on: /system/priv-app/Phonesky/Phonesky.apk pkg=com.android.vending isa=x86 vmSafeMode=false
08-10 11:21:42.720 2848 2870 D ConnectivityService: listenForNetwork for NetworkRequest [ id=2, legacyType=-1, [] ]
08-10 11:21:42.723 3688 3688 I dex2oat : /system/bin/dex2oat --zip-fd=5 --zip-location=/system/priv-app/Phonesky/Phonesky.apk --oat-fd=6 --oat-location=/data/dalvik-cache/x86/system@priv-app@Phonesky@Phonesky.apk@classes.dex --instruction-set=x86 --instruction-set-features=default --runtime-arg -Xms64m --runtime-arg -Xmx512m --compiler-filter=interpret-only --swap-fd=7
08-10 11:21:42.793 3451 3451 D TelephonyProvider: dbh.onCreate:- db=SQLiteDatabase: /data/data/com.android.providers.telephony/databases/telephony.db
08-10 11:21:42.793 3451 3451 D TelephonyProvider: dbh.onOpen: ok, queried table=siminfo
08-10 11:21:42.793 3451 3451 D TelephonyProvider: dbh.onOpen: ok, queried table=carriers
08-10 11:21:42.915 3688 3688 I dex2oat : Decided to run without swap.
08-10 11:21:43.306 3688 3688 I dex2oat : dex2oat took 582.784ms (threads: 4) arena alloc=0B java alloc=12MB native alloc=993KB free=11MB
08-10 11:21:43.308 2848 3143 I PackageManager: Running dexopt on: /system/priv-app/PrebuiltGmsCore/PrebuiltGmsCore.apk pkg=com.google.android.gms isa=x86 vmSafeMode=false
08-10 11:21:43.309 3669 3669 I ActivityThread: Switching default density from 160 to 240
08-10 11:21:43.312 3705 3705 I dex2oat : /system/bin/dex2oat --zip-fd=5 --zip-location=/system/priv-app/PrebuiltGmsCore/PrebuiltGmsCore.apk --oat-fd=6 --oat-location=/data/dalvik-cache/x86/system@priv-app@PrebuiltGmsCore@PrebuiltGmsCore.apk@classes.dex --instruction-set=x86 --instruction-set-features=default --runtime-arg -Xms64m --runtime-arg -Xmx512m --compiler-filter=interpret-only --swap-fd=7
08-10 11:21:43.857 3705 3705 I dex2oat : Accepted running with swap.
08-10 11:21:45.448 3705 3705 I dex2oat : dex2oat took 2.135s (threads: 4) arena alloc=0B java alloc=34MB native alloc=2MB free=13MB swap=16MB
08-10 11:21:45.454 3411 3411 W ResourcesManager: Asset path '/system/framework/com.android.media.remotedisplay.jar' does not exist or contains no resources.
08-10 11:21:45.454 3411 3411 W ResourcesManager: Asset path '/system/framework/com.android.location.provider.jar' does not exist or contains no resources.
08-10 11:21:45.456 3411 3411 I MultiDex: VM with version 2.1.0 has multidex support
08-10 11:21:45.456 3411 3411 I MultiDex: install
08-10 11:21:45.456 3411 3411 I MultiDex: VM has multidex support, MultiDex support library is disabled.
08-10 11:21:45.458 3411 3411 I ProviderInstaller: Insert disabled by gate 'gms:security:enable_conscrypt_in_gms_application'
08-10 11:21:45.471 2848 3012 I ActivityManager: Start proc 3720:com.google.android.partnersetup/u0a10 for content provider com.google.android.partnersetup/.RlzAppProvider
08-10 11:21:45.471 2848 2879 D GpsLocationProvider: received SIM realted action:
08-10 11:21:45.473 3451 3736 E DcSwitchStateMachine-0: DctController is not ready
08-10 11:21:45.475 2848 2969 E ConnectivityService: Failed to find Messenger in unregisterNetworkFactory
08-10 11:21:45.477 2848 2969 D ConnectivityService: Got NetworkFactory Messenger for Telephony
08-10 11:21:45.482 2848 3142 I PackageManager: Running dexopt on: /system/priv-app/GooglePartnerSetup/GooglePartnerSetup.apk pkg=com.google.android.partnersetup isa=x86 vmSafeMode=false
08-10 11:21:45.483 3516 3516 W KeyphraseEnrollmentInfo: Enrollment application doesn't support keyphrases
08-10 11:21:45.485 3186 3186 I CameraManagerGlobal: getCameraService: Reconnecting to camera service
08-10 11:21:45.486 3745 3745 I dex2oat : /system/bin/dex2oat --zip-fd=5 --zip-location=/system/priv-app/GooglePartnerSetup/GooglePartnerSetup.apk --oat-fd=6 --oat-location=/data/dalvik-cache/x86/system@priv-app@GooglePartnerSetup@GooglePartnerSetup.apk@classes.dex --instruction-set=x86 --instruction-set-features=default --runtime-arg -Xms64m --runtime-arg -Xmx512m --compiler-filter=interpret-only --swap-fd=7
08-10 11:21:45.486 2848 2968 D WifiService: New client listening to asynchronous messages
08-10 11:21:45.488 2848 3448 W BackupManagerService: dataChanged but no participant pkg='com.android.providers.settings' uid=1001
08-10 11:21:45.488 2848 3140 I PackageManager: Replacing preferred activity com.android.mms/.ui.ComposeMessageActivity for user 0:
08-10 11:21:45.488 2848 3140 I PackageManager: Action: "android.intent.action.SENDTO"
08-10 11:21:45.488 2848 3140 I PackageManager: Category: "android.intent.category.DEFAULT"
08-10 11:21:45.488 2848 3140 I PackageManager: Scheme: "sms"
08-10 11:21:45.489 2848 3140 I PackageManager: Replacing preferred activity com.android.mms/.ui.ComposeMessageActivity for user 0:
08-10 11:21:45.489 2848 3140 I PackageManager: Action: "android.intent.action.SENDTO"
08-10 11:21:45.489 2848 3140 I PackageManager: Category: "android.intent.category.DEFAULT"
08-10 11:21:45.489 2848 3140 I PackageManager: Scheme: "smsto"
08-10 11:21:45.489 2848 3141 I PackageManager: Replacing preferred activity com.android.mms/.ui.ComposeMessageActivity for user 0:
08-10 11:21:45.489 2848 3141 I PackageManager: Action: "android.intent.action.SENDTO"
08-10 11:21:45.489 2848 3141 I PackageManager: Category: "android.intent.category.DEFAULT"
08-10 11:21:45.489 2848 3141 I PackageManager: Scheme: "mms"
08-10 11:21:45.489 2848 3143 I PackageManager: Replacing preferred activity com.android.mms/.ui.ComposeMessageActivity for user 0:
08-10 11:21:45.489 2848 3143 I PackageManager: Action: "android.intent.action.SENDTO"
08-10 11:21:45.489 2848 3143 I PackageManager: Category: "android.intent.category.DEFAULT"
08-10 11:21:45.489 2848 3143 I PackageManager: Scheme: "mmsto"
08-10 11:21:45.489 2848 2879 D GpsLocationProvider: SIM MCC/MNC is still not available
08-10 11:21:45.492 3745 3745 I dex2oat : Decided to run without swap.
08-10 11:21:45.511 3745 3745 I dex2oat : dex2oat took 25.525ms (threads: 4) arena alloc=0B java alloc=446KB native alloc=390KB free=7MB
08-10 11:21:45.517 3720 3720 I ActivityThread: Switching default density from 160 to 240
08-10 11:21:45.519 3757 3757 I dex2oat : /system/bin/dex2oat --runtime-arg -classpath --runtime-arg --instruction-set=x86 --instruction-set-features=default --runtime-arg -Xrelocate --boot-image=/system/framework/boot.art --dex-file=/data/data/com.google.android.googlequicksearchbox/cache/extradex_jars/verified/webview/webview-0.jar --oat-fd=24 --oat-location=/data/data/com.google.android.googlequicksearchbox/cache/extradex_jars/verified/webview/webview-0.dex --runtime-arg -Xms64m --runtime-arg -Xmx512m --compiler-filter=interpret-only
08-10 11:21:45.526 3669 3669 D Finsky : [1] FinskyApp.onCreate: Initializing network with DFE https://android.clients.google.com/fdfe/
08-10 11:21:45.529 2848 2894 D BluetoothManagerService: Message: 20
08-10 11:21:45.529 2848 2894 D BluetoothManagerService: Added callback: android.bluetooth.IBluetoothManagerCallback$Stub$Proxy@32f92505:true
08-10 11:21:45.531 2848 2894 D BluetoothManagerService: Message: 30
08-10 11:21:45.532 2848 2870 D BluetoothManagerService: Trying to bind to profile: 1, while Bluetooth was disabled
08-10 11:21:45.533 3757 3757 I dex2oat : dex2oat took 13.596ms (threads: 4) arena alloc=0B java alloc=399KB native alloc=451KB free=7MB
08-10 11:21:45.533 3637 3637 I SetupWizard.SetupWizardActivity: DEVICE_PROVISIONED=false USER_SETUP_COMPLETE=false
08-10 11:21:45.540 2848 2891 D SettingsProvider: User 0 external modification to /data/data/com.android.providers.settings/databases/settings.db; event=2
08-10 11:21:45.540 2848 2891 D SettingsProvider: User 0 updating our caches for /data/data/com.android.providers.settings/databases/settings.db
08-10 11:21:45.541 3583 3583 I Velvet.VelvetUpgradeTas: Velvet upgraded from -1 to 300403094: running upgrade tasks.
08-10 11:21:45.541 3186 3770 D BluetoothAdapter: 65575190: getState() : mService = null. Returning STATE_OFF
08-10 11:21:45.541 3186 3770 D BluetoothAdapter: 65575190: getState() : mService = null. Returning STATE_OFF
08-10 11:21:45.541 3186 3770 D BluetoothAdapter: 65575190: getState() : mService = null. Returning STATE_OFF
08-10 11:21:45.541 3186 3770 D BluetoothAdapter: 65575190: getState() : mService = null. Returning STATE_OFF
08-10 11:21:45.546 2848 2891 D SettingsProvider: User 0 external modification to /data/data/com.android.providers.settings/databases/settings.db; event=2
08-10 11:21:45.546 2848 2891 D SettingsProvider: User 0 updating our caches for /data/data/com.android.providers.settings/databases/settings.db
08-10 11:21:45.546 3451 3451 I Telephony: TtyManager: updateUiTtyMode -1 -> 0
08-10 11:21:45.553 2848 3142 I ActivityManager: START u0 {act=com.android.wizard.LOAD cmp=com.google.android.setupwizard/.WizardManager (has extras)} from uid 10017 on display 0
08-10 11:21:45.554 2848 3142 V WindowManager: addAppToken: AppWindowToken{c454cf3 token=Token{370d1362 ActivityRecord{133d422d u0 com.google.android.setupwizard/.WizardManager t3}}} to stack=0 task=3 at 1
08-10 11:21:45.554 3186 3784 D OpenGLRenderer: Use EGL_SWAP_BEHAVIOR_PRESERVED: true
08-10 11:21:45.555 3186 3186 I GRALLOC-RADEON: detected chipset 0x679a family 0x35 (vram size -1039MiB, gart size 1019MiB)
08-10 11:21:45.555 3186 3186 I GRALLOC-DRM: create radeon for driver radeon
08-10 11:21:45.556 3186 3186 D Atlas : Validating map...
08-10 11:21:45.558 2848 2881 D GpsLocationProvider: received SIM realted action:
08-10 11:21:45.559 3186 3186 D PhoneStatusBar: disable: < expand icons alerts system_info back home recent clock search
> 08-10 11:21:45.560 2848 2881 D GpsLocationProvider: SIM MCC/MNC is still not available
08-10 11:21:45.562 2848 3603 I ActivityManager: START u0 {act=com.android.setupwizard.EDU_PRE_SETUP flg=0x4000000 cmp=com.google.android.setupwizard/.EduInitializeWrapper (has extras)} from uid 10017 on display 0
08-10 11:21:45.562 2848 3603 V WindowManager: addAppToken: AppWindowToken{288189e5 token=Token{2da544dc ActivityRecord{3fddc54f u0 com.google.android.setupwizard/.EduInitializeWrapper t3}}} to stack=0 task=3 at 2
08-10 11:21:45.563 3669 3669 W Finsky : [1] FinskyApp.getCurrentAccount: No account configured on this device.
08-10 11:21:45.564 3669 3669 W Finsky : [1] FinskyApp.getCurrentAccount: No account configured on this device.
08-10 11:21:45.565 3669 3669 D Finsky : [1] DailyHygiene.goMakeHygieneIfDirty: Dirty, need more hygiene.
08-10 11:21:45.574 2848 3450 I ActivityManager: START u0 {act=com.android.wizard.NEXT cmp=com.google.android.setupwizard/.WizardManager (has extras)} from uid 10017 on display 0
08-10 11:21:45.574 3186 3186 D BluetoothAdapter: 65575190: getState() : mService = null. Returning STATE_OFF
08-10 11:21:45.574 3186 3186 D BluetoothAdapter: 65575190: getState() : mService = null. Returning STATE_OFF
08-10 11:21:45.574 3795 3795 I dex2oat : /system/bin/dex2oat --runtime-arg -classpath --runtime-arg --instruction-set=x86 --instruction-set-features=default --runtime-arg -Xrelocate --boot-image=/system/framework/boot.art --dex-file=/data/data/com.google.android.googlequicksearchbox/cache/extradex_jars/verified/bloblobber/bloblobber-0.jar --oat-fd=27 --oat-location=/data/data/com.google.android.googlequicksearchbox/cache/extradex_jars/verified/bloblobber/bloblobber-0.dex --runtime-arg -Xms64m --runtime-arg -Xmx512m --compiler-filter=interpret-only
08-10 11:21:45.582 3795 3795 I dex2oat : dex2oat took 8.225ms (threads: 4) arena alloc=0B java alloc=90KB native alloc=507KB free=7MB
08-10 11:21:45.584 2848 3450 V WindowManager: addAppToken: AppWindowToken{2ec6b86a token=Token{2cc1b655 ActivityRecord{b19d0c u0 com.google.android.setupwizard/.WizardManager t3}}} to stack=0 task=3 at 3
08-10 11:21:45.588 3411 3741 W FactoryReset: [FactoryResetProtectionManager] Factory reset protection is not supported!
08-10 11:21:45.590 3583 3692 W ResourcesManager: Asset path '/system/framework/com.android.media.remotedisplay.jar' does not exist or contains no resources.
08-10 11:21:45.590 3583 3692 W ResourcesManager: Asset path '/system/framework/com.android.location.provider.jar' does not exist or contains no resources.
08-10 11:21:45.595 2848 3603 I ActivityManager: Start proc 3802:com.google.android.gms:car/u0a7 for service com.google.android.gms/.car.CarService
08-10 11:21:45.596 3186 3186 D PhoneStatusBar: heads up is enabled
08-10 11:21:45.596 3669 3669 W Settings: Setting download_manager_max_bytes_over_mobile has moved from android.provider.Settings.Secure to android.provider.Settings.Global.
08-10 11:21:45.596 3669 3669 W Settings: Setting download_manager_recommended_max_bytes_over_mobile has moved from android.provider.Settings.Secure to android.provider.Settings.Global.
08-10 11:21:45.598 3669 3669 W Finsky : [1] FinskyApp.getCurrentAccount: No account configured on this device.
08-10 11:21:45.598 3669 3669 W Finsky : [1] FinskyApp.getDfeApi: No account configured on this device.
08-10 11:21:45.611 2848 3449 I ActivityManager: Start proc 3822:com.google.android.gms/u0a7 for service com.google.android.gms/.ads.identifier.service.AdvertisingIdService
08-10 11:21:45.620 3583 3692 E art : dlopen("/system/priv-app/PrebuiltGmsCore/lib/x86/libgmscore.so", RTLD_LAZY) failed: dlopen failed: library "/system/priv-app/PrebuiltGmsCore/lib/x86/libgmscore.so" not found
08-10 11:21:45.620 3583 3692 E ProviderInstaller: Unable to load native code from /system/priv-app/PrebuiltGmsCore/lib/x86/libgmscore.so
08-10 11:21:45.620 3583 3692 E ProviderInstaller: Unable to loadLibrary() gmscore
08-10 11:21:45.621 3583 3692 E ProviderInstaller: Failed to install provider: null
08-10 11:21:45.621 3583 3692 W ZipSignatureChecker: could not install gms security provider
08-10 11:21:45.621 3583 3692 W ZipSignatureChecker: com.google.android.gms.common.e
08-10 11:21:45.621 3583 3692 W ZipSignatureChecker: at com.google.android.gms.b.a.aA(Unknown Source)
08-10 11:21:45.621 3583 3692 W ZipSignatureChecker: at com.google.android.extradex.bloblobber.k.(ZipSignatureChecker.java:63)
08-10 11:21:45.621 3583 3692 W ZipSignatureChecker: at com.google.android.extradex.bloblobber.a.(BlobDownloadManager.java:101)
08-10 11:21:45.621 3583 3692 W ZipSignatureChecker: at com.google.android.extradex.bloblobber.a.(BlobDownloadManager.java:93)
08-10 11:21:45.621 3583 3692 W ZipSignatureChecker: at com.google.android.extradex.bloblobber.a.(BlobDownloadManager.java:87)
08-10 11:21:45.621 3583 3692 W ZipSignatureChecker: at com.google.android.extradex.bloblobber.g.(BlobLobberImpl.java:62)
08-10 11:21:45.621 3583 3692 W ZipSignatureChecker: at com.google.android.extradex.bloblobber.g.(BlobLobberImpl.java:55)
08-10 11:21:45.621 3583 3692 W ZipSignatureChecker: at com.google.android.extradex.bloblobber.EntryPoint.maybeInit(EntryPoint.java:54)
08-10 11:21:45.621 3583 3692 W ZipSignatureChecker: at com.google.android.extradex.bloblobber.EntryPoint.getBlobLobberStore(EntryPoint.java:73)
08-10 11:21:45.621 3583 3692 W ZipSignatureChecker: at com.google.android.search.core.dq.a(SearchServiceFactory.java:390)
08-10 11:21:45.621 3583 3692 W ZipSignatureChecker: at com.google.android.search.core.dq.aA(SearchServiceFactory.java:387)
08-10 11:21:45.621 3583 3692 W ZipSignatureChecker: at com.google.b.f.a.j.bz(Futures.java:702)
08-10 11:21:45.621 3583 3692 W ZipSignatureChecker: at com.google.b.f.a.o.run(Futures.java:832)
08-10 11:21:45.621 3583 3692 W ZipSignatureChecker: at com.google.b.f.a.ad.execute(MoreExecutors.java:289)
08-10 11:21:45.621 3583 3692 W ZipSignatureChecker: at com.google.b.f.a.g.execute(ExecutionList.java:149)
08-10 11:21:45.621 3583 3692 W ZipSignatureChecker: at com.google.b.f.a.f.execute(ExecutionList.java:134)
08-10 11:21:45.621 3583 3692 W ZipSignatureChecker: at com.google.android.shared.util.cw.done(NamedListenableFutureTask.java:66)
08-10 11:21:45.621 3583 3692 W ZipSignatureChecker: at java.util.concurrent.FutureTask.finishCompletion(FutureTask.java:355)
08-10 11:21:45.621 3583 3692 W ZipSignatureChecker: at java.util.concurrent.FutureTask.set(FutureTask.java:204)
08-10 11:21:45.621 3583 3692 W ZipSignatureChecker: at java.util.concurrent.FutureTask.run(FutureTask.java:245)
08-10 11:21:45.621 3583 3692 W ZipSignatureChecker: at java.util.concurrent.Executors$RunnableAdapter.call(Executors.java:422)
08-10 11:21:45.621 3583 3692 W ZipSignatureChecker: at java.util.concurrent.FutureTask.run(FutureTask.java:237)
08-10 11:21:45.621 3583 3692 W ZipSignatureChecker: at java.util.concurrent.ScheduledThreadPoolExecutor$ScheduledFutureTask.access$201(ScheduledThreadPoolExecutor.java:152)
08-10 11:21:45.621 3583 3692 W ZipSignatureChecker: at java.util.concurrent.ScheduledThreadPoolExecutor$ScheduledFutureTask.run(ScheduledThreadPoolExecutor.java:265)
08-10 11:21:45.621 3583 3692 W ZipSignatureChecker: at java.util.concurrent.ThreadPoolExecutor.runWorker(ThreadPoolExecutor.java:1112)
08-10 11:21:45.621 3583 3692 W ZipSignatureChecker: at java.util.concurrent.ThreadPoolExecutor$Worker.run(ThreadPoolExecutor.java:587)
08-10 11:21:45.621 3583 3692 W ZipSignatureChecker: at java.lang.Thread.run(Thread.java:818)
08-10 11:21:45.621 3583 3692 W ZipSignatureChecker: at com.google.android.shared.util.bk.run(GsaThreadFactory.java:77)
08-10 11:21:45.623 3186 3186 D StatusBar: user hasn't seen notification about hidden notifications
08-10 11:21:45.623 1808 1848 E Vold : Failed to find mounted volume for /storage/usb0/Android/data/com.google.android.googlequicksearchbox/files/pending_blobs/
08-10 11:21:45.623 1808 1848 W Vold : Returning OperationFailed - no handler for errno 0
08-10 11:21:45.624 3583 3692 W ContextImpl: Failed to ensure directory: /storage/usb0/Android/data/com.google.android.googlequicksearchbox/files/pending_blobs
08-10 11:21:45.624 3802 3802 I ActivityThread: Switching default density from 160 to 240
08-10 11:21:45.625 3186 3186 D StatusBar: insecure lockscreen, skipping notification
08-10 11:21:45.625 2848 2891 D SettingsProvider: User 0 external modification to /data/data/com.android.providers.settings/databases/settings.db; event=2
08-10 11:21:45.625 2848 2891 D SettingsProvider: User 0 updating our caches for /data/data/com.android.providers.settings/databases/settings.db
08-10 11:21:45.625 3802 3802 W ResourcesManager: Asset path '/system/framework/com.android.media.remotedisplay.jar' does not exist or contains no resources.
08-10 11:21:45.625 3802 3802 W ResourcesManager: Asset path '/system/framework/com.android.location.provider.jar' does not exist or contains no resources.
08-10 11:21:45.625 3822 3822 I ActivityThread: Switching default density from 160 to 240
08-10 11:21:45.626 2848 2870 W BackupManagerService: dataChanged but no participant pkg='com.android.providers.settings' uid=10019
08-10 11:21:45.626 3822 3822 W ResourcesManager: Asset path '/system/framework/com.android.media.remotedisplay.jar' does not exist or contains no resources.
08-10 11:21:45.626 3822 3822 W ResourcesManager: Asset path '/system/framework/com.android.location.provider.jar' does not exist or contains no resources.
08-10 11:21:45.629 3186 3186 I Choreographer: Skipped 210 frames! The application may be doing too much work on its main thread.
08-10 11:21:45.629 3186 3186 D ViewRootImpl: changeCanvasOpacity: opaque=true
08-10 11:21:45.632 3802 3802 I MultiDex: VM with version 2.1.0 has multidex support
08-10 11:21:45.632 3802 3802 I MultiDex: install
08-10 11:21:45.632 3802 3802 I MultiDex: VM has multidex support, MultiDex support library is disabled.
08-10 11:21:45.634 2848 3448 I ActivityManager: Start proc 3840:com.cyanogenmod.trebuchet/u0a20 for broadcast com.cyanogenmod.trebuchet/com.android.launcher3.PackageChangedReceiver
08-10 11:21:45.635 3822 3822 I MultiDex: VM with version 2.1.0 has multidex support
08-10 11:21:45.635 3822 3822 I MultiDex: install
08-10 11:21:45.635 3822 3822 I MultiDex: VM has multidex support, MultiDex support library is disabled.
08-10 11:21:45.656 2848 3145 I art : Explicit concurrent mark sweep GC freed 13762(789KB) AllocSpace objects, 7(112KB) LOS objects, 33% free, 8MB/13MB, paused 207us total 11.112ms
08-10 11:21:45.657 2848 3145 I art : DexFile_isDexOptNeeded file /system/priv-app/Trebuchet/x86/Trebuchet.odex needs to be relocated for /system/priv-app/Trebuchet/Trebuchet.apk
08-10 11:21:45.657 2848 3145 I PackageManager: Running patchoat on: com.cyanogenmod.trebuchet
08-10 11:21:45.657 3860 3860 E installd: Running /system/bin/patchoat isa=x86 in-fd=5 (/system/priv-app/Trebuchet/x86/Trebuchet.odex) out-fd=6 (/data/dalvik-cache/x86/system@priv-app@Trebuchet@Trebuchet.apk@classes.dex)
08-10 11:21:45.712 3637 3637 I SetupWizard.WizardManager: onNext actionId=edu_pre_setup resultCode=-1
08-10 11:21:45.714 2848 3140 I ActivityManager: START u0 {act=com.android.setupwizard.WELCOME flg=0x4000000 cmp=com.google.android.setupwizard/.Welcome (has extras)} from uid 10017 on display 0
08-10 11:21:45.714 2848 3140 V WindowManager: addAppToken: AppWindowToken{12b35858 token=Token{26ea493b ActivityRecord{2dc2b3ca u0 com.google.android.setupwizard/.Welcome t3}}} to stack=0 task=3 at 4
08-10 11:21:45.714 3802 3802 I ProviderInstaller: Insert disabled by gate 'gms:security:enable_conscrypt_in_gms_application'
08-10 11:21:45.717 3840 3840 I ActivityThread: Switching default density from 160 to 240
08-10 11:21:45.721 3637 3637 I SetupWizard.WelcomeWrapper: launching subactivity Intent { flg=0x2000000 cmp=com.google.android.setupwizard/.user.WelcomeActivity }
08-10 11:21:45.723 3822 3822 I ProviderInstaller: Insert disabled by gate 'gms:security:enable_conscrypt_in_gms_application'
08-10 11:21:45.724 2848 2872 I ActivityManager: START u0 {flg=0x2000000 cmp=com.google.android.setupwizard/.user.WelcomeActivity (has extras)} from uid 10017 on display 0
08-10 11:21:45.725 2848 2872 V WindowManager: addAppToken: AppWindowToken{30a6225d token=Token{3ac39434 ActivityRecord{2640db07 u0 com.google.android.setupwizard/.user.WelcomeActivity t3}}} to stack=0 task=3 at 5
08-10 11:21:45.727 3840 3840 E ActivityThread: Failed to find provider info for com.android.launcher2.settings
08-10 11:21:45.727 3822 3863 D PackageBroadcastService: Received broadcast action=android.intent.action.PACKAGE_CHANGED and uri=com.google.android.googlequicksearchbox
08-10 11:21:45.731 3840 3840 V Launcher: LauncherAppState inited
08-10 11:21:45.734 3238 3238 I Exchange: onDestroy
08-10 11:21:45.738 3637 3691 I SetupWizard.FrpHelper: FRP status: supported: false, challengeRequired: false
08-10 11:21:45.740 3840 3840 W Launcher: setApplicationContext called twice! old=com.android.launcher3.LauncherApplication@370ffd78 new=com.android.launcher3.LauncherApplication@370ffd78
08-10 11:21:45.742 3822 3822 E Icing : Native load error: dalvik.system.PathClassLoader[DexPathList[[zip file "/system/framework/com.android.location.provider.jar", zip file "/system/framework/com.android.media.remotedisplay.jar", zip file "/system/priv-app/PrebuiltGmsCore/PrebuiltGmsCore.apk"],nativeLibraryDirectories=[/vendor/lib, /system/lib]]] couldn't find "libAppDataSearch.so"
08-10 11:21:45.746 3822 3875 I PeopleContactsSync: CP2 sync disabled
08-10 11:21:45.751 3822 3838 E JavaBinder: *** Uncaught remote exception! (Exceptions are not yet supported across processes.)
08-10 11:21:45.751 3822 3838 E JavaBinder: java.lang.RuntimeException: android.os.RemoteException
08-10 11:21:45.751 3822 3838 E JavaBinder: at android.os.Parcel.writeException(Parcel.java:1446)
08-10 11:21:45.751 3822 3838 E JavaBinder: at android.os.Binder.execTransact(Binder.java:452)
08-10 11:21:45.751 3822 3838 E JavaBinder: Caused by: android.os.RemoteException
08-10 11:21:45.751 3822 3838 E JavaBinder: at com.google.android.gms.ads.identifier.service.b.a(SourceFile:77)
08-10 11:21:45.751 3822 3838 E JavaBinder: at com.google.android.gms.ads.identifier.a.e.onTransact(SourceFile:63)
08-10 11:21:45.751 3822 3838 E JavaBinder: at android.os.Binder.execTransact(Binder.java:446)
08-10 11:21:45.756 3186 3784 I OpenGLRenderer: Initialized EGL, version 1.4
08-10 11:21:45.757 3186 3784 D OpenGLRenderer: Enabling debug mode 0
08-10 11:21:45.759 2848 3140 I ActivityManager: Start proc 3882:com.svox.pico/u0a57 for service com.svox.pico/.PicoService
08-10 11:21:45.759 3637 3637 I TextToSpeech: Sucessfully bound to com.svox.pico
08-10 11:21:45.760 2848 3448 I art : DexFile_isDexOptNeeded file /system/app/PicoTts/x86/PicoTts.odex needs to be relocated for /system/app/PicoTts/PicoTts.apk
08-10 11:21:45.761 2848 3448 I PackageManager: Running patchoat on: com.svox.pico
08-10 11:21:45.761 3901 3901 E installd: Running /system/bin/patchoat isa=x86 in-fd=5 (/system/app/PicoTts/x86/PicoTts.odex) out-fd=6 (/data/dalvik-cache/x86/system@app@PicoTts@PicoTts.apk@classes.dex)
08-10 11:21:45.771 3637 3637 D Ringtone: Problem opening; delegating to remote player
08-10 11:21:45.772 3637 3637 D Ringtone: Problem opening; delegating to remote player
08-10 11:21:45.773 3669 3669 V Finsky : [1] GearheadStateMonitor.onReady: sIsProjecting:false
08-10 11:21:45.773 3802 3818 I CAR.SERVICE: listener not found in list
08-10 11:21:45.773 3882 3882 I ActivityThread: Switching default density from 160 to 240
08-10 11:21:45.782 3822 3903 I Icing : Storage manager: low false usage 0 Bytes avail 1.32GB capacity 1.46GB
08-10 11:21:45.783 3882 3882 V SynthProxy: About to load libttspico.so, applyFilter=true
08-10 11:21:45.784 3451 3451 D TelephonyDebugService: TelephonyDebugService()
08-10 11:21:45.786 2848 2968 D WifiService: New client listening to asynchronous messages
08-10 11:21:45.790 3451 3451 I Telephony: PstnIncomingCallNotifier: Registering: Handler (com.android.internal.telephony.gsm.GSMPhone) {2f3be238}
08-10 11:21:45.793 3669 3669 D Finsky : [1] GmsCoreHelper.cleanupNlp: result=false type=4
08-10 11:21:45.794 3669 3669 D Finsky : [1] RestoreTracker.stopServiceIfDone: Restore complete with 0 success and 0 failed.
08-10 11:21:45.799 3822 3903 I Icing : Version not set, assuming clear data.
08-10 11:21:45.799 3822 3903 I Icing : Clearing storage
08-10 11:21:45.800 3822 3903 E Icing : Error initializing, resetting corpora: Could not create native index
08-10 11:21:45.800 3822 3903 E Icing : Internal init failed
08-10 11:21:45.800 3822 3878 E Icing : Couldn't handle android.intent.action.PACKAGE_CHANGED intent due to initialization failure.
08-10 11:21:45.908 2848 3145 I ActivityManager: Config changes=2004 {1.0 ?mcc?mnc en_US ldltr sw960dp w1280dp h886dp 240dpi xlrg land -touch qwerty/v/v -nav/h s.6}
08-10 11:21:45.908 2848 2881 D ActivityManager: Storing locale en-US for decryption UI
08-10 11:21:45.921 3637 3921 D OpenGLRenderer: Use EGL_SWAP_BEHAVIOR_PRESERVED: true
08-10 11:21:45.921 3637 3637 I GRALLOC-RADEON: detected chipset 0x679a family 0x35 (vram size -1039MiB, gart size 1019MiB)
08-10 11:21:45.921 3637 3637 I GRALLOC-DRM: create radeon for driver radeon
08-10 11:21:45.921 3637 3637 D Atlas : Validating map...
08-10 11:21:45.922 2848 3478 V WindowManager: Based on layer: Adding window Window{12c57556 u0 com.google.android.setupwizard/com.google.android.setupwizard.user.WelcomeActivity} at 1 of 7
08-10 11:21:45.922 3637 3637 I TextToSpeech: Connected to ComponentInfo{com.svox.pico/com.svox.pico.PicoService}
08-10 11:21:45.923 3637 3922 I TextToSpeech: Set up connection to ComponentInfo{com.svox.pico/com.svox.pico.PicoService}
08-10 11:21:45.932 2848 2968 D WifiService: New client listening to asynchronous messages
08-10 11:21:45.932 3186 3186 V KeyguardUpdateMonitor: action android.intent.action.SIM_STATE_CHANGED state: NOT_READY slotId: 0 subid: -2
08-10 11:21:45.939 2848 2848 I ValidateNoPeople: skipping global notification
08-10 11:21:45.939 2848 2848 D ZenLog : disable_effects: -1|com.android.systemui|17301675|null|10019,booleanState
08-10 11:21:45.943 3186 3186 D PhoneStatusBar: disable: < EXPAND* icons ALERTS* system_info back HOME* RECENT* CLOCK* SEARCH*
> 08-10 11:21:45.944 3186 3186 D PhoneStatusBar: heads up is disabled
08-10 11:21:45.944 3186 3186 D PhoneStatusBar: dismissing any existing heads up notification on disable event
08-10 11:21:45.950 3186 3186 D OpenGLRenderer: setting property extraRasterBucket to 0.95
08-10 11:21:45.950 3186 3186 D OpenGLRenderer: failed
08-10 11:21:45.950 3186 3186 D OpenGLRenderer: setting property extraRasterBucket to 0.0
08-10 11:21:45.950 3186 3186 D OpenGLRenderer: failed
08-10 11:21:45.953 3637 3921 I OpenGLRenderer: Initialized EGL, version 1.4
08-10 11:21:45.955 3637 3921 D OpenGLRenderer: Enabling debug mode 0
08-10 11:21:46.034 3186 3186 D KeyguardUpdateMonitor: handleSimStateChange(subId=-2, slotId=0, state=UNKNOWN)
08-10 11:21:46.034 3186 3186 W KeyguardUpdateMonitor: invalid subId in handleSimStateChange()
08-10 11:21:46.036 2848 2895 I ActivityManager: Displayed com.google.android.setupwizard/.user.WelcomeActivity: +309ms (total +3s851ms)
08-10 11:21:46.040 3186 3186 V KeyguardUpdateMonitor: onSubscriptionInfoChanged()
08-10 11:21:46.041 3186 3186 V KeyguardUpdateMonitor: onSubscriptionInfoChanged: list is null
08-10 11:21:47.435 2848 3599 E VoldConnector: NDC Command {9 volume mkdirs /storage/usb1/Android/data/com.google.android.googlequicksearchbox/files/pending_blobs/} took too long (1798ms)
08-10 11:21:47.435 2848 2881 E VoldConnector: NDC Command {10 cryptfs setfield SystemLocale en-US} took too long (1526ms)
08-10 11:21:47.436 1808 1848 E Vold : Failed to find mounted volume for /storage/usb2/Android/data/com.google.android.googlequicksearchbox/files/pending_blobs/
08-10 11:21:47.436 1808 1848 W Vold : Returning OperationFailed - no handler for errno 0
08-10 11:21:47.436 1817 1817 E installd: Unable to unlink boot marker at /data/dalvik-cache/x86/.booting, error=No such file or directory
08-10 11:21:47.436 2848 2881 E ActivityManager: Unable to mark boot complete for abi: x86
08-10 11:21:47.436 3637 3637 I SetupWizard.WelcomeActivity: WelcomeActivity.mLocaleReceiver.onReceive() locale=en_US
08-10 11:21:47.436 2848 2881 I SystemServiceManager: Starting phase 1000
08-10 11:21:47.437 3583 3692 W ContextImpl: Failed to ensure directory: /storage/usb2/Android/data/com.google.android.googlequicksearchbox/files/pending_blobs
08-10 11:21:47.438 3669 3669 D Finsky : [1] ClearCacheReceiver.onReceive: Received android.intent.action.LOCALE_CHANGED. Clearing cache and exiting.
08-10 11:21:47.438 3669 3774 D Volley : [143] DiskBasedCache.clear: Cache cleared.
08-10 11:21:47.438 3669 3788 D Volley : [150] DiskBasedCache.clear: Cache cleared.
08-10 11:21:47.439 3669 3669 I art : System.exit called, status: 0
08-10 11:21:47.439 3669 3669 I AndroidRuntime: VM exiting with result code 0, cleanup skipped.
08-10 11:21:47.442 1808 1848 E Vold : Failed to find mounted volume for /storage/usb3/Android/data/com.google.android.googlequicksearchbox/files/pending_blobs/
08-10 11:21:47.442 1808 1848 W Vold : Returning OperationFailed - no handler for errno 0
08-10 11:21:47.442 3583 3692 W ContextImpl: Failed to ensure directory: /storage/usb3/Android/data/com.google.android.googlequicksearchbox/files/pending_blobs
08-10 11:21:47.443 1808 1848 E Vold : Failed to find mounted volume for /storage/sdcard1/Android/data/com.google.android.googlequicksearchbox/files/pending_blobs/
08-10 11:21:47.443 1808 1848 W Vold : Returning OperationFailed - no handler for errno 0
08-10 11:21:47.443 3583 3692 W ContextImpl: Failed to ensure directory: /storage/sdcard1/Android/data/com.google.android.googlequicksearchbox/files/pending_blobs
08-10 11:21:47.452 2848 2881 I ActivityManager: Start proc 3929:com.google.process.location/u0a7 for on-hold
08-10 11:21:47.455 2617 2617 I art : Explicit concurrent mark sweep GC freed 704(30KB) AllocSpace objects, 0(0B) LOS objects, 40% free, 1918KB/3MB, paused 76us total 4.770ms
08-10 11:21:47.459 3939 3939 I sh : + hw_sh=/vendor/etc/init.sh
08-10 11:21:47.459 3939 3939 I sh : + '[' -e /vendor/etc/init.sh ']'
08-10 11:21:47.459 3939 3939 I sh : + do_bootcomplete
08-10 11:21:47.459 3939 3939 I sh : + init_cpu_governor
08-10 11:21:47.460 3939 3939 I sh : + getprop cpu.governor
08-10 11:21:47.460 2617 2617 I art : Explicit concurrent mark sweep GC freed 7(240B) AllocSpace objects, 0(0B) LOS objects, 39% free, 1918KB/3MB, paused 67us total 4.752ms
08-10 11:21:47.462 3939 3939 I sh : + governor=
08-10 11:21:47.462 3939 3939 I sh : + '[' ']'
08-10 11:21:47.462 3939 3939 I sh : + getprop persist.sys.root_access
08-10 11:21:47.464 2617 2617 I art : Explicit concurrent mark sweep GC freed 5(160B) AllocSpace objects, 0(0B) LOS objects, 39% free, 1918KB/3MB, paused 64us total 4.164ms
08-10 11:21:47.466 3939 3939 I sh : + '[' -z ']'
08-10 11:21:47.466 3939 3939 I sh : + setprop persist.sys.root_access 3
08-10 11:21:47.703 2848 2881 V KeyguardServiceDelegate: *** Keyguard started
08-10 11:21:47.703 2848 2881 W KeyguardServiceDelegate: onScreenTurnedOn(): no keyguard service!
08-10 11:21:47.704 2848 3449 I ActivityManager: Process com.android.vending (pid 3669) has died
08-10 11:21:47.705 2848 3437 I PackageManager: Running dexopt on: /system/priv-app/GoogleBackupTransport/GoogleBackupTransport.apk pkg=com.google.android.backuptransport isa=x86 vmSafeMode=false
08-10 11:21:47.713 3956 3956 I dex2oat : /system/bin/dex2oat --zip-fd=5 --zip-location=/system/priv-app/GoogleBackupTransport/GoogleBackupTransport.apk --oat-fd=6 --oat-location=/data/dalvik-cache/x86/system@priv-app@GoogleBackupTransport@GoogleBackupTransport.apk@classes.dex --instruction-set=x86 --instruction-set-features=default --runtime-arg -Xms64m --runtime-arg -Xmx512m --compiler-filter=interpret-only --swap-fd=7
08-10 11:21:47.719 3939 3939 I sh : + getprop debug.mesa.driver
08-10 11:21:47.721 3939 3939 I sh : + '[' '=' i965 ']'
08-10 11:21:47.721 3939 3939 I sh : + grep -e brcmfmac
08-10 11:21:47.722 3939 3939 I sh : + lsmod
08-10 11:21:47.724 3939 3939 I sh : + lsusb -v
08-10 11:21:47.724 3939 3939 I sh : + awk ' /Class:.E0/ { print $9 } '
08-10 11:21:47.727 3939 3939 I sh : + grep '\[.*\]' /proc/asound/cards
08-10 11:21:47.727 3939 3939 I sh : + awk '{print $1}'
08-10 11:21:47.727 3956 3956 I dex2oat : Decided to run without swap.
08-10 11:21:47.729 3939 3939 I sh : + cat /proc/asound/card0/id
08-10 11:21:47.730 3939 3939 I sh : + f=/system/etc/alsa/PCH.state
08-10 11:21:47.730 3939 3939 I sh : + '[' -e /system/etc/alsa/PCH.state ']'
08-10 11:21:47.730 3939 3939 I sh : + alsa_ctl init 0
08-10 11:21:47.748 3939 3939 I sh : Found hardware: "HDA-Intel" "Realtek ALC892" "HDA:10ec0892,18498892,00100302" "0x1849" "0x8892"
08-10 11:21:47.748 3939 3939 I sh : Hardware is initialized using a generic method
08-10 11:21:47.766 3956 3956 I dex2oat : dex2oat took 53.564ms (threads: 4) arena alloc=0B java alloc=484KB native alloc=404KB free=7MB
08-10 11:21:47.769 3802 3802 I Process : Sending signal. PID: 3802 SIG: 9
08-10 11:21:47.769 1806 1806 E lowmemorykiller: Error writing /proc/3802/oom_score_adj; errno=22
08-10 11:21:47.770 3929 3929 I ActivityThread: Switching default density from 160 to 240
08-10 11:21:47.772 3929 3929 W ResourcesManager: Asset path '/system/framework/com.android.media.remotedisplay.jar' does not exist or contains no resources.
08-10 11:21:47.772 3929 3929 W ResourcesManager: Asset path '/system/framework/com.android.location.provider.jar' does not exist or contains no resources.
08-10 11:21:47.774 2848 2848 V KeyguardServiceDelegate: *** Keyguard connected (yay!)
08-10 11:21:47.775 3583 3583 I Velvet.VelvetUpgradeTas: System upgraded from null to LVY48C: running system upgrade tasks.
08-10 11:21:47.784 2848 3448 I ActivityManager: Process com.google.android.gms:car (pid 3802) has died
08-10 11:21:47.792 2848 3012 V KeyguardServiceDelegate: **** SHOWN CALLED ****
08-10 11:21:47.794 3822 3878 E Icing : Global Search Section Mappings reparsing skipped because init failed
08-10 11:21:47.799 3929 3929 I MultiDex: VM with version 2.1.0 has multidex support
08-10 11:21:47.799 3929 3929 I MultiDex: install
08-10 11:21:47.799 3929 3929 I MultiDex: VM has multidex support, MultiDex support library is disabled.
08-10 11:21:47.799 3822 3976 W GmsApplication: Using Auth Proxy for data requests.
08-10 11:21:47.799 3822 3973 I PeopleDatabaseHelper: cleanUpNonGplusAccounts done.
08-10 11:21:47.800 3822 3973 I PeopleSearchIndexManage: ICU version changed from unknown to 53.1.0.1
08-10 11:21:47.804 3929 3929 I ProviderInstaller: Insert disabled by gate 'gms:security:enable_conscrypt_in_gms_application'
08-10 11:21:47.805 3822 3976 I GoogleURLConnFactory: Using platform SSLCertificateSocketFactory
08-10 11:21:47.805 3822 3976 I GLSUser : [ ChannelManager ] Attempting to channel bind connection HttpClient.
08-10 11:21:47.807 3583 3984 I UpdateIcingCorporaServi: Updating corpora: APPS=FORCE_ALL, CONTACTS=FORCE_ALL
08-10 11:21:47.811 2848 2848 V BackupManagerService: Connected to transport ComponentInfo{com.google.android.backuptransport/com.google.android.backup.BackupTransportService}
08-10 11:21:47.812 2848 2848 V BackupManagerService: Registering transport com.google.android.backuptransport/com.google.android.backup.BackupTransportService::com.google.android.backup/.BackupTransportService = com.android.internal.backup.IBackupTransport$Stub$Proxy@324d4d90
08-10 11:21:47.824 3583 3751 I Search.GservicesUpdateTask: Updating Gservices keys
08-10 11:21:47.827 3822 3973 I PeopleSearchIndexManage: Rebuilding index...
08-10 11:21:47.828 3822 3976 I GLSUser : [ ChannelManager ] Skip channel binding on pre-KLP devices.
08-10 11:21:47.833 3822 3976 W GmsApplication: Using Auth Proxy for data requests.
08-10 11:21:47.835 3583 3747 W Search.SearchUrlHelper: URL param or header with a key: "X-Client-Data" has an empty value.
08-10 11:21:47.837 3186 3186 D PhoneStatusBar: disable: < EXPAND icons ALERTS system_info BACK* HOME RECENT CLOCK SEARCH
> 08-10 11:21:47.842 2848 3141 I ActivityManager: Start proc 4001:com.android.calendar/u0a29 for broadcast com.android.calendar/.alerts.AlertReceiver
08-10 11:21:47.844 3929 3929 I Backup : [BackupTransportMigratorService] Legacy backup transport was not disabled correctly. Going to disable again.
08-10 11:21:47.844 3929 3929 I Backup : [BackupTransportMigratorService] Switch enabled status of com.google.android.backuptransport/com.google.android.backup.BackupTransportService to false
08-10 11:21:47.845 2848 3603 I ActivityManager: Force stopping com.google.android.backuptransport appid=10007 user=0: pkg changed
08-10 11:21:47.845 2848 3603 I ActivityManager: Killing 3929:com.google.process.location/u0a7 (adj 0): stop com.google.android.backuptransport
08-10 11:21:47.848 3822 3973 I PeopleASM: Rebuilding autocomplete index...
08-10 11:21:47.851 2848 2848 V BackupManagerService: Disconnected from transport ComponentInfo{com.google.android.backuptransport/com.google.android.backup.BackupTransportService}
08-10 11:21:47.851 2848 2848 V BackupManagerService: Registering transport com.google.android.backuptransport/com.google.android.backup.BackupTransportService::null = null
08-10 11:21:47.851 3583 3747 I WebViewFactory: Loading com.android.webview version 39 (eng.utente-x86) (code 399997)
08-10 11:21:47.851 3822 3973 I PeopleSearchIndexManage: Rebuilding index done.
08-10 11:21:47.852 2848 3448 I PackageManager: Running dexopt on: /system/app/webview/webview.apk pkg=com.android.webview isa=x86 vmSafeMode=false
08-10 11:21:47.856 4019 4019 I dex2oat : /system/bin/dex2oat --zip-fd=5 --zip-location=/system/app/webview/webview.apk --oat-fd=6 --oat-location=/data/dalvik-cache/x86/system@app@webview@webview.apk@classes.dex --instruction-set=x86 --instruction-set-features=default --runtime-arg -Xms64m --runtime-arg -Xmx512m --compiler-filter=interpret-only --swap-fd=7
08-10 11:21:47.858 2848 3603 W ActivityManager: Scheduling restart of crashed service com.google.android.gms/.backup.BackupTransportService in 1000ms
08-10 11:21:47.858 2848 3603 W ActivityManager: Scheduling restart of crashed service com.google.android.backuptransport/com.google.android.backup.BackupTransportService in 11000ms
08-10 11:21:47.858 2848 3603 I ActivityManager: Force stopping service ServiceRecord{2925fc48 u0 com.google.android.backuptransport/com.google.android.backup.BackupTransportService}
08-10 11:21:47.858 2848 3142 W ActivityManager: Spurious death for ProcessRecord{77aaf3e 3929:com.google.process.location/u0a7}, curProc for 3929: null
08-10 11:21:47.873 4019 4019 I dex2oat : Decided to run without swap.
08-10 11:21:47.902 3939 3939 I sh : + alsa_amixer -c 0 set Master on
08-10 11:21:47.907 3939 3939 I sh : Simple mixer control 'Master',0
08-10 11:21:47.907 3939 3939 I sh : Capabilities: pvolume pvolume-joined pswitch pswitch-joined penum
08-10 11:21:47.907 3939 3939 I sh : Playback channels: Mono
08-10 11:21:47.907 3939 3939 I sh : Limits: Playback 0 - 64
08-10 11:21:47.907 3939 3939 I sh : Mono: Playback 44 [69%] [-20.00dB] [on]
08-10 11:21:47.907 3939 3939 I sh : + alsa_amixer -c 0 set Master 100%
08-10 11:21:47.909 3939 3939 I sh : Simple mixer control 'Master',0
08-10 11:21:47.909 3939 3939 I sh : Capabilities: pvolume pvolume-joined pswitch pswitch-joined penum
08-10 11:21:47.909 3939 3939 I sh : Playback channels: Mono
08-10 11:21:47.909 3939 3939 I sh : Limits: Playback 0 - 64
08-10 11:21:47.909 3939 3939 I sh : Mono: Playback 64 [100%] [0.00dB] [on]
08-10 11:21:47.909 3939 3939 I sh : + alsa_amixer -c 0 set Headphone on
08-10 11:21:47.911 3939 3939 I sh : Simple mixer control 'Headphone',0
08-10 11:21:47.911 3939 3939 I sh : Capabilities: pvolume pswitch penum
08-10 11:21:47.911 3939 3939 I sh : Playback channels: Front Left - Front Right
08-10 11:21:47.911 3939 3939 I sh : Limits: Playback 0 - 64
08-10 11:21:47.911 3939 3939 I sh : Mono:
08-10 11:21:47.911 3939 3939 I sh : Front Left: Playback 64 [100%] [0.00dB] [on]
08-10 11:21:47.911 3939 3939 I sh : Front Right: Playback 64 [100%] [0.00dB] [on]
08-10 11:21:47.911 3939 3939 I sh : + alsa_amixer -c 0 set Headphone 100%
08-10 11:21:47.913 3939 3939 I sh : Simple mixer control 'Headphone',0
08-10 11:21:47.913 3939 3939 I sh : Capabilities: pvolume pswitch penum
08-10 11:21:47.913 3939 3939 I sh : Playback channels: Front Left - Front Right
08-10 11:21:47.913 3939 3939 I sh : Limits: Playback 0 - 64
08-10 11:21:47.913 3939 3939 I sh : Mono:
08-10 11:21:47.913 3939 3939 I sh : Front Left: Playback 64 [100%] [0.00dB] [on]
08-10 11:21:47.913 3939 3939 I sh : Front Right: Playback 64 [100%] [0.00dB] [on]
08-10 11:21:47.913 3939 3939 I sh : + alsa_amixer -c 0 set Speaker 100%
08-10 11:21:47.914 4019 4019 I dex2oat : dex2oat took 58.286ms (threads: 4) arena alloc=0B java alloc=1374KB native alloc=526KB free=7MB
08-10 11:21:47.915 3939 3939 I sh : amixer: Unable to find simple control 'Speaker',0
08-10 11:21:47.915 3939 3939 I sh : + alsa_amixer -c 0 set Capture 100%
08-10 11:21:47.915 2848 3437 I art : DexFile_isDexOptNeeded file /system/app/Calendar/x86/Calendar.odex needs to be relocated for /system/app/Calendar/Calendar.apk
08-10 11:21:47.915 2848 3437 I PackageManager: Running patchoat on: com.android.calendar
08-10 11:21:47.915 4031 4031 E installd: Running /system/bin/patchoat isa=x86 in-fd=5 (/system/app/Calendar/x86/Calendar.odex) out-fd=6 (/data/dalvik-cache/x86/system@app@Calendar@Calendar.apk@classes.dex)
08-10 11:21:47.916 3939 3939 I sh : Simple mixer control 'Capture',0
08-10 11:21:47.916 3939 3939 I sh : Capabilities: cvolume cswitch penum
08-10 11:21:47.916 3939 3939 I sh : Capture channels: Front Left - Front Right
08-10 11:21:47.916 3939 3939 I sh : Limits: Capture 0 - 46
08-10 11:21:47.917 3939 3939 I sh : Front Left: Capture 46 [100%] [30.00dB] [on]
08-10 11:21:47.917 3939 3939 I sh : Front Right: Capture 46 [100%] [30.00dB] [on]
08-10 11:21:47.917 3939 3939 I sh : + alsa_amixer -c 0 set Capture cap
08-10 11:21:47.918 3939 3939 I sh : Simple mixer control 'Capture',0
08-10 11:21:47.918 3939 3939 I sh : Capabilities: cvolume cswitch penum
08-10 11:21:47.918 3939 3939 I sh : Capture channels: Front Left - Front Right
08-10 11:21:47.918 3939 3939 I sh : Limits: Capture 0 - 46
08-10 11:21:47.918 3939 3939 I sh : Front Left: Capture 46 [100%] [30.00dB] [on]
08-10 11:21:47.918 3939 3939 I sh : Front Right: Capture 46 [100%] [30.00dB] [on]
08-10 11:21:47.918 3939 3939 I sh : + alsa_amixer -c 0 set PCM 100 unmute
08-10 11:21:47.920 3939 3939 I sh : amixer: Unable to find simple control 'PCM',0
08-10 11:21:47.920 3939 3939 I sh : + alsa_amixer -c 0 set 'Mic Boost' 3
08-10 11:21:47.922 3939 3939 I sh : amixer: Unable to find simple control 'Mic Boost',0
08-10 11:21:47.922 3939 3939 I sh : + alsa_amixer -c 0 set 'Internal Mic Boost' 3
08-10 11:21:47.924 3939 3939 I sh : amixer: Unable to find simple control 'Internal Mic Boost',0
08-10 11:21:47.924 3939 3939 I sh : + cat /proc/asound/card1/id
08-10 11:21:47.924 3939 3939 I sh : + f=/system/etc/alsa/HDMI.state
08-10 11:21:47.924 3939 3939 I sh : + '[' -e /system/etc/alsa/HDMI.state ']'
08-10 11:21:47.924 3939 3939 I sh : + alsa_ctl init 1
08-10 11:21:47.926 3939 3939 I sh : Found hardware: "HDA-Intel" "ATI R6xx HDMI" "HDA:1002aa01,00aa0100,00100300" "0x174b" "0xaaa0"
08-10 11:21:47.926 3939 3939 I sh : Hardware is initialized using a generic method
08-10 11:21:47.926 3939 3939 I sh : + alsa_amixer -c 1 set Master on
08-10 11:21:47.928 3939 3939 I sh : amixer: Unable to find simple control 'Master',0
08-10 11:21:47.928 3939 3939 I sh : + alsa_amixer -c 1 set Master 100%
08-10 11:21:47.929 3939 3939 I sh : amixer: Unable to find simple control 'Master',0
08-10 11:21:47.930 3939 3939 I sh : + alsa_amixer -c 1 set Headphone on
08-10 11:21:47.931 3939 3939 I sh : amixer: Unable to find simple control 'Headphone',0
08-10 11:21:47.931 3939 3939 I sh : + alsa_amixer -c 1 set Headphone 100%
08-10 11:21:47.933 3939 3939 I sh : amixer: Unable to find simple control 'Headphone',0
08-10 11:21:47.933 3939 3939 I sh : + alsa_amixer -c 1 set Speaker 100%
08-10 11:21:47.935 3939 3939 I sh : amixer: Unable to find simple control 'Speaker',0
08-10 11:21:47.935 3939 3939 I sh : + alsa_amixer -c 1 set Capture 100%
08-10 11:21:47.936 3939 3939 I sh : amixer: Unable to find simple control 'Capture',0
08-10 11:21:47.937 3939 3939 I sh : + alsa_amixer -c 1 set Capture cap
08-10 11:21:47.938 3939 3939 I sh : amixer: Unable to find simple control 'Capture',0
08-10 11:21:47.938 3939 3939 I sh : + alsa_amixer -c 1 set PCM 100 unmute
08-10 11:21:47.940 3939 3939 I sh : amixer: Unable to find simple control 'PCM',0
08-10 11:21:47.940 3939 3939 I sh : + alsa_amixer -c 1 set 'Mic Boost' 3
08-10 11:21:47.942 3939 3939 I sh : amixer: Unable to find simple control 'Mic Boost',0
08-10 11:21:47.942 3939 3939 I sh : + alsa_amixer -c 1 set 'Internal Mic Boost' 3
08-10 11:21:47.944 3939 3939 I sh : amixer: Unable to find simple control 'Internal Mic Boost',0
08-10 11:21:47.944 3939 3939 I sh : + return 0
08-10 11:21:48.006 2848 2955 I InputReader: Reconfiguring input devices. changes=0x00000010
08-10 11:21:48.006 3840 3870 W Launcher.Model: Nobody to tell about the new app. Launcher is probably loading.
08-10 11:21:48.008 2848 2848 D BackupManagerService: Received broadcast Intent { act=android.intent.action.PACKAGE_CHANGED dat=package:com.google.android.backuptransport flg=0x4000010 (has extras) }
08-10 11:21:48.008 2848 2848 I BackupManagerService: Unbinding ComponentInfo{com.google.android.backuptransport/com.google.android.backup.BackupTransportService}
08-10 11:21:48.008 4001 4001 I ActivityThread: Switching default density from 160 to 240
08-10 11:21:48.009 3822 3878 E Icing : Not initialized
08-10 11:21:48.010 3583 3984 E .AppDataSearchProvider: Could not connect to AppDataSearchClient for registerCorpora, error 16
