01-21 19:31:26.307 4130 4130 E RadioService: couldn't load radio module radio.primary (No such file or directory)
01-21 19:31:26.307 4130 4130 E SoundTriggerHwService: couldn't load sound trigger module sound_trigger.primary (No such file or directory)
01-21 19:31:26.310 4129 4129 I art : Thread[1,tid=4129,Native,Thread*=0x779175495a00,peer=0x12c060d0,"main"] recursive attempt to load library "/system/lib64/libmedia_jni.so"
01-21 19:31:26.311 4129 4129 D MtpDeviceJNI: register_android_mtp_MtpDevice
01-21 19:31:26.311 4129 4129 I art : Thread[1,tid=4129,Native,Thread*=0x779175495a00,peer=0x12c060d0,"main"] recursive attempt to load library "/system/lib64/libmedia_jni.so"
01-21 19:31:26.311 4129 4129 I art : Thread[1,tid=4129,Native,Thread*=0x779175495a00,peer=0x12c060d0,"main"] recursive attempt to load library "/system/lib64/libmedia_jni.so"
01-21 19:31:26.321 4129 4129 W Zygote : Class not found for preloading: android.view.Display$ColorTransform
01-21 19:31:26.321 4129 4129 W Zygote : Class not found for preloading: android.view.Display$ColorTransform$1
01-21 19:31:26.342 4129 4129 I System : Loaded time zone names for "" in 7ms (7ms in ICU)
01-21 19:31:26.347 4129 4129 I System : Loaded time zone names for "en_US" in 4ms (4ms in ICU)
01-21 19:31:26.354 4129 4129 I Zygote : ...preloaded 4158 classes in 96ms.
01-21 19:31:26.354 4129 4129 I art : VMRuntime.preloadDexCaches starting
01-21 19:31:26.374 4129 4129 I art : VMRuntime.preloadDexCaches strings total=283847 before=39641 after=39641
01-21 19:31:26.374 4129 4129 I art : VMRuntime.preloadDexCaches types total=23591 before=7878 after=7905
01-21 19:31:26.374 4129 4129 I art : VMRuntime.preloadDexCaches fields total=112054 before=40906 after=41120
01-21 19:31:26.374 4129 4129 I art : VMRuntime.preloadDexCaches methods total=197585 before=82464 after=83024
01-21 19:31:26.374 4129 4129 I art : VMRuntime.preloadDexCaches finished
01-21 19:31:26.374 4129 4129 I Zygote : Preloading resources...
01-21 19:31:26.379 4129 4129 W Resources: Preloaded drawable resource #0x108025c (android:drawable/dialog_background_material) that varies with configuration!!
01-21 19:31:26.380 4129 4129 W Resources: Preloaded color resource #0x10600e2 (android:color/material_grey_800) that varies with configuration!!
01-21 19:31:26.380 4129 4129 W Resources: Preloaded drawable resource #0x10802c9 (android:drawable/floating_popup_background_dark) that varies with configuration!!
01-21 19:31:26.396 4129 4129 I Zygote : ...preloaded 114 resources in 21ms.
01-21 19:31:26.397 4129 4129 W Resources: Preloaded color resource #0x106010b (android:color/background_cache_hint_selector_material_dark) that varies with configuration!!
01-21 19:31:26.397 4129 4129 W Resources: Preloaded color resource #0x1060110 (android:color/btn_default_material_dark) that varies with configuration!!
01-21 19:31:26.398 4129 4129 I Zygote : ...preloaded 41 resources in 2ms.
01-21 19:31:26.398 4129 4129 D libEGL : loaded /system/lib64/egl/libGLES_mesa.so
01-21 19:31:26.407 4129 4129 I Zygote : Preloading shared libraries...
01-21 19:31:26.410 4129 4129 I Zygote : Uninstalled ICU cache reference pinning...
01-21 19:31:26.410 4129 4129 I Zygote : Installed AndroidKeyStoreProvider in 0ms.
01-21 19:31:26.415 4129 4129 I Zygote : Warmed up JCA providers in 5ms.
01-21 19:31:26.415 4129 4129 D Zygote : end preload
01-21 19:31:26.415 4129 4129 I art : Starting a blocking GC Explicit
01-21 19:31:26.421 4129 4129 I art : Explicit concurrent mark sweep GC freed 55557(6MB) AllocSpace objects, 133(2MB) LOS objects, 39% free, 2MB/4MB, paused 27us total 5.920ms
01-21 19:31:26.422 4129 4129 I art : Starting a blocking GC Explicit
01-21 19:31:26.424 4129 4129 I art : Explicit concurrent mark sweep GC freed 4822(178KB) AllocSpace objects, 0(0B) LOS objects, 40% free, 2MB/3MB, paused 26us total 2.438ms
01-21 19:31:26.428 4129 4238 I art : Starting a blocking GC HeapTrim
01-21 19:31:26.428 4129 4129 I art : Starting a blocking GC Background
01-21 19:31:26.429 4134 4136 I SurfaceFlinger: auto set density to 160
01-21 19:31:26.430 4256 4324 D libEGL : loaded /system/lib64/egl/libGLES_mesa.so
01-21 19:31:26.436 4129 4129 E Zygote : Not whitelisted : /android/sys/kernel/debug/tracing/trace_marker
01-21 19:31:26.436 4129 4129 F art : art/runtime/jni_internal.cc:492] JNI FatalError called: frameworks/base/core/jni/com_android_internal_os_Zygote.cpp:467: Unable to construct file descriptor table.
01-21 19:31:26.438 4256 4324 I GRALLOC-RADEON: detected chipset 0x679a family 0x35 (vram size -1039MiB, gart size 2043MiB)
01-21 19:31:26.438 4256 4324 I GRALLOC-DRM: create radeon for driver radeon
01-21 19:31:26.439 4256 4324 I EGL-DRI2: found extension DRI_Core version 1
01-21 19:31:26.439 4256 4324 I EGL-DRI2: found extension DRI_DRI2 version 4
01-21 19:31:26.440 4129 4129 F art : art/runtime/runtime.cc:422] Runtime aborting...
01-21 19:31:26.440 4129 4129 F art : art/runtime/runtime.cc:422] Aborting thread:
01-21 19:31:26.440 4129 4129 F art : art/runtime/runtime.cc:422] "main" prio=5 tid=1 Runnable
01-21 19:31:26.440 4129 4129 F art : art/runtime/runtime.cc:422] | group="" sCount=0 dsCount=0 obj=0x74266850 self=0x779175495a00
01-21 19:31:26.440 4129 4129 F art : art/runtime/runtime.cc:422] | sysTid=4129 nice=0 cgrp=default sched=0/0 handle=0x77917a7dcb40
01-21 19:31:26.440 4129 4129 F art : art/runtime/runtime.cc:422] | state=R schedstat=( 388624082 16110570 63 ) utm=36 stm=2 core=2 HZ=100
01-21 19:31:26.440 4129 4129 F art : art/runtime/runtime.cc:422] | stack=0x7fffc9b04000-0x7fffc9b06000 stackSize=8MB
01-21 19:31:26.440 4129 4129 F art : art/runtime/runtime.cc:422] | held mutexes= "abort lock" "mutator lock"(shared held)
01-21 19:31:26.440 4129 4129 F art : art/runtime/runtime.cc:422] native: #00 pc 0000000000531a1e /android/system/lib64/libart.so (???)
01-21 19:31:26.440 4129 4129 F art : art/runtime/runtime.cc:422] native: #01 pc 000000000050273c /android/system/lib64/libart.so (???)
01-21 19:31:26.440 4129 4129 F art : art/runtime/runtime.cc:422] native: #02 pc 00000000004ef4cb /android/system/lib64/libart.so (???)
01-21 19:31:26.440 4129 4129 F art : art/runtime/runtime.cc:422] native: #03 pc 00000000004ef232 /android/system/lib64/libart.so (???)
01-21 19:31:26.440 4129 4129 F art : art/runtime/runtime.cc:422] native: #04 pc 00000000004e2000 /android/system/lib64/libart.so (???)
01-21 19:31:26.440 4129 4129 F art : art/runtime/runtime.cc:422] native: #05 pc 000000000014ceae /android/system/lib64/libart.so (???)
01-21 19:31:26.440 4129 4129 F art : art/runtime/runtime.cc:422] native: #06 pc 00000000003bfe74 /android/system/lib64/libart.so (???)
01-21 19:31:26.440 4129 4129 F art : art/runtime/runtime.cc:422] native: #07 pc 000000000015bca3 /android/system/lib64/libart.so (???)
01-21 19:31:26.440 4129 4129 F art : art/runtime/runtime.cc:422] native: #08 pc 000000000016d09e /android/system/lib64/libandroid_runtime.so (???)
01-21 19:31:26.440 4129 4129 F art : art/runtime/runtime.cc:422] native: #09 pc 000000000016f8b3 /android/system/lib64/libandroid_runtime.so (???)
01-21 19:31:26.440 4129 4129 F art : art/runtime/runtime.cc:422] native: #10 pc 000000000016ffab /android/system/lib64/libandroid_runtime.so (???)
01-21 19:31:26.440 4129 4129 F art : art/runtime/runtime.cc:422] native: #11 pc 0000000000f3df6a /android/system/framework/x86_64/boot-framework.oat (Java_com_android_internal_os_Zygote_nativeForkSystemServer__II_3II_3_3IJJ+310)
01-21 19:31:26.440 4129 4129 F art : art/runtime/runtime.cc:422]
at com.android.internal.os.Zygote.nativeForkSystemServer(Native method)
01-21 19:31:26.440 4129 4129 F art : art/runtime/runtime.cc:422]
at com.android.internal.os.Zygote.forkSystemServer(Zygote.java:139)
01-21 19:31:26.440 4129 4129 F art : art/runtime/runtime.cc:422]
at com.android.internal.os.ZygoteInit.startSystemServer(ZygoteInit.java:673)
01-21 19:31:26.440 4129 4129 F art : art/runtime/runtime.cc:422]
at com.android.internal.os.ZygoteInit.main(ZygoteInit.java:769)
01-21 19:31:26.440 4129 4129 F art : art/runtime/runtime.cc:422] Dumping all threads without appropriate locks held: thread list lock
01-21 19:31:26.440 4129 4129 F art : art/runtime/runtime.cc:422] All threads:
01-21 19:31:26.440 4129 4129 F art : art/runtime/runtime.cc:422] DALVIK THREADS (1):
01-21 19:31:26.440 4129 4129 F art : art/runtime/runtime.cc:422] "main" prio=5 tid=1 Runnable
01-21 19:31:26.440 4129 4129 F art : art/runtime/runtime.cc:422] | group="" sCount=0 dsCount=0 obj=0x74266850 self=0x779175495a00
01-21 19:31:26.440 4129 4129 F art : art/runtime/runtime.cc:422] | sysTid=4129 nice=0 cgrp=default sched=0/0 handle=0x77917a7dcb40
01-21 19:31:26.440 4129 4129 F art : art/runtime/runtime.cc:422] | state=R schedstat=( 391624143 16110570 63 ) utm=36 stm=2 core=2 HZ=100
01-21 19:31:26.440 4129 4129 F art : art/runtime/runtime.cc:422] | stack=0x7fffc9b04000-0x7fffc9b06000 stackSize=8MB
01-21 19:31:26.440 4129 4129 F art : art/runtime/runtime.cc:422] | held mutexes= "abort lock" "mutator lock"(shared held)
01-21 19:31:26.440 4129 4129 F art : art/runtime/runtime.cc:422] native: #00 pc 0000000000531a1e /android/system/lib64/libart.so (???)
01-21 19:31:26.440 4129 4129 F art : art/runtime/runtime.cc:422] native: #01 pc 000000000050273c /android/system/lib64/libart.so (???)
01-21 19:31:26.440 4129 4129 F art : art/runtime/runtime.cc:422] native: #02 pc 000000000051c3c8 /android/system/lib64/libart.so (???)
01-21 19:31:26.440 4129 4129 F art : art/runtime/runtime.cc:422] native: #03 pc 00000000005137cf /android/system/lib64/libart.so (???)
01-21 19:31:26.440 4129 4129 F art : art/runtime/runtime.cc:422] native: #04 pc 00000000005133d0 /android/system/lib64/libart.so (???)
01-21 19:31:26.440 4129 4129 F art : art/runtime/runtime.cc:422] native: #05 pc 00000000004ef29d /android/system/lib64/libart.so (???)
01-21 19:31:26.440 4129 4129 F art : art/runtime/runtime.cc:422] native: #06 pc 00000000004e2000 /android/system/lib64/libart.so (???)
01-21 19:31:26.440 4129 4129 F art : art/runtime/runtime.cc:422] native: #07 pc 000000000014ceae /android/system/lib64/libart.so (???)
01-21 19:31:26.440 4129 4129 F art : art/runtime/runtime.cc:422] native: #08 pc 00000000003bfe74 /android/system/lib64/libart.so (???)
01-21 19:31:26.440 4129 4129 F art : art/runtime/runtime.cc:422] native: #09 pc 000000000015bca3 /android/system/lib64/libart.so (???)
01-21 19:31:26.440 4129 4129 F art : art/runtime/runtime.cc:422] native: #10 pc 000000000016d09e /android/system/lib64/libandroid_runtime.so (???)
01-21 19:31:26.440 4129 4129 F art : art/runtime/runtime.cc:422] native: #11 pc 000000000016f8b3 /android/system/lib64/libandroid_runtime.so (???)
01-21 19:31:26.440 4129 4129 F art : art/runtime/runtime.cc:422] native: #12 pc 000000000016ffab /android/system/lib64/libandroid_runtime.so (???)
01-21 19:31:26.440 4129 4129 F art : art/runtime/runtime.cc:422] native: #13 pc 0000000000f3df6a /android/system/framework/x86_64/boot-framework.oat (Java_com_android_internal_os_Zygote_nativeForkSystemServer__II_3II_3_3IJJ+310)
01-21 19:31:26.440 4129 4129 F art : art/runtime/runtime.cc:422]
at com.android.internal.os.Zygote.nativeForkSystemServer(Native method)
01-21 19:31:26.440 4129 4129 F art : art/runtime/runtime.cc:422]
at com.android.internal.os.Zygote.forkSystemServer(Zygote.java:139)
01-21 19:31:26.440 4129 4129 F art : art/runtime/runtime.cc:422]
at com.android.internal.os.ZygoteInit.startSystemServer(ZygoteInit.java:673)
01-21 19:31:26.440 4129 4129 F art : art/runtime/runtime.cc:422]
at com.android.internal.os.ZygoteInit.main(ZygoteInit.java:769)
01-21 19:31:26.440 4129 4129 F art : art/runtime/runtime.cc:422]
01-21 19:31:26.440 4129 4129 F art : art/runtime/runtime.cc:422]
01-21 19:31:26.440 4129 4129 F libc : Fatal signal 6 (SIGABRT), code -6 in tid 4129 (main)
01-21 19:31:26.440 1443 1443 W : debuggerd: handling request: pid=4129 uid=0 gid=0 tid=4129
01-21 19:31:26.440 4256 4324 I EGL-DRI2: found extension DRI_TexBuffer version 2
01-21 19:31:26.440 4256 4324 I EGL-DRI2: found extension DRI2_Flush version 4
01-21 19:31:26.440 4256 4324 I EGL-DRI2: found extension DRI_IMAGE version 12
01-21 19:31:26.440 4256 4324 I EGL-DRI2: found extension DRI_RENDERER_QUERY version 1
01-21 19:31:26.440 4256 4324 I EGL-DRI2: found extension DRI_CONFIG_QUERY version 1
01-21 19:31:26.440 4256 4324 I EGL-DRI2: found extension DRI2_Fence version 2
01-21 19:31:26.440 4256 4324 I EGL-DRI2: found extension DRI2_Interop version 1
01-21 19:31:26.440 4256 4324 I EGL-DRI2: found extension DRI_Robustness version 1
01-21 19:31:26.441 4256 4324 E cutils-trace: Error opening trace file: Permission denied (13)
01-21 19:31:26.442 4333 4333 E : debuggerd: Unable to connect to activity manager (connect failed: No such file or directory)
01-21 19:31:26.465 4134 4134 F libc : Fatal signal 11 (SIGSEGV), code 1, fault addr 0x0 in tid 4134 (surfaceflinger)
01-21 19:31:26.485 4133 4133 V NatController: runCmd(/system/bin/iptables -w -F natctrl_FORWARD) res=0
01-21 19:31:26.487 4133 4133 V NatController: runCmd(/system/bin/ip6tables -w -F natctrl_FORWARD) res=0
01-21 19:31:26.488 4133 4133 V NatController: runCmd(/system/bin/iptables -w -A natctrl_FORWARD -j DROP) res=0
01-21 19:31:26.490 4133 4133 V NatController: runCmd(/system/bin/iptables -w -t nat -F natctrl_nat_POSTROUTING) res=0
01-21 19:31:26.491 4133 4133 V NatController: runCmd(/system/bin/ip6tables -w -t raw -F natctrl_raw_PREROUTING) res=0
01-21 19:31:26.493 4333 4333 F DEBUG : *** *** *** *** *** *** *** *** *** *** *** *** *** *** *** ***
01-21 19:31:26.493 4333 4333 F DEBUG : Build fingerprint: 'Android-x86/android_x86_64/x86_64:7.1.1/NMF26O/utente12301216:eng/test-keys'
01-21 19:31:26.493 4333 4333 F DEBUG : Revision: '0'
01-21 19:31:26.493 4333 4333 F DEBUG : ABI: 'x86_64'
01-21 19:31:26.493 4333 4333 F DEBUG : pid: 4129, tid: 4129, name: main >>> zygote64 <<<
01-21 19:31:26.493 4333 4333 F DEBUG : signal 6 (SIGABRT), code -6 (SI_TKILL), fault addr --------
01-21 19:31:26.493 4133 4133 V NatController: runCmd(/system/bin/iptables -w -F natctrl_tether_counters) res=0
01-21 19:31:26.493 4333 4333 F DEBUG : Abort message: 'art/runtime/jni_internal.cc:492] JNI FatalError called: frameworks/base/core/jni/com_android_internal_os_Zygote.cpp:467: Unable to construct file descriptor table.'
01-21 19:31:26.493 4333 4333 F DEBUG : rax 0000000000000000 rbx 000077917a7dcbe8 rcx 0000779176242c27 rdx 0000000000000006
01-21 19:31:26.493 4333 4333 F DEBUG : rsi 0000000000001021 rdi 0000000000001021
01-21 19:31:26.493 4333 4333 F DEBUG : r8 ffffffffffffffe8 r9 0000000000000003 r10 0000000000000008 r11 0000000000000206
01-21 19:31:26.493 4333 4333 F DEBUG : r12 0000000000001021 r13 0000000000000006 r14 000077916a695a40 r15 00007fffca2fef31
01-21 19:31:26.493 4333 4333 F DEBUG : cs 0000000000000033 ss 000000000000002b
01-21 19:31:26.493 4333 4333 F DEBUG : rip 0000779176242c27 rbp 0000000000000002 rsp 00007fffca2fedf8 eflags 0000000000000206
01-21 19:31:26.494 4133 4133 V NatController: runCmd(/system/bin/ip6tables -w -F natctrl_tether_counters) res=0
01-21 19:31:26.496 4133 4133 V NatController: runCmd(/system/bin/iptables -w -X natctrl_tether_counters) res=0
01-21 19:31:26.497 4133 4133 V NatController: runCmd(/system/bin/ip6tables -w -X natctrl_tether_counters) res=0
01-21 19:31:26.499 4133 4133 V NatController: runCmd(/system/bin/iptables -w -N natctrl_tether_counters) res=0
01-21 19:31:26.501 4133 4133 V NatController: runCmd(/system/bin/ip6tables -w -N natctrl_tether_counters) res=0
01-21 19:31:26.502 4133 4133 V NatController: runCmd(/system/bin/iptables -w -t mangle -A natctrl_mangle_FORWARD -p tcp --tcp-flags SYN SYN -j TCPMSS --clamp-mss-to-pmtu) res=0
01-21 19:31:26.516 4133 4133 E Netd : /system/bin/iptables-restore failed with res=0, status=256
01-21 19:31:26.517 4133 4133 E Netd : /system/bin/ip6tables-restore failed with res=0, status=256
01-21 19:31:26.528 4377 4377 E ProbeModule: insmod_by_dep: cannot load module: [netdev-dummy0]
01-21 19:31:26.534 4378 4378 E ProbeModule: insmod_by_dep: cannot load module: [dummy0]
01-21 19:31:26.534 4133 4133 E Netd : cannot find interface dummy0
01-21 19:31:26.541 4381 4381 E ProbeModule: insmod_by_dep: cannot load module: [net-pf-16-proto-5]
01-21 19:31:26.541 4133 4133 E Netd : Unable to create netlink socket: Protocol not supported
01-21 19:31:26.541 4133 4133 W Netd : Unable to open qlog quota socket, check if xt_quota2 can send via UeventHandler
01-21 19:31:26.541 4133 4133 D MDnsDS : MDnsSdListener::Hander starting up
01-21 19:31:26.541 4133 4384 D MDnsDS : MDnsSdListener starting to monitor
01-21 19:31:26.541 4133 4384 D MDnsDS : Going to poll with pollCount 1
01-21 19:31:26.632 4333 4333 F DEBUG :
01-21 19:31:26.632 4333 4333 F DEBUG : backtrace:
01-21 19:31:26.632 4333 4333 F DEBUG : #00 pc 000000000008dc27 /system/lib64/libc.so (tgkill+7)
01-21 19:31:26.632 4333 4333 F DEBUG : #01 pc 000000000008a681 /system/lib64/libc.so (pthread_kill+65)
01-21 19:31:26.632 4333 4333 F DEBUG : #02 pc 0000000000030301 /system/lib64/libc.so (raise+17)
01-21 19:31:26.632 4333 4333 F DEBUG : #03 pc 000000000002883d /system/lib64/libc.so (abort+77)
01-21 19:31:26.632 4333 4333 F DEBUG : #04 pc 00000000004e215a /system/lib64/libart.so (_ZN3art7Runtime5AbortEPKc+474)
01-21 19:31:26.632 4333 4333 F DEBUG : #05 pc 000000000014ceae /system/lib64/libart.so (_ZN3art10LogMessageD1Ev+1630)
01-21 19:31:26.632 4333 4333 F DEBUG : #06 pc 00000000003bfe74 /system/lib64/libart.so (_ZN3art3JNI10FatalErrorEP7_JNIEnvPKc+148)
01-21 19:31:26.632 4333 4333 F DEBUG : #07 pc 000000000015bca3 /system/lib64/libart.so (_ZN3art8CheckJNI10FatalErrorEP7_JNIEnvPKc+851)
01-21 19:31:26.632 4333 4333 F DEBUG : #08 pc 000000000016d09e /system/lib64/libandroid_runtime.so
01-21 19:31:26.632 4333 4333 F DEBUG : #09 pc 000000000016f8b3 /system/lib64/libandroid_runtime.so
01-21 19:31:26.632 4333 4333 F DEBUG : #10 pc 000000000016ffab /system/lib64/libandroid_runtime.so
01-21 19:31:26.632 4333 4333 F DEBUG : #11 pc 0000000002548f6a /system/framework/x86_64/boot-framework.oat (offset 0x160b000) (com.android.internal.os.Zygote.nativeForkSystemServer+310)
01-21 19:31:26.632 4333 4333 F DEBUG : #12 pc 0000000002548b37 /system/framework/x86_64/boot-framework.oat (offset 0x160b000) (com.android.internal.os.Zygote.forkSystemServer+147)
01-21 19:31:26.632 4333 4333 F DEBUG : #13 pc 0000000002551121 /system/framework/x86_64/boot-framework.oat (offset 0x160b000) (com.android.internal.os.ZygoteInit.startSystemServer+893)
01-21 19:31:26.632 4333 4333 F DEBUG : #14 pc 000000000254ddec /system/framework/x86_64/boot-framework.oat (offset 0x160b000) (com.android.internal.os.ZygoteInit.main+1096)
01-21 19:31:26.632 4333 4333 F DEBUG : #15 pc 0000000000138516 /system/lib64/libart.so (art_quick_invoke_static_stub+806)
01-21 19:31:26.632 4333 4333 F DEBUG : #16 pc 00000000001463ec /system/lib64/libart.so (_ZN3art9ArtMethod6InvokeEPNS_6ThreadEPjjPNS_6JValueEPKc+268)
01-21 19:31:26.632 4333 4333 F DEBUG : #17 pc 00000000004daeb7 /system/lib64/libart.so (_ZN3artL18InvokeWithArgArrayERKNS_33ScopedObjectAccessAlreadyRunnableEPNS_9ArtMethodEPNS_8ArgArrayEPNS_6JValueEPKc+87)
01-21 19:31:26.632 4333 4333 F DEBUG : #18 pc 00000000004daa64 /system/lib64/libart.so (_ZN3art17InvokeWithVarArgsERKNS_33ScopedObjectAccessAlreadyRunnableEP8_jobjectP10_jmethodIDP13__va_list_tag+388)
01-21 19:31:26.632 4333 4333 F DEBUG : #19 pc 00000000003dc08d /system/lib64/libart.so (_ZN3art3JNI21CallStaticVoidMethodVEP7_JNIEnvP7_jclassP10_jmethodIDP13__va_list_tag+781)
01-21 19:31:26.632 4333 4333 F DEBUG : #20 pc 000000000016d08a /system/lib64/libart.so (_ZN3art8CheckJNI11CallMethodVEPKcP7_JNIEnvP8_jobjectP7_jclassP10_jmethodIDP13__va_list_tagNS_9Primitive4TypeENS_10InvokeTypeE+3562)
01-21 19:31:26.632 4333 4333 F DEBUG : #21 pc 000000000016100f /system/lib64/libart.so (_ZN3art8CheckJNI21CallStaticVoidMethodVEP7_JNIEnvP7_jclassP10_jmethodIDP13__va_list_tag+47)
01-21 19:31:26.632 4333 4333 F DEBUG : #22 pc 00000000000aa832 /system/lib64/libandroid_runtime.so (_ZN7_JNIEnv20CallStaticVoidMethodEP7_jclassP10_jmethodIDz+146)
01-21 19:31:26.632 4333 4333 F DEBUG : #23 pc 00000000000ad679 /system/lib64/libandroid_runtime.so (_ZN7android14AndroidRuntime5startEPKcRKNS_6VectorINS_7String8EEEb+665)
01-21 19:31:26.632 4333 4333 F DEBUG : #24 pc 0000000000002318 /system/bin/app_process64
01-21 19:31:26.632 4333 4333 F DEBUG : #25 pc 000000000001c994 /system/lib64/libc.so (__libc_init+84)
01-21 19:31:26.632 4333 4333 F DEBUG : #26 pc 0000000000001cf4 /system/bin/app_process64
01-21 19:31:26.632 4333 4333 F DEBUG : #27 pc 0000000000000005
01-21 19:31:26.658 1443 1443 W : debuggerd: resuming target 4129
01-21 19:31:26.658 1443 1443 W : debuggerd: handling request: pid=4134 uid=0 gid=1003 tid=4134
01-21 19:31:26.660 4393 4393 E : debuggerd: Unable to connect to activity manager (connect failed: No such file or directory)
01-21 19:31:26.667 1456 1456 I ServiceManager: service 'media.audio_flinger' died
01-21 19:31:26.667 1456 1456 I ServiceManager: service 'media.audio_policy' died
01-21 19:31:26.667 1456 1456 I ServiceManager: service 'media.sound_trigger_hw' died
01-21 19:31:26.667 1456 1456 I ServiceManager: service 'media.radio' died
01-21 19:31:26.669 1456 1456 I ServiceManager: service 'netd' died
01-21 19:31:26.669 1456 1456 I ServiceManager: service 'media.player' died
01-21 19:31:26.669 1456 1456 I ServiceManager: service 'media.resource_manager' died
01-21 19:31:26.710 4393 4393 F DEBUG : *** *** *** *** *** *** *** *** *** *** *** *** *** *** *** ***
01-21 19:31:26.710 4393 4393 F DEBUG : Build fingerprint: 'Android-x86/android_x86_64/x86_64:7.1.1/NMF26O/utente12301216:eng/test-keys'
01-21 19:31:26.710 4393 4393 F DEBUG : Revision: '0'
01-21 19:31:26.710 4393 4393 F DEBUG : ABI: 'x86_64'
01-21 19:31:26.710 4393 4393 F DEBUG : pid: 4134, tid: 4134, name: surfaceflinger >>> /system/bin/surfaceflinger <<<
01-21 19:31:26.710 4393 4393 F DEBUG : signal 11 (SIGSEGV), code 1 (SEGV_MAPERR), fault addr 0x0
01-21 19:31:26.710 4393 4393 F DEBUG : rax 000078abf2bcba40 rbx 000078abf8474a20 rcx 0000000000000000 rdx 0000000000000020
01-21 19:31:26.710 4393 4393 F DEBUG : rsi 0000000000000000 rdi 000078abf2bcba40
01-21 19:31:26.710 4393 4393 F DEBUG : r8 ffffffffffffffd8 r9 0400050000000000 r10 0000000000000002 r11 0000000000000246
01-21 19:31:26.711 4393 4393 F DEBUG : r12 000078abf8474600 r13 0000000001000000 r14 000078abf8474a48 r15 000078abf2ee9700
01-21 19:31:26.711 4393 4393 F DEBUG : cs 0000000000000033 ss 000000000000002b
01-21 19:31:26.711 4393 4393 F DEBUG : rip 000078abf74d15f8 rbp 0000000000500000 rsp 00007ffe0ecf5bf0 eflags 0000000000010202
01-21 19:31:26.713 4393 4393 F DEBUG :
01-21 19:31:26.713 4393 4393 F DEBUG : backtrace:
01-21 19:31:26.713 4393 4393 F DEBUG : #00 pc 000000000024f5f8 /system/lib64/dri/gallium_dri.so
01-21 19:31:26.713 4393 4393 F DEBUG : #01 pc 0000000000262843 /system/lib64/dri/gallium_dri.so
01-21 19:31:26.713 4393 4393 F DEBUG : #02 pc 0000000000260816 /system/lib64/dri/gallium_dri.so
01-21 19:31:26.713 4393 4393 F DEBUG : #03 pc 000000000026258a /system/lib64/dri/gallium_dri.so
01-21 19:31:26.713 4393 4393 F DEBUG : #04 pc 0000000000607187 /system/lib64/dri/gallium_dri.so
01-21 19:31:26.713 4393 4393 F DEBUG : #05 pc 000000000023d335 /system/lib64/dri/gallium_dri.so
01-21 19:31:26.713 4393 4393 F DEBUG : #06 pc 0000000000459079 /system/lib64/dri/gallium_dri.so
01-21 19:31:26.713 4393 4393 F DEBUG : #07 pc 00000000004752cf /system/lib64/dri/gallium_dri.so
01-21 19:31:26.713 4393 4393 F DEBUG : #08 pc 000000000043e6c1 /system/lib64/dri/gallium_dri.so
01-21 19:31:26.713 4393 4393 F DEBUG : #09 pc 0000000000040f7e /system/lib64/libsurfaceflinger.so
01-21 19:31:26.713 4393 4393 F DEBUG : #10 pc 000000000003edd2 /system/lib64/libsurfaceflinger.so
01-21 19:31:26.713 4393 4393 F DEBUG : #11 pc 00000000000479a5 /system/lib64/libsurfaceflinger.so
01-21 19:31:26.713 4393 4393 F DEBUG : #12 pc 0000000000048b80 /system/lib64/libsurfaceflinger.so
01-21 19:31:26.713 4393 4393 F DEBUG : #13 pc 000000000004724b /system/lib64/libsurfaceflinger.so
01-21 19:31:26.713 4393 4393 F DEBUG : #14 pc 000000000004602a /system/lib64/libsurfaceflinger.so
01-21 19:31:26.713 4393 4393 F DEBUG : #15 pc 0000000000045e0a /system/lib64/libsurfaceflinger.so
01-21 19:31:26.713 4393 4393 F DEBUG : #16 pc 0000000000018799 /system/lib64/libutils.so (_ZN7android6Looper9pollInnerEi+841)
01-21 19:31:26.713 4393 4393 F DEBUG : #17 pc 000000000001838a /system/lib64/libutils.so (_ZN7android6Looper8pollOnceEiPiS1_PPv+42)
01-21 19:31:26.713 4393 4393 F DEBUG : #18 pc 0000000000035409 /system/lib64/libsurfaceflinger.so
01-21 19:31:26.713 4393 4393 F DEBUG : #19 pc 00000000000458a7 /system/lib64/libsurfaceflinger.so (_ZN7android14SurfaceFlinger3runEv+23)
01-21 19:31:26.713 4393 4393 F DEBUG : #20 pc 0000000000001485 /system/bin/surfaceflinger
01-21 19:31:26.713 4393 4393 F DEBUG : #21 pc 000000000001c994 /system/lib64/libc.so (__libc_init+84)
01-21 19:31:26.713 4393 4393 F DEBUG : #22 pc 00000000000011c4 /system/bin/surfaceflinger
01-21 19:31:26.713 4393 4393 F DEBUG : #23 pc 0000000000000000
01-21 19:31:26.737 1443 1443 W : debuggerd: resuming target 4134
01-21 19:31:26.742 1456 1456 I ServiceManager: service 'gpu' died
01-21 19:31:26.742 1456 1456 I ServiceManager: service 'SurfaceFlinger' died
01-21 19:31:26.742 4256 4324 W EGL-DRI2: Could not dequeue buffer from native window
01-21 19:31:26.742 4256 4256 W SurfaceComposerClient: ComposerService remote (surfaceflinger) died [0x71db12e7a500]
01-21 19:31:26.742 4256 4256 D BootAnimation: SurfaceFlinger died, exiting...
01-21 19:31:31.783 4402 4402 I Netd : Netd 1.0 starting
01-21 19:31:31.783 4402 4402 D TetherController: Setting IP forward enable = 0
01-21 19:31:31.785 4403 4403 I SurfaceFlinger: SurfaceFlinger is starting
01-21 19:31:31.788 4403 4403 I SurfaceFlinger: SurfaceFlinger's main thread ready to run. Initializing graphics H/W...
01-21 19:31:31.793 4403 4403 D libEGL : loaded /system/lib64/egl/libGLES_mesa.so
01-21 19:31:31.806 4403 4403 I GRALLOC-RADEON: detected chipset 0x679a family 0x35 (vram size -1034MiB, gart size 2043MiB)
01-21 19:31:31.806 4403 4403 I GRALLOC-DRM: create radeon for driver radeon
01-21 19:31:31.811 4399 4399 I : sMaxFastTracks = 8
01-21 19:31:31.811 4399 4399 I audioserver: ServiceManager: 0xf619af20
01-21 19:31:31.811 4399 4399 W BatteryNotifier: batterystats service unavailable!
01-21 19:31:31.811 4399 4399 I AudioFlinger: Using default 3000 mSec as standby time.
01-21 19:31:31.812 4399 4399 I AudioPolicyService: AudioPolicyService CSTOR in new mode
01-21 19:31:31.812 4399 4399 I APM::ConfigParsingUtils: loadAudioPolicyConfig() loaded /system/etc/audio_policy.conf
01-21 19:31:31.825 4401 4401 I mediaserver: ServiceManager: 0xeec9afa0
01-21 19:31:31.826 4401 4401 W BatteryNotifier: batterystats service unavailable!
01-21 19:31:31.842 4400 4400 I cameraserver: ServiceManager: 0xef39af20
01-21 19:31:31.842 4403 4403 I EGL-DRI2: found extension DRI_Core version 1
01-21 19:31:31.842 4403 4403 I EGL-DRI2: found extension DRI_DRI2 version 4
01-21 19:31:31.842 4400 4400 I CameraService: CameraService started (pid=4400)
01-21 19:31:31.842 4400 4400 I CameraService: CameraService process starting
01-21 19:31:31.842 4400 4400 W BatteryNotifier: batterystats service unavailable!
01-21 19:31:31.842 4400 4400 W BatteryNotifier: batterystats service unavailable!
01-21 19:31:31.842 4400 4400 D Camera_Factory: CameraFactory::CameraFactory
01-21 19:31:31.842 4400 4400 D Camera_Factory: CameraFactory::parseConfig: configFile = /etc/camera.cfg
01-21 19:31:31.842 4400 4400 D Camera_Factory: /etc/camera.cfg not found, using camera configuration defaults
01-21 19:31:31.842 4400 4400 E cutils-trace: Error opening trace file: Permission denied (13)
01-21 19:31:31.842 4400 4400 D Camera_Factory: CameraFactory::get_number_of_cameras
01-21 19:31:31.842 4400 4400 D Camera_Factory: CameraFactory::getCameraNum: 0
01-21 19:31:31.842 4400 4400 I CameraService: Loaded "Camera Module" camera module
01-21 19:31:31.842 4400 4400 D Camera_Factory: CameraFactory::get_number_of_cameras
01-21 19:31:31.842 4400 4400 D Camera_Factory: CameraFactory::getCameraNum: 0
01-21 19:31:31.842 4400 4400 D Camera_Factory: CameraFactory::get_number_of_cameras
01-21 19:31:31.842 4400 4400 D Camera_Factory: CameraFactory::getCameraNum: 0
01-21 19:31:31.843 4400 4400 I ServiceManager: Waiting for service media.camera.proxy...
01-21 19:31:31.843 4403 4403 I EGL-DRI2: found extension DRI_TexBuffer version 2
01-21 19:31:31.843 4403 4403 I EGL-DRI2: found extension DRI2_Flush version 4
01-21 19:31:31.843 4403 4403 I EGL-DRI2: found extension DRI_IMAGE version 12
01-21 19:31:31.843 4403 4403 I EGL-DRI2: found extension DRI_RENDERER_QUERY version 1
01-21 19:31:31.843 4403 4403 I EGL-DRI2: found extension DRI_CONFIG_QUERY version 1
01-21 19:31:31.843 4403 4403 I EGL-DRI2: found extension DRI2_Fence version 2
01-21 19:31:31.843 4403 4403 I EGL-DRI2: found extension DRI2_Interop version 1
01-21 19:31:31.843 4403 4403 I EGL-DRI2: found extension DRI_Robustness version 1
01-21 19:31:31.844 4403 4403 D GRALLOC-KMS: supported drm planes and formats
01-21 19:31:31.956 4398 4398 D AndroidRuntime: >>>>>> START com.android.internal.os.ZygoteInit uid 0 <<<<<<
01-21 19:31:31.957 4398 4398 D AndroidRuntime: CheckJNI is ON
01-21 19:31:31.957 4398 4398 I art : option[0]=-Xzygote
01-21 19:31:31.957 4398 4398 I art : option[1]=-Xcheck:jni
01-21 19:31:31.957 4398 4398 I art : option[2]=-Xstacktracefile:/data/anr/traces.txt
01-21 19:31:31.957 4398 4398 I art : option[3]=exit
01-21 19:31:31.957 4398 4398 I art : option[4]=vfprintf
01-21 19:31:31.957 4398 4398 I art : option[5]=sensitiveThread
01-21 19:31:31.957 4398 4398 I art : option[6]=-verbose:gc
01-21 19:31:31.957 4398 4398 I art : option[7]=-Xms16m
01-21 19:31:31.957 4398 4398 I art : option[8]=-Xmx512m
01-21 19:31:31.957 4398 4398 I art : option[9]=-XX:HeapGrowthLimit=192m
01-21 19:31:31.957 4398 4398 I art : option[10]=-XX:HeapMinFree=512k
01-21 19:31:31.957 4398 4398 I art : option[11]=-XX:HeapMaxFree=8m
01-21 19:31:31.957 4398 4398 I art : option[12]=-XX:HeapTargetUtilization=0.75
01-21 19:31:31.957 4398 4398 I art : option[13]=-Xusejit:true
01-21 19:31:31.957 4398 4398 I art : option[14]=-Xjitsaveprofilinginfo
01-21 19:31:31.957 4398 4398 I art : option[15]=-agentlib:jdwp=transport=dt_android_adb,suspend=n,server=y
01-21 19:31:31.957 4398 4398 I art : option[16]=-Xlockprofthreshold:500
01-21 19:31:31.957 4398 4398 I art : option[17]=-Ximage-compiler-option
01-21 19:31:31.957 4398 4398 I art : option[18]=--runtime-arg
01-21 19:31:31.957 4398 4398 I art : option[19]=-Ximage-compiler-option
01-21 19:31:31.957 4398 4398 I art : option[20]=-Xms64m
01-21 19:31:31.957 4398 4398 I art : option[21]=-Ximage-compiler-option
01-21 19:31:31.957 4398 4398 I art : option[22]=--runtime-arg
01-21 19:31:31.957 4398 4398 I art : option[23]=-Ximage-compiler-option
01-21 19:31:31.957 4398 4398 I art : option[24]=-Xmx64m
01-21 19:31:31.957 4398 4398 I art : option[25]=-Ximage-compiler-option
01-21 19:31:31.957 4398 4398 I art : option[26]=--compiler-filter=verify-at-runtime
01-21 19:31:31.957 4398 4398 I art : option[27]=-Ximage-compiler-option
01-21 19:31:31.957 4398 4398 I art : option[28]=--image-classes=/system/etc/preloaded-classes
01-21 19:31:31.957 4398 4398 I art : option[29]=-Ximage-compiler-option
01-21 19:31:31.957 4398 4398 I art : option[30]=--compiled-classes=/system/etc/compiled-classes
01-21 19:31:31.957 4398 4398 I art : option[31]=-Xcompiler-option
01-21 19:31:31.957 4398 4398 I art : option[32]=--runtime-arg
01-21 19:31:31.957 4398 4398 I art : option[33]=-Xcompiler-option
01-21 19:31:31.957 4398 4398 I art : option[34]=-Xms64m
01-21 19:31:31.957 4398 4398 I art : option[35]=-Xcompiler-option
01-21 19:31:31.957 4398 4398 I art : option[36]=--runtime-arg
01-21 19:31:31.957 4398 4398 I art : option[37]=-Xcompiler-option
01-21 19:31:31.957 4398 4398 I art : option[38]=-Xmx512m
01-21 19:31:31.957 4398 4398 I art : option[39]=-Ximage-compiler-option
01-21 19:31:31.957 4398 4398 I art : option[40]=--instruction-set-variant=x86_64
01-21 19:31:31.957 4398 4398 I art : option[41]=-Xcompiler-option
01-21 19:31:31.957 4398 4398 I art : option[42]=--instruction-set-variant=x86_64
01-21 19:31:31.957 4398 4398 I art : option[43]=-Ximage-compiler-option
01-21 19:31:31.957 4398 4398 I art : option[44]=--instruction-set-features=default
01-21 19:31:31.957 4398 4398 I art : option[45]=-Xcompiler-option
01-21 19:31:31.957 4398 4398 I art : option[46]=--instruction-set-features=default
01-21 19:31:31.957 4398 4398 I art : option[47]=-Duser.locale=en-US
01-21 19:31:31.957 4398 4398 I art : option[48]=-XX:NativeBridge=libhoudini.so
01-21 19:31:31.957 4398 4398 I art : option[49]=--cpu-abilist=x86_64,arm64-v8a
01-21 19:31:31.957 4398 4398 I art : option[50]=-Xfingerprint:Android-x86/android_x86_64/x86_64:7.1.1/NMF26O/utente12301216:eng/test-keys
01-21 19:31:31.972 4399 4399 D audio_hw_primary: found audio out at /dev/snd/pcmC0D0p
01-21 19:31:31.972 4399 4399 D audio_hw_primary: card: 0/0 id: ALC892 Analog
01-21 19:31:31.972 4399 4399 D audio_hw_primary: name: ALC892 Analog
01-21 19:31:31.972 4399 4399 D audio_hw_primary: subname: subdevice #0
01-21 19:31:31.972 4399 4399 D audio_hw_primary: stream: 0
01-21 19:31:31.972 4399 4399 D audio_hw_primary: found audio out at /dev/snd/pcmC0D1p
01-21 19:31:31.972 4399 4399 D audio_hw_primary: card: 0/1 id: ALC892 Digital
01-21 19:31:31.972 4399 4399 D audio_hw_primary: name: ALC892 Digital
01-21 19:31:31.972 4399 4399 D audio_hw_primary: subname: subdevice #0
01-21 19:31:31.972 4399 4399 D audio_hw_primary: stream: 0
01-21 19:31:31.972 4399 4399 D audio_hw_primary: ignore pcmC0D1p
01-21 19:31:31.973 4399 4399 D audio_hw_primary: found audio out at /dev/snd/pcmC1D10p
01-21 19:31:31.973 4399 4399 D audio_hw_primary: card: 1/10 id: HDMI 4
01-21 19:31:31.973 4399 4399 D audio_hw_primary: name: HDMI 4
01-21 19:31:31.973 4399 4399 D audio_hw_primary: subname: subdevice #0
01-21 19:31:31.973 4399 4399 D audio_hw_primary: stream: 0
01-21 19:31:31.973 4399 4399 D audio_hw_primary: found audio out at /dev/snd/pcmC1D11p
01-21 19:31:31.973 4399 4399 D audio_hw_primary: card: 1/11 id: HDMI 5
01-21 19:31:31.973 4399 4399 D audio_hw_primary: name: HDMI 5
01-21 19:31:31.973 4399 4399 D audio_hw_primary: subname: subdevice #0
01-21 19:31:31.973 4399 4399 D audio_hw_primary: stream: 0
01-21 19:31:31.973 4399 4399 D audio_hw_primary: ignore pcmC1D11p
01-21 19:31:31.973 4399 4399 D audio_hw_primary: found audio out at /dev/snd/pcmC1D3p
01-21 19:31:31.973 4399 4399 D audio_hw_primary: card: 1/3 id: HDMI 0
01-21 19:31:31.973 4399 4399 D audio_hw_primary: name: HDMI 0
01-21 19:31:31.973 4399 4399 D audio_hw_primary: subname: subdevice #0
01-21 19:31:31.973 4399 4399 D audio_hw_primary: stream: 0
01-21 19:31:31.973 4399 4399 D audio_hw_primary: ignore pcmC1D3p
01-21 19:31:31.973 4399 4399 D audio_hw_primary: found audio out at /dev/snd/pcmC1D7p
01-21 19:31:31.973 4399 4399 D audio_hw_primary: card: 1/7 id: HDMI 1
01-21 19:31:31.973 4399 4399 D audio_hw_primary: name: HDMI 1
01-21 19:31:31.973 4399 4399 D audio_hw_primary: subname: subdevice #0
01-21 19:31:31.973 4399 4399 D audio_hw_primary: stream: 0
01-21 19:31:31.973 4399 4399 D audio_hw_primary: ignore pcmC1D7p
01-21 19:31:31.973 4399 4399 D audio_hw_primary: found audio out at /dev/snd/pcmC1D8p
01-21 19:31:31.973 4399 4399 D audio_hw_primary: card: 1/8 id: HDMI 2
01-21 19:31:31.973 4399 4399 D audio_hw_primary: name: HDMI 2
01-21 19:31:31.973 4399 4399 D audio_hw_primary: subname: subdevice #0
01-21 19:31:31.973 4399 4399 D audio_hw_primary: stream: 0
01-21 19:31:31.973 4399 4399 D audio_hw_primary: ignore pcmC1D8p
01-21 19:31:31.973 4399 4399 D audio_hw_primary: found audio out at /dev/snd/pcmC1D9p
01-21 19:31:31.973 4399 4399 D audio_hw_primary: card: 1/9 id: HDMI 3
01-21 19:31:31.973 4399 4399 D audio_hw_primary: name: HDMI 3
01-21 19:31:31.973 4399 4399 D audio_hw_primary: subname: subdevice #0
01-21 19:31:31.973 4399 4399 D audio_hw_primary: stream: 0
01-21 19:31:31.973 4399 4399 D audio_hw_primary: ignore pcmC1D9p
01-21 19:31:31.973 4399 4399 I audio_hw_primary: choose pcmC0D0p for 0
01-21 19:31:31.973 4399 4399 E audio_hw_primary: Failed to open /system/etc/mixer_paths.xml
01-21 19:31:31.973 4399 4399 I AudioFlinger: loadHwModule() Loaded primary audio interface from Grouper audio HW HAL (audio) handle 10
01-21 19:31:31.973 4399 4399 I AudioFlinger: openOutput(), module 10 Device 2, SamplingRate 48000, Format 0x000001, Channels 3, flags 2
01-21 19:31:31.973 4399 4399 I audio_hw_primary: choose pcmC0D0p for 0
01-21 19:31:31.973 4399 4399 I AudioFlinger: HAL output buffer size 512 frames, normal sink buffer size 1024 frames
01-21 19:31:31.973 4399 4399 I BufferProvider: found effect "Multichannel Downmix To Stereo" from The Android Open Source Project
01-21 19:31:31.973 4399 4399 I AudioFlinger: Using module 10 has the primary audio interface
01-21 19:31:31.973 4399 4496 I AudioFlinger: AudioFlinger's thread 0xf5d12f80 ready to run
01-21 19:31:31.973 4399 4496 W BatteryNotifier: batterystats service unavailable!
01-21 19:31:31.974 4399 4496 W BatteryNotifier: batterystats service unavailable!
01-21 19:31:31.974 4399 4496 W BatteryNotifier: batterystats service unavailable!
01-21 19:31:31.974 4399 4496 W AudioFlinger: no wake lock to update, system not ready yet
01-21 19:31:31.974 4399 4496 E cutils-trace: Error opening trace file: Permission denied (13)
01-21 19:31:31.974 4399 4497 I AudioFlinger: AudioFlinger's thread 0xf598a6c0 ready to run
01-21 19:31:31.974 4399 4399 I bt_a2dp_hw: adev_open: adev_open in A2dp_hw module
01-21 19:31:31.974 4399 4399 I AudioFlinger: loadHwModule() Loaded a2dp audio interface from A2DP Audio HW HAL (audio) handle 18
01-21 19:31:31.974 4399 4399 I AudioFlinger: loadHwModule() Loaded usb audio interface from USB audio HW HAL (audio) handle 26
01-21 19:31:31.974 4399 4399 I RadioService: RadioService
01-21 19:31:31.974 4399 4399 I RadioService: onFirstRef
01-21 19:31:31.974 4399 4399 E RadioService: couldn't load radio module radio.primary (No such file or directory)
01-21 19:31:31.974 4399 4399 E SoundTriggerHwService: couldn't load sound trigger module sound_trigger.primary (No such file or directory)
01-21 19:31:31.975 4398 4398 D ICU : No timezone override file found: /data/misc/zoneinfo/current/icu/icu_tzdata.dat
01-21 19:31:31.980 4398 4398 E memtrack: Couldn't load memtrack module (No such file or directory)
01-21 19:31:31.980 4398 4398 E android.os.Debug: failed to load memtrack module: -2
01-21 19:31:31.981 4398 4398 I Radio-JNI: register_android_hardware_Radio DONE
01-21 19:31:31.981 4398 4398 I SamplingProfilerIntegration: Profiling disabled.
01-21 19:31:31.981 4398 4398 D Zygote : begin preload
01-21 19:31:31.981 4398 4398 I Zygote : Installing ICU cache reference pinning...
01-21 19:31:31.982 4398 4398 I Zygote : Preloading ICU data...
01-21 19:31:31.985 4398 4398 I Zygote : Preloading classes...
01-21 19:31:31.986 4398 4398 W Zygote : Class not found for preloading: [Landroid.view.Display$ColorTransform;
01-21 19:31:31.996 4403 4403 I GRALLOC-KMS: there are 59 modes on connector 0x36, type 2
01-21 19:31:31.996 4403 4403 I GRALLOC-KMS: 1280x1024
01-21 19:31:31.996 4403 4403 I GRALLOC-KMS: 2048x1536
01-21 19:31:31.996 4403 4403 I GRALLOC-KMS: 1792x1344
01-21 19:31:31.996 4403 4403 I GRALLOC-KMS: 2048x1152
01-21 19:31:31.996 4403 4403 I GRALLOC-KMS: 1920x1200
01-21 19:31:31.996 4403 4403 I GRALLOC-KMS: 1920x1080
01-21 19:31:31.996 4403 4403 I GRALLOC-KMS: 1600x1200
01-21 19:31:31.996 4403 4403 I GRALLOC-KMS: 1600x1200
01-21 19:31:31.996 4403 4403 I GRALLOC-KMS: 1600x1200
01-21 19:31:31.996 4403 4403 I GRALLOC-KMS: 1600x1200
01-21 19:31:31.996 4403 4403 I GRALLOC-KMS: 1680x1050
01-21 19:31:31.996 4403 4403 I GRALLOC-KMS: 1680x1050
01-21 19:31:31.996 4403 4403 I GRALLOC-KMS: 1680x1050
01-21 19:31:31.996 4403 4403 I GRALLOC-KMS: 1680x945
01-21 19:31:31.996 4403 4403 I GRALLOC-KMS: 1400x1050
01-21 19:31:31.996 4403 4403 I GRALLOC-KMS: 1400x1050
01-21 19:31:31.996 4403 4403 I GRALLOC-KMS: 1400x1050
01-21 19:31:31.996 4403 4403 I GRALLOC-KMS: 1600x900
01-21 19:31:31.996 4403 4403 I GRALLOC-KMS: 1280x1024
01-21 19:31:31.996 4403 4403 I GRALLOC-KMS: 1280x1024
01-21 19:31:31.996 4403 4403 I GRALLOC-KMS: 1440x900
01-21 19:31:31.996 4403 4403 I GRALLOC-KMS: 1440x900
01-21 19:31:31.996 4403 4403 I GRALLOC-KMS: 1440x900
01-21 19:31:31.996 4403 4403 I GRALLOC-KMS: 1280x960
01-21 19:31:31.996 4403 4403 I GRALLOC-KMS: 1280x960
01-21 19:31:31.996 4403 4403 I GRALLOC-KMS: 1366x768
01-21 19:31:31.996 4403 4403 I GRALLOC-KMS: 1360x768
01-21 19:31:31.996 4403 4403 I GRALLOC-KMS: 1280x800
01-21 19:31:31.996 4403 4403 I GRALLOC-KMS: 1280x800
01-21 19:31:31.996 4403 4403 I GRALLOC-KMS: 1280x800
01-21 19:31:31.996 4403 4403 I GRALLOC-KMS: 1152x864
01-21 19:31:31.996 4403 4403 I GRALLOC-KMS: 1280x768
01-21 19:31:31.996 4403 4403 I GRALLOC-KMS: 1280x768
01-21 19:31:31.996 4403 4403 I GRALLOC-KMS: 1280x768
01-21 19:31:31.996 4403 4403 I GRALLOC-KMS: 1280x720
01-21 19:31:31.996 4403 4403 I GRALLOC-KMS: 1024x768
01-21 19:31:31.996 4403 4403 I GRALLOC-KMS: 1024x768i
01-21 19:31:31.996 4403 4403 I GRALLOC-KMS: 1024x768
01-21 19:31:31.996 4403 4403 I GRALLOC-KMS: 1024x768
01-21 19:31:31.996 4403 4403 I GRALLOC-KMS: 1024x768
01-21 19:31:31.996 4403 4403 I GRALLOC-KMS: 1024x768
01-21 19:31:31.996 4403 4403 I GRALLOC-KMS: 1024x576
01-21 19:31:31.996 4403 4403 I GRALLOC-KMS: 832x624
01-21 19:31:31.996 4403 4403 I GRALLOC-KMS: 800x600
01-21 19:31:31.996 4403 4403 I GRALLOC-KMS: 800x600
01-21 19:31:31.996 4403 4403 I GRALLOC-KMS: 800x600
01-21 19:31:31.996 4403 4403 I GRALLOC-KMS: 800x600
01-21 19:31:31.996 4403 4403 I GRALLOC-KMS: 800x600
01-21 19:31:31.996 4403 4403 I GRALLOC-KMS: 848x480
01-21 19:31:31.996 4403 4403 I GRALLOC-KMS: 640x480
01-21 19:31:31.996 4403 4403 I GRALLOC-KMS: 640x480
01-21 19:31:31.996 4403 4403 I GRALLOC-KMS: 640x480
01-21 19:31:31.996 4403 4403 I GRALLOC-KMS: 640x480
01-21 19:31:31.996 4403 4403 I GRALLOC-KMS: 640x480
01-21 19:31:31.996 4403 4403 I GRALLOC-KMS: 720x400
01-21 19:31:31.996 4403 4403 I GRALLOC-KMS: 720x400
01-21 19:31:31.996 4403 4403 I GRALLOC-KMS: 720x400
01-21 19:31:31.996 4403 4403 I GRALLOC-KMS: 640x400
01-21 19:31:31.996 4403 4403 I GRALLOC-KMS: 640x350
01-21 19:31:31.996 4403 4403 I GRALLOC-KMS: Established mode:
01-21 19:31:31.996 4403 4403 I GRALLOC-KMS: clock: 157500, hdisplay: 1280, hsync_start: 1344, hsync_end: 1504, htotal: 1728, hskew: 0
01-21 19:31:31.996 4403 4403 I GRALLOC-KMS: vdisplay: 1024, vsync_start: 1025, vsync_end: 1028, vtotal: 1072, vscan: 0, vrefresh: 85
01-21 19:31:31.996 4403 4403 I GRALLOC-KMS: flags: 5, type: 72, name 1280x1024
01-21 19:31:31.996 4403 4403 I GRALLOC-KMS: the best mode is 1280x1024
01-21 19:31:31.996 4403 4403 D GRALLOC-KMS: will use flip for fb posting
01-21 19:31:31.996 4403 4403 I GRALLOC-MOD: mode.hdisplay 1280
01-21 19:31:31.996 4403 4403 I GRALLOC-MOD: mode.vdisplay 1024
01-21 19:31:31.996 4403 4403 I GRALLOC-MOD: mode.vrefresh 85.000000
01-21 19:31:31.996 4403 4403 I GRALLOC-MOD: format 0x5
01-21 19:31:31.996 4403 4403 I GRALLOC-MOD: xdpi 90.000000
01-21 19:31:31.996 4403 4403 I GRALLOC-MOD: ydpi 96.000000
01-21 19:31:31.996 4403 4403 E SurfaceFlinger: hwcomposer module not found
01-21 19:31:31.996 4403 4403 I SurfaceFlinger: EGL information:
01-21 19:31:31.996 4403 4403 I SurfaceFlinger: vendor : Android
01-21 19:31:31.996 4403 4403 I SurfaceFlinger: version : 1.4 Android META-EGL
01-21 19:31:31.996 4403 4403 I SurfaceFlinger: extensions: EGL_KHR_get_all_proc_addresses EGL_ANDROID_presentation_time EGL_KHR_swap_buffers_with_damage EGL_ANDROID_create_native_client_buffer EGL_ANDROID_front_buffer_auto_refresh EGL_KHR_image_base EGL_KHR_gl_texture_2D_image EGL_KHR_gl_texture_3D_image EGL_KHR_gl_texture_cubemap_image EGL_KHR_gl_renderbuffer_image EGL_KHR_reusable_sync EGL_KHR_fence_sync EGL_KHR_create_context EGL_KHR_config_attribs EGL_KHR_surfaceless_context EGL_EXT_create_context_robustness EGL_ANDROID_image_native_buffer EGL_KHR_wait_sync EGL_ANDROID_recordable
01-21 19:31:31.996 4403 4403 I SurfaceFlinger: Client API: OpenGL_ES
01-21 19:31:31.996 4403 4403 I SurfaceFlinger: EGLSurface: 8-8-8-8, config=0x79d8f95fadc0
01-21 19:31:31.998 4403 4403 I SurfaceFlinger: OpenGL ES informations:
01-21 19:31:31.998 4403 4403 I SurfaceFlinger: vendor : X.Org
01-21 19:31:31.998 4403 4403 I SurfaceFlinger: renderer : Gallium 0.4 on AMD TAHITI (DRM 2.48.0 / 4.10.0-rc4-android-x86_64+, LLVM 3.8.0)
01-21 19:31:31.998 4403 4403 I SurfaceFlinger: version : OpenGL ES 3.0 Mesa 17.1.0-devel (git-449d018)
01-21 19:31:31.998 4403 4403 I SurfaceFlinger: extensions: GL_EXT_blend_minmax GL_EXT_multi_draw_arrays GL_EXT_texture_filter_anisotropic GL_EXT_texture_compression_dxt1 GL_EXT_texture_format_BGRA8888 GL_OES_compressed_ETC1_RGB8_texture GL_OES_depth24 GL_OES_element_index_uint GL_OES_fbo_render_mipmap GL_OES_mapbuffer GL_OES_rgb8_rgba8 GL_OES_standard_derivatives GL_OES_stencil8 GL_OES_texture_3D GL_OES_texture_float GL_OES_texture_float_linear GL_OES_texture_half_float GL_OES_texture_half_float_linear GL_OES_texture_npot GL_OES_vertex_half_float GL_EXT_texture_sRGB_decode GL_OES_EGL_image GL_OES_depth_texture GL_OES_packed_depth_stencil GL_EXT_texture_type_2_10_10_10_REV GL_OES_get_program_binary GL_APPLE_texture_max_level GL_EXT_discard_framebuffer GL_EXT_read_format_bgra GL_NV_fbo_color_attachments GL_OES_EGL_image_external GL_OES_EGL_sync GL_OES_vertex_array_object GL_ANGLE_texture_compression_dxt3 GL_ANGLE_texture_compression_dxt5 GL_EXT_robustness GL_EXT_texture_rg GL_EXT_unpack_subimage GL_NV_draw_buffers GL_NV_read_buffer GL_NV_read_depth GL_NV_r
01-21 19:31:31.998 4403 4403 I SurfaceFlinger: GL_MAX_TEXTURE_SIZE = 16384
01-21 19:31:31.998 4403 4403 I SurfaceFlinger: GL_MAX_VIEWPORT_DIMS = 16384
01-21 19:31:31.998 4403 4403 D DisplayDevice: Open /dev/tty0 OK
01-21 19:31:32.007 4398 4398 E Typeface: Error mapping font file /system/fonts/DroidSansFallback.ttf
01-21 19:31:32.024 4403 4403 D SurfaceFlinger: shader cache generated - 24 shaders in 19.934752 ms
01-21 19:31:32.031 4403 4403 D SurfaceFlinger: Set power mode=2, type=0 flinger=0x79d8f9447000
01-21 19:31:32.037 4398 4398 I art : Thread[1,tid=4398,Native,Thread*=0x78145ec95a00,peer=0x12c060d0,"main"] recursive attempt to load library "/system/lib64/libmedia_jni.so"
01-21 19:31:32.037 4398 4398 D MtpDeviceJNI: register_android_mtp_MtpDevice
01-21 19:31:32.037 4398 4398 I art : Thread[1,tid=4398,Native,Thread*=0x78145ec95a00,peer=0x12c060d0,"main"] recursive attempt to load library "/system/lib64/libmedia_jni.so"
01-21 19:31:32.037 4398 4398 I art : Thread[1,tid=4398,Native,Thread*=0x78145ec95a00,peer=0x12c060d0,"main"] recursive attempt to load library "/system/lib64/libmedia_jni.so"
01-21 19:31:32.048 4398 4398 W Zygote : Class not found for preloading: android.view.Display$ColorTransform
01-21 19:31:32.048 4398 4398 W Zygote : Class not found for preloading: android.view.Display$ColorTransform$1
01-21 19:31:32.069 4398 4398 I System : Loaded time zone names for "" in 7ms (7ms in ICU)
01-21 19:31:32.074 4398 4398 I System : Loaded time zone names for "en_US" in 4ms (4ms in ICU)
01-21 19:31:32.081 4398 4398 I Zygote : ...preloaded 4158 classes in 96ms.
01-21 19:31:32.081 4398 4398 I art : VMRuntime.preloadDexCaches starting
01-21 19:31:32.102 4398 4398 I art : VMRuntime.preloadDexCaches strings total=283847 before=39641 after=39641
01-21 19:31:32.102 4398 4398 I art : VMRuntime.preloadDexCaches types total=23591 before=7878 after=7905
01-21 19:31:32.102 4398 4398 I art : VMRuntime.preloadDexCaches fields total=112054 before=40906 after=41120
01-21 19:31:32.102 4398 4398 I art : VMRuntime.preloadDexCaches methods total=197585 before=82464 after=83024
01-21 19:31:32.102 4398 4398 I art : VMRuntime.preloadDexCaches finished
01-21 19:31:32.102 4398 4398 I Zygote : Preloading resources...
01-21 19:31:32.106 4398 4398 W Resources: Preloaded drawable resource #0x108025c (android:drawable/dialog_background_material) that varies with configuration!!
01-21 19:31:32.108 4398 4398 W Resources: Preloaded color resource #0x10600e2 (android:color/material_grey_800) that varies with configuration!!
01-21 19:31:32.108 4398 4398 W Resources: Preloaded drawable resource #0x10802c9 (android:drawable/floating_popup_background_dark) that varies with configuration!!
01-21 19:31:32.123 4398 4398 I Zygote : ...preloaded 114 resources in 21ms.
01-21 19:31:32.124 4398 4398 W Resources: Preloaded color resource #0x106010b (android:color/background_cache_hint_selector_material_dark) that varies with configuration!!
01-21 19:31:32.124 4398 4398 W Resources: Preloaded color resource #0x1060110 (android:color/btn_default_material_dark) that varies with configuration!!
01-21 19:31:32.125 4398 4398 I Zygote : ...preloaded 41 resources in 2ms.
01-21 19:31:32.125 4398 4398 D libEGL : loaded /system/lib64/egl/libGLES_mesa.so
01-21 19:31:32.134 4398 4398 I Zygote : Preloading shared libraries...
01-21 19:31:32.137 4398 4398 I Zygote : Uninstalled ICU cache reference pinning...
01-21 19:31:32.137 4398 4398 I Zygote : Installed AndroidKeyStoreProvider in 0ms.
01-21 19:31:32.142 4398 4398 I Zygote : Warmed up JCA providers in 5ms.
01-21 19:31:32.142 4398 4398 D Zygote : end preload
01-21 19:31:32.142 4398 4398 I art : Starting a blocking GC Explicit
01-21 19:31:32.148 4398 4398 I art : Explicit concurrent mark sweep GC freed 55557(6MB) AllocSpace objects, 133(2MB) LOS objects, 39% free, 2MB/4MB, paused 28us total 5.968ms
01-21 19:31:32.149 4398 4398 I art : Starting a blocking GC Explicit
01-21 19:31:32.152 4398 4398 I art : Explicit concurrent mark sweep GC freed 4822(178KB) AllocSpace objects, 0(0B) LOS objects, 40% free, 2MB/3MB, paused 26us total 2.477ms
01-21 19:31:32.156 4398 4503 I art : Starting a blocking GC HeapTrim
