01-21 19:31:01.154 2808 2808 I GRALLOC-KMS: Established mode:
01-21 19:31:01.154 2808 2808 I GRALLOC-KMS: clock: 157500, hdisplay: 1280, hsync_start: 1344, hsync_end: 1504, htotal: 1728, hskew: 0
01-21 19:31:01.154 2808 2808 I GRALLOC-KMS: vdisplay: 1024, vsync_start: 1025, vsync_end: 1028, vtotal: 1072, vscan: 0, vrefresh: 85
01-21 19:31:01.154 2808 2808 I GRALLOC-KMS: flags: 5, type: 72, name 1280x1024
01-21 19:31:01.154 2808 2808 I GRALLOC-KMS: the best mode is 1280x1024
01-21 19:31:01.154 2808 2808 D GRALLOC-KMS: will use flip for fb posting
01-21 19:31:01.154 2808 2808 I GRALLOC-MOD: mode.hdisplay 1280
01-21 19:31:01.154 2808 2808 I GRALLOC-MOD: mode.vdisplay 1024
01-21 19:31:01.154 2808 2808 I GRALLOC-MOD: mode.vrefresh 85.000000
01-21 19:31:01.154 2808 2808 I GRALLOC-MOD: format 0x5
01-21 19:31:01.154 2808 2808 I GRALLOC-MOD: xdpi 90.000000
01-21 19:31:01.154 2808 2808 I GRALLOC-MOD: ydpi 96.000000
01-21 19:31:01.154 2808 2808 E SurfaceFlinger: hwcomposer module not found
01-21 19:31:01.154 2808 2808 I SurfaceFlinger: EGL information:
01-21 19:31:01.154 2808 2808 I SurfaceFlinger: vendor : Android
01-21 19:31:01.154 2808 2808 I SurfaceFlinger: version : 1.4 Android META-EGL
01-21 19:31:01.154 2808 2808 I SurfaceFlinger: extensions: EGL_KHR_get_all_proc_addresses EGL_ANDROID_presentation_time EGL_KHR_swap_buffers_with_damage EGL_ANDROID_create_native_client_buffer EGL_ANDROID_front_buffer_auto_refresh EGL_KHR_image_base EGL_KHR_gl_texture_2D_image EGL_KHR_gl_texture_3D_image EGL_KHR_gl_texture_cubemap_image EGL_KHR_gl_renderbuffer_image EGL_KHR_reusable_sync EGL_KHR_fence_sync EGL_KHR_create_context EGL_KHR_config_attribs EGL_KHR_surfaceless_context EGL_EXT_create_context_robustness EGL_ANDROID_image_native_buffer EGL_KHR_wait_sync EGL_ANDROID_recordable
01-21 19:31:01.154 2808 2808 I SurfaceFlinger: Client API: OpenGL_ES
01-21 19:31:01.154 2808 2808 I SurfaceFlinger: EGLSurface: 8-8-8-8, config=0x730b1a1fadc0
01-21 19:31:01.156 2808 2808 I SurfaceFlinger: OpenGL ES informations:
01-21 19:31:01.156 2808 2808 I SurfaceFlinger: vendor : X.Org
01-21 19:31:01.156 2808 2808 I SurfaceFlinger: renderer : Gallium 0.4 on AMD TAHITI (DRM 2.48.0 / 4.10.0-rc4-android-x86_64+, LLVM 3.8.0)
01-21 19:31:01.156 2808 2808 I SurfaceFlinger: version : OpenGL ES 3.0 Mesa 17.1.0-devel (git-449d018)
01-21 19:31:01.156 2808 2808 I SurfaceFlinger: extensions: GL_EXT_blend_minmax GL_EXT_multi_draw_arrays GL_EXT_texture_filter_anisotropic GL_EXT_texture_compression_dxt1 GL_EXT_texture_format_BGRA8888 GL_OES_compressed_ETC1_RGB8_texture GL_OES_depth24 GL_OES_element_index_uint GL_OES_fbo_render_mipmap GL_OES_mapbuffer GL_OES_rgb8_rgba8 GL_OES_standard_derivatives GL_OES_stencil8 GL_OES_texture_3D GL_OES_texture_float GL_OES_texture_float_linear GL_OES_texture_half_float GL_OES_texture_half_float_linear GL_OES_texture_npot GL_OES_vertex_half_float GL_EXT_texture_sRGB_decode GL_OES_EGL_image GL_OES_depth_texture GL_OES_packed_depth_stencil GL_EXT_texture_type_2_10_10_10_REV GL_OES_get_program_binary GL_APPLE_texture_max_level GL_EXT_discard_framebuffer GL_EXT_read_format_bgra GL_NV_fbo_color_attachments GL_OES_EGL_image_external GL_OES_EGL_sync GL_OES_vertex_array_object GL_ANGLE_texture_compression_dxt3 GL_ANGLE_texture_compression_dxt5 GL_EXT_robustness GL_EXT_texture_rg GL_EXT_unpack_subimage GL_NV_draw_buffers GL_NV_read_buffer GL_NV_read_depth GL_NV_r
01-21 19:31:01.156 2808 2808 I SurfaceFlinger: GL_MAX_TEXTURE_SIZE = 16384
01-21 19:31:01.156 2808 2808 I SurfaceFlinger: GL_MAX_VIEWPORT_DIMS = 16384
01-21 19:31:01.156 2808 2808 D DisplayDevice: Open /dev/tty0 OK
01-21 19:31:01.156 2803 2803 D ICU : No timezone override file found: /data/misc/zoneinfo/current/icu/icu_tzdata.dat
01-21 19:31:01.162 2803 2803 E memtrack: Couldn't load memtrack module (No such file or directory)
01-21 19:31:01.162 2803 2803 E android.os.Debug: failed to load memtrack module: -2
01-21 19:31:01.162 2803 2803 I Radio-JNI: register_android_hardware_Radio DONE
01-21 19:31:01.163 2803 2803 I SamplingProfilerIntegration: Profiling disabled.
01-21 19:31:01.163 2803 2803 D Zygote : begin preload
01-21 19:31:01.163 2803 2803 I Zygote : Installing ICU cache reference pinning...
01-21 19:31:01.163 2803 2803 I Zygote : Preloading ICU data...
01-21 19:31:01.167 2803 2803 I Zygote : Preloading classes...
01-21 19:31:01.170 2803 2803 W Zygote : Class not found for preloading: [Landroid.view.Display$ColorTransform;
01-21 19:31:01.181 2808 2808 D SurfaceFlinger: shader cache generated - 24 shaders in 16.599628 ms
01-21 19:31:01.181 2808 2808 D SurfaceFlinger: Set power mode=2, type=0 flinger=0x730b1a047000
01-21 19:31:01.213 2803 2803 E Typeface: Error mapping font file /system/fonts/DroidSansFallback.ttf
01-21 19:31:01.308 2803 2803 I art : Thread[1,tid=2803,Native,Thread*=0x74e3c9c95a00,peer=0x12c060d0,"main"] recursive attempt to load library "/system/lib64/libmedia_jni.so"
01-21 19:31:01.314 2803 2803 D MtpDeviceJNI: register_android_mtp_MtpDevice
01-21 19:31:01.314 2803 2803 I art : Thread[1,tid=2803,Native,Thread*=0x74e3c9c95a00,peer=0x12c060d0,"main"] recursive attempt to load library "/system/lib64/libmedia_jni.so"
01-21 19:31:01.315 2803 2803 I art : Thread[1,tid=2803,Native,Thread*=0x74e3c9c95a00,peer=0x12c060d0,"main"] recursive attempt to load library "/system/lib64/libmedia_jni.so"
01-21 19:31:01.317 2808 2812 I SurfaceFlinger: auto set density to 160
01-21 19:31:01.318 2931 2997 D libEGL : loaded /system/lib64/egl/libGLES_mesa.so
01-21 19:31:01.326 2931 2997 I GRALLOC-RADEON: detected chipset 0x679a family 0x35 (vram size -1044MiB, gart size 2043MiB)
01-21 19:31:01.326 2931 2997 I GRALLOC-DRM: create radeon for driver radeon
01-21 19:31:01.327 2931 2997 I EGL-DRI2: found extension DRI_Core version 1
01-21 19:31:01.327 2931 2997 I EGL-DRI2: found extension DRI_DRI2 version 4
01-21 19:31:01.328 2931 2997 I EGL-DRI2: found extension DRI_TexBuffer version 2
01-21 19:31:01.328 2931 2997 I EGL-DRI2: found extension DRI2_Flush version 4
01-21 19:31:01.328 2931 2997 I EGL-DRI2: found extension DRI_IMAGE version 12
01-21 19:31:01.328 2931 2997 I EGL-DRI2: found extension DRI_RENDERER_QUERY version 1
01-21 19:31:01.328 2931 2997 I EGL-DRI2: found extension DRI_CONFIG_QUERY version 1
01-21 19:31:01.328 2931 2997 I EGL-DRI2: found extension DRI2_Fence version 2
01-21 19:31:01.328 2931 2997 I EGL-DRI2: found extension DRI2_Interop version 1
01-21 19:31:01.328 2931 2997 I EGL-DRI2: found extension DRI_Robustness version 1
01-21 19:31:01.329 2931 2997 E cutils-trace: Error opening trace file: Permission denied (13)
01-21 19:31:01.359 2808 2808 F libc : Fatal signal 11 (SIGSEGV), code 1, fault addr 0x0 in tid 2808 (surfaceflinger)
01-21 19:31:01.359 1443 1443 W : debuggerd: handling request: pid=2808 uid=0 gid=1003 tid=2808
01-21 19:31:01.361 3019 3019 E : debuggerd: Unable to connect to activity manager (connect failed: No such file or directory)
01-21 19:31:01.382 2807 2807 V NatController: runCmd(/system/bin/iptables -w -F natctrl_FORWARD) res=0
01-21 19:31:01.384 2807 2807 V NatController: runCmd(/system/bin/ip6tables -w -F natctrl_FORWARD) res=0
01-21 19:31:01.385 2807 2807 V NatController: runCmd(/system/bin/iptables -w -A natctrl_FORWARD -j DROP) res=0
01-21 19:31:01.387 2807 2807 V NatController: runCmd(/system/bin/iptables -w -t nat -F natctrl_nat_POSTROUTING) res=0
01-21 19:31:01.388 2807 2807 V NatController: runCmd(/system/bin/ip6tables -w -t raw -F natctrl_raw_PREROUTING) res=0
01-21 19:31:01.390 2807 2807 V NatController: runCmd(/system/bin/iptables -w -F natctrl_tether_counters) res=0
01-21 19:31:01.391 2807 2807 V NatController: runCmd(/system/bin/ip6tables -w -F natctrl_tether_counters) res=0
01-21 19:31:01.393 2807 2807 V NatController: runCmd(/system/bin/iptables -w -X natctrl_tether_counters) res=0
01-21 19:31:01.394 2807 2807 V NatController: runCmd(/system/bin/ip6tables -w -X natctrl_tether_counters) res=0
01-21 19:31:01.395 2803 2803 W Zygote : Class not found for preloading: android.view.Display$ColorTransform
01-21 19:31:01.395 2803 2803 W Zygote : Class not found for preloading: android.view.Display$ColorTransform$1
01-21 19:31:01.396 2807 2807 V NatController: runCmd(/system/bin/iptables -w -N natctrl_tether_counters) res=0
01-21 19:31:01.397 2807 2807 V NatController: runCmd(/system/bin/ip6tables -w -N natctrl_tether_counters) res=0
01-21 19:31:01.399 2807 2807 V NatController: runCmd(/system/bin/iptables -w -t mangle -A natctrl_mangle_FORWARD -p tcp --tcp-flags SYN SYN -j TCPMSS --clamp-mss-to-pmtu) res=0
01-21 19:31:01.411 3019 3019 F DEBUG : *** *** *** *** *** *** *** *** *** *** *** *** *** *** *** ***
01-21 19:31:01.411 3019 3019 F DEBUG : Build fingerprint: 'Android-x86/android_x86_64/x86_64:7.1.1/NMF26O/utente12301216:eng/test-keys'
01-21 19:31:01.411 3019 3019 F DEBUG : Revision: '0'
01-21 19:31:01.411 3019 3019 F DEBUG : ABI: 'x86_64'
01-21 19:31:01.411 3019 3019 F DEBUG : pid: 2808, tid: 2808, name: surfaceflinger >>> /system/bin/surfaceflinger <<<
01-21 19:31:01.411 3019 3019 F DEBUG : signal 11 (SIGSEGV), code 1 (SEGV_MAPERR), fault addr 0x0
01-21 19:31:01.411 3019 3019 F DEBUG : rax 0000730b14ad0da0 rbx 0000730b1a074a20 rcx 0000000000000000 rdx 0000000000000020
01-21 19:31:01.411 3019 3019 F DEBUG : rsi 0000000000000000 rdi 0000730b14ad0da0
01-21 19:31:01.411 3019 3019 F DEBUG : r8 ffffffffffffffd8 r9 0400050000000000 r10 0000000000000002 r11 0000000000000246
01-21 19:31:01.411 3019 3019 F DEBUG : r12 0000730b1a074600 r13 0000000001000000 r14 0000730b1a074a48 r15 0000730b14bb9cc0
01-21 19:31:01.411 3019 3019 F DEBUG : cs 0000000000000033 ss 000000000000002b
01-21 19:31:01.411 3019 3019 F DEBUG : rip 0000730b190d15f8 rbp 0000000000500000 rsp 00007fff154b4d90 eflags 0000000000010206
01-21 19:31:01.412 2807 2807 E Netd : /system/bin/iptables-restore failed with res=0, status=256
01-21 19:31:01.412 3019 3019 F DEBUG :
01-21 19:31:01.412 3019 3019 F DEBUG : backtrace:
01-21 19:31:01.412 3019 3019 F DEBUG : #00 pc 000000000024f5f8 /system/lib64/dri/gallium_dri.so
01-21 19:31:01.412 3019 3019 F DEBUG : #01 pc 0000000000262843 /system/lib64/dri/gallium_dri.so
01-21 19:31:01.412 3019 3019 F DEBUG : #02 pc 0000000000260816 /system/lib64/dri/gallium_dri.so
01-21 19:31:01.412 3019 3019 F DEBUG : #03 pc 000000000026258a /system/lib64/dri/gallium_dri.so
01-21 19:31:01.412 3019 3019 F DEBUG : #04 pc 0000000000607187 /system/lib64/dri/gallium_dri.so
01-21 19:31:01.412 3019 3019 F DEBUG : #05 pc 000000000023d335 /system/lib64/dri/gallium_dri.so
01-21 19:31:01.412 3019 3019 F DEBUG : #06 pc 0000000000459079 /system/lib64/dri/gallium_dri.so
01-21 19:31:01.412 3019 3019 F DEBUG : #07 pc 00000000004752cf /system/lib64/dri/gallium_dri.so
01-21 19:31:01.412 3019 3019 F DEBUG : #08 pc 000000000043e6c1 /system/lib64/dri/gallium_dri.so
01-21 19:31:01.413 3019 3019 F DEBUG : #09 pc 0000000000040f7e /system/lib64/libsurfaceflinger.so
01-21 19:31:01.413 3019 3019 F DEBUG : #10 pc 000000000003edd2 /system/lib64/libsurfaceflinger.so
01-21 19:31:01.413 3019 3019 F DEBUG : #11 pc 00000000000479a5 /system/lib64/libsurfaceflinger.so
01-21 19:31:01.413 3019 3019 F DEBUG : #12 pc 0000000000048b80 /system/lib64/libsurfaceflinger.so
01-21 19:31:01.413 3019 3019 F DEBUG : #13 pc 000000000004724b /system/lib64/libsurfaceflinger.so
01-21 19:31:01.413 3019 3019 F DEBUG : #14 pc 000000000004602a /system/lib64/libsurfaceflinger.so
01-21 19:31:01.413 3019 3019 F DEBUG : #15 pc 0000000000045e0a /system/lib64/libsurfaceflinger.so
01-21 19:31:01.413 3019 3019 F DEBUG : #16 pc 0000000000018799 /system/lib64/libutils.so (_ZN7android6Looper9pollInnerEi+841)
01-21 19:31:01.413 3019 3019 F DEBUG : #17 pc 000000000001838a /system/lib64/libutils.so (_ZN7android6Looper8pollOnceEiPiS1_PPv+42)
01-21 19:31:01.413 3019 3019 F DEBUG : #18 pc 0000000000035409 /system/lib64/libsurfaceflinger.so
01-21 19:31:01.413 3019 3019 F DEBUG : #19 pc 00000000000458a7 /system/lib64/libsurfaceflinger.so (_ZN7android14SurfaceFlinger3runEv+23)
01-21 19:31:01.413 3019 3019 F DEBUG : #20 pc 0000000000001485 /system/bin/surfaceflinger
01-21 19:31:01.413 3019 3019 F DEBUG : #21 pc 000000000001c994 /system/lib64/libc.so (__libc_init+84)
01-21 19:31:01.413 3019 3019 F DEBUG : #22 pc 00000000000011c4 /system/bin/surfaceflinger
01-21 19:31:01.413 3019 3019 F DEBUG : #23 pc 0000000000000000
01-21 19:31:01.414 2807 2807 E Netd : /system/bin/ip6tables-restore failed with res=0, status=256
01-21 19:31:01.417 2807 2807 I netd : type=1400 audit(0.0:140): avc: denied { module_request } for kmod="netdev-dummy0" scontext=u:r:netd:s0 tcontext=u:r:kernel:s0 tclass=system permissive=1
01-21 19:31:01.425 3053 3053 E ProbeModule: insmod_by_dep: cannot load module: [netdev-dummy0]
01-21 19:31:01.425 1443 1443 W : debuggerd: resuming target 2808
01-21 19:31:01.431 3056 3056 E ProbeModule: insmod_by_dep: cannot load module: [dummy0]
01-21 19:31:01.431 2807 2807 E Netd : cannot find interface dummy0
01-21 19:31:01.437 3059 3059 E ProbeModule: insmod_by_dep: cannot load module: [net-pf-16-proto-5]
01-21 19:31:01.440 2931 2997 E Surface : queueBuffer: error queuing buffer to SurfaceTexture, -32
01-21 19:31:01.440 1456 1456 I ServiceManager: service 'media.audio_flinger' died
01-21 19:31:01.440 2931 2996 W SurfaceComposerClient: ComposerService remote (surfaceflinger) died [0x71a78767a500]
01-21 19:31:01.440 1456 1456 I ServiceManager: service 'media.audio_policy' died
01-21 19:31:01.440 1456 1456 I ServiceManager: service 'media.sound_trigger_hw' died
01-21 19:31:01.440 2931 2996 D BootAnimation: SurfaceFlinger died, exiting...
01-21 19:31:01.440 1456 1456 I ServiceManager: service 'media.radio' died
01-21 19:31:01.440 1456 1456 I ServiceManager: service 'media.player' died
01-21 19:31:01.440 1456 1456 I ServiceManager: service 'media.resource_manager' died
01-21 19:31:01.440 1456 1456 I ServiceManager: service 'gpu' died
01-21 19:31:01.440 1456 1456 I ServiceManager: service 'SurfaceFlinger' died
01-21 19:31:06.477 3065 3065 I SurfaceFlinger: SurfaceFlinger is starting
01-21 19:31:06.477 3064 3064 I Netd : Netd 1.0 starting
01-21 19:31:06.477 3064 3064 D TetherController: Setting IP forward enable = 0
01-21 19:31:06.478 3065 3065 I SurfaceFlinger: SurfaceFlinger's main thread ready to run. Initializing graphics H/W...
01-21 19:31:06.480 3065 3065 D libEGL : loaded /system/lib64/egl/libGLES_mesa.so
01-21 19:31:06.494 3065 3065 I GRALLOC-RADEON: detected chipset 0x679a family 0x35 (vram size -1034MiB, gart size 2043MiB)
01-21 19:31:06.494 3065 3065 I GRALLOC-DRM: create radeon for driver radeon
01-21 19:31:06.521 3061 3061 I : sMaxFastTracks = 8
01-21 19:31:06.521 3061 3061 I audioserver: ServiceManager: 0xf149af20
01-21 19:31:06.521 3061 3061 W BatteryNotifier: batterystats service unavailable!
01-21 19:31:06.521 3061 3061 I AudioFlinger: Using default 3000 mSec as standby time.
01-21 19:31:06.521 3061 3061 I AudioPolicyService: AudioPolicyService CSTOR in new mode
01-21 19:31:06.521 3061 3061 I APM::ConfigParsingUtils: loadAudioPolicyConfig() loaded /system/etc/audio_policy.conf
01-21 19:31:06.529 3065 3065 I EGL-DRI2: found extension DRI_Core version 1
01-21 19:31:06.529 3065 3065 I EGL-DRI2: found extension DRI_DRI2 version 4
01-21 19:31:06.529 3062 3062 I cameraserver: ServiceManager: 0xf0c9af20
01-21 19:31:06.529 3062 3062 I CameraService: CameraService started (pid=3062)
01-21 19:31:06.529 3062 3062 I CameraService: CameraService process starting
01-21 19:31:06.530 3062 3062 W BatteryNotifier: batterystats service unavailable!
01-21 19:31:06.530 3062 3062 W BatteryNotifier: batterystats service unavailable!
01-21 19:31:06.530 3062 3062 D Camera_Factory: CameraFactory::CameraFactory
01-21 19:31:06.530 3062 3062 D Camera_Factory: CameraFactory::parseConfig: configFile = /etc/camera.cfg
01-21 19:31:06.530 3062 3062 D Camera_Factory: /etc/camera.cfg not found, using camera configuration defaults
01-21 19:31:06.530 3062 3062 E cutils-trace: Error opening trace file: Permission denied (13)
01-21 19:31:06.530 3062 3062 D Camera_Factory: CameraFactory::get_number_of_cameras
01-21 19:31:06.530 3062 3062 D Camera_Factory: CameraFactory::getCameraNum: 0
01-21 19:31:06.530 3062 3062 I CameraService: Loaded "Camera Module" camera module
01-21 19:31:06.530 3062 3062 D Camera_Factory: CameraFactory::get_number_of_cameras
01-21 19:31:06.530 3062 3062 D Camera_Factory: CameraFactory::getCameraNum: 0
01-21 19:31:06.530 3062 3062 D Camera_Factory: CameraFactory::get_number_of_cameras
01-21 19:31:06.530 3062 3062 D Camera_Factory: CameraFactory::getCameraNum: 0
01-21 19:31:06.530 3062 3062 I ServiceManager: Waiting for service media.camera.proxy...
01-21 19:31:06.531 3065 3065 I EGL-DRI2: found extension DRI_TexBuffer version 2
01-21 19:31:06.531 3065 3065 I EGL-DRI2: found extension DRI2_Flush version 4
01-21 19:31:06.531 3065 3065 I EGL-DRI2: found extension DRI_IMAGE version 12
01-21 19:31:06.531 3065 3065 I EGL-DRI2: found extension DRI_RENDERER_QUERY version 1
01-21 19:31:06.531 3065 3065 I EGL-DRI2: found extension DRI_CONFIG_QUERY version 1
01-21 19:31:06.531 3065 3065 I EGL-DRI2: found extension DRI2_Fence version 2
01-21 19:31:06.531 3065 3065 I EGL-DRI2: found extension DRI2_Interop version 1
01-21 19:31:06.531 3065 3065 I EGL-DRI2: found extension DRI_Robustness version 1
01-21 19:31:06.532 3065 3065 D GRALLOC-KMS: supported drm planes and formats
01-21 19:31:06.554 3063 3063 I mediaserver: ServiceManager: 0xe619afa0
01-21 19:31:06.554 3063 3063 W BatteryNotifier: batterystats service unavailable!
01-21 19:31:06.644 3060 3060 D AndroidRuntime: >>>>>> START com.android.internal.os.ZygoteInit uid 0 <<<<<<
01-21 19:31:06.645 3060 3060 D AndroidRuntime: CheckJNI is ON
01-21 19:31:06.645 3060 3060 I art : option[0]=-Xzygote
01-21 19:31:06.645 3060 3060 I art : option[1]=-Xcheck:jni
01-21 19:31:06.645 3060 3060 I art : option[2]=-Xstacktracefile:/data/anr/traces.txt
01-21 19:31:06.645 3060 3060 I art : option[3]=exit
01-21 19:31:06.645 3060 3060 I art : option[4]=vfprintf
01-21 19:31:06.645 3060 3060 I art : option[5]=sensitiveThread
01-21 19:31:06.645 3060 3060 I art : option[6]=-verbose:gc
01-21 19:31:06.645 3060 3060 I art : option[7]=-Xms16m
01-21 19:31:06.645 3060 3060 I art : option[8]=-Xmx512m
01-21 19:31:06.645 3060 3060 I art : option[9]=-XX:HeapGrowthLimit=192m
01-21 19:31:06.645 3060 3060 I art : option[10]=-XX:HeapMinFree=512k
01-21 19:31:06.645 3060 3060 I art : option[11]=-XX:HeapMaxFree=8m
01-21 19:31:06.645 3060 3060 I art : option[12]=-XX:HeapTargetUtilization=0.75
01-21 19:31:06.645 3060 3060 I art : option[13]=-Xusejit:true
01-21 19:31:06.645 3060 3060 I art : option[14]=-Xjitsaveprofilinginfo
01-21 19:31:06.645 3060 3060 I art : option[15]=-agentlib:jdwp=transport=dt_android_adb,suspend=n,server=y
01-21 19:31:06.645 3060 3060 I art : option[16]=-Xlockprofthreshold:500
01-21 19:31:06.645 3060 3060 I art : option[17]=-Ximage-compiler-option
01-21 19:31:06.645 3060 3060 I art : option[18]=--runtime-arg
01-21 19:31:06.645 3060 3060 I art : option[19]=-Ximage-compiler-option
01-21 19:31:06.645 3060 3060 I art : option[20]=-Xms64m
01-21 19:31:06.645 3060 3060 I art : option[21]=-Ximage-compiler-option
01-21 19:31:06.645 3060 3060 I art : option[22]=--runtime-arg
01-21 19:31:06.645 3060 3060 I art : option[23]=-Ximage-compiler-option
01-21 19:31:06.645 3060 3060 I art : option[24]=-Xmx64m
01-21 19:31:06.645 3060 3060 I art : option[25]=-Ximage-compiler-option
01-21 19:31:06.645 3060 3060 I art : option[26]=--compiler-filter=verify-at-runtime
01-21 19:31:06.645 3060 3060 I art : option[27]=-Ximage-compiler-option
01-21 19:31:06.645 3060 3060 I art : option[28]=--image-classes=/system/etc/preloaded-classes
01-21 19:31:06.645 3060 3060 I art : option[29]=-Ximage-compiler-option
01-21 19:31:06.645 3060 3060 I art : option[30]=--compiled-classes=/system/etc/compiled-classes
01-21 19:31:06.645 3060 3060 I art : option[31]=-Xcompiler-option
01-21 19:31:06.645 3060 3060 I art : option[32]=--runtime-arg
01-21 19:31:06.645 3060 3060 I art : option[33]=-Xcompiler-option
01-21 19:31:06.645 3060 3060 I art : option[34]=-Xms64m
01-21 19:31:06.645 3060 3060 I art : option[35]=-Xcompiler-option
01-21 19:31:06.645 3060 3060 I art : option[36]=--runtime-arg
01-21 19:31:06.645 3060 3060 I art : option[37]=-Xcompiler-option
01-21 19:31:06.645 3060 3060 I art : option[38]=-Xmx512m
01-21 19:31:06.645 3060 3060 I art : option[39]=-Ximage-compiler-option
01-21 19:31:06.645 3060 3060 I art : option[40]=--instruction-set-variant=x86_64
01-21 19:31:06.645 3060 3060 I art : option[41]=-Xcompiler-option
01-21 19:31:06.645 3060 3060 I art : option[42]=--instruction-set-variant=x86_64
01-21 19:31:06.645 3060 3060 I art : option[43]=-Ximage-compiler-option
01-21 19:31:06.645 3060 3060 I art : option[44]=--instruction-set-features=default
01-21 19:31:06.645 3060 3060 I art : option[45]=-Xcompiler-option
01-21 19:31:06.645 3060 3060 I art : option[46]=--instruction-set-features=default
01-21 19:31:06.645 3060 3060 I art : option[47]=-Duser.locale=en-US
01-21 19:31:06.645 3060 3060 I art : option[48]=-XX:NativeBridge=libhoudini.so
01-21 19:31:06.645 3060 3060 I art : option[49]=--cpu-abilist=x86_64,arm64-v8a
01-21 19:31:06.645 3060 3060 I art : option[50]=-Xfingerprint:Android-x86/android_x86_64/x86_64:7.1.1/NMF26O/utente12301216:eng/test-keys
01-21 19:31:06.662 3060 3060 D ICU : No timezone override file found: /data/misc/zoneinfo/current/icu/icu_tzdata.dat
01-21 19:31:06.668 3060 3060 E memtrack: Couldn't load memtrack module (No such file or directory)
01-21 19:31:06.668 3060 3060 E android.os.Debug: failed to load memtrack module: -2
01-21 19:31:06.668 3060 3060 I Radio-JNI: register_android_hardware_Radio DONE
01-21 19:31:06.669 3060 3060 I SamplingProfilerIntegration: Profiling disabled.
01-21 19:31:06.669 3060 3060 D Zygote : begin preload
01-21 19:31:06.669 3060 3060 I Zygote : Installing ICU cache reference pinning...
01-21 19:31:06.669 3060 3060 I Zygote : Preloading ICU data...
01-21 19:31:06.673 3060 3060 I Zygote : Preloading classes...
01-21 19:31:06.673 3060 3060 W Zygote : Class not found for preloading: [Landroid.view.Display$ColorTransform;
01-21 19:31:06.684 3061 3061 D audio_hw_primary: found audio out at /dev/snd/pcmC0D0p
01-21 19:31:06.684 3061 3061 D audio_hw_primary: card: 0/0 id: ALC892 Analog
01-21 19:31:06.684 3061 3061 D audio_hw_primary: name: ALC892 Analog
01-21 19:31:06.684 3061 3061 D audio_hw_primary: subname: subdevice #0
01-21 19:31:06.684 3061 3061 D audio_hw_primary: stream: 0
01-21 19:31:06.684 3061 3061 D audio_hw_primary: found audio out at /dev/snd/pcmC0D1p
01-21 19:31:06.684 3061 3061 D audio_hw_primary: card: 0/1 id: ALC892 Digital
01-21 19:31:06.684 3061 3061 D audio_hw_primary: name: ALC892 Digital
01-21 19:31:06.684 3061 3061 D audio_hw_primary: subname: subdevice #0
01-21 19:31:06.684 3061 3061 D audio_hw_primary: stream: 0
01-21 19:31:06.684 3061 3061 D audio_hw_primary: ignore pcmC0D1p
01-21 19:31:06.684 3065 3065 I GRALLOC-KMS: there are 59 modes on connector 0x36, type 2
01-21 19:31:06.684 3065 3065 I GRALLOC-KMS: 1280x1024
01-21 19:31:06.684 3065 3065 I GRALLOC-KMS: 2048x1536
01-21 19:31:06.684 3065 3065 I GRALLOC-KMS: 1792x1344
01-21 19:31:06.684 3065 3065 I GRALLOC-KMS: 2048x1152
01-21 19:31:06.684 3065 3065 I GRALLOC-KMS: 1920x1200
01-21 19:31:06.684 3065 3065 I GRALLOC-KMS: 1920x1080
01-21 19:31:06.684 3065 3065 I GRALLOC-KMS: 1600x1200
01-21 19:31:06.684 3065 3065 I GRALLOC-KMS: 1600x1200
01-21 19:31:06.684 3065 3065 I GRALLOC-KMS: 1600x1200
01-21 19:31:06.684 3065 3065 I GRALLOC-KMS: 1600x1200
01-21 19:31:06.684 3065 3065 I GRALLOC-KMS: 1680x1050
01-21 19:31:06.684 3065 3065 I GRALLOC-KMS: 1680x1050
01-21 19:31:06.684 3065 3065 I GRALLOC-KMS: 1680x1050
01-21 19:31:06.684 3065 3065 I GRALLOC-KMS: 1680x945
01-21 19:31:06.684 3065 3065 I GRALLOC-KMS: 1400x1050
01-21 19:31:06.684 3065 3065 I GRALLOC-KMS: 1400x1050
01-21 19:31:06.684 3065 3065 I GRALLOC-KMS: 1400x1050
01-21 19:31:06.684 3065 3065 I GRALLOC-KMS: 1600x900
01-21 19:31:06.684 3065 3065 I GRALLOC-KMS: 1280x1024
01-21 19:31:06.684 3065 3065 I GRALLOC-KMS: 1280x1024
01-21 19:31:06.684 3065 3065 I GRALLOC-KMS: 1440x900
01-21 19:31:06.684 3065 3065 I GRALLOC-KMS: 1440x900
01-21 19:31:06.684 3065 3065 I GRALLOC-KMS: 1440x900
01-21 19:31:06.684 3065 3065 I GRALLOC-KMS: 1280x960
01-21 19:31:06.684 3065 3065 I GRALLOC-KMS: 1280x960
01-21 19:31:06.684 3065 3065 I GRALLOC-KMS: 1366x768
01-21 19:31:06.684 3065 3065 I GRALLOC-KMS: 1360x768
01-21 19:31:06.684 3065 3065 I GRALLOC-KMS: 1280x800
01-21 19:31:06.684 3065 3065 I GRALLOC-KMS: 1280x800
01-21 19:31:06.684 3065 3065 I GRALLOC-KMS: 1280x800
01-21 19:31:06.684 3065 3065 I GRALLOC-KMS: 1152x864
01-21 19:31:06.684 3065 3065 I GRALLOC-KMS: 1280x768
01-21 19:31:06.684 3065 3065 I GRALLOC-KMS: 1280x768
01-21 19:31:06.684 3065 3065 I GRALLOC-KMS: 1280x768
01-21 19:31:06.684 3065 3065 I GRALLOC-KMS: 1280x720
01-21 19:31:06.684 3065 3065 I GRALLOC-KMS: 1024x768
01-21 19:31:06.684 3065 3065 I GRALLOC-KMS: 1024x768i
01-21 19:31:06.684 3065 3065 I GRALLOC-KMS: 1024x768
01-21 19:31:06.684 3065 3065 I GRALLOC-KMS: 1024x768
01-21 19:31:06.684 3065 3065 I GRALLOC-KMS: 1024x768
01-21 19:31:06.684 3065 3065 I GRALLOC-KMS: 1024x768
01-21 19:31:06.684 3065 3065 I GRALLOC-KMS: 1024x576
01-21 19:31:06.684 3065 3065 I GRALLOC-KMS: 832x624
01-21 19:31:06.684 3065 3065 I GRALLOC-KMS: 800x600
01-21 19:31:06.684 3065 3065 I GRALLOC-KMS: 800x600
01-21 19:31:06.684 3065 3065 I GRALLOC-KMS: 800x600
01-21 19:31:06.684 3065 3065 I GRALLOC-KMS: 800x600
01-21 19:31:06.684 3065 3065 I GRALLOC-KMS: 800x600
01-21 19:31:06.684 3065 3065 I GRALLOC-KMS: 848x480
01-21 19:31:06.684 3065 3065 I GRALLOC-KMS: 640x480
01-21 19:31:06.684 3065 3065 I GRALLOC-KMS: 640x480
01-21 19:31:06.684 3065 3065 I GRALLOC-KMS: 640x480
01-21 19:31:06.684 3065 3065 I GRALLOC-KMS: 640x480
01-21 19:31:06.684 3065 3065 I GRALLOC-KMS: 640x480
01-21 19:31:06.684 3065 3065 I GRALLOC-KMS: 720x400
01-21 19:31:06.684 3065 3065 I GRALLOC-KMS: 720x400
01-21 19:31:06.684 3065 3065 I GRALLOC-KMS: 720x400
01-21 19:31:06.684 3065 3065 I GRALLOC-KMS: 640x400
01-21 19:31:06.684 3065 3065 I GRALLOC-KMS: 640x350
01-21 19:31:06.684 3065 3065 I GRALLOC-KMS: Established mode:
01-21 19:31:06.684 3065 3065 I GRALLOC-KMS: clock: 157500, hdisplay: 1280, hsync_start: 1344, hsync_end: 1504, htotal: 1728, hskew: 0
01-21 19:31:06.684 3065 3065 I GRALLOC-KMS: vdisplay: 1024, vsync_start: 1025, vsync_end: 1028, vtotal: 1072, vscan: 0, vrefresh: 85
01-21 19:31:06.684 3065 3065 I GRALLOC-KMS: flags: 5, type: 72, name 1280x1024
01-21 19:31:06.684 3065 3065 I GRALLOC-KMS: the best mode is 1280x1024
01-21 19:31:06.684 3065 3065 D GRALLOC-KMS: will use flip for fb posting
01-21 19:31:06.684 3065 3065 I GRALLOC-MOD: mode.hdisplay 1280
01-21 19:31:06.684 3065 3065 I GRALLOC-MOD: mode.vdisplay 1024
01-21 19:31:06.684 3065 3065 I GRALLOC-MOD: mode.vrefresh 85.000000
01-21 19:31:06.684 3065 3065 I GRALLOC-MOD: format 0x5
01-21 19:31:06.684 3065 3065 I GRALLOC-MOD: xdpi 90.000000
01-21 19:31:06.684 3065 3065 I GRALLOC-MOD: ydpi 96.000000
01-21 19:31:06.684 3065 3065 E SurfaceFlinger: hwcomposer module not found
01-21 19:31:06.684 3065 3065 I SurfaceFlinger: EGL information:
01-21 19:31:06.684 3065 3065 I SurfaceFlinger: vendor : Android
01-21 19:31:06.685 3065 3065 I SurfaceFlinger: version : 1.4 Android META-EGL
01-21 19:31:06.685 3065 3065 I SurfaceFlinger: extensions: EGL_KHR_get_all_proc_addresses EGL_ANDROID_presentation_time EGL_KHR_swap_buffers_with_damage EGL_ANDROID_create_native_client_buffer EGL_ANDROID_front_buffer_auto_refresh EGL_KHR_image_base EGL_KHR_gl_texture_2D_image EGL_KHR_gl_texture_3D_image EGL_KHR_gl_texture_cubemap_image EGL_KHR_gl_renderbuffer_image EGL_KHR_reusable_sync EGL_KHR_fence_sync EGL_KHR_create_context EGL_KHR_config_attribs EGL_KHR_surfaceless_context EGL_EXT_create_context_robustness EGL_ANDROID_image_native_buffer EGL_KHR_wait_sync EGL_ANDROID_recordable
01-21 19:31:06.685 3065 3065 I SurfaceFlinger: Client API: OpenGL_ES
01-21 19:31:06.685 3065 3065 I SurfaceFlinger: EGLSurface: 8-8-8-8, config=0x78833a5fadc0
01-21 19:31:06.685 3061 3061 D audio_hw_primary: found audio out at /dev/snd/pcmC1D10p
01-21 19:31:06.685 3061 3061 D audio_hw_primary: card: 1/10 id: HDMI 4
01-21 19:31:06.685 3061 3061 D audio_hw_primary: name: HDMI 4
01-21 19:31:06.685 3061 3061 D audio_hw_primary: subname: subdevice #0
01-21 19:31:06.685 3061 3061 D audio_hw_primary: stream: 0
01-21 19:31:06.685 3061 3061 D audio_hw_primary: found audio out at /dev/snd/pcmC1D11p
01-21 19:31:06.685 3061 3061 D audio_hw_primary: card: 1/11 id: HDMI 5
01-21 19:31:06.685 3061 3061 D audio_hw_primary: name: HDMI 5
01-21 19:31:06.685 3061 3061 D audio_hw_primary: subname: subdevice #0
01-21 19:31:06.685 3061 3061 D audio_hw_primary: stream: 0
01-21 19:31:06.685 3061 3061 D audio_hw_primary: ignore pcmC1D11p
01-21 19:31:06.685 3061 3061 D audio_hw_primary: found audio out at /dev/snd/pcmC1D3p
01-21 19:31:06.685 3061 3061 D audio_hw_primary: card: 1/3 id: HDMI 0
01-21 19:31:06.685 3061 3061 D audio_hw_primary: name: HDMI 0
01-21 19:31:06.685 3061 3061 D audio_hw_primary: subname: subdevice #0
01-21 19:31:06.685 3061 3061 D audio_hw_primary: stream: 0
01-21 19:31:06.685 3061 3061 D audio_hw_primary: ignore pcmC1D3p
01-21 19:31:06.685 3061 3061 D audio_hw_primary: found audio out at /dev/snd/pcmC1D7p
01-21 19:31:06.685 3061 3061 D audio_hw_primary: card: 1/7 id: HDMI 1
01-21 19:31:06.685 3061 3061 D audio_hw_primary: name: HDMI 1
01-21 19:31:06.685 3061 3061 D audio_hw_primary: subname: subdevice #0
01-21 19:31:06.685 3061 3061 D audio_hw_primary: stream: 0
01-21 19:31:06.685 3061 3061 D audio_hw_primary: ignore pcmC1D7p
01-21 19:31:06.685 3061 3061 D audio_hw_primary: found audio out at /dev/snd/pcmC1D8p
01-21 19:31:06.685 3061 3061 D audio_hw_primary: card: 1/8 id: HDMI 2
01-21 19:31:06.685 3061 3061 D audio_hw_primary: name: HDMI 2
01-21 19:31:06.685 3061 3061 D audio_hw_primary: subname: subdevice #0
01-21 19:31:06.685 3061 3061 D audio_hw_primary: stream: 0
01-21 19:31:06.685 3061 3061 D audio_hw_primary: ignore pcmC1D8p
01-21 19:31:06.685 3061 3061 D audio_hw_primary: found audio out at /dev/snd/pcmC1D9p
01-21 19:31:06.685 3061 3061 D audio_hw_primary: card: 1/9 id: HDMI 3
01-21 19:31:06.685 3061 3061 D audio_hw_primary: name: HDMI 3
01-21 19:31:06.685 3061 3061 D audio_hw_primary: subname: subdevice #0
01-21 19:31:06.685 3061 3061 D audio_hw_primary: stream: 0
01-21 19:31:06.685 3061 3061 D audio_hw_primary: ignore pcmC1D9p
01-21 19:31:06.685 3061 3061 I audio_hw_primary: choose pcmC0D0p for 0
01-21 19:31:06.685 3061 3061 E audio_hw_primary: Failed to open /system/etc/mixer_paths.xml
01-21 19:31:06.685 3061 3061 I AudioFlinger: loadHwModule() Loaded primary audio interface from Grouper audio HW HAL (audio) handle 10
01-21 19:31:06.685 3061 3061 I AudioFlinger: openOutput(), module 10 Device 2, SamplingRate 48000, Format 0x000001, Channels 3, flags 2
01-21 19:31:06.685 3061 3061 I audio_hw_primary: choose pcmC0D0p for 0
01-21 19:31:06.685 3061 3061 I AudioFlinger: HAL output buffer size 512 frames, normal sink buffer size 1024 frames
01-21 19:31:06.686 3061 3061 I BufferProvider: found effect "Multichannel Downmix To Stereo" from The Android Open Source Project
01-21 19:31:06.686 3061 3061 I AudioFlinger: Using module 10 has the primary audio interface
01-21 19:31:06.686 3065 3065 I SurfaceFlinger: OpenGL ES informations:
01-21 19:31:06.686 3065 3065 I SurfaceFlinger: vendor : X.Org
01-21 19:31:06.686 3065 3065 I SurfaceFlinger: renderer : Gallium 0.4 on AMD TAHITI (DRM 2.48.0 / 4.10.0-rc4-android-x86_64+, LLVM 3.8.0)
01-21 19:31:06.686 3065 3065 I SurfaceFlinger: version : OpenGL ES 3.0 Mesa 17.1.0-devel (git-449d018)
01-21 19:31:06.686 3065 3065 I SurfaceFlinger: extensions: GL_EXT_blend_minmax GL_EXT_multi_draw_arrays GL_EXT_texture_filter_anisotropic GL_EXT_texture_compression_dxt1 GL_EXT_texture_format_BGRA8888 GL_OES_compressed_ETC1_RGB8_texture GL_OES_depth24 GL_OES_element_index_uint GL_OES_fbo_render_mipmap GL_OES_mapbuffer GL_OES_rgb8_rgba8 GL_OES_standard_derivatives GL_OES_stencil8 GL_OES_texture_3D GL_OES_texture_float GL_OES_texture_float_linear GL_OES_texture_half_float GL_OES_texture_half_float_linear GL_OES_texture_npot GL_OES_vertex_half_float GL_EXT_texture_sRGB_decode GL_OES_EGL_image GL_OES_depth_texture GL_OES_packed_depth_stencil GL_EXT_texture_type_2_10_10_10_REV GL_OES_get_program_binary GL_APPLE_texture_max_level GL_EXT_discard_framebuffer GL_EXT_read_format_bgra GL_NV_fbo_color_attachments GL_OES_EGL_image_external GL_OES_EGL_sync GL_OES_vertex_array_object GL_ANGLE_texture_compression_dxt3 GL_ANGLE_texture_compression_dxt5 GL_EXT_robustness GL_EXT_texture_rg GL_EXT_unpack_subimage GL_NV_draw_buffers GL_NV_read_buffer GL_NV_read_depth GL_NV_r
01-21 19:31:06.686 3065 3065 I SurfaceFlinger: GL_MAX_TEXTURE_SIZE = 16384
01-21 19:31:06.686 3065 3065 I SurfaceFlinger: GL_MAX_VIEWPORT_DIMS = 16384
01-21 19:31:06.686 3065 3065 D DisplayDevice: Open /dev/tty0 OK
01-21 19:31:06.690 3061 3175 I AudioFlinger: AudioFlinger's thread 0xf1012dc0 ready to run
01-21 19:31:06.691 3061 3175 W BatteryNotifier: batterystats service unavailable!
01-21 19:31:06.691 3061 3175 W BatteryNotifier: batterystats service unavailable!
01-21 19:31:06.691 3061 3175 W BatteryNotifier: batterystats service unavailable!
01-21 19:31:06.691 3061 3175 W AudioFlinger: no wake lock to update, system not ready yet
01-21 19:31:06.691 3061 3175 E cutils-trace: Error opening trace file: Permission denied (13)
01-21 19:31:06.691 3061 3177 I AudioFlinger: AudioFlinger's thread 0xf0c8a040 ready to run
01-21 19:31:06.691 3061 3061 I bt_a2dp_hw: adev_open: adev_open in A2dp_hw module
01-21 19:31:06.691 3061 3061 I AudioFlinger: loadHwModule() Loaded a2dp audio interface from A2DP Audio HW HAL (audio) handle 18
01-21 19:31:06.691 3061 3061 I AudioFlinger: loadHwModule() Loaded usb audio interface from USB audio HW HAL (audio) handle 26
01-21 19:31:06.691 3061 3061 I RadioService: RadioService
01-21 19:31:06.691 3061 3061 I RadioService: onFirstRef
01-21 19:31:06.692 3061 3061 E RadioService: couldn't load radio module radio.primary (No such file or directory)
01-21 19:31:06.692 3061 3061 E SoundTriggerHwService: couldn't load sound trigger module sound_trigger.primary (No such file or directory)
01-21 19:31:06.695 3060 3060 E Typeface: Error mapping font file /system/fonts/DroidSansFallback.ttf
01-21 19:31:06.712 3065 3065 D SurfaceFlinger: shader cache generated - 24 shaders in 16.749393 ms
01-21 19:31:06.718 3065 3065 D SurfaceFlinger: Set power mode=2, type=0 flinger=0x78833a447000
01-21 19:31:06.745 3060 3060 I art : Thread[1,tid=3060,Native,Thread*=0x730240895a00,peer=0x12c060d0,"main"] recursive attempt to load library "/system/lib64/libmedia_jni.so"
01-21 19:31:06.746 3060 3060 D MtpDeviceJNI: register_android_mtp_MtpDevice
01-21 19:31:06.746 3060 3060 I art : Thread[1,tid=3060,Native,Thread*=0x730240895a00,peer=0x12c060d0,"main"] recursive attempt to load library "/system/lib64/libmedia_jni.so"
01-21 19:31:06.746 3060 3060 I art : Thread[1,tid=3060,Native,Thread*=0x730240895a00,peer=0x12c060d0,"main"] recursive attempt to load library "/system/lib64/libmedia_jni.so"
01-21 19:31:06.756 3060 3060 W Zygote : Class not found for preloading: android.view.Display$ColorTransform
01-21 19:31:06.756 3060 3060 W Zygote : Class not found for preloading: android.view.Display$ColorTransform$1
01-21 19:31:06.794 3060 3060 I System : Loaded time zone names for "" in 7ms (7ms in ICU)
01-21 19:31:06.798 3060 3060 I System : Loaded time zone names for "en_US" in 4ms (4ms in ICU)
01-21 19:31:06.809 3060 3060 I Zygote : ...preloaded 4158 classes in 136ms.
01-21 19:31:06.809 3060 3060 I art : VMRuntime.preloadDexCaches starting
01-21 19:31:06.848 3065 3066 I SurfaceFlinger: auto set density to 160
01-21 19:31:06.849 3183 3261 D libEGL : loaded /system/lib64/egl/libGLES_mesa.so
01-21 19:31:06.857 3060 3060 I art : VMRuntime.preloadDexCaches strings total=283847 before=39641 after=39641
01-21 19:31:06.857 3060 3060 I art : VMRuntime.preloadDexCaches types total=23591 before=7878 after=7905
01-21 19:31:06.857 3060 3060 I art : VMRuntime.preloadDexCaches fields total=112054 before=40906 after=41120
01-21 19:31:06.857 3060 3060 I art : VMRuntime.preloadDexCaches methods total=197585 before=82464 after=83024
01-21 19:31:06.857 3060 3060 I art : VMRuntime.preloadDexCaches finished
01-21 19:31:06.857 3060 3060 I Zygote : Preloading resources...
01-21 19:31:06.857 3183 3261 I GRALLOC-RADEON: detected chipset 0x679a family 0x35 (vram size -1039MiB, gart size 2043MiB)
01-21 19:31:06.857 3183 3261 I GRALLOC-DRM: create radeon for driver radeon
01-21 19:31:06.858 3183 3261 I EGL-DRI2: found extension DRI_Core version 1
01-21 19:31:06.858 3183 3261 I EGL-DRI2: found extension DRI_DRI2 version 4
01-21 19:31:06.859 3183 3261 I EGL-DRI2: found extension DRI_TexBuffer version 2
01-21 19:31:06.859 3183 3261 I EGL-DRI2: found extension DRI2_Flush version 4
01-21 19:31:06.859 3183 3261 I EGL-DRI2: found extension DRI_IMAGE version 12
01-21 19:31:06.859 3183 3261 I EGL-DRI2: found extension DRI_RENDERER_QUERY version 1
01-21 19:31:06.859 3183 3261 I EGL-DRI2: found extension DRI_CONFIG_QUERY version 1
01-21 19:31:06.859 3183 3261 I EGL-DRI2: found extension DRI2_Fence version 2
01-21 19:31:06.859 3183 3261 I EGL-DRI2: found extension DRI2_Interop version 1
01-21 19:31:06.859 3183 3261 I EGL-DRI2: found extension DRI_Robustness version 1
01-21 19:31:06.860 3183 3261 E cutils-trace: Error opening trace file: Permission denied (13)
01-21 19:31:06.882 3064 3064 V NatController: runCmd(/system/bin/iptables -w -F natctrl_FORWARD) res=0
01-21 19:31:06.889 3064 3064 V NatController: runCmd(/system/bin/ip6tables -w -F natctrl_FORWARD) res=0
01-21 19:31:06.889 3065 3065 F libc : Fatal signal 11 (SIGSEGV), code 1, fault addr 0x0 in tid 3065 (surfaceflinger)
01-21 19:31:06.889 1443 1443 W : debuggerd: handling request: pid=3065 uid=0 gid=1003 tid=3065
01-21 19:31:06.890 3288 3288 E : debuggerd: Unable to connect to activity manager (connect failed: No such file or directory)
01-21 19:31:06.891 3064 3064 V NatController: runCmd(/system/bin/iptables -w -A natctrl_FORWARD -j DROP) res=0
01-21 19:31:06.895 3060 3060 W Resources: Preloaded drawable resource #0x108025c (android:drawable/dialog_background_material) that varies with configuration!!
01-21 19:31:06.896 3060 3060 W Resources: Preloaded color resource #0x10600e2 (android:color/material_grey_800) that varies with configuration!!
01-21 19:31:06.896 3060 3060 W Resources: Preloaded drawable resource #0x10802c9 (android:drawable/floating_popup_background_dark) that varies with configuration!!
01-21 19:31:06.897 3064 3064 V NatController: runCmd(/system/bin/iptables -w -t nat -F natctrl_nat_POSTROUTING) res=0
01-21 19:31:06.899 3064 3064 V NatController: runCmd(/system/bin/ip6tables -w -t raw -F natctrl_raw_PREROUTING) res=0
01-21 19:31:06.901 3064 3064 V NatController: runCmd(/system/bin/iptables -w -F natctrl_tether_counters) res=0
01-21 19:31:06.902 3064 3064 V NatController: runCmd(/system/bin/ip6tables -w -F natctrl_tether_counters) res=0
01-21 19:31:06.904 3064 3064 V NatController: runCmd(/system/bin/iptables -w -X natctrl_tether_counters) res=0
01-21 19:31:06.905 3064 3064 V NatController: runCmd(/system/bin/ip6tables -w -X natctrl_tether_counters) res=0
01-21 19:31:06.907 3064 3064 V NatController: runCmd(/system/bin/iptables -w -N natctrl_tether_counters) res=0
01-21 19:31:06.909 3064 3064 V NatController: runCmd(/system/bin/ip6tables -w -N natctrl_tether_counters) res=0
01-21 19:31:06.910 3064 3064 V NatController: runCmd(/system/bin/iptables -w -t mangle -A natctrl_mangle_FORWARD -p tcp --tcp-flags SYN SYN -j TCPMSS --clamp-mss-to-pmtu) res=0
01-21 19:31:06.918 3060 3060 I Zygote : ...preloaded 114 resources in 61ms.
01-21 19:31:06.919 3060 3060 W Resources: Preloaded color resource #0x106010b (android:color/background_cache_hint_selector_material_dark) that varies with configuration!!
01-21 19:31:06.920 3060 3060 W Resources: Preloaded color resource #0x1060110 (android:color/btn_default_material_dark) that varies with configuration!!
01-21 19:31:06.920 3060 3060 I Zygote : ...preloaded 41 resources in 2ms.
01-21 19:31:06.920 3060 3060 D libEGL : loaded /system/lib64/egl/libGLES_mesa.so
01-21 19:31:06.924 3064 3064 E Netd : /system/bin/iptables-restore failed with res=0, status=256
01-21 19:31:06.925 3064 3064 E Netd : /system/bin/ip6tables-restore failed with res=0, status=256
01-21 19:31:06.929 3060 3060 I Zygote : Preloading shared libraries...
01-21 19:31:06.936 3308 3308 E ProbeModule: insmod_by_dep: cannot load module: [netdev-dummy0]
01-21 19:31:06.940 3288 3288 F DEBUG : *** *** *** *** *** *** *** *** *** *** *** *** *** *** *** ***
01-21 19:31:06.940 3288 3288 F DEBUG : Build fingerprint: 'Android-x86/android_x86_64/x86_64:7.1.1/NMF26O/utente12301216:eng/test-keys'
01-21 19:31:06.940 3288 3288 F DEBUG : Revision: '0'
01-21 19:31:06.940 3288 3288 F DEBUG : ABI: 'x86_64'
01-21 19:31:06.940 3288 3288 F DEBUG : pid: 3065, tid: 3065, name: surfaceflinger >>> /system/bin/surfaceflinger <<<
01-21 19:31:06.940 3288 3288 F DEBUG : signal 11 (SIGSEGV), code 1 (SEGV_MAPERR), fault addr 0x0
01-21 19:31:06.940 3288 3288 F DEBUG : rax 00007883367943c0 rbx 000078833a474a20 rcx 0000000000000000 rdx 0000000000000020
01-21 19:31:06.940 3288 3288 F DEBUG : rsi 0000000000000000 rdi 00007883367943c0
01-21 19:31:06.940 3288 3288 F DEBUG : r8 ffffffffffffffd8 r9 0400050000000000 r10 0000000000000002 r11 0000000000000246
01-21 19:31:06.940 3288 3288 F DEBUG : r12 000078833a474600 r13 0000000001000000 r14 000078833a474a48 r15 0000788334dfe680
01-21 19:31:06.940 3288 3288 F DEBUG : cs 0000000000000033 ss 000000000000002b
01-21 19:31:06.940 3288 3288 F DEBUG : rip 00007883378885f8 rbp 0000000000500000 rsp 00007ffcca03ede0 eflags 0000000000010206
01-21 19:31:06.942 3309 3309 E ProbeModule: insmod_by_dep: cannot load module: [dummy0]
01-21 19:31:06.942 3288 3288 F DEBUG :
01-21 19:31:06.942 3288 3288 F DEBUG : backtrace:
01-21 19:31:06.942 3064 3064 E Netd : cannot find interface dummy0
01-21 19:31:06.942 3288 3288 F DEBUG : #00 pc 000000000024f5f8 /system/lib64/dri/gallium_dri.so
01-21 19:31:06.942 3288 3288 F DEBUG : #01 pc 0000000000262843 /system/lib64/dri/gallium_dri.so
01-21 19:31:06.942 3288 3288 F DEBUG : #02 pc 0000000000260816 /system/lib64/dri/gallium_dri.so
01-21 19:31:06.942 3288 3288 F DEBUG : #03 pc 000000000026258a /system/lib64/dri/gallium_dri.so
01-21 19:31:06.942 3288 3288 F DEBUG : #04 pc 0000000000607187 /system/lib64/dri/gallium_dri.so
01-21 19:31:06.942 3288 3288 F DEBUG : #05 pc 000000000023d335 /system/lib64/dri/gallium_dri.so
01-21 19:31:06.942 3288 3288 F DEBUG : #06 pc 0000000000459079 /system/lib64/dri/gallium_dri.so
01-21 19:31:06.942 3288 3288 F DEBUG : #07 pc 00000000004752cf /system/lib64/dri/gallium_dri.so
01-21 19:31:06.942 3288 3288 F DEBUG : #08 pc 000000000043e6c1 /system/lib64/dri/gallium_dri.so
01-21 19:31:06.942 3288 3288 F DEBUG : #09 pc 0000000000040f7e /system/lib64/libsurfaceflinger.so
01-21 19:31:06.942 3288 3288 F DEBUG : #10 pc 000000000003edd2 /system/lib64/libsurfaceflinger.so
01-21 19:31:06.942 3288 3288 F DEBUG : #11 pc 00000000000479a5 /system/lib64/libsurfaceflinger.so
01-21 19:31:06.942 3288 3288 F DEBUG : #12 pc 0000000000048b80 /system/lib64/libsurfaceflinger.so
01-21 19:31:06.942 3288 3288 F DEBUG : #13 pc 000000000004724b /system/lib64/libsurfaceflinger.so
01-21 19:31:06.942 3288 3288 F DEBUG : #14 pc 000000000004602a /system/lib64/libsurfaceflinger.so
01-21 19:31:06.942 3288 3288 F DEBUG : #15 pc 0000000000045e0a /system/lib64/libsurfaceflinger.so
01-21 19:31:06.942 3288 3288 F DEBUG : #16 pc 0000000000018799 /system/lib64/libutils.so (_ZN7android6Looper9pollInnerEi+841)
01-21 19:31:06.942 3288 3288 F DEBUG : #17 pc 000000000001838a /system/lib64/libutils.so (_ZN7android6Looper8pollOnceEiPiS1_PPv+42)
01-21 19:31:06.942 3288 3288 F DEBUG : #18 pc 0000000000035409 /system/lib64/libsurfaceflinger.so
01-21 19:31:06.942 3288 3288 F DEBUG : #19 pc 00000000000458a7 /system/lib64/libsurfaceflinger.so (_ZN7android14SurfaceFlinger3runEv+23)
01-21 19:31:06.942 3288 3288 F DEBUG : #20 pc 0000000000001485 /system/bin/surfaceflinger
01-21 19:31:06.942 3288 3288 F DEBUG : #21 pc 000000000001c994 /system/lib64/libc.so (__libc_init+84)
01-21 19:31:06.942 3288 3288 F DEBUG : #22 pc 00000000000011c4 /system/bin/surfaceflinger
01-21 19:31:06.942 3288 3288 F DEBUG : #23 pc 0000000000000000
01-21 19:31:06.950 3312 3312 E ProbeModule: insmod_by_dep: cannot load module: [net-pf-16-proto-5]
01-21 19:31:06.950 3064 3064 E Netd : Unable to create netlink socket: Protocol not supported
01-21 19:31:06.950 3064 3064 W Netd : Unable to open qlog quota socket, check if xt_quota2 can send via UeventHandler
01-21 19:31:06.950 3064 3064 D MDnsDS : MDnsSdListener::Hander starting up
01-21 19:31:06.950 3064 3317 D MDnsDS : MDnsSdListener starting to monitor
01-21 19:31:06.950 3064 3317 D MDnsDS : Going to poll with pollCount 1
01-21 19:31:06.953 1443 1443 W : debuggerd: resuming target 3065
01-21 19:31:06.963 1456 1456 I ServiceManager: service 'gpu' died
01-21 19:31:06.963 3183 3260 W SurfaceComposerClient: ComposerService remote (surfaceflinger) died [0x7baf8107a500]
01-21 19:31:06.963 1456 1456 I ServiceManager: service 'SurfaceFlinger' died
01-21 19:31:06.963 3183 3260 D BootAnimation: SurfaceFlinger died, exiting...
01-21 19:31:06.982 1456 1456 I ServiceManager: service 'netd' died
01-21 19:31:06.982 1456 1456 I ServiceManager: service 'media.player' died
01-21 19:31:06.982 1456 1456 I ServiceManager: service 'media.resource_manager' died
01-21 19:31:06.982 1456 1456 I ServiceManager: service 'media.audio_flinger' died
01-21 19:31:06.982 1456 1456 I ServiceManager: service 'media.audio_policy' died
01-21 19:31:06.982 1456 1456 I ServiceManager: service 'media.sound_trigger_hw' died
01-21 19:31:06.982 1456 1456 I ServiceManager: service 'media.radio' died
01-21 19:31:11.001 3328 3328 I Netd : Netd 1.0 starting
01-21 19:31:11.001 3328 3328 D TetherController: Setting IP forward enable = 0
01-21 19:31:11.007 3329 3329 I SurfaceFlinger: SurfaceFlinger is starting
01-21 19:31:11.007 3329 3329 I SurfaceFlinger: SurfaceFlinger's main thread ready to run. Initializing graphics H/W...
01-21 19:31:11.008 3329 3329 D libEGL : loaded /system/lib64/egl/libGLES_mesa.so
01-21 19:31:11.022 3329 3329 I GRALLOC-RADEON: detected chipset 0x679a family 0x35 (vram size -1034MiB, gart size 2043MiB)
01-21 19:31:11.022 3329 3329 I GRALLOC-DRM: create radeon for driver radeon
01-21 19:31:11.031 3326 3326 I cameraserver: ServiceManager: 0xec09af20
01-21 19:31:11.031 3326 3326 I CameraService: CameraService started (pid=3326)
01-21 19:31:11.031 3326 3326 I CameraService: CameraService process starting
01-21 19:31:11.031 3325 3325 I : sMaxFastTracks = 8
01-21 19:31:11.031 3326 3326 W BatteryNotifier: batterystats service unavailable!
01-21 19:31:11.031 3326 3326 W BatteryNotifier: batterystats service unavailable!
01-21 19:31:11.031 3325 3325 I audioserver: ServiceManager: 0xec29af20
01-21 19:31:11.032 3325 3325 W BatteryNotifier: batterystats service unavailable!
01-21 19:31:11.032 3325 3325 I AudioFlinger: Using default 3000 mSec as standby time.
01-21 19:31:11.032 3326 3326 D Camera_Factory: CameraFactory::CameraFactory
01-21 19:31:11.032 3326 3326 D Camera_Factory: CameraFactory::parseConfig: configFile = /etc/camera.cfg
01-21 19:31:11.032 3326 3326 D Camera_Factory: /etc/camera.cfg not found, using camera configuration defaults
01-21 19:31:11.032 3326 3326 E cutils-trace: Error opening trace file: Permission denied (13)
01-21 19:31:11.032 3326 3326 D Camera_Factory: CameraFactory::get_number_of_cameras
01-21 19:31:11.032 3326 3326 D Camera_Factory: CameraFactory::getCameraNum: 0
01-21 19:31:11.032 3326 3326 I CameraService: Loaded "Camera Module" camera module
01-21 19:31:11.032 3326 3326 D Camera_Factory: CameraFactory::get_number_of_cameras
01-21 19:31:11.032 3326 3326 D Camera_Factory: CameraFactory::getCameraNum: 0
01-21 19:31:11.032 3326 3326 D Camera_Factory: CameraFactory::get_number_of_cameras
01-21 19:31:11.032 3326 3326 D Camera_Factory: CameraFactory::getCameraNum: 0
01-21 19:31:11.032 3325 3325 I AudioPolicyService: AudioPolicyService CSTOR in new mode
01-21 19:31:11.032 3326 3326 I ServiceManager: Waiting for service media.camera.proxy...
01-21 19:31:11.032 3325 3325 I APM::ConfigParsingUtils: loadAudioPolicyConfig() loaded /system/etc/audio_policy.conf
01-21 19:31:11.056 3329 3329 I EGL-DRI2: found extension DRI_Core version 1
01-21 19:31:11.056 3329 3329 I EGL-DRI2: found extension DRI_DRI2 version 4
01-21 19:31:11.057 3329 3329 I EGL-DRI2: found extension DRI_TexBuffer version 2
01-21 19:31:11.057 3329 3329 I EGL-DRI2: found extension DRI2_Flush version 4
01-21 19:31:11.057 3329 3329 I EGL-DRI2: found extension DRI_IMAGE version 12
01-21 19:31:11.057 3329 3329 I EGL-DRI2: found extension DRI_RENDERER_QUERY version 1
01-21 19:31:11.057 3329 3329 I EGL-DRI2: found extension DRI_CONFIG_QUERY version 1
01-21 19:31:11.057 3329 3329 I EGL-DRI2: found extension DRI2_Fence version 2
01-21 19:31:11.057 3329 3329 I EGL-DRI2: found extension DRI2_Interop version 1
01-21 19:31:11.057 3329 3329 I EGL-DRI2: found extension DRI_Robustness version 1
01-21 19:31:11.058 3329 3329 D GRALLOC-KMS: supported drm planes and formats
01-21 19:31:11.078 3327 3327 I mediaserver: ServiceManager: 0xf209afa0
01-21 19:31:11.078 3327 3327 W BatteryNotifier: batterystats service unavailable!
01-21 19:31:11.175 3324 3324 D AndroidRuntime: >>>>>> START com.android.internal.os.ZygoteInit uid 0 <<<<<<
01-21 19:31:11.176 3324 3324 D AndroidRuntime: CheckJNI is ON
01-21 19:31:11.176 3324 3324 I art : option[0]=-Xzygote
01-21 19:31:11.176 3324 3324 I art : option[1]=-Xcheck:jni
01-21 19:31:11.176 3324 3324 I art : option[2]=-Xstacktracefile:/data/anr/traces.txt
