01-21 19:30:39.711 1457 1457 I surfaceflinger: type=1400 audit(0.0:104): avc: denied { sys_admin } for capability=21 scontext=u:r:surfaceflinger:s0 tcontext=u:r:surfaceflinger:s0 tclass=capability permissive=1
01-21 19:30:39.723 1733 1733 I bootanimation: type=1400 audit(0.0:105): avc: denied { getattr } for path="/vendor" dev="tmpfs" ino=4986 scontext=u:r:bootanim:s0 tcontext=u:object_r:tmpfs:s0 tclass=lnk_file permissive=1
01-21 19:30:39.723 1733 1733 I bootanimation: type=1400 audit(0.0:106): avc: denied { read } for name="vendor" dev="tmpfs" ino=4986 scontext=u:r:bootanim:s0 tcontext=u:object_r:tmpfs:s0 tclass=lnk_file permissive=1
01-21 19:30:39.757 1463 1463 I art : Pruning dalvik-cache since we are relocating an image and will need to recompile
01-21 19:30:39.757 1463 1463 I art : RelocateImage: /system/bin/patchoat --input-image-location=/system/framework/boot.art --output-image-file=/data/dalvik-cache/x86/system@framework@boot.art --instruction-set=x86 --base-offset-delta=-15581184
01-21 19:30:39.864 1457 1572 I SurfaceFlinger: auto set density to 160
01-21 19:30:39.865 1733 1737 D libEGL : loaded /system/lib64/egl/libGLES_mesa.so
01-21 19:30:39.872 1733 1733 I BootAnimation: type=1400 audit(0.0:107): avc: denied { read write } for name="card0" dev="tmpfs" ino=1521 scontext=u:r:bootanim:s0 tcontext=u:object_r:device:s0 tclass=chr_file permissive=1
01-21 19:30:39.873 1733 1737 I GRALLOC-RADEON: detected chipset 0x679a family 0x35 (vram size -1039MiB, gart size 2043MiB)
01-21 19:30:39.872 1733 1733 I BootAnimation: type=1400 audit(0.0:108): avc: denied { open } for path="/dev/dri/card0" dev="tmpfs" ino=1521 scontext=u:r:bootanim:s0 tcontext=u:object_r:device:s0 tclass=chr_file permissive=1
01-21 19:30:39.873 1733 1737 I GRALLOC-DRM: create radeon for driver radeon
01-21 19:30:39.872 1733 1733 I BootAnimation: type=1400 audit(0.0:109): avc: denied { ioctl } for path="/dev/dri/card0" dev="tmpfs" ino=1521 ioctlcmd=0x6400 scontext=u:r:bootanim:s0 tcontext=u:object_r:device:s0 tclass=chr_file permissive=1
01-21 19:30:39.872 1733 1733 I BootAnimation: type=1400 audit(0.0:110): avc: denied { getattr } for path="/dev/dri/card0" dev="tmpfs" ino=1521 scontext=u:r:bootanim:s0 tcontext=u:object_r:device:s0 tclass=chr_file permissive=1
01-21 19:30:39.872 1733 1733 I BootAnimation: type=1400 audit(0.0:111): avc: denied { read } for name="dri" dev="tmpfs" ino=1519 scontext=u:r:bootanim:s0 tcontext=u:object_r:device:s0 tclass=dir permissive=1
01-21 19:30:39.872 1733 1733 I BootAnimation: type=1400 audit(0.0:112): avc: denied { open } for path="/dev/dri" dev="tmpfs" ino=1519 scontext=u:r:bootanim:s0 tcontext=u:object_r:device:s0 tclass=dir permissive=1
01-21 19:30:39.874 1733 1737 I EGL-DRI2: found extension DRI_Core version 1
01-21 19:30:39.874 1733 1737 I EGL-DRI2: found extension DRI_DRI2 version 4
01-21 19:30:39.875 1733 1737 I EGL-DRI2: found extension DRI_TexBuffer version 2
01-21 19:30:39.875 1733 1737 I EGL-DRI2: found extension DRI2_Flush version 4
01-21 19:30:39.875 1733 1737 I EGL-DRI2: found extension DRI_IMAGE version 12
01-21 19:30:39.875 1733 1737 I EGL-DRI2: found extension DRI_RENDERER_QUERY version 1
01-21 19:30:39.875 1733 1737 I EGL-DRI2: found extension DRI_CONFIG_QUERY version 1
01-21 19:30:39.875 1733 1737 I EGL-DRI2: found extension DRI2_Fence version 2
01-21 19:30:39.875 1733 1737 I EGL-DRI2: found extension DRI2_Interop version 1
01-21 19:30:39.875 1733 1737 I EGL-DRI2: found extension DRI_Robustness version 1
01-21 19:30:39.876 1733 1737 E cutils-trace: Error opening trace file: Permission denied (13) --------- beginning of crash
01-21 19:30:40.195 1457 1457 F libc : Fatal signal 11 (SIGSEGV), code 1, fault addr 0x0 in tid 1457 (surfaceflinger)
01-21 19:30:40.195 1443 1443 W : debuggerd: handling request: pid=1457 uid=0 gid=1003 tid=1457
01-21 19:30:40.196 1743 1743 E : debuggerd: Unable to connect to activity manager (connect failed: No such file or directory)
01-21 19:30:40.246 1743 1743 F DEBUG : *** *** *** *** *** *** *** *** *** *** *** *** *** *** *** ***
01-21 19:30:40.246 1743 1743 F DEBUG : Build fingerprint: 'Android-x86/android_x86_64/x86_64:7.1.1/NMF26O/utente12301216:eng/test-keys'
01-21 19:30:40.246 1743 1743 F DEBUG : Revision: '0'
01-21 19:30:40.246 1743 1743 F DEBUG : ABI: 'x86_64'
01-21 19:30:40.246 1743 1743 F DEBUG : pid: 1457, tid: 1457, name: surfaceflinger >>> /system/bin/surfaceflinger <<<
01-21 19:30:40.246 1743 1743 F DEBUG : signal 11 (SIGSEGV), code 1 (SEGV_MAPERR), fault addr 0x0
01-21 19:30:40.246 1743 1743 F DEBUG : rax 000077505a696cc0 rbx 000077505fa75a20 rcx 0000000000000000 rdx 0000000000000020
01-21 19:30:40.246 1743 1743 F DEBUG : rsi 0000000000000000 rdi 000077505a696cc0
01-21 19:30:40.246 1743 1743 F DEBUG : r8 ffffffffffffffd8 r9 0400050000000000 r10 0000000000000002 r11 0000000000000246
01-21 19:30:40.246 1743 1743 F DEBUG : r12 000077505fa75600 r13 0000000001000000 r14 000077505fa75a48 r15 000077505a6c3980
01-21 19:30:40.246 1743 1743 F DEBUG : cs 0000000000000033 ss 000000000000002b
01-21 19:30:40.246 1743 1743 F DEBUG : rip 000077505eb7b5f8 rbp 0000000000500000 rsp 00007ffea2d36c70 eflags 0000000000010206
01-21 19:30:40.326 1743 1743 F DEBUG :
01-21 19:30:40.326 1743 1743 F DEBUG : backtrace:
01-21 19:30:40.326 1743 1743 F DEBUG : #00 pc 000000000024f5f8 /system/lib64/dri/gallium_dri.so
01-21 19:30:40.326 1743 1743 F DEBUG : #01 pc 0000000000262843 /system/lib64/dri/gallium_dri.so
01-21 19:30:40.326 1743 1743 F DEBUG : #02 pc 0000000000260816 /system/lib64/dri/gallium_dri.so
01-21 19:30:40.326 1743 1743 F DEBUG : #03 pc 000000000026258a /system/lib64/dri/gallium_dri.so
01-21 19:30:40.326 1743 1743 F DEBUG : #04 pc 0000000000607187 /system/lib64/dri/gallium_dri.so
01-21 19:30:40.326 1743 1743 F DEBUG : #05 pc 000000000023d335 /system/lib64/dri/gallium_dri.so
01-21 19:30:40.326 1743 1743 F DEBUG : #06 pc 0000000000459079 /system/lib64/dri/gallium_dri.so
01-21 19:30:40.326 1743 1743 F DEBUG : #07 pc 00000000004752cf /system/lib64/dri/gallium_dri.so
01-21 19:30:40.326 1743 1743 F DEBUG : #08 pc 000000000043e6c1 /system/lib64/dri/gallium_dri.so
01-21 19:30:40.326 1743 1743 F DEBUG : #09 pc 0000000000040f7e /system/lib64/libsurfaceflinger.so
01-21 19:30:40.326 1743 1743 F DEBUG : #10 pc 000000000003edd2 /system/lib64/libsurfaceflinger.so
01-21 19:30:40.326 1743 1743 F DEBUG : #11 pc 00000000000479a5 /system/lib64/libsurfaceflinger.so
01-21 19:30:40.326 1743 1743 F DEBUG : #12 pc 0000000000048b80 /system/lib64/libsurfaceflinger.so
01-21 19:30:40.326 1743 1743 F DEBUG : #13 pc 000000000004724b /system/lib64/libsurfaceflinger.so
01-21 19:30:40.326 1743 1743 F DEBUG : #14 pc 000000000004602a /system/lib64/libsurfaceflinger.so
01-21 19:30:40.326 1743 1743 F DEBUG : #15 pc 0000000000045e0a /system/lib64/libsurfaceflinger.so
01-21 19:30:40.326 1743 1743 F DEBUG : #16 pc 0000000000018799 /system/lib64/libutils.so (_ZN7android6Looper9pollInnerEi+841)
01-21 19:30:40.326 1743 1743 F DEBUG : #17 pc 000000000001838a /system/lib64/libutils.so (_ZN7android6Looper8pollOnceEiPiS1_PPv+42)
01-21 19:30:40.326 1743 1743 F DEBUG : #18 pc 0000000000035409 /system/lib64/libsurfaceflinger.so
01-21 19:30:40.326 1743 1743 F DEBUG : #19 pc 00000000000458a7 /system/lib64/libsurfaceflinger.so (_ZN7android14SurfaceFlinger3runEv+23)
01-21 19:30:40.326 1743 1743 F DEBUG : #20 pc 0000000000001485 /system/bin/surfaceflinger
01-21 19:30:40.326 1743 1743 F DEBUG : #21 pc 000000000001c994 /system/lib64/libc.so (__libc_init+84)
01-21 19:30:40.326 1743 1743 F DEBUG : #22 pc 00000000000011c4 /system/bin/surfaceflinger
01-21 19:30:40.326 1743 1743 F DEBUG : #23 pc 0000000000000000
01-21 19:30:40.357 1443 1443 W : debuggerd: resuming target 1457
01-21 19:30:40.362 1456 1456 I ServiceManager: service 'netd' died
01-21 19:30:40.362 1456 1456 I ServiceManager: service 'media.player' died
01-21 19:30:40.362 1456 1456 I ServiceManager: service 'media.resource_manager' died
01-21 19:30:40.362 1456 1456 I ServiceManager: service 'media.audio_flinger' died
01-21 19:30:40.362 1456 1456 I ServiceManager: service 'media.audio_policy' died
01-21 19:30:40.362 1456 1456 I ServiceManager: service 'media.sound_trigger_hw' died
01-21 19:30:40.362 1456 1456 I ServiceManager: service 'media.radio' died
01-21 19:30:40.372 1456 1456 I ServiceManager: service 'gpu' died
01-21 19:30:40.372 1456 1456 I ServiceManager: service 'SurfaceFlinger' died
01-21 19:30:40.372 1733 1737 W EGL-DRI2: Could not dequeue buffer from native window
01-21 19:30:40.372 1733 1735 W SurfaceComposerClient: ComposerService remote (surfaceflinger) died [0x729ad0c7a500]
01-21 19:30:40.372 1733 1735 D BootAnimation: SurfaceFlinger died, exiting...
01-21 19:30:40.861 1752 1752 I cameraserver: type=1400 audit(0.0:113): avc: denied { getattr } for path="/vendor" dev="tmpfs" ino=4986 scontext=u:r:cameraserver:s0 tcontext=u:object_r:tmpfs:s0 tclass=lnk_file permissive=1
01-21 19:30:40.862 1751 1751 I audioserver: type=1400 audit(0.0:114): avc: denied { getattr } for path="/vendor" dev="tmpfs" ino=4986 scontext=u:r:audioserver:s0 tcontext=u:object_r:tmpfs:s0 tclass=lnk_file permissive=1
01-21 19:30:40.876 1754 1754 I Netd : Netd 1.0 starting
01-21 19:30:40.876 1754 1754 D TetherController: Setting IP forward enable = 0
01-21 19:30:40.877 1755 1755 I SurfaceFlinger: SurfaceFlinger is starting
01-21 19:30:40.876 1755 1755 I surfaceflinger: type=1400 audit(0.0:115): avc: denied { dac_override } for capability=1 scontext=u:r:surfaceflinger:s0 tcontext=u:r:surfaceflinger:s0 tclass=capability permissive=1
01-21 19:30:40.877 1755 1755 I SurfaceFlinger: SurfaceFlinger's main thread ready to run. Initializing graphics H/W...
01-21 19:30:40.878 1755 1755 D libEGL : loaded /system/lib64/egl/libGLES_mesa.so
01-21 19:30:40.890 1755 1755 I GRALLOC-RADEON: detected chipset 0x679a family 0x35 (vram size -1034MiB, gart size 2043MiB)
01-21 19:30:40.890 1755 1755 I GRALLOC-DRM: create radeon for driver radeon
01-21 19:30:40.889 1755 1755 I surfaceflinger: type=1400 audit(0.0:116): avc: denied { open } for path="/dev/dri/card0" dev="tmpfs" ino=1521 scontext=u:r:surfaceflinger:s0 tcontext=u:object_r:device:s0 tclass=chr_file permissive=1
01-21 19:30:40.889 1755 1755 I surfaceflinger: type=1400 audit(0.0:117): avc: denied { read } for name="dri" dev="tmpfs" ino=1519 scontext=u:r:surfaceflinger:s0 tcontext=u:object_r:device:s0 tclass=dir permissive=1
01-21 19:30:40.889 1755 1755 I surfaceflinger: type=1400 audit(0.0:118): avc: denied { open } for path="/dev/dri" dev="tmpfs" ino=1519 scontext=u:r:surfaceflinger:s0 tcontext=u:object_r:device:s0 tclass=dir permissive=1
01-21 19:30:40.892 1752 1752 I cameraserver: ServiceManager: 0xeae1af20
01-21 19:30:40.892 1752 1752 I CameraService: CameraService started (pid=1752)
01-21 19:30:40.892 1752 1752 I CameraService: CameraService process starting
01-21 19:30:40.892 1752 1752 W BatteryNotifier: batterystats service unavailable!
01-21 19:30:40.892 1752 1752 W BatteryNotifier: batterystats service unavailable!
01-21 19:30:40.892 1752 1752 D Camera_Factory: CameraFactory::CameraFactory
01-21 19:30:40.892 1752 1752 D Camera_Factory: CameraFactory::parseConfig: configFile = /etc/camera.cfg
01-21 19:30:40.892 1752 1752 D Camera_Factory: /etc/camera.cfg not found, using camera configuration defaults
01-21 19:30:40.893 1752 1752 E cutils-trace: Error opening trace file: Permission denied (13)
01-21 19:30:40.893 1752 1752 D Camera_Factory: CameraFactory::get_number_of_cameras
01-21 19:30:40.893 1752 1752 D Camera_Factory: CameraFactory::getCameraNum: 0
01-21 19:30:40.893 1752 1752 I CameraService: Loaded "Camera Module" camera module
01-21 19:30:40.893 1752 1752 D Camera_Factory: CameraFactory::get_number_of_cameras
01-21 19:30:40.893 1752 1752 D Camera_Factory: CameraFactory::getCameraNum: 0
01-21 19:30:40.893 1752 1752 D Camera_Factory: CameraFactory::get_number_of_cameras
01-21 19:30:40.893 1752 1752 D Camera_Factory: CameraFactory::getCameraNum: 0
01-21 19:30:40.893 1752 1752 I ServiceManager: Waiting for service media.camera.proxy...
01-21 19:30:40.897 1751 1751 I : sMaxFastTracks = 8
01-21 19:30:40.897 1751 1751 I audioserver: ServiceManager: 0xefd9af20
01-21 19:30:40.897 1751 1751 W BatteryNotifier: batterystats service unavailable!
01-21 19:30:40.897 1751 1751 I AudioFlinger: Using default 3000 mSec as standby time.
01-21 19:30:40.897 1751 1751 I AudioPolicyService: AudioPolicyService CSTOR in new mode
01-21 19:30:40.897 1751 1751 I APM::ConfigParsingUtils: loadAudioPolicyConfig() loaded /system/etc/audio_policy.conf
01-21 19:30:40.897 1751 1751 D audio_hw_primary: found audio out at /dev/snd/pcmC0D0p
01-21 19:30:40.897 1751 1751 D audio_hw_primary: card: 0/0 id: ALC892 Analog
01-21 19:30:40.897 1751 1751 D audio_hw_primary: name: ALC892 Analog
01-21 19:30:40.897 1751 1751 D audio_hw_primary: subname: subdevice #0
01-21 19:30:40.897 1751 1751 D audio_hw_primary: stream: 0
01-21 19:30:40.897 1751 1751 D audio_hw_primary: found audio out at /dev/snd/pcmC0D1p
01-21 19:30:40.897 1751 1751 D audio_hw_primary: card: 0/1 id: ALC892 Digital
01-21 19:30:40.897 1751 1751 D audio_hw_primary: name: ALC892 Digital
01-21 19:30:40.897 1751 1751 D audio_hw_primary: subname: subdevice #0
01-21 19:30:40.897 1751 1751 D audio_hw_primary: stream: 0
01-21 19:30:40.897 1751 1751 D audio_hw_primary: ignore pcmC0D1p
01-21 19:30:40.897 1751 1751 D audio_hw_primary: found audio out at /dev/snd/pcmC1D10p
01-21 19:30:40.897 1751 1751 D audio_hw_primary: card: 1/10 id: HDMI 4
01-21 19:30:40.897 1751 1751 D audio_hw_primary: name: HDMI 4
01-21 19:30:40.897 1751 1751 D audio_hw_primary: subname: subdevice #0
01-21 19:30:40.897 1751 1751 D audio_hw_primary: stream: 0
01-21 19:30:40.897 1751 1751 D audio_hw_primary: found audio out at /dev/snd/pcmC1D11p
01-21 19:30:40.897 1751 1751 D audio_hw_primary: card: 1/11 id: HDMI 5
01-21 19:30:40.897 1751 1751 D audio_hw_primary: name: HDMI 5
01-21 19:30:40.897 1751 1751 D audio_hw_primary: subname: subdevice #0
01-21 19:30:40.897 1751 1751 D audio_hw_primary: stream: 0
01-21 19:30:40.897 1751 1751 D audio_hw_primary: ignore pcmC1D11p
01-21 19:30:40.897 1751 1751 D audio_hw_primary: found audio out at /dev/snd/pcmC1D3p
01-21 19:30:40.897 1751 1751 D audio_hw_primary: card: 1/3 id: HDMI 0
01-21 19:30:40.897 1751 1751 D audio_hw_primary: name: HDMI 0
01-21 19:30:40.897 1751 1751 D audio_hw_primary: subname: subdevice #0
01-21 19:30:40.897 1751 1751 D audio_hw_primary: stream: 0
01-21 19:30:40.897 1751 1751 D audio_hw_primary: ignore pcmC1D3p
01-21 19:30:40.897 1751 1751 D audio_hw_primary: found audio out at /dev/snd/pcmC1D7p
01-21 19:30:40.897 1751 1751 D audio_hw_primary: card: 1/7 id: HDMI 1
01-21 19:30:40.897 1751 1751 D audio_hw_primary: name: HDMI 1
01-21 19:30:40.897 1751 1751 D audio_hw_primary: subname: subdevice #0
01-21 19:30:40.897 1751 1751 D audio_hw_primary: stream: 0
01-21 19:30:40.897 1751 1751 D audio_hw_primary: ignore pcmC1D7p
01-21 19:30:40.897 1751 1751 D audio_hw_primary: found audio out at /dev/snd/pcmC1D8p
01-21 19:30:40.897 1751 1751 D audio_hw_primary: card: 1/8 id: HDMI 2
01-21 19:30:40.897 1751 1751 D audio_hw_primary: name: HDMI 2
01-21 19:30:40.897 1751 1751 D audio_hw_primary: subname: subdevice #0
01-21 19:30:40.897 1751 1751 D audio_hw_primary: stream: 0
01-21 19:30:40.897 1751 1751 D audio_hw_primary: ignore pcmC1D8p
01-21 19:30:40.898 1751 1751 D audio_hw_primary: found audio out at /dev/snd/pcmC1D9p
01-21 19:30:40.898 1751 1751 D audio_hw_primary: card: 1/9 id: HDMI 3
01-21 19:30:40.898 1751 1751 D audio_hw_primary: name: HDMI 3
01-21 19:30:40.898 1751 1751 D audio_hw_primary: subname: subdevice #0
01-21 19:30:40.898 1751 1751 D audio_hw_primary: stream: 0
01-21 19:30:40.898 1751 1751 D audio_hw_primary: ignore pcmC1D9p
01-21 19:30:40.898 1751 1751 I audio_hw_primary: choose pcmC0D0p for 0
01-21 19:30:40.898 1751 1751 E audio_hw_primary: Failed to open /system/etc/mixer_paths.xml
01-21 19:30:40.898 1751 1751 I AudioFlinger: loadHwModule() Loaded primary audio interface from Grouper audio HW HAL (audio) handle 10
01-21 19:30:40.898 1751 1751 I AudioFlinger: openOutput(), module 10 Device 2, SamplingRate 48000, Format 0x000001, Channels 3, flags 2
01-21 19:30:40.898 1751 1751 I audio_hw_primary: choose pcmC0D0p for 0
01-21 19:30:40.898 1751 1751 I AudioFlinger: HAL output buffer size 512 frames, normal sink buffer size 1024 frames
01-21 19:30:40.898 1751 1751 I BufferProvider: found effect "Multichannel Downmix To Stereo" from The Android Open Source Project
01-21 19:30:40.898 1751 1751 I AudioFlinger: Using module 10 has the primary audio interface
01-21 19:30:40.898 1751 1765 I AudioFlinger: AudioFlinger's thread 0xef912dc0 ready to run
01-21 19:30:40.898 1751 1765 W BatteryNotifier: batterystats service unavailable!
01-21 19:30:40.898 1751 1765 W BatteryNotifier: batterystats service unavailable!
01-21 19:30:40.900 1751 1765 W BatteryNotifier: batterystats service unavailable!
01-21 19:30:40.900 1751 1765 W AudioFlinger: no wake lock to update, system not ready yet
01-21 19:30:40.900 1751 1765 E cutils-trace: Error opening trace file: Permission denied (13)
01-21 19:30:40.902 1751 1767 I AudioFlinger: AudioFlinger's thread 0xef58a5c0 ready to run
01-21 19:30:40.903 1751 1751 I bt_a2dp_hw: adev_open: adev_open in A2dp_hw module
01-21 19:30:40.903 1751 1751 I AudioFlinger: loadHwModule() Loaded a2dp audio interface from A2DP Audio HW HAL (audio) handle 18
01-21 19:30:40.903 1751 1751 I AudioFlinger: loadHwModule() Loaded usb audio interface from USB audio HW HAL (audio) handle 26
01-21 19:30:40.903 1751 1751 I RadioService: RadioService
01-21 19:30:40.903 1751 1751 I RadioService: onFirstRef
01-21 19:30:40.903 1751 1751 E RadioService: couldn't load radio module radio.primary (No such file or directory)
01-21 19:30:40.903 1751 1751 E SoundTriggerHwService: couldn't load sound trigger module sound_trigger.primary (No such file or directory)
01-21 19:30:40.910 1755 1755 I EGL-DRI2: found extension DRI_Core version 1
01-21 19:30:40.910 1755 1755 I EGL-DRI2: found extension DRI_DRI2 version 4
01-21 19:30:40.912 1755 1755 I EGL-DRI2: found extension DRI_TexBuffer version 2
01-21 19:30:40.912 1755 1755 I EGL-DRI2: found extension DRI2_Flush version 4
01-21 19:30:40.912 1755 1755 I EGL-DRI2: found extension DRI_IMAGE version 12
01-21 19:30:40.912 1755 1755 I EGL-DRI2: found extension DRI_RENDERER_QUERY version 1
01-21 19:30:40.912 1755 1755 I EGL-DRI2: found extension DRI_CONFIG_QUERY version 1
01-21 19:30:40.912 1755 1755 I EGL-DRI2: found extension DRI2_Fence version 2
01-21 19:30:40.912 1755 1755 I EGL-DRI2: found extension DRI2_Interop version 1
01-21 19:30:40.912 1755 1755 I EGL-DRI2: found extension DRI_Robustness version 1
01-21 19:30:40.912 1755 1755 D GRALLOC-KMS: supported drm planes and formats
01-21 19:30:40.928 1753 1753 I mediaserver: ServiceManager: 0xeed9afa0
01-21 19:30:40.928 1753 1753 W BatteryNotifier: batterystats service unavailable!
01-21 19:30:41.021 1750 1750 D AndroidRuntime: >>>>>> START com.android.internal.os.ZygoteInit uid 0 <<<<<<
01-21 19:30:41.022 1750 1750 D AndroidRuntime: CheckJNI is ON
01-21 19:30:41.022 1750 1750 I art : option[0]=-Xzygote
01-21 19:30:41.022 1750 1750 I art : option[1]=-Xcheck:jni
01-21 19:30:41.022 1750 1750 I art : option[2]=-Xstacktracefile:/data/anr/traces.txt
01-21 19:30:41.022 1750 1750 I art : option[3]=exit
01-21 19:30:41.022 1750 1750 I art : option[4]=vfprintf
01-21 19:30:41.022 1750 1750 I art : option[5]=sensitiveThread
01-21 19:30:41.022 1750 1750 I art : option[6]=-verbose:gc
01-21 19:30:41.022 1750 1750 I art : option[7]=-Xms16m
01-21 19:30:41.022 1750 1750 I art : option[8]=-Xmx512m
01-21 19:30:41.022 1750 1750 I art : option[9]=-XX:HeapGrowthLimit=192m
01-21 19:30:41.022 1750 1750 I art : option[10]=-XX:HeapMinFree=512k
01-21 19:30:41.022 1750 1750 I art : option[11]=-XX:HeapMaxFree=8m
01-21 19:30:41.022 1750 1750 I art : option[12]=-XX:HeapTargetUtilization=0.75
01-21 19:30:41.022 1750 1750 I art : option[13]=-Xusejit:true
01-21 19:30:41.022 1750 1750 I art : option[14]=-Xjitsaveprofilinginfo
01-21 19:30:41.022 1750 1750 I art : option[15]=-agentlib:jdwp=transport=dt_android_adb,suspend=n,server=y
01-21 19:30:41.022 1750 1750 I art : option[16]=-Xlockprofthreshold:500
01-21 19:30:41.022 1750 1750 I art : option[17]=-Ximage-compiler-option
01-21 19:30:41.022 1750 1750 I art : option[18]=--runtime-arg
01-21 19:30:41.022 1750 1750 I art : option[19]=-Ximage-compiler-option
01-21 19:30:41.022 1750 1750 I art : option[20]=-Xms64m
01-21 19:30:41.022 1750 1750 I art : option[21]=-Ximage-compiler-option
01-21 19:30:41.022 1750 1750 I art : option[22]=--runtime-arg
01-21 19:30:41.022 1750 1750 I art : option[23]=-Ximage-compiler-option
01-21 19:30:41.022 1750 1750 I art : option[24]=-Xmx64m
01-21 19:30:41.022 1750 1750 I art : option[25]=-Ximage-compiler-option
01-21 19:30:41.022 1750 1750 I art : option[26]=--compiler-filter=verify-at-runtime
01-21 19:30:41.022 1750 1750 I art : option[27]=-Ximage-compiler-option
01-21 19:30:41.022 1750 1750 I art : option[28]=--image-classes=/system/etc/preloaded-classes
01-21 19:30:41.022 1750 1750 I art : option[29]=-Ximage-compiler-option
01-21 19:30:41.022 1750 1750 I art : option[30]=--compiled-classes=/system/etc/compiled-classes
01-21 19:30:41.022 1750 1750 I art : option[31]=-Xcompiler-option
01-21 19:30:41.022 1750 1750 I art : option[32]=--runtime-arg
01-21 19:30:41.022 1750 1750 I art : option[33]=-Xcompiler-option
01-21 19:30:41.022 1750 1750 I art : option[34]=-Xms64m
01-21 19:30:41.022 1750 1750 I art : option[35]=-Xcompiler-option
01-21 19:30:41.022 1750 1750 I art : option[36]=--runtime-arg
01-21 19:30:41.022 1750 1750 I art : option[37]=-Xcompiler-option
01-21 19:30:41.022 1750 1750 I art : option[38]=-Xmx512m
01-21 19:30:41.022 1750 1750 I art : option[39]=-Ximage-compiler-option
01-21 19:30:41.022 1750 1750 I art : option[40]=--instruction-set-variant=x86_64
01-21 19:30:41.022 1750 1750 I art : option[41]=-Xcompiler-option
01-21 19:30:41.022 1750 1750 I art : option[42]=--instruction-set-variant=x86_64
01-21 19:30:41.022 1750 1750 I art : option[43]=-Ximage-compiler-option
01-21 19:30:41.022 1750 1750 I art : option[44]=--instruction-set-features=default
01-21 19:30:41.022 1750 1750 I art : option[45]=-Xcompiler-option
01-21 19:30:41.022 1750 1750 I art : option[46]=--instruction-set-features=default
01-21 19:30:41.022 1750 1750 I art : option[47]=-Duser.locale=en-US
01-21 19:30:41.022 1750 1750 I art : option[48]=-XX:NativeBridge=libhoudini.so
01-21 19:30:41.022 1750 1750 I art : option[49]=--cpu-abilist=x86_64,arm64-v8a
01-21 19:30:41.022 1750 1750 I art : option[50]=-Xfingerprint:Android-x86/android_x86_64/x86_64:7.1.1/NMF26O/utente12301216:eng/test-keys
01-21 19:30:41.032 1463 1463 D ICU : No timezone override file found: /data/misc/zoneinfo/current/icu/icu_tzdata.dat
01-21 19:30:41.069 1755 1755 I GRALLOC-KMS: there are 59 modes on connector 0x36, type 2
01-21 19:30:41.069 1755 1755 I GRALLOC-KMS: 1280x1024
01-21 19:30:41.069 1755 1755 I GRALLOC-KMS: 2048x1536
01-21 19:30:41.069 1755 1755 I GRALLOC-KMS: 1792x1344
01-21 19:30:41.069 1755 1755 I GRALLOC-KMS: 2048x1152
01-21 19:30:41.069 1755 1755 I GRALLOC-KMS: 1920x1200
01-21 19:30:41.069 1755 1755 I GRALLOC-KMS: 1920x1080
01-21 19:30:41.069 1755 1755 I GRALLOC-KMS: 1600x1200
01-21 19:30:41.069 1755 1755 I GRALLOC-KMS: 1600x1200
01-21 19:30:41.069 1755 1755 I GRALLOC-KMS: 1600x1200
01-21 19:30:41.069 1755 1755 I GRALLOC-KMS: 1600x1200
01-21 19:30:41.069 1755 1755 I GRALLOC-KMS: 1680x1050
01-21 19:30:41.069 1755 1755 I GRALLOC-KMS: 1680x1050
01-21 19:30:41.069 1755 1755 I GRALLOC-KMS: 1680x1050
01-21 19:30:41.069 1755 1755 I GRALLOC-KMS: 1680x945
01-21 19:30:41.069 1755 1755 I GRALLOC-KMS: 1400x1050
01-21 19:30:41.069 1755 1755 I GRALLOC-KMS: 1400x1050
01-21 19:30:41.069 1755 1755 I GRALLOC-KMS: 1400x1050
01-21 19:30:41.069 1755 1755 I GRALLOC-KMS: 1600x900
01-21 19:30:41.069 1755 1755 I GRALLOC-KMS: 1280x1024
01-21 19:30:41.069 1755 1755 I GRALLOC-KMS: 1280x1024
01-21 19:30:41.069 1755 1755 I GRALLOC-KMS: 1440x900
01-21 19:30:41.069 1755 1755 I GRALLOC-KMS: 1440x900
01-21 19:30:41.069 1755 1755 I GRALLOC-KMS: 1440x900
01-21 19:30:41.069 1755 1755 I GRALLOC-KMS: 1280x960
01-21 19:30:41.069 1755 1755 I GRALLOC-KMS: 1280x960
01-21 19:30:41.069 1755 1755 I GRALLOC-KMS: 1366x768
01-21 19:30:41.069 1755 1755 I GRALLOC-KMS: 1360x768
01-21 19:30:41.069 1755 1755 I GRALLOC-KMS: 1280x800
01-21 19:30:41.069 1755 1755 I GRALLOC-KMS: 1280x800
01-21 19:30:41.069 1755 1755 I GRALLOC-KMS: 1280x800
01-21 19:30:41.069 1755 1755 I GRALLOC-KMS: 1152x864
01-21 19:30:41.069 1755 1755 I GRALLOC-KMS: 1280x768
01-21 19:30:41.069 1755 1755 I GRALLOC-KMS: 1280x768
01-21 19:30:41.069 1755 1755 I GRALLOC-KMS: 1280x768
01-21 19:30:41.069 1755 1755 I GRALLOC-KMS: 1280x720
01-21 19:30:41.069 1755 1755 I GRALLOC-KMS: 1024x768
01-21 19:30:41.069 1755 1755 I GRALLOC-KMS: 1024x768i
01-21 19:30:41.069 1755 1755 I GRALLOC-KMS: 1024x768
01-21 19:30:41.069 1755 1755 I GRALLOC-KMS: 1024x768
01-21 19:30:41.069 1755 1755 I GRALLOC-KMS: 1024x768
01-21 19:30:41.069 1755 1755 I GRALLOC-KMS: 1024x768
01-21 19:30:41.069 1755 1755 I GRALLOC-KMS: 1024x576
01-21 19:30:41.069 1755 1755 I GRALLOC-KMS: 832x624
01-21 19:30:41.069 1755 1755 I GRALLOC-KMS: 800x600
01-21 19:30:41.069 1755 1755 I GRALLOC-KMS: 800x600
01-21 19:30:41.069 1755 1755 I GRALLOC-KMS: 800x600
01-21 19:30:41.069 1755 1755 I GRALLOC-KMS: 800x600
01-21 19:30:41.069 1755 1755 I GRALLOC-KMS: 800x600
01-21 19:30:41.069 1755 1755 I GRALLOC-KMS: 848x480
01-21 19:30:41.069 1755 1755 I GRALLOC-KMS: 640x480
01-21 19:30:41.069 1755 1755 I GRALLOC-KMS: 640x480
01-21 19:30:41.069 1755 1755 I GRALLOC-KMS: 640x480
01-21 19:30:41.069 1755 1755 I GRALLOC-KMS: 640x480
01-21 19:30:41.069 1755 1755 I GRALLOC-KMS: 640x480
01-21 19:30:41.069 1755 1755 I GRALLOC-KMS: 720x400
01-21 19:30:41.069 1755 1755 I GRALLOC-KMS: 720x400
01-21 19:30:41.069 1755 1755 I GRALLOC-KMS: 720x400
01-21 19:30:41.069 1755 1755 I GRALLOC-KMS: 640x400
01-21 19:30:41.069 1755 1755 I GRALLOC-KMS: 640x350
01-21 19:30:41.069 1755 1755 I GRALLOC-KMS: Established mode:
01-21 19:30:41.069 1755 1755 I GRALLOC-KMS: clock: 157500, hdisplay: 1280, hsync_start: 1344, hsync_end: 1504, htotal: 1728, hskew: 0
01-21 19:30:41.069 1755 1755 I GRALLOC-KMS: vdisplay: 1024, vsync_start: 1025, vsync_end: 1028, vtotal: 1072, vscan: 0, vrefresh: 85
01-21 19:30:41.069 1755 1755 I GRALLOC-KMS: flags: 5, type: 72, name 1280x1024
01-21 19:30:41.069 1755 1755 I GRALLOC-KMS: the best mode is 1280x1024
01-21 19:30:41.069 1755 1755 D GRALLOC-KMS: will use flip for fb posting
01-21 19:30:41.069 1755 1755 I GRALLOC-MOD: mode.hdisplay 1280
01-21 19:30:41.069 1755 1755 I GRALLOC-MOD: mode.vdisplay 1024
01-21 19:30:41.069 1755 1755 I GRALLOC-MOD: mode.vrefresh 85.000000
01-21 19:30:41.069 1755 1755 I GRALLOC-MOD: format 0x5
01-21 19:30:41.069 1755 1755 I GRALLOC-MOD: xdpi 90.000000
01-21 19:30:41.069 1755 1755 I GRALLOC-MOD: ydpi 96.000000
01-21 19:30:41.069 1755 1755 E SurfaceFlinger: hwcomposer module not found
01-21 19:30:41.069 1755 1755 I SurfaceFlinger: EGL information:
01-21 19:30:41.069 1755 1755 I SurfaceFlinger: vendor : Android
01-21 19:30:41.069 1755 1755 I SurfaceFlinger: version : 1.4 Android META-EGL
01-21 19:30:41.069 1755 1755 I SurfaceFlinger: extensions: EGL_KHR_get_all_proc_addresses EGL_ANDROID_presentation_time EGL_KHR_swap_buffers_with_damage EGL_ANDROID_create_native_client_buffer EGL_ANDROID_front_buffer_auto_refresh EGL_KHR_image_base EGL_KHR_gl_texture_2D_image EGL_KHR_gl_texture_3D_image EGL_KHR_gl_texture_cubemap_image EGL_KHR_gl_renderbuffer_image EGL_KHR_reusable_sync EGL_KHR_fence_sync EGL_KHR_create_context EGL_KHR_config_attribs EGL_KHR_surfaceless_context EGL_EXT_create_context_robustness EGL_ANDROID_image_native_buffer EGL_KHR_wait_sync EGL_ANDROID_recordable
01-21 19:30:41.069 1755 1755 I SurfaceFlinger: Client API: OpenGL_ES
01-21 19:30:41.069 1755 1755 I SurfaceFlinger: EGLSurface: 8-8-8-8, config=0x7bb4bcdfadc0
01-21 19:30:41.070 1755 1755 I SurfaceFlinger: OpenGL ES informations:
01-21 19:30:41.070 1755 1755 I SurfaceFlinger: vendor : X.Org
01-21 19:30:41.070 1755 1755 I SurfaceFlinger: renderer : Gallium 0.4 on AMD TAHITI (DRM 2.48.0 / 4.10.0-rc4-android-x86_64+, LLVM 3.8.0)
01-21 19:30:41.070 1755 1755 I SurfaceFlinger: version : OpenGL ES 3.0 Mesa 17.1.0-devel (git-449d018)
01-21 19:30:41.070 1755 1755 I SurfaceFlinger: extensions: GL_EXT_blend_minmax GL_EXT_multi_draw_arrays GL_EXT_texture_filter_anisotropic GL_EXT_texture_compression_dxt1 GL_EXT_texture_format_BGRA8888 GL_OES_compressed_ETC1_RGB8_texture GL_OES_depth24 GL_OES_element_index_uint GL_OES_fbo_render_mipmap GL_OES_mapbuffer GL_OES_rgb8_rgba8 GL_OES_standard_derivatives GL_OES_stencil8 GL_OES_texture_3D GL_OES_texture_float GL_OES_texture_float_linear GL_OES_texture_half_float GL_OES_texture_half_float_linear GL_OES_texture_npot GL_OES_vertex_half_float GL_EXT_texture_sRGB_decode GL_OES_EGL_image GL_OES_depth_texture GL_OES_packed_depth_stencil GL_EXT_texture_type_2_10_10_10_REV GL_OES_get_program_binary GL_APPLE_texture_max_level GL_EXT_discard_framebuffer GL_EXT_read_format_bgra GL_NV_fbo_color_attachments GL_OES_EGL_image_external GL_OES_EGL_sync GL_OES_vertex_array_object GL_ANGLE_texture_compression_dxt3 GL_ANGLE_texture_compression_dxt5 GL_EXT_robustness GL_EXT_texture_rg GL_EXT_unpack_subimage GL_NV_draw_buffers GL_NV_read_buffer GL_NV_read_depth GL_NV_r
01-21 19:30:41.070 1755 1755 I SurfaceFlinger: GL_MAX_TEXTURE_SIZE = 16384
01-21 19:30:41.070 1755 1755 I SurfaceFlinger: GL_MAX_VIEWPORT_DIMS = 16384
01-21 19:30:41.070 1755 1755 I surfaceflinger: type=1400 audit(0.0:119): avc: denied { read write } for name="tty0" dev="tmpfs" ino=7491 scontext=u:r:surfaceflinger:s0 tcontext=u:object_r:tty_device:s0 tclass=chr_file permissive=1
01-21 19:30:41.070 1755 1755 I surfaceflinger: type=1400 audit(0.0:120): avc: denied { open } for path="/dev/tty0" dev="tmpfs" ino=7491 scontext=u:r:surfaceflinger:s0 tcontext=u:object_r:tty_device:s0 tclass=chr_file permissive=1
01-21 19:30:41.070 1755 1755 I surfaceflinger: type=1400 audit(0.0:121): avc: denied { ioctl } for path="/dev/tty0" dev="tmpfs" ino=7491 ioctlcmd=0x4b3a scontext=u:r:surfaceflinger:s0 tcontext=u:object_r:tty_device:s0 tclass=chr_file permissive=1
01-21 19:30:41.070 1755 1755 I surfaceflinger: type=1400 audit(0.0:122): avc: denied { sys_tty_config } for capability=26 scontext=u:r:surfaceflinger:s0 tcontext=u:r:surfaceflinger:s0 tclass=capability permissive=1
01-21 19:30:41.070 1755 1755 D DisplayDevice: Open /dev/tty0 OK
01-21 19:30:41.095 1885 1885 I bootanimation: type=1400 audit(0.0:123): avc: denied { getattr } for path="/vendor" dev="tmpfs" ino=4986 scontext=u:r:bootanim:s0 tcontext=u:object_r:tmpfs:s0 tclass=lnk_file permissive=1
01-21 19:30:41.095 1885 1885 I bootanimation: type=1400 audit(0.0:124): avc: denied { read } for name="vendor" dev="tmpfs" ino=4986 scontext=u:r:bootanim:s0 tcontext=u:object_r:tmpfs:s0 tclass=lnk_file permissive=1
01-21 19:30:41.092 1755 1755 D SurfaceFlinger: shader cache generated - 24 shaders in 14.412322 ms
01-21 19:30:41.092 1755 1755 D SurfaceFlinger: Set power mode=2, type=0 flinger=0x7bb4bcc47000
01-21 19:30:41.227 1755 1756 I SurfaceFlinger: auto set density to 160
01-21 19:30:41.228 1885 1965 D libEGL : loaded /system/lib64/egl/libGLES_mesa.so
01-21 19:30:41.229 1754 1754 V NatController: runCmd(/system/bin/iptables -w -F natctrl_FORWARD) res=0
01-21 19:30:41.236 1754 1754 V NatController: runCmd(/system/bin/ip6tables -w -F natctrl_FORWARD) res=0
01-21 19:30:41.236 1885 1965 I GRALLOC-RADEON: detected chipset 0x679a family 0x35 (vram size -1044MiB, gart size 2043MiB)
01-21 19:30:41.236 1885 1965 I GRALLOC-DRM: create radeon for driver radeon
01-21 19:30:41.237 1885 1965 I EGL-DRI2: found extension DRI_Core version 1
01-21 19:30:41.237 1885 1965 I EGL-DRI2: found extension DRI_DRI2 version 4
01-21 19:30:41.238 1754 1754 V NatController: runCmd(/system/bin/iptables -w -A natctrl_FORWARD -j DROP) res=0
01-21 19:30:41.238 1885 1965 I EGL-DRI2: found extension DRI_TexBuffer version 2
01-21 19:30:41.238 1885 1965 I EGL-DRI2: found extension DRI2_Flush version 4
01-21 19:30:41.238 1885 1965 I EGL-DRI2: found extension DRI_IMAGE version 12
01-21 19:30:41.238 1885 1965 I EGL-DRI2: found extension DRI_RENDERER_QUERY version 1
01-21 19:30:41.238 1885 1965 I EGL-DRI2: found extension DRI_CONFIG_QUERY version 1
01-21 19:30:41.238 1885 1965 I EGL-DRI2: found extension DRI2_Fence version 2
01-21 19:30:41.238 1885 1965 I EGL-DRI2: found extension DRI2_Interop version 1
01-21 19:30:41.238 1885 1965 I EGL-DRI2: found extension DRI_Robustness version 1
01-21 19:30:41.239 1885 1965 E cutils-trace: Error opening trace file: Permission denied (13)
01-21 19:30:41.246 1754 1754 V NatController: runCmd(/system/bin/iptables -w -t nat -F natctrl_nat_POSTROUTING) res=0
01-21 19:30:41.248 1754 1754 V NatController: runCmd(/system/bin/ip6tables -w -t raw -F natctrl_raw_PREROUTING) res=0
01-21 19:30:41.249 1754 1754 V NatController: runCmd(/system/bin/iptables -w -F natctrl_tether_counters) res=0
01-21 19:30:41.251 1754 1754 V NatController: runCmd(/system/bin/ip6tables -w -F natctrl_tether_counters) res=0
01-21 19:30:41.260 1754 1754 V NatController: runCmd(/system/bin/iptables -w -X natctrl_tether_counters) res=0
01-21 19:30:41.262 1754 1754 V NatController: runCmd(/system/bin/ip6tables -w -X natctrl_tether_counters) res=0
01-21 19:30:41.264 1754 1754 V NatController: runCmd(/system/bin/iptables -w -N natctrl_tether_counters) res=0
01-21 19:30:41.265 1755 1755 F libc : Fatal signal 11 (SIGSEGV), code 1, fault addr 0x0 in tid 1755 (surfaceflinger)
01-21 19:30:41.265 1443 1443 W : debuggerd: handling request: pid=1755 uid=0 gid=1003 tid=1755
01-21 19:30:41.266 1754 1754 V NatController: runCmd(/system/bin/ip6tables -w -N natctrl_tether_counters) res=0
01-21 19:30:41.266 1981 1981 E : debuggerd: Unable to connect to activity manager (connect failed: No such file or directory)
01-21 19:30:41.267 1754 1754 V NatController: runCmd(/system/bin/iptables -w -t mangle -A natctrl_mangle_FORWARD -p tcp --tcp-flags SYN SYN -j TCPMSS --clamp-mss-to-pmtu) res=0
01-21 19:30:41.280 1754 1754 E Netd : /system/bin/iptables-restore failed with res=0, status=256
01-21 19:30:41.282 1754 1754 E Netd : /system/bin/ip6tables-restore failed with res=0, status=256
01-21 19:30:41.285 1993 1993 I modprobe: type=1400 audit(0.0:125): avc: denied { write } for name="kmsg" dev="tmpfs" ino=7390 scontext=u:r:init:s0 tcontext=u:object_r:kmsg_device:s0 tclass=chr_file permissive=1
01-21 19:30:41.292 1993 1993 E ProbeModule: insmod_by_dep: cannot load module: [netdev-dummy0]
01-21 19:30:41.291 1754 1754 I netd : type=1400 audit(0.0:126): avc: denied { sys_module } for capability=16 scontext=u:r:netd:s0 tcontext=u:r:netd:s0 tclass=capability permissive=1
01-21 19:30:41.298 1994 1994 E ProbeModule: insmod_by_dep: cannot load module: [dummy0]
01-21 19:30:41.299 1754 1754 E Netd : cannot find interface dummy0
01-21 19:30:41.305 1997 1997 E ProbeModule: insmod_by_dep: cannot load module: [net-pf-16-proto-5]
01-21 19:30:41.305 1754 1754 E Netd : Unable to create netlink socket: Protocol not supported
01-21 19:30:41.305 1754 1754 W Netd : Unable to open qlog quota socket, check if xt_quota2 can send via UeventHandler
01-21 19:30:41.305 1754 1754 D MDnsDS : MDnsSdListener::Hander starting up
01-21 19:30:41.305 1754 2000 D MDnsDS : MDnsSdListener starting to monitor
01-21 19:30:41.305 1754 2000 D MDnsDS : Going to poll with pollCount 1
01-21 19:30:41.316 1981 1981 F DEBUG : *** *** *** *** *** *** *** *** *** *** *** *** *** *** *** ***
01-21 19:30:41.316 1981 1981 F DEBUG : Build fingerprint: 'Android-x86/android_x86_64/x86_64:7.1.1/NMF26O/utente12301216:eng/test-keys'
01-21 19:30:41.316 1981 1981 F DEBUG : Revision: '0'
01-21 19:30:41.316 1981 1981 F DEBUG : ABI: 'x86_64'
01-21 19:30:41.317 1981 1981 F DEBUG : pid: 1755, tid: 1755, name: surfaceflinger >>> /system/bin/surfaceflinger <<<
01-21 19:30:41.317 1981 1981 F DEBUG : signal 11 (SIGSEGV), code 1 (SEGV_MAPERR), fault addr 0x0
01-21 19:30:41.317 1981 1981 F DEBUG : rax 00007bb4b9121180 rbx 00007bb4bcc74a20 rcx 0000000000000000 rdx 0000000000000020
01-21 19:30:41.317 1981 1981 F DEBUG : rsi 0000000000000000 rdi 00007bb4b9121180
01-21 19:30:41.317 1981 1981 F DEBUG : r8 ffffffffffffffd8 r9 0400050000000000 r10 0000000000000002 r11 0000000000000246
01-21 19:30:41.317 1981 1981 F DEBUG : r12 00007bb4bcc74600 r13 0000000001000000 r14 00007bb4bcc74a48 r15 00007bb4b76f3380
01-21 19:30:41.317 1981 1981 F DEBUG : cs 0000000000000033 ss 000000000000002b
01-21 19:30:41.317 1981 1981 F DEBUG : rip 00007bb4b9f925f8 rbp 0000000000500000 rsp 00007ffe2aa45dc0 eflags 0000000000010202
01-21 19:30:41.318 1981 1981 F DEBUG :
01-21 19:30:41.318 1981 1981 F DEBUG : backtrace:
01-21 19:30:41.318 1981 1981 F DEBUG : #00 pc 000000000024f5f8 /system/lib64/dri/gallium_dri.so
01-21 19:30:41.318 1981 1981 F DEBUG : #01 pc 0000000000262843 /system/lib64/dri/gallium_dri.so
01-21 19:30:41.318 1981 1981 F DEBUG : #02 pc 0000000000260816 /system/lib64/dri/gallium_dri.so
01-21 19:30:41.318 1981 1981 F DEBUG : #03 pc 000000000026258a /system/lib64/dri/gallium_dri.so
01-21 19:30:41.318 1981 1981 F DEBUG : #04 pc 0000000000607187 /system/lib64/dri/gallium_dri.so
01-21 19:30:41.318 1981 1981 F DEBUG : #05 pc 000000000023d335 /system/lib64/dri/gallium_dri.so
01-21 19:30:41.318 1981 1981 F DEBUG : #06 pc 0000000000459079 /system/lib64/dri/gallium_dri.so
01-21 19:30:41.318 1981 1981 F DEBUG : #07 pc 00000000004752cf /system/lib64/dri/gallium_dri.so
01-21 19:30:41.318 1981 1981 F DEBUG : #08 pc 000000000043e6c1 /system/lib64/dri/gallium_dri.so
01-21 19:30:41.318 1981 1981 F DEBUG : #09 pc 0000000000040f7e /system/lib64/libsurfaceflinger.so
01-21 19:30:41.318 1981 1981 F DEBUG : #10 pc 000000000003edd2 /system/lib64/libsurfaceflinger.so
01-21 19:30:41.318 1981 1981 F DEBUG : #11 pc 00000000000479a5 /system/lib64/libsurfaceflinger.so
01-21 19:30:41.318 1981 1981 F DEBUG : #12 pc 0000000000048b80 /system/lib64/libsurfaceflinger.so
01-21 19:30:41.318 1981 1981 F DEBUG : #13 pc 000000000004724b /system/lib64/libsurfaceflinger.so
01-21 19:30:41.318 1981 1981 F DEBUG : #14 pc 000000000004602a /system/lib64/libsurfaceflinger.so
01-21 19:30:41.318 1981 1981 F DEBUG : #15 pc 0000000000045e0a /system/lib64/libsurfaceflinger.so
01-21 19:30:41.318 1981 1981 F DEBUG : #16 pc 0000000000018799 /system/lib64/libutils.so (_ZN7android6Looper9pollInnerEi+841)
01-21 19:30:41.318 1981 1981 F DEBUG : #17 pc 000000000001838a /system/lib64/libutils.so (_ZN7android6Looper8pollOnceEiPiS1_PPv+42)
01-21 19:30:41.318 1981 1981 F DEBUG : #18 pc 0000000000035409 /system/lib64/libsurfaceflinger.so
01-21 19:30:41.318 1981 1981 F DEBUG : #19 pc 00000000000458a7 /system/lib64/libsurfaceflinger.so (_ZN7android14SurfaceFlinger3runEv+23)
01-21 19:30:41.318 1981 1981 F DEBUG : #20 pc 0000000000001485 /system/bin/surfaceflinger
01-21 19:30:41.318 1981 1981 F DEBUG : #21 pc 000000000001c994 /system/lib64/libc.so (__libc_init+84)
01-21 19:30:41.318 1981 1981 F DEBUG : #22 pc 00000000000011c4 /system/bin/surfaceflinger
01-21 19:30:41.318 1981 1981 F DEBUG : #23 pc 0000000000000000
01-21 19:30:41.329 1443 1443 W : debuggerd: resuming target 1755
01-21 19:30:41.333 1456 1456 I ServiceManager: service 'gpu' died
01-21 19:30:41.333 1456 1456 I ServiceManager: service 'SurfaceFlinger' died
01-21 19:30:41.333 1885 1962 W SurfaceComposerClient: ComposerService remote (surfaceflinger) died [0x70c9b0c7a500]
01-21 19:30:41.333 1885 1962 D BootAnimation: SurfaceFlinger died, exiting...
01-21 19:30:41.333 1456 1456 I ServiceManager: service 'media.audio_flinger' died
01-21 19:30:41.333 1456 1456 I ServiceManager: service 'media.audio_policy' died
01-21 19:30:41.333 1456 1456 I ServiceManager: service 'media.sound_trigger_hw' died
01-21 19:30:41.333 1456 1456 I ServiceManager: service 'media.radio' died
01-21 19:30:41.333 1456 1456 I ServiceManager: service 'media.player' died
01-21 19:30:41.333 1456 1456 I ServiceManager: service 'media.resource_manager' died
01-21 19:30:41.334 1456 1456 I ServiceManager: service 'netd' died
01-21 19:30:41.334 1463 1463 I main : type=1400 audit(0.0:127): avc: denied { mounton } for path="/" dev="tmpfs" ino=5346 scontext=u:r:zygote:s0 tcontext=u:object_r:tmpfs:s0 tclass=dir permissive=1
01-21 19:30:41.652 1463 1463 E memtrack: Couldn't load memtrack module (No such file or directory)
01-21 19:30:41.652 1463 1463 E android.os.Debug: failed to load memtrack module: -2
01-21 19:30:41.653 1463 1463 I Radio-JNI: register_android_hardware_Radio DONE
01-21 19:30:41.698 1463 1463 I SamplingProfilerIntegration: Profiling disabled.
01-21 19:30:41.708 1463 1463 D Zygote : begin preload
01-21 19:30:41.708 1463 1463 I Zygote : Installing ICU cache reference pinning...
01-21 19:30:41.713 1463 1463 I Zygote : Preloading ICU data...
01-21 19:30:41.932 1463 1463 I Zygote : Preloading classes...
01-21 19:30:41.971 1463 1463 W Zygote : Class not found for preloading: [Landroid.view.Display$ColorTransform;
01-21 19:30:42.724 1463 1463 E Typeface: Error mapping font file /system/fonts/DroidSansFallback.ttf
01-21 19:30:42.937 1463 1463 I art : Thread[1,tid=1463,Native,Thread*=0xe3c8b400,peer=0x12c060d0,"main"] recursive attempt to load library "/system/lib/libmedia_jni.so"
01-21 19:30:42.944 1463 1463 D MtpDeviceJNI: register_android_mtp_MtpDevice
01-21 19:30:42.944 1463 1463 I art : Thread[1,tid=1463,Native,Thread*=0xe3c8b400,peer=0x12c060d0,"main"] recursive attempt to load library "/system/lib/libmedia_jni.so"
01-21 19:30:42.944 1463 1463 I art : Thread[1,tid=1463,Native,Thread*=0xe3c8b400,peer=0x12c060d0,"main"] recursive attempt to load library "/system/lib/libmedia_jni.so"
01-21 19:30:43.107 1463 1463 W Zygote : Class not found for preloading: android.view.Display$ColorTransform
01-21 19:30:43.107 1463 1463 W Zygote : Class not found for preloading: android.view.Display$ColorTransform$1
01-21 19:30:43.209 1463 1463 I System : Loaded time zone names for "" in 21ms (20ms in ICU)
01-21 19:30:43.216 1463 1463 I System : Loaded time zone names for "en_US" in 6ms (6ms in ICU)
01-21 19:30:43.228 1463 1463 I Zygote : ...preloaded 4158 classes in 1296ms.
01-21 19:30:43.228 1463 1463 I art : VMRuntime.preloadDexCaches starting
01-21 19:30:43.280 1463 1463 I art : VMRuntime.preloadDexCaches strings total=283847 before=39641 after=39641
01-21 19:30:43.280 1463 1463 I art : VMRuntime.preloadDexCaches types total=23591 before=7878 after=7905
01-21 19:30:43.280 1463 1463 I art : VMRuntime.preloadDexCaches fields total=112054 before=40906 after=41120
01-21 19:30:43.280 1463 1463 I art : VMRuntime.preloadDexCaches methods total=197585 before=82464 after=83024
01-21 19:30:43.280 1463 1463 I art : VMRuntime.preloadDexCaches finished
01-21 19:30:43.280 1463 1463 I Zygote : Preloading resources...
01-21 19:30:43.359 1463 1463 W Resources: Preloaded drawable resource #0x108025c (android:drawable/dialog_background_material) that varies with configuration!!
01-21 19:30:43.376 1463 1463 W Resources: Preloaded color resource #0x10600e2 (android:color/material_grey_800) that varies with configuration!!
01-21 19:30:43.376 1463 1463 W Resources: Preloaded drawable resource #0x10802c9 (android:drawable/floating_popup_background_dark) that varies with configuration!!
01-21 19:30:43.429 1463 1463 I Zygote : ...preloaded 114 resources in 149ms.
01-21 19:30:43.431 1463 1463 W Resources: Preloaded color resource #0x106010b (android:color/background_cache_hint_selector_material_dark) that varies with configuration!!
01-21 19:30:43.431 1463 1463 W Resources: Preloaded color resource #0x1060110 (android:color/btn_default_material_dark) that varies with configuration!!
01-21 19:30:43.431 1463 1463 I Zygote : ...preloaded 41 resources in 2ms.
01-21 19:30:43.443 1463 1463 D libEGL : loaded /system/lib/egl/libGLES_mesa.so
01-21 19:30:43.455 1463 1463 I Zygote : Preloading shared libraries...
01-21 19:30:43.486 1463 1463 I Zygote : Uninstalled ICU cache reference pinning...
01-21 19:30:43.500 1463 1463 I Zygote : Installed AndroidKeyStoreProvider in 15ms.
01-21 19:30:43.509 1463 1463 I Zygote : Warmed up JCA providers in 8ms.
01-21 19:30:43.509 1463 1463 D Zygote : end preload
01-21 19:30:43.509 1463 1463 I art : Starting a blocking GC Explicit
01-21 19:30:43.517 1463 1463 I art : Explicit concurrent mark sweep GC freed 55424(6MB) AllocSpace objects, 133(2MB) LOS objects, 39% free, 2MB/4MB, paused 51us total 8.281ms
01-21 19:30:43.518 1463 1463 I art : Starting a blocking GC Explicit
01-21 19:30:43.522 1463 1463 I art : Explicit concurrent mark sweep GC freed 4822(178KB) AllocSpace objects, 0(0B) LOS objects, 39% free, 2MB/3MB, paused 51us total 3.647ms
01-21 19:30:43.530 1463 1463 I Zygote : Accepting command socket connections
01-21 19:30:46.343 2017 2017 I cameraserver: type=1400 audit(0.0:128): avc: denied { getattr } for path="/vendor" dev="tmpfs" ino=4986 scontext=u:r:cameraserver:s0 tcontext=u:object_r:tmpfs:s0 tclass=lnk_file permissive=1
01-21 19:30:46.343 2017 2017 I cameraserver: type=1400 audit(0.0:129): avc: denied { read } for name="vendor" dev="tmpfs" ino=4986 scontext=u:r:cameraserver:s0 tcontext=u:object_r:tmpfs:s0 tclass=lnk_file permissive=1
01-21 19:30:46.356 2020 2020 I SurfaceFlinger: SurfaceFlinger is starting
01-21 19:30:46.356 2020 2020 I SurfaceFlinger: SurfaceFlinger's main thread ready to run. Initializing graphics H/W...
01-21 19:30:46.358 2020 2020 D libEGL : loaded /system/lib64/egl/libGLES_mesa.so
01-21 19:30:46.360 2019 2019 I Netd : Netd 1.0 starting
01-21 19:30:46.360 2019 2019 D TetherController: Setting IP forward enable = 0
01-21 19:30:46.375 2020 2020 I GRALLOC-RADEON: detected chipset 0x679a family 0x35 (vram size -1034MiB, gart size 2043MiB)
01-21 19:30:46.375 2020 2020 I GRALLOC-DRM: create radeon for driver radeon
01-21 19:30:46.399 2017 2017 I cameraserver: ServiceManager: 0xed99af20
01-21 19:30:46.399 2017 2017 I CameraService: CameraService started (pid=2017)
01-21 19:30:46.399 2017 2017 I CameraService: CameraService process starting
01-21 19:30:46.399 2017 2017 W BatteryNotifier: batterystats service unavailable!
01-21 19:30:46.399 2017 2017 W BatteryNotifier: batterystats service unavailable!
01-21 19:30:46.399 2017 2017 D Camera_Factory: CameraFactory::CameraFactory
01-21 19:30:46.399 2017 2017 D Camera_Factory: CameraFactory::parseConfig: configFile = /etc/camera.cfg
01-21 19:30:46.399 2017 2017 D Camera_Factory: /etc/camera.cfg not found, using camera configuration defaults
01-21 19:30:46.399 2017 2017 E cutils-trace: Error opening trace file: Permission denied (13)
01-21 19:30:46.399 2017 2017 D Camera_Factory: CameraFactory::get_number_of_cameras
01-21 19:30:46.399 2017 2017 D Camera_Factory: CameraFactory::getCameraNum: 0
01-21 19:30:46.399 2017 2017 I CameraService: Loaded "Camera Module" camera module
01-21 19:30:46.399 2017 2017 D Camera_Factory: CameraFactory::get_number_of_cameras
01-21 19:30:46.399 2017 2017 D Camera_Factory: CameraFactory::getCameraNum: 0
01-21 19:30:46.399 2017 2017 D Camera_Factory: CameraFactory::get_number_of_cameras
01-21 19:30:46.399 2017 2017 D Camera_Factory: CameraFactory::getCameraNum: 0
01-21 19:30:46.400 2017 2017 I ServiceManager: Waiting for service media.camera.proxy...
01-21 19:30:46.412 2020 2020 I EGL-DRI2: found extension DRI_Core version 1
01-21 19:30:46.412 2020 2020 I EGL-DRI2: found extension DRI_DRI2 version 4
01-21 19:30:46.413 2020 2020 I EGL-DRI2: found extension DRI_TexBuffer version 2
01-21 19:30:46.413 2020 2020 I EGL-DRI2: found extension DRI2_Flush version 4
01-21 19:30:46.413 2020 2020 I EGL-DRI2: found extension DRI_IMAGE version 12
01-21 19:30:46.413 2020 2020 I EGL-DRI2: found extension DRI_RENDERER_QUERY version 1
01-21 19:30:46.413 2020 2020 I EGL-DRI2: found extension DRI_CONFIG_QUERY version 1
01-21 19:30:46.413 2020 2020 I EGL-DRI2: found extension DRI2_Fence version 2
01-21 19:30:46.413 2020 2020 I EGL-DRI2: found extension DRI2_Interop version 1
01-21 19:30:46.413 2020 2020 I EGL-DRI2: found extension DRI_Robustness version 1
01-21 19:30:46.415 2020 2020 D GRALLOC-KMS: supported drm planes and formats
01-21 19:30:46.430 2016 2016 I : sMaxFastTracks = 8
01-21 19:30:46.432 2016 2016 I audioserver: ServiceManager: 0xeaa1af20
01-21 19:30:46.432 2016 2016 W BatteryNotifier: batterystats service unavailable!
01-21 19:30:46.432 2016 2016 I AudioFlinger: Using default 3000 mSec as standby time.
01-21 19:30:46.432 2016 2016 I AudioPolicyService: AudioPolicyService CSTOR in new mode
01-21 19:30:46.432 2016 2016 I APM::ConfigParsingUtils: loadAudioPolicyConfig() loaded /system/etc/audio_policy.conf
01-21 19:30:46.437 2018 2018 I mediaserver: ServiceManager: 0xee89afa0
01-21 19:30:46.437 2018 2018 W BatteryNotifier: batterystats service unavailable!
01-21 19:30:46.535 2015 2015 D AndroidRuntime: >>>>>> START com.android.internal.os.ZygoteInit uid 0 <<<<<<
01-21 19:30:46.535 2015 2015 D AndroidRuntime: CheckJNI is ON
01-21 19:30:46.536 2015 2015 I art : option[0]=-Xzygote
01-21 19:30:46.536 2015 2015 I art : option[1]=-Xcheck:jni
01-21 19:30:46.536 2015 2015 I art : option[2]=-Xstacktracefile:/data/anr/traces.txt
01-21 19:30:46.536 2015 2015 I art : option[3]=exit
01-21 19:30:46.536 2015 2015 I art : option[4]=vfprintf
01-21 19:30:46.536 2015 2015 I art : option[5]=sensitiveThread
01-21 19:30:46.535 2015 2015 I zygote64: type=1400 audit(0.0:130): avc: denied { write } for name="trace_marker" dev="tracefs" ino=36 scontext=u:r:zygote:s0 tcontext=u:object_r:debugfs_tracing:s0 tclass=file permissive=1
01-21 19:30:46.535 2015 2015 I zygote64: type=1400 audit(0.0:131): avc: denied { open } for path="/sys/kernel/debug/tracing/trace_marker" dev="tracefs" ino=36 scontext=u:r:zygote:s0 tcontext=u:object_r:debugfs_tracing:s0 tclass=file permissive=1
01-21 19:30:46.536 2015 2015 I art : option[6]=-verbose:gc
