--------- beginning of main
01-21 19:30:21.356 1404 1404 W auditd : type=2000 audit(0.0:1): initialized
01-21 19:30:32.132 1404 1404 I auditd : type=1403 audit(0.0:2): policy loaded auid=4294967295 ses=4294967295
01-21 19:30:32.132 1 1 I init : type=1400 audit(0.0:3): avc: denied { open } for path="/selinux_version" dev="tmpfs" ino=4978 scontext=u:r:kernel:s0 tcontext=u:object_r:tmpfs:s0 tclass=file permissive=1
01-21 19:30:32.132 1 1 I init : type=1400 audit(0.0:4): avc: denied { relabelfrom } for name="init" dev="tmpfs" ino=5380 scontext=u:r:kernel:s0 tcontext=u:object_r:tmpfs:s0 tclass=file permissive=1
01-21 19:30:32.135 1 1 I init : type=1400 audit(0.0:5): avc: denied { relabelfrom } for name="property_contexts" dev="tmpfs" ino=4968 scontext=u:r:init:s0 tcontext=u:object_r:tmpfs:s0 tclass=file permissive=1
01-21 19:30:32.185 1381 1381 I ueventd : type=1400 audit(0.0:6): avc: denied { open } for path="/ueventd.rc" dev="tmpfs" ino=4985 scontext=u:r:ueventd:s0 tcontext=u:object_r:tmpfs:s0 tclass=file permissive=1
01-21 19:30:32.213 1381 1381 I ueventd : type=1400 audit(0.0:7): avc: denied { sys_module } for capability=16 scontext=u:r:ueventd:s0 tcontext=u:r:ueventd:s0 tclass=capability permissive=1
01-21 19:30:32.213 1381 1381 I ueventd : type=1400 audit(0.0:8): avc: denied { module_load } for path="/system/lib/modules/4.10.0-rc4-android-x86_64+/kernel/drivers/i2c/busses/i2c-i801.ko" dev="loop1" ino=2741 scontext=u:r:ueventd:s0 tcontext=u:object_r:system_file:s0 tclass=system permissive=1
01-21 19:30:32.472 1381 1381 I ueventd : type=1400 audit(0.0:9): avc: denied { module_request } for kmod="crypto-arc4" scontext=u:r:ueventd:s0 tcontext=u:r:kernel:s0 tclass=system permissive=1
01-21 19:30:32.473 1385 1385 I modprobe: type=1400 audit(0.0:10): avc: denied { create } for name="__kmsg__" scontext=u:r:init:s0 tcontext=u:object_r:device:s0 tclass=chr_file permissive=1
01-21 19:30:32.473 1385 1385 I modprobe: type=1400 audit(0.0:11): avc: denied { unlink } for name="__kmsg__" dev="tmpfs" ino=1349 scontext=u:r:init:s0 tcontext=u:object_r:device:s0 tclass=chr_file permissive=1
01-21 19:30:35.879 0 1405 I sh : + '[' -e /vendor/etc/init.sh ']'
01-21 19:30:35.879 0 1405 I sh : + source /vendor/etc/init.sh
01-21 19:30:35.880 0 1405 I sh : + do_init
01-21 19:30:35.880 0 1405 I sh : + init_misc
01-21 19:30:35.880 0 1405 I sh : + cat /sys/class/dmi/id/sys_vendor
01-21 19:30:35.881 0 1405 I sh : + setprop ro.product.manufacturer 'To Be Filled By O.E.M.'
01-21 19:30:35.884 0 1405 I sh : + setprop ro.product.model 'To Be Filled By O.E.M.'
01-21 19:30:35.887 0 1405 I sh : + lsusb
01-21 19:30:35.887 0 1405 I sh : + grep 1a8d:1000
01-21 19:30:35.900 1406 1406 I sh : type=1400 audit(0.0:34): avc: denied { write } for name="rfkill0" dev="sysfs" ino=14804 scontext=u:r:init:s0 tcontext=u:object_r:sysfs:s0 tclass=dir permissive=1
01-21 19:30:35.900 1406 1406 I sh : type=1400 audit(0.0:35): avc: denied { add_name } for name="state" scontext=u:r:init:s0 tcontext=u:object_r:sysfs:s0 tclass=dir permissive=1
01-21 19:30:35.900 1406 1406 I sh : type=1400 audit(0.0:36): avc: denied { create } for name="state" scontext=u:r:init:s0 tcontext=u:object_r:sysfs:s0 tclass=file permissive=1
01-21 19:30:35.901 0 1405 I sh : + '[' -d /sys/devices/system/cpu/cpu0/cpufreq ']'
01-21 19:30:35.901 0 1405 I sh : + init_hal_audio
01-21 19:30:35.901 0 1405 I sh : + cat /proc/asound/card0/id
01-21 19:30:35.901 1405 1405 I sh : + '[' PCH '=' IntelHDMI ']'
01-21 19:30:35.901 1405 1405 I sh : + init_hal_bluetooth
01-21 19:30:35.901 1405 1405 I sh : + cat /sys/class/rfkill/rfkill0/type
01-21 19:30:35.901 1405 1405 I sh : + type=wlan
01-21 19:30:35.901 1405 1405 I sh : + '[' wlan '=' wlan -o wlan '=' bluetooth ']'
01-21 19:30:35.901 1405 1405 I sh : + >/sys/class/rfkill/rfkill0/state
01-21 19:30:35.901 1405 1405 I sh : + echo 1
01-21 19:30:35.901 1405 1405 I sh : + busybox lsusb -v
01-21 19:30:35.902 1405 1405 I sh : + awk ' /Class:.E0/ { print $9 } '
01-21 19:30:35.903 1425 1425 I head : type=1400 audit(0.0:37): avc: denied { read } for path="pipe:[9218]" dev="pipefs" ino=9218 scontext=u:r:toolbox:s0 tcontext=u:r:init:s0 tclass=fifo_file permissive=1
01-21 19:30:35.904 1405 1405 I sh : + '[' -n ']'
01-21 19:30:35.904 1405 1405 I sh : + init_hal_camera
01-21 19:30:35.904 1405 1405 I sh : + return
01-21 19:30:35.904 1405 1405 I sh : + init_hal_gps
01-21 19:30:35.904 1405 1405 I sh : + return
01-21 19:30:35.904 1405 1405 I sh : + init_hal_gralloc
01-21 19:30:35.904 1405 1405 I sh : + cat /proc/fb
01-21 19:30:35.904 1405 1405 I sh : + head -1
01-21 19:30:35.907 1405 1405 I sh : + set_property ro.hardware.gralloc drm
01-21 19:30:35.907 1405 1405 I sh : + setprop ro.hardware.gralloc drm
01-21 19:30:35.910 1405 1405 I sh : + '[' -n 2 ']'
01-21 19:30:35.910 1405 1405 I sh : + >>/dev/x86.prop
01-21 19:30:35.910 1405 1405 I sh : + echo 'ro.hardware.gralloc=drm'
01-21 19:30:35.910 1405 1405 I sh : + set_drm_mode
01-21 19:30:35.910 1405 1405 I sh : + '[' -n ']'
01-21 19:30:35.910 1405 1405 I sh : + '[' -n 2 ']'
01-21 19:30:35.910 1405 1405 I sh : + set_property debug.egl.trace error
01-21 19:30:35.910 1405 1405 I sh : + setprop debug.egl.trace error
01-21 19:30:35.912 1405 1405 I sh : + '[' -n 2 ']'
01-21 19:30:35.912 1405 1405 I sh : + >>/dev/x86.prop
01-21 19:30:35.912 1405 1405 I sh : + echo 'debug.egl.trace=error'
01-21 19:30:35.912 1405 1405 I sh : + init_hal_hwcomposer
01-21 19:30:35.912 1405 1405 I sh : + return
01-21 19:30:35.912 1405 1405 I sh : + init_hal_lights
01-21 19:30:35.912 1405 1405 I sh : + chown 1000.1000 '/sys/class/backlight/*/brightness'
01-21 19:30:35.915 1405 1405 I sh : chown: /sys/class/backlight/*/brightness: No such file or directory
01-21 19:30:35.915 1405 1405 I sh : + init_hal_power
01-21 19:30:35.915 1405 1405 I sh : + >/sys/class/rtc/rtc0/device/power/wakeup
01-21 19:30:35.915 1405 1405 I sh : + echo disabled
01-21 19:30:35.920 1405 1405 I sh : + init_hal_sensors
01-21 19:30:35.921 1405 1405 I sh : + getprop ro.hardware
01-21 19:30:35.923 1405 1405 I sh : + ro_hardware=android_x86_64
01-21 19:30:35.923 1405 1405 I sh : + '[' -f /system/lib/hw/sensors.android_x86_64.so ']'
01-21 19:30:35.928 1405 1405 I sh : + typeset 'hal_sensors=kbd'
01-21 19:30:35.928 1405 1405 I sh : + typeset 'has_sensors=true'
01-21 19:30:35.929 1405 1405 I sh : + cat /sys/class/dmi/id/uevent
01-21 19:30:35.929 1405 1405 I sh : + has_sensors=false
01-21 19:30:35.930 1405 1405 I sh : + 2>/dev/null
01-21 19:30:35.930 1405 1405 I sh : + ls '/sys/bus/iio/devices/iio:device*'
01-21 19:30:35.931 1433 1433 I ls : type=1400 audit(0.0:38): avc: denied { ioctl } for path="pipe:[1619]" dev="pipefs" ino=1619 ioctlcmd=0x5413 scontext=u:r:toolbox:s0 tcontext=u:r:init:s0 tclass=fifo_file permissive=1
01-21 19:30:35.931 1434 1434 I sh : type=1400 audit(0.0:39): avc: denied { execute } for name="busybox" dev="tmpfs" ino=1337 scontext=u:r:init:s0 tcontext=u:object_r:tmpfs:s0 tclass=file permissive=1
01-21 19:30:35.931 1434 1434 I sh : type=1400 audit(0.0:40): avc: denied { execute_no_trans } for path="/bin/busybox" dev="tmpfs" ino=1337 scontext=u:r:init:s0 tcontext=u:object_r:tmpfs:s0 tclass=file permissive=1
01-21 19:30:35.932 1405 1405 I sh : + '[' -n ']'
01-21 19:30:35.932 1405 1405 I sh : + lsmod
01-21 19:30:35.932 1405 1405 I sh : + grep -q lis3lv02d_i2c
01-21 19:30:35.934 1405 1405 I sh : + set_property ro.hardware.sensors kbd
01-21 19:30:35.934 1405 1405 I sh : + setprop ro.hardware.sensors kbd
01-21 19:30:35.936 1405 1405 I sh : + '[' -n 2 ']'
01-21 19:30:35.936 1405 1405 I sh : + >>/dev/x86.prop
01-21 19:30:35.936 1405 1405 I sh : + echo 'ro.hardware.sensors=kbd'
01-21 19:30:35.936 1405 1405 I sh : + '[' kbd '!=' kbd ']'
01-21 19:30:35.936 1405 1405 I sh : + set_property config.override_forced_orient false
01-21 19:30:35.936 1405 1405 I sh : + setprop config.override_forced_orient false
01-21 19:30:35.939 1405 1405 I sh : + '[' -n 2 ']'
01-21 19:30:35.939 1405 1405 I sh : + >>/dev/x86.prop
01-21 19:30:35.939 1405 1405 I sh : + echo 'config.override_forced_orient=false'
01-21 19:30:35.939 1405 1405 I sh : + init_tscal
01-21 19:30:35.939 1405 1405 I sh : + lsusb
01-21 19:30:35.939 1405 1405 I sh : + awk '{ print $6 }'
01-21 19:30:35.942 1405 1405 I sh : + init_ril
01-21 19:30:35.942 1405 1405 I sh : + cat /sys/class/dmi/id/uevent
01-21 19:30:35.942 1405 1405 I sh : + set_property ro.radio.noril yes
01-21 19:30:35.942 1405 1405 I sh : + setprop ro.radio.noril yes
01-21 19:30:35.945 1405 1405 I sh : + '[' -n 2 ']'
01-21 19:30:35.945 1405 1405 I sh : + >>/dev/x86.prop
01-21 19:30:35.945 1405 1405 I sh : + echo 'ro.radio.noril=yes'
01-21 19:30:35.945 1405 1405 I sh : + post_init
01-21 19:30:35.945 1405 1405 I sh : /system/etc/init.sh: post_init: not found
01-21 19:30:35.945 1405 1405 I sh : + return 0
01-21 19:30:36.063 1443 1443 I : debuggerd: starting --------- beginning of system
01-21 19:30:36.342 1444 1444 I vold : Vold 3.0 (the awakening) firing up
01-21 19:30:36.348 1444 1444 I vold : type=1400 audit(0.0:41): avc: denied { open } for path="/selinux_version" dev="tmpfs" ino=4978 scontext=u:r:vold:s0 tcontext=u:object_r:tmpfs:s0 tclass=file permissive=1
01-21 19:30:36.348 1442 1442 I : debuggerd: starting
01-21 19:30:36.348 1444 1444 V vold : Detected support for: exfat ext4 f2fs ntfs vfat
01-21 19:30:36.603 1444 1448 V vold : /system/bin/sgdisk
01-21 19:30:36.603 1444 1448 V vold : --android-dump
01-21 19:30:36.603 1444 1448 V vold : /dev/block/vold/disk:8_32
01-21 19:30:36.605 1444 1451 D vold : e4crypt_init_user0
01-21 19:30:36.605 1444 1451 D vold : e4crypt_prepare_user_storage for volume null, user 0, serial 0, flags 1
01-21 19:30:36.605 1444 1451 D vold : Preparing: /data/system/users/0
01-21 19:30:36.605 1444 1451 D vold : Preparing: /data/misc/profiles/cur/0
01-21 19:30:36.605 1444 1451 D vold : Preparing: /data/misc/profiles/cur/0/foreign-dex
01-21 19:30:36.605 1444 1451 D vold : Preparing: /data/system_de/0
01-21 19:30:36.605 1444 1451 D vold : Preparing: /data/misc_de/0
01-21 19:30:36.605 1444 1451 D vold : Preparing: /data/user_de/0
01-21 19:30:36.605 1444 1451 D vold : e4crypt_unlock_user_key 0 serial=0 token_present=0
01-21 19:30:36.605 1444 1451 E vold : Failed to chmod /data/system_ce/0: No such file or directory
01-21 19:30:36.605 1444 1451 E vold : Failed to chmod /data/misc_ce/0: No such file or directory
01-21 19:30:36.605 1444 1451 E vold : Failed to chmod /data/media/0: No such file or directory
01-21 19:30:36.605 1 1 I vdc : 200 1445 Command succeeded
01-21 19:30:36.616 1452 1452 I /system/bin/tzdatacheck: tzdata file /data/misc/zoneinfo/current/tzdata does not exist. No action required.
01-21 19:30:36.617 1454 1454 I init : type=1400 audit(0.0:42): avc: denied { execute } for name="healthd" dev="tmpfs" ino=4971 scontext=u:r:init:s0 tcontext=u:object_r:tmpfs:s0 tclass=file permissive=1
01-21 19:30:36.619 1454 1454 I init : type=1400 audit(0.0:43): avc: denied { entrypoint } for path="/sbin/healthd" dev="tmpfs" ino=4971 scontext=u:r:healthd:s0 tcontext=u:object_r:tmpfs:s0 tclass=file permissive=1
01-21 19:30:36.619 1454 1454 I healthd : type=1400 audit(0.0:44): avc: denied { execute } for path="/sbin/healthd" dev="tmpfs" ino=4971 scontext=u:r:healthd:s0 tcontext=u:object_r:tmpfs:s0 tclass=file permissive=1
01-21 19:30:36.619 1459 1459 I init : type=1400 audit(0.0:45): avc: denied { entrypoint } for path="/sbin/adbd" dev="tmpfs" ino=4970 scontext=u:r:adbd:s0 tcontext=u:object_r:tmpfs:s0 tclass=file permissive=1
01-21 19:30:36.619 1444 1448 V vold : DISK mbr
01-21 19:30:36.619 1444 1448 V vold :
01-21 19:30:36.619 1444 1448 V vold : PART 1 0
01-21 19:30:36.619 1444 1448 V vold :
01-21 19:30:36.619 1444 1448 V vold : PART 2 ef
01-21 19:30:36.619 1444 1448 V vold :
01-21 19:30:36.621 1459 1459 I adbd : type=1400 audit(0.0:46): avc: denied { read execute } for path="/sbin/adbd" dev="tmpfs" ino=4970 scontext=u:r:adbd:s0 tcontext=u:object_r:tmpfs:s0 tclass=file permissive=1
01-21 19:30:36.623 1476 1476 I init : type=1400 audit(0.0:47): avc: denied { execute_no_trans } for path="/system/bin/powerbtnd" dev="loop1" ino=320 scontext=u:r:init:s0 tcontext=u:object_r:system_file:s0 tclass=file permissive=1
01-21 19:30:36.626 1464 1464 I audioserver: type=1400 audit(0.0:48): avc: denied { getattr } for path="/vendor" dev="tmpfs" ino=4986 scontext=u:r:audioserver:s0 tcontext=u:object_r:tmpfs:s0 tclass=lnk_file permissive=1
01-21 19:30:36.626 1464 1464 I audioserver: type=1400 audit(0.0:49): avc: denied { read } for name="vendor" dev="tmpfs" ino=4986 scontext=u:r:audioserver:s0 tcontext=u:object_r:tmpfs:s0 tclass=lnk_file permissive=1
01-21 19:30:36.635 1465 1465 I cameraserver: type=1400 audit(0.0:50): avc: denied { getattr } for path="/vendor" dev="tmpfs" ino=4986 scontext=u:r:cameraserver:s0 tcontext=u:object_r:tmpfs:s0 tclass=lnk_file permissive=1
01-21 19:30:36.635 1465 1465 I cameraserver: type=1400 audit(0.0:51): avc: denied { read } for name="vendor" dev="tmpfs" ino=4986 scontext=u:r:cameraserver:s0 tcontext=u:object_r:tmpfs:s0 tclass=lnk_file permissive=1
01-21 19:30:36.637 1456 1456 I servicemanager: type=1400 audit(0.0:52): avc: denied { open } for path="/selinux_version" dev="tmpfs" ino=4978 scontext=u:r:servicemanager:s0 tcontext=u:object_r:tmpfs:s0 tclass=file permissive=1
01-21 19:30:36.638 1455 1455 I lowmemorykiller: Using in-kernel low memory killer interface
01-21 19:30:36.644 1470 1470 I mediacodec: type=1400 audit(0.0:53): avc: denied { getattr } for path="/vendor" dev="tmpfs" ino=4986 scontext=u:r:mediacodec:s0 tcontext=u:object_r:tmpfs:s0 tclass=lnk_file permissive=1
01-21 19:30:36.644 1470 1470 I mediacodec: type=1400 audit(0.0:54): avc: denied { read } for name="vendor" dev="tmpfs" ino=4986 scontext=u:r:mediacodec:s0 tcontext=u:object_r:tmpfs:s0 tclass=lnk_file permissive=1
01-21 19:30:36.668 1476 1476 I powerbtnd: type=1400 audit(0.0:55): avc: denied { write } for name="event0" dev="tmpfs" ino=7382 scontext=u:r:init:s0 tcontext=u:object_r:input_device:s0 tclass=chr_file permissive=1
01-21 19:30:36.668 1476 1476 I powerbtnd: type=1400 audit(0.0:56): avc: denied { ioctl } for path="/dev/input/event0" dev="tmpfs" ino=7382 ioctlcmd=0x4506 scontext=u:r:init:s0 tcontext=u:object_r:input_device:s0 tclass=chr_file permissive=1
01-21 19:30:36.669 1476 1476 I powerbtn: open event0(Power Button) ok fd=4
01-21 19:30:36.669 1476 1476 I powerbtn: open event1(Power Button) ok fd=6
01-21 19:30:36.684 1471 1471 I mediadrmserver: type=1400 audit(0.0:57): avc: denied { getattr } for path="/vendor" dev="tmpfs" ino=4986 scontext=u:r:mediadrmserver:s0 tcontext=u:object_r:tmpfs:s0 tclass=lnk_file permissive=1
01-21 19:30:36.684 1471 1471 I mediadrmserver: type=1400 audit(0.0:58): avc: denied { read } for name="vendor" dev="tmpfs" ino=4986 scontext=u:r:mediadrmserver:s0 tcontext=u:object_r:tmpfs:s0 tclass=lnk_file permissive=1
01-21 19:30:36.698 1460 1460 I logcat : type=1400 audit(0.0:59): avc: denied { dac_override } for capability=1 scontext=u:r:logd:s0 tcontext=u:r:logd:s0 tclass=capability permissive=1
01-21 19:30:36.698 1460 1460 I logcat : type=1400 audit(0.0:60): avc: denied { read } for name="/" dev="tmpfs" ino=5410 scontext=u:r:logd:s0 tcontext=u:object_r:system_data_file:s0 tclass=dir permissive=1
01-21 19:30:36.698 1460 1460 I logcat : type=1400 audit(0.0:61): avc: denied { open } for path="/data" dev="tmpfs" ino=5410 scontext=u:r:logd:s0 tcontext=u:object_r:system_data_file:s0 tclass=dir permissive=1
01-21 19:30:36.698 1460 1460 I logcat : type=1400 audit(0.0:62): avc: denied { write } for name="/" dev="tmpfs" ino=5410 scontext=u:r:logd:s0 tcontext=u:object_r:system_data_file:s0 tclass=dir permissive=1
01-21 19:30:36.698 1460 1460 I logcat : type=1400 audit(0.0:63): avc: denied { add_name } for name="log.txt" scontext=u:r:logd:s0 tcontext=u:object_r:system_data_file:s0 tclass=dir permissive=1
01-21 19:30:36.698 1460 1460 I logcat : type=1400 audit(0.0:64): avc: denied { create } for name="log.txt" scontext=u:r:logd:s0 tcontext=u:object_r:system_data_file:s0 tclass=file permissive=1
01-21 19:30:36.698 1460 1460 I logcat : type=1400 audit(0.0:65): avc: denied { append } for path="/data/log.txt" dev="tmpfs" ino=9369 scontext=u:r:logd:s0 tcontext=u:object_r:system_data_file:s0 tclass=file permissive=1
01-21 19:30:36.711 1476 1476 I powerbtnd: type=1400 audit(0.0:66): avc: denied { write } for name="event13" dev="tmpfs" ino=7367 scontext=u:r:init:s0 tcontext=u:object_r:input_device:s0 tclass=chr_file permissive=1
01-21 19:30:36.711 1476 1476 I powerbtnd: type=1400 audit(0.0:67): avc: denied { ioctl } for path="/dev/input/event13" dev="tmpfs" ino=7367 ioctlcmd=0x4506 scontext=u:r:init:s0 tcontext=u:object_r:input_device:s0 tclass=chr_file permissive=1
01-21 19:30:36.785 1467 1467 I : installd firing up
01-21 19:30:36.785 1467 1467 E cutils : Failed to read /data/.layout_version: No such file or directory
01-21 19:30:36.785 1467 1467 D : Assuming that device has multi-user storage layout; upgrade no longer supported
01-21 19:30:36.785 1467 1467 D : Upgrading to /data/misc/user directories
01-21 19:30:36.797 1478 1478 I perfprofd: starting Android Wide Profiling daemon
01-21 19:30:36.797 1478 1478 E perfprofd: unable to open configuration file /data/data/com.google.android.gms/files/perfprofd.conf
01-21 19:30:36.797 1478 1478 I perfprofd: random seed set to 1960321416
01-21 19:30:36.841 1477 1477 I gatekeeperd: Starting gatekeeperd...
01-21 19:30:36.860 1480 1480 I houdini : found /system/lib/libhoudini.so
01-21 19:30:36.863 1482 1482 I mount : type=1400 audit(0.0:68): avc: denied { mounton } for path="/proc/sys/fs/binfmt_misc" dev="proc" ino=1706 scontext=u:r:toolbox:s0 tcontext=u:object_r:proc:s0 tclass=dir permissive=1
01-21 19:30:36.863 1482 1482 I mount : type=1400 audit(0.0:69): avc: denied { module_request } for kmod="fs-binfmt_misc" scontext=u:r:toolbox:s0 tcontext=u:r:kernel:s0 tclass=system permissive=1
01-21 19:30:36.863 1483 1483 I modprobe: type=1400 audit(0.0:70): avc: denied { write } for name="kmsg" dev="tmpfs" ino=7390 scontext=u:r:init:s0 tcontext=u:object_r:kmsg_device:s0 tclass=chr_file permissive=1
01-21 19:30:36.871 1483 1483 I modprobe: type=1400 audit(0.0:71): avc: denied { module_load } for path="/system/lib/modules/4.10.0-rc4-android-x86_64+/kernel/fs/binfmt_misc.ko" dev="loop1" ino=4690 scontext=u:r:init:s0 tcontext=u:object_r:system_file:s0 tclass=system permissive=1
01-21 19:30:36.880 1477 1477 W gatekeeperd: falling back to software GateKeeper
01-21 19:30:36.880 1477 1477 I gatekeeperd: cold boot: clearing state
01-21 19:30:36.908 1482 1482 I mount : type=1400 audit(0.0:72): avc: denied { mount } for name="/" dev="binfmt_misc" ino=1 scontext=u:r:toolbox:s0 tcontext=u:object_r:binfmt_miscfs:s0 tclass=filesystem permissive=1
01-21 19:30:36.913 1484 1484 I houdini : houdini enabled
01-21 19:30:36.920 1469 1469 I keystore: Found keymaster0 module Keymaster OpenSSL HAL, version 2
01-21 19:30:36.920 1469 1469 I SoftKeymaster: system/keymaster/soft_keymaster_device.cpp, Line 131: Creating device
01-21 19:30:36.920 1469 1469 D SoftKeymaster: system/keymaster/soft_keymaster_device.cpp, Line 132: Device address: 0x7de7fb43d000
01-21 19:30:36.920 1469 1469 I keystore: Keymaster0 module is software-only. Using SoftKeymasterDevice instead.
01-21 19:30:36.920 1469 1469 I SoftKeymaster: system/keymaster/soft_keymaster_device.cpp, Line 131: Creating device
01-21 19:30:36.920 1469 1469 D SoftKeymaster: system/keymaster/soft_keymaster_device.cpp, Line 132: Device address: 0x7de7fb43d400
01-21 19:30:36.922 1486 1486 I houdini : found /system/lib64/libhoudini.so
01-21 19:30:36.925 1487 1487 I houdini : houdini64 enabled
01-21 19:30:36.972 1474 1474 I Netd : Netd 1.0 starting
01-21 19:30:36.972 1474 1474 D TetherController: Setting IP forward enable = 0
01-21 19:30:37.351 1457 1457 I SurfaceFlinger: SurfaceFlinger is starting
01-21 19:30:37.351 1457 1457 I SurfaceFlinger: SurfaceFlinger's main thread ready to run. Initializing graphics H/W...
01-21 19:30:37.500 1470 1470 I mediacodec: @@@ mediacodecservice starting
01-21 19:30:37.505 1465 1465 I cameraserver: ServiceManager: 0xf3c1af20
01-21 19:30:37.511 1474 1474 V NatController: runCmd(/system/bin/iptables -w -F natctrl_FORWARD) res=0
01-21 19:30:37.513 1474 1474 V NatController: runCmd(/system/bin/ip6tables -w -F natctrl_FORWARD) res=0
01-21 19:30:37.514 1470 1470 W : No seccomp filter defined for this architecture.
01-21 19:30:37.514 1474 1474 V NatController: runCmd(/system/bin/iptables -w -A natctrl_FORWARD -j DROP) res=0
01-21 19:30:37.516 1474 1474 V NatController: runCmd(/system/bin/iptables -w -t nat -F natctrl_nat_POSTROUTING) res=0
01-21 19:30:37.517 1474 1474 V NatController: runCmd(/system/bin/ip6tables -w -t raw -F natctrl_raw_PREROUTING) res=0
01-21 19:30:37.518 1465 1465 I CameraService: CameraService started (pid=1465)
01-21 19:30:37.518 1465 1465 I CameraService: CameraService process starting
01-21 19:30:37.518 1465 1465 W BatteryNotifier: batterystats service unavailable!
01-21 19:30:37.518 1465 1465 W BatteryNotifier: batterystats service unavailable!
01-21 19:30:37.519 1474 1474 V NatController: runCmd(/system/bin/iptables -w -F natctrl_tether_counters) res=1
01-21 19:30:37.520 1474 1474 V NatController: runCmd(/system/bin/ip6tables -w -F natctrl_tether_counters) res=1
01-21 19:30:37.522 1474 1474 V NatController: runCmd(/system/bin/iptables -w -X natctrl_tether_counters) res=1
01-21 19:30:37.523 1474 1474 V NatController: runCmd(/system/bin/ip6tables -w -X natctrl_tether_counters) res=1
01-21 19:30:37.525 1474 1474 V NatController: runCmd(/system/bin/iptables -w -N natctrl_tether_counters) res=0
01-21 19:30:37.526 1474 1474 V NatController: runCmd(/system/bin/ip6tables -w -N natctrl_tether_counters) res=0
01-21 19:30:37.528 1474 1474 V NatController: runCmd(/system/bin/iptables -w -t mangle -A natctrl_mangle_FORWARD -p tcp --tcp-flags SYN SYN -j TCPMSS --clamp-mss-to-pmtu) res=0
01-21 19:30:37.542 1474 1474 E Netd : /system/bin/iptables-restore failed with res=0, status=256
01-21 19:30:37.544 1474 1474 E Netd : /system/bin/ip6tables-restore failed with res=0, status=256
01-21 19:30:37.570 1457 1457 D libEGL : loaded /system/lib64/egl/libGLES_mesa.so
01-21 19:30:37.571 1465 1465 D Camera_Factory: CameraFactory::CameraFactory
01-21 19:30:37.571 1465 1465 D Camera_Factory: CameraFactory::parseConfig: configFile = /etc/camera.cfg
01-21 19:30:37.571 1465 1465 D Camera_Factory: /etc/camera.cfg not found, using camera configuration defaults
01-21 19:30:37.571 1465 1465 E cutils-trace: Error opening trace file: Permission denied (13)
01-21 19:30:37.571 1465 1465 D Camera_Factory: CameraFactory::get_number_of_cameras
01-21 19:30:37.571 1465 1465 D Camera_Factory: CameraFactory::getCameraNum: 0
01-21 19:30:37.571 1465 1465 I CameraService: Loaded "Camera Module" camera module
01-21 19:30:37.571 1465 1465 D Camera_Factory: CameraFactory::get_number_of_cameras
01-21 19:30:37.571 1465 1465 D Camera_Factory: CameraFactory::getCameraNum: 0
01-21 19:30:37.571 1465 1465 D Camera_Factory: CameraFactory::get_number_of_cameras
01-21 19:30:37.571 1465 1465 D Camera_Factory: CameraFactory::getCameraNum: 0
01-21 19:30:37.572 1465 1465 I ServiceManager: Waiting for service media.camera.proxy...
01-21 19:30:37.590 1464 1464 I : sMaxFastTracks = 8
01-21 19:30:37.590 1464 1464 I audioserver: ServiceManager: 0xe771af20
01-21 19:30:37.590 1464 1464 W BatteryNotifier: batterystats service unavailable!
01-21 19:30:37.590 1464 1464 I AudioFlinger: Using default 3000 mSec as standby time.
01-21 19:30:37.590 1464 1464 I AudioPolicyService: AudioPolicyService CSTOR in new mode
01-21 19:30:37.595 1457 1457 I GRALLOC-RADEON: detected chipset 0x679a family 0x35 (vram size -1034MiB, gart size 2043MiB)
01-21 19:30:37.595 1457 1457 I GRALLOC-DRM: create radeon for driver radeon
01-21 19:30:37.596 1464 1464 I APM::ConfigParsingUtils: loadAudioPolicyConfig() loaded /system/etc/audio_policy.conf
01-21 19:30:37.615 1701 1701 E ProbeModule: insmod_by_dep: cannot load module: [netdev-dummy0]
01-21 19:30:37.623 1702 1702 E ProbeModule: insmod_by_dep: cannot load module: [dummy0]
01-21 19:30:37.623 1474 1474 E Netd : cannot find interface dummy0
01-21 19:30:37.630 1705 1705 E ProbeModule: insmod_by_dep: cannot load module: [net-pf-16-proto-5]
01-21 19:30:37.630 1474 1474 E Netd : Unable to create netlink socket: Protocol not supported
01-21 19:30:37.630 1474 1474 W Netd : Unable to open qlog quota socket, check if xt_quota2 can send via UeventHandler
01-21 19:30:37.630 1474 1474 D MDnsDS : MDnsSdListener::Hander starting up
01-21 19:30:37.630 1474 1708 D MDnsDS : MDnsSdListener starting to monitor
01-21 19:30:37.630 1474 1708 D MDnsDS : Going to poll with pollCount 1
01-21 19:30:37.643 1472 1472 V MediaUtils: physMem: 4294967295
01-21 19:30:37.643 1472 1472 V MediaUtils: requested limit: 858993440
01-21 19:30:37.643 1472 1472 V MediaUtils: actual limit: 858993440
01-21 19:30:37.643 1472 1472 V MediaUtils: original limits: 4294967295/4294967295
01-21 19:30:37.643 1472 1472 V MediaUtils: new limits: 858993440/4294967295
01-21 19:30:37.643 1472 1472 W /system/bin/mediaextractor: libminijail: allowing syscall: socketcall
01-21 19:30:37.643 1472 1472 W /system/bin/mediaextractor: libminijail: allowing syscall: writev
01-21 19:30:37.643 1472 1472 W /system/bin/mediaextractor: libminijail: allowing syscall: fcntl64
01-21 19:30:37.643 1472 1472 W /system/bin/mediaextractor: libminijail: allowing syscall: clock_gettime
01-21 19:30:37.667 1472 1472 W /system/bin/mediaextractor: libminijail: logging seccomp filter failures
01-21 19:30:37.673 1473 1473 I mediaserver: ServiceManager: 0xf101afa0
01-21 19:30:37.673 1471 1471 I mediaserver: ServiceManager: 0xf279afa0
01-21 19:30:37.793 1473 1473 W BatteryNotifier: batterystats service unavailable!
01-21 19:30:37.804 1464 1464 D audio_hw_primary: found audio out at /dev/snd/pcmC0D0p
01-21 19:30:37.804 1464 1464 D audio_hw_primary: card: 0/0 id: ALC892 Analog
01-21 19:30:37.804 1464 1464 D audio_hw_primary: name: ALC892 Analog
01-21 19:30:37.804 1464 1464 D audio_hw_primary: subname: subdevice #0
01-21 19:30:37.804 1464 1464 D audio_hw_primary: stream: 0
01-21 19:30:37.804 1464 1464 D audio_hw_primary: found audio out at /dev/snd/pcmC0D1p
01-21 19:30:37.804 1464 1464 D audio_hw_primary: card: 0/1 id: ALC892 Digital
01-21 19:30:37.804 1464 1464 D audio_hw_primary: name: ALC892 Digital
01-21 19:30:37.804 1464 1464 D audio_hw_primary: subname: subdevice #0
01-21 19:30:37.804 1464 1464 D audio_hw_primary: stream: 0
01-21 19:30:37.804 1464 1464 D audio_hw_primary: ignore pcmC0D1p
01-21 19:30:37.804 1464 1464 D audio_hw_primary: found audio out at /dev/snd/pcmC1D10p
01-21 19:30:37.804 1464 1464 D audio_hw_primary: card: 1/10 id: HDMI 4
01-21 19:30:37.804 1464 1464 D audio_hw_primary: name: HDMI 4
01-21 19:30:37.804 1464 1464 D audio_hw_primary: subname: subdevice #0
01-21 19:30:37.804 1464 1464 D audio_hw_primary: stream: 0
01-21 19:30:37.804 1464 1464 D audio_hw_primary: found audio out at /dev/snd/pcmC1D11p
01-21 19:30:37.804 1464 1464 D audio_hw_primary: card: 1/11 id: HDMI 5
01-21 19:30:37.804 1464 1464 D audio_hw_primary: name: HDMI 5
01-21 19:30:37.804 1464 1464 D audio_hw_primary: subname: subdevice #0
01-21 19:30:37.804 1464 1464 D audio_hw_primary: stream: 0
01-21 19:30:37.804 1464 1464 D audio_hw_primary: ignore pcmC1D11p
01-21 19:30:37.804 1464 1464 D audio_hw_primary: found audio out at /dev/snd/pcmC1D3p
01-21 19:30:37.804 1464 1464 D audio_hw_primary: card: 1/3 id: HDMI 0
01-21 19:30:37.804 1464 1464 D audio_hw_primary: name: HDMI 0
01-21 19:30:37.804 1464 1464 D audio_hw_primary: subname: subdevice #0
01-21 19:30:37.804 1464 1464 D audio_hw_primary: stream: 0
01-21 19:30:37.804 1464 1464 D audio_hw_primary: ignore pcmC1D3p
01-21 19:30:37.805 1464 1464 D audio_hw_primary: found audio out at /dev/snd/pcmC1D7p
01-21 19:30:37.805 1464 1464 D audio_hw_primary: card: 1/7 id: HDMI 1
01-21 19:30:37.805 1464 1464 D audio_hw_primary: name: HDMI 1
01-21 19:30:37.805 1464 1464 D audio_hw_primary: subname: subdevice #0
01-21 19:30:37.805 1464 1464 D audio_hw_primary: stream: 0
01-21 19:30:37.805 1464 1464 D audio_hw_primary: ignore pcmC1D7p
01-21 19:30:37.805 1464 1464 D audio_hw_primary: found audio out at /dev/snd/pcmC1D8p
01-21 19:30:37.805 1464 1464 D audio_hw_primary: card: 1/8 id: HDMI 2
01-21 19:30:37.805 1464 1464 D audio_hw_primary: name: HDMI 2
01-21 19:30:37.805 1464 1464 D audio_hw_primary: subname: subdevice #0
01-21 19:30:37.805 1464 1464 D audio_hw_primary: stream: 0
01-21 19:30:37.805 1464 1464 D audio_hw_primary: ignore pcmC1D8p
01-21 19:30:37.805 1464 1464 D audio_hw_primary: found audio out at /dev/snd/pcmC1D9p
01-21 19:30:37.805 1464 1464 D audio_hw_primary: card: 1/9 id: HDMI 3
01-21 19:30:37.805 1464 1464 D audio_hw_primary: name: HDMI 3
01-21 19:30:37.805 1464 1464 D audio_hw_primary: subname: subdevice #0
01-21 19:30:37.805 1464 1464 D audio_hw_primary: stream: 0
01-21 19:30:37.805 1464 1464 D audio_hw_primary: ignore pcmC1D9p
01-21 19:30:37.805 1464 1464 I audio_hw_primary: choose pcmC0D0p for 0
01-21 19:30:37.805 1464 1464 E audio_hw_primary: Failed to open /system/etc/mixer_paths.xml
01-21 19:30:37.805 1464 1464 I AudioFlinger: loadHwModule() Loaded primary audio interface from Grouper audio HW HAL (audio) handle 10
01-21 19:30:37.805 1464 1464 I AudioFlinger: openOutput(), module 10 Device 2, SamplingRate 48000, Format 0x000001, Channels 3, flags 2
01-21 19:30:37.805 1464 1464 I audio_hw_primary: choose pcmC0D0p for 0
01-21 19:30:37.805 1464 1464 I AudioFlinger: HAL output buffer size 512 frames, normal sink buffer size 1024 frames
01-21 19:30:37.857 1464 1464 I BufferProvider: found effect "Multichannel Downmix To Stereo" from The Android Open Source Project
01-21 19:30:37.857 1464 1464 I AudioFlinger: Using module 10 has the primary audio interface
01-21 19:30:37.858 1464 1717 I AudioFlinger: AudioFlinger's thread 0xe7292400 ready to run
01-21 19:30:37.858 1464 1717 W BatteryNotifier: batterystats service unavailable!
01-21 19:30:37.858 1464 1717 W BatteryNotifier: batterystats service unavailable!
01-21 19:30:37.858 1464 1717 W BatteryNotifier: batterystats service unavailable!
01-21 19:30:37.858 1464 1717 W AudioFlinger: no wake lock to update, system not ready yet
01-21 19:30:37.858 1464 1717 E cutils-trace: Error opening trace file: Permission denied (13)
01-21 19:30:37.858 1464 1718 I AudioFlinger: AudioFlinger's thread 0xe6f0a540 ready to run
01-21 19:30:37.887 1464 1464 I bt_a2dp_hw: adev_open: adev_open in A2dp_hw module
01-21 19:30:37.887 1464 1464 I AudioFlinger: loadHwModule() Loaded a2dp audio interface from A2DP Audio HW HAL (audio) handle 18
01-21 19:30:37.906 1464 1464 I AudioFlinger: loadHwModule() Loaded usb audio interface from USB audio HW HAL (audio) handle 26
01-21 19:30:37.906 1464 1464 I RadioService: RadioService
01-21 19:30:37.907 1464 1464 I RadioService: onFirstRef
01-21 19:30:37.907 1464 1464 E RadioService: couldn't load radio module radio.primary (No such file or directory)
01-21 19:30:37.907 1464 1464 E SoundTriggerHwService: couldn't load sound trigger module sound_trigger.primary (No such file or directory)
01-21 19:30:38.572 1465 1465 I ServiceManager: Waiting for service media.camera.proxy...
01-21 19:30:38.833 1457 1457 I EGL-DRI2: found extension DRI_Core version 1
01-21 19:30:38.833 1457 1457 I EGL-DRI2: found extension DRI_DRI2 version 4
01-21 19:30:38.832 1457 1457 I surfaceflinger: type=1400 audit(0.0:93): avc: denied { getattr } for path="/dev/dri/card0" dev="tmpfs" ino=1521 scontext=u:r:surfaceflinger:s0 tcontext=u:object_r:device:s0 tclass=chr_file permissive=1
01-21 19:30:38.891 1457 1457 I surfaceflinger: type=1400 audit(0.0:94): avc: denied { ioctl } for path="/dev/dri/card0" dev="tmpfs" ino=1521 ioctlcmd=0x6400 scontext=u:r:surfaceflinger:s0 tcontext=u:object_r:device:s0 tclass=chr_file permissive=1
01-21 19:30:39.063 1462 1462 D AndroidRuntime: >>>>>> START com.android.internal.os.ZygoteInit uid 0 <<<<<<
01-21 19:30:39.164 1457 1457 I surfaceflinger: type=1400 audit(0.0:95): avc: denied { read write } for path="/dev/dri/card0" dev="tmpfs" ino=1521 scontext=u:r:surfaceflinger:s0 tcontext=u:object_r:device:s0 tclass=chr_file permissive=1
01-21 19:30:39.234 1457 1457 I EGL-DRI2: found extension DRI_TexBuffer version 2
01-21 19:30:39.234 1457 1457 I EGL-DRI2: found extension DRI2_Flush version 4
01-21 19:30:39.234 1457 1457 I EGL-DRI2: found extension DRI_IMAGE version 12
01-21 19:30:39.234 1457 1457 I EGL-DRI2: found extension DRI_RENDERER_QUERY version 1
01-21 19:30:39.234 1457 1457 I EGL-DRI2: found extension DRI_CONFIG_QUERY version 1
01-21 19:30:39.234 1457 1457 I EGL-DRI2: found extension DRI2_Fence version 2
01-21 19:30:39.234 1457 1457 I EGL-DRI2: found extension DRI2_Interop version 1
01-21 19:30:39.234 1457 1457 I EGL-DRI2: found extension DRI_Robustness version 1
01-21 19:30:39.235 1457 1457 D GRALLOC-KMS: supported drm planes and formats
01-21 19:30:39.268 1462 1462 D AndroidRuntime: CheckJNI is ON
01-21 19:30:39.300 1462 1462 I zygote64: type=1400 audit(0.0:96): avc: denied { write } for name="trace_marker" dev="tracefs" ino=36 scontext=u:r:zygote:s0 tcontext=u:object_r:debugfs_tracing:s0 tclass=file permissive=1
01-21 19:30:39.300 1462 1462 I zygote64: type=1400 audit(0.0:97): avc: denied { open } for path="/sys/kernel/debug/tracing/trace_marker" dev="tracefs" ino=36 scontext=u:r:zygote:s0 tcontext=u:object_r:debugfs_tracing:s0 tclass=file permissive=1
01-21 19:30:39.344 1462 1462 I art : option[0]=-Xzygote
01-21 19:30:39.344 1462 1462 I art : option[1]=-Xcheck:jni
01-21 19:30:39.344 1462 1462 I art : option[2]=-Xstacktracefile:/data/anr/traces.txt
01-21 19:30:39.344 1462 1462 I art : option[3]=exit
01-21 19:30:39.344 1462 1462 I art : option[4]=vfprintf
01-21 19:30:39.344 1462 1462 I art : option[5]=sensitiveThread
01-21 19:30:39.344 1462 1462 I art : option[6]=-verbose:gc
01-21 19:30:39.344 1462 1462 I art : option[7]=-Xms16m
01-21 19:30:39.344 1462 1462 I art : option[8]=-Xmx512m
01-21 19:30:39.344 1462 1462 I art : option[9]=-XX:HeapGrowthLimit=192m
01-21 19:30:39.344 1462 1462 I art : option[10]=-XX:HeapMinFree=512k
01-21 19:30:39.344 1462 1462 I art : option[11]=-XX:HeapMaxFree=8m
01-21 19:30:39.344 1462 1462 I art : option[12]=-XX:HeapTargetUtilization=0.75
01-21 19:30:39.344 1462 1462 I art : option[13]=-Xusejit:true
01-21 19:30:39.344 1462 1462 I art : option[14]=-Xjitsaveprofilinginfo
01-21 19:30:39.344 1462 1462 I art : option[15]=-agentlib:jdwp=transport=dt_android_adb,suspend=n,server=y
01-21 19:30:39.344 1462 1462 I art : option[16]=-Xlockprofthreshold:500
01-21 19:30:39.344 1462 1462 I art : option[17]=-Ximage-compiler-option
01-21 19:30:39.344 1462 1462 I art : option[18]=--runtime-arg
01-21 19:30:39.344 1462 1462 I art : option[19]=-Ximage-compiler-option
01-21 19:30:39.344 1462 1462 I art : option[20]=-Xms64m
01-21 19:30:39.344 1462 1462 I art : option[21]=-Ximage-compiler-option
01-21 19:30:39.344 1462 1462 I art : option[22]=--runtime-arg
01-21 19:30:39.344 1462 1462 I art : option[23]=-Ximage-compiler-option
01-21 19:30:39.344 1462 1462 I art : option[24]=-Xmx64m
01-21 19:30:39.344 1462 1462 I art : option[25]=-Ximage-compiler-option
01-21 19:30:39.344 1462 1462 I art : option[26]=--compiler-filter=verify-at-runtime
01-21 19:30:39.344 1462 1462 I art : option[27]=-Ximage-compiler-option
01-21 19:30:39.344 1462 1462 I art : option[28]=--image-classes=/system/etc/preloaded-classes
01-21 19:30:39.344 1462 1462 I art : option[29]=-Ximage-compiler-option
01-21 19:30:39.344 1462 1462 I art : option[30]=--compiled-classes=/system/etc/compiled-classes
01-21 19:30:39.344 1462 1462 I art : option[31]=-Xcompiler-option
01-21 19:30:39.344 1462 1462 I art : option[32]=--runtime-arg
01-21 19:30:39.344 1462 1462 I art : option[33]=-Xcompiler-option
01-21 19:30:39.344 1462 1462 I art : option[34]=-Xms64m
01-21 19:30:39.344 1462 1462 I art : option[35]=-Xcompiler-option
01-21 19:30:39.344 1462 1462 I art : option[36]=--runtime-arg
01-21 19:30:39.344 1462 1462 I art : option[37]=-Xcompiler-option
01-21 19:30:39.344 1462 1462 I art : option[38]=-Xmx512m
01-21 19:30:39.344 1462 1462 I art : option[39]=-Ximage-compiler-option
01-21 19:30:39.344 1462 1462 I art : option[40]=--instruction-set-variant=x86_64
01-21 19:30:39.344 1462 1462 I art : option[41]=-Xcompiler-option
01-21 19:30:39.344 1462 1462 I art : option[42]=--instruction-set-variant=x86_64
01-21 19:30:39.344 1462 1462 I art : option[43]=-Ximage-compiler-option
01-21 19:30:39.344 1462 1462 I art : option[44]=--instruction-set-features=default
01-21 19:30:39.344 1462 1462 I art : option[45]=-Xcompiler-option
01-21 19:30:39.344 1462 1462 I art : option[46]=--instruction-set-features=default
01-21 19:30:39.344 1462 1462 I art : option[47]=-Duser.locale=en-US
01-21 19:30:39.344 1462 1462 I art : option[48]=-XX:NativeBridge=libhoudini.so
01-21 19:30:39.344 1462 1462 I art : option[49]=--cpu-abilist=x86_64,arm64-v8a
01-21 19:30:39.344 1462 1462 I art : option[50]=-Xfingerprint:Android-x86/android_x86_64/x86_64:7.1.1/NMF26O/utente12301216:eng/test-keys
01-21 19:30:39.388 1457 1457 I GRALLOC-KMS: there are 59 modes on connector 0x36, type 2
01-21 19:30:39.388 1457 1457 I GRALLOC-KMS: 1280x1024
01-21 19:30:39.388 1457 1457 I GRALLOC-KMS: 2048x1536
01-21 19:30:39.388 1457 1457 I GRALLOC-KMS: 1792x1344
01-21 19:30:39.388 1457 1457 I GRALLOC-KMS: 2048x1152
01-21 19:30:39.388 1457 1457 I GRALLOC-KMS: 1920x1200
01-21 19:30:39.388 1457 1457 I GRALLOC-KMS: 1920x1080
01-21 19:30:39.388 1457 1457 I GRALLOC-KMS: 1600x1200
01-21 19:30:39.388 1457 1457 I GRALLOC-KMS: 1600x1200
01-21 19:30:39.388 1457 1457 I GRALLOC-KMS: 1600x1200
01-21 19:30:39.388 1457 1457 I GRALLOC-KMS: 1600x1200
01-21 19:30:39.388 1457 1457 I GRALLOC-KMS: 1680x1050
01-21 19:30:39.388 1457 1457 I GRALLOC-KMS: 1680x1050
01-21 19:30:39.388 1457 1457 I GRALLOC-KMS: 1680x1050
01-21 19:30:39.388 1457 1457 I GRALLOC-KMS: 1680x945
01-21 19:30:39.388 1457 1457 I GRALLOC-KMS: 1400x1050
01-21 19:30:39.388 1457 1457 I GRALLOC-KMS: 1400x1050
01-21 19:30:39.388 1457 1457 I GRALLOC-KMS: 1400x1050
01-21 19:30:39.388 1457 1457 I GRALLOC-KMS: 1600x900
01-21 19:30:39.388 1457 1457 I GRALLOC-KMS: 1280x1024
01-21 19:30:39.388 1457 1457 I GRALLOC-KMS: 1280x1024
01-21 19:30:39.388 1457 1457 I GRALLOC-KMS: 1440x900
01-21 19:30:39.388 1457 1457 I GRALLOC-KMS: 1440x900
01-21 19:30:39.388 1457 1457 I GRALLOC-KMS: 1440x900
01-21 19:30:39.388 1457 1457 I GRALLOC-KMS: 1280x960
01-21 19:30:39.388 1457 1457 I GRALLOC-KMS: 1280x960
01-21 19:30:39.388 1457 1457 I GRALLOC-KMS: 1366x768
01-21 19:30:39.388 1457 1457 I GRALLOC-KMS: 1360x768
01-21 19:30:39.388 1457 1457 I GRALLOC-KMS: 1280x800
01-21 19:30:39.388 1457 1457 I GRALLOC-KMS: 1280x800
01-21 19:30:39.388 1457 1457 I GRALLOC-KMS: 1280x800
01-21 19:30:39.388 1457 1457 I GRALLOC-KMS: 1152x864
01-21 19:30:39.388 1457 1457 I GRALLOC-KMS: 1280x768
01-21 19:30:39.388 1457 1457 I GRALLOC-KMS: 1280x768
01-21 19:30:39.388 1457 1457 I GRALLOC-KMS: 1280x768
01-21 19:30:39.388 1457 1457 I GRALLOC-KMS: 1280x720
01-21 19:30:39.388 1457 1457 I GRALLOC-KMS: 1024x768
01-21 19:30:39.388 1457 1457 I GRALLOC-KMS: 1024x768i
01-21 19:30:39.388 1457 1457 I GRALLOC-KMS: 1024x768
01-21 19:30:39.388 1457 1457 I GRALLOC-KMS: 1024x768
01-21 19:30:39.388 1457 1457 I GRALLOC-KMS: 1024x768
01-21 19:30:39.388 1457 1457 I GRALLOC-KMS: 1024x768
01-21 19:30:39.388 1457 1457 I GRALLOC-KMS: 1024x576
01-21 19:30:39.388 1457 1457 I GRALLOC-KMS: 832x624
01-21 19:30:39.388 1457 1457 I GRALLOC-KMS: 800x600
01-21 19:30:39.388 1457 1457 I GRALLOC-KMS: 800x600
01-21 19:30:39.388 1457 1457 I GRALLOC-KMS: 800x600
01-21 19:30:39.388 1457 1457 I GRALLOC-KMS: 800x600
01-21 19:30:39.388 1457 1457 I GRALLOC-KMS: 800x600
01-21 19:30:39.388 1457 1457 I GRALLOC-KMS: 848x480
01-21 19:30:39.388 1457 1457 I GRALLOC-KMS: 640x480
01-21 19:30:39.388 1457 1457 I GRALLOC-KMS: 640x480
01-21 19:30:39.388 1457 1457 I GRALLOC-KMS: 640x480
01-21 19:30:39.388 1457 1457 I GRALLOC-KMS: 640x480
01-21 19:30:39.388 1457 1457 I GRALLOC-KMS: 640x480
01-21 19:30:39.388 1457 1457 I GRALLOC-KMS: 720x400
01-21 19:30:39.388 1457 1457 I GRALLOC-KMS: 720x400
01-21 19:30:39.388 1457 1457 I GRALLOC-KMS: 720x400
01-21 19:30:39.388 1457 1457 I GRALLOC-KMS: 640x400
01-21 19:30:39.388 1457 1457 I GRALLOC-KMS: 640x350
01-21 19:30:39.388 1457 1457 I GRALLOC-KMS: Established mode:
01-21 19:30:39.388 1457 1457 I GRALLOC-KMS: clock: 157500, hdisplay: 1280, hsync_start: 1344, hsync_end: 1504, htotal: 1728, hskew: 0
01-21 19:30:39.388 1457 1457 I GRALLOC-KMS: vdisplay: 1024, vsync_start: 1025, vsync_end: 1028, vtotal: 1072, vscan: 0, vrefresh: 85
01-21 19:30:39.388 1457 1457 I GRALLOC-KMS: flags: 5, type: 72, name 1280x1024
01-21 19:30:39.388 1457 1457 I GRALLOC-KMS: the best mode is 1280x1024
01-21 19:30:39.388 1457 1457 D GRALLOC-KMS: will use flip for fb posting
01-21 19:30:39.388 1457 1457 I GRALLOC-MOD: mode.hdisplay 1280
01-21 19:30:39.388 1457 1457 I GRALLOC-MOD: mode.vdisplay 1024
01-21 19:30:39.388 1457 1457 I GRALLOC-MOD: mode.vrefresh 85.000000
01-21 19:30:39.388 1457 1457 I GRALLOC-MOD: format 0x5
01-21 19:30:39.388 1457 1457 I GRALLOC-MOD: xdpi 90.000000
01-21 19:30:39.388 1457 1457 I GRALLOC-MOD: ydpi 96.000000
01-21 19:30:39.388 1457 1457 E SurfaceFlinger: hwcomposer module not found
01-21 19:30:39.389 1457 1457 I SurfaceFlinger: EGL information:
01-21 19:30:39.389 1457 1457 I SurfaceFlinger: vendor : Android
01-21 19:30:39.389 1457 1457 I SurfaceFlinger: version : 1.4 Android META-EGL
01-21 19:30:39.389 1457 1457 I SurfaceFlinger: extensions: EGL_KHR_get_all_proc_addresses EGL_ANDROID_presentation_time EGL_KHR_swap_buffers_with_damage EGL_ANDROID_create_native_client_buffer EGL_ANDROID_front_buffer_auto_refresh EGL_KHR_image_base EGL_KHR_gl_texture_2D_image EGL_KHR_gl_texture_3D_image EGL_KHR_gl_texture_cubemap_image EGL_KHR_gl_renderbuffer_image EGL_KHR_reusable_sync EGL_KHR_fence_sync EGL_KHR_create_context EGL_KHR_config_attribs EGL_KHR_surfaceless_context EGL_EXT_create_context_robustness EGL_ANDROID_image_native_buffer EGL_KHR_wait_sync EGL_ANDROID_recordable
01-21 19:30:39.389 1457 1457 I SurfaceFlinger: Client API: OpenGL_ES
01-21 19:30:39.389 1457 1457 I SurfaceFlinger: EGLSurface: 8-8-8-8, config=0x77505fbfadc0
01-21 19:30:39.494 1462 1462 I art : Pruning dalvik-cache since we are relocating an image and will need to recompile
01-21 19:30:39.494 1462 1462 I art : RelocateImage: /system/bin/patchoat --input-image-location=/system/framework/boot.art --output-image-file=/data/dalvik-cache/x86_64/system@framework@boot.art --instruction-set=x86_64 --base-offset-delta=-16470016
01-21 19:30:39.519 1457 1457 I SurfaceFlinger: OpenGL ES informations:
01-21 19:30:39.519 1457 1457 I SurfaceFlinger: vendor : X.Org
01-21 19:30:39.519 1457 1457 I SurfaceFlinger: renderer : Gallium 0.4 on AMD TAHITI (DRM 2.48.0 / 4.10.0-rc4-android-x86_64+, LLVM 3.8.0)
01-21 19:30:39.519 1457 1457 I SurfaceFlinger: version : OpenGL ES 3.0 Mesa 17.1.0-devel (git-449d018)
01-21 19:30:39.519 1457 1457 I SurfaceFlinger: extensions: GL_EXT_blend_minmax GL_EXT_multi_draw_arrays GL_EXT_texture_filter_anisotropic GL_EXT_texture_compression_dxt1 GL_EXT_texture_format_BGRA8888 GL_OES_compressed_ETC1_RGB8_texture GL_OES_depth24 GL_OES_element_index_uint GL_OES_fbo_render_mipmap GL_OES_mapbuffer GL_OES_rgb8_rgba8 GL_OES_standard_derivatives GL_OES_stencil8 GL_OES_texture_3D GL_OES_texture_float GL_OES_texture_float_linear GL_OES_texture_half_float GL_OES_texture_half_float_linear GL_OES_texture_npot GL_OES_vertex_half_float GL_EXT_texture_sRGB_decode GL_OES_EGL_image GL_OES_depth_texture GL_OES_packed_depth_stencil GL_EXT_texture_type_2_10_10_10_REV GL_OES_get_program_binary GL_APPLE_texture_max_level GL_EXT_discard_framebuffer GL_EXT_read_format_bgra GL_NV_fbo_color_attachments GL_OES_EGL_image_external GL_OES_EGL_sync GL_OES_vertex_array_object GL_ANGLE_texture_compression_dxt3 GL_ANGLE_texture_compression_dxt5 GL_EXT_robustness GL_EXT_texture_rg GL_EXT_unpack_subimage GL_NV_draw_buffers GL_NV_read_buffer GL_NV_read_depth GL_NV_r
01-21 19:30:39.519 1457 1457 I SurfaceFlinger: GL_MAX_TEXTURE_SIZE = 16384
01-21 19:30:39.519 1457 1457 I SurfaceFlinger: GL_MAX_VIEWPORT_DIMS = 16384
01-21 19:30:39.518 1457 1457 I surfaceflinger: type=1400 audit(0.0:98): avc: denied { write } for name="trace_marker" dev="tracefs" ino=36 scontext=u:r:surfaceflinger:s0 tcontext=u:object_r:debugfs_tracing:s0 tclass=file permissive=1
01-21 19:30:39.518 1457 1457 I surfaceflinger: type=1400 audit(0.0:99): avc: denied { open } for path="/sys/kernel/debug/tracing/trace_marker" dev="tracefs" ino=36 scontext=u:r:surfaceflinger:s0 tcontext=u:object_r:debugfs_tracing:s0 tclass=file permissive=1
01-21 19:30:39.518 1457 1457 I surfaceflinger: type=1400 audit(0.0:100): avc: denied { read write } for name="tty0" dev="tmpfs" ino=7491 scontext=u:r:surfaceflinger:s0 tcontext=u:object_r:tty_device:s0 tclass=chr_file permissive=1
01-21 19:30:39.519 1457 1457 D DisplayDevice: Open /dev/tty0 OK
01-21 19:30:39.519 1457 1457 I surfaceflinger: type=1400 audit(0.0:101): avc: denied { open } for path="/dev/tty0" dev="tmpfs" ino=7491 scontext=u:r:surfaceflinger:s0 tcontext=u:object_r:tty_device:s0 tclass=chr_file permissive=1
01-21 19:30:39.519 1457 1457 I surfaceflinger: type=1400 audit(0.0:102): avc: denied { ioctl } for path="/dev/tty0" dev="tmpfs" ino=7491 ioctlcmd=0x4b3a scontext=u:r:surfaceflinger:s0 tcontext=u:object_r:tty_device:s0 tclass=chr_file permissive=1
01-21 19:30:39.519 1457 1457 I surfaceflinger: type=1400 audit(0.0:103): avc: denied { sys_tty_config } for capability=26 scontext=u:r:surfaceflinger:s0 tcontext=u:r:surfaceflinger:s0 tclass=capability permissive=1
01-21 19:30:39.532 1463 1463 D AndroidRuntime: >>>>>> START com.android.internal.os.ZygoteInit uid 0 <<<<<<
01-21 19:30:39.572 1465 1465 I ServiceManager: Waiting for service media.camera.proxy...
01-21 19:30:39.621 1463 1463 D AndroidRuntime: CheckJNI is ON
01-21 19:30:39.674 1463 1463 I art : option[0]=-Xzygote
01-21 19:30:39.674 1463 1463 I art : option[1]=-Xcheck:jni
01-21 19:30:39.674 1463 1463 I art : option[2]=-Xstacktracefile:/data/anr/traces.txt
01-21 19:30:39.674 1463 1463 I art : option[3]=exit
01-21 19:30:39.674 1463 1463 I art : option[4]=vfprintf
01-21 19:30:39.674 1463 1463 I art : option[5]=sensitiveThread
01-21 19:30:39.674 1463 1463 I art : option[6]=-verbose:gc
01-21 19:30:39.674 1463 1463 I art : option[7]=-Xms16m
01-21 19:30:39.674 1463 1463 I art : option[8]=-Xmx512m
01-21 19:30:39.674 1463 1463 I art : option[9]=-XX:HeapGrowthLimit=192m
01-21 19:30:39.674 1463 1463 I art : option[10]=-XX:HeapMinFree=512k
01-21 19:30:39.674 1463 1463 I art : option[11]=-XX:HeapMaxFree=8m
01-21 19:30:39.674 1463 1463 I art : option[12]=-XX:HeapTargetUtilization=0.75
01-21 19:30:39.674 1463 1463 I art : option[13]=-Xusejit:true
01-21 19:30:39.674 1463 1463 I art : option[14]=-Xjitsaveprofilinginfo
01-21 19:30:39.674 1463 1463 I art : option[15]=-agentlib:jdwp=transport=dt_android_adb,suspend=n,server=y
01-21 19:30:39.674 1463 1463 I art : option[16]=-Xlockprofthreshold:500
01-21 19:30:39.674 1463 1463 I art : option[17]=-Ximage-compiler-option
01-21 19:30:39.674 1463 1463 I art : option[18]=--runtime-arg
01-21 19:30:39.674 1463 1463 I art : option[19]=-Ximage-compiler-option
01-21 19:30:39.674 1463 1463 I art : option[20]=-Xms64m
01-21 19:30:39.674 1463 1463 I art : option[21]=-Ximage-compiler-option
01-21 19:30:39.674 1463 1463 I art : option[22]=--runtime-arg
01-21 19:30:39.674 1463 1463 I art : option[23]=-Ximage-compiler-option
01-21 19:30:39.674 1463 1463 I art : option[24]=-Xmx64m
01-21 19:30:39.674 1463 1463 I art : option[25]=-Ximage-compiler-option
01-21 19:30:39.674 1463 1463 I art : option[26]=--compiler-filter=verify-at-runtime
01-21 19:30:39.674 1463 1463 I art : option[27]=-Ximage-compiler-option
01-21 19:30:39.674 1463 1463 I art : option[28]=--image-classes=/system/etc/preloaded-classes
01-21 19:30:39.674 1463 1463 I art : option[29]=-Ximage-compiler-option
01-21 19:30:39.674 1463 1463 I art : option[30]=--compiled-classes=/system/etc/compiled-classes
01-21 19:30:39.674 1463 1463 I art : option[31]=-Xcompiler-option
01-21 19:30:39.674 1463 1463 I art : option[32]=--runtime-arg
01-21 19:30:39.674 1463 1463 I art : option[33]=-Xcompiler-option
01-21 19:30:39.674 1463 1463 I art : option[34]=-Xms64m
01-21 19:30:39.674 1463 1463 I art : option[35]=-Xcompiler-option
01-21 19:30:39.674 1463 1463 I art : option[36]=--runtime-arg
01-21 19:30:39.674 1463 1463 I art : option[37]=-Xcompiler-option
01-21 19:30:39.674 1463 1463 I art : option[38]=-Xmx512m
01-21 19:30:39.674 1463 1463 I art : option[39]=-Ximage-compiler-option
01-21 19:30:39.674 1463 1463 I art : option[40]=--instruction-set-variant=x86
01-21 19:30:39.674 1463 1463 I art : option[41]=-Xcompiler-option
01-21 19:30:39.674 1463 1463 I art : option[42]=--instruction-set-variant=x86
01-21 19:30:39.674 1463 1463 I art : option[43]=-Ximage-compiler-option
01-21 19:30:39.674 1463 1463 I art : option[44]=--instruction-set-features=default
01-21 19:30:39.674 1463 1463 I art : option[45]=-Xcompiler-option
01-21 19:30:39.674 1463 1463 I art : option[46]=--instruction-set-features=default
01-21 19:30:39.674 1463 1463 I art : option[47]=-Duser.locale=en-US
01-21 19:30:39.674 1463 1463 I art : option[48]=-XX:NativeBridge=libhoudini.so
01-21 19:30:39.674 1463 1463 I art : option[49]=--cpu-abilist=x86,armeabi-v7a,armeabi
01-21 19:30:39.674 1463 1463 I art : option[50]=-Xfingerprint:Android-x86/android_x86_64/x86_64:7.1.1/NMF26O/utente12301216:eng/test-keys
01-21 19:30:39.705 1457 1457 D SurfaceFlinger: shader cache generated - 24 shaders in 177.852249 ms
01-21 19:30:39.706 1457 1457 D SurfaceFlinger: Set power mode=2, type=0 flinger=0x77505fa47000
