01-21 19:32:04.736 6186 6186 I du : type=1400 audit(0.0:157): avc: denied { getattr } for path="/system/bin/idmap" dev="loop1" ino=225 scontext=u:r:shell:s0 tcontext=u:object_r:idmap_exec:s0 tclass=file permissive=1
01-21 19:32:04.736 6186 6186 I du : type=1400 audit(0.0:158): avc: denied { getattr } for path="/system/bin/installd" dev="loop1" ino=232 scontext=u:r:shell:s0 tcontext=u:object_r:installd_exec:s0 tclass=file permissive=1
01-21 19:32:04.737 6186 6186 I du : type=1400 audit(0.0:159): avc: denied { getattr } for path="/system/bin/keystore" dev="loop1" ino=245 scontext=u:r:shell:s0 tcontext=u:object_r:keystore_exec:s0 tclass=file permissive=1
01-21 19:32:04.737 6186 6186 I du : type=1400 audit(0.0:160): avc: denied { getattr } for path="/system/bin/lmkd" dev="loop1" ino=253 scontext=u:r:shell:s0 tcontext=u:object_r:lmkd_exec:s0 tclass=file permissive=1
01-21 19:32:04.737 6186 6186 I du : type=1400 audit(0.0:161): avc: denied { getattr } for path="/system/bin/logd" dev="loop1" ino=258 scontext=u:r:shell:s0 tcontext=u:object_r:logd_exec:s0 tclass=file permissive=1
01-21 19:32:04.737 6186 6186 I du : type=1400 audit(0.0:162): avc: denied { getattr } for path="/system/bin/mdnsd" dev="loop1" ino=272 scontext=u:r:shell:s0 tcontext=u:object_r:mdnsd_exec:s0 tclass=file permissive=1
01-21 19:32:04.737 6186 6186 I du : type=1400 audit(0.0:163): avc: denied { getattr } for path="/system/bin/mediacodec" dev="loop1" ino=274 scontext=u:r:shell:s0 tcontext=u:object_r:mediacodec_exec:s0 tclass=file permissive=1
01-21 19:32:04.737 6186 6186 I du : type=1400 audit(0.0:164): avc: denied { getattr } for path="/system/bin/mediadrmserver" dev="loop1" ino=275 scontext=u:r:shell:s0 tcontext=u:object_r:mediadrmserver_exec:s0 tclass=file permissive=1
01-21 19:32:04.737 6186 6186 I du : type=1400 audit(0.0:165): avc: denied { getattr } for path="/system/bin/mediaextractor" dev="loop1" ino=276 scontext=u:r:shell:s0 tcontext=u:object_r:mediaextractor_exec:s0 tclass=file permissive=1
01-21 19:32:04.737 6186 6186 I du : type=1400 audit(0.0:166): avc: denied { getattr } for path="/system/bin/mediaserver" dev="loop1" ino=277 scontext=u:r:shell:s0 tcontext=u:object_r:mediaserver_exec:s0 tclass=file permissive=1
01-21 19:32:04.737 6186 6186 I du : type=1400 audit(0.0:167): avc: denied { getattr } for path="/system/bin/mtpd" dev="loop1" ino=295 scontext=u:r:shell:s0 tcontext=u:object_r:mtp_exec:s0 tclass=file permissive=1
01-21 19:32:04.737 6186 6186 I du : type=1400 audit(0.0:168): avc: denied { getattr } for path="/system/bin/netd" dev="loop1" ino=299 scontext=u:r:shell:s0 tcontext=u:object_r:netd_exec:s0 tclass=file permissive=1
01-21 19:32:04.737 6186 6186 I du : type=1400 audit(0.0:169): avc: denied { getattr } for path="/system/bin/pppd" dev="loop1" ino=321 scontext=u:r:shell:s0 tcontext=u:object_r:ppp_exec:s0 tclass=file permissive=1
01-21 19:32:04.737 6186 6186 I du : type=1400 audit(0.0:170): avc: denied { getattr } for path="/system/bin/profman" dev="loop1" ino=325 scontext=u:r:shell:s0 tcontext=u:object_r:profman_exec:s0 tclass=file permissive=1
01-21 19:32:04.737 6186 6186 I du : type=1400 audit(0.0:171): avc: denied { getattr } for path="/system/bin/racoon" dev="loop1" ino=329 scontext=u:r:shell:s0 tcontext=u:object_r:racoon_exec:s0 tclass=file permissive=1
01-21 19:32:04.737 6186 6186 I du : type=1400 audit(0.0:172): avc: denied { getattr } for path="/system/bin/rild" dev="loop1" ino=338 scontext=u:r:shell:s0 tcontext=u:object_r:rild_exec:s0 tclass=file permissive=1
01-21 19:32:06.314 6191 6191 I Netd : Netd 1.0 starting
01-21 19:32:06.314 6191 6191 D TetherController: Setting IP forward enable = 0
01-21 19:32:06.339 6189 6189 I cameraserver: ServiceManager: 0xf4b9af20
01-21 19:32:06.339 6189 6189 I CameraService: CameraService started (pid=6189)
01-21 19:32:06.339 6189 6189 I CameraService: CameraService process starting
01-21 19:32:06.339 6189 6189 W BatteryNotifier: batterystats service unavailable!
01-21 19:32:06.339 6189 6189 W BatteryNotifier: batterystats service unavailable!
01-21 19:32:06.340 6189 6189 D Camera_Factory: CameraFactory::CameraFactory
01-21 19:32:06.340 6189 6189 D Camera_Factory: CameraFactory::parseConfig: configFile = /etc/camera.cfg
01-21 19:32:06.340 6189 6189 D Camera_Factory: /etc/camera.cfg not found, using camera configuration defaults
01-21 19:32:06.340 6189 6189 E cutils-trace: Error opening trace file: Permission denied (13)
01-21 19:32:06.340 6189 6189 D Camera_Factory: CameraFactory::get_number_of_cameras
01-21 19:32:06.340 6189 6189 D Camera_Factory: CameraFactory::getCameraNum: 0
01-21 19:32:06.340 6189 6189 I CameraService: Loaded "Camera Module" camera module
01-21 19:32:06.340 6189 6189 D Camera_Factory: CameraFactory::get_number_of_cameras
01-21 19:32:06.340 6189 6189 D Camera_Factory: CameraFactory::getCameraNum: 0
01-21 19:32:06.340 6189 6189 D Camera_Factory: CameraFactory::get_number_of_cameras
01-21 19:32:06.340 6189 6189 D Camera_Factory: CameraFactory::getCameraNum: 0
01-21 19:32:06.340 6189 6189 I ServiceManager: Waiting for service media.camera.proxy...
01-21 19:32:06.349 6188 6188 I : sMaxFastTracks = 8
01-21 19:32:06.349 6188 6188 I audioserver: ServiceManager: 0xe7c9af20
01-21 19:32:06.349 6188 6188 W BatteryNotifier: batterystats service unavailable!
01-21 19:32:06.349 6188 6188 I AudioFlinger: Using default 3000 mSec as standby time.
01-21 19:32:06.349 6188 6188 I AudioPolicyService: AudioPolicyService CSTOR in new mode
01-21 19:32:06.349 6188 6188 I APM::ConfigParsingUtils: loadAudioPolicyConfig() loaded /system/etc/audio_policy.conf
01-21 19:32:06.369 6190 6190 I mediaserver: ServiceManager: 0xf5a1afa0
01-21 19:32:06.369 6190 6190 W BatteryNotifier: batterystats service unavailable!
01-21 19:32:06.463 6187 6187 D AndroidRuntime: >>>>>> START com.android.internal.os.ZygoteInit uid 0 <<<<<<
01-21 19:32:06.464 6187 6187 D AndroidRuntime: CheckJNI is ON
01-21 19:32:06.464 6187 6187 I art : option[0]=-Xzygote
01-21 19:32:06.464 6187 6187 I art : option[1]=-Xcheck:jni
01-21 19:32:06.464 6187 6187 I art : option[2]=-Xstacktracefile:/data/anr/traces.txt
01-21 19:32:06.464 6187 6187 I art : option[3]=exit
01-21 19:32:06.464 6187 6187 I art : option[4]=vfprintf
01-21 19:32:06.464 6187 6187 I art : option[5]=sensitiveThread
01-21 19:32:06.464 6187 6187 I art : option[6]=-verbose:gc
01-21 19:32:06.464 6187 6187 I art : option[7]=-Xms16m
01-21 19:32:06.464 6187 6187 I art : option[8]=-Xmx512m
01-21 19:32:06.464 6187 6187 I art : option[9]=-XX:HeapGrowthLimit=192m
01-21 19:32:06.464 6187 6187 I art : option[10]=-XX:HeapMinFree=512k
01-21 19:32:06.464 6187 6187 I art : option[11]=-XX:HeapMaxFree=8m
01-21 19:32:06.464 6187 6187 I art : option[12]=-XX:HeapTargetUtilization=0.75
01-21 19:32:06.464 6187 6187 I art : option[13]=-Xusejit:true
01-21 19:32:06.464 6187 6187 I art : option[14]=-Xjitsaveprofilinginfo
01-21 19:32:06.464 6187 6187 I art : option[15]=-agentlib:jdwp=transport=dt_android_adb,suspend=n,server=y
01-21 19:32:06.464 6187 6187 I art : option[16]=-Xlockprofthreshold:500
01-21 19:32:06.464 6187 6187 I art : option[17]=-Ximage-compiler-option
01-21 19:32:06.464 6187 6187 I art : option[18]=--runtime-arg
01-21 19:32:06.464 6187 6187 I art : option[19]=-Ximage-compiler-option
01-21 19:32:06.464 6187 6187 I art : option[20]=-Xms64m
01-21 19:32:06.464 6187 6187 I art : option[21]=-Ximage-compiler-option
01-21 19:32:06.464 6187 6187 I art : option[22]=--runtime-arg
01-21 19:32:06.464 6187 6187 I art : option[23]=-Ximage-compiler-option
01-21 19:32:06.464 6187 6187 I art : option[24]=-Xmx64m
01-21 19:32:06.464 6187 6187 I art : option[25]=-Ximage-compiler-option
01-21 19:32:06.464 6187 6187 I art : option[26]=--compiler-filter=verify-at-runtime
01-21 19:32:06.464 6187 6187 I art : option[27]=-Ximage-compiler-option
01-21 19:32:06.464 6187 6187 I art : option[28]=--image-classes=/system/etc/preloaded-classes
01-21 19:32:06.464 6187 6187 I art : option[29]=-Ximage-compiler-option
01-21 19:32:06.464 6187 6187 I art : option[30]=--compiled-classes=/system/etc/compiled-classes
01-21 19:32:06.464 6187 6187 I art : option[31]=-Xcompiler-option
01-21 19:32:06.464 6187 6187 I art : option[32]=--runtime-arg
01-21 19:32:06.464 6187 6187 I art : option[33]=-Xcompiler-option
01-21 19:32:06.464 6187 6187 I art : option[34]=-Xms64m
01-21 19:32:06.464 6187 6187 I art : option[35]=-Xcompiler-option
01-21 19:32:06.464 6187 6187 I art : option[36]=--runtime-arg
01-21 19:32:06.464 6187 6187 I art : option[37]=-Xcompiler-option
01-21 19:32:06.464 6187 6187 I art : option[38]=-Xmx512m
01-21 19:32:06.464 6187 6187 I art : option[39]=-Ximage-compiler-option
01-21 19:32:06.464 6187 6187 I art : option[40]=--instruction-set-variant=x86_64
01-21 19:32:06.464 6187 6187 I art : option[41]=-Xcompiler-option
01-21 19:32:06.464 6187 6187 I art : option[42]=--instruction-set-variant=x86_64
01-21 19:32:06.464 6187 6187 I art : option[43]=-Ximage-compiler-option
01-21 19:32:06.464 6187 6187 I art : option[44]=--instruction-set-features=default
01-21 19:32:06.464 6187 6187 I art : option[45]=-Xcompiler-option
01-21 19:32:06.464 6187 6187 I art : option[46]=--instruction-set-features=default
01-21 19:32:06.464 6187 6187 I art : option[47]=-Duser.locale=en-US
01-21 19:32:06.464 6187 6187 I art : option[48]=-XX:NativeBridge=libhoudini.so
01-21 19:32:06.464 6187 6187 I art : option[49]=--cpu-abilist=x86_64,arm64-v8a
01-21 19:32:06.464 6187 6187 I art : option[50]=-Xfingerprint:Android-x86/android_x86_64/x86_64:7.1.1/NMF26O/utente12301216:eng/test-keys
01-21 19:32:06.481 6187 6187 D ICU : No timezone override file found: /data/misc/zoneinfo/current/icu/icu_tzdata.dat
01-21 19:32:06.487 6187 6187 E memtrack: Couldn't load memtrack module (No such file or directory)
01-21 19:32:06.487 6187 6187 E android.os.Debug: failed to load memtrack module: -2
01-21 19:32:06.487 6187 6187 I Radio-JNI: register_android_hardware_Radio DONE
01-21 19:32:06.488 6187 6187 I SamplingProfilerIntegration: Profiling disabled.
01-21 19:32:06.488 6187 6187 D Zygote : begin preload
01-21 19:32:06.488 6187 6187 I Zygote : Installing ICU cache reference pinning...
01-21 19:32:06.488 6187 6187 I Zygote : Preloading ICU data...
01-21 19:32:06.492 6187 6187 I Zygote : Preloading classes...
01-21 19:32:06.493 6187 6187 W Zygote : Class not found for preloading: [Landroid.view.Display$ColorTransform;
01-21 19:32:06.508 6188 6188 D audio_hw_primary: found audio out at /dev/snd/pcmC0D0p
01-21 19:32:06.508 6188 6188 D audio_hw_primary: card: 0/0 id: ALC892 Analog
01-21 19:32:06.508 6188 6188 D audio_hw_primary: name: ALC892 Analog
01-21 19:32:06.508 6188 6188 D audio_hw_primary: subname: subdevice #0
01-21 19:32:06.508 6188 6188 D audio_hw_primary: stream: 0
01-21 19:32:06.508 6188 6188 D audio_hw_primary: found audio out at /dev/snd/pcmC0D1p
01-21 19:32:06.508 6188 6188 D audio_hw_primary: card: 0/1 id: ALC892 Digital
01-21 19:32:06.508 6188 6188 D audio_hw_primary: name: ALC892 Digital
01-21 19:32:06.508 6188 6188 D audio_hw_primary: subname: subdevice #0
01-21 19:32:06.508 6188 6188 D audio_hw_primary: stream: 0
01-21 19:32:06.508 6188 6188 D audio_hw_primary: ignore pcmC0D1p
01-21 19:32:06.508 6188 6188 D audio_hw_primary: found audio out at /dev/snd/pcmC1D10p
01-21 19:32:06.508 6188 6188 D audio_hw_primary: card: 1/10 id: HDMI 4
01-21 19:32:06.508 6188 6188 D audio_hw_primary: name: HDMI 4
01-21 19:32:06.508 6188 6188 D audio_hw_primary: subname: subdevice #0
01-21 19:32:06.508 6188 6188 D audio_hw_primary: stream: 0
01-21 19:32:06.509 6188 6188 D audio_hw_primary: found audio out at /dev/snd/pcmC1D11p
01-21 19:32:06.509 6188 6188 D audio_hw_primary: card: 1/11 id: HDMI 5
01-21 19:32:06.509 6188 6188 D audio_hw_primary: name: HDMI 5
01-21 19:32:06.509 6188 6188 D audio_hw_primary: subname: subdevice #0
01-21 19:32:06.509 6188 6188 D audio_hw_primary: stream: 0
01-21 19:32:06.509 6188 6188 D audio_hw_primary: ignore pcmC1D11p
01-21 19:32:06.509 6188 6188 D audio_hw_primary: found audio out at /dev/snd/pcmC1D3p
01-21 19:32:06.509 6188 6188 D audio_hw_primary: card: 1/3 id: HDMI 0
01-21 19:32:06.509 6188 6188 D audio_hw_primary: name: HDMI 0
01-21 19:32:06.509 6188 6188 D audio_hw_primary: subname: subdevice #0
01-21 19:32:06.509 6188 6188 D audio_hw_primary: stream: 0
01-21 19:32:06.509 6188 6188 D audio_hw_primary: ignore pcmC1D3p
01-21 19:32:06.509 6188 6188 D audio_hw_primary: found audio out at /dev/snd/pcmC1D7p
01-21 19:32:06.509 6188 6188 D audio_hw_primary: card: 1/7 id: HDMI 1
01-21 19:32:06.509 6188 6188 D audio_hw_primary: name: HDMI 1
01-21 19:32:06.509 6188 6188 D audio_hw_primary: subname: subdevice #0
01-21 19:32:06.509 6188 6188 D audio_hw_primary: stream: 0
01-21 19:32:06.509 6188 6188 D audio_hw_primary: ignore pcmC1D7p
01-21 19:32:06.509 6188 6188 D audio_hw_primary: found audio out at /dev/snd/pcmC1D8p
01-21 19:32:06.509 6188 6188 D audio_hw_primary: card: 1/8 id: HDMI 2
01-21 19:32:06.509 6188 6188 D audio_hw_primary: name: HDMI 2
01-21 19:32:06.509 6188 6188 D audio_hw_primary: subname: subdevice #0
01-21 19:32:06.509 6188 6188 D audio_hw_primary: stream: 0
01-21 19:32:06.509 6188 6188 D audio_hw_primary: ignore pcmC1D8p
01-21 19:32:06.509 6188 6188 D audio_hw_primary: found audio out at /dev/snd/pcmC1D9p
01-21 19:32:06.509 6188 6188 D audio_hw_primary: card: 1/9 id: HDMI 3
01-21 19:32:06.509 6188 6188 D audio_hw_primary: name: HDMI 3
01-21 19:32:06.509 6188 6188 D audio_hw_primary: subname: subdevice #0
01-21 19:32:06.509 6188 6188 D audio_hw_primary: stream: 0
01-21 19:32:06.509 6188 6188 D audio_hw_primary: ignore pcmC1D9p
01-21 19:32:06.509 6188 6188 I audio_hw_primary: choose pcmC0D0p for 0
01-21 19:32:06.509 6188 6188 E audio_hw_primary: Failed to open /system/etc/mixer_paths.xml
01-21 19:32:06.509 6188 6188 I AudioFlinger: loadHwModule() Loaded primary audio interface from Grouper audio HW HAL (audio) handle 10
01-21 19:32:06.509 6188 6188 I AudioFlinger: openOutput(), module 10 Device 2, SamplingRate 48000, Format 0x000001, Channels 3, flags 2
01-21 19:32:06.509 6188 6188 I audio_hw_primary: choose pcmC0D0p for 0
01-21 19:32:06.509 6188 6188 I AudioFlinger: HAL output buffer size 512 frames, normal sink buffer size 1024 frames
01-21 19:32:06.509 6188 6188 I BufferProvider: found effect "Multichannel Downmix To Stereo" from The Android Open Source Project
01-21 19:32:06.510 6188 6188 I AudioFlinger: Using module 10 has the primary audio interface
01-21 19:32:06.510 6188 6298 I AudioFlinger: AudioFlinger's thread 0xe7812300 ready to run
01-21 19:32:06.510 6188 6298 W BatteryNotifier: batterystats service unavailable!
01-21 19:32:06.510 6188 6298 W BatteryNotifier: batterystats service unavailable!
01-21 19:32:06.510 6188 6298 W BatteryNotifier: batterystats service unavailable!
01-21 19:32:06.510 6188 6298 W AudioFlinger: no wake lock to update, system not ready yet
01-21 19:32:06.510 6188 6298 E cutils-trace: Error opening trace file: Permission denied (13)
01-21 19:32:06.510 6188 6299 I AudioFlinger: AudioFlinger's thread 0xe748a940 ready to run
01-21 19:32:06.510 6188 6188 I bt_a2dp_hw: adev_open: adev_open in A2dp_hw module
01-21 19:32:06.510 6188 6188 I AudioFlinger: loadHwModule() Loaded a2dp audio interface from A2DP Audio HW HAL (audio) handle 18
01-21 19:32:06.510 6188 6188 I AudioFlinger: loadHwModule() Loaded usb audio interface from USB audio HW HAL (audio) handle 26
01-21 19:32:06.511 6188 6188 I RadioService: RadioService
01-21 19:32:06.511 6188 6188 I RadioService: onFirstRef
01-21 19:32:06.511 6188 6188 E RadioService: couldn't load radio module radio.primary (No such file or directory)
01-21 19:32:06.511 6188 6188 E SoundTriggerHwService: couldn't load sound trigger module sound_trigger.primary (No such file or directory)
01-21 19:32:06.514 6187 6187 E Typeface: Error mapping font file /system/fonts/DroidSansFallback.ttf
01-21 19:32:06.541 6187 6187 I art : Thread[1,tid=6187,Native,Thread*=0x7d72d2495a00,peer=0x12c060d0,"main"] recursive attempt to load library "/system/lib64/libmedia_jni.so"
01-21 19:32:06.541 6187 6187 D MtpDeviceJNI: register_android_mtp_MtpDevice
01-21 19:32:06.541 6187 6187 I art : Thread[1,tid=6187,Native,Thread*=0x7d72d2495a00,peer=0x12c060d0,"main"] recursive attempt to load library "/system/lib64/libmedia_jni.so"
01-21 19:32:06.541 6187 6187 I art : Thread[1,tid=6187,Native,Thread*=0x7d72d2495a00,peer=0x12c060d0,"main"] recursive attempt to load library "/system/lib64/libmedia_jni.so"
01-21 19:32:06.551 6187 6187 W Zygote : Class not found for preloading: android.view.Display$ColorTransform
01-21 19:32:06.551 6187 6187 W Zygote : Class not found for preloading: android.view.Display$ColorTransform$1
01-21 19:32:06.558 6186 6186 I du : type=1400 audit(0.0:182): avc: denied { getattr } for path="/system/xbin/perfprofd" dev="loop1" ino=6268 scontext=u:r:shell:s0 tcontext=u:object_r:perfprofd_exec:s0 tclass=file permissive=1
01-21 19:32:06.559 6186 6186 I du : type=1400 audit(0.0:183): avc: denied { getattr } for path="/sys/kernel/kexec_loaded" dev="sysfs" ino=83 scontext=u:r:shell:s0 tcontext=u:object_r:sysfs:s0 tclass=file permissive=1
01-21 19:32:06.559 6186 6186 I du : type=1400 audit(0.0:184): avc: denied { getattr } for path="/sys/kernel/uevent_helper" dev="sysfs" ino=81 scontext=u:r:shell:s0 tcontext=u:object_r:usermodehelper:s0 tclass=file permissive=1
01-21 19:32:06.568 6186 6186 I du : type=1400 audit(0.0:185): avc: denied { read } for name="/" dev="debugfs" ino=1 scontext=u:r:shell:s0 tcontext=u:object_r:debugfs:s0 tclass=dir permissive=1
01-21 19:32:06.568 6186 6186 I du : type=1400 audit(0.0:186): avc: denied { open } for path="/sys/kernel/debug" dev="debugfs" ino=1 scontext=u:r:shell:s0 tcontext=u:object_r:debugfs:s0 tclass=dir permissive=1
01-21 19:32:06.570 6186 6186 I du : type=1400 audit(0.0:187): avc: denied { getattr } for path="/sys/kernel/debug/dri/0/DVI-I-1/edid_override" dev="debugfs" ino=1390 scontext=u:r:shell:s0 tcontext=u:object_r:debugfs:s0 tclass=file permissive=1
01-21 19:32:06.573 6187 6187 I System : Loaded time zone names for "" in 7ms (7ms in ICU)
01-21 19:32:06.578 6187 6187 I System : Loaded time zone names for "en_US" in 4ms (4ms in ICU)
01-21 19:32:06.585 6187 6187 I Zygote : ...preloaded 4158 classes in 93ms.
01-21 19:32:06.585 6187 6187 I art : VMRuntime.preloadDexCaches starting
01-21 19:32:06.605 6187 6187 I art : VMRuntime.preloadDexCaches strings total=283847 before=39641 after=39641
01-21 19:32:06.605 6187 6187 I art : VMRuntime.preloadDexCaches types total=23591 before=7878 after=7905
01-21 19:32:06.605 6187 6187 I art : VMRuntime.preloadDexCaches fields total=112054 before=40906 after=41120
01-21 19:32:06.605 6187 6187 I art : VMRuntime.preloadDexCaches methods total=197585 before=82464 after=83024
01-21 19:32:06.605 6187 6187 I art : VMRuntime.preloadDexCaches finished
01-21 19:32:06.605 6187 6187 I Zygote : Preloading resources...
01-21 19:32:06.610 6187 6187 W Resources: Preloaded drawable resource #0x108025c (android:drawable/dialog_background_material) that varies with configuration!!
01-21 19:32:06.611 6187 6187 W Resources: Preloaded color resource #0x10600e2 (android:color/material_grey_800) that varies with configuration!!
01-21 19:32:06.611 6187 6187 W Resources: Preloaded drawable resource #0x10802c9 (android:drawable/floating_popup_background_dark) that varies with configuration!!
01-21 19:32:06.626 6187 6187 I Zygote : ...preloaded 114 resources in 21ms.
01-21 19:32:06.627 6187 6187 W Resources: Preloaded color resource #0x106010b (android:color/background_cache_hint_selector_material_dark) that varies with configuration!!
01-21 19:32:06.627 6187 6187 W Resources: Preloaded color resource #0x1060110 (android:color/btn_default_material_dark) that varies with configuration!!
01-21 19:32:06.628 6187 6187 I Zygote : ...preloaded 41 resources in 2ms.
01-21 19:32:06.628 6187 6187 D libEGL : loaded /system/lib64/egl/libGLES_mesa.so
01-21 19:32:06.637 6187 6187 I Zygote : Preloading shared libraries...
01-21 19:32:06.640 6187 6187 I Zygote : Uninstalled ICU cache reference pinning...
01-21 19:32:06.640 6187 6187 I Zygote : Installed AndroidKeyStoreProvider in 0ms.
01-21 19:32:06.645 6187 6187 I Zygote : Warmed up JCA providers in 5ms.
01-21 19:32:06.645 6187 6187 D Zygote : end preload
01-21 19:32:06.645 6187 6187 I art : Starting a blocking GC Explicit
01-21 19:32:06.651 6187 6187 I art : Explicit concurrent mark sweep GC freed 55557(6MB) AllocSpace objects, 133(2MB) LOS objects, 39% free, 2MB/4MB, paused 27us total 5.858ms
01-21 19:32:06.652 6187 6187 I art : Starting a blocking GC Explicit
01-21 19:32:06.654 6187 6187 I art : Explicit concurrent mark sweep GC freed 4822(178KB) AllocSpace objects, 0(0B) LOS objects, 40% free, 2MB/3MB, paused 28us total 2.410ms
01-21 19:32:06.655 6191 6191 V NatController: runCmd(/system/bin/iptables -w -F natctrl_FORWARD) res=0
01-21 19:32:06.657 6191 6191 V NatController: runCmd(/system/bin/ip6tables -w -F natctrl_FORWARD) res=0
01-21 19:32:06.658 6191 6191 V NatController: runCmd(/system/bin/iptables -w -A natctrl_FORWARD -j DROP) res=0
01-21 19:32:06.659 6187 6280 I art : Starting a blocking GC HeapTrim
01-21 19:32:06.659 6187 6187 I art : Starting a blocking GC Background
01-21 19:32:06.660 6191 6191 V NatController: runCmd(/system/bin/iptables -w -t nat -F natctrl_nat_POSTROUTING) res=0
01-21 19:32:06.661 6191 6191 V NatController: runCmd(/system/bin/ip6tables -w -t raw -F natctrl_raw_PREROUTING) res=0
01-21 19:32:06.663 6191 6191 V NatController: runCmd(/system/bin/iptables -w -F natctrl_tether_counters) res=0
01-21 19:32:06.665 6191 6191 V NatController: runCmd(/system/bin/ip6tables -w -F natctrl_tether_counters) res=0
01-21 19:32:06.667 6191 6191 V NatController: runCmd(/system/bin/iptables -w -X natctrl_tether_counters) res=0
01-21 19:32:06.667 6187 6187 E Zygote : Not whitelisted : /android/sys/kernel/debug/tracing/trace_marker
01-21 19:32:06.667 6187 6187 F art : art/runtime/jni_internal.cc:492] JNI FatalError called: frameworks/base/core/jni/com_android_internal_os_Zygote.cpp:467: Unable to construct file descriptor table.
01-21 19:32:06.668 6191 6191 V NatController: runCmd(/system/bin/ip6tables -w -X natctrl_tether_counters) res=0
01-21 19:32:06.670 6191 6191 V NatController: runCmd(/system/bin/iptables -w -N natctrl_tether_counters) res=0
01-21 19:32:06.670 6187 6187 F art : art/runtime/runtime.cc:422] Runtime aborting...
01-21 19:32:06.671 6187 6187 F art : art/runtime/runtime.cc:422] Aborting thread:
01-21 19:32:06.671 6187 6187 F art : art/runtime/runtime.cc:422] "main" prio=5 tid=1 Runnable
01-21 19:32:06.671 6187 6187 F art : art/runtime/runtime.cc:422] | group="" sCount=0 dsCount=0 obj=0x756a1850 self=0x7d72d2495a00
01-21 19:32:06.671 6187 6187 F art : art/runtime/runtime.cc:422] | sysTid=6187 nice=0 cgrp=default sched=0/0 handle=0x7d72d77b6b40
01-21 19:32:06.671 6187 6187 F art : art/runtime/runtime.cc:422] | state=R schedstat=( 347374615 6575812 42 ) utm=31 stm=2 core=2 HZ=100
01-21 19:32:06.671 6187 6187 F art : art/runtime/runtime.cc:422] | stack=0x7fffb1911000-0x7fffb1913000 stackSize=8MB
01-21 19:32:06.671 6187 6187 F art : art/runtime/runtime.cc:422] | held mutexes= "abort lock" "mutator lock"(shared held)
01-21 19:32:06.671 6187 6187 F art : art/runtime/runtime.cc:422] native: #00 pc 0000000000531a1e /android/system/lib64/libart.so (???)
01-21 19:32:06.671 6187 6187 F art : art/runtime/runtime.cc:422] native: #01 pc 000000000050273c /android/system/lib64/libart.so (???)
01-21 19:32:06.671 6187 6187 F art : art/runtime/runtime.cc:422] native: #02 pc 00000000004ef4cb /android/system/lib64/libart.so (???)
01-21 19:32:06.671 6187 6187 F art : art/runtime/runtime.cc:422] native: #03 pc 00000000004ef232 /android/system/lib64/libart.so (???)
01-21 19:32:06.671 6187 6187 F art : art/runtime/runtime.cc:422] native: #04 pc 00000000004e2000 /android/system/lib64/libart.so (???)
01-21 19:32:06.671 6187 6187 F art : art/runtime/runtime.cc:422] native: #05 pc 000000000014ceae /android/system/lib64/libart.so (???)
01-21 19:32:06.671 6187 6187 F art : art/runtime/runtime.cc:422] native: #06 pc 00000000003bfe74 /android/system/lib64/libart.so (???)
01-21 19:32:06.671 6187 6187 F art : art/runtime/runtime.cc:422] native: #07 pc 000000000015bca3 /android/system/lib64/libart.so (???)
01-21 19:32:06.671 6187 6187 F art : art/runtime/runtime.cc:422] native: #08 pc 000000000016d09e /android/system/lib64/libandroid_runtime.so (???)
01-21 19:32:06.671 6187 6187 F art : art/runtime/runtime.cc:422] native: #09 pc 000000000016f8b3 /android/system/lib64/libandroid_runtime.so (???)
01-21 19:32:06.671 6187 6187 F art : art/runtime/runtime.cc:422] native: #10 pc 000000000016ffab /android/system/lib64/libandroid_runtime.so (???)
01-21 19:32:06.671 6187 6187 F art : art/runtime/runtime.cc:422] native: #11 pc 0000000000f3df6a /android/system/framework/x86_64/boot-framework.oat (Java_com_android_internal_os_Zygote_nativeForkSystemServer__II_3II_3_3IJJ+310)
01-21 19:32:06.671 6187 6187 F art : art/runtime/runtime.cc:422]
at com.android.internal.os.Zygote.nativeForkSystemServer(Native method)
01-21 19:32:06.671 6187 6187 F art : art/runtime/runtime.cc:422]
at com.android.internal.os.Zygote.forkSystemServer(Zygote.java:139)
01-21 19:32:06.671 6187 6187 F art : art/runtime/runtime.cc:422]
at com.android.internal.os.ZygoteInit.startSystemServer(ZygoteInit.java:673)
01-21 19:32:06.671 6187 6187 F art : art/runtime/runtime.cc:422]
at com.android.internal.os.ZygoteInit.main(ZygoteInit.java:769)
01-21 19:32:06.671 6187 6187 F art : art/runtime/runtime.cc:422] Dumping all threads without appropriate locks held: thread list lock
01-21 19:32:06.671 6187 6187 F art : art/runtime/runtime.cc:422] All threads:
01-21 19:32:06.671 6187 6187 F art : art/runtime/runtime.cc:422] DALVIK THREADS (1):
01-21 19:32:06.671 6187 6187 F art : art/runtime/runtime.cc:422] "main" prio=5 tid=1 Runnable
01-21 19:32:06.671 6187 6187 F art : art/runtime/runtime.cc:422] | group="" sCount=0 dsCount=0 obj=0x756a1850 self=0x7d72d2495a00
01-21 19:32:06.671 6187 6187 F art : art/runtime/runtime.cc:422] | sysTid=6187 nice=0 cgrp=default sched=0/0 handle=0x7d72d77b6b40
01-21 19:32:06.671 6187 6187 F art : art/runtime/runtime.cc:422] | state=R schedstat=( 350374501 6575812 42 ) utm=31 stm=3 core=2 HZ=100
01-21 19:32:06.671 6187 6187 F art : art/runtime/runtime.cc:422] | stack=0x7fffb1911000-0x7fffb1913000 stackSize=8MB
01-21 19:32:06.671 6187 6187 F art : art/runtime/runtime.cc:422] | held mutexes= "abort lock" "mutator lock"(shared held)
01-21 19:32:06.671 6187 6187 F art : art/runtime/runtime.cc:422] native: #00 pc 0000000000531a1e /android/system/lib64/libart.so (???)
01-21 19:32:06.671 6187 6187 F art : art/runtime/runtime.cc:422] native: #01 pc 000000000050273c /android/system/lib64/libart.so (???)
01-21 19:32:06.671 6187 6187 F art : art/runtime/runtime.cc:422] native: #02 pc 000000000051c3c8 /android/system/lib64/libart.so (???)
01-21 19:32:06.671 6187 6187 F art : art/runtime/runtime.cc:422] native: #03 pc 00000000005137cf /android/system/lib64/libart.so (???)
01-21 19:32:06.671 6187 6187 F art : art/runtime/runtime.cc:422] native: #04 pc 00000000005133d0 /android/system/lib64/libart.so (???)
01-21 19:32:06.671 6187 6187 F art : art/runtime/runtime.cc:422] native: #05 pc 00000000004ef29d /android/system/lib64/libart.so (???)
01-21 19:32:06.671 6187 6187 F art : art/runtime/runtime.cc:422] native: #06 pc 00000000004e2000 /android/system/lib64/libart.so (???)
01-21 19:32:06.671 6187 6187 F art : art/runtime/runtime.cc:422] native: #07 pc 000000000014ceae /android/system/lib64/libart.so (???)
01-21 19:32:06.671 6187 6187 F art : art/runtime/runtime.cc:422] native: #08 pc 00000000003bfe74 /android/system/lib64/libart.so (???)
01-21 19:32:06.671 6187 6187 F art : art/runtime/runtime.cc:422] native: #09 pc 000000000015bca3 /android/system/lib64/libart.so (???)
01-21 19:32:06.671 6187 6187 F art : art/runtime/runtime.cc:422] native: #10 pc 000000000016d09e /android/system/lib64/libandroid_runtime.so (???)
01-21 19:32:06.671 6187 6187 F art : art/runtime/runtime.cc:422] native: #11 pc 000000000016f8b3 /android/system/lib64/libandroid_runtime.so (???)
01-21 19:32:06.671 6187 6187 F art : art/runtime/runtime.cc:422] native: #12 pc 000000000016ffab /android/system/lib64/libandroid_runtime.so (???)
01-21 19:32:06.671 6187 6187 F art : art/runtime/runtime.cc:422] native: #13 pc 0000000000f3df6a /android/system/framework/x86_64/boot-framework.oat (Java_com_android_internal_os_Zygote_nativeForkSystemServer__II_3II_3_3IJJ+310)
01-21 19:32:06.671 6187 6187 F art : art/runtime/runtime.cc:422]
at com.android.internal.os.Zygote.nativeForkSystemServer(Native method)
01-21 19:32:06.671 6187 6187 F art : art/runtime/runtime.cc:422]
at com.android.internal.os.Zygote.forkSystemServer(Zygote.java:139)
01-21 19:32:06.671 6187 6187 F art : art/runtime/runtime.cc:422]
at com.android.internal.os.ZygoteInit.startSystemServer(ZygoteInit.java:673)
01-21 19:32:06.671 6187 6187 F art : art/runtime/runtime.cc:422]
at com.android.internal.os.ZygoteInit.main(ZygoteInit.java:769)
01-21 19:32:06.671 6187 6187 F art : art/runtime/runtime.cc:422]
01-21 19:32:06.671 6187 6187 F art : art/runtime/runtime.cc:422]
01-21 19:32:06.671 6187 6187 F libc : Fatal signal 6 (SIGABRT), code -6 in tid 6187 (main)
01-21 19:32:06.671 1443 1443 W : debuggerd: handling request: pid=6187 uid=0 gid=0 tid=6187
01-21 19:32:06.672 6191 6191 V NatController: runCmd(/system/bin/ip6tables -w -N natctrl_tether_counters) res=0
01-21 19:32:06.673 6191 6191 V NatController: runCmd(/system/bin/iptables -w -t mangle -A natctrl_mangle_FORWARD -p tcp --tcp-flags SYN SYN -j TCPMSS --clamp-mss-to-pmtu) res=0
01-21 19:32:06.674 6398 6398 E : debuggerd: Unable to connect to activity manager (connect failed: No such file or directory)
01-21 19:32:06.687 6191 6191 E Netd : /system/bin/iptables-restore failed with res=0, status=256
01-21 19:32:06.688 6191 6191 E Netd : /system/bin/ip6tables-restore failed with res=0, status=256
01-21 19:32:06.699 6410 6410 E ProbeModule: insmod_by_dep: cannot load module: [netdev-dummy0]
01-21 19:32:06.698 6191 6191 I netd : type=1400 audit(0.0:188): avc: denied { sys_module } for capability=16 scontext=u:r:netd:s0 tcontext=u:r:netd:s0 tclass=capability permissive=1
01-21 19:32:06.705 6411 6411 E ProbeModule: insmod_by_dep: cannot load module: [dummy0]
01-21 19:32:06.705 6191 6191 E Netd : cannot find interface dummy0
01-21 19:32:06.711 6414 6414 E ProbeModule: insmod_by_dep: cannot load module: [net-pf-16-proto-5]
01-21 19:32:06.712 6191 6191 E Netd : Unable to create netlink socket: Protocol not supported
01-21 19:32:06.712 6191 6191 W Netd : Unable to open qlog quota socket, check if xt_quota2 can send via UeventHandler
01-21 19:32:06.712 6191 6191 D MDnsDS : MDnsSdListener::Hander starting up
01-21 19:32:06.712 6191 6417 D MDnsDS : MDnsSdListener starting to monitor
01-21 19:32:06.712 6191 6417 D MDnsDS : Going to poll with pollCount 1
01-21 19:32:06.724 6398 6398 F DEBUG : *** *** *** *** *** *** *** *** *** *** *** *** *** *** *** ***
01-21 19:32:06.724 6398 6398 F DEBUG : Build fingerprint: 'Android-x86/android_x86_64/x86_64:7.1.1/NMF26O/utente12301216:eng/test-keys'
01-21 19:32:06.724 6398 6398 F DEBUG : Revision: '0'
01-21 19:32:06.724 6398 6398 F DEBUG : ABI: 'x86_64'
01-21 19:32:06.724 6398 6398 F DEBUG : pid: 6187, tid: 6187, name: main >>> zygote64 <<<
01-21 19:32:06.724 6398 6398 F DEBUG : signal 6 (SIGABRT), code -6 (SI_TKILL), fault addr --------
01-21 19:32:06.724 6398 6398 F DEBUG : Abort message: 'art/runtime/jni_internal.cc:492] JNI FatalError called: frameworks/base/core/jni/com_android_internal_os_Zygote.cpp:467: Unable to construct file descriptor table.'
01-21 19:32:06.724 6398 6398 F DEBUG : rax 0000000000000000 rbx 00007d72d77b6be8 rcx 00007d72d426bc27 rdx 0000000000000006
01-21 19:32:06.724 6398 6398 F DEBUG : rsi 000000000000182b rdi 000000000000182b
01-21 19:32:06.724 6398 6398 F DEBUG : r8 ffffffffffffffe8 r9 0000000000000003 r10 0000000000000008 r11 0000000000000206
01-21 19:32:06.724 6398 6398 F DEBUG : r12 000000000000182b r13 0000000000000006 r14 00007d72c7695a40 r15 00007fffb210d1f1
01-21 19:32:06.724 6398 6398 F DEBUG : cs 0000000000000033 ss 000000000000002b
01-21 19:32:06.724 6398 6398 F DEBUG : rip 00007d72d426bc27 rbp 0000000000000002 rsp 00007fffb210d0b8 eflags 0000000000000206
01-21 19:32:06.851 6186 6186 I du : type=1400 audit(0.0:189): avc: denied { getattr } for path="/sys/devices/pci0000:00/0000:00:1f.3/subsystem" dev="sysfs" ino=3328 scontext=u:r:shell:s0 tcontext=u:object_r:sysfs:s0 tclass=lnk_file permissive=1
01-21 19:32:06.861 6398 6398 F DEBUG :
01-21 19:32:06.861 6398 6398 F DEBUG : backtrace:
01-21 19:32:06.861 6398 6398 F DEBUG : #00 pc 000000000008dc27 /system/lib64/libc.so (tgkill+7)
01-21 19:32:06.861 6398 6398 F DEBUG : #01 pc 000000000008a681 /system/lib64/libc.so (pthread_kill+65)
01-21 19:32:06.861 6398 6398 F DEBUG : #02 pc 0000000000030301 /system/lib64/libc.so (raise+17)
01-21 19:32:06.861 6398 6398 F DEBUG : #03 pc 000000000002883d /system/lib64/libc.so (abort+77)
01-21 19:32:06.861 6398 6398 F DEBUG : #04 pc 00000000004e215a /system/lib64/libart.so (_ZN3art7Runtime5AbortEPKc+474)
01-21 19:32:06.861 6398 6398 F DEBUG : #05 pc 000000000014ceae /system/lib64/libart.so (_ZN3art10LogMessageD1Ev+1630)
01-21 19:32:06.861 6398 6398 F DEBUG : #06 pc 00000000003bfe74 /system/lib64/libart.so (_ZN3art3JNI10FatalErrorEP7_JNIEnvPKc+148)
01-21 19:32:06.862 6398 6398 F DEBUG : #07 pc 000000000015bca3 /system/lib64/libart.so (_ZN3art8CheckJNI10FatalErrorEP7_JNIEnvPKc+851)
01-21 19:32:06.862 6398 6398 F DEBUG : #08 pc 000000000016d09e /system/lib64/libandroid_runtime.so
01-21 19:32:06.862 6398 6398 F DEBUG : #09 pc 000000000016f8b3 /system/lib64/libandroid_runtime.so
01-21 19:32:06.862 6398 6398 F DEBUG : #10 pc 000000000016ffab /system/lib64/libandroid_runtime.so
01-21 19:32:06.862 6398 6398 F DEBUG : #11 pc 0000000002548f6a /system/framework/x86_64/boot-framework.oat (offset 0x160b000) (com.android.internal.os.Zygote.nativeForkSystemServer+310)
01-21 19:32:06.862 6398 6398 F DEBUG : #12 pc 0000000002548b37 /system/framework/x86_64/boot-framework.oat (offset 0x160b000) (com.android.internal.os.Zygote.forkSystemServer+147)
01-21 19:32:06.862 6398 6398 F DEBUG : #13 pc 0000000002551121 /system/framework/x86_64/boot-framework.oat (offset 0x160b000) (com.android.internal.os.ZygoteInit.startSystemServer+893)
01-21 19:32:06.862 6398 6398 F DEBUG : #14 pc 000000000254ddec /system/framework/x86_64/boot-framework.oat (offset 0x160b000) (com.android.internal.os.ZygoteInit.main+1096)
01-21 19:32:06.862 6398 6398 F DEBUG : #15 pc 0000000000138516 /system/lib64/libart.so (art_quick_invoke_static_stub+806)
01-21 19:32:06.862 6398 6398 F DEBUG : #16 pc 00000000001463ec /system/lib64/libart.so (_ZN3art9ArtMethod6InvokeEPNS_6ThreadEPjjPNS_6JValueEPKc+268)
01-21 19:32:06.862 6398 6398 F DEBUG : #17 pc 00000000004daeb7 /system/lib64/libart.so (_ZN3artL18InvokeWithArgArrayERKNS_33ScopedObjectAccessAlreadyRunnableEPNS_9ArtMethodEPNS_8ArgArrayEPNS_6JValueEPKc+87)
01-21 19:32:06.862 6398 6398 F DEBUG : #18 pc 00000000004daa64 /system/lib64/libart.so (_ZN3art17InvokeWithVarArgsERKNS_33ScopedObjectAccessAlreadyRunnableEP8_jobjectP10_jmethodIDP13__va_list_tag+388)
01-21 19:32:06.862 6398 6398 F DEBUG : #19 pc 00000000003dc08d /system/lib64/libart.so (_ZN3art3JNI21CallStaticVoidMethodVEP7_JNIEnvP7_jclassP10_jmethodIDP13__va_list_tag+781)
01-21 19:32:06.862 6398 6398 F DEBUG : #20 pc 000000000016d08a /system/lib64/libart.so (_ZN3art8CheckJNI11CallMethodVEPKcP7_JNIEnvP8_jobjectP7_jclassP10_jmethodIDP13__va_list_tagNS_9Primitive4TypeENS_10InvokeTypeE+3562)
01-21 19:32:06.862 6398 6398 F DEBUG : #21 pc 000000000016100f /system/lib64/libart.so (_ZN3art8CheckJNI21CallStaticVoidMethodVEP7_JNIEnvP7_jclassP10_jmethodIDP13__va_list_tag+47)
01-21 19:32:06.862 6398 6398 F DEBUG : #22 pc 00000000000aa832 /system/lib64/libandroid_runtime.so (_ZN7_JNIEnv20CallStaticVoidMethodEP7_jclassP10_jmethodIDz+146)
01-21 19:32:06.862 6398 6398 F DEBUG : #23 pc 00000000000ad679 /system/lib64/libandroid_runtime.so (_ZN7android14AndroidRuntime5startEPKcRKNS_6VectorINS_7String8EEEb+665)
01-21 19:32:06.862 6398 6398 F DEBUG : #24 pc 0000000000002318 /system/bin/app_process64
01-21 19:32:06.862 6398 6398 F DEBUG : #25 pc 000000000001c994 /system/lib64/libc.so (__libc_init+84)
01-21 19:32:06.862 6398 6398 F DEBUG : #26 pc 0000000000001cf4 /system/bin/app_process64
01-21 19:32:06.862 6398 6398 F DEBUG : #27 pc 0000000000000005
01-21 19:32:06.887 1443 1443 W : debuggerd: resuming target 6187
01-21 19:32:06.898 1456 1456 I ServiceManager: service 'media.audio_flinger' died
01-21 19:32:06.898 1456 1456 I ServiceManager: service 'media.audio_policy' died
01-21 19:32:06.899 1456 1456 I ServiceManager: service 'media.sound_trigger_hw' died
01-21 19:32:06.899 1456 1456 I ServiceManager: service 'media.radio' died
01-21 19:32:06.899 1456 1456 I ServiceManager: service 'netd' died
01-21 19:32:06.899 1456 1456 I ServiceManager: service 'media.player' died
01-21 19:32:06.899 1456 1456 I ServiceManager: service 'media.resource_manager' died
01-21 19:32:10.931 6430 6430 I Netd : Netd 1.0 starting
01-21 19:32:10.931 6430 6430 D TetherController: Setting IP forward enable = 0
01-21 19:32:10.952 6428 6428 I cameraserver: ServiceManager: 0xefa1af20
01-21 19:32:10.952 6428 6428 I CameraService: CameraService started (pid=6428)
01-21 19:32:10.952 6428 6428 I CameraService: CameraService process starting
01-21 19:32:10.952 6428 6428 W BatteryNotifier: batterystats service unavailable!
01-21 19:32:10.952 6428 6428 W BatteryNotifier: batterystats service unavailable!
01-21 19:32:10.952 6428 6428 D Camera_Factory: CameraFactory::CameraFactory
01-21 19:32:10.952 6428 6428 D Camera_Factory: CameraFactory::parseConfig: configFile = /etc/camera.cfg
01-21 19:32:10.952 6428 6428 D Camera_Factory: /etc/camera.cfg not found, using camera configuration defaults
01-21 19:32:10.952 6428 6428 E cutils-trace: Error opening trace file: Permission denied (13)
01-21 19:32:10.952 6428 6428 D Camera_Factory: CameraFactory::get_number_of_cameras
01-21 19:32:10.952 6428 6428 D Camera_Factory: CameraFactory::getCameraNum: 0
01-21 19:32:10.952 6428 6428 I CameraService: Loaded "Camera Module" camera module
01-21 19:32:10.952 6428 6428 D Camera_Factory: CameraFactory::get_number_of_cameras
01-21 19:32:10.952 6428 6428 D Camera_Factory: CameraFactory::getCameraNum: 0
01-21 19:32:10.952 6428 6428 D Camera_Factory: CameraFactory::get_number_of_cameras
01-21 19:32:10.952 6428 6428 D Camera_Factory: CameraFactory::getCameraNum: 0
01-21 19:32:10.953 6428 6428 I ServiceManager: Waiting for service media.camera.proxy...
01-21 19:32:10.962 6427 6427 I : sMaxFastTracks = 8
01-21 19:32:10.963 6427 6427 I audioserver: ServiceManager: 0xe7a9af20
01-21 19:32:10.963 6427 6427 W BatteryNotifier: batterystats service unavailable!
01-21 19:32:10.963 6427 6427 I AudioFlinger: Using default 3000 mSec as standby time.
01-21 19:32:10.963 6427 6427 I AudioPolicyService: AudioPolicyService CSTOR in new mode
01-21 19:32:10.963 6427 6427 I APM::ConfigParsingUtils: loadAudioPolicyConfig() loaded /system/etc/audio_policy.conf
01-21 19:32:10.980 6429 6429 I mediaserver: ServiceManager: 0xe909afa0
01-21 19:32:10.980 6429 6429 W BatteryNotifier: batterystats service unavailable!
01-21 19:32:11.109 6426 6426 D AndroidRuntime: >>>>>> START com.android.internal.os.ZygoteInit uid 0 <<<<<<
01-21 19:32:11.110 6426 6426 D AndroidRuntime: CheckJNI is ON
01-21 19:32:11.110 6426 6426 I art : option[0]=-Xzygote
01-21 19:32:11.110 6426 6426 I art : option[1]=-Xcheck:jni
01-21 19:32:11.110 6426 6426 I art : option[2]=-Xstacktracefile:/data/anr/traces.txt
01-21 19:32:11.110 6426 6426 I art : option[3]=exit
01-21 19:32:11.110 6426 6426 I art : option[4]=vfprintf
01-21 19:32:11.110 6426 6426 I art : option[5]=sensitiveThread
01-21 19:32:11.110 6426 6426 I art : option[6]=-verbose:gc
01-21 19:32:11.110 6426 6426 I art : option[7]=-Xms16m
01-21 19:32:11.110 6426 6426 I art : option[8]=-Xmx512m
01-21 19:32:11.110 6426 6426 I art : option[9]=-XX:HeapGrowthLimit=192m
01-21 19:32:11.110 6426 6426 I art : option[10]=-XX:HeapMinFree=512k
01-21 19:32:11.110 6426 6426 I art : option[11]=-XX:HeapMaxFree=8m
01-21 19:32:11.110 6426 6426 I art : option[12]=-XX:HeapTargetUtilization=0.75
01-21 19:32:11.110 6426 6426 I art : option[13]=-Xusejit:true
01-21 19:32:11.110 6426 6426 I art : option[14]=-Xjitsaveprofilinginfo
01-21 19:32:11.110 6426 6426 I art : option[15]=-agentlib:jdwp=transport=dt_android_adb,suspend=n,server=y
01-21 19:32:11.110 6426 6426 I art : option[16]=-Xlockprofthreshold:500
01-21 19:32:11.110 6426 6426 I art : option[17]=-Ximage-compiler-option
01-21 19:32:11.110 6426 6426 I art : option[18]=--runtime-arg
01-21 19:32:11.110 6426 6426 I art : option[19]=-Ximage-compiler-option
01-21 19:32:11.110 6426 6426 I art : option[20]=-Xms64m
01-21 19:32:11.110 6426 6426 I art : option[21]=-Ximage-compiler-option
01-21 19:32:11.110 6426 6426 I art : option[22]=--runtime-arg
01-21 19:32:11.110 6426 6426 I art : option[23]=-Ximage-compiler-option
01-21 19:32:11.110 6426 6426 I art : option[24]=-Xmx64m
01-21 19:32:11.110 6426 6426 I art : option[25]=-Ximage-compiler-option
01-21 19:32:11.110 6426 6426 I art : option[26]=--compiler-filter=verify-at-runtime
01-21 19:32:11.110 6426 6426 I art : option[27]=-Ximage-compiler-option
01-21 19:32:11.110 6426 6426 I art : option[28]=--image-classes=/system/etc/preloaded-classes
01-21 19:32:11.110 6426 6426 I art : option[29]=-Ximage-compiler-option
01-21 19:32:11.110 6426 6426 I art : option[30]=--compiled-classes=/system/etc/compiled-classes
01-21 19:32:11.110 6426 6426 I art : option[31]=-Xcompiler-option
01-21 19:32:11.110 6426 6426 I art : option[32]=--runtime-arg
01-21 19:32:11.110 6426 6426 I art : option[33]=-Xcompiler-option
01-21 19:32:11.110 6426 6426 I art : option[34]=-Xms64m
01-21 19:32:11.110 6426 6426 I art : option[35]=-Xcompiler-option
01-21 19:32:11.110 6426 6426 I art : option[36]=--runtime-arg
01-21 19:32:11.110 6426 6426 I art : option[37]=-Xcompiler-option
01-21 19:32:11.110 6426 6426 I art : option[38]=-Xmx512m
01-21 19:32:11.110 6426 6426 I art : option[39]=-Ximage-compiler-option
01-21 19:32:11.110 6426 6426 I art : option[40]=--instruction-set-variant=x86_64
01-21 19:32:11.110 6426 6426 I art : option[41]=-Xcompiler-option
01-21 19:32:11.110 6426 6426 I art : option[42]=--instruction-set-variant=x86_64
01-21 19:32:11.110 6426 6426 I art : option[43]=-Ximage-compiler-option
01-21 19:32:11.110 6426 6426 I art : option[44]=--instruction-set-features=default
01-21 19:32:11.110 6426 6426 I art : option[45]=-Xcompiler-option
01-21 19:32:11.110 6426 6426 I art : option[46]=--instruction-set-features=default
01-21 19:32:11.110 6426 6426 I art : option[47]=-Duser.locale=en-US
01-21 19:32:11.110 6426 6426 I art : option[48]=-XX:NativeBridge=libhoudini.so
01-21 19:32:11.110 6426 6426 I art : option[49]=--cpu-abilist=x86_64,arm64-v8a
01-21 19:32:11.110 6426 6426 I art : option[50]=-Xfingerprint:Android-x86/android_x86_64/x86_64:7.1.1/NMF26O/utente12301216:eng/test-keys
01-21 19:32:11.124 6427 6427 D audio_hw_primary: found audio out at /dev/snd/pcmC0D0p
01-21 19:32:11.124 6427 6427 D audio_hw_primary: card: 0/0 id: ALC892 Analog
01-21 19:32:11.124 6427 6427 D audio_hw_primary: name: ALC892 Analog
01-21 19:32:11.124 6427 6427 D audio_hw_primary: subname: subdevice #0
01-21 19:32:11.124 6427 6427 D audio_hw_primary: stream: 0
01-21 19:32:11.124 6427 6427 D audio_hw_primary: found audio out at /dev/snd/pcmC0D1p
01-21 19:32:11.124 6427 6427 D audio_hw_primary: card: 0/1 id: ALC892 Digital
01-21 19:32:11.124 6427 6427 D audio_hw_primary: name: ALC892 Digital
01-21 19:32:11.124 6427 6427 D audio_hw_primary: subname: subdevice #0
01-21 19:32:11.124 6427 6427 D audio_hw_primary: stream: 0
01-21 19:32:11.124 6427 6427 D audio_hw_primary: ignore pcmC0D1p
01-21 19:32:11.124 6427 6427 D audio_hw_primary: found audio out at /dev/snd/pcmC1D10p
01-21 19:32:11.124 6427 6427 D audio_hw_primary: card: 1/10 id: HDMI 4
01-21 19:32:11.124 6427 6427 D audio_hw_primary: name: HDMI 4
01-21 19:32:11.124 6427 6427 D audio_hw_primary: subname: subdevice #0
01-21 19:32:11.124 6427 6427 D audio_hw_primary: stream: 0
01-21 19:32:11.125 6427 6427 D audio_hw_primary: found audio out at /dev/snd/pcmC1D11p
01-21 19:32:11.125 6427 6427 D audio_hw_primary: card: 1/11 id: HDMI 5
01-21 19:32:11.125 6427 6427 D audio_hw_primary: name: HDMI 5
01-21 19:32:11.125 6427 6427 D audio_hw_primary: subname: subdevice #0
01-21 19:32:11.125 6427 6427 D audio_hw_primary: stream: 0
01-21 19:32:11.125 6427 6427 D audio_hw_primary: ignore pcmC1D11p
01-21 19:32:11.125 6427 6427 D audio_hw_primary: found audio out at /dev/snd/pcmC1D3p
01-21 19:32:11.125 6427 6427 D audio_hw_primary: card: 1/3 id: HDMI 0
01-21 19:32:11.125 6427 6427 D audio_hw_primary: name: HDMI 0
01-21 19:32:11.125 6427 6427 D audio_hw_primary: subname: subdevice #0
01-21 19:32:11.125 6427 6427 D audio_hw_primary: stream: 0
01-21 19:32:11.125 6427 6427 D audio_hw_primary: ignore pcmC1D3p
01-21 19:32:11.125 6427 6427 D audio_hw_primary: found audio out at /dev/snd/pcmC1D7p
01-21 19:32:11.125 6427 6427 D audio_hw_primary: card: 1/7 id: HDMI 1
01-21 19:32:11.125 6427 6427 D audio_hw_primary: name: HDMI 1
01-21 19:32:11.125 6427 6427 D audio_hw_primary: subname: subdevice #0
01-21 19:32:11.125 6427 6427 D audio_hw_primary: stream: 0
01-21 19:32:11.125 6427 6427 D audio_hw_primary: ignore pcmC1D7p
01-21 19:32:11.125 6427 6427 D audio_hw_primary: found audio out at /dev/snd/pcmC1D8p
01-21 19:32:11.125 6427 6427 D audio_hw_primary: card: 1/8 id: HDMI 2
01-21 19:32:11.125 6427 6427 D audio_hw_primary: name: HDMI 2
01-21 19:32:11.125 6427 6427 D audio_hw_primary: subname: subdevice #0
01-21 19:32:11.125 6427 6427 D audio_hw_primary: stream: 0
01-21 19:32:11.125 6427 6427 D audio_hw_primary: ignore pcmC1D8p
01-21 19:32:11.125 6427 6427 D audio_hw_primary: found audio out at /dev/snd/pcmC1D9p
01-21 19:32:11.125 6427 6427 D audio_hw_primary: card: 1/9 id: HDMI 3
01-21 19:32:11.125 6427 6427 D audio_hw_primary: name: HDMI 3
01-21 19:32:11.125 6427 6427 D audio_hw_primary: subname: subdevice #0
01-21 19:32:11.125 6427 6427 D audio_hw_primary: stream: 0
01-21 19:32:11.125 6427 6427 D audio_hw_primary: ignore pcmC1D9p
01-21 19:32:11.125 6427 6427 I audio_hw_primary: choose pcmC0D0p for 0
01-21 19:32:11.125 6427 6427 E audio_hw_primary: Failed to open /system/etc/mixer_paths.xml
01-21 19:32:11.125 6427 6427 I AudioFlinger: loadHwModule() Loaded primary audio interface from Grouper audio HW HAL (audio) handle 10
01-21 19:32:11.125 6427 6427 I AudioFlinger: openOutput(), module 10 Device 2, SamplingRate 48000, Format 0x000001, Channels 3, flags 2
01-21 19:32:11.125 6427 6427 I audio_hw_primary: choose pcmC0D0p for 0
01-21 19:32:11.125 6427 6427 I AudioFlinger: HAL output buffer size 512 frames, normal sink buffer size 1024 frames
01-21 19:32:11.125 6427 6427 I BufferProvider: found effect "Multichannel Downmix To Stereo" from The Android Open Source Project
01-21 19:32:11.125 6427 6427 I AudioFlinger: Using module 10 has the primary audio interface
01-21 19:32:11.125 6427 6524 I AudioFlinger: AudioFlinger's thread 0xe7612a80 ready to run
01-21 19:32:11.126 6427 6524 W BatteryNotifier: batterystats service unavailable!
01-21 19:32:11.126 6427 6524 W BatteryNotifier: batterystats service unavailable!
01-21 19:32:11.126 6427 6525 I AudioFlinger: AudioFlinger's thread 0xe728a380 ready to run
01-21 19:32:11.126 6427 6524 W BatteryNotifier: batterystats service unavailable!
01-21 19:32:11.126 6427 6427 I bt_a2dp_hw: adev_open: adev_open in A2dp_hw module
01-21 19:32:11.126 6427 6427 I AudioFlinger: loadHwModule() Loaded a2dp audio interface from A2DP Audio HW HAL (audio) handle 18
01-21 19:32:11.126 6427 6427 I AudioFlinger: loadHwModule() Loaded usb audio interface from USB audio HW HAL (audio) handle 26
01-21 19:32:11.126 6427 6427 I RadioService: RadioService
01-21 19:32:11.126 6427 6427 I RadioService: onFirstRef
01-21 19:32:11.126 6427 6427 E RadioService: couldn't load radio module radio.primary (No such file or directory)
01-21 19:32:11.126 6427 6427 E SoundTriggerHwService: couldn't load sound trigger module sound_trigger.primary (No such file or directory)
01-21 19:32:11.126 6427 6524 W AudioFlinger: no wake lock to update, system not ready yet
01-21 19:32:11.126 6427 6524 E cutils-trace: Error opening trace file: Permission denied (13)
01-21 19:32:11.127 6426 6426 D ICU : No timezone override file found: /data/misc/zoneinfo/current/icu/icu_tzdata.dat
01-21 19:32:11.132 6426 6426 E memtrack: Couldn't load memtrack module (No such file or directory)
01-21 19:32:11.132 6426 6426 E android.os.Debug: failed to load memtrack module: -2
01-21 19:32:11.133 6426 6426 I Radio-JNI: register_android_hardware_Radio DONE
01-21 19:32:11.133 6426 6426 I SamplingProfilerIntegration: Profiling disabled.
01-21 19:32:11.134 6426 6426 D Zygote : begin preload
01-21 19:32:11.134 6426 6426 I Zygote : Installing ICU cache reference pinning...
01-21 19:32:11.134 6426 6426 I Zygote : Preloading ICU data...
01-21 19:32:11.137 6426 6426 I Zygote : Preloading classes...
01-21 19:32:11.138 6426 6426 W Zygote : Class not found for preloading: [Landroid.view.Display$ColorTransform;
01-21 19:32:11.158 6426 6426 E Typeface: Error mapping font file /system/fonts/DroidSansFallback.ttf
01-21 19:32:11.185 6426 6426 I art : Thread[1,tid=6426,Native,Thread*=0x7b4057695a00,peer=0x12c060d0,"main"] recursive attempt to load library "/system/lib64/libmedia_jni.so"
01-21 19:32:11.185 6426 6426 D MtpDeviceJNI: register_android_mtp_MtpDevice
01-21 19:32:11.185 6426 6426 I art : Thread[1,tid=6426,Native,Thread*=0x7b4057695a00,peer=0x12c060d0,"main"] recursive attempt to load library "/system/lib64/libmedia_jni.so"
