01-21 19:32:11.185 6426 6426 I art : Thread[1,tid=6426,Native,Thread*=0x7b4057695a00,peer=0x12c060d0,"main"] recursive attempt to load library "/system/lib64/libmedia_jni.so"
01-21 19:32:11.195 6426 6426 W Zygote : Class not found for preloading: android.view.Display$ColorTransform
01-21 19:32:11.195 6426 6426 W Zygote : Class not found for preloading: android.view.Display$ColorTransform$1
01-21 19:32:11.217 6426 6426 I System : Loaded time zone names for "" in 7ms (6ms in ICU)
01-21 19:32:11.221 6426 6426 I System : Loaded time zone names for "en_US" in 4ms (4ms in ICU)
01-21 19:32:11.228 6426 6426 I Zygote : ...preloaded 4158 classes in 91ms.
01-21 19:32:11.228 6426 6426 I art : VMRuntime.preloadDexCaches starting
01-21 19:32:11.248 6426 6426 I art : VMRuntime.preloadDexCaches strings total=283847 before=39641 after=39641
01-21 19:32:11.248 6426 6426 I art : VMRuntime.preloadDexCaches types total=23591 before=7878 after=7905
01-21 19:32:11.248 6426 6426 I art : VMRuntime.preloadDexCaches fields total=112054 before=40906 after=41120
01-21 19:32:11.248 6426 6426 I art : VMRuntime.preloadDexCaches methods total=197585 before=82464 after=83024
01-21 19:32:11.248 6426 6426 I art : VMRuntime.preloadDexCaches finished
01-21 19:32:11.248 6426 6426 I Zygote : Preloading resources...
01-21 19:32:11.252 6426 6426 W Resources: Preloaded drawable resource #0x108025c (android:drawable/dialog_background_material) that varies with configuration!!
01-21 19:32:11.253 6426 6426 W Resources: Preloaded color resource #0x10600e2 (android:color/material_grey_800) that varies with configuration!!
01-21 19:32:11.253 6426 6426 W Resources: Preloaded drawable resource #0x10802c9 (android:drawable/floating_popup_background_dark) that varies with configuration!!
01-21 19:32:11.268 6426 6426 I Zygote : ...preloaded 114 resources in 20ms.
01-21 19:32:11.269 6426 6426 W Resources: Preloaded color resource #0x106010b (android:color/background_cache_hint_selector_material_dark) that varies with configuration!!
01-21 19:32:11.270 6426 6426 W Resources: Preloaded color resource #0x1060110 (android:color/btn_default_material_dark) that varies with configuration!!
01-21 19:32:11.270 6426 6426 I Zygote : ...preloaded 41 resources in 2ms.
01-21 19:32:11.270 6426 6426 D libEGL : loaded /system/lib64/egl/libGLES_mesa.so
01-21 19:32:11.277 6430 6430 V NatController: runCmd(/system/bin/iptables -w -F natctrl_FORWARD) res=0
01-21 19:32:11.278 6430 6430 V NatController: runCmd(/system/bin/ip6tables -w -F natctrl_FORWARD) res=0
01-21 19:32:11.279 6426 6426 I Zygote : Preloading shared libraries...
01-21 19:32:11.280 6430 6430 V NatController: runCmd(/system/bin/iptables -w -A natctrl_FORWARD -j DROP) res=0
01-21 19:32:11.281 6430 6430 V NatController: runCmd(/system/bin/iptables -w -t nat -F natctrl_nat_POSTROUTING) res=0
01-21 19:32:11.282 6426 6426 I Zygote : Uninstalled ICU cache reference pinning...
01-21 19:32:11.282 6426 6426 I Zygote : Installed AndroidKeyStoreProvider in 0ms.
01-21 19:32:11.283 6430 6430 V NatController: runCmd(/system/bin/ip6tables -w -t raw -F natctrl_raw_PREROUTING) res=0
01-21 19:32:11.284 6430 6430 V NatController: runCmd(/system/bin/iptables -w -F natctrl_tether_counters) res=0
01-21 19:32:11.286 6430 6430 V NatController: runCmd(/system/bin/ip6tables -w -F natctrl_tether_counters) res=0
01-21 19:32:11.287 6426 6426 I Zygote : Warmed up JCA providers in 5ms.
01-21 19:32:11.287 6426 6426 D Zygote : end preload
01-21 19:32:11.287 6426 6426 I art : Starting a blocking GC Explicit
01-21 19:32:11.287 6430 6430 V NatController: runCmd(/system/bin/iptables -w -X natctrl_tether_counters) res=0
01-21 19:32:11.289 6430 6430 V NatController: runCmd(/system/bin/ip6tables -w -X natctrl_tether_counters) res=0
01-21 19:32:11.291 6430 6430 V NatController: runCmd(/system/bin/iptables -w -N natctrl_tether_counters) res=0
01-21 19:32:11.293 6430 6430 V NatController: runCmd(/system/bin/ip6tables -w -N natctrl_tether_counters) res=0
01-21 19:32:11.293 6426 6426 I art : Explicit concurrent mark sweep GC freed 55557(6MB) AllocSpace objects, 133(2MB) LOS objects, 39% free, 2MB/4MB, paused 26us total 5.772ms
01-21 19:32:11.294 6426 6426 I art : Starting a blocking GC Explicit
01-21 19:32:11.294 6430 6430 V NatController: runCmd(/system/bin/iptables -w -t mangle -A natctrl_mangle_FORWARD -p tcp --tcp-flags SYN SYN -j TCPMSS --clamp-mss-to-pmtu) res=0
01-21 19:32:11.296 6426 6426 I art : Explicit concurrent mark sweep GC freed 4822(178KB) AllocSpace objects, 0(0B) LOS objects, 40% free, 2MB/3MB, paused 25us total 2.356ms
01-21 19:32:11.302 6426 6532 I art : Starting a blocking GC HeapTrim
01-21 19:32:11.302 6426 6426 I art : Starting a blocking GC Background
01-21 19:32:11.308 6430 6430 E Netd : /system/bin/iptables-restore failed with res=0, status=256
01-21 19:32:11.310 6426 6426 E Zygote : Not whitelisted : /android/sys/kernel/debug/tracing/trace_marker
01-21 19:32:11.310 6426 6426 F art : art/runtime/jni_internal.cc:492] JNI FatalError called: frameworks/base/core/jni/com_android_internal_os_Zygote.cpp:467: Unable to construct file descriptor table.
01-21 19:32:11.311 6430 6430 E Netd : /system/bin/ip6tables-restore failed with res=0, status=256
01-21 19:32:11.313 6426 6426 F art : art/runtime/runtime.cc:422] Runtime aborting...
01-21 19:32:11.313 6426 6426 F art : art/runtime/runtime.cc:422] Aborting thread:
01-21 19:32:11.313 6426 6426 F art : art/runtime/runtime.cc:422] "main" prio=5 tid=1 Runnable
01-21 19:32:11.313 6426 6426 F art : art/runtime/runtime.cc:422] | group="" sCount=0 dsCount=0 obj=0x756a1850 self=0x7b4057695a00
01-21 19:32:11.313 6426 6426 F art : art/runtime/runtime.cc:422] | sysTid=6426 nice=0 cgrp=default sched=0/0 handle=0x7b405c87eb40
01-21 19:32:11.313 6426 6426 F art : art/runtime/runtime.cc:422] | state=R schedstat=( 381618343 17401477 45 ) utm=35 stm=2 core=2 HZ=100
01-21 19:32:11.313 6426 6426 F art : art/runtime/runtime.cc:422] | stack=0x7fffded35000-0x7fffded37000 stackSize=8MB
01-21 19:32:11.313 6426 6426 F art : art/runtime/runtime.cc:422] | held mutexes= "abort lock" "mutator lock"(shared held)
01-21 19:32:11.313 6426 6426 F art : art/runtime/runtime.cc:422] native: #00 pc 0000000000531a1e /android/system/lib64/libart.so (???)
01-21 19:32:11.313 6426 6426 F art : art/runtime/runtime.cc:422] native: #01 pc 000000000050273c /android/system/lib64/libart.so (???)
01-21 19:32:11.313 6426 6426 F art : art/runtime/runtime.cc:422] native: #02 pc 00000000004ef4cb /android/system/lib64/libart.so (???)
01-21 19:32:11.313 6426 6426 F art : art/runtime/runtime.cc:422] native: #03 pc 00000000004ef232 /android/system/lib64/libart.so (???)
01-21 19:32:11.313 6426 6426 F art : art/runtime/runtime.cc:422] native: #04 pc 00000000004e2000 /android/system/lib64/libart.so (???)
01-21 19:32:11.313 6426 6426 F art : art/runtime/runtime.cc:422] native: #05 pc 000000000014ceae /android/system/lib64/libart.so (???)
01-21 19:32:11.313 6426 6426 F art : art/runtime/runtime.cc:422] native: #06 pc 00000000003bfe74 /android/system/lib64/libart.so (???)
01-21 19:32:11.313 6426 6426 F art : art/runtime/runtime.cc:422] native: #07 pc 000000000015bca3 /android/system/lib64/libart.so (???)
01-21 19:32:11.313 6426 6426 F art : art/runtime/runtime.cc:422] native: #08 pc 000000000016d09e /android/system/lib64/libandroid_runtime.so (???)
01-21 19:32:11.313 6426 6426 F art : art/runtime/runtime.cc:422] native: #09 pc 000000000016f8b3 /android/system/lib64/libandroid_runtime.so (???)
01-21 19:32:11.313 6426 6426 F art : art/runtime/runtime.cc:422] native: #10 pc 000000000016ffab /android/system/lib64/libandroid_runtime.so (???)
01-21 19:32:11.313 6426 6426 F art : art/runtime/runtime.cc:422] native: #11 pc 0000000000f3df6a /android/system/framework/x86_64/boot-framework.oat (Java_com_android_internal_os_Zygote_nativeForkSystemServer__II_3II_3_3IJJ+310)
01-21 19:32:11.313 6426 6426 F art : art/runtime/runtime.cc:422]
at com.android.internal.os.Zygote.nativeForkSystemServer(Native method)
01-21 19:32:11.313 6426 6426 F art : art/runtime/runtime.cc:422]
at com.android.internal.os.Zygote.forkSystemServer(Zygote.java:139)
01-21 19:32:11.313 6426 6426 F art : art/runtime/runtime.cc:422]
at com.android.internal.os.ZygoteInit.startSystemServer(ZygoteInit.java:673)
01-21 19:32:11.313 6426 6426 F art : art/runtime/runtime.cc:422]
at com.android.internal.os.ZygoteInit.main(ZygoteInit.java:769)
01-21 19:32:11.313 6426 6426 F art : art/runtime/runtime.cc:422] Dumping all threads without appropriate locks held: thread list lock
01-21 19:32:11.313 6426 6426 F art : art/runtime/runtime.cc:422] All threads:
01-21 19:32:11.313 6426 6426 F art : art/runtime/runtime.cc:422] DALVIK THREADS (1):
01-21 19:32:11.313 6426 6426 F art : art/runtime/runtime.cc:422] "main" prio=5 tid=1 Runnable
01-21 19:32:11.313 6426 6426 F art : art/runtime/runtime.cc:422] | group="" sCount=0 dsCount=0 obj=0x756a1850 self=0x7b4057695a00
01-21 19:32:11.313 6426 6426 F art : art/runtime/runtime.cc:422] | sysTid=6426 nice=0 cgrp=default sched=0/0 handle=0x7b405c87eb40
01-21 19:32:11.313 6426 6426 F art : art/runtime/runtime.cc:422] | state=R schedstat=( 384618748 17401477 45 ) utm=35 stm=2 core=2 HZ=100
01-21 19:32:11.313 6426 6426 F art : art/runtime/runtime.cc:422] | stack=0x7fffded35000-0x7fffded37000 stackSize=8MB
01-21 19:32:11.313 6426 6426 F art : art/runtime/runtime.cc:422] | held mutexes= "abort lock" "mutator lock"(shared held)
01-21 19:32:11.313 6426 6426 F art : art/runtime/runtime.cc:422] native: #00 pc 0000000000531a1e /android/system/lib64/libart.so (???)
01-21 19:32:11.313 6426 6426 F art : art/runtime/runtime.cc:422] native: #01 pc 000000000050273c /android/system/lib64/libart.so (???)
01-21 19:32:11.313 6426 6426 F art : art/runtime/runtime.cc:422] native: #02 pc 000000000051c3c8 /android/system/lib64/libart.so (???)
01-21 19:32:11.313 6426 6426 F art : art/runtime/runtime.cc:422] native: #03 pc 00000000005137cf /android/system/lib64/libart.so (???)
01-21 19:32:11.313 6426 6426 F art : art/runtime/runtime.cc:422] native: #04 pc 00000000005133d0 /android/system/lib64/libart.so (???)
01-21 19:32:11.313 6426 6426 F art : art/runtime/runtime.cc:422] native: #05 pc 00000000004ef29d /android/system/lib64/libart.so (???)
01-21 19:32:11.313 6426 6426 F art : art/runtime/runtime.cc:422] native: #06 pc 00000000004e2000 /android/system/lib64/libart.so (???)
01-21 19:32:11.313 6426 6426 F art : art/runtime/runtime.cc:422] native: #07 pc 000000000014ceae /android/system/lib64/libart.so (???)
01-21 19:32:11.313 6426 6426 F art : art/runtime/runtime.cc:422] native: #08 pc 00000000003bfe74 /android/system/lib64/libart.so (???)
01-21 19:32:11.313 6426 6426 F art : art/runtime/runtime.cc:422] native: #09 pc 000000000015bca3 /android/system/lib64/libart.so (???)
01-21 19:32:11.313 6426 6426 F art : art/runtime/runtime.cc:422] native: #10 pc 000000000016d09e /android/system/lib64/libandroid_runtime.so (???)
01-21 19:32:11.313 6426 6426 F art : art/runtime/runtime.cc:422] native: #11 pc 000000000016f8b3 /android/system/lib64/libandroid_runtime.so (???)
01-21 19:32:11.313 6426 6426 F art : art/runtime/runtime.cc:422] native: #12 pc 000000000016ffab /android/system/lib64/libandroid_runtime.so (???)
01-21 19:32:11.313 6426 6426 F art : art/runtime/runtime.cc:422] native: #13 pc 0000000000f3df6a /android/system/framework/x86_64/boot-framework.oat (Java_com_android_internal_os_Zygote_nativeForkSystemServer__II_3II_3_3IJJ+310)
01-21 19:32:11.313 6426 6426 F art : art/runtime/runtime.cc:422]
at com.android.internal.os.Zygote.nativeForkSystemServer(Native method)
01-21 19:32:11.313 6426 6426 F art : art/runtime/runtime.cc:422]
at com.android.internal.os.Zygote.forkSystemServer(Zygote.java:139)
01-21 19:32:11.313 6426 6426 F art : art/runtime/runtime.cc:422]
at com.android.internal.os.ZygoteInit.startSystemServer(ZygoteInit.java:673)
01-21 19:32:11.313 6426 6426 F art : art/runtime/runtime.cc:422]
at com.android.internal.os.ZygoteInit.main(ZygoteInit.java:769)
01-21 19:32:11.313 6426 6426 F art : art/runtime/runtime.cc:422]
01-21 19:32:11.313 6426 6426 F art : art/runtime/runtime.cc:422]
01-21 19:32:11.313 6426 6426 F libc : Fatal signal 6 (SIGABRT), code -6 in tid 6426 (main)
01-21 19:32:11.313 1443 1443 W : debuggerd: handling request: pid=6426 uid=0 gid=0 tid=6426
01-21 19:32:11.316 6648 6648 E : debuggerd: Unable to connect to activity manager (connect failed: No such file or directory)
01-21 19:32:11.322 6649 6649 E ProbeModule: insmod_by_dep: cannot load module: [netdev-dummy0]
01-21 19:32:11.328 6650 6650 E ProbeModule: insmod_by_dep: cannot load module: [dummy0]
01-21 19:32:11.328 6430 6430 E Netd : cannot find interface dummy0
01-21 19:32:11.334 6653 6653 E ProbeModule: insmod_by_dep: cannot load module: [net-pf-16-proto-5]
01-21 19:32:11.335 6430 6430 E Netd : Unable to create netlink socket: Protocol not supported
01-21 19:32:11.335 6430 6430 W Netd : Unable to open qlog quota socket, check if xt_quota2 can send via UeventHandler
01-21 19:32:11.335 6430 6430 D MDnsDS : MDnsSdListener::Hander starting up
01-21 19:32:11.335 6430 6656 D MDnsDS : MDnsSdListener starting to monitor
01-21 19:32:11.335 6430 6656 D MDnsDS : Going to poll with pollCount 1
01-21 19:32:11.366 6648 6648 F DEBUG : *** *** *** *** *** *** *** *** *** *** *** *** *** *** *** ***
01-21 19:32:11.366 6648 6648 F DEBUG : Build fingerprint: 'Android-x86/android_x86_64/x86_64:7.1.1/NMF26O/utente12301216:eng/test-keys'
01-21 19:32:11.366 6648 6648 F DEBUG : Revision: '0'
01-21 19:32:11.366 6648 6648 F DEBUG : ABI: 'x86_64'
01-21 19:32:11.366 6648 6648 F DEBUG : pid: 6426, tid: 6426, name: main >>> zygote64 <<<
01-21 19:32:11.366 6648 6648 F DEBUG : signal 6 (SIGABRT), code -6 (SI_TKILL), fault addr --------
01-21 19:32:11.367 6648 6648 F DEBUG : Abort message: 'art/runtime/jni_internal.cc:492] JNI FatalError called: frameworks/base/core/jni/com_android_internal_os_Zygote.cpp:467: Unable to construct file descriptor table.'
01-21 19:32:11.367 6648 6648 F DEBUG : rax 0000000000000000 rbx 00007b405c87ebe8 rcx 00007b405aa66c27 rdx 0000000000000006
01-21 19:32:11.367 6648 6648 F DEBUG : rsi 000000000000191a rdi 000000000000191a
01-21 19:32:11.367 6648 6648 F DEBUG : r8 ffffffffffffffe8 r9 0000000000000003 r10 0000000000000008 r11 0000000000000202
01-21 19:32:11.367 6648 6648 F DEBUG : r12 000000000000191a r13 0000000000000006 r14 00007b404c895a40 r15 00007fffdf530a61
01-21 19:32:11.367 6648 6648 F DEBUG : cs 0000000000000033 ss 000000000000002b
01-21 19:32:11.367 6648 6648 F DEBUG : rip 00007b405aa66c27 rbp 0000000000000002 rsp 00007fffdf530928 eflags 0000000000000202
01-21 19:32:11.411 5345 5428 W SurfaceComposerClient: ComposerService remote (surfaceflinger) died [0x721537e7a500]
01-21 19:32:11.411 5345 5428 D BootAnimation: SurfaceFlinger died, exiting...
01-21 19:32:11.412 1456 1456 I ServiceManager: service 'gpu' died
01-21 19:32:11.412 1456 1456 I ServiceManager: service 'SurfaceFlinger' died
01-21 19:32:11.413 1456 1456 I ServiceManager: service 'netd' died
01-21 19:32:11.564 6648 6648 F DEBUG :
01-21 19:32:11.564 6648 6648 F DEBUG : backtrace:
01-21 19:32:11.564 6648 6648 F DEBUG : #00 pc 000000000008dc27 /system/lib64/libc.so (tgkill+7)
01-21 19:32:11.564 6648 6648 F DEBUG : #01 pc 000000000008a681 /system/lib64/libc.so (pthread_kill+65)
01-21 19:32:11.564 6648 6648 F DEBUG : #02 pc 0000000000030301 /system/lib64/libc.so (raise+17)
01-21 19:32:11.564 6648 6648 F DEBUG : #03 pc 000000000002883d /system/lib64/libc.so (abort+77)
01-21 19:32:11.564 6648 6648 F DEBUG : #04 pc 00000000004e215a /system/lib64/libart.so (_ZN3art7Runtime5AbortEPKc+474)
01-21 19:32:11.564 6648 6648 F DEBUG : #05 pc 000000000014ceae /system/lib64/libart.so (_ZN3art10LogMessageD1Ev+1630)
01-21 19:32:11.564 6648 6648 F DEBUG : #06 pc 00000000003bfe74 /system/lib64/libart.so (_ZN3art3JNI10FatalErrorEP7_JNIEnvPKc+148)
01-21 19:32:11.564 6648 6648 F DEBUG : #07 pc 000000000015bca3 /system/lib64/libart.so (_ZN3art8CheckJNI10FatalErrorEP7_JNIEnvPKc+851)
01-21 19:32:11.564 6648 6648 F DEBUG : #08 pc 000000000016d09e /system/lib64/libandroid_runtime.so
01-21 19:32:11.564 6648 6648 F DEBUG : #09 pc 000000000016f8b3 /system/lib64/libandroid_runtime.so
01-21 19:32:11.564 6648 6648 F DEBUG : #10 pc 000000000016ffab /system/lib64/libandroid_runtime.so
01-21 19:32:11.564 6648 6648 F DEBUG : #11 pc 0000000002548f6a /system/framework/x86_64/boot-framework.oat (offset 0x160b000) (com.android.internal.os.Zygote.nativeForkSystemServer+310)
01-21 19:32:11.564 6648 6648 E DEBUG : cannot get registers: No such process
01-21 19:32:11.564 6648 6648 E DEBUG : Cannot get siginfo for 6426: No such process
01-21 19:32:11.570 6648 6648 E : debuggerd: ptrace detach from 6426 failed: No such process
01-21 19:32:11.571 1443 1443 W : debuggerd: resuming target 6426
01-21 19:32:11.953 6428 6428 I ServiceManager: Waiting for service media.camera.proxy...
01-21 19:32:12.953 6428 6428 I ServiceManager: Waiting for service media.camera.proxy...
01-21 19:32:13.953 6428 6428 I ServiceManager: Waiting for service media.camera.proxy...
01-21 19:32:14.129 6427 6524 W BatteryNotifier: batterystats service unavailable!
01-21 19:32:14.953 6428 6428 I ServiceManager: Waiting for service media.camera.proxy...
01-21 19:32:57.115 1458 1458 I sh : type=1400 audit(0.0:190): avc: denied { dac_override } for capability=1 scontext=u:r:shell:s0 tcontext=u:r:shell:s0 tclass=capability permissive=1
01-21 19:32:57.115 1458 1458 I sh : type=1400 audit(0.0:191): avc: denied { getattr } for path="/data/log.txt" dev="tmpfs" ino=9369 scontext=u:r:shell:s0 tcontext=u:object_r:system_data_file:s0 tclass=file permissive=1
01-21 19:33:04.276 6669 6669 I sh : type=1400 audit(0.0:192): avc: denied { read } for name="log.txt" dev="tmpfs" ino=9369 scontext=u:r:shell:s0 tcontext=u:object_r:system_data_file:s0 tclass=file permissive=1
01-21 19:36:49.965 1444 1448 V vold : /system/bin/sgdisk
01-21 19:36:49.965 1444 1448 V vold : --android-dump
01-21 19:36:49.965 1444 1448 V vold : /dev/block/vold/disk:8_48
01-21 19:36:49.976 1444 1448 V vold : DISK mbr
01-21 19:36:49.976 1444 1448 V vold :
01-21 19:36:49.976 1444 1448 V vold : PART 1 e
01-21 19:36:49.976 1444 1448 V vold :
01-21 19:36:57.208 6682 6682 I mkdir : type=1400 audit(0.0:193): avc: denied { write } for name="/" dev="tmpfs" ino=5410 scontext=u:r:shell:s0 tcontext=u:object_r:system_data_file:s0 tclass=dir permissive=1
01-21 19:36:57.208 6682 6682 I mkdir : type=1400 audit(0.0:194): avc: denied { add_name } for name="x" scontext=u:r:shell:s0 tcontext=u:object_r:system_data_file:s0 tclass=dir permissive=1
01-21 19:36:57.208 6682 6682 I mkdir : type=1400 audit(0.0:195): avc: denied { create } for name="x" scontext=u:r:shell:s0 tcontext=u:object_r:system_data_file:s0 tclass=dir permissive=1
01-21 19:37:05.670 1458 1458 I sh : type=1400 audit(0.0:196): avc: denied { read } for name="/" dev="tmpfs" ino=5096 scontext=u:r:shell:s0 tcontext=u:object_r:device:s0 tclass=dir permissive=1
01-21 19:37:05.670 1458 1458 I sh : type=1400 audit(0.0:197): avc: denied { open } for path="/dev" dev="tmpfs" ino=5096 scontext=u:r:shell:s0 tcontext=u:object_r:device:s0 tclass=dir permissive=1
01-21 19:37:05.670 1458 1458 I sh : type=1400 audit(0.0:198): avc: denied { getattr } for path="/dev/block" dev="tmpfs" ino=5446 scontext=u:r:shell:s0 tcontext=u:object_r:block_device:s0 tclass=dir permissive=1
01-21 19:37:09.134 6683 6683 I busybox : type=1400 audit(0.0:199): avc: denied { getattr } for path="/dev/block/sdd1" dev="tmpfs" ino=58482 scontext=u:r:shell:s0 tcontext=u:object_r:block_device:s0 tclass=blk_file permissive=1
01-21 19:37:09.134 6683 6683 I busybox : type=1400 audit(0.0:200): avc: denied { mounton } for path="/data/x" dev="tmpfs" ino=57675 scontext=u:r:shell:s0 tcontext=u:object_r:system_data_file:s0 tclass=dir permissive=1
01-21 19:37:09.162 6683 6683 I busybox : type=1400 audit(0.0:201): avc: denied { mount } for name="/" dev="sdd1" ino=1 scontext=u:r:shell:s0 tcontext=u:object_r:vfat:s0 tclass=filesystem permissive=1