0:15:17.221415229 7020 0x607001322ea0 DEBUG basesrc gstbasesrc.c:2315:gst_base_src_do_sync: no sync needed
0:15:17.221416922 7020 0x607000e07e20 LOG GST_BUFFER gstbuffer.c:212:_get_merged_memory: buffer 0x612002b9bac0, idx 0, length 1
0:15:17.221425890 7020 0x607001322ea0 DEBUG basesrc gstbasesrc.c:2524:gst_base_src_get_range: buffer ok
0:15:17.221430204 7020 0x607000e07e20 DEBUG rtpptdemux gstrtpptdemux.c:361:gst_rtp_pt_demux_chain: received buffer for pt 96
0:15:17.221441001 7020 0x607000e07e20 DEBUG GST_SCHEDULING gstpad.c:4200:gst_pad_chain_data_unchecked: calling chainfunction &gst_proxy_pad_chain_default with buffer buffer: 0x612002b9bac0, pts 0:01:29.049099515, dts 0:01:28.813429996, dur 99:99:99.999999999, size 172, offset none, offset_end none, flags 0x0
0:15:17.221440216 7020 0x607001322ea0 DEBUG GST_SCHEDULING gstpad.c:4200:gst_pad_chain_data_unchecked: calling chainfunction &gst_base_transform_chain with buffer buffer: 0x612003f7c3c0, pts 0:01:28.960000000, dts 99:99:99.999999999, dur 0:00:00.020000000, size 1280, offset 2846720, offset_end 2847360, flags 0x0
0:15:17.221458680 7020 0x607000e07e20 DEBUG GST_SCHEDULING gstpad.c:4200:gst_pad_chain_data_unchecked: calling chainfunction &gst_valve_chain with buffer buffer: 0x612002b9bac0, pts 0:01:29.049099515, dts 0:01:28.813429996, dur 99:99:99.999999999, size 172, offset none, offset_end none, flags 0x0
0:15:17.221468107 7020 0x607001322ea0 DEBUG basetransform gstbasetransform.c:2036:default_submit_input_buffer: handling buffer 0x612003f7c3c0 of size 1280, PTS
0:01:28.960000000 and offset 2846720
0:15:17.221476596 7020 0x607000e07e20 DEBUG GST_SCHEDULING gstpad.c:4200:gst_pad_chain_data_unchecked: calling chainfunction &gst_base_transform_chain with buffer buffer: 0x612002b9bac0, pts 0:01:29.049099515, dts 0:01:28.813429996, dur 99:99:99.999999999, size 172, offset none, offset_end none, flags 0x0
0:15:17.221488777 7020 0x607001322ea0 DEBUG basetransform gstbasetransform.c:2153:default_generate_output: calling prepare buffer
0:15:17.221494481 7020 0x607000e07e20 DEBUG basetransform gstbasetransform.c:2041:default_submit_input_buffer: handling buffer 0x612002b9bac0 of size 172, PTS
0:01:29.049099515 and offset NONE
0:15:17.221498923 7020 0x607001322ea0 DEBUG basetransform gstbasetransform.c:2160:default_generate_output: using allocated buffer in 0x612003f7c3c0, out 0x612003f7c3c0
0:15:17.221521202 7020 0x607000e07e20 DEBUG basetransform gstbasetransform.c:2153:default_generate_output: calling prepare buffer
0:15:17.221530455 7020 0x607001322ea0 DEBUG basetransform gstbasetransform.c:2177:default_generate_output: doing inplace transform
0:15:17.221535199 7020 0x607000e07e20 DEBUG basetransform gstbasetransform.c:2160:default_generate_output: using allocated buffer in 0x612002b9bac0, out 0x612002b9bac0
0:15:17.221549018 7020 0x607000e07e20 DEBUG basetransform gstbasetransform.c:2177:default_generate_output: doing inplace transform
0:15:17.221544005 7020 0x607001322ea0 DEBUG GST_SCHEDULING gstpad.c:4200:gst_pad_chain_data_unchecked: calling chainfunction &gst_base_transform_chain with buffer buffer: 0x612003f7c3c0, pts 0:01:28.960000000, dts 99:99:99.999999999, dur 0:00:00.020000000, size 1280, offset 2846720, offset_end 2847360, flags 0x0
0:15:17.221558294 7020 0x607000e07e20 DEBUG GST_SCHEDULING gstpad.c:4200:gst_pad_chain_data_unchecked: calling chainfunction &gst_proxy_pad_chain_default with buffer buffer: 0x612002b9bac0, pts 0:01:29.049099515, dts 0:01:28.813429996, dur 99:99:99.999999999, size 172, offset none, offset_end none, flags 0x0
0:15:17.221569129 7020 0x607001322ea0 DEBUG volume gstvolume.c:697:volume_before_transform: sync to
0:01:28.960000000
0:15:17.221585283 7020 0x607001322ea0 LOG default gstobject.c:1120:gst_object_sync_values: sync_values
0:15:17.221577574 7020 0x607000e07e20 DEBUG GST_SCHEDULING gstpad.c:4200:gst_pad_chain_data_unchecked: calling chainfunction &0x7f133019b660 with buffer buffer: 0x612002b9bac0, pts 0:01:29.049099515, dts 0:01:28.813429996, dur 99:99:99.999999999, size 172, offset none, offset_end none, flags 0x0
0:15:17.221593623 7020 0x607000e07e20 LOG GST_BUFFER gstbuffer.c:1720:gst_buffer_map_range: buffer 0x612002b9bac0, idx 0, length 1, flags 0001
0:15:17.221592395 7020 0x607001322ea0 DEBUG audio audio.c:108:gst_audio_buffer_clip: timestamp
0:01:28.960000000
0:15:17.221605348 7020 0x607000e07e20 LOG GST_BUFFER gstbuffer.c:212:_get_merged_memory: buffer 0x612002b9bac0, idx 0, length 1
0:15:17.221609909 7020 0x607001322ea0 DEBUG basetransform gstbasetransform.c:2036:default_submit_input_buffer: handling buffer 0x612003f7c3c0 of size 1280, PTS
0:01:28.960000000 and offset 2846720
0:15:17.221617363 7020 0x607000e07e20 LOG rtpbasedepayload gstrtpbasedepayload.c:396:gst_rtp_base_depayload_handle_buffer: discont 0, seqnum 31556, rtptime 3529598075, pts 0:01:29.049099515, dts
0:01:28.813429996
0:15:17.221628552 7020 0x607001322ea0 DEBUG basetransform gstbasetransform.c:2153:default_generate_output: calling prepare buffer
0:15:17.221634667 7020 0x607000e07e20 LOG GST_BUFFER gstbuffer.c:1720:gst_buffer_map_range: buffer 0x612002b9bac0, idx 0, length 1, flags 0001
0:15:17.221637920 7020 0x607001322ea0 DEBUG basetransform gstbasetransform.c:1650:default_prepare_output_buffer: passthrough: reusing input buffer
0:15:17.221649263 7020 0x607000e07e20 LOG GST_BUFFER gstbuffer.c:212:_get_merged_memory: buffer 0x612002b9bac0, idx 0, length 1
0:15:17.221650505 7020 0x607001322ea0 DEBUG basetransform gstbasetransform.c:2160:default_generate_output: using allocated buffer in 0x612003f7c3c0, out 0x612003f7c3c0
0:15:17.221660806 7020 0x607000e07e20 LOG GST_BUFFER gstbuffer.c:798:gst_buffer_new: new 0x6120005221c0
0:15:17.221664707 7020 0x607001322ea0 DEBUG basetransform gstbasetransform.c:2171:default_generate_output: element is in passthrough
0:15:17.221668639 7020 0x607000e07e20 LOG GST_BUFFER gstbuffer.c:2038:gst_buffer_copy_region: new region copy 0x6120005221c0 of 0x612002b9bac0 12-160
0:15:17.221680124 7020 0x607000e07e20 LOG GST_BUFFER gstbuffer.c:514:gst_buffer_copy_into: copy 0x612002b9bac0 to 0x6120005221c0, offset 12-160/172
0:15:17.221676653 7020 0x607001322ea0 DEBUG GST_SCHEDULING gstpad.c:4200:gst_pad_chain_data_unchecked: calling chainfunction &gst_proxy_pad_chain_default with buffer buffer: 0x612003f7c3c0, pts 0:01:28.960000000, dts 99:99:99.999999999, dur 0:00:00.020000000, size 1280, offset 2846720, offset_end 2847360, flags 0x0
0:15:17.221693996 7020 0x607000e07e20 DEBUG GST_MEMORY gstmemory.c:138:gst_memory_init: new memory 0x60d000344f10, maxsize:179 offset:12 size:160
0:15:17.221707169 7020 0x607000e07e20 LOG GST_BUFFER gstbuffer.c:413:_memory_add: buffer 0x6120005221c0, idx -1, mem 0x60d000344f10
0:15:17.221702026 7020 0x607001322ea0 DEBUG GST_SCHEDULING gstpad.c:4200:gst_pad_chain_data_unchecked: calling chainfunction &gst_proxy_pad_chain_default with buffer buffer: 0x612003f7c3c0, pts 0:01:28.960000000, dts 99:99:99.999999999, dur 0:00:00.020000000, size 1280, offset 2846720, offset_end 2847360, flags 0x0
0:15:17.221722333 7020 0x607000e07e20 DEBUG GST_SCHEDULING gstpad.c:4200:gst_pad_chain_data_unchecked: calling chainfunction &gst_audio_decoder_chain with buffer buffer: 0x6120005221c0, pts 0:01:29.049099515, dts 0:01:28.813429996, dur 99:99:99.999999999, size 160, offset none, offset_end none, flags 0x4000
0:15:17.221726750 7020 0x607001322ea0 DEBUG GST_SCHEDULING gstpad.c:4200:gst_pad_chain_data_unchecked: calling chainfunction &gst_tee_chain with buffer buffer: 0x612003f7c3c0, pts 0:01:28.960000000, dts 99:99:99.999999999, dur 0:00:00.020000000, size 1280, offset 2846720, offset_end 2847360, flags 0x0
0:15:17.221740842 7020 0x607000e07e20 LOG audiodecoder gstaudiodecoder.c:1906:gst_audio_decoder_chain: received buffer of size 160 with ts 0:01:29.049099515, duration 99:99:99.999999999
0:15:17.221751571 7020 0x607001322ea0 DEBUG tee gsttee.c:777:gst_tee_chain: received buffer 0x612003f7c3c0
0:15:17.221760134 7020 0x607000e07e20 LOG adapter gstadapter.c:388:gst_adapter_push: pushing 0x6120005221c0 first 160 bytes
0:15:17.221767961 7020 0x607001322ea0 LOG tee gsttee.c:694:gst_tee_handle_data: Starting to push buffer 0x612003f7c3c0
0:15:17.221773489 7020 0x607000e07e20 LOG adapter gstadapter.c:289:update_timestamps_and_offset: new pts
0:01:29.049099515
0:15:17.221787064 7020 0x607000e07e20 LOG adapter gstadapter.c:295:update_timestamps_and_offset: new dts
0:01:28.813429996
0:15:17.221785591 7020 0x607001322ea0 DEBUG GST_SCHEDULING gstpad.c:4200:gst_pad_chain_data_unchecked: calling chainfunction &gst_valve_chain with buffer buffer: 0x612003f7c3c0, pts 0:01:28.960000000, dts 99:99:99.999999999, dur 0:00:00.020000000, size 1280, offset 2846720, offset_end 2847360, flags 0x0
0:15:17.221800013 7020 0x607000e07e20 DEBUG audiodecoder gstaudiodecoder.c:1492:gst_audio_decoder_push_buffers: available: 160
0:15:17.221811177 7020 0x607001322ea0 LOG GST_SCHEDULING gstpad.c:4533:gst_pad_push_data: pushing, but it was not linked
0:15:17.221813956 7020 0x607000e07e20 LOG adapter gstadapter.c:973:gst_adapter_get_buffer: getting buffer of 160 bytes
0:15:17.221825270 7020 0x607000e07e20 LOG adapter gstadapter.c:988:gst_adapter_get_buffer: providing buffer of 160 bytes as head buffer
0:15:17.221822470 7020 0x607001322ea0 DEBUG GST_SCHEDULING gstpad.c:4206:gst_pad_chain_data_unchecked: called chainfunction &gst_valve_chain with buffer 0x612003f7c3c0, returned not-linked
0:15:17.221835547 7020 0x607000e07e20 LOG adapter gstadapter.c:633:gst_adapter_flush_unchecked: flushing 160 bytes
0:15:17.221844464 7020 0x607000e07e20 LOG adapter gstadapter.c:655:gst_adapter_flush_unchecked: flushing out head buffer
0:15:17.221839473 7020 0x607001322ea0 LOG tee gsttee.c:699:gst_tee_handle_data: Pushing item 0x612003f7c3c0 yielded result not-linked
0:15:17.221853879 7020 0x607000e07e20 LOG adapter gstadapter.c:667:gst_adapter_flush_unchecked: adapter empty now
0:15:17.221861559 7020 0x607001322ea0 LOG tee gsttee.c:694:gst_tee_handle_data: Starting to push buffer 0x612003f7c3c0
0:15:17.221860996 7020 0x607000e07e20 LOG audiodecoder gstaudiodecoder.c:1458:gst_audio_decoder_handle_frame: tracking frame size 160, ts
0:01:29.049099515
0:15:17.221875990 7020 0x607001322ea0 DEBUG GST_SCHEDULING gstpad.c:4200:gst_pad_chain_data_unchecked: calling chainfunction &gst_valve_chain with buffer buffer: 0x612003f7c3c0, pts 0:01:28.960000000, dts 99:99:99.999999999, dur 0:00:00.020000000, size 1280, offset 2846720, offset_end 2847360, flags 0x0
0:15:17.221881390 7020 0x607000e07e20 LOG opusdec gstopusdec.c:867:gst_opus_dec_handle_frame: Got buffer ts 0:01:29.049099515, duration 99:99:99.999999999
0:15:17.221898136 7020 0x607000e07e20 DEBUG opusdec gstopusdec.c:504:opus_dec_chain_parse_data: Received buffer of size 160
0:15:17.221895574 7020 0x607001322ea0 DEBUG GST_SCHEDULING gstpad.c:4200:gst_pad_chain_data_unchecked: calling chainfunction &gst_proxy_pad_chain_default with buffer buffer: 0x612003f7c3c0, pts 0:01:28.960000000, dts 99:99:99.999999999, dur 0:00:00.020000000, size 1280, offset 2846720, offset_end 2847360, flags 0x0
0:15:17.221905752 7020 0x607000e07e20 LOG GST_BUFFER gstbuffer.c:1720:gst_buffer_map_range: buffer 0x6120005221c0, idx 0, length -1, flags 0001
0:15:17.221916798 7020 0x607000e07e20 LOG GST_BUFFER gstbuffer.c:212:_get_merged_memory: buffer 0x6120005221c0, idx 0, length 1
0:15:17.221928279 7020 0x607000e07e20 DEBUG opusdec gstopusdec.c:530:opus_dec_chain_parse_data: Using buffer of size 160
0:15:17.221919622 7020 0x607001322ea0 DEBUG GST_SCHEDULING gstpad.c:4200:gst_pad_chain_data_unchecked: calling chainfunction &gst_base_transform_chain with buffer buffer: 0x612003f7c3c0, pts 0:01:28.960000000, dts 99:99:99.999999999, dur 0:00:00.020000000, size 1280, offset 2846720, offset_end 2847360, flags 0x0
0:15:17.221935745 7020 0x607000e07e20 DEBUG audiodecoder gstaudiodecoder.c:3545:gst_audio_decoder_allocate_output_buffer: alloc src buffer
0:15:17.221940348 7020 0x607001322ea0 DEBUG audio audio.c:108:gst_audio_buffer_clip: timestamp
0:01:28.960000000
0:15:17.221944400 7020 0x607000e07e20 DEBUG GST_MEMORY gstmemory.c:138:gst_memory_init: new memory 0x62a0001e0200, maxsize:23047 offset:0 size:23040
0:15:17.221958056 7020 0x607000e07e20 LOG GST_BUFFER gstbuffer.c:798:gst_buffer_new: new 0x612002d007c0
0:15:17.221954650 7020 0x607001322ea0 DEBUG basetransform gstbasetransform.c:2036:default_submit_input_buffer: handling buffer 0x612003f7c3c0 of size 1280, PTS
0:01:28.960000000 and offset 2846720
0:15:17.221965888 7020 0x607000e07e20 LOG GST_BUFFER gstbuffer.c:413:_memory_add: buffer 0x612002d007c0, idx -1, mem 0x62a0001e0200
0:15:17.221976609 7020 0x607001322ea0 DEBUG basetransform gstbasetransform.c:2153:default_generate_output: calling prepare buffer
0:15:17.221975155 7020 0x607000e07e20 LOG GST_BUFFER gstbuffer.c:854:gst_buffer_new_allocate: new buffer 0x612002d007c0 of size 23040 from allocator (nil)
0:15:17.221986587 7020 0x607001322ea0 DEBUG basetransform gstbasetransform.c:1650:default_prepare_output_buffer: passthrough: reusing input buffer
0:15:17.221990454 7020 0x607000e07e20 LOG opusdec gstopusdec.c:443:packet_duration_opus: Opus packet: frame size 20.0 ms, 1 frames, duration 20.0 ms
0:15:17.221996842 7020 0x607001322ea0 DEBUG basetransform gstbasetransform.c:2160:default_generate_output: using allocated buffer in 0x612003f7c3c0, out 0x612003f7c3c0
0:15:17.222005186 7020 0x607000e07e20 LOG GST_BUFFER gstbuffer.c:1720:gst_buffer_map_range: buffer 0x612002d007c0, idx 0, length -1, flags 0002
0:15:17.222011546 7020 0x607001322ea0 DEBUG basetransform gstbasetransform.c:2171:default_generate_output: element is in passthrough
0:15:17.222017634 7020 0x607000e07e20 LOG GST_BUFFER gstbuffer.c:212:_get_merged_memory: buffer 0x612002d007c0, idx 0, length 1
0:15:17.222029173 7020 0x607000e07e20 LOG opusdec gstopusdec.c:628:opus_dec_chain_parse_data: FEC disabled, decoding buffer
0:15:17.222023489 7020 0x607001322ea0 DEBUG GST_SCHEDULING gstpad.c:4200:gst_pad_chain_data_unchecked: calling chainfunction &gst_base_transform_chain with buffer buffer: 0x612003f7c3c0, pts 0:01:28.960000000, dts 99:99:99.999999999, dur 0:00:00.020000000, size 1280, offset 2846720, offset_end 2847360, flags 0x0
0:15:17.222043480 7020 0x607001322ea0 DEBUG audio audio.c:108:gst_audio_buffer_clip: timestamp
0:01:28.960000000
0:15:17.222057711 7020 0x607001322ea0 DEBUG basetransform gstbasetransform.c:2036:default_submit_input_buffer: handling buffer 0x612003f7c3c0 of size 1280, PTS
0:01:28.960000000 and offset 2846720
0:15:17.222078758 7020 0x607001322ea0 DEBUG basetransform gstbasetransform.c:2153:default_generate_output: calling prepare buffer
0:15:17.222079675 7020 0x607000e07e20 DEBUG opusdec gstopusdec.c:663:opus_dec_chain_parse_data: decoded 960 samples
0:15:17.222094076 7020 0x607000e07e20 LOG GST_BUFFER gstbuffer.c:1581:gst_buffer_resize_range: trim 0x612002d007c0 0-3840 size:23040 offs:0 max:23047
0:15:17.222111249 7020 0x607000e07e20 LOG audiodecoder gstaudiodecoder.c:1256:gst_audio_decoder_finish_frame: accepting 3840 bytes == 960 samples for 1 frames
0:15:17.222093586 7020 0x607001322ea0 DEBUG GST_CAPS gstpad.c:2669:gst_pad_get_current_caps: get current pad caps audio/x-raw, channels=(int)1, width=(int)16, depth=(int)16, rate=(int)32000, format=(string)S16LE, layout=(string)interleaved
0:15:17.222130781 7020 0x607000e07e20 DEBUG audiodecoder gstaudiodecoder.c:1302:gst_audio_decoder_finish_frame: leading frame ts
0:01:29.049099515
0:15:17.222168019 7020 0x607000e07e20 DEBUG audiodecoder gstaudiodecoder.c:1349:gst_audio_decoder_finish_frame: base_ts resync
0:15:17.222163897 7020 0x607001322ea0 DEBUG GST_CAPS gstpad.c:2669:gst_pad_get_current_caps: get current pad caps audio/x-raw, rate=(int)48000, channels=(int)1, format=(string)S16LE, layout=(string)interleaved, width=(int)16, depth=(int)16
0:15:17.222177401 7020 0x607000e07e20 LOG audiodecoder gstaudiodecoder.c:1011:gst_audio_decoder_output: output buffer of size 3840 with ts 0:01:29.049099515, duration
0:00:00.020000000
0:15:17.222192259 7020 0x607001322ea0 DEBUG basetransform gstbasetransform.c:1693:default_prepare_output_buffer: getting output size for alloc
0:15:17.222196480 7020 0x607000e07e20 LOG audiodecoder gstaudiodecoder.c:933:gst_audio_decoder_push_forward: clipping buffer of size 3840 with ts 0:01:29.049099515, duration
0:00:00.020000000
0:15:17.222212620 7020 0x607000e07e20 DEBUG audio audio.c:108:gst_audio_buffer_clip: timestamp
0:01:29.049099515
0:15:17.222201647 7020 0x607001322ea0 DEBUG basetransform gstbasetransform.c:669:gst_base_transform_transform_size: asked to transform size 1280 for caps audio/x-raw, channels=(int)1, width=(int)16, depth=(int)16, rate=(int)32000, format=(string)S16LE, layout=(string)interleaved to size for caps audio/x-raw, rate=(int)48000, channels=(int)1, format=(string)S16LE, layout=(string)interleaved, width=(int)16, depth=(int)16 in direction SINK
0:15:17.222226553 7020 0x607000e07e20 LOG audiodecoder gstaudiodecoder.c:984:gst_audio_decoder_push_forward: pushing buffer of size 3840 with ts 0:01:29.049099515, duration
0:00:00.020000000
0:15:17.222244005 7020 0x607001322ea0 LOG audioresample gstaudioresample.c:461:gst_audio_resample_transform_size: asked to transform size 1280 in direction SINK
0:15:17.222250619 7020 0x607000e07e20 DEBUG GST_SCHEDULING gstpad.c:4200:gst_pad_chain_data_unchecked: calling chainfunction &gst_proxy_pad_chain_default with buffer buffer: 0x612002d007c0, pts 0:01:29.049099515, dts 99:99:99.999999999, dur 0:00:00.020000000, size 3840, offset none, offset_end none, flags 0x0
0:15:17.222258562 7020 0x607001322ea0 LOG audio-resampler audio-resampler.c:1643:gst_audio_resampler_get_out_frames: need 64 = 64 + 0 + 0, avail 704 = 64 + 640
0:15:17.222272960 7020 0x607000e07e20 DEBUG GST_SCHEDULING gstpad.c:4200:gst_pad_chain_data_unchecked: calling chainfunction &gst_valve_chain with buffer buffer: 0x612002d007c0, pts 0:01:29.049099515, dts 99:99:99.999999999, dur 0:00:00.020000000, size 3840, offset none, offset_end none, flags 0x0
0:15:17.222276650 7020 0x607001322ea0 LOG audio-resampler audio-resampler.c:1654:gst_audio_resampler_get_out_frames: out 960 = ((640 * 3 - 2) / 2) + 1
0:15:17.222291979 7020 0x607001322ea0 LOG audioresample gstaudioresample.c:482:gst_audio_resample_transform_size: transformed size 1280 to 1920
0:15:17.222292293 7020 0x607000e07e20 DEBUG GST_SCHEDULING gstpad.c:4200:gst_pad_chain_data_unchecked: calling chainfunction &gst_proxy_pad_chain_default with buffer buffer: 0x612002d007c0, pts 0:01:29.049099515, dts 99:99:99.999999999, dur 0:00:00.020000000, size 3840, offset none, offset_end none, flags 0x0
0:15:17.222303948 7020 0x607001322ea0 DEBUG basetransform gstbasetransform.c:1705:default_prepare_output_buffer: doing alloc of size 1920
0:15:17.222311218 7020 0x607000e07e20 DEBUG GST_SCHEDULING gstpad.c:4200:gst_pad_chain_data_unchecked: calling chainfunction &gst_proxy_pad_chain_default with buffer buffer: 0x612002d007c0, pts 0:01:29.049099515, dts 99:99:99.999999999, dur 0:00:00.020000000, size 3840, offset none, offset_end none, flags 0x0
0:15:17.222317580 7020 0x607001322ea0 DEBUG GST_MEMORY gstmemory.c:138:gst_memory_init: new memory 0x61d000bb6280, maxsize:1927 offset:0 size:1920
0:15:17.222334395 7020 0x607001322ea0 LOG GST_BUFFER gstbuffer.c:798:gst_buffer_new: new 0x612000b07340
0:15:17.222330123 7020 0x607000e07e20 DEBUG GST_SCHEDULING gstpad.c:4200:gst_pad_chain_data_unchecked: calling chainfunction &gst_proxy_pad_chain_default with buffer buffer: 0x612002d007c0, pts 0:01:29.049099515, dts 99:99:99.999999999, dur 0:00:00.020000000, size 3840, offset none, offset_end none, flags 0x0
0:15:17.222346344 7020 0x607001322ea0 LOG GST_BUFFER gstbuffer.c:413:_memory_add: buffer 0x612000b07340, idx -1, mem 0x61d000bb6280
0:15:17.222354882 7020 0x607000e07e20 DEBUG GST_SCHEDULING gstpad.c:4200:gst_pad_chain_data_unchecked: calling chainfunction &gst_base_transform_chain with buffer buffer: 0x612002d007c0, pts 0:01:29.049099515, dts 99:99:99.999999999, dur 0:00:00.020000000, size 3840, offset none, offset_end none, flags 0x0
0:15:17.222361464 7020 0x607001322ea0 LOG GST_BUFFER gstbuffer.c:854:gst_buffer_new_allocate: new buffer 0x612000b07340 of size 1920 from allocator (nil)
0:15:17.222376412 7020 0x607001322ea0 DEBUG basetransform gstbasetransform.c:1798:default_copy_metadata: copying metadata
0:15:17.222372693 7020 0x607000e07e20 DEBUG audio audio.c:108:gst_audio_buffer_clip: timestamp
0:01:29.049099515
0:15:17.222386209 7020 0x607001322ea0 LOG GST_BUFFER gstbuffer.c:514:gst_buffer_copy_into: copy 0x612003f7c3c0 to 0x612000b07340, offset 0-1280/1280
0:15:17.222390261 7020 0x607000e07e20 DEBUG basetransform gstbasetransform.c:2041:default_submit_input_buffer: handling buffer 0x612002d007c0 of size 3840, PTS
0:01:29.049099515 and offset NONE
0:15:17.222407496 7020 0x607000e07e20 DEBUG basetransform gstbasetransform.c:2153:default_generate_output: calling prepare buffer
0:15:17.222404562 7020 0x607001322ea0 DEBUG basetransform gstbasetransform.c:2160:default_generate_output: using allocated buffer in 0x612003f7c3c0, out 0x612000b07340
0:15:17.222415794 7020 0x607000e07e20 DEBUG basetransform gstbasetransform.c:1650:default_prepare_output_buffer: passthrough: reusing input buffer
0:15:17.222419158 7020 0x607001322ea0 DEBUG basetransform gstbasetransform.c:2180:default_generate_output: doing non-inplace transform
0:15:17.222424208 7020 0x607000e07e20 DEBUG basetransform gstbasetransform.c:2160:default_generate_output: using allocated buffer in 0x612002d007c0, out 0x612002d007c0
0:15:17.222436420 7020 0x607000e07e20 DEBUG basetransform gstbasetransform.c:2171:default_generate_output: element is in passthrough
0:15:17.222428850 7020 0x607001322ea0 LOG audioresample gstaudioresample.c:843:gst_audio_resample_transform: transforming buffer of 1280 bytes, ts 0:01:28.960000000, duration 0:00:00.020000000, offset 2846720, offset_end 2847360
0:15:17.222445321 7020 0x607000e07e20 DEBUG GST_SCHEDULING gstpad.c:4200:gst_pad_chain_data_unchecked: calling chainfunction &gst_base_transform_chain with buffer buffer: 0x612002d007c0, pts 0:01:29.049099515, dts 99:99:99.999999999, dur 0:00:00.020000000, size 3840, offset none, offset_end none, flags 0x0
0:15:17.222450333 7020 0x607001322ea0 LOG GST_BUFFER gstbuffer.c:1720:gst_buffer_map_range: buffer 0x612003f7c3c0, idx 0, length -1, flags 0001
0:15:17.222463066 7020 0x607000e07e20 DEBUG audio audio.c:108:gst_audio_buffer_clip: timestamp
0:01:29.049099515
0:15:17.222465494 7020 0x607001322ea0 LOG GST_BUFFER gstbuffer.c:212:_get_merged_memory: buffer 0x612003f7c3c0, idx 0, length 1
0:15:17.222476192 7020 0x607000e07e20 DEBUG basetransform gstbasetransform.c:2041:default_submit_input_buffer: handling buffer 0x612002d007c0 of size 3840, PTS
0:01:29.049099515 and offset NONE
0:15:17.222479059 7020 0x607001322ea0 LOG GST_BUFFER gstbuffer.c:1720:gst_buffer_map_range: buffer 0x612000b07340, idx 0, length -1, flags 0002
0:15:17.222493590 7020 0x607000e07e20 DEBUG basetransform gstbasetransform.c:2153:default_generate_output: calling prepare buffer
0:15:17.222496253 7020 0x607001322ea0 LOG GST_BUFFER gstbuffer.c:212:_get_merged_memory: buffer 0x612000b07340, idx 0, length 1
0:15:17.222502672 7020 0x607000e07e20 DEBUG basetransform gstbasetransform.c:1650:default_prepare_output_buffer: passthrough: reusing input buffer
0:15:17.222511630 7020 0x607000e07e20 DEBUG basetransform gstbasetransform.c:2160:default_generate_output: using allocated buffer in 0x612002d007c0, out 0x612002d007c0
0:15:17.222524524 7020 0x607000e07e20 DEBUG basetransform gstbasetransform.c:2171:default_generate_output: element is in passthrough
0:15:17.222533154 7020 0x607000e07e20 DEBUG GST_SCHEDULING gstpad.c:4200:gst_pad_chain_data_unchecked: calling chainfunction &gst_base_transform_chain with buffer buffer: 0x612002d007c0, pts 0:01:29.049099515, dts 99:99:99.999999999, dur 0:00:00.020000000, size 3840, offset none, offset_end none, flags 0x0
0:15:17.222551046 7020 0x607000e07e20 DEBUG audio audio.c:108:gst_audio_buffer_clip: timestamp
0:01:29.049099515
0:15:17.222563518 7020 0x607000e07e20 DEBUG basetransform gstbasetransform.c:2041:default_submit_input_buffer: handling buffer 0x612002d007c0 of size 3840, PTS
0:01:29.049099515 and offset NONE
0:15:17.222580795 7020 0x607000e07e20 DEBUG basetransform gstbasetransform.c:2153:default_generate_output: calling prepare buffer
0:15:17.222588551 7020 0x607000e07e20 DEBUG basetransform gstbasetransform.c:1650:default_prepare_output_buffer: passthrough: reusing input buffer
0:15:17.222592875 7020 0x607001322ea0 LOG audio-resampler audio-resampler.c:1767:gst_audio_resampler_resample: in 640, avail 704, consumed 640
0:15:17.222596093 7020 0x607000e07e20 DEBUG basetransform gstbasetransform.c:2160:default_generate_output: using allocated buffer in 0x612002d007c0, out 0x612002d007c0
0:15:17.222612085 7020 0x607000e07e20 DEBUG basetransform gstbasetransform.c:2171:default_generate_output: element is in passthrough
0:15:17.222610062 7020 0x607001322ea0 LOG audioresample gstaudioresample.c:823:gst_audio_resample_process: Converted to buffer of 960 samples (1920 bytes) with timestamp 0:01:28.958979167, duration 0:00:00.020000000, offset 4267151, offset_end 4268111
0:15:17.222621026 7020 0x607000e07e20 DEBUG GST_SCHEDULING gstpad.c:4200:gst_pad_chain_data_unchecked: calling chainfunction &gst_base_sink_chain with buffer buffer: 0x612002d007c0, pts 0:01:29.049099515, dts 99:99:99.999999999, dur 0:00:00.020000000, size 3840, offset none, offset_end none, flags 0x0
0:15:17.222630856 7020 0x607001322ea0 DEBUG audioresample gstaudioresample.c:904:gst_audio_resample_transform: input = samples [2846720, 2847360) = [88960000000, 88980000000) ns; output = samples [4267151, 4268111) = [88958979167, 88978979167) ns
0:15:17.222640474 7020 0x607000e07e20 DEBUG basesink gstbasesink.c:3360:gst_base_sink_chain_unlocked: got times start: 0:01:29.049099515, end:
0:01:29.069099515
0:15:17.222658712 7020 0x607000e07e20 DEBUG basesink gstbasesink.c:1946:gst_base_sink_get_sync_times: got times start: 0:01:29.049099515, stop: 0:01:29.069099515, do_sync 0
0:15:17.222654142 7020 0x607001322ea0 DEBUG GST_SCHEDULING gstpad.c:4200:gst_pad_chain_data_unchecked: calling chainfunction &gst_base_transform_chain with buffer buffer: 0x612000b07340, pts 0:01:28.958979167, dts 99:99:99.999999999, dur 0:00:00.020000000, size 1920, offset 4267151, offset_end 4268111, flags 0x0
0:15:17.222678323 7020 0x607000e07e20 LOG basesink gstbasesink.c:2483:gst_base_sink_do_sync: avg frame diff
0:00:00.154100256
0:15:17.222682826 7020 0x607001322ea0 DEBUG audio audio.c:108:gst_audio_buffer_clip: timestamp
0:01:28.958979167
0:15:17.222692519 7020 0x607000e07e20 DEBUG basesink gstbasesink.c:3468:gst_base_sink_chain_unlocked: rendering object 0x612002d007c0
0:15:17.222698133 7020 0x607001322ea0 DEBUG basetransform gstbasetransform.c:2036:default_submit_input_buffer: handling buffer 0x612000b07340 of size 1920, PTS
0:01:28.958979167 and offset 4267151
0:15:17.222703788 7020 0x607000e07e20 DEBUG audiobasesink gstaudiobasesink.c:1916:gst_audio_base_sink_render: time 0:01:29.049099515, start 0:00:00.000000000, samples 960
0:15:17.222719385 7020 0x607001322ea0 DEBUG basetransform gstbasetransform.c:2153:default_generate_output: calling prepare buffer
0:15:17.222728476 7020 0x607001322ea0 DEBUG basetransform gstbasetransform.c:1650:default_prepare_output_buffer: passthrough: reusing input buffer
0:15:17.222723191 7020 0x607000e07e20 DEBUG audiobasesink gstaudiobasesink.c:1953:gst_audio_base_sink_render: sync-offset +0:00:00.140000000, render-delay 0:00:00.000000000, ts-offset +0:00:00.000000000
0:15:17.222738958 7020 0x607001322ea0 DEBUG basetransform gstbasetransform.c:2160:default_generate_output: using allocated buffer in 0x612000b07340, out 0x612000b07340
0:15:17.222744615 7020 0x607000e07e20 DEBUG audiobasesink gstaudiobasesink.c:2015:gst_audio_base_sink_render: running: start
0:01:29.049099515 - stop
0:01:29.069099515
0:15:17.222754931 7020 0x607001322ea0 DEBUG basetransform gstbasetransform.c:2171:default_generate_output: element is in passthrough
0:15:17.222762383 7020 0x607000e07e20 DEBUG audiobasesink gstaudiobasesink.c:2030:gst_audio_base_sink_render: compensating for sync-offset
0:00:00.140000000
0:15:17.222776757 7020 0x607000e07e20 DEBUG audiobasesink gstaudiobasesink.c:2037:gst_audio_base_sink_render: adding base_time 69:23:30.639027797
0:15:17.222771211 7020 0x607001322ea0 DEBUG GST_SCHEDULING gstpad.c:4200:gst_pad_chain_data_unchecked: calling chainfunction &gst_audio_encoder_chain with buffer buffer: 0x612000b07340, pts 0:01:28.958979167, dts 99:99:99.999999999, dur 0:00:00.020000000, size 1920, offset 4267151, offset_end 4268111, flags 0x0
0:15:17.222791966 7020 0x607000e07e20 DEBUG GST_CLOCK gstclock.c:1045:gst_clock_get_internal_time: internal time 69:24:59.628650485
0:15:17.222795461 7020 0x607001322ea0 LOG audioencoder gstaudioencoder.c:1244:gst_audio_encoder_chain: received buffer of size 1920 with ts 0:01:28.958979167, duration
0:00:00.020000000
0:15:17.222805664 7020 0x607000e07e20 DEBUG GST_CLOCK gstclock.c:1090:gst_clock_get_time: adjusted time 69:24:59.628650485
0:15:17.222817029 7020 0x607001322ea0 DEBUG audio audio.c:108:gst_audio_buffer_clip: timestamp
0:01:28.958979167
0:15:17.222822059 7020 0x607000e07e20 LOG pulse pulsesink.c:2038:gst_pulsesink_get_time: current time is
0:01:04.704930000
0:15:17.222834745 7020 0x607000e07e20 DEBUG audioclock gstaudioclock.c:202:gst_audio_clock_get_time: result 0:01:04.704930000, last_time
0:00:00.000000000
0:15:17.222833963 7020 0x607001322ea0 LOG audioencoder gstaudioencoder.c:1290:gst_audio_encoder_chain: buffer after segment clipping has size 1920 with ts 0:01:28.958979167, duration
0:00:00.020000000
0:15:17.222855381 7020 0x607001322ea0 LOG adapter gstadapter.c:394:gst_adapter_push: pushing 0x612000b07340 1920 bytes at end, size now 4088
0:15:17.222851946 7020 0x607000e07e20 DEBUG audiobasesink gstaudiobasesink.c:1452:gst_audio_base_sink_skew_slaving: internal
0:01:04.704930000 external 69:24:59.628650485 cinternal
0:00:00.000000000 cexternal 69:23:54.923074337
0:15:17.222873331 7020 0x607001322ea0 LOG audioencoder gstaudioencoder.c:1089:gst_audio_encoder_push_buffers: available: 3464, needed: 1920, force: 0
0:15:17.222873104 7020 0x607000e07e20 DEBUG audiobasesink gstaudiobasesink.c:1473:gst_audio_base_sink_skew_slaving: internal
0:01:04.704930000 external
0:01:04.705576148 skew -0:00:00.000646148 avg -0:00:00.000722557
0:15:17.222890846 7020 0x607001322ea0 DEBUG GST_PERFORMANCE gstadapter.c:549:gst_adapter_map: copy remaining 2544 bytes from adapter
0:15:17.222896126 7020 0x607000e07e20 DEBUG audiobasesink gstaudiobasesink.c:2057:gst_audio_base_sink_render: final timestamps: start
0:01:04.905052975 - stop
0:01:04.925052975
0:15:17.222903944 7020 0x607001322ea0 DEBUG adapter gstadapter.c:343:copy_into_unchecked: bsize 1920, skip 1672, csize 248
0:15:17.222912609 7020 0x607000e07e20 DEBUG audiobasesink gstaudiobasesink.c:1795:gst_audio_base_sink_get_alignment: align with prev sample, ABS (-824) < 1920
0:15:17.222919055 7020 0x607001322ea0 LOG GST_PERFORMANCE gstadapter.c:345:copy_into_unchecked: extract 248 bytes
0:15:17.222924275 7020 0x607000e07e20 DEBUG audiobasesink gstaudiobasesink.c:2155:gst_audio_base_sink_render: rendering at 3114618 960/960
0:15:17.222929884 7020 0x607001322ea0 LOG GST_BUFFER gstbuffer.c:1875:gst_buffer_extract: buffer 0x6120030a9540, offset 1672, size 248
0:15:17.222936510 7020 0x607000e07e20 LOG GST_BUFFER gstbuffer.c:1720:gst_buffer_map_range: buffer 0x612002d007c0, idx 0, length -1, flags 0001
0:15:17.222946798 7020 0x607001322ea0 LOG GST_PERFORMANCE gstadapter.c:358:copy_into_unchecked: extract 1920 bytes
0:15:17.222950539 7020 0x607000e07e20 LOG GST_BUFFER gstbuffer.c:212:_get_merged_memory: buffer 0x612002d007c0, idx 0, length 1
0:15:17.222964691 7020 0x607000e07e20 DEBUG pulse pulsesink.c:1487:gst_pulseringbuffer_commit: entering commit
0:15:17.222957388 7020 0x607001322ea0 LOG GST_BUFFER gstbuffer.c:1875:gst_buffer_extract: buffer 0x612003ef95c0, offset 0, size 1920
0:15:17.222976150 7020 0x607001322ea0 LOG GST_PERFORMANCE gstadapter.c:358:copy_into_unchecked: extract 376 bytes
0:15:17.222978167 7020 0x607000e07e20 DEBUG pulse pulsesink.c:1505:gst_pulseringbuffer_commit: in 959, out 959
0:15:17.222984277 7020 0x607001322ea0 LOG GST_BUFFER gstbuffer.c:1875:gst_buffer_extract: buffer 0x612000b07340, offset 0, size 376
0:15:17.222991290 7020 0x607000e07e20 LOG pulse pulsesink.c:1528:gst_pulseringbuffer_commit: need to write 960 samples at offset 12458472
0:15:17.222995532 7020 0x607001322ea0 LOG GST_BUFFER gstbuffer.c:798:gst_buffer_new: new 0x6120008062c0
0:15:17.223004442 7020 0x607000e07e20 LOG pulse pulsesink.c:1597:gst_pulseringbuffer_commit: requesting 3840 bytes of shared memory
0:15:17.223005486 7020 0x607001322ea0 DEBUG GST_MEMORY gstmemory.c:138:gst_memory_init: new memory 0x60d000372980, maxsize:2544 offset:624 size:1920
0:15:17.223016909 7020 0x607000e07e20 LOG pulse pulsesink.c:1606:gst_pulseringbuffer_commit: got 3840 bytes of shared memory
0:15:17.223021154 7020 0x607001322ea0 LOG GST_BUFFER gstbuffer.c:413:_memory_add: buffer 0x6120008062c0, idx -1, mem 0x60d000372980
0:15:17.223027476 7020 0x607000e07e20 LOG pulse pulsesink.c:1615:gst_pulseringbuffer_commit: writing 960 samples at offset 12458472
0:15:17.223036670 7020 0x607001322ea0 LOG audioencoder gstaudioencoder.c:1131:gst_audio_encoder_push_buffers: providing subclass with 1920 bytes at offset 624
0:15:17.223039169 7020 0x607000e07e20 LOG pulse pulsesink.c:1668:gst_pulseringbuffer_commit: flushing 960 samples at offset 12458472
0:15:17.223052139 7020 0x607001322ea0 DEBUG opusenc gstopusenc.c:1068:gst_opus_enc_handle_frame: handle_frame
0:15:17.223061126 7020 0x607000e07e20 LOG pulse pulsesink.c:1712:gst_pulseringbuffer_commit: wrote 960 samples
0:15:17.223072777 7020 0x607000e07e20 DEBUG audiobasesink gstaudiobasesink.c:2166:gst_audio_base_sink_render: wrote 960 of 960
0:15:17.223084750 7020 0x607000e07e20 DEBUG audiobasesink gstaudiobasesink.c:2198:gst_audio_base_sink_render: next sample expected at 3115578
0:15:17.223094792 7020 0x607000e07e20 DEBUG basesink gstbasesink.c:3507:gst_base_sink_chain_unlocked: object unref after render 0x612002d007c0
0:15:17.223103805 7020 0x607000e07e20 LOG GST_BUFFER gstbuffer.c:724:_gst_buffer_free: finalize 0x612002d007c0
0:15:17.223112353 7020 0x607000e07e20 DEBUG GST_MEMORY gstmemory.c:87:_gst_memory_free: free memory 0x62a0001e0200
0:15:17.223061678 7020 0x607001322ea0 DEBUG opusenc gstopusenc.c:1070:gst_opus_enc_handle_frame: received buffer 0x6120008062c0 of 1920 bytes
0:15:17.223131874 7020 0x607000e07e20 DEBUG GST_SCHEDULING gstpad.c:4206:gst_pad_chain_data_unchecked: called chainfunction &gst_base_sink_chain with buffer 0x612002d007c0, returned ok
0:15:17.223135087 7020 0x607001322ea0 LOG GST_BUFFER gstbuffer.c:1720:gst_buffer_map_range: buffer 0x6120008062c0, idx 0, length -1, flags 0001
0:15:17.223164406 7020 0x607000e07e20 DEBUG GST_SCHEDULING gstpad.c:4206:gst_pad_chain_data_unchecked: called chainfunction &gst_base_transform_chain with buffer 0x612002d007c0, returned ok
0:15:17.223167897 7020 0x607001322ea0 LOG GST_BUFFER gstbuffer.c:212:_get_merged_memory: buffer 0x6120008062c0, idx 0, length 1
0:15:17.223178923 7020 0x607000e07e20 DEBUG GST_SCHEDULING gstpad.c:4206:gst_pad_chain_data_unchecked: called chainfunction &gst_base_transform_chain with buffer 0x612002d007c0, returned ok
0:15:17.223183905 7020 0x607001322ea0 DEBUG audioencoder gstaudioencoder.c:2883:gst_audio_encoder_allocate_output_buffer: alloc src buffer
0:15:17.223194415 7020 0x607000e07e20 DEBUG GST_SCHEDULING gstpad.c:4206:gst_pad_chain_data_unchecked: called chainfunction &gst_base_transform_chain with buffer 0x612002d007c0, returned ok
0:15:17.223197634 7020 0x607001322ea0 DEBUG GST_MEMORY gstmemory.c:138:gst_memory_init: new memory 0x621000f4ed00, maxsize:4007 offset:0 size:4000
0:15:17.223208661 7020 0x607000e07e20 DEBUG GST_SCHEDULING gstpad.c:4206:gst_pad_chain_data_unchecked: called chainfunction &gst_proxy_pad_chain_default with buffer 0x612002d007c0, returned ok
0:15:17.223213621 7020 0x607001322ea0 LOG GST_BUFFER gstbuffer.c:798:gst_buffer_new: new 0x6120040c03c0
0:15:17.223222152 7020 0x607000e07e20 DEBUG GST_SCHEDULING gstpad.c:4206:gst_pad_chain_data_unchecked: called chainfunction &gst_proxy_pad_chain_default with buffer 0x612002d007c0, returned ok
0:15:17.223224565 7020 0x607001322ea0 LOG GST_BUFFER gstbuffer.c:413:_memory_add: buffer 0x6120040c03c0, idx -1, mem 0x621000f4ed00
0:15:17.223235652 7020 0x607000e07e20 DEBUG GST_SCHEDULING gstpad.c:4206:gst_pad_chain_data_unchecked: called chainfunction &gst_proxy_pad_chain_default with buffer 0x612002d007c0, returned ok
0:15:17.223238226 7020 0x607001322ea0 LOG GST_BUFFER gstbuffer.c:854:gst_buffer_new_allocate: new buffer 0x6120040c03c0 of size 4000 from allocator (nil)
0:15:17.223248687 7020 0x607000e07e20 DEBUG GST_SCHEDULING gstpad.c:4206:gst_pad_chain_data_unchecked: called chainfunction &gst_valve_chain with buffer 0x612002d007c0, returned ok
0:15:17.223254397 7020 0x607001322ea0 DEBUG opusenc gstopusenc.c:1010:gst_opus_enc_encode: encoding 960 samples (1920 bytes)
0:15:17.223261691 7020 0x607000e07e20 DEBUG GST_SCHEDULING gstpad.c:4206:gst_pad_chain_data_unchecked: called chainfunction &gst_proxy_pad_chain_default with buffer 0x612002d007c0, returned ok
0:15:17.223265792 7020 0x607001322ea0 LOG GST_BUFFER gstbuffer.c:1720:gst_buffer_map_range: buffer 0x6120040c03c0, idx 0, length -1, flags 0002
0:15:17.223274129 7020 0x607000e07e20 LOG audiodecoder gstaudiodecoder.c:1063:gst_audio_decoder_output: buffer pushed: ok
0:15:17.223281568 7020 0x607001322ea0 LOG GST_BUFFER gstbuffer.c:212:_get_merged_memory: buffer 0x6120040c03c0, idx 0, length 1
0:15:17.223288226 7020 0x607000e07e20 LOG GST_BUFFER gstbuffer.c:724:_gst_buffer_free: finalize 0x6120005221c0
0:15:17.223295873 7020 0x607000e07e20 DEBUG GST_MEMORY gstmemory.c:87:_gst_memory_free: free memory 0x60d000344f10
0:15:17.223307309 7020 0x607000e07e20 LOG audiodecoder gstaudiodecoder.c:1578:gst_audio_decoder_push_buffers: done pushing to subclass
0:15:17.223314734 7020 0x607000e07e20 LOG audiodecoder gstaudiodecoder.c:1683:gst_audio_decoder_chain_forward: chain-done
0:15:17.223321797 7020 0x607000e07e20 DEBUG GST_SCHEDULING gstpad.c:4206:gst_pad_chain_data_unchecked: called chainfunction &gst_audio_decoder_chain with buffer 0x6120005221c0, returned ok
0:15:17.223333108 7020 0x607000e07e20 LOG GST_BUFFER gstbuffer.c:724:_gst_buffer_free: finalize 0x612002b9bac0
0:15:17.223340534 7020 0x607000e07e20 DEBUG GST_MEMORY gstmemory.c:87:_gst_memory_free: free memory 0x61300024a440
0:15:17.223351462 7020 0x607000e07e20 DEBUG GST_SCHEDULING gstpad.c:4206:gst_pad_chain_data_unchecked: called chainfunction &0x7f133019b660 with buffer 0x612002b9bac0, returned ok
0:15:17.223365519 7020 0x607000e07e20 DEBUG GST_SCHEDULING gstpad.c:4206:gst_pad_chain_data_unchecked: called chainfunction &gst_proxy_pad_chain_default with buffer 0x612002b9bac0, returned ok
0:15:17.223378765 7020 0x607000e07e20 DEBUG GST_SCHEDULING gstpad.c:4206:gst_pad_chain_data_unchecked: called chainfunction &gst_base_transform_chain with buffer 0x612002b9bac0, returned ok
0:15:17.223386015 7020 0x607001322ea0 DEBUG opusenc gstopusenc.c:1041:gst_opus_enc_encode: Output packet is 160 bytes
0:15:17.223391506 7020 0x607000e07e20 DEBUG GST_SCHEDULING gstpad.c:4206:gst_pad_chain_data_unchecked: called chainfunction &gst_valve_chain with buffer 0x612002b9bac0, returned ok
0:15:17.223397715 7020 0x607001322ea0 LOG GST_BUFFER gstbuffer.c:1581:gst_buffer_resize_range: trim 0x6120040c03c0 0-160 size:4000 offs:0 max:4007
0:15:17.223403994 7020 0x607000e07e20 DEBUG GST_SCHEDULING gstpad.c:4206:gst_pad_chain_data_unchecked: called chainfunction &gst_proxy_pad_chain_default with buffer 0x612002b9bac0, returned ok
0:15:17.223417958 7020 0x607000e07e20 DEBUG GST_SCHEDULING gstpad.c:4206:gst_pad_chain_data_unchecked: called chainfunction &0x7f132ff4e900 with buffer 0x612002b9bac0, returned ok
0:15:17.223420702 7020 0x607001322ea0 LOG audioencoder gstaudioencoder.c:782:gst_audio_encoder_finish_frame: accepting 160 bytes encoded data as 960 samples
0:15:17.223431656 7020 0x607000e07e20 DEBUG rtpjitterbuffer gstrtpjitterbuffer.c:3490:handle_next_buffer: Sequence number GAP detected: expected 31557 instead of 31558 (1 missing)
0:15:17.223433508 7020 0x607001322ea0 LOG audioencoder gstaudioencoder.c:820:gst_audio_encoder_finish_frame: 836 samples past prev_ts
0:01:28.918979167
0:15:17.223443967 7020 0x607000e07e20 DEBUG rtpjitterbuffer gstrtpjitterbuffer.c:4025:gst_rtp_jitter_buffer_loop: waiting event
0:15:17.223452491 7020 0x607001322ea0 LOG audioencoder gstaudioencoder.c:822:gst_audio_encoder_finish_frame: 53587 samples past base_ts
0:01:27.820000000
0:15:17.223468992 7020 0x607001322ea0 LOG audioencoder gstaudioencoder.c:835:gst_audio_encoder_finish_frame: ts diff 0 ms
0:15:17.223479454 7020 0x607001322ea0 LOG audioencoder gstaudioencoder.c:850:gst_audio_encoder_finish_frame: new upstream ts only introduces jitter
0:15:17.223498782 7020 0x607001322ea0 LOG adapter gstadapter.c:823:gst_adapter_get_buffer_fast: getting buffer of 1920 bytes
0:15:17.223510646 7020 0x607001322ea0 LOG adapter gstadapter.c:849:gst_adapter_get_buffer_fast: appending 248 bytes via region copy
0:15:17.223520983 7020 0x607001322ea0 LOG GST_BUFFER gstbuffer.c:798:gst_buffer_new: new 0x612001415ec0
0:15:17.223529803 7020 0x607001322ea0 LOG GST_BUFFER gstbuffer.c:2038:gst_buffer_copy_region: new region copy 0x612001415ec0 of 0x6120030a9540 1672-248
0:15:17.223544157 7020 0x607001322ea0 LOG GST_BUFFER gstbuffer.c:514:gst_buffer_copy_into: copy 0x6120030a9540 to 0x612001415ec0, offset 1672-248/1920
0:15:17.223559592 7020 0x607001322ea0 DEBUG GST_MEMORY gstmemory.c:138:gst_memory_init: new memory 0x60d000385d70, maxsize:1927 offset:1672 size:248
0:15:17.223574212 7020 0x607001322ea0 LOG GST_BUFFER gstbuffer.c:413:_memory_add: buffer 0x612001415ec0, idx -1, mem 0x60d000385d70
0:15:17.223588807 7020 0x607001322ea0 LOG adapter gstadapter.c:849:gst_adapter_get_buffer_fast: appending 1672 bytes via region copy
0:15:17.223596034 7020 0x607001322ea0 LOG GST_BUFFER gstbuffer.c:514:gst_buffer_copy_into: copy 0x612003ef95c0 to 0x612001415ec0, offset 0-1672/1920
0:15:17.223610591 7020 0x607001322ea0 DEBUG GST_MEMORY gstmemory.c:138:gst_memory_init: new memory 0x60d00025f0e0, maxsize:1927 offset:0 size:1672
0:15:17.223624453 7020 0x607001322ea0 LOG GST_BUFFER gstbuffer.c:413:_memory_add: buffer 0x612001415ec0, idx -1, mem 0x60d00025f0e0
0:15:17.223637609 7020 0x607001322ea0 LOG adapter gstadapter.c:633:gst_adapter_flush_unchecked: flushing 1920 bytes
0:15:17.223648140 7020 0x607001322ea0 LOG adapter gstadapter.c:655:gst_adapter_flush_unchecked: flushing out head buffer
0:15:17.223655198 7020 0x607001322ea0 LOG GST_BUFFER gstbuffer.c:724:_gst_buffer_free: finalize 0x6120030a9540
0:15:17.223666544 7020 0x607001322ea0 LOG adapter gstadapter.c:289:update_timestamps_and_offset: new pts
0:01:28.938979167
0:15:17.223682469 7020 0x607001322ea0 LOG adapter gstadapter.c:301:update_timestamps_and_offset: new offset 4266191
0:15:17.223693676 7020 0x607001322ea0 LOG audioencoder gstaudioencoder.c:936:gst_audio_encoder_finish_frame: taking 160 bytes for output
0:15:17.223705537 7020 0x607001322ea0 DEBUG audioencoder gstaudioencoder.c:948:gst_audio_encoder_finish_frame: out samples 960
0:15:17.223716681 7020 0x607001322ea0 LOG audioencoder gstaudioencoder.c:1016:gst_audio_encoder_finish_frame: pushing buffer of size 160 with ts 0:01:28.936395833, duration
0:00:00.020000000
0:15:17.223737628 7020 0x607001322ea0 DEBUG GST_SCHEDULING gstpad.c:4200:gst_pad_chain_data_unchecked: calling chainfunction &0x7f1330198ee0 with buffer buffer: 0x6120040c03c0, pts 0:01:28.936395833, dts 0:01:28.936395833, dur 0:00:00.020000000, size 160, offset 489120, offset_end 489280, flags 0x0
0:15:17.223760533 7020 0x607001322ea0 LOG GST_BUFFER gstbuffer.c:798:gst_buffer_new: new 0x612003a8cc40
0:15:17.223769844 7020 0x607001322ea0 DEBUG GST_BUFFER gstbuffer.c:1265:gst_buffer_remove_memory_range: idx 0, length -1
0:15:17.223782236 7020 0x607001322ea0 LOG GST_BUFFER gstbuffer.c:283:_replace_memory: buffer 0x612003a8cc40 replace 0-0 with memory (nil)
0:15:17.223796977 7020 0x607001322ea0 DEBUG GST_MEMORY gstmemory.c:138:gst_memory_init: new memory 0x60f000306eb0, maxsize:19 offset:0 size:12
0:15:17.223812703 7020 0x607001322ea0 LOG GST_BUFFER gstbuffer.c:413:_memory_add: buffer 0x612003a8cc40, idx -1, mem 0x60f000306eb0
0:15:17.223826943 7020 0x607001322ea0 LOG GST_BUFFER gstbuffer.c:1581:gst_buffer_resize_range: trim 0x6120040c03c0 0--1 size:160 offs:0 max:4007
0:15:17.223840414 7020 0x607001322ea0 LOG GST_BUFFER gstbuffer.c:413:_memory_add: buffer 0x612003a8cc40, idx -1, mem 0x621000f4ed00
0:15:17.223852158 7020 0x607001322ea0 LOG GST_BUFFER gstbuffer.c:724:_gst_buffer_free: finalize 0x6120040c03c0
0:15:17.223864055 7020 0x607001322ea0 LOG rtpbasepayload gstrtpbasepayload.c:1223:gst_rtp_base_payload_prepare_push: Using running_time
0:01:28.936395833 for RTP timestamp
0:15:17.223880146 7020 0x607001322ea0 LOG rtpbasepayload gstrtpbasepayload.c:1236:gst_rtp_base_payload_prepare_push: setting running-time to 4268946
0:15:17.223888608 7020 0x607001322ea0 LOG GST_BUFFER gstbuffer.c:1720:gst_buffer_map_range: buffer 0x612003a8cc40, idx 0, length 1, flags 0002
0:15:17.223900449 7020 0x607001322ea0 LOG GST_BUFFER gstbuffer.c:212:_get_merged_memory: buffer 0x612003a8cc40, idx 0, length 1
0:15:17.223913024 7020 0x607001322ea0 LOG rtpbasepayload gstrtpbasepayload.c:1265:gst_rtp_base_payload_prepare_push: Preparing to push packet with size 172, seq=19727, rtptime=2520568773, pts
0:01:28.936395833
0:15:17.223932379 7020 0x607001322ea0 DEBUG GST_SCHEDULING gstpad.c:4200:gst_pad_chain_data_unchecked: calling chainfunction &gst_proxy_pad_chain_default with buffer buffer: 0x612003a8cc40, pts 0:01:28.936395833, dts 0:01:28.936395833, dur 0:00:00.020000000, size 172, offset none, offset_end none, flags 0x4000
0:15:17.223955790 7020 0x607001322ea0 DEBUG GST_SCHEDULING gstpad.c:4200:gst_pad_chain_data_unchecked: calling chainfunction &gst_base_transform_chain with buffer buffer: 0x612003a8cc40, pts 0:01:28.936395833, dts 0:01:28.936395833, dur 0:00:00.020000000, size 172, offset none, offset_end none, flags 0x4000
0:15:17.223975187 7020 0x607001322ea0 DEBUG basetransform gstbasetransform.c:2041:default_submit_input_buffer: handling buffer 0x612003a8cc40 of size 172, PTS
0:01:28.936395833 and offset NONE
0:15:17.223993108 7020 0x607001322ea0 DEBUG basetransform gstbasetransform.c:2153:default_generate_output: calling prepare buffer
0:15:17.224001666 7020 0x607001322ea0 DEBUG basetransform gstbasetransform.c:2160:default_generate_output: using allocated buffer in 0x612003a8cc40, out 0x612003a8cc40
0:15:17.224015731 7020 0x607001322ea0 DEBUG basetransform gstbasetransform.c:2177:default_generate_output: doing inplace transform
0:15:17.224025633 7020 0x607001322ea0 DEBUG GST_SCHEDULING gstpad.c:4200:gst_pad_chain_data_unchecked: calling chainfunction &gst_rtp_mux_chain with buffer buffer: 0x612003a8cc40, pts 0:01:28.936395833, dts 0:01:28.936395833, dur 0:00:00.020000000, size 172, offset none, offset_end none, flags 0x4000
0:15:17.224045051 7020 0x607001322ea0 LOG GST_BUFFER gstbuffer.c:1720:gst_buffer_map_range: buffer 0x612003a8cc40, idx 0, length 1, flags 0003
0:15:17.224056868 7020 0x607001322ea0 LOG GST_BUFFER gstbuffer.c:212:_get_merged_memory: buffer 0x612003a8cc40, idx 0, length 1
0:15:17.224070810 7020 0x607001322ea0 LOG rtpmux gstrtpmux.c:355:gst_rtp_mux_readjust_rtp_timestamp_locked: Re-adjusting RTP ts 2520568773 to 1134986379
0:15:17.224084609 7020 0x607001322ea0 LOG rtpmux gstrtpmux.c:377:process_buffer_locked: Pushing packet size 12, seq=46134, ts=1134986379
0:15:17.224100617 7020 0x607001322ea0 DEBUG GST_SCHEDULING gstpad.c:4200:gst_pad_chain_data_unchecked: calling chainfunction &gst_proxy_pad_chain_default with buffer buffer: 0x612003a8cc40, pts 0:01:28.936395833, dts 0:01:28.936395833, dur 0:00:00.020000000, size 172, offset none, offset_end none, flags 0x4000
0:15:17.224127620 7020 0x607001322ea0 DEBUG GST_SCHEDULING gstpad.c:4200:gst_pad_chain_data_unchecked: calling chainfunction &0x7f132ff67870 with buffer buffer: 0x612003a8cc40, pts 0:01:28.936395833, dts 0:01:28.936395833, dur 0:00:00.020000000, size 172, offset none, offset_end none, flags 0x4000
0:15:17.224165871 7020 0x607001322ea0 LOG rtpsession gstrtpsession.c:2273:gst_rtp_session_chain_send_rtp_common: received RTP packet
0:15:17.224178497 7020 0x607001322ea0 DEBUG GST_CLOCK gstclock.c:1045:gst_clock_get_internal_time: internal time 69:24:59.630037175
0:15:17.224195854 7020 0x607001322ea0 DEBUG GST_CLOCK gstclock.c:1090:gst_clock_get_time: adjusted time 69:24:59.630037175
0:15:17.224209783 7020 0x607001322ea0 LOG rtpsession rtpsession.c:2981:rtp_session_send_rtp: received RTP packet for sending
0:15:17.224220323 7020 0x607001322ea0 LOG GST_BUFFER gstbuffer.c:1720:gst_buffer_map_range: buffer 0x612003a8cc40, idx 0, length 1, flags 0001
0:15:17.224241130 7020 0x607001322ea0 LOG GST_BUFFER gstbuffer.c:212:_get_merged_memory: buffer 0x612003a8cc40, idx 0, length 1
0:15:17.224254657 7020 0x607001322ea0 LOG rtpsource rtpsource.c:1158:update_receiver_stats: seq 46134, PC: 3058, OC: 489280
0:15:17.224266814 7020 0x607001322ea0 LOG rtpsource rtpsource.c:1289:rtp_source_send_rtp: SSRC 12a5b473, RTP 1134986379, running_time
0:01:28.936395833
0:15:17.224282678 7020 0x607001322ea0 LOG rtpsource rtpsource.c:1299:rtp_source_send_rtp: SSRC 12a5b473, diff RTP 960, diff running_time
0:00:00.020000000
0:15:17.224296651 7020 0x607001322ea0 LOG rtpsource rtpsource.c:1312:rtp_source_send_rtp: pushing RTP packet 3058
