0:15:17.224305904 7020 0x607001322ea0 LOG rtpsession rtpsession.c:1377:source_push_rtp: source 12a5b473 pushed sender RTP packet
0:15:17.224319358 7020 0x607001322ea0 LOG rtpsession gstrtpsession.c:1367:gst_rtp_session_send_rtp: sending RTP packet
0:15:17.224330237 7020 0x607001322ea0 DEBUG GST_SCHEDULING gstpad.c:4200:gst_pad_chain_data_unchecked: calling chainfunction &gst_srtp_enc_chain_rtp with buffer buffer: 0x612003a8cc40, pts 0:01:28.936395833, dts 0:01:28.936395833, dur 0:00:00.020000000, size 172, offset none, offset_end none, flags 0x4000
0:15:17.224353624 7020 0x607001322ea0 DEBUG GST_SCHEDULING gstpad.c:4200:gst_pad_chain_data_unchecked: calling chainfunction &gst_proxy_pad_chain_default with buffer buffer: 0x612003a8cc40, pts 0:01:28.936395833, dts 0:01:28.936395833, dur 0:00:00.020000000, size 172, offset none, offset_end none, flags 0x4000
0:15:17.224375501 7020 0x607001322ea0 DEBUG GST_SCHEDULING gstpad.c:4200:gst_pad_chain_data_unchecked: calling chainfunction &gst_tee_chain with buffer buffer: 0x612003a8cc40, pts 0:01:28.936395833, dts 0:01:28.936395833, dur 0:00:00.020000000, size 172, offset none, offset_end none, flags 0x4000
0:15:17.224396843 7020 0x607001322ea0 DEBUG tee gsttee.c:777:gst_tee_chain: received buffer 0x612003a8cc40
0:15:17.224411208 7020 0x607001322ea0 DEBUG GST_SCHEDULING gstpad.c:4200:gst_pad_chain_data_unchecked: calling chainfunction &gst_proxy_pad_chain_default with buffer buffer: 0x612003a8cc40, pts 0:01:28.936395833, dts 0:01:28.936395833, dur 0:00:00.020000000, size 172, offset none, offset_end none, flags 0x4000
0:15:17.224432839 7020 0x607001322ea0 DEBUG GST_SCHEDULING gstpad.c:4200:gst_pad_chain_data_unchecked: calling chainfunction &gst_tee_chain with buffer buffer: 0x612003a8cc40, pts 0:01:28.936395833, dts 0:01:28.936395833, dur 0:00:00.020000000, size 172, offset none, offset_end none, flags 0x4000
0:15:17.224454237 7020 0x607001322ea0 DEBUG tee gsttee.c:777:gst_tee_chain: received buffer 0x612003a8cc40
0:15:17.224468200 7020 0x607001322ea0 LOG tee gsttee.c:694:gst_tee_handle_data: Starting to push buffer 0x612003a8cc40
0:15:17.224485052 7020 0x607001322ea0 DEBUG GST_SCHEDULING gstpad.c:4200:gst_pad_chain_data_unchecked: calling chainfunction &gst_base_sink_chain with buffer buffer: 0x612003a8cc40, pts 0:01:28.936395833, dts 0:01:28.936395833, dur 0:00:00.020000000, size 172, offset none, offset_end none, flags 0x4000
0:15:17.224507840 7020 0x607001322ea0 DEBUG basesink gstbasesink.c:3360:gst_base_sink_chain_unlocked: got times start: 0:01:28.936395833, end:
0:01:28.956395833
0:15:17.224537130 7020 0x607001322ea0 DEBUG basesink gstbasesink.c:1946:gst_base_sink_get_sync_times: got times start: 0:01:28.936395833, stop: 0:01:28.956395833, do_sync 1
0:15:17.224561407 7020 0x607001322ea0 LOG basesink gstbasesink.c:2483:gst_base_sink_do_sync: avg frame diff
0:00:00.020004942
0:15:17.224584241 7020 0x607001322ea0 DEBUG basesink gstbasesink.c:2523:gst_base_sink_do_sync: reset rc_time to time
0:01:28.936395833
0:15:17.224605949 7020 0x607001322ea0 DEBUG basesink gstbasesink.c:2535:gst_base_sink_do_sync: possibly waiting for clock to reach 0:01:28.936395833, adjusted
0:01:28.936395833
0:15:17.224624842 7020 0x607001322ea0 DEBUG basesink gstbasesink.c:2163:gst_base_sink_wait_clock: sync disabled
0:15:17.224634222 7020 0x607001322ea0 DEBUG basesink gstbasesink.c:2542:gst_base_sink_do_sync: clock returned 4, jitter
0:00:00.000000000
0:15:17.224653038 7020 0x607001322ea0 DEBUG basesink gstbasesink.c:3468:gst_base_sink_chain_unlocked: rendering object 0x612003a8cc40
0:15:17.224665537 7020 0x607001322ea0 DEBUG basesink gstbasesink.c:934:gst_base_sink_set_last_buffer_unlocked: setting last buffer to 0x612003a8cc40
0:15:17.224679724 7020 0x607001322ea0 DEBUG basesink gstbasesink.c:3507:gst_base_sink_chain_unlocked: object unref after render 0x612003a8cc40
0:15:17.224693284 7020 0x607001322ea0 DEBUG GST_SCHEDULING gstpad.c:4206:gst_pad_chain_data_unchecked: called chainfunction &gst_base_sink_chain with buffer 0x612003a8cc40, returned ok
0:15:17.224710564 7020 0x607001322ea0 LOG tee gsttee.c:699:gst_tee_handle_data: Pushing item 0x612003a8cc40 yielded result ok
0:15:17.224726489 7020 0x607001322ea0 LOG tee gsttee.c:731:gst_tee_handle_data: Replacing ret val -1 with 0
0:15:17.224741403 7020 0x607001322ea0 LOG tee gsttee.c:694:gst_tee_handle_data: Starting to push buffer 0x612003a8cc40
0:15:17.224754259 7020 0x607001322ea0 DEBUG GST_SCHEDULING gstpad.c:4200:gst_pad_chain_data_unchecked: calling chainfunction &gst_base_sink_chain with buffer buffer: 0x612003a8cc40, pts 0:01:28.936395833, dts 0:01:28.936395833, dur 0:00:00.020000000, size 172, offset none, offset_end none, flags 0x4000
0:15:17.224773366 7020 0x607001322ea0 DEBUG basesink gstbasesink.c:3360:gst_base_sink_chain_unlocked: got times start: 0:01:28.936395833, end:
0:01:28.956395833
0:15:17.224790101 7020 0x607001322ea0 DEBUG basesink gstbasesink.c:1946:gst_base_sink_get_sync_times: got times start: 0:01:28.936395833, stop: 0:01:28.956395833, do_sync 1
0:15:17.224809329 7020 0x607001322ea0 LOG basesink gstbasesink.c:2483:gst_base_sink_do_sync: avg frame diff
0:00:00.020004942
0:15:17.224823316 7020 0x607001322ea0 DEBUG basesink gstbasesink.c:2523:gst_base_sink_do_sync: reset rc_time to time
0:01:28.936395833
0:15:17.224836852 7020 0x607001322ea0 DEBUG basesink gstbasesink.c:2535:gst_base_sink_do_sync: possibly waiting for clock to reach 0:01:28.936395833, adjusted
0:01:28.936395833
0:15:17.224852735 7020 0x607001322ea0 DEBUG basesink gstbasesink.c:2163:gst_base_sink_wait_clock: sync disabled
0:15:17.224859807 7020 0x607001322ea0 DEBUG basesink gstbasesink.c:2542:gst_base_sink_do_sync: clock returned 4, jitter
0:00:00.000000000
0:15:17.224874698 7020 0x607001322ea0 DEBUG basesink gstbasesink.c:3468:gst_base_sink_chain_unlocked: rendering object 0x612003a8cc40
0:15:17.224884325 7020 0x607001322ea0 DEBUG basesink gstbasesink.c:934:gst_base_sink_set_last_buffer_unlocked: setting last buffer to 0x612003a8cc40
0:15:17.224892763 7020 0x607001322ea0 LOG GST_BUFFER gstbuffer.c:724:_gst_buffer_free: finalize 0x612005092b40
0:15:17.224903026 7020 0x607001322ea0 DEBUG GST_MEMORY gstmemory.c:87:_gst_memory_free: free memory 0x60f00030e110
0:15:17.224916280 7020 0x607001322ea0 DEBUG GST_MEMORY gstmemory.c:87:_gst_memory_free: free memory 0x621000f69100
0:15:17.224928686 7020 0x607001322ea0 LOG nicesink gstnicesink.c:265:gst_nice_sink_render_buffers: 1 buffers, 2 memories -> to be sent
0:15:17.225138309 7020 0x60700127a260 LOG nicesrc gstnicesrc.c:199:gst_nice_src_read_callback: Got buffer, getting out of the main loop
0:15:17.225161541 7020 0x60700127a260 DEBUG GST_MEMORY gstmemory.c:138:gst_memory_init: new memory 0x61300009d140, maxsize:179 offset:0 size:172
0:15:17.225189482 7020 0x60700127a260 LOG GST_BUFFER gstbuffer.c:798:gst_buffer_new: new 0x6120046f51c0
0:15:17.225200918 7020 0x60700127a260 LOG GST_BUFFER gstbuffer.c:413:_memory_add: buffer 0x6120046f51c0, idx -1, mem 0x61300009d140
0:15:17.225215693 7020 0x60700127a260 LOG GST_BUFFER gstbuffer.c:854:gst_buffer_new_allocate: new buffer 0x6120046f51c0 of size 172 from allocator (nil)
0:15:17.225230182 7020 0x60700127a260 LOG GST_BUFFER gstbuffer.c:1825:gst_buffer_fill: buffer 0x6120046f51c0, offset 0, size 172
0:15:17.225308368 7020 0x60700127a260 LOG nicesrc gstnicesrc.c:299:gst_nice_src_create: Got buffer, pushing
0:15:17.225321800 7020 0x60700127a260 DEBUG GST_CLOCK gstclock.c:1045:gst_clock_get_internal_time: internal time 69:24:59.631180089
0:15:17.225339916 7020 0x60700127a260 DEBUG GST_CLOCK gstclock.c:1090:gst_clock_get_time: adjusted time 69:24:59.631180089
0:15:17.225354066 7020 0x60700127a260 LOG basesrc gstbasesrc.c:2267:gst_base_src_do_sync: created DTS
0:01:28.992152292
0:15:17.225369625 7020 0x60700127a260 LOG basesrc gstbasesrc.c:2277:gst_base_src_do_sync: created PTS
0:01:28.992152292
0:15:17.225383291 7020 0x60700127a260 DEBUG basesrc gstbasesrc.c:2315:gst_base_src_do_sync: no sync needed
0:15:17.225390558 7020 0x60700127a260 DEBUG basesrc gstbasesrc.c:2524:gst_base_src_get_range: buffer ok
0:15:17.225399150 7020 0x60700127a260 LOG GST_SCHEDULING gstpad.c:3615:do_probe_callbacks: do probes cookie 9184
0:15:17.225409579 7020 0x60700127a260 LOG GST_SCHEDULING gstpad.c:3511:probe_hook_marshal: hook 1, cookie 9184 with flags 0x00003010 does not match 00001012
0:15:17.225424478 7020 0x60700127a260 DEBUG GST_PADS gstpad.c:3696:do_probe_callbacks: data is passed
0:15:17.225431402 7020 0x60700127a260 LOG GST_SCHEDULING gstpad.c:3615:do_probe_callbacks: do probes cookie 9185
0:15:17.225440553 7020 0x60700127a260 LOG GST_SCHEDULING gstpad.c:3454:probe_hook_marshal: hook 1, cookie 9185 with flags 0x00003010 matches
0:15:17.225467741 7020 0x60700127a260 LOG GST_BUFFER gstbuffer.c:1720:gst_buffer_map_range: buffer 0x6120046f51c0, idx 0, length 1, flags 0001
0:15:17.225479528 7020 0x60700127a260 LOG GST_BUFFER gstbuffer.c:212:_get_merged_memory: buffer 0x6120046f51c0, idx 0, length 1
0:15:17.225495164 7020 0x60700127a260 DEBUG GST_PADS gstpad.c:3499:probe_hook_marshal: probe returned OK
0:15:17.225507284 7020 0x60700127a260 DEBUG GST_SCHEDULING gstpad.c:4200:gst_pad_chain_data_unchecked: calling chainfunction &gst_funnel_sink_chain with buffer buffer: 0x6120046f51c0, pts 0:01:28.992152292, dts 0:01:28.992152292, dur 99:99:99.999999999, size 172, offset none, offset_end none, flags 0x0
0:15:17.225529251 7020 0x60700127a260 DEBUG funnel gstfunnel.c:322:gst_funnel_sink_chain_object: received buffer: 0x6120046f51c0, pts 0:01:28.992152292, dts 0:01:28.992152292, dur 99:99:99.999999999, size 172, offset none, offset_end none, flags 0x0
0:15:17.225551346 7020 0x60700127a260 DEBUG GST_SCHEDULING gstpad.c:4200:gst_pad_chain_data_unchecked: calling chainfunction &gst_proxy_pad_chain_default with buffer buffer: 0x6120046f51c0, pts 0:01:28.992152292, dts 0:01:28.992152292, dur 99:99:99.999999999, size 172, offset none, offset_end none, flags 0x0
0:15:17.225574918 7020 0x60700127a260 DEBUG GST_SCHEDULING gstpad.c:4200:gst_pad_chain_data_unchecked: calling chainfunction &gst_funnel_sink_chain with buffer buffer: 0x6120046f51c0, pts 0:01:28.992152292, dts 0:01:28.992152292, dur 99:99:99.999999999, size 172, offset none, offset_end none, flags 0x0
0:15:17.225595679 7020 0x60700127a260 DEBUG funnel gstfunnel.c:322:gst_funnel_sink_chain_object: received buffer: 0x6120046f51c0, pts 0:01:28.992152292, dts 0:01:28.992152292, dur 99:99:99.999999999, size 172, offset none, offset_end none, flags 0x0
0:15:17.225615216 7020 0x60700127a260 DEBUG GST_SCHEDULING gstpad.c:4200:gst_pad_chain_data_unchecked: calling chainfunction &gst_proxy_pad_chain_default with buffer buffer: 0x6120046f51c0, pts 0:01:28.992152292, dts 0:01:28.992152292, dur 99:99:99.999999999, size 172, offset none, offset_end none, flags 0x0
0:15:17.225636764 7020 0x60700127a260 DEBUG GST_SCHEDULING gstpad.c:4200:gst_pad_chain_data_unchecked: calling chainfunction &gst_srtp_dec_chain_rtp with buffer buffer: 0x6120046f51c0, pts 0:01:28.992152292, dts 0:01:28.992152292, dur 99:99:99.999999999, size 172, offset none, offset_end none, flags 0x0
0:15:17.225655925 7020 0x60700127a260 LOG GST_BUFFER gstbuffer.c:1720:gst_buffer_map_range: buffer 0x6120046f51c0, idx 0, length 1, flags 10001
0:15:17.225667712 7020 0x60700127a260 LOG GST_BUFFER gstbuffer.c:212:_get_merged_memory: buffer 0x6120046f51c0, idx 0, length 1
0:15:17.225683316 7020 0x60700127a260 DEBUG GST_SCHEDULING gstpad.c:4200:gst_pad_chain_data_unchecked: calling chainfunction &0x7f132ff68e30 with buffer buffer: 0x6120046f51c0, pts 0:01:28.992152292, dts 0:01:28.992152292, dur 99:99:99.999999999, size 172, offset none, offset_end none, flags 0x0
0:15:17.225703242 7020 0x60700127a260 LOG rtpsession gstrtpsession.c:1917:gst_rtp_session_chain_recv_rtp: received RTP packet
0:15:17.225712358 7020 0x60700127a260 DEBUG GST_CLOCK gstclock.c:1045:gst_clock_get_internal_time: internal time 69:24:59.631571337
0:15:17.225728295 7020 0x60700127a260 DEBUG GST_CLOCK gstclock.c:1090:gst_clock_get_time: adjusted time 69:24:59.631571337
0:15:17.225743113 7020 0x60700127a260 LOG GST_BUFFER gstbuffer.c:1720:gst_buffer_map_range: buffer 0x6120046f51c0, idx 0, length 1, flags 0001
0:15:17.225754800 7020 0x60700127a260 LOG GST_BUFFER gstbuffer.c:212:_get_merged_memory: buffer 0x6120046f51c0, idx 0, length 1
0:15:17.225768229 7020 0x60700127a260 INFO rtpsource rtpsource.c:1147:update_receiver_stats: duplicate or reordered packet (seqnr 31570, expected 31585)
0:15:17.225779514 7020 0x60700127a260 LOG rtpsource rtpsource.c:1158:update_receiver_stats: seq 31570, PC: 3024, OC: 483840
0:15:17.225789980 7020 0x60700127a260 LOG rtpsource rtpsource.c:938:calculate_jitter: SSRC cda4377b got payload 96
0:15:17.225801623 7020 0x60700127a260 LOG rtpsource rtpsource.c:971:calculate_jitter: rtparrival 4271623, rtptime 3529611515, clock-rate 48000, diff 13170, jitter: 15674.750000
0:15:17.225819899 7020 0x60700127a260 LOG rtpsource rtpsource.c:879:push_packet: pushing new packet
0:15:17.225826914 7020 0x60700127a260 LOG rtpsession rtpsession.c:1389:source_push_rtp: source cda4377b pushed receiver RTP packet
0:15:17.225838873 7020 0x60700127a260 LOG rtpsession gstrtpsession.c:1336:gst_rtp_session_process_rtp: pushing received RTP packet
0:15:17.225857796 7020 0x60700127a260 DEBUG GST_SCHEDULING gstpad.c:4200:gst_pad_chain_data_unchecked: calling chainfunction &0x7f132ff539d0 with buffer buffer: 0x6120046f51c0, pts 0:01:28.992152292, dts 0:01:28.992152292, dur 99:99:99.999999999, size 172, offset none, offset_end none, flags 0x0
0:15:17.225878450 7020 0x60700127a260 LOG GST_BUFFER gstbuffer.c:1720:gst_buffer_map_range: buffer 0x6120046f51c0, idx 0, length 1, flags 0001
0:15:17.225890487 7020 0x60700127a260 LOG GST_BUFFER gstbuffer.c:212:_get_merged_memory: buffer 0x6120046f51c0, idx 0, length 1
0:15:17.225903754 7020 0x60700127a260 DEBUG rtpssrcdemux gstrtpssrcdemux.c:625:gst_rtp_ssrc_demux_chain: received buffer of SSRC cda4377b
0:15:17.225917965 7020 0x60700127a260 DEBUG GST_SCHEDULING gstpad.c:4200:gst_pad_chain_data_unchecked: calling chainfunction &gst_rtp_jitter_buffer_chain with buffer buffer: 0x6120046f51c0, pts 0:01:28.992152292, dts 0:01:28.992152292, dur 99:99:99.999999999, size 172, offset none, offset_end none, flags 0x0
0:15:17.225934793 7020 0x60700127a260 LOG GST_BUFFER gstbuffer.c:1720:gst_buffer_map_range: buffer 0x6120046f51c0, idx 0, length 1, flags 0001
0:15:17.225946564 7020 0x60700127a260 LOG GST_BUFFER gstbuffer.c:212:_get_merged_memory: buffer 0x6120046f51c0, idx 0, length 1
0:15:17.225958620 7020 0x60700127a260 DEBUG rtpjitterbuffer gstrtpjitterbuffer.c:2853:gst_rtp_jitter_buffer_chain: Received packet #31570 at time 0:01:28.992152292, discont 0, rtx 0
0:15:17.225976946 7020 0x60700127a260 LOG rtpjitterbuffer gstrtpjitterbuffer.c:2589:calculate_jitter: dtsdiff
0:00:00.014368520 rtptime 5124095:34:33.449551616, clock-rate 48000, diff 0:00:00.274368520, jitter:
0:00:00.326556580
0:15:17.226002334 7020 0x60700127a260 DEBUG rtpjitterbuffer gstrtpjitterbuffer.c:2950:gst_rtp_jitter_buffer_chain: expected #31585, got #31570, gap of -15
0:15:17.226016320 7020 0x60700127a260 DEBUG rtpjitterbuffer gstrtpjitterbuffer.c:2979:gst_rtp_jitter_buffer_chain: Clearing gap packets
0:15:17.226024315 7020 0x60700127a260 DEBUG rtpjitterbuffer rtpjitterbuffer.c:785:rtp_jitter_buffer_calculate_pts: extrtp 3529611515, gstrtp 20:25:33.573229166, base 20:25:33.233229166, send_diff
0:00:00.340000000
0:15:17.226050156 7020 0x60700127a260 DEBUG rtpjitterbuffer rtpjitterbuffer.c:563:calculate_skew: time 0:01:28.992152292, base 0:01:28.972877712, recv_diff 0:00:00.019274580, slope 141
0:15:17.226080700 7020 0x60700127a260 DEBUG rtpjitterbuffer rtpjitterbuffer.c:580:calculate_skew: filling 3, delta -320725420
0:15:17.226095652 7020 0x60700127a260 DEBUG rtpjitterbuffer rtpjitterbuffer.c:664:calculate_skew: skew -70049932, out
0:01:29.242827780
0:15:17.226112137 7020 0x60700127a260 DEBUG rtpjitterbuffer gstrtpjitterbuffer.c:3000:gst_rtp_jitter_buffer_chain: old packet received
0:15:17.226124967 7020 0x60700127a260 DEBUG rtpjitterbuffer gstrtpjitterbuffer.c:2287:already_lost: seqnum #31570 already considered definitely lost (#31570->#31573)
0:15:17.226139347 7020 0x60700127a260 DEBUG rtpjitterbuffer gstrtpjitterbuffer.c:3172:gst_rtp_jitter_buffer_chain: Packet #31570 too late as it was already considered lost
0:15:17.226160284 7020 0x60700127a260 LOG GST_BUFFER gstbuffer.c:724:_gst_buffer_free: finalize 0x6120046f51c0
0:15:17.226169886 7020 0x60700127a260 DEBUG GST_MEMORY gstmemory.c:87:_gst_memory_free: free memory 0x61300009d140
0:15:17.226184355 7020 0x60700127a260 DEBUG GST_SCHEDULING gstpad.c:4206:gst_pad_chain_data_unchecked: called chainfunction &gst_rtp_jitter_buffer_chain with buffer 0x6120046f51c0, returned ok
0:15:17.226200443 7020 0x60700127a260 DEBUG GST_SCHEDULING gstpad.c:4206:gst_pad_chain_data_unchecked: called chainfunction &0x7f132ff539d0 with buffer 0x6120046f51c0, returned ok
0:15:17.226216261 7020 0x60700127a260 DEBUG GST_SCHEDULING gstpad.c:4206:gst_pad_chain_data_unchecked: called chainfunction &0x7f132ff68e30 with buffer 0x6120046f51c0, returned ok
0:15:17.226232861 7020 0x60700127a260 DEBUG GST_SCHEDULING gstpad.c:4206:gst_pad_chain_data_unchecked: called chainfunction &gst_srtp_dec_chain_rtp with buffer 0x6120046f51c0, returned ok
0:15:17.226250037 7020 0x60700127a260 DEBUG GST_SCHEDULING gstpad.c:4206:gst_pad_chain_data_unchecked: called chainfunction &gst_proxy_pad_chain_default with buffer 0x6120046f51c0, returned ok
0:15:17.226266238 7020 0x60700127a260 LOG funnel gstfunnel.c:343:gst_funnel_sink_chain_object: handled buffer ok
0:15:17.226279499 7020 0x60700127a260 DEBUG GST_SCHEDULING gstpad.c:4206:gst_pad_chain_data_unchecked: called chainfunction &gst_funnel_sink_chain with buffer 0x6120046f51c0, returned ok
0:15:17.226304599 7020 0x60700127a260 DEBUG GST_SCHEDULING gstpad.c:4206:gst_pad_chain_data_unchecked: called chainfunction &gst_proxy_pad_chain_default with buffer 0x6120046f51c0, returned ok
0:15:17.226320216 7020 0x60700127a260 LOG funnel gstfunnel.c:343:gst_funnel_sink_chain_object: handled buffer ok
0:15:17.226332213 7020 0x60700127a260 DEBUG GST_SCHEDULING gstpad.c:4206:gst_pad_chain_data_unchecked: called chainfunction &gst_funnel_sink_chain with buffer 0x6120046f51c0, returned ok
0:15:17.226345660 7020 0x60700127a260 LOG GST_SCHEDULING gstpad.c:3615:do_probe_callbacks: do probes cookie 9186
0:15:17.226356125 7020 0x60700127a260 LOG GST_SCHEDULING gstpad.c:3511:probe_hook_marshal: hook 1, cookie 9186 with flags 0x00003010 does not match 00001001
0:15:17.226375294 7020 0x60700127a260 LOG basesrc gstbasesrc.c:2738:gst_base_src_loop: next_ts 99:99:99.999999999 size 4096
0:15:17.226392706 7020 0x60700127a260 DEBUG basesrc gstbasesrc.c:2460:gst_base_src_get_range: calling create offset 18446744073709551615 length 4096, time 0
0:15:17.226407801 7020 0x60700127a260 LOG nicesrc gstnicesrc.c:278:gst_nice_src_create: create called
0:15:17.227657467 7020 0x607001322ea0 DEBUG basesink gstbasesink.c:3507:gst_base_sink_chain_unlocked: object unref after render 0x612003a8cc40
0:15:17.227681561 7020 0x607001322ea0 DEBUG GST_SCHEDULING gstpad.c:4206:gst_pad_chain_data_unchecked: called chainfunction &gst_base_sink_chain with buffer 0x612003a8cc40, returned ok
0:15:17.227711106 7020 0x607001322ea0 LOG tee gsttee.c:699:gst_tee_handle_data: Pushing item 0x612003a8cc40 yielded result ok
0:15:17.227729860 7020 0x607001322ea0 LOG tee gsttee.c:731:gst_tee_handle_data: Replacing ret val 0 with 0
0:15:17.227746457 7020 0x607001322ea0 DEBUG tee gsttee.c:781:gst_tee_chain: handled buffer ok
0:15:17.227760384 7020 0x607001322ea0 DEBUG GST_SCHEDULING gstpad.c:4206:gst_pad_chain_data_unchecked: called chainfunction &gst_tee_chain with buffer 0x612003a8cc40, returned ok
0:15:17.227779919 7020 0x607001322ea0 DEBUG GST_SCHEDULING gstpad.c:4206:gst_pad_chain_data_unchecked: called chainfunction &gst_proxy_pad_chain_default with buffer 0x612003a8cc40, returned ok
0:15:17.227797546 7020 0x607001322ea0 DEBUG tee gsttee.c:781:gst_tee_chain: handled buffer ok
0:15:17.227811780 7020 0x607001322ea0 DEBUG GST_SCHEDULING gstpad.c:4206:gst_pad_chain_data_unchecked: called chainfunction &gst_tee_chain with buffer 0x612003a8cc40, returned ok
0:15:17.227830495 7020 0x607001322ea0 DEBUG GST_SCHEDULING gstpad.c:4206:gst_pad_chain_data_unchecked: called chainfunction &gst_proxy_pad_chain_default with buffer 0x612003a8cc40, returned ok
0:15:17.227847330 7020 0x607001322ea0 DEBUG GST_SCHEDULING gstpad.c:4206:gst_pad_chain_data_unchecked: called chainfunction &gst_srtp_enc_chain_rtp with buffer 0x612003a8cc40, returned ok
0:15:17.227868288 7020 0x607001322ea0 DEBUG GST_SCHEDULING gstpad.c:4206:gst_pad_chain_data_unchecked: called chainfunction &0x7f132ff67870 with buffer 0x612003a8cc40, returned ok
0:15:17.227888219 7020 0x607001322ea0 DEBUG GST_SCHEDULING gstpad.c:4206:gst_pad_chain_data_unchecked: called chainfunction &gst_proxy_pad_chain_default with buffer 0x612003a8cc40, returned ok
0:15:17.227908397 7020 0x607001322ea0 DEBUG GST_SCHEDULING gstpad.c:4206:gst_pad_chain_data_unchecked: called chainfunction &gst_rtp_mux_chain with buffer 0x612003a8cc40, returned ok
0:15:17.227926481 7020 0x607001322ea0 DEBUG GST_SCHEDULING gstpad.c:4206:gst_pad_chain_data_unchecked: called chainfunction &gst_base_transform_chain with buffer 0x612003a8cc40, returned ok
0:15:17.227943908 7020 0x607001322ea0 DEBUG GST_SCHEDULING gstpad.c:4206:gst_pad_chain_data_unchecked: called chainfunction &gst_proxy_pad_chain_default with buffer 0x612003a8cc40, returned ok
0:15:17.227960737 7020 0x607001322ea0 DEBUG GST_SCHEDULING gstpad.c:4206:gst_pad_chain_data_unchecked: called chainfunction &0x7f1330198ee0 with buffer 0x6120040c03c0, returned ok
0:15:17.227979975 7020 0x607001322ea0 LOG audioencoder gstaudioencoder.c:1019:gst_audio_encoder_finish_frame: buffer pushed: ok
0:15:17.227991758 7020 0x607001322ea0 LOG GST_BUFFER gstbuffer.c:724:_gst_buffer_free: finalize 0x612001415ec0
0:15:17.228002368 7020 0x607001322ea0 DEBUG GST_MEMORY gstmemory.c:87:_gst_memory_free: free memory 0x60d000385d70
0:15:17.228013539 7020 0x607001322ea0 DEBUG GST_MEMORY gstmemory.c:87:_gst_memory_free: free memory 0x61d00142bc80
0:15:17.228028795 7020 0x607001322ea0 DEBUG GST_MEMORY gstmemory.c:87:_gst_memory_free: free memory 0x60d00025f0e0
0:15:17.228039826 7020 0x607001322ea0 LOG GST_BUFFER gstbuffer.c:724:_gst_buffer_free: finalize 0x6120008062c0
0:15:17.228052298 7020 0x607001322ea0 DEBUG GST_MEMORY gstmemory.c:87:_gst_memory_free: free memory 0x60d000372980
0:15:17.228069281 7020 0x607001322ea0 LOG audioencoder gstaudioencoder.c:1089:gst_audio_encoder_push_buffers: available: 1544, needed: 1920, force: 0
0:15:17.228088777 7020 0x607001322ea0 LOG audioencoder gstaudioencoder.c:1368:gst_audio_encoder_chain: chain leaving
0:15:17.228099829 7020 0x607001322ea0 DEBUG GST_SCHEDULING gstpad.c:4206:gst_pad_chain_data_unchecked: called chainfunction &gst_audio_encoder_chain with buffer 0x612000b07340, returned ok
0:15:17.228124712 7020 0x607001322ea0 DEBUG GST_SCHEDULING gstpad.c:4206:gst_pad_chain_data_unchecked: called chainfunction &gst_base_transform_chain with buffer 0x612000b07340, returned ok
0:15:17.228153524 7020 0x607001322ea0 DEBUG GST_SCHEDULING gstpad.c:4206:gst_pad_chain_data_unchecked: called chainfunction &gst_base_transform_chain with buffer 0x612003f7c3c0, returned ok
0:15:17.228171631 7020 0x607001322ea0 DEBUG GST_SCHEDULING gstpad.c:4206:gst_pad_chain_data_unchecked: called chainfunction &gst_base_transform_chain with buffer 0x612003f7c3c0, returned ok
0:15:17.228190032 7020 0x607001322ea0 DEBUG GST_SCHEDULING gstpad.c:4206:gst_pad_chain_data_unchecked: called chainfunction &gst_proxy_pad_chain_default with buffer 0x612003f7c3c0, returned ok
0:15:17.228210476 7020 0x607001322ea0 DEBUG GST_SCHEDULING gstpad.c:4206:gst_pad_chain_data_unchecked: called chainfunction &gst_valve_chain with buffer 0x612003f7c3c0, returned ok
0:15:17.228229864 7020 0x607001322ea0 LOG tee gsttee.c:699:gst_tee_handle_data: Pushing item 0x612003f7c3c0 yielded result ok
0:15:17.228230918 7020 0x60400000c890 DEBUG fsnicetransmitter fs-nice-transmitter.c:797:fs_nice_transmitter_set_sending: Requesting gst stream sending status: 0
0:15:17.228248969 7020 0x607001322ea0 LOG tee gsttee.c:731:gst_tee_handle_data: Replacing ret val -1 with 0
0:15:17.228263694 7020 0x607001322ea0 LOG GST_BUFFER gstbuffer.c:724:_gst_buffer_free: finalize 0x612003f7c3c0
0:15:17.228274755 7020 0x607001322ea0 DEBUG GST_MEMORY gstmemory.c:87:_gst_memory_free: free memory 0x61b0001d5e80
0:15:17.228284092 7020 0x60400000c890 INFO GST_EVENT gstevent.c:1511:gst_event_new_reconfigure: creating reconfigure event
0:15:17.228290733 7020 0x607001322ea0 DEBUG tee gsttee.c:781:gst_tee_chain: handled buffer ok
0:15:17.228304761 7020 0x60400000c890 DEBUG GST_EVENT gstevent.c:305:gst_event_new_custom: creating new event 0x60b0018f4180 reconfigure 61441
0:15:17.228312509 7020 0x607001322ea0 DEBUG GST_SCHEDULING gstpad.c:4206:gst_pad_chain_data_unchecked: called chainfunction &gst_tee_chain with buffer 0x612003f7c3c0, returned ok
0:15:17.228343982 7020 0x607001322ea0 DEBUG GST_SCHEDULING gstpad.c:4206:gst_pad_chain_data_unchecked: called chainfunction &gst_proxy_pad_chain_default with buffer 0x612003f7c3c0, returned ok
0:15:17.228345424 7020 0x60400000c890 LOG GST_PADS gstpad.c:5259:gst_pad_push_event_unchecked: sending event 0x60b0018f4180 (reconfigure) to peerpad
0:15:17.228364374 7020 0x607001322ea0 DEBUG GST_SCHEDULING gstpad.c:4206:gst_pad_chain_data_unchecked: called chainfunction &gst_proxy_pad_chain_default with buffer 0x612003f7c3c0, returned ok
0:15:17.228383115 7020 0x607001322ea0 DEBUG GST_SCHEDULING gstpad.c:4206:gst_pad_chain_data_unchecked: called chainfunction &gst_base_transform_chain with buffer 0x612003f7c3c0, returned ok
0:15:17.228383268 7020 0x60400000c890 DEBUG GST_EVENT gstpad.c:5546:gst_pad_send_event_unchecked: have event type reconfigure event: 0x60b0018f4180, time 99:99:99.999999999, seq-num 81827, (NULL)
0:15:17.228399449 7020 0x607001322ea0 DEBUG GST_SCHEDULING gstpad.c:4206:gst_pad_chain_data_unchecked: called chainfunction &gst_base_transform_chain with buffer 0x612003f7c3c0, returned ok
0:15:17.228418085 7020 0x60400000c890 LOG GST_PADS gstpad.c:3023:gst_pad_event_default: default event handler for event reconfigure event: 0x60b0018f4180, time 99:99:99.999999999, seq-num 81827, (NULL)
0:15:17.228418065 7020 0x607001322ea0 LOG basesrc gstbasesrc.c:2738:gst_base_src_loop: next_ts 99:99:99.999999999 size 0
0:15:17.228439459 7020 0x607001322ea0 DEBUG basesrc gstbasesrc.c:2460:gst_base_src_get_range: calling create offset 18446744073709551615 length 0, time 0
0:15:17.228451296 7020 0x60400000c890 LOG GST_PADS gstpad.c:2943:gst_pad_forward: calling forward function on pad recv_rtp_src_3_1884940560_98:proxypad3045
0:15:17.228478315 7020 0x60400000c890 LOG GST_PADS gstpad.c:2988:event_forward_func: Reffing and pushing event 0x60b0018f4180 (reconfigure) to recv_rtp_src_3_1884940560_98:proxypad3045
0:15:17.228502527 7020 0x60400000c890 LOG GST_PADS gstpad.c:5259:gst_pad_push_event_unchecked: sending event 0x60b0018f4180 (reconfigure) to peerpad
0:15:17.228526472 7020 0x60400000c890 DEBUG GST_EVENT gstpad.c:5546:gst_pad_send_event_unchecked: have event type reconfigure event: 0x60b0018f4180, time 99:99:99.999999999, seq-num 81827, (NULL)
0:15:17.228547802 7020 0x60400000c890 LOG GST_PADS gstpad.c:3023:gst_pad_event_default: default event handler for event reconfigure event: 0x60b0018f4180, time 99:99:99.999999999, seq-num 81827, (NULL)
0:15:17.228570063 7020 0x60400000c890 DEBUG GST_PADS gstpad.c:2833:gst_pad_iterate_internal_links_default: Making iterator
0:15:17.228586663 7020 0x60400000c890 LOG GST_PADS gstpad.c:2943:gst_pad_forward: calling forward function on pad rtpptdemux26:sink
0:15:17.228606169 7020 0x60400000c890 LOG GST_PADS gstpad.c:2988:event_forward_func: Reffing and pushing event 0x60b0018f4180 (reconfigure) to rtpptdemux26:sink
0:15:17.228627382 7020 0x60400000c890 LOG GST_PADS gstpad.c:5259:gst_pad_push_event_unchecked: sending event 0x60b0018f4180 (reconfigure) to peerpad
0:15:17.228457390 7020 0x607001322ea0 DEBUG audiobasesrc gstaudiobasesrc.c:736:gst_audio_base_src_get_offset: at segment 4449 and sample 2847360
0:15:17.228658836 7020 0x607001322ea0 DEBUG audiobasesrc gstaudiobasesrc.c:759:gst_audio_base_src_get_offset: reading from 4449, we are at 4449, sample 2847360
0:15:17.228653091 7020 0x60400000c890 DEBUG GST_EVENT gstpad.c:5546:gst_pad_send_event_unchecked: have event type reconfigure event: 0x60b0018f4180, time 99:99:99.999999999, seq-num 81827, (NULL)
0:15:17.228676211 7020 0x607001322ea0 DEBUG audiobasesrc gstaudiobasesrc.c:815:gst_audio_base_src_create: reading from sample 2847360 length 1280
0:15:17.228691902 7020 0x607001322ea0 DEBUG GST_MEMORY gstmemory.c:138:gst_memory_init: new memory 0x61b000185d80, maxsize:1287 offset:0 size:1280
0:15:17.228697449 7020 0x60400000c890 DEBUG rtpjitterbuffer gstrtpjitterbuffer.c:1706:gst_rtp_jitter_buffer_src_event: received reconfigure
0:15:17.228710368 7020 0x607001322ea0 LOG GST_BUFFER gstbuffer.c:798:gst_buffer_new: new 0x612004cacec0
0:15:17.228719811 7020 0x607001322ea0 LOG GST_BUFFER gstbuffer.c:413:_memory_add: buffer 0x612004cacec0, idx -1, mem 0x61b000185d80
0:15:17.228734194 7020 0x607001322ea0 LOG GST_BUFFER gstbuffer.c:854:gst_buffer_new_allocate: new buffer 0x612004cacec0 of size 1280 from allocator (nil)
0:15:17.228748848 7020 0x607001322ea0 LOG GST_BUFFER gstbuffer.c:1720:gst_buffer_map_range: buffer 0x612004cacec0, idx 0, length -1, flags 0002
0:15:17.228766925 7020 0x607001322ea0 LOG GST_BUFFER gstbuffer.c:212:_get_merged_memory: buffer 0x612004cacec0, idx 0, length 1
0:15:17.228741122 7020 0x60400000c890 LOG GST_PADS gstpad.c:5259:gst_pad_push_event_unchecked: sending event 0x60b0018f4180 (reconfigure) to peerpad
0:15:17.228784471 7020 0x607001322ea0 DEBUG ringbuffer gstaudioringbuffer.c:1740:gst_audio_ring_buffer_read: pointer at 4449, sample 2847360, read from 4449-0, to_read 640, diff 0, segtotal 2, segsize 1280
0:15:17.228797217 7020 0x60400000c890 DEBUG GST_EVENT gstpad.c:5546:gst_pad_send_event_unchecked: have event type reconfigure event: 0x60b0018f4180, time 99:99:99.999999999, seq-num 81827, (NULL)
0:15:17.228824895 7020 0x60400000c890 LOG GST_PADS gstpad.c:3023:gst_pad_event_default: default event handler for event reconfigure event: 0x60b0018f4180, time 99:99:99.999999999, seq-num 81827, (NULL)
0:15:17.228850744 7020 0x60400000c890 LOG GST_PADS gstpad.c:2943:gst_pad_forward: calling forward function on pad rtpssrcdemux35:sink
0:15:17.228869838 7020 0x60400000c890 LOG GST_PADS gstpad.c:2988:event_forward_func: Reffing and pushing event 0x60b0018f4180 (reconfigure) to rtpssrcdemux35:sink
0:15:17.228890969 7020 0x60400000c890 LOG GST_PADS gstpad.c:5259:gst_pad_push_event_unchecked: sending event 0x60b0018f4180 (reconfigure) to peerpad
0:15:17.228807238 7020 0x607001322ea0 DEBUG ringbuffer gstaudioringbuffer.c:1312:wait_segment: waiting..
0:15:17.228914715 7020 0x60400000c890 DEBUG GST_EVENT gstpad.c:5546:gst_pad_send_event_unchecked: have event type reconfigure event: 0x60b0018f4180, time 99:99:99.999999999, seq-num 81827, (NULL)
0:15:17.228943151 7020 0x60400000c890 LOG GST_PADS gstpad.c:5259:gst_pad_push_event_unchecked: sending event 0x60b0018f4180 (reconfigure) to peerpad
0:15:17.228967928 7020 0x60400000c890 DEBUG GST_EVENT gstpad.c:5546:gst_pad_send_event_unchecked: have event type reconfigure event: 0x60b0018f4180, time 99:99:99.999999999, seq-num 81827, (NULL)
0:15:17.228987837 7020 0x60400000c890 LOG GST_PADS gstpad.c:3023:gst_pad_event_default: default event handler for event reconfigure event: 0x60b0018f4180, time 99:99:99.999999999, seq-num 81827, (NULL)
0:15:17.229013698 7020 0x60400000c890 LOG GST_PADS gstpad.c:2943:gst_pad_forward: calling forward function on pad srtpdec_3:rtp_sink
0:15:17.229032407 7020 0x60400000c890 LOG GST_PADS gstpad.c:2988:event_forward_func: Reffing and pushing event 0x60b0018f4180 (reconfigure) to srtpdec_3:rtp_sink
0:15:17.229054424 7020 0x60400000c890 LOG GST_PADS gstpad.c:5259:gst_pad_push_event_unchecked: sending event 0x60b0018f4180 (reconfigure) to peerpad
0:15:17.229080056 7020 0x60400000c890 DEBUG GST_EVENT gstpad.c:5546:gst_pad_send_event_unchecked: have event type reconfigure event: 0x60b0018f4180, time 99:99:99.999999999, seq-num 81827, (NULL)
0:15:17.229177348 7020 0x604000d1ed50 LOG pulse pulsesrc.c:920:gst_pulsesrc_stream_request_cb: got request for length 640
0:15:17.229225786 7020 0x607000f7fce0 LOG pulse pulsesrc.c:1121:gst_pulsesrc_read: have data of 640 bytes
0:15:17.229257789 7020 0x607000f7fce0 LOG pulse pulsesrc.c:1106:gst_pulsesrc_read: reading 504 bytes
0:15:17.229279889 7020 0x607000f7fce0 LOG pulse pulsesrc.c:1121:gst_pulsesrc_read: have data of 0 bytes
0:15:17.229294294 7020 0x607000f7fce0 LOG pulse pulsesrc.c:1128:gst_pulsesrc_read: waiting for data
0:15:17.229104150 7020 0x60400000c890 LOG GST_PADS gstpad.c:3023:gst_pad_event_default: default event handler for event reconfigure event: 0x60b0018f4180, time 99:99:99.999999999, seq-num 81827, (NULL)
0:15:17.229344043 7020 0x60400000c890 LOG GST_PADS gstpad.c:2943:gst_pad_forward: calling forward function on pad rtpbin16:recv_rtp_sink_3
0:15:17.229365198 7020 0x60400000c890 LOG GST_PADS gstpad.c:2988:event_forward_func: Reffing and pushing event 0x60b0018f4180 (reconfigure) to rtpbin16:recv_rtp_sink_3
0:15:17.229389093 7020 0x60400000c890 LOG GST_SCHEDULING gstpad.c:3615:do_probe_callbacks: do probes cookie 1324
0:15:17.229406869 7020 0x60400000c890 LOG GST_SCHEDULING gstpad.c:3511:probe_hook_marshal: hook 1, cookie 1324 with flags 0x00003010 does not match 00001082
0:15:17.229431711 7020 0x60400000c890 DEBUG GST_PADS gstpad.c:3696:do_probe_callbacks: data is passed
0:15:17.229444887 7020 0x60400000c890 LOG GST_SCHEDULING gstpad.c:3615:do_probe_callbacks: do probes cookie 1325
0:15:17.229460760 7020 0x60400000c890 LOG GST_SCHEDULING gstpad.c:3511:probe_hook_marshal: hook 1, cookie 1325 with flags 0x00003010 does not match 00001080
0:15:17.229484455 7020 0x60400000c890 LOG GST_PADS gstpad.c:5259:gst_pad_push_event_unchecked: sending event 0x60b0018f4180 (reconfigure) to peerpad
0:15:17.229509537 7020 0x60400000c890 DEBUG GST_EVENT gstpad.c:5546:gst_pad_send_event_unchecked: have event type reconfigure event: 0x60b0018f4180, time 99:99:99.999999999, seq-num 81827, (NULL)
0:15:17.229531600 7020 0x60400000c890 LOG GST_PADS gstpad.c:3023:gst_pad_event_default: default event handler for event reconfigure event: 0x60b0018f4180, time 99:99:99.999999999, seq-num 81827, (NULL)
0:15:17.229554741 7020 0x60400000c890 DEBUG GST_PADS gstpad.c:2833:gst_pad_iterate_internal_links_default: Making iterator
0:15:17.229572990 7020 0x60400000c890 LOG GST_PADS gstpad.c:2943:gst_pad_forward: calling forward function on pad recv_rtp_funnel_3:funnelpad154
0:15:17.229593209 7020 0x60400000c890 LOG GST_PADS gstpad.c:2988:event_forward_func: Reffing and pushing event 0x60b0018f4180 (reconfigure) to recv_rtp_funnel_3:funnelpad154
0:15:17.229617386 7020 0x60400000c890 LOG GST_PADS gstpad.c:5259:gst_pad_push_event_unchecked: sending event 0x60b0018f4180 (reconfigure) to peerpad
0:15:17.229642893 7020 0x60400000c890 DEBUG GST_EVENT gstpad.c:5546:gst_pad_send_event_unchecked: have event type reconfigure event: 0x60b0018f4180, time 99:99:99.999999999, seq-num 81827, (NULL)
0:15:17.229672669 7020 0x60400000c890 LOG GST_PADS gstpad.c:3023:gst_pad_event_default: default event handler for event reconfigure event: 0x60b0018f4180, time 99:99:99.999999999, seq-num 81827, (NULL)
0:15:17.229696221 7020 0x60400000c890 LOG GST_PADS gstpad.c:2943:gst_pad_forward: calling forward function on pad src_1:proxypad3041
0:15:17.229715079 7020 0x60400000c890 LOG GST_PADS gstpad.c:2988:event_forward_func: Reffing and pushing event 0x60b0018f4180 (reconfigure) to src_1:proxypad3041
0:15:17.229739068 7020 0x60400000c890 LOG GST_PADS gstpad.c:5259:gst_pad_push_event_unchecked: sending event 0x60b0018f4180 (reconfigure) to peerpad
0:15:17.229762552 7020 0x60400000c890 DEBUG GST_EVENT gstpad.c:5546:gst_pad_send_event_unchecked: have event type reconfigure event: 0x60b0018f4180, time 99:99:99.999999999, seq-num 81827, (NULL)
0:15:17.229782608 7020 0x60400000c890 LOG GST_PADS gstpad.c:3023:gst_pad_event_default: default event handler for event reconfigure event: 0x60b0018f4180, time 99:99:99.999999999, seq-num 81827, (NULL)
0:15:17.229800986 7020 0x60400000c890 DEBUG GST_PADS gstpad.c:2833:gst_pad_iterate_internal_links_default: Making iterator
0:15:17.229816107 7020 0x60400000c890 LOG GST_PADS gstpad.c:2943:gst_pad_forward: calling forward function on pad funnel82:funnelpad156
0:15:17.229831957 7020 0x60400000c890 LOG GST_PADS gstpad.c:2988:event_forward_func: Reffing and pushing event 0x60b0018f4180 (reconfigure) to funnel82:funnelpad156
0:15:17.229851031 7020 0x60400000c890 LOG GST_PADS gstpad.c:5259:gst_pad_push_event_unchecked: sending event 0x60b0018f4180 (reconfigure) to peerpad
0:15:17.229870541 7020 0x60400000c890 DEBUG GST_EVENT gstpad.c:5546:gst_pad_send_event_unchecked: have event type reconfigure event: 0x60b0018f4180, time 99:99:99.999999999, seq-num 81827, (NULL)
0:15:17.229887198 7020 0x60400000c890 LOG GST_SCHEDULING gstpad.c:3615:do_probe_callbacks: do probes cookie 1916
0:15:17.229913043 7020 0x60400000c890 LOG GST_SCHEDULING gstpad.c:3511:probe_hook_marshal: hook 1, cookie 1916 with flags 0x00003010 does not match 00001082
0:15:17.229935331 7020 0x60400000c890 DEBUG GST_PADS gstpad.c:3696:do_probe_callbacks: data is passed
0:15:17.229949085 7020 0x60400000c890 LOG GST_SCHEDULING gstpad.c:3615:do_probe_callbacks: do probes cookie 1917
0:15:17.229964935 7020 0x60400000c890 LOG GST_SCHEDULING gstpad.c:3511:probe_hook_marshal: hook 1, cookie 1917 with flags 0x00003010 does not match 00001080
0:15:17.229989771 7020 0x60400000c890 DEBUG basesrc gstbasesrc.c:1986:gst_base_src_default_event: handle event reconfigure event: 0x60b0018f4180, time 99:99:99.999999999, seq-num 81827, (NULL)
0:15:17.230012294 7020 0x60400000c890 DEBUG GST_PADS gstpad.c:5620:gst_pad_send_event_unchecked: sent event, ret ok
0:15:17.230032044 7020 0x60400000c890 LOG GST_PADS gstpad.c:5267:gst_pad_push_event_unchecked: sent event 0x60b0018f4180 (reconfigure) to peerpad , ret ok
0:15:17.230062364 7020 0x60400000c890 DEBUG GST_PADS gstpad.c:5620:gst_pad_send_event_unchecked: sent event, ret ok
0:15:17.230077903 7020 0x60400000c890 LOG GST_PADS gstpad.c:5267:gst_pad_push_event_unchecked: sent event 0x60b0018f4180 (reconfigure) to peerpad , ret ok
0:15:17.230103460 7020 0x60400000c890 DEBUG GST_PADS gstpad.c:5620:gst_pad_send_event_unchecked: sent event, ret ok
0:15:17.230172810 7020 0x60400000c890 LOG GST_PADS gstpad.c:5267:gst_pad_push_event_unchecked: sent event 0x60b0018f4180 (reconfigure) to peerpad , ret ok
0:15:17.230209588 7020 0x60400000c890 DEBUG GST_PADS gstpad.c:5620:gst_pad_send_event_unchecked: sent event, ret ok
0:15:17.230227427 7020 0x60400000c890 LOG GST_PADS gstpad.c:5267:gst_pad_push_event_unchecked: sent event 0x60b0018f4180 (reconfigure) to peerpad , ret ok
0:15:17.230253491 7020 0x60400000c890 LOG GST_SCHEDULING gstpad.c:3615:do_probe_callbacks: do probes cookie 1326
0:15:17.230271460 7020 0x60400000c890 LOG GST_SCHEDULING gstpad.c:3511:probe_hook_marshal: hook 1, cookie 1326 with flags 0x00003010 does not match 00001001
0:15:17.230299544 7020 0x60400000c890 DEBUG GST_PADS gstpad.c:5620:gst_pad_send_event_unchecked: sent event, ret ok
0:15:17.230318141 7020 0x60400000c890 LOG GST_PADS gstpad.c:5267:gst_pad_push_event_unchecked: sent event 0x60b0018f4180 (reconfigure) to peerpad , ret ok
0:15:17.230346145 7020 0x60400000c890 DEBUG GST_PADS gstpad.c:5620:gst_pad_send_event_unchecked: sent event, ret ok
0:15:17.230362677 7020 0x60400000c890 LOG GST_PADS gstpad.c:5267:gst_pad_push_event_unchecked: sent event 0x60b0018f4180 (reconfigure) to peerpad , ret ok
0:15:17.230387861 7020 0x60400000c890 DEBUG GST_PADS gstpad.c:5620:gst_pad_send_event_unchecked: sent event, ret ok
0:15:17.230403081 7020 0x60400000c890 LOG GST_PADS gstpad.c:5267:gst_pad_push_event_unchecked: sent event 0x60b0018f4180 (reconfigure) to peerpad , ret ok
0:15:17.230429076 7020 0x60400000c890 DEBUG GST_PADS gstpad.c:5620:gst_pad_send_event_unchecked: sent event, ret ok
0:15:17.230445813 7020 0x60400000c890 LOG GST_PADS gstpad.c:5267:gst_pad_push_event_unchecked: sent event 0x60b0018f4180 (reconfigure) to peerpad , ret ok
0:15:17.230469376 7020 0x60400000c890 DEBUG GST_PADS gstpad.c:5620:gst_pad_send_event_unchecked: sent event, ret ok
0:15:17.230525672 7020 0x60400000c890 LOG GST_PADS gstpad.c:5267:gst_pad_push_event_unchecked: sent event 0x60b0018f4180 (reconfigure) to peerpad , ret ok
0:15:17.230556296 7020 0x60400000c890 DEBUG GST_PADS gstpad.c:5620:gst_pad_send_event_unchecked: sent event, ret ok
0:15:17.230573587 7020 0x60400000c890 LOG GST_PADS gstpad.c:5267:gst_pad_push_event_unchecked: sent event 0x60b0018f4180 (reconfigure) to peerpad , ret ok
0:15:17.230623511 7020 0x6040011cb590 LOG pulse pulsesink.c:757:gst_pulsering_stream_latency_cb: latency_update, 1491286564590803000, 0:12462312, 0:12443208, 95454, 0
0:15:17.230665273 7020 0x60400000c890 LOG GST_EVENT gstevent.c:222:_gst_event_free: freeing event 0x60b0018f4180 type reconfigure
0:15:17.230688416 7020 0x60400000c890 DEBUG GST_PADS gstpad.c:5620:gst_pad_send_event_unchecked: sent event, ret ok
0:15:17.230698540 7020 0x607000d87880 LOG nicesrc gstnicesrc.c:199:gst_nice_src_read_callback: Got buffer, getting out of the main loop
0:15:17.230705499 7020 0x60400000c890 LOG GST_PADS gstpad.c:5267:gst_pad_push_event_unchecked: sent event 0x60b0018f4180 (reconfigure) to peerpad , ret ok
0:15:17.230722555 7020 0x607000d87880 DEBUG GST_MEMORY gstmemory.c:138:gst_memory_init: new memory 0x61b0001b4a80, maxsize:1407 offset:0 size:1400
0:15:17.230748308 7020 0x607000d87880 LOG GST_BUFFER gstbuffer.c:798:gst_buffer_new: new 0x612001715440
0:15:17.230753559 7020 0x60400000c890 LOG GST_PROPERTIES gstobject.c:456:gst_object_dispatch_properties_changed: deep notification from input_recv_valve_3_1884940560_98 (drop)
0:15:17.230790132 7020 0x60400000c890 LOG GST_PROPERTIES gstobject.c:456:gst_object_dispatch_properties_changed: deep notification from input_recv_valve_3_1884940560_98 (drop)
0:15:17.230761369 7020 0x607000d87880 LOG GST_BUFFER gstbuffer.c:413:_memory_add: buffer 0x612001715440, idx -1, mem 0x61b0001b4a80
0:15:17.230884717 7020 0x60400000c890 DEBUG GST_PARENTAGE gstbin.c:1892:gst_bin_remove: removing element nicesrc70 from bin bin106
0:15:17.230907888 7020 0x60400000c890 DEBUG bin gstbin.c:1592:gst_bin_remove_func: element :nicesrc70
0:15:17.230928208 7020 0x60400000c890 DEBUG bin gstbin.c:1789:gst_bin_remove_func: recalc state preroll: 0, other async: 0, this async 0
0:15:17.230950019 7020 0x60400000c890 DEBUG GST_PARENTAGE gstelement.c:3089:gst_element_set_bus_func: setting bus to (nil)
0:15:17.230967387 7020 0x60400000c890 DEBUG GST_CLOCK gstelement.c:427:gst_element_set_clock: setting clock (nil)
0:15:17.230986598 7020 0x60400000c890 INFO GST_ELEMENT_PADS gstpad.c:2071:gst_pad_unlink: unlinking nicesrc70:src(0x616001872fb0) and funnel82:funnelpad156(0x6160010f83b0)
0:15:17.231021827 7020 0x60400000c890 LOG GST_MESSAGE gstmessage.c:300:gst_message_new_custom: source funnelpad156: creating new message 0x60c0001f5040 structure-change
0:15:17.231044655 7020 0x60400000c890 DEBUG GST_MESSAGE gstelement.c:1744:gst_element_post_message_default: not posting message 0x60c0001f5040: no bus
0:15:17.231061095 7020 0x60400000c890 LOG GST_MESSAGE gstmessage.c:207:_gst_message_free: finalize message 0x60c0001f5040, structure-change from funnelpad156
0:15:17.231084697 7020 0x60400000c890 INFO GST_ELEMENT_PADS gstpad.c:2125:gst_pad_unlink: unlinked nicesrc70:src and funnel82:funnelpad156
0:15:17.231112060 7020 0x60400000c890 LOG GST_MESSAGE gstmessage.c:300:gst_message_new_custom: source funnelpad156: creating new message 0x60c000626a40 structure-change
0:15:17.231148979 7020 0x60400000c890 DEBUG GST_MESSAGE gstelement.c:1744:gst_element_post_message_default: not posting message 0x60c000626a40: no bus
0:15:17.231169785 7020 0x60400000c890 LOG GST_MESSAGE gstmessage.c:207:_gst_message_free: finalize message 0x60c000626a40, structure-change from funnelpad156
0:15:17.231196851 7020 0x60400000c890 INFO GST_PARENTAGE gstbin.c:1822:gst_bin_remove_func: removed child "nicesrc70"
0:15:17.231231673 7020 0x60400000c890 LOG bin gstbin.c:1508:gst_bin_deep_element_removed_func: emitting deep-element-removed for element which has just been removed from
0:15:17.231260547 7020 0x60400000c890 LOG bin gstbin.c:1508:gst_bin_deep_element_removed_func: emitting deep-element-removed for element which has just been removed from
0:15:17.231284409 7020 0x60400000c890 LOG bin gstbin.c:1502:gst_bin_deep_element_removed_func: no parent, reached top-level
0:15:17.230831330 7020 0x607000d87880 LOG GST_BUFFER gstbuffer.c:854:gst_buffer_new_allocate: new buffer 0x612001715440 of size 1400 from allocator (nil)
0:15:17.231307356 7020 0x60400000c890 DEBUG GST_STATES gstelement.c:2570:gst_element_set_state_func: set_state to NULL
0:15:17.231303505 7020 0x607000d87880 LOG GST_BUFFER gstbuffer.c:1825:gst_buffer_fill: buffer 0x612001715440, offset 0, size 1400
0:15:17.231335867 7020 0x60400000c890 DEBUG GST_STATES gstelement.c:2595:gst_element_set_state_func: setting target state to NULL
0:15:17.231353682 7020 0x60400000c890 DEBUG GST_STATES gstelement.c:2608:gst_element_set_state_func: current PLAYING, old_pending VOID_PENDING, next VOID_PENDING, old return SUCCESS
0:15:17.231377045 7020 0x60400000c890 DEBUG GST_STATES gstelement.c:2642:gst_element_set_state_func: intermediate: setting state from PLAYING to PAUSED
0:15:17.231400628 7020 0x607000d87880 LOG nicesrc gstnicesrc.c:299:gst_nice_src_create: Got buffer, pushing
0:15:17.231398638 7020 0x60400000c890 LOG GST_STATES gstelement.c:2897:gst_element_change_state_func: default handler tries setting state from PLAYING to PAUSED (0023)
0:15:17.231415891 7020 0x607000d87880 DEBUG basesrc gstbasesrc.c:2309:gst_base_src_do_sync: we have no clock
0:15:17.231427646 7020 0x607000d87880 DEBUG basesrc gstbasesrc.c:2524:gst_base_src_get_range: buffer ok
0:15:17.231428257 7020 0x60400000c890 DEBUG basesrc gstbasesrc.c:3830:gst_base_src_change_state: PLAYING->PAUSED
0:15:17.231440166 7020 0x607000d87880 LOG GST_SCHEDULING gstpad.c:3615:do_probe_callbacks: do probes cookie 1918
0:15:17.231447910 7020 0x60400000c890 DEBUG basesrc gstbasesrc.c:3650:gst_base_src_set_playing: unlock
0:15:17.231454746 7020 0x607000d87880 LOG GST_SCHEDULING gstpad.c:3511:probe_hook_marshal: hook 1, cookie 1918 with flags 0x00003010 does not match 00001012
0:15:17.231473687 7020 0x607000d87880 DEBUG GST_PADS gstpad.c:3696:do_probe_callbacks: data is passed
0:15:17.231477988 7020 0x60400000c890 DEBUG basesrc gstbasesrc.c:3659:gst_base_src_set_playing: unschedule clock
0:15:17.231482766 7020 0x607000d87880 LOG GST_SCHEDULING gstpad.c:3615:do_probe_callbacks: do probes cookie 1919
0:15:17.231518967 7020 0x60400000c890 DEBUG basesrc gstbasesrc.c:3666:gst_base_src_set_playing: live running 0
0:15:17.231518196 7020 0x607000d87880 LOG GST_SCHEDULING gstpad.c:3454:probe_hook_marshal: hook 1, cookie 1919 with flags 0x00003010 matches
0:15:17.231539844 7020 0x60400000c890 DEBUG GST_STATES gstelement.c:2738:gst_element_change_state: element changed state NO_PREROLL
0:15:17.231557121 7020 0x607000d87880 DEBUG GST_PADS gstpad.c:3499:probe_hook_marshal: probe returned OK
0:15:17.231570561 7020 0x607000d87880 LOG GST_SCHEDULING gstpad.c:4533:gst_pad_push_data: pushing, but it was not linked
0:15:17.231559448 7020 0x60400000c890 INFO GST_STATES gstelement.c:2394:gst_element_continue_state: committing state from PLAYING to PAUSED, pending NULL, next READY
0:15:17.231589180 7020 0x607000d87880 LOG GST_BUFFER gstbuffer.c:724:_gst_buffer_free: finalize 0x612001715440
0:15:17.231599972 7020 0x607000d87880 DEBUG GST_MEMORY gstmemory.c:87:_gst_memory_free: free memory 0x61b0001b4a80
0:15:17.231604514 7020 0x60400000c890 INFO GST_STATES gstelement.c:2324:_priv_gst_element_state_changed: notifying about state-changed PLAYING to PAUSED (NULL pending)
0:15:17.231623598 7020 0x607000d87880 INFO basesrc gstbasesrc.c:2860:gst_base_src_loop: pausing after gst_pad_push() = not-linked
0:15:17.231636765 7020 0x607000d87880 DEBUG basesrc gstbasesrc.c:2903:gst_base_src_loop: pausing task, reason not-linked
0:15:17.231647972 7020 0x607000d87880 DEBUG GST_PADS gstpad.c:6045:gst_pad_pause_task: pause task
0:15:17.231636690 7020 0x60400000c890 LOG GST_MESSAGE gstmessage.c:300:gst_message_new_custom: source nicesrc70: creating new message 0x60c0006709c0 state-changed
0:15:17.231657044 7020 0x607000d87880 DEBUG task gsttask.c:687:gst_task_set_state: Changing task 0x612003ef8e90 to state 2
0:15:17.231666399 7020 0x60400000c890 DEBUG GST_MESSAGE gstelement.c:1744:gst_element_post_message_default: not posting message 0x60c0006709c0: no bus
0:15:17.231676129 7020 0x607000d87880 DEBUG GST_EVENT gstevent.c:305:gst_event_new_custom: creating new event 0x60b0038b24d0 eos 28174
0:15:17.231684417 7020 0x60400000c890 LOG GST_MESSAGE gstmessage.c:207:_gst_message_free: finalize message 0x60c0006709c0, state-changed from nicesrc70
0:15:17.231710525 7020 0x60400000c890 INFO GST_STATES gstelement.c:2401:gst_element_continue_state: continue state change PAUSED to READY, final NULL
0:15:17.231732628 7020 0x60400000c890 LOG GST_STATES gstelement.c:2897:gst_element_change_state_func: default handler tries setting state from PAUSED to READY (001a)
0:15:17.231750836 7020 0x60400000c890 DEBUG GST_ELEMENT_PADS gstelement.c:2840:gst_element_pads_activate: deactivate pads
