0:15:17.206728362 7020 0x60700127a260 DEBUG GST_SCHEDULING gstpad.c:4200:gst_pad_chain_data_unchecked: calling chainfunction &gst_rtp_jitter_buffer_chain with buffer buffer: 0x61200086efc0, pts 0:01:28.972877712, dts 0:01:28.972877712, dur 99:99:99.999999999, size 172, offset none, offset_end none, flags 0x0
0:15:17.206745924 7020 0x60700127a260 LOG GST_BUFFER gstbuffer.c:1720:gst_buffer_map_range: buffer 0x61200086efc0, idx 0, length 1, flags 0001
0:15:17.206756728 7020 0x60700127a260 LOG GST_BUFFER gstbuffer.c:212:_get_merged_memory: buffer 0x61200086efc0, idx 0, length 1
0:15:17.206768435 7020 0x60700127a260 DEBUG rtpjitterbuffer gstrtpjitterbuffer.c:2853:gst_rtp_jitter_buffer_chain: Received packet #31553 at time 0:01:28.972877712, discont 0, rtx 0
0:15:17.206788123 7020 0x60700127a260 LOG rtpjitterbuffer gstrtpjitterbuffer.c:2589:calculate_jitter: dtsdiff
0:00:00.017066495 rtptime 5124095:34:33.509551616, clock-rate 48000, diff 0:00:00.217066495, jitter:
0:00:00.312365241
0:15:17.206814701 7020 0x60700127a260 DEBUG rtpjitterbuffer gstrtpjitterbuffer.c:2950:gst_rtp_jitter_buffer_chain: expected #31585, got #31553, gap of -32
0:15:17.206829328 7020 0x60700127a260 DEBUG rtpjitterbuffer gstrtpjitterbuffer.c:2979:gst_rtp_jitter_buffer_chain: Clearing gap packets
0:15:17.206837684 7020 0x60700127a260 WARN rtpjitterbuffer rtpjitterbuffer.c:746:rtp_jitter_buffer_calculate_pts: backward timestamps at server, schedule resync
0:15:17.206845429 7020 0x60700127a260 INFO rtpjitterbuffer rtpjitterbuffer.c:778:rtp_jitter_buffer_calculate_pts: resync to time 0:01:28.972877712, rtptime 20:25:33.233229166
0:15:17.206862000 7020 0x60700127a260 DEBUG rtpjitterbuffer rtpjitterbuffer.c:785:rtp_jitter_buffer_calculate_pts: extrtp 3529595195, gstrtp 20:25:33.233229166, base 20:25:33.233229166, send_diff
0:00:00.000000000
0:15:17.206881493 7020 0x60700127a260 DEBUG rtpjitterbuffer rtpjitterbuffer.c:563:calculate_skew: time 0:01:28.972877712, base 0:01:28.972877712, recv_diff 0:00:00.000000000, slope 8
0:15:17.206901332 7020 0x60700127a260 DEBUG rtpjitterbuffer rtpjitterbuffer.c:580:calculate_skew: filling 1, delta 0
0:15:17.206913867 7020 0x60700127a260 DEBUG rtpjitterbuffer rtpjitterbuffer.c:664:calculate_skew: skew -951796, out
0:01:28.971925916
0:15:17.206929898 7020 0x60700127a260 DEBUG rtpjitterbuffer gstrtpjitterbuffer.c:3000:gst_rtp_jitter_buffer_chain: old packet received
0:15:17.206943685 7020 0x60700127a260 DEBUG rtpjitterbuffer gstrtpjitterbuffer.c:2076:unschedule_current_timer: unschedule current timer
0:15:17.206952633 7020 0x60700127a260 DEBUG GST_CLOCK gstsystemclock.c:1004:gst_system_clock_id_unschedule: unscheduling entry 0x60b003716930
0:15:17.206962320 7020 0x60700127a260 DEBUG GST_CLOCK gstsystemclock.c:1018:gst_system_clock_id_unschedule: entry was BUSY, doing wakeup
0:15:17.206969637 7020 0x60700127a260 DEBUG GST_CLOCK gstsystemclock.c:396:gst_system_clock_add_wakeup: writing control
0:15:17.206978056 7020 0x60700127a260 LOG GST_POLL gstpoll.c:289:raise_wakeup: 0x60700052c9f0: raise
0:15:17.206999528 7020 0x60700127a260 DEBUG GST_CLOCK gstsystemclock.c:400:gst_system_clock_add_wakeup: wakeup count 1
0:15:17.207012698 7020 0x60700127a260 DEBUG rtpjitterbuffer gstrtpjitterbuffer.c:2234:remove_timer: removed index 2
0:15:17.207023119 7020 0x60700127a260 DEBUG rtpjitterbuffer gstrtpjitterbuffer.c:3107:gst_rtp_jitter_buffer_chain: signal event
0:15:17.207004541 7020 0x607001704f80 DEBUG GST_CLOCK gstsystemclock.c:745:gst_system_clock_id_wait_jitter_unlocked: entry 0x60b003716930 unlocked, status 2, ret 1
0:15:17.207033736 7020 0x60700127a260 DEBUG rtpjitterbuffer gstrtpjitterbuffer.c:3119:gst_rtp_jitter_buffer_chain: Pushed packet #31553, now 19 packets, head: 1, percent -1
0:15:17.207045012 7020 0x607001704f80 DEBUG GST_CLOCK gstsystemclock.c:377:gst_system_clock_remove_wakeup: reading control
0:15:17.207028211 7020 0x607001c22b50 DEBUG GST_CLOCK gstsystemclock.c:745:gst_system_clock_id_wait_jitter_unlocked: entry 0x60b0018d5800 unlocked, status 3, ret 1
0:15:17.207051241 7020 0x60700127a260 DEBUG GST_SCHEDULING gstpad.c:4206:gst_pad_chain_data_unchecked: called chainfunction &gst_rtp_jitter_buffer_chain with buffer 0x61200086efc0, returned ok
0:15:17.207069122 7020 0x60700127a260 DEBUG GST_SCHEDULING gstpad.c:4206:gst_pad_chain_data_unchecked: called chainfunction &0x7f132ff539d0 with buffer 0x61200086efc0, returned ok
0:15:17.207065612 7020 0x607000883fd0 DEBUG GST_CLOCK gstsystemclock.c:745:gst_system_clock_id_wait_jitter_unlocked: entry 0x60b003191340 unlocked, status 3, ret 1
0:15:17.207075266 7020 0x607001704f80 LOG GST_POLL gstpoll.c:313:release_wakeup: 0x60700052c9f0: release
0:15:17.207084778 7020 0x60700127a260 DEBUG GST_SCHEDULING gstpad.c:4206:gst_pad_chain_data_unchecked: called chainfunction &0x7f132ff68e30 with buffer 0x61200086efc0, returned ok
0:15:17.207028218 7020 0x607001b95f80 DEBUG GST_CLOCK gstsystemclock.c:745:gst_system_clock_id_wait_jitter_unlocked: entry 0x60b002b48d70 unlocked, status 3, ret 1
0:15:17.207103035 7020 0x60700127a260 DEBUG GST_SCHEDULING gstpad.c:4206:gst_pad_chain_data_unchecked: called chainfunction &gst_srtp_dec_chain_rtp with buffer 0x61200086efc0, returned ok
0:15:17.207067145 7020 0x607000e07e20 DEBUG rtpjitterbuffer gstrtpjitterbuffer.c:4025:gst_rtp_jitter_buffer_loop: waiting event done
0:15:17.207098022 7020 0x607001704f80 DEBUG GST_CLOCK gstsystemclock.c:390:gst_system_clock_remove_wakeup: wakeup count 0
0:15:17.207128586 7020 0x60700127a260 DEBUG GST_SCHEDULING gstpad.c:4206:gst_pad_chain_data_unchecked: called chainfunction &gst_proxy_pad_chain_default with buffer 0x61200086efc0, returned ok
0:15:17.207157200 7020 0x60700127a260 LOG funnel gstfunnel.c:343:gst_funnel_sink_chain_object: handled buffer ok
0:15:17.207160866 7020 0x607001c22b50 DEBUG GST_CLOCK gstsystemclock.c:766:gst_system_clock_id_wait_jitter_unlocked: entry 0x60b0018d5800 needs to be restarted
0:15:17.207174360 7020 0x60700127a260 DEBUG GST_SCHEDULING gstpad.c:4206:gst_pad_chain_data_unchecked: called chainfunction &gst_funnel_sink_chain with buffer 0x61200086efc0, returned ok
0:15:17.207176055 7020 0x607000883fd0 DEBUG GST_CLOCK gstsystemclock.c:766:gst_system_clock_id_wait_jitter_unlocked: entry 0x60b003191340 needs to be restarted
0:15:17.207163750 7020 0x607001704f80 DEBUG GST_CLOCK gstclock.c:545:gst_clock_id_wait: done waiting entry 0x60b003716930, res: 2 (unscheduled)
0:15:17.207193564 7020 0x60700127a260 DEBUG GST_SCHEDULING gstpad.c:4206:gst_pad_chain_data_unchecked: called chainfunction &gst_proxy_pad_chain_default with buffer 0x61200086efc0, returned ok
0:15:17.207188156 7020 0x607001c22b50 DEBUG GST_CLOCK gstclock.c:1045:gst_clock_get_internal_time: internal time 69:24:59.613043403
0:15:17.207211268 7020 0x60700127a260 LOG funnel gstfunnel.c:343:gst_funnel_sink_chain_object: handled buffer ok
0:15:17.207218063 7020 0x607001704f80 DEBUG rtpjitterbuffer gstrtpjitterbuffer.c:3990:wait_next_timeout: sync unscheduled
0:15:17.207217849 7020 0x607001c22b50 DEBUG GST_CLOCK gstclock.c:1090:gst_clock_get_time: adjusted time 69:24:59.613043403
0:15:17.207228280 7020 0x607001b95f80 DEBUG GST_CLOCK gstsystemclock.c:766:gst_system_clock_id_wait_jitter_unlocked: entry 0x60b002b48d70 needs to be restarted
0:15:17.207227677 7020 0x60700127a260 DEBUG GST_SCHEDULING gstpad.c:4206:gst_pad_chain_data_unchecked: called chainfunction &gst_funnel_sink_chain with buffer 0x61200086efc0, returned ok
0:15:17.207233704 7020 0x607001704f80 DEBUG GST_CLOCK gstclock.c:350:_gst_clock_id_free: freed entry 0x60b003716930
0:15:17.207244482 7020 0x607001b95f80 DEBUG GST_CLOCK gstclock.c:1045:gst_clock_get_internal_time: internal time 69:24:59.613101606
0:15:17.207255723 7020 0x60700127a260 LOG GST_SCHEDULING gstpad.c:3615:do_probe_callbacks: do probes cookie 9180
0:15:17.207247764 7020 0x607001c22b50 DEBUG GST_CLOCK gstsystemclock.c:806:gst_system_clock_id_wait_jitter_unlocked: entry 0x60b0018d5800 restart, diff 3929954790
0:15:17.207268475 7020 0x60700127a260 LOG GST_SCHEDULING gstpad.c:3511:probe_hook_marshal: hook 1, cookie 9180 with flags 0x00003010 does not match 00001001
0:15:17.207270172 7020 0x607001b95f80 DEBUG GST_CLOCK gstclock.c:1090:gst_clock_get_time: adjusted time 69:24:59.613101606
0:15:17.207276436 7020 0x607001c22b50 DEBUG GST_POLL gstpoll.c:1316:gst_poll_wait: 0x60700052c9f0: timeout :0:00:03.929954790
0:15:17.207289333 7020 0x60700127a260 LOG basesrc gstbasesrc.c:2738:gst_base_src_loop: next_ts 99:99:99.999999999 size 4096
0:15:17.207290933 7020 0x607001b95f80 DEBUG GST_CLOCK gstsystemclock.c:806:gst_system_clock_id_wait_jitter_unlocked: entry 0x60b002b48d70 restart, diff 378552430
0:15:17.207270170 7020 0x607001704f80 DEBUG GST_CLOCK gstclock.c:1045:gst_clock_get_internal_time: internal time 69:24:59.613122458
0:15:17.207304400 7020 0x60700127a260 DEBUG basesrc gstbasesrc.c:2460:gst_base_src_get_range: calling create offset 18446744073709551615 length 4096, time 0
0:15:17.207308253 7020 0x607001b95f80 DEBUG GST_POLL gstpoll.c:1316:gst_poll_wait: 0x60700052c9f0: timeout :0:00:00.378552430
0:15:17.207325951 7020 0x60700127a260 LOG nicesrc gstnicesrc.c:278:gst_nice_src_create: create called
0:15:17.207204428 7020 0x607000883fd0 DEBUG GST_CLOCK gstclock.c:1045:gst_clock_get_internal_time: internal time 69:24:59.613060260
0:15:17.207320174 7020 0x607001704f80 DEBUG GST_CLOCK gstclock.c:1090:gst_clock_get_time: adjusted time 69:24:59.613122458
0:15:17.207264783 7020 0x607000e07e20 DEBUG rtpjitterbuffer gstrtpjitterbuffer.c:3375:pop_and_push_next: Pushing buffer 31553, dts 0:01:28.972877712, pts
0:01:28.971925916
0:15:17.207362824 7020 0x607001704f80 DEBUG rtpjitterbuffer gstrtpjitterbuffer.c:3869:wait_next_timeout: now
0:01:28.974094661
0:15:17.207364797 7020 0x607000883fd0 DEBUG GST_CLOCK gstclock.c:1090:gst_clock_get_time: adjusted time 69:24:59.613122458
0:15:17.207367924 7020 0x607000e07e20 DEBUG GST_SCHEDULING gstpad.c:4200:gst_pad_chain_data_unchecked: calling chainfunction &0x7f132ff4e900 with buffer buffer: 0x61200086efc0, pts 0:01:28.971925916, dts 0:01:28.972877712, dur 99:99:99.999999999, size 172, offset none, offset_end none, flags 0x0
0:15:17.207390841 7020 0x607000883fd0 DEBUG GST_CLOCK gstsystemclock.c:806:gst_system_clock_id_wait_jitter_unlocked: entry 0x60b003191340 restart, diff 41141460
0:15:17.207382327 7020 0x607001704f80 DEBUG rtpjitterbuffer gstrtpjitterbuffer.c:3885:wait_next_timeout: 0, 1, 31578,
0:01:29.261472262 diff:+0:00:00.287377601
0:15:17.207409506 7020 0x607000883fd0 DEBUG GST_POLL gstpoll.c:1316:gst_poll_wait: 0x60700052c9f0: timeout :0:00:00.041141460
0:15:17.207402982 7020 0x607000e07e20 LOG GST_BUFFER gstbuffer.c:1720:gst_buffer_map_range: buffer 0x61200086efc0, idx 0, length 1, flags 0001
0:15:17.207437302 7020 0x607001704f80 DEBUG rtpjitterbuffer gstrtpjitterbuffer.c:3922:wait_next_timeout: new best 0
0:15:17.207441386 7020 0x607000e07e20 LOG GST_BUFFER gstbuffer.c:212:_get_merged_memory: buffer 0x61200086efc0, idx 0, length 1
0:15:17.207468973 7020 0x607000e07e20 DEBUG rtpptdemux gstrtpptdemux.c:361:gst_rtp_pt_demux_chain: received buffer for pt 96
0:15:17.207457384 7020 0x607001704f80 DEBUG rtpjitterbuffer gstrtpjitterbuffer.c:3885:wait_next_timeout: 1, 1, 31582,
0:01:29.444293773 diff:+0:00:00.470199112
0:15:17.207486918 7020 0x607000e07e20 DEBUG GST_SCHEDULING gstpad.c:4200:gst_pad_chain_data_unchecked: calling chainfunction &gst_proxy_pad_chain_default with buffer buffer: 0x61200086efc0, pts 0:01:28.971925916, dts 0:01:28.972877712, dur 99:99:99.999999999, size 172, offset none, offset_end none, flags 0x0
0:15:17.207491089 7020 0x607001704f80 DEBUG rtpjitterbuffer gstrtpjitterbuffer.c:3885:wait_next_timeout: 2, 1, 31580,
0:01:29.321997341 diff:+0:00:00.347902680
0:15:17.207512308 7020 0x607000e07e20 DEBUG GST_SCHEDULING gstpad.c:4200:gst_pad_chain_data_unchecked: calling chainfunction &gst_valve_chain with buffer buffer: 0x61200086efc0, pts 0:01:28.971925916, dts 0:01:28.972877712, dur 99:99:99.999999999, size 172, offset none, offset_end none, flags 0x0
0:15:17.207519620 7020 0x607001704f80 DEBUG rtpjitterbuffer gstrtpjitterbuffer.c:3885:wait_next_timeout: 3, 1, 31570,
0:01:29.052562895 diff:+0:00:00.078468234
0:15:17.207543220 7020 0x607000e07e20 DEBUG GST_SCHEDULING gstpad.c:4200:gst_pad_chain_data_unchecked: calling chainfunction &gst_base_transform_chain with buffer buffer: 0x61200086efc0, pts 0:01:28.971925916, dts 0:01:28.972877712, dur 99:99:99.999999999, size 172, offset none, offset_end none, flags 0x0
0:15:17.207555290 7020 0x607001704f80 DEBUG rtpjitterbuffer gstrtpjitterbuffer.c:3922:wait_next_timeout: new best 3
0:15:17.207564670 7020 0x607000e07e20 DEBUG basetransform gstbasetransform.c:2041:default_submit_input_buffer: handling buffer 0x61200086efc0 of size 172, PTS
0:01:28.971925916 and offset NONE
0:15:17.207583176 7020 0x607000e07e20 DEBUG basetransform gstbasetransform.c:2153:default_generate_output: calling prepare buffer
0:15:17.207571354 7020 0x607001704f80 DEBUG rtpjitterbuffer gstrtpjitterbuffer.c:3885:wait_next_timeout: 4, 1, 31583,
0:01:29.499867881 diff:+0:00:00.525773220
0:15:17.207592054 7020 0x607000e07e20 DEBUG basetransform gstbasetransform.c:2160:default_generate_output: using allocated buffer in 0x61200086efc0, out 0x61200086efc0
0:15:17.207605090 7020 0x607000e07e20 DEBUG basetransform gstbasetransform.c:2177:default_generate_output: doing inplace transform
0:15:17.207600335 7020 0x607001704f80 DEBUG rtpjitterbuffer gstrtpjitterbuffer.c:3885:wait_next_timeout: 5, 1, 31557,
0:01:29.031980540 diff:+0:00:00.057885879
0:15:17.207615346 7020 0x607000e07e20 DEBUG GST_SCHEDULING gstpad.c:4200:gst_pad_chain_data_unchecked: calling chainfunction &gst_proxy_pad_chain_default with buffer buffer: 0x61200086efc0, pts 0:01:28.971925916, dts 0:01:28.972877712, dur 99:99:99.999999999, size 172, offset none, offset_end none, flags 0x0
0:15:17.207629359 7020 0x607001704f80 DEBUG rtpjitterbuffer gstrtpjitterbuffer.c:3922:wait_next_timeout: new best 5
0:15:17.207637725 7020 0x607000e07e20 DEBUG GST_SCHEDULING gstpad.c:4200:gst_pad_chain_data_unchecked: calling chainfunction &0x7f133019b660 with buffer buffer: 0x61200086efc0, pts 0:01:28.971925916, dts 0:01:28.972877712, dur 99:99:99.999999999, size 172, offset none, offset_end none, flags 0x0
0:15:17.207645737 7020 0x607001704f80 DEBUG rtpjitterbuffer gstrtpjitterbuffer.c:3885:wait_next_timeout: 6, 1, 31568,
0:01:29.031980540 diff:+0:00:00.057885879
0:15:17.207657656 7020 0x607000e07e20 LOG GST_BUFFER gstbuffer.c:1720:gst_buffer_map_range: buffer 0x61200086efc0, idx 0, length 1, flags 0001
0:15:17.207678993 7020 0x607000e07e20 LOG GST_BUFFER gstbuffer.c:212:_get_merged_memory: buffer 0x61200086efc0, idx 0, length 1
0:15:17.207682278 7020 0x607001704f80 DEBUG rtpjitterbuffer gstrtpjitterbuffer.c:3885:wait_next_timeout: 7, 1, 31574,
0:01:29.166423226 diff:+0:00:00.192328565
0:15:17.207693443 7020 0x607000e07e20 LOG rtpbasedepayload gstrtpbasedepayload.c:396:gst_rtp_base_depayload_handle_buffer: discont 0, seqnum 31553, rtptime 3529595195, pts 0:01:28.971925916, dts
0:01:28.972877712
0:15:17.207711735 7020 0x607000e07e20 LOG GST_BUFFER gstbuffer.c:1720:gst_buffer_map_range: buffer 0x61200086efc0, idx 0, length 1, flags 0001
0:15:17.207722920 7020 0x607000e07e20 LOG GST_BUFFER gstbuffer.c:212:_get_merged_memory: buffer 0x61200086efc0, idx 0, length 1
0:15:17.207708248 7020 0x607001704f80 DEBUG rtpjitterbuffer gstrtpjitterbuffer.c:3885:wait_next_timeout: 8, 1, 31577,
0:01:29.237710003 diff:+0:00:00.263615342
0:15:17.207733674 7020 0x607000e07e20 LOG GST_BUFFER gstbuffer.c:798:gst_buffer_new: new 0x612004fa9d40
0:15:17.207742107 7020 0x607000e07e20 LOG GST_BUFFER gstbuffer.c:2038:gst_buffer_copy_region: new region copy 0x612004fa9d40 of 0x61200086efc0 12-160
0:15:17.207754640 7020 0x607000e07e20 LOG GST_BUFFER gstbuffer.c:514:gst_buffer_copy_into: copy 0x61200086efc0 to 0x612004fa9d40, offset 12-160/172
0:15:17.207745968 7020 0x607001704f80 DEBUG rtpjitterbuffer gstrtpjitterbuffer.c:3964:wait_next_timeout: sync to timestamp
0:01:29.031980540 with sync time 69:24:59.671008337
0:15:17.207769911 7020 0x607000e07e20 DEBUG GST_MEMORY gstmemory.c:138:gst_memory_init: new memory 0x60d0003e0a30, maxsize:179 offset:12 size:160
0:15:17.207784759 7020 0x607000e07e20 LOG GST_BUFFER gstbuffer.c:413:_memory_add: buffer 0x612004fa9d40, idx -1, mem 0x60d0003e0a30
0:15:17.207778989 7020 0x607001704f80 DEBUG GST_CLOCK gstclock.c:247:gst_clock_entry_new: created entry 0x60b0017852f0, time 69:24:59.671008337
0:15:17.207808825 7020 0x607001704f80 DEBUG GST_CLOCK gstclock.c:535:gst_clock_id_wait: waiting on clock entry 0x60b0017852f0
0:15:17.207802216 7020 0x607000e07e20 DEBUG GST_SCHEDULING gstpad.c:4200:gst_pad_chain_data_unchecked: calling chainfunction &gst_audio_decoder_chain with buffer buffer: 0x612004fa9d40, pts 0:01:28.971925916, dts 0:01:28.972877712, dur 99:99:99.999999999, size 160, offset none, offset_end none, flags 0x4000
0:15:17.207824356 7020 0x607001704f80 DEBUG GST_CLOCK gstclock.c:1045:gst_clock_get_internal_time: internal time 69:24:59.613682010
0:15:17.207829851 7020 0x607000e07e20 LOG audiodecoder gstaudiodecoder.c:1906:gst_audio_decoder_chain: received buffer of size 160 with ts 0:01:28.971925916, duration 99:99:99.999999999
0:15:17.207851182 7020 0x607000e07e20 LOG adapter gstadapter.c:388:gst_adapter_push: pushing 0x612004fa9d40 first 160 bytes
0:15:17.207852718 7020 0x607001704f80 DEBUG GST_CLOCK gstclock.c:1090:gst_clock_get_time: adjusted time 69:24:59.613682010
0:15:17.207866928 7020 0x607000e07e20 LOG adapter gstadapter.c:289:update_timestamps_and_offset: new pts
0:01:28.971925916
0:15:17.207881264 7020 0x607000e07e20 LOG adapter gstadapter.c:295:update_timestamps_and_offset: new dts
0:01:28.972877712
0:15:17.207873459 7020 0x607001704f80 DEBUG GST_CLOCK gstsystemclock.c:717:gst_system_clock_id_wait_jitter_unlocked: entry 0x60b0017852f0 time 69:24:59.671008337 now 69:24:59.613682010 diff (time-now) 57326327
0:15:17.207895793 7020 0x607000e07e20 DEBUG audiodecoder gstaudiodecoder.c:1492:gst_audio_decoder_push_buffers: available: 160
0:15:17.207913494 7020 0x607000e07e20 LOG adapter gstadapter.c:973:gst_adapter_get_buffer: getting buffer of 160 bytes
0:15:17.207906169 7020 0x607001704f80 DEBUG GST_POLL gstpoll.c:1316:gst_poll_wait: 0x60700052c9f0: timeout :0:00:00.057326327
0:15:17.207926051 7020 0x607000e07e20 LOG adapter gstadapter.c:988:gst_adapter_get_buffer: providing buffer of 160 bytes as head buffer
0:15:17.207938116 7020 0x607000e07e20 LOG adapter gstadapter.c:633:gst_adapter_flush_unchecked: flushing 160 bytes
0:15:17.207949523 7020 0x607000e07e20 LOG adapter gstadapter.c:655:gst_adapter_flush_unchecked: flushing out head buffer
0:15:17.207958468 7020 0x607000e07e20 LOG adapter gstadapter.c:667:gst_adapter_flush_unchecked: adapter empty now
0:15:17.207967729 7020 0x607000e07e20 LOG audiodecoder gstaudiodecoder.c:1458:gst_audio_decoder_handle_frame: tracking frame size 160, ts
0:01:28.971925916
0:15:17.207984454 7020 0x607000e07e20 LOG opusdec gstopusdec.c:867:gst_opus_dec_handle_frame: Got buffer ts 0:01:28.971925916, duration 99:99:99.999999999
0:15:17.208001652 7020 0x607000e07e20 DEBUG opusdec gstopusdec.c:504:opus_dec_chain_parse_data: Received buffer of size 160
0:15:17.208010183 7020 0x607000e07e20 LOG GST_BUFFER gstbuffer.c:1720:gst_buffer_map_range: buffer 0x612004fa9d40, idx 0, length -1, flags 0001
0:15:17.208022914 7020 0x607000e07e20 LOG GST_BUFFER gstbuffer.c:212:_get_merged_memory: buffer 0x612004fa9d40, idx 0, length 1
0:15:17.208035654 7020 0x607000e07e20 DEBUG opusdec gstopusdec.c:530:opus_dec_chain_parse_data: Using buffer of size 160
0:15:17.208043981 7020 0x607000e07e20 DEBUG audiodecoder gstaudiodecoder.c:3545:gst_audio_decoder_allocate_output_buffer: alloc src buffer
0:15:17.208054003 7020 0x607000e07e20 DEBUG GST_MEMORY gstmemory.c:138:gst_memory_init: new memory 0x62a0002ca200, maxsize:23047 offset:0 size:23040
0:15:17.208068640 7020 0x607000e07e20 LOG GST_BUFFER gstbuffer.c:798:gst_buffer_new: new 0x612000388540
0:15:17.208077138 7020 0x607000e07e20 LOG GST_BUFFER gstbuffer.c:413:_memory_add: buffer 0x612000388540, idx -1, mem 0x62a0002ca200
0:15:17.208087131 7020 0x607000e07e20 LOG GST_BUFFER gstbuffer.c:854:gst_buffer_new_allocate: new buffer 0x612000388540 of size 23040 from allocator (nil)
0:15:17.208099677 7020 0x607000e07e20 LOG opusdec gstopusdec.c:443:packet_duration_opus: Opus packet: frame size 20.0 ms, 1 frames, duration 20.0 ms
0:15:17.208119008 7020 0x607000e07e20 LOG GST_BUFFER gstbuffer.c:1720:gst_buffer_map_range: buffer 0x612000388540, idx 0, length -1, flags 0002
0:15:17.208132987 7020 0x607000e07e20 LOG GST_BUFFER gstbuffer.c:212:_get_merged_memory: buffer 0x612000388540, idx 0, length 1
0:15:17.208160294 7020 0x607000e07e20 LOG opusdec gstopusdec.c:628:opus_dec_chain_parse_data: FEC disabled, decoding buffer
0:15:17.208215896 7020 0x607000e07e20 DEBUG opusdec gstopusdec.c:663:opus_dec_chain_parse_data: decoded 960 samples
0:15:17.208226445 7020 0x607000e07e20 LOG GST_BUFFER gstbuffer.c:1581:gst_buffer_resize_range: trim 0x612000388540 0-3840 size:23040 offs:0 max:23047
0:15:17.208243548 7020 0x607000e07e20 LOG audiodecoder gstaudiodecoder.c:1256:gst_audio_decoder_finish_frame: accepting 3840 bytes == 960 samples for 1 frames
0:15:17.208259207 7020 0x607000e07e20 DEBUG audiodecoder gstaudiodecoder.c:1302:gst_audio_decoder_finish_frame: leading frame ts
0:01:28.971925916
0:15:17.208276540 7020 0x607000e07e20 DEBUG audiodecoder gstaudiodecoder.c:1349:gst_audio_decoder_finish_frame: base_ts resync
0:15:17.208286222 7020 0x607000e07e20 LOG audiodecoder gstaudiodecoder.c:1011:gst_audio_decoder_output: output buffer of size 3840 with ts 0:01:28.971925916, duration
0:00:00.020000000
0:15:17.208305333 7020 0x607000e07e20 LOG audiodecoder gstaudiodecoder.c:933:gst_audio_decoder_push_forward: clipping buffer of size 3840 with ts 0:01:28.971925916, duration
0:00:00.020000000
0:15:17.208322926 7020 0x607000e07e20 DEBUG audio audio.c:108:gst_audio_buffer_clip: timestamp
0:01:28.971925916
0:15:17.208338633 7020 0x607000e07e20 LOG audiodecoder gstaudiodecoder.c:984:gst_audio_decoder_push_forward: pushing buffer of size 3840 with ts 0:01:28.971925916, duration
0:00:00.020000000
0:15:17.208358294 7020 0x607000e07e20 DEBUG GST_SCHEDULING gstpad.c:4200:gst_pad_chain_data_unchecked: calling chainfunction &gst_proxy_pad_chain_default with buffer buffer: 0x612000388540, pts 0:01:28.971925916, dts 99:99:99.999999999, dur 0:00:00.020000000, size 3840, offset none, offset_end none, flags 0x0
0:15:17.208382753 7020 0x607000e07e20 DEBUG GST_SCHEDULING gstpad.c:4200:gst_pad_chain_data_unchecked: calling chainfunction &gst_valve_chain with buffer buffer: 0x612000388540, pts 0:01:28.971925916, dts 99:99:99.999999999, dur 0:00:00.020000000, size 3840, offset none, offset_end none, flags 0x0
0:15:17.208414122 7020 0x607000e07e20 DEBUG GST_SCHEDULING gstpad.c:4200:gst_pad_chain_data_unchecked: calling chainfunction &gst_proxy_pad_chain_default with buffer buffer: 0x612000388540, pts 0:01:28.971925916, dts 99:99:99.999999999, dur 0:00:00.020000000, size 3840, offset none, offset_end none, flags 0x0
0:15:17.208448599 7020 0x607000e07e20 DEBUG GST_SCHEDULING gstpad.c:4200:gst_pad_chain_data_unchecked: calling chainfunction &gst_proxy_pad_chain_default with buffer buffer: 0x612000388540, pts 0:01:28.971925916, dts 99:99:99.999999999, dur 0:00:00.020000000, size 3840, offset none, offset_end none, flags 0x0
0:15:17.208475884 7020 0x607000e07e20 DEBUG GST_SCHEDULING gstpad.c:4200:gst_pad_chain_data_unchecked: calling chainfunction &gst_proxy_pad_chain_default with buffer buffer: 0x612000388540, pts 0:01:28.971925916, dts 99:99:99.999999999, dur 0:00:00.020000000, size 3840, offset none, offset_end none, flags 0x0
0:15:17.208497518 7020 0x607000e07e20 DEBUG GST_SCHEDULING gstpad.c:4200:gst_pad_chain_data_unchecked: calling chainfunction &gst_base_transform_chain with buffer buffer: 0x612000388540, pts 0:01:28.971925916, dts 99:99:99.999999999, dur 0:00:00.020000000, size 3840, offset none, offset_end none, flags 0x0
0:15:17.208516341 7020 0x607000e07e20 DEBUG audio audio.c:108:gst_audio_buffer_clip: timestamp
0:01:28.971925916
0:15:17.208531082 7020 0x607000e07e20 DEBUG basetransform gstbasetransform.c:2041:default_submit_input_buffer: handling buffer 0x612000388540 of size 3840, PTS
0:01:28.971925916 and offset NONE
0:15:17.208550861 7020 0x607000e07e20 DEBUG basetransform gstbasetransform.c:2153:default_generate_output: calling prepare buffer
0:15:17.208559813 7020 0x607000e07e20 DEBUG basetransform gstbasetransform.c:1650:default_prepare_output_buffer: passthrough: reusing input buffer
0:15:17.208569583 7020 0x607000e07e20 DEBUG basetransform gstbasetransform.c:2160:default_generate_output: using allocated buffer in 0x612000388540, out 0x612000388540
0:15:17.208583153 7020 0x607000e07e20 DEBUG basetransform gstbasetransform.c:2171:default_generate_output: element is in passthrough
0:15:17.208593358 7020 0x607000e07e20 DEBUG GST_SCHEDULING gstpad.c:4200:gst_pad_chain_data_unchecked: calling chainfunction &gst_base_transform_chain with buffer buffer: 0x612000388540, pts 0:01:28.971925916, dts 99:99:99.999999999, dur 0:00:00.020000000, size 3840, offset none, offset_end none, flags 0x0
0:15:17.208612899 7020 0x607000e07e20 DEBUG audio audio.c:108:gst_audio_buffer_clip: timestamp
0:01:28.971925916
0:15:17.208630349 7020 0x607000e07e20 DEBUG basetransform gstbasetransform.c:2041:default_submit_input_buffer: handling buffer 0x612000388540 of size 3840, PTS
0:01:28.971925916 and offset NONE
0:15:17.208656459 7020 0x607000e07e20 DEBUG basetransform gstbasetransform.c:2153:default_generate_output: calling prepare buffer
0:15:17.208856115 7020 0x607000e07e20 DEBUG basetransform gstbasetransform.c:1650:default_prepare_output_buffer: passthrough: reusing input buffer
0:15:17.208879436 7020 0x607000e07e20 DEBUG basetransform gstbasetransform.c:2160:default_generate_output: using allocated buffer in 0x612000388540, out 0x612000388540
0:15:17.208895676 7020 0x607000e07e20 DEBUG basetransform gstbasetransform.c:2171:default_generate_output: element is in passthrough
0:15:17.208933813 7020 0x604000d1ed50 LOG pulse pulsesrc.c:920:gst_pulsesrc_stream_request_cb: got request for length 640
0:15:17.208975249 7020 0x607000f7fce0 LOG pulse pulsesrc.c:1121:gst_pulsesrc_read: have data of 640 bytes
0:15:17.209005511 7020 0x607000f7fce0 LOG pulse pulsesrc.c:1106:gst_pulsesrc_read: reading 504 bytes
0:15:17.209027458 7020 0x607000f7fce0 LOG pulse pulsesrc.c:1121:gst_pulsesrc_read: have data of 0 bytes
0:15:17.209042581 7020 0x607000f7fce0 LOG pulse pulsesrc.c:1128:gst_pulsesrc_read: waiting for data
0:15:17.209294985 7020 0x6040011cb590 LOG pulse pulsesink.c:757:gst_pulsering_stream_latency_cb: latency_update, 1491286564569482000, 0:12435472, 0:12440980, 105139, 0
0:15:17.209336044 7020 0x6040011cb590 LOG pulse pulsesink.c:684:gst_pulsering_stream_request_cb: got request for length 32384
0:15:17.208907600 7020 0x607000e07e20 DEBUG GST_SCHEDULING gstpad.c:4200:gst_pad_chain_data_unchecked: calling chainfunction &gst_base_transform_chain with buffer buffer: 0x612000388540, pts 0:01:28.971925916, dts 99:99:99.999999999, dur 0:00:00.020000000, size 3840, offset none, offset_end none, flags 0x0
0:15:17.210255276 7020 0x607000e07e20 DEBUG audio audio.c:108:gst_audio_buffer_clip: timestamp
0:01:28.971925916
0:15:17.210273930 7020 0x607000e07e20 DEBUG basetransform gstbasetransform.c:2041:default_submit_input_buffer: handling buffer 0x612000388540 of size 3840, PTS
0:01:28.971925916 and offset NONE
0:15:17.210297212 7020 0x607000e07e20 DEBUG basetransform gstbasetransform.c:2153:default_generate_output: calling prepare buffer
0:15:17.210307781 7020 0x607000e07e20 DEBUG basetransform gstbasetransform.c:1650:default_prepare_output_buffer: passthrough: reusing input buffer
0:15:17.210317667 7020 0x607000e07e20 DEBUG basetransform gstbasetransform.c:2160:default_generate_output: using allocated buffer in 0x612000388540, out 0x612000388540
0:15:17.210343847 7020 0x607000e07e20 DEBUG basetransform gstbasetransform.c:2171:default_generate_output: element is in passthrough
0:15:17.210361347 7020 0x607000e07e20 DEBUG GST_SCHEDULING gstpad.c:4200:gst_pad_chain_data_unchecked: calling chainfunction &gst_base_sink_chain with buffer buffer: 0x612000388540, pts 0:01:28.971925916, dts 99:99:99.999999999, dur 0:00:00.020000000, size 3840, offset none, offset_end none, flags 0x0
0:15:17.210401146 7020 0x607000e07e20 DEBUG basesink gstbasesink.c:3360:gst_base_sink_chain_unlocked: got times start: 0:01:28.971925916, end:
0:01:28.991925916
0:15:17.210442271 7020 0x607000e07e20 DEBUG basesink gstbasesink.c:1946:gst_base_sink_get_sync_times: got times start: 0:01:28.971925916, stop: 0:01:28.991925916, do_sync 0
0:15:17.210483900 7020 0x607000e07e20 LOG basesink gstbasesink.c:2483:gst_base_sink_do_sync: avg frame diff
0:00:00.182408439
0:15:17.210760680 7020 0x60700127a260 LOG nicesrc gstnicesrc.c:199:gst_nice_src_read_callback: Got buffer, getting out of the main loop
0:15:17.210779323 7020 0x60700127a260 DEBUG GST_MEMORY gstmemory.c:138:gst_memory_init: new memory 0x61300036e300, maxsize:179 offset:0 size:172
0:15:17.210801960 7020 0x60700127a260 LOG GST_BUFFER gstbuffer.c:798:gst_buffer_new: new 0x612003697cc0
0:15:17.210814700 7020 0x60700127a260 LOG GST_BUFFER gstbuffer.c:413:_memory_add: buffer 0x612003697cc0, idx -1, mem 0x61300036e300
0:15:17.210831696 7020 0x60700127a260 LOG GST_BUFFER gstbuffer.c:854:gst_buffer_new_allocate: new buffer 0x612003697cc0 of size 172 from allocator (nil)
0:15:17.210848570 7020 0x60700127a260 LOG GST_BUFFER gstbuffer.c:1825:gst_buffer_fill: buffer 0x612003697cc0, offset 0, size 172
0:15:17.210938262 7020 0x60700127a260 LOG nicesrc gstnicesrc.c:299:gst_nice_src_create: Got buffer, pushing
0:15:17.210953697 7020 0x60700127a260 DEBUG GST_CLOCK gstclock.c:1045:gst_clock_get_internal_time: internal time 69:24:59.616811569
0:15:17.210975069 7020 0x60700127a260 DEBUG GST_CLOCK gstclock.c:1090:gst_clock_get_time: adjusted time 69:24:59.616811569
0:15:17.210992308 7020 0x60700127a260 LOG basesrc gstbasesrc.c:2267:gst_base_src_do_sync: created DTS
0:01:28.977783772
0:15:17.211009383 7020 0x60700127a260 LOG basesrc gstbasesrc.c:2277:gst_base_src_do_sync: created PTS
0:01:28.977783772
0:15:17.211025885 7020 0x60700127a260 DEBUG basesrc gstbasesrc.c:2315:gst_base_src_do_sync: no sync needed
0:15:17.211036690 7020 0x60700127a260 DEBUG basesrc gstbasesrc.c:2524:gst_base_src_get_range: buffer ok
0:15:17.211047995 7020 0x60700127a260 LOG GST_SCHEDULING gstpad.c:3615:do_probe_callbacks: do probes cookie 9181
0:15:17.211019629 7020 0x607000e07e20 DEBUG basesink gstbasesink.c:3468:gst_base_sink_chain_unlocked: rendering object 0x612000388540
0:15:17.211061201 7020 0x60700127a260 LOG GST_SCHEDULING gstpad.c:3511:probe_hook_marshal: hook 1, cookie 9181 with flags 0x00003010 does not match 00001012
0:15:17.211306912 7020 0x60700127a260 DEBUG GST_PADS gstpad.c:3696:do_probe_callbacks: data is passed
0:15:17.211317850 7020 0x60700127a260 LOG GST_SCHEDULING gstpad.c:3615:do_probe_callbacks: do probes cookie 9182
0:15:17.211331963 7020 0x60700127a260 LOG GST_SCHEDULING gstpad.c:3454:probe_hook_marshal: hook 1, cookie 9182 with flags 0x00003010 matches
0:15:17.211368179 7020 0x60700127a260 LOG GST_BUFFER gstbuffer.c:1720:gst_buffer_map_range: buffer 0x612003697cc0, idx 0, length 1, flags 0001
0:15:17.211385715 7020 0x60700127a260 LOG GST_BUFFER gstbuffer.c:212:_get_merged_memory: buffer 0x612003697cc0, idx 0, length 1
0:15:17.211409887 7020 0x60700127a260 DEBUG GST_PADS gstpad.c:3499:probe_hook_marshal: probe returned OK
0:15:17.211425715 7020 0x60700127a260 DEBUG GST_SCHEDULING gstpad.c:4200:gst_pad_chain_data_unchecked: calling chainfunction &gst_funnel_sink_chain with buffer buffer: 0x612003697cc0, pts 0:01:28.977783772, dts 0:01:28.977783772, dur 99:99:99.999999999, size 172, offset none, offset_end none, flags 0x0
0:15:17.211453292 7020 0x60700127a260 DEBUG funnel gstfunnel.c:322:gst_funnel_sink_chain_object: received buffer: 0x612003697cc0, pts 0:01:28.977783772, dts 0:01:28.977783772, dur 99:99:99.999999999, size 172, offset none, offset_end none, flags 0x0
0:15:17.211477731 7020 0x60700127a260 DEBUG GST_SCHEDULING gstpad.c:4200:gst_pad_chain_data_unchecked: calling chainfunction &gst_proxy_pad_chain_default with buffer buffer: 0x612003697cc0, pts 0:01:28.977783772, dts 0:01:28.977783772, dur 99:99:99.999999999, size 172, offset none, offset_end none, flags 0x0
0:15:17.211504159 7020 0x60700127a260 DEBUG GST_SCHEDULING gstpad.c:4200:gst_pad_chain_data_unchecked: calling chainfunction &gst_funnel_sink_chain with buffer buffer: 0x612003697cc0, pts 0:01:28.977783772, dts 0:01:28.977783772, dur 99:99:99.999999999, size 172, offset none, offset_end none, flags 0x0
0:15:17.211526556 7020 0x60700127a260 DEBUG funnel gstfunnel.c:322:gst_funnel_sink_chain_object: received buffer: 0x612003697cc0, pts 0:01:28.977783772, dts 0:01:28.977783772, dur 99:99:99.999999999, size 172, offset none, offset_end none, flags 0x0
0:15:17.211548090 7020 0x60700127a260 DEBUG GST_SCHEDULING gstpad.c:4200:gst_pad_chain_data_unchecked: calling chainfunction &gst_proxy_pad_chain_default with buffer buffer: 0x612003697cc0, pts 0:01:28.977783772, dts 0:01:28.977783772, dur 99:99:99.999999999, size 172, offset none, offset_end none, flags 0x0
0:15:17.211572310 7020 0x60700127a260 DEBUG GST_SCHEDULING gstpad.c:4200:gst_pad_chain_data_unchecked: calling chainfunction &gst_srtp_dec_chain_rtp with buffer buffer: 0x612003697cc0, pts 0:01:28.977783772, dts 0:01:28.977783772, dur 99:99:99.999999999, size 172, offset none, offset_end none, flags 0x0
0:15:17.211594941 7020 0x60700127a260 LOG GST_BUFFER gstbuffer.c:1720:gst_buffer_map_range: buffer 0x612003697cc0, idx 0, length 1, flags 10001
0:15:17.211608144 7020 0x60700127a260 LOG GST_BUFFER gstbuffer.c:212:_get_merged_memory: buffer 0x612003697cc0, idx 0, length 1
0:15:17.211627250 7020 0x60700127a260 DEBUG GST_SCHEDULING gstpad.c:4200:gst_pad_chain_data_unchecked: calling chainfunction &0x7f132ff68e30 with buffer buffer: 0x612003697cc0, pts 0:01:28.977783772, dts 0:01:28.977783772, dur 99:99:99.999999999, size 172, offset none, offset_end none, flags 0x0
0:15:17.211651284 7020 0x60700127a260 LOG rtpsession gstrtpsession.c:1917:gst_rtp_session_chain_recv_rtp: received RTP packet
0:15:17.211662272 7020 0x60700127a260 DEBUG GST_CLOCK gstclock.c:1045:gst_clock_get_internal_time: internal time 69:24:59.617521167
0:15:17.211678841 7020 0x60700127a260 DEBUG GST_CLOCK gstclock.c:1090:gst_clock_get_time: adjusted time 69:24:59.617521167
0:15:17.211695486 7020 0x60700127a260 LOG GST_BUFFER gstbuffer.c:1720:gst_buffer_map_range: buffer 0x612003697cc0, idx 0, length 1, flags 0001
0:15:17.211708145 7020 0x60700127a260 LOG GST_BUFFER gstbuffer.c:212:_get_merged_memory: buffer 0x612003697cc0, idx 0, length 1
0:15:17.211723821 7020 0x60700127a260 INFO rtpsource rtpsource.c:1147:update_receiver_stats: duplicate or reordered packet (seqnr 31583, expected 31585)
0:15:17.211736560 7020 0x60700127a260 LOG rtpsource rtpsource.c:1158:update_receiver_stats: seq 31583, PC: 3023, OC: 483680
0:15:17.211749185 7020 0x60700127a260 LOG rtpsource rtpsource.c:938:calculate_jitter: SSRC cda4377b got payload 96
0:15:17.211762120 7020 0x60700127a260 LOG rtpsource rtpsource.c:971:calculate_jitter: rtparrival 4270933, rtptime 3529623995, clock-rate 48000, diff 28565, jitter: 15841.750000
0:15:17.211782868 7020 0x60700127a260 LOG rtpsource rtpsource.c:879:push_packet: pushing new packet
0:15:17.211789498 7020 0x60700127a260 LOG rtpsession rtpsession.c:1389:source_push_rtp: source cda4377b pushed receiver RTP packet
0:15:17.211803305 7020 0x60700127a260 LOG rtpsession gstrtpsession.c:1336:gst_rtp_session_process_rtp: pushing received RTP packet
0:15:17.211814615 7020 0x60700127a260 DEBUG GST_SCHEDULING gstpad.c:4200:gst_pad_chain_data_unchecked: calling chainfunction &0x7f132ff539d0 with buffer buffer: 0x612003697cc0, pts 0:01:28.977783772, dts 0:01:28.977783772, dur 99:99:99.999999999, size 172, offset none, offset_end none, flags 0x0
0:15:17.211835763 7020 0x60700127a260 LOG GST_BUFFER gstbuffer.c:1720:gst_buffer_map_range: buffer 0x612003697cc0, idx 0, length 1, flags 0001
0:15:17.211847904 7020 0x60700127a260 LOG GST_BUFFER gstbuffer.c:212:_get_merged_memory: buffer 0x612003697cc0, idx 0, length 1
0:15:17.211860675 7020 0x60700127a260 DEBUG rtpssrcdemux gstrtpssrcdemux.c:625:gst_rtp_ssrc_demux_chain: received buffer of SSRC cda4377b
0:15:17.211876337 7020 0x60700127a260 DEBUG GST_SCHEDULING gstpad.c:4200:gst_pad_chain_data_unchecked: calling chainfunction &gst_rtp_jitter_buffer_chain with buffer buffer: 0x612003697cc0, pts 0:01:28.977783772, dts 0:01:28.977783772, dur 99:99:99.999999999, size 172, offset none, offset_end none, flags 0x0
0:15:17.211894714 7020 0x60700127a260 LOG GST_BUFFER gstbuffer.c:1720:gst_buffer_map_range: buffer 0x612003697cc0, idx 0, length 1, flags 0001
0:15:17.211906178 7020 0x60700127a260 LOG GST_BUFFER gstbuffer.c:212:_get_merged_memory: buffer 0x612003697cc0, idx 0, length 1
0:15:17.211918435 7020 0x60700127a260 DEBUG rtpjitterbuffer gstrtpjitterbuffer.c:2853:gst_rtp_jitter_buffer_chain: Received packet #31583 at time 0:01:28.977783772, discont 0, rtx 0
0:15:17.211938102 7020 0x60700127a260 LOG rtpjitterbuffer gstrtpjitterbuffer.c:2589:calculate_jitter: dtsdiff
0:00:00.004906060 rtptime 0:00:00.600000000, clock-rate 48000, diff 0:00:00.595093940, jitter:
0:00:00.330035784
0:15:17.211965258 7020 0x60700127a260 DEBUG rtpjitterbuffer gstrtpjitterbuffer.c:2950:gst_rtp_jitter_buffer_chain: expected #31585, got #31583, gap of -2
0:15:17.211980167 7020 0x60700127a260 DEBUG rtpjitterbuffer gstrtpjitterbuffer.c:2979:gst_rtp_jitter_buffer_chain: Clearing gap packets
0:15:17.211988676 7020 0x60700127a260 DEBUG rtpjitterbuffer rtpjitterbuffer.c:785:rtp_jitter_buffer_calculate_pts: extrtp 3529623995, gstrtp 20:25:33.833229166, base 20:25:33.233229166, send_diff
0:00:00.600000000
0:15:17.212009737 7020 0x60700127a260 DEBUG rtpjitterbuffer rtpjitterbuffer.c:563:calculate_skew: time 0:01:28.977783772, base 0:01:28.972877712, recv_diff 0:00:00.004906060, slope 978
0:15:17.212031159 7020 0x60700127a260 DEBUG rtpjitterbuffer rtpjitterbuffer.c:580:calculate_skew: filling 2, delta -595093940
0:15:17.212044075 7020 0x60700127a260 DEBUG rtpjitterbuffer rtpjitterbuffer.c:664:calculate_skew: skew -54424588, out
0:01:29.518453124
0:15:17.212060848 7020 0x60700127a260 DEBUG rtpjitterbuffer gstrtpjitterbuffer.c:3000:gst_rtp_jitter_buffer_chain: old packet received
0:15:17.212071790 7020 0x60700127a260 DEBUG rtpjitterbuffer gstrtpjitterbuffer.c:2234:remove_timer: removed index 4
0:15:17.212084022 7020 0x60700127a260 DEBUG rtpjitterbuffer gstrtpjitterbuffer.c:3119:gst_rtp_jitter_buffer_chain: Pushed packet #31583, now 19 packets, head: 0, percent -1
0:15:17.212102281 7020 0x60700127a260 DEBUG GST_SCHEDULING gstpad.c:4206:gst_pad_chain_data_unchecked: called chainfunction &gst_rtp_jitter_buffer_chain with buffer 0x612003697cc0, returned ok
0:15:17.212123979 7020 0x60700127a260 DEBUG GST_SCHEDULING gstpad.c:4206:gst_pad_chain_data_unchecked: called chainfunction &0x7f132ff539d0 with buffer 0x612003697cc0, returned ok
0:15:17.212148151 7020 0x60700127a260 DEBUG GST_SCHEDULING gstpad.c:4206:gst_pad_chain_data_unchecked: called chainfunction &0x7f132ff68e30 with buffer 0x612003697cc0, returned ok
0:15:17.212169008 7020 0x60700127a260 DEBUG GST_SCHEDULING gstpad.c:4206:gst_pad_chain_data_unchecked: called chainfunction &gst_srtp_dec_chain_rtp with buffer 0x612003697cc0, returned ok
0:15:17.212189085 7020 0x60700127a260 DEBUG GST_SCHEDULING gstpad.c:4206:gst_pad_chain_data_unchecked: called chainfunction &gst_proxy_pad_chain_default with buffer 0x612003697cc0, returned ok
0:15:17.212209219 7020 0x60700127a260 LOG funnel gstfunnel.c:343:gst_funnel_sink_chain_object: handled buffer ok
0:15:17.212224186 7020 0x60700127a260 DEBUG GST_SCHEDULING gstpad.c:4206:gst_pad_chain_data_unchecked: called chainfunction &gst_funnel_sink_chain with buffer 0x612003697cc0, returned ok
0:15:17.212242620 7020 0x60700127a260 DEBUG GST_SCHEDULING gstpad.c:4206:gst_pad_chain_data_unchecked: called chainfunction &gst_proxy_pad_chain_default with buffer 0x612003697cc0, returned ok
0:15:17.212259993 7020 0x60700127a260 LOG funnel gstfunnel.c:343:gst_funnel_sink_chain_object: handled buffer ok
0:15:17.212274854 7020 0x60700127a260 DEBUG GST_SCHEDULING gstpad.c:4206:gst_pad_chain_data_unchecked: called chainfunction &gst_funnel_sink_chain with buffer 0x612003697cc0, returned ok
0:15:17.212290769 7020 0x60700127a260 LOG GST_SCHEDULING gstpad.c:3615:do_probe_callbacks: do probes cookie 9183
0:15:17.212303376 7020 0x60700127a260 LOG GST_SCHEDULING gstpad.c:3511:probe_hook_marshal: hook 1, cookie 9183 with flags 0x00003010 does not match 00001001
0:15:17.212341861 7020 0x60700127a260 LOG basesrc gstbasesrc.c:2738:gst_base_src_loop: next_ts 99:99:99.999999999 size 4096
0:15:17.212362877 7020 0x60700127a260 DEBUG basesrc gstbasesrc.c:2460:gst_base_src_get_range: calling create offset 18446744073709551615 length 4096, time 0
0:15:17.212381393 7020 0x60700127a260 LOG nicesrc gstnicesrc.c:278:gst_nice_src_create: create called
0:15:17.211305700 7020 0x607000e07e20 DEBUG audiobasesink gstaudiobasesink.c:1916:gst_audio_base_sink_render: time 0:01:28.971925916, start 0:00:00.000000000, samples 960
0:15:17.212440513 7020 0x607000e07e20 DEBUG audiobasesink gstaudiobasesink.c:1953:gst_audio_base_sink_render: sync-offset +0:00:00.140000000, render-delay 0:00:00.000000000, ts-offset +0:00:00.000000000
0:15:17.212471685 7020 0x607000e07e20 DEBUG audiobasesink gstaudiobasesink.c:2015:gst_audio_base_sink_render: running: start
0:01:28.971925916 - stop
0:01:28.991925916
0:15:17.212493246 7020 0x607000e07e20 DEBUG audiobasesink gstaudiobasesink.c:2030:gst_audio_base_sink_render: compensating for sync-offset
0:00:00.140000000
0:15:17.212510801 7020 0x607000e07e20 DEBUG audiobasesink gstaudiobasesink.c:2037:gst_audio_base_sink_render: adding base_time 69:23:30.639027797
0:15:17.212530629 7020 0x607000e07e20 DEBUG GST_CLOCK gstclock.c:1045:gst_clock_get_internal_time: internal time 69:24:59.618388957
0:15:17.212546846 7020 0x607000e07e20 DEBUG GST_CLOCK gstclock.c:1090:gst_clock_get_time: adjusted time 69:24:59.618388957
0:15:17.212572772 7020 0x607000e07e20 LOG pulse pulsesink.c:2038:gst_pulsesink_get_time: current time is
0:01:04.694672000
0:15:17.212591818 7020 0x607000e07e20 DEBUG audioclock gstaudioclock.c:202:gst_audio_clock_get_time: result 0:01:04.694672000, last_time
0:00:00.000000000
0:15:17.212613843 7020 0x607000e07e20 DEBUG audiobasesink gstaudiobasesink.c:1452:gst_audio_base_sink_skew_slaving: internal
0:01:04.694672000 external 69:24:59.618388957 cinternal
0:00:00.000000000 cexternal 69:23:54.923074337
0:15:17.212640141 7020 0x607000e07e20 DEBUG audiobasesink gstaudiobasesink.c:1473:gst_audio_base_sink_skew_slaving: internal
0:01:04.694672000 external
0:01:04.695314620 skew -0:00:00.000642620 avg -0:00:00.000731636
0:15:17.212668022 7020 0x607000e07e20 DEBUG audiobasesink gstaudiobasesink.c:2057:gst_audio_base_sink_render: final timestamps: start
0:01:04.827879376 - stop
0:01:04.847879376
0:15:17.212689339 7020 0x607000e07e20 WARN audiobasesink gstaudiobasesink.c:1807:gst_audio_base_sink_get_alignment: Unexpected discontinuity in audio timestamps of +0:00:00.059791666, resyncing
0:15:17.212709018 7020 0x607000e07e20 DEBUG audiobasesink gstaudiobasesink.c:2155:gst_audio_base_sink_render: rendering at 3111738 960/960
0:15:17.212725075 7020 0x607000e07e20 LOG GST_BUFFER gstbuffer.c:1720:gst_buffer_map_range: buffer 0x612000388540, idx 0, length -1, flags 0001
0:15:17.212741908 7020 0x607000e07e20 LOG GST_BUFFER gstbuffer.c:212:_get_merged_memory: buffer 0x612000388540, idx 0, length 1
0:15:17.212761326 7020 0x607000e07e20 DEBUG pulse pulsesink.c:1487:gst_pulseringbuffer_commit: entering commit
0:15:17.212772962 7020 0x607000e07e20 DEBUG pulse pulsesink.c:1505:gst_pulseringbuffer_commit: in 959, out 959
0:15:17.212788035 7020 0x607000e07e20 LOG pulse pulsesink.c:1528:gst_pulseringbuffer_commit: need to write 960 samples at offset 12446952
0:15:17.212803382 7020 0x607000e07e20 LOG pulse pulsesink.c:1532:gst_pulseringbuffer_commit: discontinuity, offset is 12446952, last offset was 12435472
0:15:17.212819639 7020 0x607000e07e20 LOG pulse pulsesink.c:1597:gst_pulseringbuffer_commit: requesting 3840 bytes of shared memory
0:15:17.212838711 7020 0x607000e07e20 LOG pulse pulsesink.c:1606:gst_pulseringbuffer_commit: got 3840 bytes of shared memory
0:15:17.212852472 7020 0x607000e07e20 LOG pulse pulsesink.c:1615:gst_pulseringbuffer_commit: writing 960 samples at offset 12446952
0:15:17.212868036 7020 0x607000e07e20 LOG pulse pulsesink.c:1668:gst_pulseringbuffer_commit: flushing 960 samples at offset 12446952
0:15:17.212895080 7020 0x607000e07e20 LOG pulse pulsesink.c:1712:gst_pulseringbuffer_commit: wrote 960 samples
0:15:17.212908312 7020 0x607000e07e20 DEBUG audiobasesink gstaudiobasesink.c:2166:gst_audio_base_sink_render: wrote 960 of 960
0:15:17.212923300 7020 0x607000e07e20 DEBUG audiobasesink gstaudiobasesink.c:2198:gst_audio_base_sink_render: next sample expected at 3112698
0:15:17.212936276 7020 0x607000e07e20 DEBUG basesink gstbasesink.c:3507:gst_base_sink_chain_unlocked: object unref after render 0x612000388540
0:15:17.212948182 7020 0x607000e07e20 LOG GST_BUFFER gstbuffer.c:724:_gst_buffer_free: finalize 0x612000388540
0:15:17.212957811 7020 0x607000e07e20 DEBUG GST_MEMORY gstmemory.c:87:_gst_memory_free: free memory 0x62a0002ca200
0:15:17.212976610 7020 0x607000e07e20 DEBUG GST_SCHEDULING gstpad.c:4206:gst_pad_chain_data_unchecked: called chainfunction &gst_base_sink_chain with buffer 0x612000388540, returned ok
0:15:17.212998125 7020 0x607000e07e20 DEBUG GST_SCHEDULING gstpad.c:4206:gst_pad_chain_data_unchecked: called chainfunction &gst_base_transform_chain with buffer 0x612000388540, returned ok
0:15:17.213015869 7020 0x607000e07e20 DEBUG GST_SCHEDULING gstpad.c:4206:gst_pad_chain_data_unchecked: called chainfunction &gst_base_transform_chain with buffer 0x612000388540, returned ok
0:15:17.213035311 7020 0x607000e07e20 DEBUG GST_SCHEDULING gstpad.c:4206:gst_pad_chain_data_unchecked: called chainfunction &gst_base_transform_chain with buffer 0x612000388540, returned ok
0:15:17.213054141 7020 0x607000e07e20 DEBUG GST_SCHEDULING gstpad.c:4206:gst_pad_chain_data_unchecked: called chainfunction &gst_proxy_pad_chain_default with buffer 0x612000388540, returned ok
0:15:17.213072544 7020 0x607000e07e20 DEBUG GST_SCHEDULING gstpad.c:4206:gst_pad_chain_data_unchecked: called chainfunction &gst_proxy_pad_chain_default with buffer 0x612000388540, returned ok
0:15:17.213090384 7020 0x607000e07e20 DEBUG GST_SCHEDULING gstpad.c:4206:gst_pad_chain_data_unchecked: called chainfunction &gst_proxy_pad_chain_default with buffer 0x612000388540, returned ok
0:15:17.213107735 7020 0x607000e07e20 DEBUG GST_SCHEDULING gstpad.c:4206:gst_pad_chain_data_unchecked: called chainfunction &gst_valve_chain with buffer 0x612000388540, returned ok
0:15:17.213129997 7020 0x607000e07e20 DEBUG GST_SCHEDULING gstpad.c:4206:gst_pad_chain_data_unchecked: called chainfunction &gst_proxy_pad_chain_default with buffer 0x612000388540, returned ok
0:15:17.213155624 7020 0x607000e07e20 LOG audiodecoder gstaudiodecoder.c:1063:gst_audio_decoder_output: buffer pushed: ok
0:15:17.213167127 7020 0x607000e07e20 LOG GST_BUFFER gstbuffer.c:724:_gst_buffer_free: finalize 0x612004fa9d40
0:15:17.213175976 7020 0x607000e07e20 DEBUG GST_MEMORY gstmemory.c:87:_gst_memory_free: free memory 0x60d0003e0a30
0:15:17.213192267 7020 0x607000e07e20 LOG audiodecoder gstaudiodecoder.c:1578:gst_audio_decoder_push_buffers: done pushing to subclass
0:15:17.213201869 7020 0x607000e07e20 LOG audiodecoder gstaudiodecoder.c:1683:gst_audio_decoder_chain_forward: chain-done
0:15:17.213210949 7020 0x607000e07e20 DEBUG GST_SCHEDULING gstpad.c:4206:gst_pad_chain_data_unchecked: called chainfunction &gst_audio_decoder_chain with buffer 0x612004fa9d40, returned ok
0:15:17.213226408 7020 0x607000e07e20 LOG GST_BUFFER gstbuffer.c:724:_gst_buffer_free: finalize 0x61200086efc0
0:15:17.213235662 7020 0x607000e07e20 DEBUG GST_MEMORY gstmemory.c:87:_gst_memory_free: free memory 0x613000233d80
0:15:17.213252796 7020 0x607000e07e20 DEBUG GST_SCHEDULING gstpad.c:4206:gst_pad_chain_data_unchecked: called chainfunction &0x7f133019b660 with buffer 0x61200086efc0, returned ok
0:15:17.213271070 7020 0x607000e07e20 DEBUG GST_SCHEDULING gstpad.c:4206:gst_pad_chain_data_unchecked: called chainfunction &gst_proxy_pad_chain_default with buffer 0x61200086efc0, returned ok
0:15:17.213289740 7020 0x607000e07e20 DEBUG GST_SCHEDULING gstpad.c:4206:gst_pad_chain_data_unchecked: called chainfunction &gst_base_transform_chain with buffer 0x61200086efc0, returned ok
0:15:17.213308677 7020 0x607000e07e20 DEBUG GST_SCHEDULING gstpad.c:4206:gst_pad_chain_data_unchecked: called chainfunction &gst_valve_chain with buffer 0x61200086efc0, returned ok
0:15:17.213324108 7020 0x607000e07e20 DEBUG GST_SCHEDULING gstpad.c:4206:gst_pad_chain_data_unchecked: called chainfunction &gst_proxy_pad_chain_default with buffer 0x61200086efc0, returned ok
0:15:17.213341986 7020 0x607000e07e20 DEBUG GST_SCHEDULING gstpad.c:4206:gst_pad_chain_data_unchecked: called chainfunction &0x7f132ff4e900 with buffer 0x61200086efc0, returned ok
0:15:17.213361015 7020 0x607000e07e20 DEBUG rtpjitterbuffer gstrtpjitterbuffer.c:3375:pop_and_push_next: Pushing buffer 31554, dts 0:01:28.339543295, pts
0:01:28.931980540
