0:01:05.841613390 18238 0x60700026ab70 DEBUG GST_POLL gstpoll.c:1316:gst_poll_wait: 0x6070005176e0: timeout :0:00:00.288121774
0:01:05.841634847 18238 0x607001918f10 DEBUG rtpjitterbuffer gstrtpjitterbuffer.c:4025:gst_rtp_jitter_buffer_loop: waiting event
0:01:05.841644899 18238 0x60700178a7d0 DEBUG GST_CLOCK gstsystemclock.c:806:gst_system_clock_id_wait_jitter_unlocked: entry 0x60b0018b5d50 restart, diff 297376730
0:01:05.841661161 18238 0x60400000c890 LOG GST_PROPERTIES gstobject.c:456:gst_object_dispatch_properties_changed: deep notification from src (caps)
0:01:05.841447361 18238 0x607000932940 DEBUG tee gsttee.c:777:gst_tee_chain: received buffer 0x6120039f73c0
0:01:05.841698115 18238 0x60700178a7d0 DEBUG GST_POLL gstpoll.c:1316:gst_poll_wait: 0x6070005176e0: timeout :0:00:00.297376730
0:01:05.841710704 18238 0x6070001c8f30 DEBUG rtpjitterbuffer gstrtpjitterbuffer.c:3990:wait_next_timeout: sync unscheduled
0:01:05.841722004 18238 0x607000932940 LOG tee gsttee.c:694:gst_tee_handle_data: Starting to push buffer 0x6120039f73c0
0:01:05.841728204 18238 0x6070001c8f30 DEBUG GST_CLOCK gstclock.c:350:_gst_clock_id_free: freed entry 0x60b0032ecd20
0:01:05.841759352 18238 0x607000932940 DEBUG GST_SCHEDULING gstpad.c:4200:gst_pad_chain_data_unchecked: calling chainfunction &gst_valve_chain with buffer buffer: 0x6120039f73c0, pts 0:00:44.680000000, dts 99:99:99.999999999, dur 0:00:00.010000000, size 640, offset 1429760, offset_end 1430080, flags 0x0
0:01:05.841769597 18238 0x6070001c8f30 DEBUG GST_CLOCK gstclock.c:1045:gst_clock_get_internal_time: internal time 132:06:01.487034705
0:01:05.841780915 18238 0x607000932940 LOG GST_SCHEDULING gstpad.c:4533:gst_pad_push_data: pushing, but it was not linked
0:01:05.841625460 18238 0x60700134f130 DEBUG GST_SCHEDULING gstpad.c:4206:gst_pad_chain_data_unchecked: called chainfunction &gst_funnel_sink_chain with buffer 0x6120045163c0, returned ok
0:01:05.841791868 18238 0x6070001c8f30 DEBUG GST_CLOCK gstclock.c:1090:gst_clock_get_time: adjusted time 132:06:01.487034705
0:01:05.841803034 18238 0x607000932940 DEBUG GST_SCHEDULING gstpad.c:4206:gst_pad_chain_data_unchecked: called chainfunction &gst_valve_chain with buffer 0x6120039f73c0, returned not-linked
0:01:05.841808241 18238 0x60700134f130 DEBUG GST_SCHEDULING gstpad.c:4206:gst_pad_chain_data_unchecked: called chainfunction &gst_proxy_pad_chain_default with buffer 0x6120045163c0, returned ok
0:01:05.841812177 18238 0x6070001c8f30 DEBUG rtpjitterbuffer gstrtpjitterbuffer.c:3869:wait_next_timeout: now
0:00:44.682056257
0:01:05.841827874 18238 0x60400000c890 LOG GST_PROPERTIES gstobject.c:456:gst_object_dispatch_properties_changed: deep notification from src (caps)
0:01:05.841829582 18238 0x607000932940 LOG tee gsttee.c:699:gst_tee_handle_data: Pushing item 0x6120039f73c0 yielded result not-linked
0:01:05.841838943 18238 0x60700134f130 LOG funnel gstfunnel.c:343:gst_funnel_sink_chain_object: handled buffer ok
0:01:05.841854807 18238 0x607000932940 LOG tee gsttee.c:694:gst_tee_handle_data: Starting to push buffer 0x6120039f73c0
0:01:05.841860473 18238 0x60700134f130 DEBUG GST_SCHEDULING gstpad.c:4206:gst_pad_chain_data_unchecked: called chainfunction &gst_funnel_sink_chain with buffer 0x6120045163c0, returned ok
0:01:05.841864313 18238 0x6070001c8f30 DEBUG rtpjitterbuffer gstrtpjitterbuffer.c:3885:wait_next_timeout: 0, 1, 30729,
0:00:45.371838313 diff:+0:00:00.689782056
0:01:05.841881348 18238 0x60700134f130 LOG GST_SCHEDULING gstpad.c:3615:do_probe_callbacks: do probes cookie 2588
0:01:05.841870654 18238 0x60400000c890 DEBUG GST_PADS gstpad.c:1188:activate_mode_internal: deactivated in push mode
0:01:05.841877810 18238 0x607000932940 DEBUG GST_SCHEDULING gstpad.c:4200:gst_pad_chain_data_unchecked: calling chainfunction &gst_valve_chain with buffer buffer: 0x6120039f73c0, pts 0:00:44.680000000, dts 99:99:99.999999999, dur 0:00:00.010000000, size 640, offset 1429760, offset_end 1430080, flags 0x0
0:01:05.841900409 18238 0x60700134f130 LOG GST_SCHEDULING gstpad.c:3511:probe_hook_marshal: hook 1, cookie 2588 with flags 0x00003010 does not match 00001001
0:01:05.841917061 18238 0x60400000c890 DEBUG GST_PADS gstpad.c:1078:gst_pad_set_active: deactivating pad from push mode
0:01:05.841934094 18238 0x60400000c890 DEBUG GST_PADS gstpad.c:967:pre_activate: setting PAD_MODE NONE, set flushing
0:01:05.841929407 18238 0x6070001c8f30 DEBUG rtpjitterbuffer gstrtpjitterbuffer.c:3922:wait_next_timeout: new best 0
0:01:05.841927936 18238 0x60700134f130 LOG basesrc gstbasesrc.c:2738:gst_base_src_loop: next_ts 99:99:99.999999999 size 4096
0:01:05.841923254 18238 0x607000932940 DEBUG GST_SCHEDULING gstpad.c:4200:gst_pad_chain_data_unchecked: calling chainfunction &gst_proxy_pad_chain_default with buffer buffer: 0x6120039f73c0, pts 0:00:44.680000000, dts 99:99:99.999999999, dur 0:00:00.010000000, size 640, offset 1429760, offset_end 1430080, flags 0x0
0:01:05.841954189 18238 0x60400000c890 DEBUG GST_PADS gstpad.c:1015:post_activate: stopped streaming
0:01:05.841970812 18238 0x60400000c890 DEBUG GST_PADS gstpad.c:453:remove_events: notify caps
0:01:05.841970411 18238 0x60700134f130 DEBUG basesrc gstbasesrc.c:2460:gst_base_src_get_range: calling create offset 18446744073709551615 length 4096, time 0
0:01:05.841965468 18238 0x607000932940 DEBUG GST_SCHEDULING gstpad.c:4200:gst_pad_chain_data_unchecked: calling chainfunction &gst_base_transform_chain with buffer buffer: 0x6120039f73c0, pts 0:00:44.680000000, dts 99:99:99.999999999, dur 0:00:00.010000000, size 640, offset 1429760, offset_end 1430080, flags 0x0
0:01:05.841986937 18238 0x60400000c890 LOG GST_PROPERTIES gstobject.c:456:gst_object_dispatch_properties_changed: deep notification from sink (caps)
0:01:05.841992561 18238 0x60700134f130 LOG nicesrc gstnicesrc.c:278:gst_nice_src_create: create called
0:01:05.841996151 18238 0x607000932940 DEBUG audio audio.c:108:gst_audio_buffer_clip: timestamp
0:00:44.680000000
0:01:05.842009879 18238 0x60400000c890 LOG GST_PROPERTIES gstobject.c:456:gst_object_dispatch_properties_changed: deep notification from sink (caps)
0:01:05.841973557 18238 0x6070001c8f30 DEBUG rtpjitterbuffer gstrtpjitterbuffer.c:3885:wait_next_timeout: 1, 1, 30703,
0:00:44.850303121 diff:+0:00:00.168246864
0:01:05.842027817 18238 0x607000932940 DEBUG basetransform gstbasetransform.c:2036:default_submit_input_buffer: handling buffer 0x6120039f73c0 of size 640, PTS
0:00:44.680000000 and offset 1429760
0:01:05.842036293 18238 0x60400000c890 LOG GST_PROPERTIES gstobject.c:456:gst_object_dispatch_properties_changed: deep notification from sink (caps)
0:01:05.842051937 18238 0x607000932940 DEBUG basetransform gstbasetransform.c:2153:default_generate_output: calling prepare buffer
0:01:05.842046211 18238 0x6070001c8f30 DEBUG rtpjitterbuffer gstrtpjitterbuffer.c:3922:wait_next_timeout: new best 1
0:01:05.842061502 18238 0x60400000c890 LOG GST_PROPERTIES gstobject.c:456:gst_object_dispatch_properties_changed: deep notification from sink (caps)
0:01:05.842062111 18238 0x607000932940 DEBUG basetransform gstbasetransform.c:1650:default_prepare_output_buffer: passthrough: reusing input buffer
0:01:05.842085950 18238 0x607000932940 DEBUG basetransform gstbasetransform.c:2160:default_generate_output: using allocated buffer in 0x6120039f73c0, out 0x6120039f73c0
0:01:05.842089570 18238 0x60400000c890 DEBUG GST_PADS gstpad.c:1188:activate_mode_internal: deactivated in push mode
0:01:05.842102218 18238 0x607000932940 DEBUG basetransform gstbasetransform.c:2171:default_generate_output: element is in passthrough
0:01:05.842082482 18238 0x6070001c8f30 DEBUG rtpjitterbuffer gstrtpjitterbuffer.c:3885:wait_next_timeout: 2, 1, 30705,
0:00:44.896974829 diff:+0:00:00.214918572
0:01:05.842113845 18238 0x60400000c890 DEBUG GST_ELEMENT_PADS gstelement.c:2859:gst_element_pads_activate: pad deactivation successful
0:01:05.842121541 18238 0x6070001c8f30 DEBUG rtpjitterbuffer gstrtpjitterbuffer.c:3885:wait_next_timeout: 3, 1, 30723,
0:00:45.199899520 diff:+0:00:00.517843263
0:01:05.842119758 18238 0x607000932940 DEBUG GST_SCHEDULING gstpad.c:4200:gst_pad_chain_data_unchecked: calling chainfunction &gst_base_transform_chain with buffer buffer: 0x6120039f73c0, pts 0:00:44.680000000, dts 99:99:99.999999999, dur 0:00:00.010000000, size 640, offset 1429760, offset_end 1430080, flags 0x0
0:01:05.842145409 18238 0x607000932940 DEBUG audio audio.c:108:gst_audio_buffer_clip: timestamp
0:00:44.680000000
0:01:05.842140296 18238 0x60400000c890 INFO x264enc :0:: frame I:9 Avg QP:15.81 size: 2911
0:01:05.842147351 18238 0x6070001c8f30 DEBUG rtpjitterbuffer gstrtpjitterbuffer.c:3885:wait_next_timeout: 4, 1, 30702,
0:00:44.826967267 diff:+0:00:00.144911010
0:01:05.842168241 18238 0x60400000c890 INFO x264enc :0:: frame P:348 Avg QP:29.59 size: 2037
0:01:05.842178605 18238 0x6070001c8f30 DEBUG rtpjitterbuffer gstrtpjitterbuffer.c:3922:wait_next_timeout: new best 4
0:01:05.842165103 18238 0x607000932940 DEBUG basetransform gstbasetransform.c:2036:default_submit_input_buffer: handling buffer 0x6120039f73c0 of size 640, PTS
0:00:44.680000000 and offset 1429760
0:01:05.842198727 18238 0x60400000c890 INFO x264enc :0:: mb I I16..4: 95.5% 0.0% 4.5%
0:01:05.842201782 18238 0x607000932940 DEBUG basetransform gstbasetransform.c:2153:default_generate_output: calling prepare buffer
0:01:05.842192579 18238 0x6070001c8f30 DEBUG rtpjitterbuffer gstrtpjitterbuffer.c:3885:wait_next_timeout: 5, 1, 30701,
0:00:44.803631413 diff:+0:00:00.121575156
0:01:05.842221759 18238 0x6070001c8f30 DEBUG rtpjitterbuffer gstrtpjitterbuffer.c:3922:wait_next_timeout: new best 5
0:01:05.842226441 18238 0x60400000c890 INFO x264enc :0:: mb P I16..4: 24.9% 0.0% 0.1% P16..4: 11.4% 2.7% 0.5% 0.0% 0.0% skip:60.4%
0:01:05.842234687 18238 0x6070001c8f30 DEBUG rtpjitterbuffer gstrtpjitterbuffer.c:3885:wait_next_timeout: 6, 1, 30708,
0:00:45.080717839 diff:+0:00:00.398661582
0:01:05.842224693 18238 0x607000932940 DEBUG GST_CAPS gstpad.c:2669:gst_pad_get_current_caps: get current pad caps audio/x-raw, channels=(int)1, width=(int)16, depth=(int)16, rate=(int)32000, format=(string)S16LE, layout=(string)interleaved
0:01:05.842257424 18238 0x60400000c890 INFO x264enc :0:: coded y,uvDC,uvAC intra: 2.5% 21.1% 16.4% inter: 0.6% 10.2% 7.2%
0:01:05.842259177 18238 0x6070001c8f30 DEBUG rtpjitterbuffer gstrtpjitterbuffer.c:3885:wait_next_timeout: 7, 1, 30710,
0:00:45.101645663 diff:+0:00:00.419589406
0:01:05.842272195 18238 0x607000932940 DEBUG GST_CAPS gstpad.c:2669:gst_pad_get_current_caps: get current pad caps audio/x-raw, rate=(int)48000, channels=(int)1, format=(string)S16LE, layout=(string)interleaved, width=(int)16, depth=(int)16
0:01:05.842286063 18238 0x60400000c890 INFO x264enc :0:: i16 v,h,dc,p: 90% 7% 2% 0%
0:01:05.842284947 18238 0x6070001c8f30 DEBUG rtpjitterbuffer gstrtpjitterbuffer.c:3885:wait_next_timeout: 8, 1, 30711,
0:00:45.109203652 diff:+0:00:00.427147395
0:01:05.842308949 18238 0x607000932940 DEBUG basetransform gstbasetransform.c:1693:default_prepare_output_buffer: getting output size for alloc
0:01:05.842316036 18238 0x60400000c890 INFO x264enc :0:: i4 v,h,dc,ddl,ddr,vr,hd,vl,hu: 35% 9% 46% 3% 1% 3% 1% 2% 1%
0:01:05.842324167 18238 0x6070001c8f30 DEBUG rtpjitterbuffer gstrtpjitterbuffer.c:3885:wait_next_timeout: 9, 1, 30712,
0:00:45.116761641 diff:+0:00:00.434705384
0:01:05.842350811 18238 0x60400000c890 INFO x264enc :0:: i8c dc,h,v,p: 63% 7% 30% 0%
0:01:05.842355721 18238 0x6070001c8f30 DEBUG rtpjitterbuffer gstrtpjitterbuffer.c:3885:wait_next_timeout: 10, 1, 30713,
0:00:45.124319630 diff:+0:00:00.442263373
0:01:05.842331302 18238 0x607000932940 DEBUG basetransform gstbasetransform.c:669:gst_base_transform_transform_size: asked to transform size 640 for caps audio/x-raw, channels=(int)1, width=(int)16, depth=(int)16, rate=(int)32000, format=(string)S16LE, layout=(string)interleaved to size for caps audio/x-raw, rate=(int)48000, channels=(int)1, format=(string)S16LE, layout=(string)interleaved, width=(int)16, depth=(int)16 in direction SINK
0:01:05.842372731 18238 0x60400000c890 INFO x264enc :0:: kb/s:494.11
0:01:05.842379762 18238 0x6070001c8f30 DEBUG rtpjitterbuffer gstrtpjitterbuffer.c:3885:wait_next_timeout: 11, 1, 30721,
0:00:45.184783542 diff:+0:00:00.502727285
0:01:05.842388531 18238 0x607000932940 LOG audioresample gstaudioresample.c:461:gst_audio_resample_transform_size: asked to transform size 640 in direction SINK
0:01:05.842410598 18238 0x607000932940 LOG audio-resampler audio-resampler.c:1643:gst_audio_resampler_get_out_frames: need 64 = 64 + 0 + 0, avail 384 = 64 + 320
0:01:05.842403900 18238 0x6070001c8f30 DEBUG rtpjitterbuffer gstrtpjitterbuffer.c:3885:wait_next_timeout: 12, 1, 30715,
0:00:45.139435608 diff:+0:00:00.457379351
0:01:05.842427981 18238 0x607000932940 LOG audio-resampler audio-resampler.c:1654:gst_audio_resampler_get_out_frames: out 480 = ((320 * 3 - 2) / 2) + 1
0:01:05.842447977 18238 0x607000932940 LOG audioresample gstaudioresample.c:482:gst_audio_resample_transform_size: transformed size 640 to 960
0:01:05.842435920 18238 0x6070001c8f30 DEBUG rtpjitterbuffer gstrtpjitterbuffer.c:3885:wait_next_timeout: 13, 1, 30732,
0:00:45.381774103 diff:+0:00:00.699717846
0:01:05.842461223 18238 0x607000932940 DEBUG basetransform gstbasetransform.c:1705:default_prepare_output_buffer: doing alloc of size 960
0:01:05.842464970 18238 0x6070001c8f30 DEBUG rtpjitterbuffer gstrtpjitterbuffer.c:3885:wait_next_timeout: 14, 1, 30717,
0:00:45.154551586 diff:+0:00:00.472495329
0:01:05.842476857 18238 0x607000932940 DEBUG GST_MEMORY gstmemory.c:138:gst_memory_init: new memory 0x619000881d80, maxsize:967 offset:0 size:960
0:01:05.842487737 18238 0x6070001c8f30 DEBUG rtpjitterbuffer gstrtpjitterbuffer.c:3885:wait_next_timeout: 15, 1, 30733,
0:00:45.381774103 diff:+0:00:00.699717846
0:01:05.842496286 18238 0x607000932940 LOG GST_BUFFER gstbuffer.c:798:gst_buffer_new: new 0x612003937b40
0:01:05.842513986 18238 0x6070001c8f30 DEBUG rtpjitterbuffer gstrtpjitterbuffer.c:3885:wait_next_timeout: 16, 1, 30719,
0:00:45.169667564 diff:+0:00:00.487611307
0:01:05.842518687 18238 0x607000932940 LOG GST_BUFFER gstbuffer.c:413:_memory_add: buffer 0x612003937b40, idx -1, mem 0x619000881d80
0:01:05.842540017 18238 0x6070001c8f30 DEBUG rtpjitterbuffer gstrtpjitterbuffer.c:3885:wait_next_timeout: 17, 1, 30720,
0:00:45.177225553 diff:+0:00:00.495169296
0:01:05.842543655 18238 0x607000932940 LOG GST_BUFFER gstbuffer.c:854:gst_buffer_new_allocate: new buffer 0x612003937b40 of size 960 from allocator (nil)
0:01:05.842570345 18238 0x607000932940 DEBUG basetransform gstbasetransform.c:1798:default_copy_metadata: copying metadata
0:01:05.842562515 18238 0x6070001c8f30 DEBUG rtpjitterbuffer gstrtpjitterbuffer.c:3885:wait_next_timeout: 18, 1, 30725,
0:00:45.231667081 diff:+0:00:00.549610824
0:01:05.842580243 18238 0x607000932940 LOG GST_BUFFER gstbuffer.c:514:gst_buffer_copy_into: copy 0x6120039f73c0 to 0x612003937b40, offset 0-640/640
0:01:05.842587189 18238 0x6070001c8f30 DEBUG rtpjitterbuffer gstrtpjitterbuffer.c:3885:wait_next_timeout: 19, 1, 30726,
0:00:45.281774101 diff:+0:00:00.599717844
0:01:05.842602947 18238 0x607000932940 DEBUG basetransform gstbasetransform.c:2160:default_generate_output: using allocated buffer in 0x6120039f73c0, out 0x612003937b40
0:01:05.842625826 18238 0x607000932940 DEBUG basetransform gstbasetransform.c:2180:default_generate_output: doing non-inplace transform
0:01:05.842613154 18238 0x6070001c8f30 DEBUG rtpjitterbuffer gstrtpjitterbuffer.c:3885:wait_next_timeout: 20, 1, 30727,
0:00:45.311795505 diff:+0:00:00.629739248
0:01:05.842640353 18238 0x607000932940 LOG audioresample gstaudioresample.c:843:gst_audio_resample_transform: transforming buffer of 640 bytes, ts 0:00:44.680000000, duration 0:00:00.010000000, offset 1429760, offset_end 1430080
0:01:05.842646336 18238 0x6070001c8f30 DEBUG rtpjitterbuffer gstrtpjitterbuffer.c:3885:wait_next_timeout: 21, 1, 30728,
0:00:45.341816909 diff:+0:00:00.659760652
0:01:05.842663310 18238 0x607000932940 LOG GST_BUFFER gstbuffer.c:1720:gst_buffer_map_range: buffer 0x6120039f73c0, idx 0, length -1, flags 0001
0:01:05.842671644 18238 0x6070001c8f30 DEBUG rtpjitterbuffer gstrtpjitterbuffer.c:3964:wait_next_timeout: sync to timestamp
0:00:44.803631413 with sync time 132:06:01.608609861
0:01:05.842682498 18238 0x607000932940 LOG GST_BUFFER gstbuffer.c:212:_get_merged_memory: buffer 0x6120039f73c0, idx 0, length 1
0:01:05.842700294 18238 0x607000932940 LOG GST_BUFFER gstbuffer.c:1720:gst_buffer_map_range: buffer 0x612003937b40, idx 0, length -1, flags 0002
0:01:05.842708174 18238 0x6070001c8f30 DEBUG GST_CLOCK gstclock.c:247:gst_clock_entry_new: created entry 0x60b0030a0730, time 132:06:01.608609861
0:01:05.842739324 18238 0x6070001c8f30 DEBUG GST_CLOCK gstclock.c:535:gst_clock_id_wait: waiting on clock entry 0x60b0030a0730
0:01:05.842716587 18238 0x607000932940 LOG GST_BUFFER gstbuffer.c:212:_get_merged_memory: buffer 0x612003937b40, idx 0, length 1
0:01:05.842758932 18238 0x6070001c8f30 DEBUG GST_CLOCK gstclock.c:1045:gst_clock_get_internal_time: internal time 132:06:01.488024849
0:01:05.842827839 18238 0x6070001c8f30 DEBUG GST_CLOCK gstclock.c:1090:gst_clock_get_time: adjusted time 132:06:01.488024849
0:01:05.842848709 18238 0x607000932940 LOG audio-resampler audio-resampler.c:1767:gst_audio_resampler_resample: in 320, avail 384, consumed 320
0:01:05.842851789 18238 0x6070001c8f30 DEBUG GST_CLOCK gstsystemclock.c:717:gst_system_clock_id_wait_jitter_unlocked: entry 0x60b0030a0730 time 132:06:01.608609861 now 132:06:01.488024849 diff (time-now) 120585012
0:01:05.842879502 18238 0x607000932940 LOG audioresample gstaudioresample.c:823:gst_audio_resample_process: Converted to buffer of 480 samples (960 bytes) with timestamp 0:00:44.678979167, duration 0:00:00.010000000, offset 2144591, offset_end 2145071
0:01:05.842889785 18238 0x6070001c8f30 DEBUG GST_POLL gstpoll.c:1316:gst_poll_wait: 0x6070005176e0: timeout :0:00:00.120585012
0:01:05.842911493 18238 0x607000932940 DEBUG audioresample gstaudioresample.c:904:gst_audio_resample_transform: input = samples [1429760, 1430080) = [44680000000, 44690000000) ns; output = samples [2144591, 2145071) = [44678979167, 44688979167) ns
0:01:05.842946313 18238 0x607000932940 DEBUG GST_SCHEDULING gstpad.c:4200:gst_pad_chain_data_unchecked: calling chainfunction &gst_base_transform_chain with buffer buffer: 0x612003937b40, pts 0:00:44.678979167, dts 99:99:99.999999999, dur 0:00:00.010000000, size 960, offset 2144591, offset_end 2145071, flags 0x0
0:01:05.842978229 18238 0x607000932940 DEBUG audio audio.c:108:gst_audio_buffer_clip: timestamp
0:00:44.678979167
0:01:05.843000524 18238 0x607000932940 DEBUG basetransform gstbasetransform.c:2036:default_submit_input_buffer: handling buffer 0x612003937b40 of size 960, PTS
0:00:44.678979167 and offset 2144591
0:01:05.843029111 18238 0x607000932940 DEBUG basetransform gstbasetransform.c:2153:default_generate_output: calling prepare buffer
0:01:05.843042480 18238 0x607000932940 DEBUG basetransform gstbasetransform.c:1650:default_prepare_output_buffer: passthrough: reusing input buffer
0:01:05.843042405 18238 0x60700134f130 LOG nicesrc gstnicesrc.c:199:gst_nice_src_read_callback: Got buffer, getting out of the main loop
0:01:05.843068825 18238 0x607000932940 DEBUG basetransform gstbasetransform.c:2160:default_generate_output: using allocated buffer in 0x612003937b40, out 0x612003937b40
0:01:05.843066081 18238 0x60700134f130 DEBUG GST_MEMORY gstmemory.c:138:gst_memory_init: new memory 0x618000281880, maxsize:722 offset:0 size:715
0:01:05.843091941 18238 0x607000932940 DEBUG basetransform gstbasetransform.c:2171:default_generate_output: element is in passthrough
0:01:05.843104465 18238 0x60700134f130 LOG GST_BUFFER gstbuffer.c:798:gst_buffer_new: new 0x61200193d2c0
0:01:05.843113941 18238 0x607000932940 DEBUG GST_SCHEDULING gstpad.c:4200:gst_pad_chain_data_unchecked: calling chainfunction &gst_audio_encoder_chain with buffer buffer: 0x612003937b40, pts 0:00:44.678979167, dts 99:99:99.999999999, dur 0:00:00.010000000, size 960, offset 2144591, offset_end 2145071, flags 0x0
0:01:05.843129148 18238 0x60700134f130 LOG GST_BUFFER gstbuffer.c:413:_memory_add: buffer 0x61200193d2c0, idx -1, mem 0x618000281880
0:01:05.843148582 18238 0x607000932940 LOG audioencoder gstaudioencoder.c:1244:gst_audio_encoder_chain: received buffer of size 960 with ts 0:00:44.678979167, duration
0:00:00.010000000
0:01:05.843158645 18238 0x60700134f130 LOG GST_BUFFER gstbuffer.c:854:gst_buffer_new_allocate: new buffer 0x61200193d2c0 of size 715 from allocator (nil)
0:01:05.843178451 18238 0x607000932940 DEBUG audio audio.c:108:gst_audio_buffer_clip: timestamp
0:00:44.678979167
0:01:05.843187085 18238 0x60700134f130 LOG GST_BUFFER gstbuffer.c:1825:gst_buffer_fill: buffer 0x61200193d2c0, offset 0, size 715
0:01:05.843203933 18238 0x607000932940 LOG audioencoder gstaudioencoder.c:1290:gst_audio_encoder_chain: buffer after segment clipping has size 960 with ts 0:00:44.678979167, duration
0:00:00.010000000
0:01:05.843235364 18238 0x607000932940 LOG adapter gstadapter.c:394:gst_adapter_push: pushing 0x612003937b40 960 bytes at end, size now 2852
0:01:05.843261864 18238 0x607000932940 LOG audioencoder gstaudioencoder.c:1089:gst_audio_encoder_push_buffers: available: 2228, needed: 1920, force: 0
0:01:05.843283967 18238 0x607000932940 DEBUG GST_PERFORMANCE gstadapter.c:549:gst_adapter_map: copy remaining 2544 bytes from adapter
0:01:05.843301436 18238 0x607000932940 DEBUG adapter gstadapter.c:343:copy_into_unchecked: bsize 960, skip 28, csize 932
0:01:05.843323427 18238 0x607000932940 LOG GST_PERFORMANCE gstadapter.c:345:copy_into_unchecked: extract 932 bytes
0:01:05.843338712 18238 0x607000932940 LOG GST_BUFFER gstbuffer.c:1875:gst_buffer_extract: buffer 0x612003898cc0, offset 28, size 932
0:01:05.843363517 18238 0x607000932940 LOG GST_PERFORMANCE gstadapter.c:358:copy_into_unchecked: extract 960 bytes
0:01:05.843372705 18238 0x60700134f130 LOG nicesrc gstnicesrc.c:299:gst_nice_src_create: Got buffer, pushing
0:01:05.843377851 18238 0x607000932940 LOG GST_BUFFER gstbuffer.c:1875:gst_buffer_extract: buffer 0x6120038ce240, offset 0, size 960
0:01:05.843407144 18238 0x607000932940 LOG GST_PERFORMANCE gstadapter.c:358:copy_into_unchecked: extract 652 bytes
0:01:05.843406817 18238 0x60700134f130 DEBUG GST_CLOCK gstclock.c:1045:gst_clock_get_internal_time: internal time 132:06:01.488666590
0:01:05.843419693 18238 0x607000932940 LOG GST_BUFFER gstbuffer.c:1875:gst_buffer_extract: buffer 0x612003937b40, offset 0, size 652
0:01:05.843447822 18238 0x607000932940 LOG GST_BUFFER gstbuffer.c:798:gst_buffer_new: new 0x612003932a40
0:01:05.843442453 18238 0x60700134f130 DEBUG GST_CLOCK gstclock.c:1090:gst_clock_get_time: adjusted time 132:06:01.488666590
0:01:05.843480754 18238 0x60700134f130 LOG basesrc gstbasesrc.c:2267:gst_base_src_do_sync: created DTS
0:00:44.683688142
0:01:05.843507876 18238 0x60700134f130 LOG basesrc gstbasesrc.c:2277:gst_base_src_do_sync: created PTS
0:00:44.683688142
0:01:05.843507137 18238 0x607000932940 DEBUG GST_MEMORY gstmemory.c:138:gst_memory_init: new memory 0x60d0001d4790, maxsize:2544 offset:624 size:1920
0:01:05.843535239 18238 0x60700134f130 DEBUG basesrc gstbasesrc.c:2315:gst_base_src_do_sync: no sync needed
0:01:05.843537967 18238 0x607000932940 LOG GST_BUFFER gstbuffer.c:413:_memory_add: buffer 0x612003932a40, idx -1, mem 0x60d0001d4790
0:01:05.843562518 18238 0x60700134f130 DEBUG basesrc gstbasesrc.c:2524:gst_base_src_get_range: buffer ok
0:01:05.843561390 18238 0x607000932940 LOG audioencoder gstaudioencoder.c:1131:gst_audio_encoder_push_buffers: providing subclass with 1920 bytes at offset 624
0:01:05.843583924 18238 0x607000932940 DEBUG opusenc gstopusenc.c:1068:gst_opus_enc_handle_frame: handle_frame
0:01:05.843584378 18238 0x60700134f130 LOG GST_SCHEDULING gstpad.c:3615:do_probe_callbacks: do probes cookie 2589
0:01:05.843600502 18238 0x607000932940 DEBUG opusenc gstopusenc.c:1070:gst_opus_enc_handle_frame: received buffer 0x612003932a40 of 1920 bytes
0:01:05.843617949 18238 0x607000932940 LOG GST_BUFFER gstbuffer.c:1720:gst_buffer_map_range: buffer 0x612003932a40, idx 0, length -1, flags 0001
0:01:05.843610886 18238 0x60700134f130 LOG GST_SCHEDULING gstpad.c:3511:probe_hook_marshal: hook 1, cookie 2589 with flags 0x00003010 does not match 00001012
0:01:05.843637435 18238 0x607000932940 LOG GST_BUFFER gstbuffer.c:212:_get_merged_memory: buffer 0x612003932a40, idx 0, length 1
0:01:05.843656456 18238 0x607000932940 DEBUG audioencoder gstaudioencoder.c:2883:gst_audio_encoder_allocate_output_buffer: alloc src buffer
0:01:05.843656892 18238 0x60700134f130 DEBUG GST_PADS gstpad.c:3696:do_probe_callbacks: data is passed
0:01:05.843678118 18238 0x60700134f130 LOG GST_SCHEDULING gstpad.c:3615:do_probe_callbacks: do probes cookie 2590
0:01:05.843679417 18238 0x607000932940 DEBUG GST_MEMORY gstmemory.c:138:gst_memory_init: new memory 0x621000551500, maxsize:4007 offset:0 size:4000
0:01:05.843705167 18238 0x607000932940 LOG GST_BUFFER gstbuffer.c:798:gst_buffer_new: new 0x61200395f740
0:01:05.843707174 18238 0x60700134f130 LOG GST_SCHEDULING gstpad.c:3454:probe_hook_marshal: hook 1, cookie 2590 with flags 0x00003010 matches
0:01:05.843717195 18238 0x607000932940 LOG GST_BUFFER gstbuffer.c:413:_memory_add: buffer 0x61200395f740, idx -1, mem 0x621000551500
0:01:05.843755753 18238 0x607000932940 LOG GST_BUFFER gstbuffer.c:854:gst_buffer_new_allocate: new buffer 0x61200395f740 of size 4000 from allocator (nil)
0:01:05.843781341 18238 0x60700134f130 DEBUG GST_PADS gstpad.c:3499:probe_hook_marshal: probe returned OK
0:01:05.843778622 18238 0x607000932940 DEBUG opusenc gstopusenc.c:1010:gst_opus_enc_encode: encoding 960 samples (1920 bytes)
0:01:05.843806066 18238 0x607000932940 LOG GST_BUFFER gstbuffer.c:1720:gst_buffer_map_range: buffer 0x61200395f740, idx 0, length -1, flags 0002
0:01:05.843825513 18238 0x607000932940 LOG GST_BUFFER gstbuffer.c:212:_get_merged_memory: buffer 0x61200395f740, idx 0, length 1
0:01:05.843809556 18238 0x60700134f130 DEBUG GST_SCHEDULING gstpad.c:4200:gst_pad_chain_data_unchecked: calling chainfunction &gst_funnel_sink_chain with buffer buffer: 0x61200193d2c0, pts 0:00:44.683688142, dts 0:00:44.683688142, dur 99:99:99.999999999, size 715, offset none, offset_end none, flags 0x0
0:01:05.843930006 18238 0x60700134f130 DEBUG funnel gstfunnel.c:322:gst_funnel_sink_chain_object: received buffer: 0x61200193d2c0, pts 0:00:44.683688142, dts 0:00:44.683688142, dur 99:99:99.999999999, size 715, offset none, offset_end none, flags 0x0
0:01:05.843961207 18238 0x60700134f130 DEBUG GST_SCHEDULING gstpad.c:4200:gst_pad_chain_data_unchecked: calling chainfunction &gst_proxy_pad_chain_default with buffer buffer: 0x61200193d2c0, pts 0:00:44.683688142, dts 0:00:44.683688142, dur 99:99:99.999999999, size 715, offset none, offset_end none, flags 0x0
0:01:05.843996105 18238 0x60700134f130 DEBUG GST_SCHEDULING gstpad.c:4200:gst_pad_chain_data_unchecked: calling chainfunction &gst_funnel_sink_chain with buffer buffer: 0x61200193d2c0, pts 0:00:44.683688142, dts 0:00:44.683688142, dur 99:99:99.999999999, size 715, offset none, offset_end none, flags 0x0
0:01:05.844015321 18238 0x607000932940 DEBUG opusenc gstopusenc.c:1041:gst_opus_enc_encode: Output packet is 160 bytes
0:01:05.844038580 18238 0x607000932940 LOG GST_BUFFER gstbuffer.c:1581:gst_buffer_resize_range: trim 0x61200395f740 0-160 size:4000 offs:0 max:4007
0:01:05.844034462 18238 0x60700134f130 DEBUG funnel gstfunnel.c:322:gst_funnel_sink_chain_object: received buffer: 0x61200193d2c0, pts 0:00:44.683688142, dts 0:00:44.683688142, dur 99:99:99.999999999, size 715, offset none, offset_end none, flags 0x0
0:01:05.844065653 18238 0x607000932940 LOG audioencoder gstaudioencoder.c:782:gst_audio_encoder_finish_frame: accepting 160 bytes encoded data as 960 samples
0:01:05.844085078 18238 0x607000932940 LOG audioencoder gstaudioencoder.c:820:gst_audio_encoder_finish_frame: 14 samples past prev_ts
0:00:44.658979167
0:01:05.844085118 18238 0x60700134f130 DEBUG GST_SCHEDULING gstpad.c:4200:gst_pad_chain_data_unchecked: calling chainfunction &gst_proxy_pad_chain_default with buffer buffer: 0x61200193d2c0, pts 0:00:44.683688142, dts 0:00:44.683688142, dur 99:99:99.999999999, size 715, offset none, offset_end none, flags 0x0
0:01:05.844106888 18238 0x607000932940 LOG audioencoder gstaudioencoder.c:822:gst_audio_encoder_finish_frame: 233294 samples past base_ts
0:00:39.798979167
0:01:05.844128215 18238 0x607000932940 LOG audioencoder gstaudioencoder.c:835:gst_audio_encoder_finish_frame: ts diff 0 ms
0:01:05.844143740 18238 0x607000932940 LOG audioencoder gstaudioencoder.c:850:gst_audio_encoder_finish_frame: new upstream ts only introduces jitter
0:01:05.844131617 18238 0x60700134f130 DEBUG GST_SCHEDULING gstpad.c:4200:gst_pad_chain_data_unchecked: calling chainfunction &gst_srtp_dec_chain_rtp with buffer buffer: 0x61200193d2c0, pts 0:00:44.683688142, dts 0:00:44.683688142, dur 99:99:99.999999999, size 715, offset none, offset_end none, flags 0x0
0:01:05.844157507 18238 0x607000932940 LOG adapter gstadapter.c:823:gst_adapter_get_buffer_fast: getting buffer of 1920 bytes
0:01:05.844190585 18238 0x607000932940 LOG adapter gstadapter.c:849:gst_adapter_get_buffer_fast: appending 932 bytes via region copy
0:01:05.844179500 18238 0x60700134f130 LOG GST_BUFFER gstbuffer.c:1720:gst_buffer_map_range: buffer 0x61200193d2c0, idx 0, length 1, flags 10001
0:01:05.844215428 18238 0x607000932940 LOG GST_BUFFER gstbuffer.c:798:gst_buffer_new: new 0x61200395f140
0:01:05.844212788 18238 0x60700134f130 LOG GST_BUFFER gstbuffer.c:212:_get_merged_memory: buffer 0x61200193d2c0, idx 0, length 1
0:01:05.844233247 18238 0x607000932940 LOG GST_BUFFER gstbuffer.c:2038:gst_buffer_copy_region: new region copy 0x61200395f140 of 0x612003898cc0 28-932
0:01:05.844253664 18238 0x607000932940 LOG GST_BUFFER gstbuffer.c:514:gst_buffer_copy_into: copy 0x612003898cc0 to 0x61200395f140, offset 28-932/960
0:01:05.844257662 18238 0x60700134f130 DEBUG GST_SCHEDULING gstpad.c:4200:gst_pad_chain_data_unchecked: calling chainfunction &0x7f95fddf0e30 with buffer buffer: 0x61200193d2c0, pts 0:00:44.683688142, dts 0:00:44.683688142, dur 99:99:99.999999999, size 715, offset none, offset_end none, flags 0x0
0:01:05.844279276 18238 0x607000932940 DEBUG GST_MEMORY gstmemory.c:138:gst_memory_init: new memory 0x60d0001d46c0, maxsize:967 offset:28 size:932
0:01:05.844299584 18238 0x60700134f130 LOG rtpsession gstrtpsession.c:1917:gst_rtp_session_chain_recv_rtp: received RTP packet
0:01:05.844302058 18238 0x607000932940 LOG GST_BUFFER gstbuffer.c:413:_memory_add: buffer 0x61200395f140, idx -1, mem 0x60d0001d46c0
0:01:05.844329198 18238 0x607000932940 LOG adapter gstadapter.c:849:gst_adapter_get_buffer_fast: appending 960 bytes via region copy
0:01:05.844329232 18238 0x60700134f130 DEBUG GST_CLOCK gstclock.c:1045:gst_clock_get_internal_time: internal time 132:06:01.489589357
0:01:05.844342473 18238 0x607000932940 LOG GST_BUFFER gstbuffer.c:514:gst_buffer_copy_into: copy 0x6120038ce240 to 0x61200395f140, offset 0-960/960
0:01:05.844363566 18238 0x607000932940 LOG GST_BUFFER gstbuffer.c:413:_memory_add: buffer 0x61200395f140, idx -1, mem 0x619000ba7c80
0:01:05.844359566 18238 0x60700134f130 DEBUG GST_CLOCK gstclock.c:1090:gst_clock_get_time: adjusted time 132:06:01.489589357
0:01:05.844393201 18238 0x607000932940 LOG adapter gstadapter.c:849:gst_adapter_get_buffer_fast: appending 28 bytes via region copy
0:01:05.844406392 18238 0x607000932940 LOG GST_BUFFER gstbuffer.c:514:gst_buffer_copy_into: copy 0x612003937b40 to 0x61200395f140, offset 0-28/960
0:01:05.844390487 18238 0x60700134f130 LOG GST_BUFFER gstbuffer.c:1720:gst_buffer_map_range: buffer 0x61200193d2c0, idx 0, length 1, flags 0001
0:01:05.844429115 18238 0x607000932940 DEBUG GST_MEMORY gstmemory.c:138:gst_memory_init: new memory 0x60d0001d4ba0, maxsize:967 offset:0 size:28
0:01:05.844448962 18238 0x607000932940 LOG GST_BUFFER gstbuffer.c:413:_memory_add: buffer 0x61200395f140, idx -1, mem 0x60d0001d4ba0
0:01:05.844442229 18238 0x60700134f130 LOG GST_BUFFER gstbuffer.c:212:_get_merged_memory: buffer 0x61200193d2c0, idx 0, length 1
0:01:05.844470957 18238 0x607000932940 LOG adapter gstadapter.c:633:gst_adapter_flush_unchecked: flushing 1920 bytes
0:01:05.844488429 18238 0x607000932940 LOG adapter gstadapter.c:655:gst_adapter_flush_unchecked: flushing out head buffer
0:01:05.844488618 18238 0x60700134f130 INFO rtpsource rtpsource.c:1147:update_receiver_stats: duplicate or reordered packet (seqnr 30719, expected 30736)
0:01:05.844499039 18238 0x607000932940 LOG GST_BUFFER gstbuffer.c:724:_gst_buffer_free: finalize 0x612003898cc0
0:01:05.844516467 18238 0x60700134f130 LOG rtpsource rtpsource.c:1158:update_receiver_stats: seq 30719, PC: 773, OC: 759259
0:01:05.844528073 18238 0x607000932940 LOG adapter gstadapter.c:289:update_timestamps_and_offset: new pts
0:00:44.668979167
0:01:05.844554813 18238 0x607000932940 LOG adapter gstadapter.c:301:update_timestamps_and_offset: new offset 2144111
0:01:05.844546500 18238 0x60700134f130 LOG rtpsource rtpsource.c:938:calculate_jitter: SSRC 439a6d76 got payload 98
0:01:05.844571610 18238 0x607000932940 LOG adapter gstadapter.c:655:gst_adapter_flush_unchecked: flushing out head buffer
0:01:05.844586550 18238 0x607000932940 LOG GST_BUFFER gstbuffer.c:724:_gst_buffer_free: finalize 0x6120038ce240
0:01:05.844581324 18238 0x60700134f130 LOG rtpsource rtpsource.c:971:calculate_jitter: rtparrival 4021531, rtptime 1879848368, clock-rate 90000, diff 29661, jitter: 36185.062500
0:01:05.844603028 18238 0x607000932940 LOG adapter gstadapter.c:289:update_timestamps_and_offset: new pts
0:00:44.678979167
0:01:05.844625325 18238 0x60700134f130 LOG rtpsource rtpsource.c:879:push_packet: pushing new packet
0:01:05.844624475 18238 0x607000932940 LOG adapter gstadapter.c:301:update_timestamps_and_offset: new offset 2144591
0:01:05.844642040 18238 0x60700134f130 LOG rtpsession rtpsession.c:1389:source_push_rtp: source 439a6d76 pushed receiver RTP packet
0:01:05.844652018 18238 0x607000932940 LOG audioencoder gstaudioencoder.c:936:gst_audio_encoder_finish_frame: taking 160 bytes for output
0:01:05.844675652 18238 0x60700134f130 LOG rtpsession gstrtpsession.c:1336:gst_rtp_session_process_rtp: pushing received RTP packet
0:01:05.844676823 18238 0x607000932940 DEBUG audioencoder gstaudioencoder.c:948:gst_audio_encoder_finish_frame: out samples 960
0:01:05.844701146 18238 0x60700134f130 DEBUG GST_SCHEDULING gstpad.c:4200:gst_pad_chain_data_unchecked: calling chainfunction &0x7f95fdddb9d0 with buffer buffer: 0x61200193d2c0, pts 0:00:44.683688142, dts 0:00:44.683688142, dur 99:99:99.999999999, size 715, offset none, offset_end none, flags 0x0
0:01:05.844700689 18238 0x607000932940 LOG audioencoder gstaudioencoder.c:1016:gst_audio_encoder_finish_frame: pushing buffer of size 160 with ts 0:00:44.659270833, duration
0:00:00.020000000
0:01:05.844756836 18238 0x60700134f130 LOG GST_BUFFER gstbuffer.c:1720:gst_buffer_map_range: buffer 0x61200193d2c0, idx 0, length 1, flags 0001
0:01:05.844770091 18238 0x607000932940 DEBUG GST_SCHEDULING gstpad.c:4200:gst_pad_chain_data_unchecked: calling chainfunction &0x7f95fe031ee0 with buffer buffer: 0x61200395f740, pts 0:00:44.659270833, dts 0:00:44.659270833, dur 0:00:00.020000000, size 160, offset 183040, offset_end 183200, flags 0x0
0:01:05.844788727 18238 0x60700134f130 LOG GST_BUFFER gstbuffer.c:212:_get_merged_memory: buffer 0x61200193d2c0, idx 0, length 1
0:01:05.844799511 18238 0x607000932940 LOG GST_BUFFER gstbuffer.c:798:gst_buffer_new: new 0x6120017a2a40
0:01:05.844823894 18238 0x607000932940 DEBUG GST_BUFFER gstbuffer.c:1265:gst_buffer_remove_memory_range: idx 0, length -1
0:01:05.844827006 18238 0x60700134f130 DEBUG rtpssrcdemux gstrtpssrcdemux.c:625:gst_rtp_ssrc_demux_chain: received buffer of SSRC 439a6d76
0:01:05.844848167 18238 0x607000932940 LOG GST_BUFFER gstbuffer.c:283:_replace_memory: buffer 0x6120017a2a40 replace 0-0 with memory (nil)
0:01:05.844854408 18238 0x60700134f130 DEBUG GST_SCHEDULING gstpad.c:4200:gst_pad_chain_data_unchecked: calling chainfunction &gst_rtp_jitter_buffer_chain with buffer buffer: 0x61200193d2c0, pts 0:00:44.683688142, dts 0:00:44.683688142, dur 99:99:99.999999999, size 715, offset none, offset_end none, flags 0x0
0:01:05.844871248 18238 0x607000932940 DEBUG GST_MEMORY gstmemory.c:138:gst_memory_init: new memory 0x60f0002ebbb0, maxsize:19 offset:0 size:12
0:01:05.844899180 18238 0x607000932940 LOG GST_BUFFER gstbuffer.c:413:_memory_add: buffer 0x6120017a2a40, idx -1, mem 0x60f0002ebbb0
0:01:05.844919440 18238 0x607000932940 LOG GST_BUFFER gstbuffer.c:1581:gst_buffer_resize_range: trim 0x61200395f740 0--1 size:160 offs:0 max:4007
0:01:05.844939927 18238 0x607000932940 LOG GST_BUFFER gstbuffer.c:413:_memory_add: buffer 0x6120017a2a40, idx -1, mem 0x621000551500
0:01:05.844955204 18238 0x607000932940 LOG GST_BUFFER gstbuffer.c:724:_gst_buffer_free: finalize 0x61200395f740
0:01:05.844971719 18238 0x607000932940 LOG rtpbasepayload gstrtpbasepayload.c:1223:gst_rtp_base_payload_prepare_push: Using running_time
0:00:44.659270833 for RTP timestamp
0:01:05.844994305 18238 0x607000932940 LOG rtpbasepayload gstrtpbasepayload.c:1236:gst_rtp_base_payload_prepare_push: setting running-time to 2143644
0:01:05.844892460 18238 0x60700134f130 LOG GST_BUFFER gstbuffer.c:1720:gst_buffer_map_range: buffer 0x61200193d2c0, idx 0, length 1, flags 0001
0:01:05.845009633 18238 0x607000932940 LOG GST_BUFFER gstbuffer.c:1720:gst_buffer_map_range: buffer 0x6120017a2a40, idx 0, length 1, flags 0002
0:01:05.845034946 18238 0x607000932940 LOG GST_BUFFER gstbuffer.c:212:_get_merged_memory: buffer 0x6120017a2a40, idx 0, length 1
0:01:05.845028403 18238 0x60700134f130 LOG GST_BUFFER gstbuffer.c:212:_get_merged_memory: buffer 0x61200193d2c0, idx 0, length 1
0:01:05.845057527 18238 0x607000932940 LOG rtpbasepayload gstrtpbasepayload.c:1265:gst_rtp_base_payload_prepare_push: Preparing to push packet with size 172, seq=12371, rtptime=3499027931, pts
0:00:44.659270833
0:01:05.845069604 18238 0x60700134f130 DEBUG rtpjitterbuffer gstrtpjitterbuffer.c:2853:gst_rtp_jitter_buffer_chain: Received packet #30719 at time 0:00:44.683688142, discont 0, rtx 0
0:01:05.845085592 18238 0x607000932940 DEBUG GST_SCHEDULING gstpad.c:4200:gst_pad_chain_data_unchecked: calling chainfunction &gst_proxy_pad_chain_default with buffer buffer: 0x6120017a2a40, pts 0:00:44.659270833, dts 0:00:44.659270833, dur 0:00:00.020000000, size 172, offset none, offset_end none, flags 0x4000
0:01:05.845116801 18238 0x607000932940 DEBUG GST_SCHEDULING gstpad.c:4200:gst_pad_chain_data_unchecked: calling chainfunction &gst_base_transform_chain with buffer buffer: 0x6120017a2a40, pts 0:00:44.659270833, dts 0:00:44.659270833, dur 0:00:00.020000000, size 172, offset none, offset_end none, flags 0x4000
0:01:05.845105107 18238 0x60700134f130 LOG rtpjitterbuffer gstrtpjitterbuffer.c:2589:calculate_jitter: dtsdiff
0:00:00.003776216 rtptime 0:00:00.333333333, clock-rate 90000, diff 0:00:00.329557117, jitter:
0:00:00.402055732
0:01:05.845148284 18238 0x607000932940 DEBUG basetransform gstbasetransform.c:2041:default_submit_input_buffer: handling buffer 0x6120017a2a40 of size 172, PTS
0:00:44.659270833 and offset NONE
0:01:05.845175276 18238 0x607000932940 DEBUG basetransform gstbasetransform.c:2153:default_generate_output: calling prepare buffer
0:01:05.845166958 18238 0x60700134f130 DEBUG rtpjitterbuffer gstrtpjitterbuffer.c:2950:gst_rtp_jitter_buffer_chain: expected #30736, got #30719, gap of -17
0:01:05.845187806 18238 0x607000932940 DEBUG basetransform gstbasetransform.c:2160:default_generate_output: using allocated buffer in 0x6120017a2a40, out 0x6120017a2a40
0:01:05.845200555 18238 0x60700134f130 DEBUG rtpjitterbuffer gstrtpjitterbuffer.c:2979:gst_rtp_jitter_buffer_chain: Clearing gap packets
0:01:05.845207648 18238 0x607000932940 DEBUG basetransform gstbasetransform.c:2177:default_generate_output: doing inplace transform
0:01:05.845225961 18238 0x607000932940 DEBUG GST_SCHEDULING gstpad.c:4200:gst_pad_chain_data_unchecked: calling chainfunction &gst_rtp_mux_chain with buffer buffer: 0x6120017a2a40, pts 0:00:44.659270833, dts 0:00:44.659270833, dur 0:00:00.020000000, size 172, offset none, offset_end none, flags 0x4000
0:01:05.845225722 18238 0x60700134f130 DEBUG rtpjitterbuffer rtpjitterbuffer.c:785:rtp_jitter_buffer_calculate_pts: extrtp 1879848368, gstrtp 5:48:07.204088888, base 5:48:06.504088888, send_diff
0:00:00.700000000
0:01:05.845254123 18238 0x607000932940 LOG GST_BUFFER gstbuffer.c:1720:gst_buffer_map_range: buffer 0x6120017a2a40, idx 0, length 1, flags 0003
0:01:05.845272305 18238 0x607000932940 LOG GST_BUFFER gstbuffer.c:212:_get_merged_memory: buffer 0x6120017a2a40, idx 0, length 1
0:01:05.845264607 18238 0x60700134f130 DEBUG rtpjitterbuffer rtpjitterbuffer.c:563:calculate_skew: time 0:00:44.683688142, base 0:00:44.649263703, recv_diff 0:00:00.034424439, slope 162
0:01:05.845293024 18238 0x607000932940 LOG rtpmux gstrtpmux.c:355:gst_rtp_mux_readjust_rtp_timestamp_locked: Re-adjusting RTP ts 3499027931 to 2570386213
0:01:05.845304651 18238 0x60700134f130 DEBUG rtpjitterbuffer rtpjitterbuffer.c:580:calculate_skew: filling 6, delta -665575561
0:01:05.845311708 18238 0x607000932940 LOG rtpmux gstrtpmux.c:377:process_buffer_locked: Pushing packet size 12, seq=10592, ts=2570386213
0:01:05.845330690 18238 0x60700134f130 DEBUG rtpjitterbuffer rtpjitterbuffer.c:664:calculate_skew: skew -406123567, out
0:00:44.943140136
0:01:05.845345129 18238 0x607000932940 DEBUG GST_SCHEDULING gstpad.c:4200:gst_pad_chain_data_unchecked: calling chainfunction &gst_proxy_pad_chain_default with buffer buffer: 0x6120017a2a40, pts 0:00:44.659270833, dts 0:00:44.659270833, dur 0:00:00.020000000, size 172, offset none, offset_end none, flags 0x4000
0:01:05.845365282 18238 0x60700134f130 DEBUG rtpjitterbuffer gstrtpjitterbuffer.c:3000:gst_rtp_jitter_buffer_chain: old packet received
0:01:05.845376076 18238 0x607000932940 DEBUG GST_SCHEDULING gstpad.c:4200:gst_pad_chain_data_unchecked: calling chainfunction &0x7f95fddef870 with buffer buffer: 0x6120017a2a40, pts 0:00:44.659270833, dts 0:00:44.659270833, dur 0:00:00.020000000, size 172, offset none, offset_end none, flags 0x4000
0:01:05.845393154 18238 0x60700134f130 DEBUG rtpjitterbuffer gstrtpjitterbuffer.c:2234:remove_timer: removed index 16
0:01:05.845403743 18238 0x607000932940 LOG rtpsession gstrtpsession.c:2273:gst_rtp_session_chain_send_rtp_common: received RTP packet
0:01:05.845425512 18238 0x607000932940 DEBUG GST_CLOCK gstclock.c:1045:gst_clock_get_internal_time: internal time 132:06:01.490691003
0:01:05.845425787 18238 0x60700134f130 DEBUG rtpjitterbuffer gstrtpjitterbuffer.c:3119:gst_rtp_jitter_buffer_chain: Pushed packet #30719, now 13 packets, head: 0, percent -1
0:01:05.845450019 18238 0x607000932940 DEBUG GST_CLOCK gstclock.c:1090:gst_clock_get_time: adjusted time 132:06:01.490691003
0:01:05.845469559 18238 0x607000932940 LOG rtpsession rtpsession.c:2981:rtp_session_send_rtp: received RTP packet for sending
0:01:05.845463285 18238 0x60700134f130 DEBUG GST_SCHEDULING gstpad.c:4206:gst_pad_chain_data_unchecked: called chainfunction &gst_rtp_jitter_buffer_chain with buffer 0x61200193d2c0, returned ok
0:01:05.845485827 18238 0x607000932940 LOG GST_BUFFER gstbuffer.c:1720:gst_buffer_map_range: buffer 0x6120017a2a40, idx 0, length 1, flags 0001
0:01:05.845520699 18238 0x607000932940 LOG GST_BUFFER gstbuffer.c:212:_get_merged_memory: buffer 0x6120017a2a40, idx 0, length 1
0:01:05.845525619 18238 0x60700134f130 DEBUG GST_SCHEDULING gstpad.c:4206:gst_pad_chain_data_unchecked: called chainfunction &0x7f95fdddb9d0 with buffer 0x61200193d2c0, returned ok
0:01:05.845542757 18238 0x607000932940 LOG rtpsource rtpsource.c:1158:update_receiver_stats: seq 10592, PC: 1145, OC: 183200
0:01:05.845560290 18238 0x607000932940 LOG rtpsource rtpsource.c:1289:rtp_source_send_rtp: SSRC a9eb0eb9, RTP 2570386213, running_time
0:00:44.659270833
0:01:05.845564876 18238 0x60700134f130 DEBUG GST_SCHEDULING gstpad.c:4206:gst_pad_chain_data_unchecked: called chainfunction &0x7f95fddf0e30 with buffer 0x61200193d2c0, returned ok
0:01:05.845581417 18238 0x607000932940 LOG rtpsource rtpsource.c:1299:rtp_source_send_rtp: SSRC a9eb0eb9, diff RTP 960, diff running_time
0:00:00.020000000
0:01:05.845600632 18238 0x607000932940 LOG rtpsource rtpsource.c:1312:rtp_source_send_rtp: pushing RTP packet 1145
0:01:05.845614052 18238 0x607000932940 LOG rtpsession rtpsession.c:1377:source_push_rtp: source a9eb0eb9 pushed sender RTP packet
0:01:05.845597629 18238 0x60700134f130 DEBUG GST_SCHEDULING gstpad.c:4206:gst_pad_chain_data_unchecked: called chainfunction &gst_srtp_dec_chain_rtp with buffer 0x61200193d2c0, returned ok
0:01:05.845640048 18238 0x607000932940 LOG rtpsession gstrtpsession.c:1367:gst_rtp_session_send_rtp: sending RTP packet
0:01:05.845640141 18238 0x60700134f130 DEBUG GST_SCHEDULING gstpad.c:4206:gst_pad_chain_data_unchecked: called chainfunction &gst_proxy_pad_chain_default with buffer 0x61200193d2c0, returned ok
0:01:05.845655480 18238 0x607000932940 DEBUG GST_SCHEDULING gstpad.c:4200:gst_pad_chain_data_unchecked: calling chainfunction &gst_srtp_enc_chain_rtp with buffer buffer: 0x6120017a2a40, pts 0:00:44.659270833, dts 0:00:44.659270833, dur 0:00:00.020000000, size 172, offset none, offset_end none, flags 0x4000
0:01:05.845676178 18238 0x60700134f130 LOG funnel gstfunnel.c:343:gst_funnel_sink_chain_object: handled buffer ok
0:01:05.845684542 18238 0x607000932940 DEBUG GST_SCHEDULING gstpad.c:4200:gst_pad_chain_data_unchecked: calling chainfunction &gst_proxy_pad_chain_default with buffer buffer: 0x6120017a2a40, pts 0:00:44.659270833, dts 0:00:44.659270833, dur 0:00:00.020000000, size 172, offset none, offset_end none, flags 0x4000
0:01:05.845712657 18238 0x60700134f130 DEBUG GST_SCHEDULING gstpad.c:4206:gst_pad_chain_data_unchecked: called chainfunction &gst_funnel_sink_chain with buffer 0x61200193d2c0, returned ok
0:01:05.845713233 18238 0x607000932940 DEBUG GST_SCHEDULING gstpad.c:4200:gst_pad_chain_data_unchecked: calling chainfunction &gst_tee_chain with buffer buffer: 0x6120017a2a40, pts 0:00:44.659270833, dts 0:00:44.659270833, dur 0:00:00.020000000, size 172, offset none, offset_end none, flags 0x4000
0:01:05.845773613 18238 0x607000932940 DEBUG tee gsttee.c:777:gst_tee_chain: received buffer 0x6120017a2a40
0:01:05.845772228 18238 0x60700134f130 DEBUG GST_SCHEDULING gstpad.c:4206:gst_pad_chain_data_unchecked: called chainfunction &gst_proxy_pad_chain_default with buffer 0x61200193d2c0, returned ok
0:01:05.845794940 18238 0x607000932940 DEBUG GST_SCHEDULING gstpad.c:4200:gst_pad_chain_data_unchecked: calling chainfunction &gst_proxy_pad_chain_default with buffer buffer: 0x6120017a2a40, pts 0:00:44.659270833, dts 0:00:44.659270833, dur 0:00:00.020000000, size 172, offset none, offset_end none, flags 0x4000
0:01:05.845805829 18238 0x60700134f130 LOG funnel gstfunnel.c:343:gst_funnel_sink_chain_object: handled buffer ok
0:01:05.845829444 18238 0x607000932940 DEBUG GST_SCHEDULING gstpad.c:4200:gst_pad_chain_data_unchecked: calling chainfunction &gst_tee_chain with buffer buffer: 0x6120017a2a40, pts 0:00:44.659270833, dts 0:00:44.659270833, dur 0:00:00.020000000, size 172, offset none, offset_end none, flags 0x4000
0:01:05.845838837 18238 0x60700134f130 DEBUG GST_SCHEDULING gstpad.c:4206:gst_pad_chain_data_unchecked: called chainfunction &gst_funnel_sink_chain with buffer 0x61200193d2c0, returned ok
0:01:05.845863389 18238 0x607000932940 DEBUG tee gsttee.c:777:gst_tee_chain: received buffer 0x6120017a2a40
0:01:05.845874467 18238 0x60700134f130 LOG GST_SCHEDULING gstpad.c:3615:do_probe_callbacks: do probes cookie 2591
0:01:05.845882396 18238 0x607000932940 LOG tee gsttee.c:694:gst_tee_handle_data: Starting to push buffer 0x6120017a2a40
0:01:05.845908156 18238 0x60700134f130 LOG GST_SCHEDULING gstpad.c:3511:probe_hook_marshal: hook 1, cookie 2591 with flags 0x00003010 does not match 00001001
0:01:05.845910126 18238 0x607000932940 DEBUG GST_SCHEDULING gstpad.c:4200:gst_pad_chain_data_unchecked: calling chainfunction &gst_base_sink_chain with buffer buffer: 0x6120017a2a40, pts 0:00:44.659270833, dts 0:00:44.659270833, dur 0:00:00.020000000, size 172, offset none, offset_end none, flags 0x4000
0:01:05.845945051 18238 0x60700134f130 LOG basesrc gstbasesrc.c:2738:gst_base_src_loop: next_ts 99:99:99.999999999 size 4096
0:01:05.845944979 18238 0x607000932940 DEBUG basesink gstbasesink.c:3360:gst_base_sink_chain_unlocked: got times start: 0:00:44.659270833, end:
0:00:44.679270833
0:01:05.845979995 18238 0x60700134f130 DEBUG basesrc gstbasesrc.c:2460:gst_base_src_get_range: calling create offset 18446744073709551615 length 4096, time 0
0:01:05.845983200 18238 0x607000932940 DEBUG basesink gstbasesink.c:1946:gst_base_sink_get_sync_times: got times start: 0:00:44.659270833, stop: 0:00:44.679270833, do_sync 1
0:01:05.846018495 18238 0x607000932940 LOG basesink gstbasesink.c:2483:gst_base_sink_do_sync: avg frame diff
0:00:00.020000000
0:01:05.846043761 18238 0x607000932940 DEBUG basesink gstbasesink.c:2523:gst_base_sink_do_sync: reset rc_time to time
0:00:44.659270833
0:01:05.846065908 18238 0x607000932940 DEBUG basesink gstbasesink.c:2535:gst_base_sink_do_sync: possibly waiting for clock to reach 0:00:44.659270833, adjusted
0:00:44.659270833
0:01:05.846096079 18238 0x607000932940 DEBUG basesink gstbasesink.c:2163:gst_base_sink_wait_clock: sync disabled
0:01:05.846103012 18238 0x60700134f130 LOG nicesrc gstnicesrc.c:278:gst_nice_src_create: create called
0:01:05.846111008 18238 0x607000932940 DEBUG basesink gstbasesink.c:2542:gst_base_sink_do_sync: clock returned 4, jitter
0:00:00.000000000
0:01:05.846136452 18238 0x607000932940 DEBUG basesink gstbasesink.c:3468:gst_base_sink_chain_unlocked: rendering object 0x6120017a2a40
