0:01:05.812307151 18238 0x607000932940 LOG GST_BUFFER gstbuffer.c:1720:gst_buffer_map_range: buffer 0x612001e7c240, idx 0, length -1, flags 0002
0:01:05.812323576 18238 0x607000932940 LOG GST_BUFFER gstbuffer.c:212:_get_merged_memory: buffer 0x612001e7c240, idx 0, length 1
0:01:05.812303925 18238 0x60400000c890 DEBUG GST_BUS gstbus.c:317:gst_bus_post: [msg 0x60c000889d80] posting on bus state-changed message: 0x60c000889d80, time 99:99:99.999999999, seq-num 6083, element 'bin8', GstMessageStateChanged, old-state=(GstState)GST_STATE_PAUSED, new-state=(GstState)GST_STATE_READY, pending-state=(GstState)GST_STATE_NULL;
0:01:05.812343808 18238 0x607000932940 DEBUG ringbuffer gstaudioringbuffer.c:1740:gst_audio_ring_buffer_read: pointer at 4466, sample 1428800, read from 4465-0, to_read 320, diff 1, segtotal 2, segsize 640
0:01:05.812345697 18238 0x60400000c890 DEBUG bin gstbin.c:3734:gst_bin_handle_message_func: [msg 0x60c000889d80] handling child bin8 message of type state-changed
0:01:05.812365945 18238 0x60400000c890 DEBUG bin gstbin.c:4071:gst_bin_handle_message_func: posting message upward
0:01:05.812367727 18238 0x607000932940 DEBUG ringbuffer gstaudioringbuffer.c:1765:gst_audio_ring_buffer_read: read @0x61a00028cb00 seg 1, off 0, sampleslen 320
0:01:05.812389784 18238 0x607000932940 INFO ringbuffer gstaudioringbuffer.c:1793:gst_audio_ring_buffer_read: Retrieved timestamp 99:99:99.999999999 @ 1
0:01:05.812375715 18238 0x60400000c890 DEBUG GST_BUS gstbus.c:317:gst_bus_post: [msg 0x60c000889d80] posting on bus state-changed message: 0x60c000889d80, time 99:99:99.999999999, seq-num 6083, element 'bin8', GstMessageStateChanged, old-state=(GstState)GST_STATE_PAUSED, new-state=(GstState)GST_STATE_READY, pending-state=(GstState)GST_STATE_NULL;
0:01:05.812410256 18238 0x607000932940 DEBUG audiobasesrc gstaudiobasesrc.c:837:gst_audio_base_src_create: read 320 of 320
0:01:05.812415051 18238 0x60400000c890 DEBUG bin gstbin.c:3734:gst_bin_handle_message_func: [msg 0x60c000889d80] handling child bin8 message of type state-changed
0:01:05.812431224 18238 0x60400000c890 DEBUG bin gstbin.c:4071:gst_bin_handle_message_func: posting message upward
0:01:05.812430292 18238 0x607000932940 DEBUG GST_CLOCK gstclock.c:1045:gst_clock_get_internal_time: internal time 132:06:01.457695211
0:01:05.812440721 18238 0x60400000c890 DEBUG GST_BUS gstbus.c:317:gst_bus_post: [msg 0x60c000889d80] posting on bus state-changed message: 0x60c000889d80, time 99:99:99.999999999, seq-num 6083, element 'bin8', GstMessageStateChanged, old-state=(GstState)GST_STATE_PAUSED, new-state=(GstState)GST_STATE_READY, pending-state=(GstState)GST_STATE_NULL;
0:01:05.812471300 18238 0x60400000c890 DEBUG GST_BUS gstbus.c:356:gst_bus_post: [msg 0x60c000889d80] pushing on async queue
0:01:05.812469505 18238 0x607000932940 DEBUG GST_CLOCK gstclock.c:1090:gst_clock_get_time: adjusted time 132:06:01.457695211
0:01:05.812484081 18238 0x60400000c890 DEBUG GST_BUS gstbus.c:359:gst_bus_post: [msg 0x60c000889d80] pushed on async queue
0:01:05.812495472 18238 0x60400000c890 DEBUG GST_BUS gstbus.c:352:gst_bus_post: [msg 0x60c000889d80] dropped
0:01:05.812511516 18238 0x60400000c890 DEBUG GST_BUS gstbus.c:352:gst_bus_post: [msg 0x60c000889d80] dropped
0:01:05.812492132 18238 0x607000932940 DEBUG audiobasesrc gstaudiobasesrc.c:950:gst_audio_base_src_create: running_time =
0:00:44.652716763 timestamp =
0:00:44.650000000 running_time_segment = 4465 last_written_segment = 4465 segment_skew (running time segment - last_written_segment) = 0 last_read_segment = 4465
0:01:05.812526896 18238 0x60400000c890 INFO GST_STATES gstelement.c:2401:gst_element_continue_state: continue state change READY to NULL, final NULL
0:01:05.812534986 18238 0x607000932940 LOG audiobasesrc gstaudiobasesrc.c:1061:gst_audio_base_src_create: Pushed buffer timestamp
0:00:44.650000000
0:01:05.812544707 18238 0x60400000c890 DEBUG GST_STATES gstbin.c:2869:gst_bin_change_state_func: changing state of children from READY to NULL
0:01:05.812556535 18238 0x607000932940 DEBUG basesrc gstbasesrc.c:2315:gst_base_src_do_sync: no sync needed
0:01:05.812560676 18238 0x60400000c890 DEBUG bin gstbin.c:2917:gst_bin_change_state_func: clearing all cached messages
0:01:05.812569001 18238 0x607000932940 DEBUG basesrc gstbasesrc.c:2524:gst_base_src_get_range: buffer ok
0:01:05.812569899 18238 0x60400000c890 DEBUG bin gstbin.c:2714:gst_bin_src_pads_activate: deactivate pads
0:01:05.812587519 18238 0x60400000c890 DEBUG bin gstbin.c:2722:gst_bin_src_pads_activate: pad deactivation successful
0:01:05.812582592 18238 0x607000932940 DEBUG GST_SCHEDULING gstpad.c:4200:gst_pad_chain_data_unchecked: calling chainfunction &gst_base_transform_chain with buffer buffer: 0x612001e7c240, pts 0:00:44.650000000, dts 99:99:99.999999999, dur 0:00:00.010000000, size 640, offset 1428800, offset_end 1429120, flags 0x0
0:01:05.812608267 18238 0x60400000c890 DEBUG bin gstbin.c:2400:gst_bin_sort_iterator_resync: resync
0:01:05.812611426 18238 0x607000932940 DEBUG basetransform gstbasetransform.c:2036:default_submit_input_buffer: handling buffer 0x612001e7c240 of size 640, PTS
0:00:44.650000000 and offset 1428800
0:01:05.812619245 18238 0x60400000c890 DEBUG bin gstbin.c:2186:add_to_queue: adding 'nicesink5' to queue
0:01:05.812634259 18238 0x607000932940 DEBUG basetransform gstbasetransform.c:2153:default_generate_output: calling prepare buffer
0:01:05.812637198 18238 0x60400000c890 DEBUG bin gstbin.c:2186:add_to_queue: adding 'fakesink5' to queue
0:01:05.812647248 18238 0x60400000c890 DEBUG bin gstbin.c:2186:add_to_queue: adding 'fakesink4' to queue
0:01:05.812646303 18238 0x607000932940 DEBUG basetransform gstbasetransform.c:2160:default_generate_output: using allocated buffer in 0x612001e7c240, out 0x612001e7c240
0:01:05.812663207 18238 0x607000932940 DEBUG basetransform gstbasetransform.c:2177:default_generate_output: doing inplace transform
0:01:05.812657667 18238 0x60400000c890 DEBUG bin gstbin.c:912:find_message: no message found matching types 00001000
0:01:05.812683265 18238 0x60400000c890 DEBUG bin gstbin.c:919:find_message: structure-change
0:01:05.812682629 18238 0x607000932940 DEBUG GST_SCHEDULING gstpad.c:4200:gst_pad_chain_data_unchecked: calling chainfunction &gst_base_transform_chain with buffer buffer: 0x612001e7c240, pts 0:00:44.650000000, dts 99:99:99.999999999, dur 0:00:00.010000000, size 640, offset 1428800, offset_end 1429120, flags 0x0
0:01:05.812698834 18238 0x60400000c890 DEBUG bin gstbin.c:2303:update_degree: change element tee7, degree 0->1, linked to nicesink5
0:01:05.812716974 18238 0x60400000c890 DEBUG bin gstbin.c:912:find_message: no message found matching types 00001000
0:01:05.812714670 18238 0x607000932940 DEBUG volume gstvolume.c:697:volume_before_transform: sync to
0:00:44.650000000
0:01:05.812726689 18238 0x60400000c890 DEBUG bin gstbin.c:919:find_message: structure-change
0:01:05.812741303 18238 0x607000932940 LOG default gstobject.c:1120:gst_object_sync_values: sync_values
0:01:05.812760570 18238 0x60400000c890 DEBUG bin gstbin.c:2303:update_degree: change element tee7, degree 1->2, linked to fakesink5
0:01:05.812774507 18238 0x60400000c890 DEBUG bin gstbin.c:912:find_message: no message found matching types 00001000
0:01:05.812765896 18238 0x607000932940 DEBUG audio audio.c:108:gst_audio_buffer_clip: timestamp
0:00:44.650000000
0:01:05.812789391 18238 0x60400000c890 DEBUG bin gstbin.c:919:find_message: structure-change
0:01:05.812791874 18238 0x607000932940 DEBUG basetransform gstbasetransform.c:2036:default_submit_input_buffer: handling buffer 0x612001e7c240 of size 640, PTS
0:00:44.650000000 and offset 1428800
0:01:05.812799303 18238 0x60400000c890 DEBUG bin gstbin.c:2326:update_degree: element tee7 not linked on any sinkpads
0:01:05.812819400 18238 0x607000932940 DEBUG basetransform gstbasetransform.c:2153:default_generate_output: calling prepare buffer
0:01:05.812820980 18238 0x60400000c890 DEBUG bin gstbin.c:912:find_message: no message found matching types 00001000
0:01:05.812833705 18238 0x607000932940 DEBUG basetransform gstbasetransform.c:1650:default_prepare_output_buffer: passthrough: reusing input buffer
0:01:05.812834386 18238 0x60400000c890 DEBUG bin gstbin.c:919:find_message: structure-change
0:01:05.812847158 18238 0x607000932940 DEBUG basetransform gstbasetransform.c:2160:default_generate_output: using allocated buffer in 0x612001e7c240, out 0x612001e7c240
0:01:05.812849408 18238 0x60400000c890 DEBUG bin gstbin.c:2303:update_degree: change element tee6, degree 0->1, linked to fakesink4
0:01:05.812865952 18238 0x607000932940 DEBUG basetransform gstbasetransform.c:2171:default_generate_output: element is in passthrough
0:01:05.812868240 18238 0x60400000c890 DEBUG bin gstbin.c:912:find_message: no message found matching types 00001000
0:01:05.812882411 18238 0x60400000c890 DEBUG bin gstbin.c:919:find_message: structure-change
0:01:05.812891533 18238 0x60400000c890 DEBUG bin gstbin.c:2326:update_degree: element tee6 not linked on any sinkpads
0:01:05.812882919 18238 0x607000932940 DEBUG GST_SCHEDULING gstpad.c:4200:gst_pad_chain_data_unchecked: calling chainfunction &gst_proxy_pad_chain_default with buffer buffer: 0x612001e7c240, pts 0:00:44.650000000, dts 99:99:99.999999999, dur 0:00:00.010000000, size 640, offset 1428800, offset_end 1429120, flags 0x0
0:01:05.812904597 18238 0x60400000c890 DEBUG bin gstbin.c:2387:gst_bin_sort_iterator_next: queue head gives nicesink5
0:01:05.812919703 18238 0x60400000c890 DEBUG bin gstbin.c:912:find_message: no message found matching types 00001000
0:01:05.812912404 18238 0x607000932940 DEBUG GST_SCHEDULING gstpad.c:4200:gst_pad_chain_data_unchecked: calling chainfunction &gst_proxy_pad_chain_default with buffer buffer: 0x612001e7c240, pts 0:00:44.650000000, dts 99:99:99.999999999, dur 0:00:00.010000000, size 640, offset 1428800, offset_end 1429120, flags 0x0
0:01:05.812941110 18238 0x60400000c890 DEBUG bin gstbin.c:919:find_message: structure-change
0:01:05.812940674 18238 0x607000932940 DEBUG GST_SCHEDULING gstpad.c:4200:gst_pad_chain_data_unchecked: calling chainfunction &gst_tee_chain with buffer buffer: 0x612001e7c240, pts 0:00:44.650000000, dts 99:99:99.999999999, dur 0:00:00.010000000, size 640, offset 1428800, offset_end 1429120, flags 0x0
0:01:05.812954801 18238 0x60400000c890 DEBUG bin gstbin.c:2303:update_degree: change element tee7, degree 2->1, linked to nicesink5
0:01:05.812975719 18238 0x60400000c890 INFO GST_STATES gstbin.c:2521:gst_bin_element_set_state: current READY pending VOID_PENDING, desired next NULL
0:01:05.812993019 18238 0x60400000c890 DEBUG bin gstbin.c:912:find_message: no message found matching types 00100000
0:01:05.813014847 18238 0x60400000c890 DEBUG bin gstbin.c:919:find_message: async-start
0:01:05.813034152 18238 0x60400000c890 DEBUG bin gstbin.c:2616:gst_bin_element_set_state: setting element nicesink5 to NULL, base_time 132:05:16.804978448
0:01:05.813045951 18238 0x607000932940 DEBUG tee gsttee.c:777:gst_tee_chain: received buffer 0x612001e7c240
0:01:05.813059955 18238 0x60400000c890 DEBUG GST_STATES gstelement.c:2570:gst_element_set_state_func: set_state to NULL
0:01:05.813069693 18238 0x607000932940 LOG tee gsttee.c:694:gst_tee_handle_data: Starting to push buffer 0x612001e7c240
0:01:05.813074642 18238 0x60400000c890 DEBUG GST_STATES gstelement.c:2595:gst_element_set_state_func: setting target state to NULL
0:01:05.813091154 18238 0x60400000c890 DEBUG GST_STATES gstelement.c:2608:gst_element_set_state_func: current READY, old_pending VOID_PENDING, next VOID_PENDING, old return SUCCESS
0:01:05.813092992 18238 0x607000932940 DEBUG GST_SCHEDULING gstpad.c:4200:gst_pad_chain_data_unchecked: calling chainfunction &gst_valve_chain with buffer buffer: 0x612001e7c240, pts 0:00:44.650000000, dts 99:99:99.999999999, dur 0:00:00.010000000, size 640, offset 1428800, offset_end 1429120, flags 0x0
0:01:05.813111044 18238 0x60400000c890 DEBUG GST_STATES gstelement.c:2642:gst_element_set_state_func: final: setting state from READY to NULL
0:01:05.813119047 18238 0x607000932940 LOG GST_SCHEDULING gstpad.c:4533:gst_pad_push_data: pushing, but it was not linked
0:01:05.813132789 18238 0x60400000c890 LOG GST_STATES gstelement.c:2897:gst_element_change_state_func: default handler tries setting state from READY to NULL (0011)
0:01:05.813138733 18238 0x607000932940 DEBUG GST_SCHEDULING gstpad.c:4206:gst_pad_chain_data_unchecked: called chainfunction &gst_valve_chain with buffer 0x612001e7c240, returned not-linked
0:01:05.813150162 18238 0x60400000c890 DEBUG GST_ELEMENT_PADS gstelement.c:2840:gst_element_pads_activate: deactivate pads
0:01:05.813167092 18238 0x607000932940 LOG tee gsttee.c:699:gst_tee_handle_data: Pushing item 0x612001e7c240 yielded result not-linked
0:01:05.813174872 18238 0x60400000c890 DEBUG GST_PADS gstpad.c:1074:gst_pad_set_active: pad was inactive
0:01:05.813187180 18238 0x607000932940 LOG tee gsttee.c:694:gst_tee_handle_data: Starting to push buffer 0x612001e7c240
0:01:05.813189807 18238 0x60400000c890 DEBUG GST_ELEMENT_PADS gstelement.c:2859:gst_element_pads_activate: pad deactivation successful
0:01:05.813208441 18238 0x60400000c890 DEBUG GST_STATES gstelement.c:2731:gst_element_change_state: element changed state SUCCESS
0:01:05.813205447 18238 0x607000932940 DEBUG GST_SCHEDULING gstpad.c:4200:gst_pad_chain_data_unchecked: calling chainfunction &gst_valve_chain with buffer buffer: 0x612001e7c240, pts 0:00:44.650000000, dts 99:99:99.999999999, dur 0:00:00.010000000, size 640, offset 1428800, offset_end 1429120, flags 0x0
0:01:05.813218064 18238 0x60400000c890 INFO GST_STATES gstelement.c:2419:gst_element_continue_state: completed state change to NULL
0:01:05.813232041 18238 0x60400000c890 INFO GST_STATES gstelement.c:2324:_priv_gst_element_state_changed: notifying about state-changed READY to NULL (VOID_PENDING pending)
0:01:05.813234031 18238 0x607000932940 DEBUG GST_SCHEDULING gstpad.c:4200:gst_pad_chain_data_unchecked: calling chainfunction &gst_proxy_pad_chain_default with buffer buffer: 0x612001e7c240, pts 0:00:44.650000000, dts 99:99:99.999999999, dur 0:00:00.010000000, size 640, offset 1428800, offset_end 1429120, flags 0x0
0:01:05.813255106 18238 0x60400000c890 LOG GST_MESSAGE gstmessage.c:300:gst_message_new_custom: source nicesink5: creating new message 0x60c000464200 state-changed
0:01:05.813260371 18238 0x607000932940 DEBUG GST_SCHEDULING gstpad.c:4200:gst_pad_chain_data_unchecked: calling chainfunction &gst_base_transform_chain with buffer buffer: 0x612001e7c240, pts 0:00:44.650000000, dts 99:99:99.999999999, dur 0:00:00.010000000, size 640, offset 1428800, offset_end 1429120, flags 0x0
0:01:05.813283016 18238 0x607000932940 DEBUG audio audio.c:108:gst_audio_buffer_clip: timestamp
0:00:44.650000000
0:01:05.813273428 18238 0x60400000c890 DEBUG GST_BUS gstbus.c:317:gst_bus_post: [msg 0x60c000464200] posting on bus state-changed message: 0x60c000464200, time 99:99:99.999999999, seq-num 6084, element 'nicesink5', GstMessageStateChanged, old-state=(GstState)GST_STATE_READY, new-state=(GstState)GST_STATE_NULL, pending-state=(GstState)GST_STATE_VOID_PENDING;
0:01:05.813301468 18238 0x607000932940 DEBUG basetransform gstbasetransform.c:2036:default_submit_input_buffer: handling buffer 0x612001e7c240 of size 640, PTS
0:00:44.650000000 and offset 1428800
0:01:05.813310250 18238 0x60400000c890 DEBUG bin gstbin.c:3734:gst_bin_handle_message_func: [msg 0x60c000464200] handling child nicesink5 message of type state-changed
0:01:05.813325604 18238 0x607000932940 DEBUG basetransform gstbasetransform.c:2153:default_generate_output: calling prepare buffer
0:01:05.813328716 18238 0x60400000c890 DEBUG bin gstbin.c:4071:gst_bin_handle_message_func: posting message upward
0:01:05.813341255 18238 0x607000932940 DEBUG basetransform gstbasetransform.c:1650:default_prepare_output_buffer: passthrough: reusing input buffer
0:01:05.813354860 18238 0x607000932940 DEBUG basetransform gstbasetransform.c:2160:default_generate_output: using allocated buffer in 0x612001e7c240, out 0x612001e7c240
0:01:05.813343167 18238 0x60400000c890 DEBUG GST_BUS gstbus.c:317:gst_bus_post: [msg 0x60c000464200] posting on bus state-changed message: 0x60c000464200, time 99:99:99.999999999, seq-num 6084, element 'nicesink5', GstMessageStateChanged, old-state=(GstState)GST_STATE_READY, new-state=(GstState)GST_STATE_NULL, pending-state=(GstState)GST_STATE_VOID_PENDING;
0:01:05.813370305 18238 0x607000932940 DEBUG basetransform gstbasetransform.c:2171:default_generate_output: element is in passthrough
0:01:05.813372970 18238 0x60400000c890 DEBUG bin gstbin.c:3734:gst_bin_handle_message_func: [msg 0x60c000464200] handling child nicesink5 message of type state-changed
0:01:05.813394860 18238 0x60400000c890 DEBUG bin gstbin.c:4071:gst_bin_handle_message_func: posting message upward
0:01:05.813384250 18238 0x607000932940 DEBUG GST_SCHEDULING gstpad.c:4200:gst_pad_chain_data_unchecked: calling chainfunction &gst_base_transform_chain with buffer buffer: 0x612001e7c240, pts 0:00:44.650000000, dts 99:99:99.999999999, dur 0:00:00.010000000, size 640, offset 1428800, offset_end 1429120, flags 0x0
0:01:05.813413161 18238 0x607000932940 DEBUG audio audio.c:108:gst_audio_buffer_clip: timestamp
0:00:44.650000000
0:01:05.813407222 18238 0x60400000c890 DEBUG GST_BUS gstbus.c:317:gst_bus_post: [msg 0x60c000464200] posting on bus state-changed message: 0x60c000464200, time 99:99:99.999999999, seq-num 6084, element 'nicesink5', GstMessageStateChanged, old-state=(GstState)GST_STATE_READY, new-state=(GstState)GST_STATE_NULL, pending-state=(GstState)GST_STATE_VOID_PENDING;
0:01:05.813435479 18238 0x60400000c890 DEBUG bin gstbin.c:3734:gst_bin_handle_message_func: [msg 0x60c000464200] handling child nicesink5 message of type state-changed
0:01:05.813431081 18238 0x607000932940 DEBUG basetransform gstbasetransform.c:2036:default_submit_input_buffer: handling buffer 0x612001e7c240 of size 640, PTS
0:00:44.650000000 and offset 1428800
0:01:05.813452758 18238 0x60400000c890 DEBUG bin gstbin.c:4071:gst_bin_handle_message_func: posting message upward
0:01:05.813461999 18238 0x607000932940 DEBUG basetransform gstbasetransform.c:2153:default_generate_output: calling prepare buffer
0:01:05.813461005 18238 0x60400000c890 DEBUG GST_BUS gstbus.c:317:gst_bus_post: [msg 0x60c000464200] posting on bus state-changed message: 0x60c000464200, time 99:99:99.999999999, seq-num 6084, element 'nicesink5', GstMessageStateChanged, old-state=(GstState)GST_STATE_READY, new-state=(GstState)GST_STATE_NULL, pending-state=(GstState)GST_STATE_VOID_PENDING;
0:01:05.813489280 18238 0x60400000c890 DEBUG GST_BUS gstbus.c:356:gst_bus_post: [msg 0x60c000464200] pushing on async queue
0:01:05.813501751 18238 0x60400000c890 DEBUG GST_BUS gstbus.c:359:gst_bus_post: [msg 0x60c000464200] pushed on async queue
0:01:05.813475848 18238 0x607000932940 DEBUG GST_CAPS gstpad.c:2669:gst_pad_get_current_caps: get current pad caps audio/x-raw, channels=(int)1, width=(int)16, depth=(int)16, rate=(int)32000, format=(string)S16LE, layout=(string)interleaved
0:01:05.813513396 18238 0x60400000c890 DEBUG GST_BUS gstbus.c:352:gst_bus_post: [msg 0x60c000464200] dropped
0:01:05.813525320 18238 0x60400000c890 DEBUG GST_BUS gstbus.c:352:gst_bus_post: [msg 0x60c000464200] dropped
0:01:05.813536180 18238 0x60400000c890 DEBUG GST_BUS gstbus.c:352:gst_bus_post: [msg 0x60c000464200] dropped
0:01:05.813551812 18238 0x60400000c890 LOG GST_STATES gstelement.c:2747:gst_element_change_state: exit state change 1
0:01:05.813563952 18238 0x60400000c890 DEBUG GST_STATES gstelement.c:2654:gst_element_set_state_func: returned SUCCESS
0:01:05.813524549 18238 0x607000932940 DEBUG GST_CAPS gstpad.c:2669:gst_pad_get_current_caps: get current pad caps audio/x-raw, rate=(int)48000, channels=(int)1, format=(string)S16LE, layout=(string)interleaved, width=(int)16, depth=(int)16
0:01:05.813587641 18238 0x607000932940 DEBUG basetransform gstbasetransform.c:1693:default_prepare_output_buffer: getting output size for alloc
0:01:05.813578410 18238 0x60400000c890 INFO GST_STATES gstbin.c:2969:gst_bin_change_state_func: child 'nicesink5' changed state to 1(NULL) successfully
0:01:05.813601630 18238 0x60400000c890 DEBUG bin gstbin.c:2387:gst_bin_sort_iterator_next: queue head gives fakesink5
0:01:05.813611868 18238 0x60400000c890 DEBUG bin gstbin.c:912:find_message: no message found matching types 00001000
0:01:05.813621808 18238 0x60400000c890 DEBUG bin gstbin.c:919:find_message: structure-change
0:01:05.813632152 18238 0x60400000c890 DEBUG bin gstbin.c:2303:update_degree: change element tee7, degree 1->0, linked to fakesink5
0:01:05.813601527 18238 0x607000932940 DEBUG basetransform gstbasetransform.c:669:gst_base_transform_transform_size: asked to transform size 640 for caps audio/x-raw, channels=(int)1, width=(int)16, depth=(int)16, rate=(int)32000, format=(string)S16LE, layout=(string)interleaved to size for caps audio/x-raw, rate=(int)48000, channels=(int)1, format=(string)S16LE, layout=(string)interleaved, width=(int)16, depth=(int)16 in direction SINK
0:01:05.813646194 18238 0x60400000c890 DEBUG bin gstbin.c:2186:add_to_queue: adding 'tee7' to queue
0:01:05.813663184 18238 0x60400000c890 INFO GST_STATES gstbin.c:2521:gst_bin_element_set_state: current READY pending VOID_PENDING, desired next NULL
0:01:05.813665466 18238 0x607000932940 LOG audioresample gstaudioresample.c:461:gst_audio_resample_transform_size: asked to transform size 640 in direction SINK
0:01:05.813679843 18238 0x60400000c890 DEBUG bin gstbin.c:912:find_message: no message found matching types 00100000
0:01:05.813679852 18238 0x607000932940 LOG audio-resampler audio-resampler.c:1643:gst_audio_resampler_get_out_frames: need 64 = 64 + 0 + 0, avail 384 = 64 + 320
0:01:05.813689705 18238 0x60400000c890 DEBUG bin gstbin.c:919:find_message: async-start
0:01:05.813701469 18238 0x607000932940 LOG audio-resampler audio-resampler.c:1654:gst_audio_resampler_get_out_frames: out 480 = ((320 * 3 - 2) / 2) + 1
0:01:05.813706480 18238 0x60400000c890 DEBUG bin gstbin.c:2616:gst_bin_element_set_state: setting element fakesink5 to NULL, base_time 132:05:16.804978448
0:01:05.813722217 18238 0x60400000c890 DEBUG GST_STATES gstelement.c:2570:gst_element_set_state_func: set_state to NULL
0:01:05.813719405 18238 0x607000932940 LOG audioresample gstaudioresample.c:482:gst_audio_resample_transform_size: transformed size 640 to 960
0:01:05.813745889 18238 0x607000932940 DEBUG basetransform gstbasetransform.c:1705:default_prepare_output_buffer: doing alloc of size 960
0:01:05.813751451 18238 0x60400000c890 DEBUG GST_STATES gstelement.c:2595:gst_element_set_state_func: setting target state to NULL
0:01:05.813761638 18238 0x60400000c890 DEBUG GST_STATES gstelement.c:2608:gst_element_set_state_func: current READY, old_pending VOID_PENDING, next VOID_PENDING, old return SUCCESS
0:01:05.813760597 18238 0x607000932940 DEBUG GST_MEMORY gstmemory.c:138:gst_memory_init: new memory 0x6190011a5380, maxsize:967 offset:0 size:960
0:01:05.813775720 18238 0x60400000c890 DEBUG GST_STATES gstelement.c:2642:gst_element_set_state_func: final: setting state from READY to NULL
0:01:05.813780517 18238 0x607000932940 LOG GST_BUFFER gstbuffer.c:798:gst_buffer_new: new 0x612001ce82c0
0:01:05.813789517 18238 0x60400000c890 LOG GST_STATES gstelement.c:2897:gst_element_change_state_func: default handler tries setting state from READY to NULL (0011)
0:01:05.813793946 18238 0x607000932940 LOG GST_BUFFER gstbuffer.c:413:_memory_add: buffer 0x612001ce82c0, idx -1, mem 0x6190011a5380
0:01:05.813807225 18238 0x60400000c890 DEBUG GST_ELEMENT_PADS gstelement.c:2840:gst_element_pads_activate: deactivate pads
0:01:05.813809907 18238 0x607000932940 LOG GST_BUFFER gstbuffer.c:854:gst_buffer_new_allocate: new buffer 0x612001ce82c0 of size 960 from allocator (nil)
0:01:05.813826432 18238 0x60400000c890 DEBUG GST_PADS gstpad.c:1074:gst_pad_set_active: pad was inactive
0:01:05.813830490 18238 0x607000932940 DEBUG basetransform gstbasetransform.c:1798:default_copy_metadata: copying metadata
0:01:05.813838862 18238 0x60400000c890 DEBUG GST_ELEMENT_PADS gstelement.c:2859:gst_element_pads_activate: pad deactivation successful
0:01:05.813852764 18238 0x60400000c890 DEBUG GST_STATES gstelement.c:2731:gst_element_change_state: element changed state SUCCESS
0:01:05.813842102 18238 0x607000932940 LOG GST_BUFFER gstbuffer.c:514:gst_buffer_copy_into: copy 0x612001e7c240 to 0x612001ce82c0, offset 0-640/640
0:01:05.813861634 18238 0x60400000c890 INFO GST_STATES gstelement.c:2419:gst_element_continue_state: completed state change to NULL
0:01:05.813871120 18238 0x60400000c890 INFO GST_STATES gstelement.c:2324:_priv_gst_element_state_changed: notifying about state-changed READY to NULL (VOID_PENDING pending)
0:01:05.813870969 18238 0x607000932940 DEBUG basetransform gstbasetransform.c:2160:default_generate_output: using allocated buffer in 0x612001e7c240, out 0x612001ce82c0
0:01:05.813888383 18238 0x60400000c890 LOG GST_MESSAGE gstmessage.c:300:gst_message_new_custom: source fakesink5: creating new message 0x60c000494380 state-changed
0:01:05.813892633 18238 0x607000932940 DEBUG basetransform gstbasetransform.c:2180:default_generate_output: doing non-inplace transform
0:01:05.813903900 18238 0x60400000c890 DEBUG GST_BUS gstbus.c:317:gst_bus_post: [msg 0x60c000494380] posting on bus state-changed message: 0x60c000494380, time 99:99:99.999999999, seq-num 6085, element 'fakesink5', GstMessageStateChanged, old-state=(GstState)GST_STATE_READY, new-state=(GstState)GST_STATE_NULL, pending-state=(GstState)GST_STATE_VOID_PENDING;
0:01:05.813911543 18238 0x607000932940 LOG audioresample gstaudioresample.c:843:gst_audio_resample_transform: transforming buffer of 640 bytes, ts 0:00:44.650000000, duration 0:00:00.010000000, offset 1428800, offset_end 1429120
0:01:05.813930914 18238 0x60400000c890 DEBUG bin gstbin.c:3734:gst_bin_handle_message_func: [msg 0x60c000494380] handling child fakesink5 message of type state-changed
0:01:05.813942972 18238 0x60400000c890 DEBUG bin gstbin.c:4071:gst_bin_handle_message_func: posting message upward
0:01:05.813937184 18238 0x607000932940 LOG GST_BUFFER gstbuffer.c:1720:gst_buffer_map_range: buffer 0x612001e7c240, idx 0, length -1, flags 0001
0:01:05.813955882 18238 0x607000932940 LOG GST_BUFFER gstbuffer.c:212:_get_merged_memory: buffer 0x612001e7c240, idx 0, length 1
0:01:05.813951000 18238 0x60400000c890 DEBUG GST_BUS gstbus.c:317:gst_bus_post: [msg 0x60c000494380] posting on bus state-changed message: 0x60c000494380, time 99:99:99.999999999, seq-num 6085, element 'fakesink5', GstMessageStateChanged, old-state=(GstState)GST_STATE_READY, new-state=(GstState)GST_STATE_NULL, pending-state=(GstState)GST_STATE_VOID_PENDING;
0:01:05.813969289 18238 0x607000932940 LOG GST_BUFFER gstbuffer.c:1720:gst_buffer_map_range: buffer 0x612001ce82c0, idx 0, length -1, flags 0002
0:01:05.813976969 18238 0x60400000c890 DEBUG bin gstbin.c:3734:gst_bin_handle_message_func: [msg 0x60c000494380] handling child fakesink5 message of type state-changed
0:01:05.813990331 18238 0x60400000c890 DEBUG bin gstbin.c:4071:gst_bin_handle_message_func: posting message upward
0:01:05.813985161 18238 0x607000932940 LOG GST_BUFFER gstbuffer.c:212:_get_merged_memory: buffer 0x612001ce82c0, idx 0, length 1
0:01:05.814000229 18238 0x60400000c890 DEBUG GST_BUS gstbus.c:317:gst_bus_post: [msg 0x60c000494380] posting on bus state-changed message: 0x60c000494380, time 99:99:99.999999999, seq-num 6085, element 'fakesink5', GstMessageStateChanged, old-state=(GstState)GST_STATE_READY, new-state=(GstState)GST_STATE_NULL, pending-state=(GstState)GST_STATE_VOID_PENDING;
0:01:05.814022542 18238 0x607000932940 LOG audio-resampler audio-resampler.c:1767:gst_audio_resampler_resample: in 320, avail 384, consumed 320
0:01:05.814026933 18238 0x60400000c890 DEBUG bin gstbin.c:3734:gst_bin_handle_message_func: [msg 0x60c000494380] handling child fakesink5 message of type state-changed
0:01:05.814040039 18238 0x60400000c890 DEBUG bin gstbin.c:4071:gst_bin_handle_message_func: posting message upward
0:01:05.814048342 18238 0x60400000c890 DEBUG GST_BUS gstbus.c:317:gst_bus_post: [msg 0x60c000494380] posting on bus state-changed message: 0x60c000494380, time 99:99:99.999999999, seq-num 6085, element 'fakesink5', GstMessageStateChanged, old-state=(GstState)GST_STATE_READY, new-state=(GstState)GST_STATE_NULL, pending-state=(GstState)GST_STATE_VOID_PENDING;
0:01:05.814075311 18238 0x60400000c890 DEBUG GST_BUS gstbus.c:356:gst_bus_post: [msg 0x60c000494380] pushing on async queue
0:01:05.814094714 18238 0x60400000c890 DEBUG GST_BUS gstbus.c:359:gst_bus_post: [msg 0x60c000494380] pushed on async queue
0:01:05.814114789 18238 0x60400000c890 DEBUG GST_BUS gstbus.c:352:gst_bus_post: [msg 0x60c000494380] dropped
0:01:05.814041124 18238 0x607000932940 LOG audioresample gstaudioresample.c:823:gst_audio_resample_process: Converted to buffer of 480 samples (960 bytes) with timestamp 0:00:44.648979167, duration 0:00:00.010000000, offset 2143151, offset_end 2143631
0:01:05.814127293 18238 0x60400000c890 DEBUG GST_BUS gstbus.c:352:gst_bus_post: [msg 0x60c000494380] dropped
0:01:05.814137153 18238 0x60400000c890 DEBUG GST_BUS gstbus.c:352:gst_bus_post: [msg 0x60c000494380] dropped
0:01:05.814147149 18238 0x60400000c890 LOG GST_STATES gstelement.c:2747:gst_element_change_state: exit state change 1
0:01:05.814136899 18238 0x607000932940 DEBUG audioresample gstaudioresample.c:904:gst_audio_resample_transform: input = samples [1428800, 1429120) = [44650000000, 44660000000) ns; output = samples [2143151, 2143631) = [44648979167, 44658979167) ns
0:01:05.814157901 18238 0x60400000c890 DEBUG GST_STATES gstelement.c:2654:gst_element_set_state_func: returned SUCCESS
0:01:05.814167669 18238 0x60400000c890 INFO GST_STATES gstbin.c:2969:gst_bin_change_state_func: child 'fakesink5' changed state to 1(NULL) successfully
0:01:05.814182262 18238 0x60400000c890 DEBUG bin gstbin.c:2387:gst_bin_sort_iterator_next: queue head gives fakesink4
0:01:05.814170386 18238 0x607000932940 DEBUG GST_SCHEDULING gstpad.c:4200:gst_pad_chain_data_unchecked: calling chainfunction &gst_base_transform_chain with buffer buffer: 0x612001ce82c0, pts 0:00:44.648979167, dts 99:99:99.999999999, dur 0:00:00.010000000, size 960, offset 2143151, offset_end 2143631, flags 0x0
0:01:05.814192792 18238 0x60400000c890 DEBUG bin gstbin.c:912:find_message: no message found matching types 00001000
0:01:05.814202247 18238 0x60400000c890 DEBUG bin gstbin.c:919:find_message: structure-change
0:01:05.814199524 18238 0x607000932940 DEBUG audio audio.c:108:gst_audio_buffer_clip: timestamp
0:00:44.648979167
0:01:05.814211672 18238 0x60400000c890 DEBUG bin gstbin.c:2303:update_degree: change element tee6, degree 1->0, linked to fakesink4
0:01:05.814224492 18238 0x60400000c890 DEBUG bin gstbin.c:2186:add_to_queue: adding 'tee6' to queue
0:01:05.814220256 18238 0x607000932940 DEBUG basetransform gstbasetransform.c:2036:default_submit_input_buffer: handling buffer 0x612001ce82c0 of size 960, PTS
0:00:44.648979167 and offset 2143151
0:01:05.814234815 18238 0x60400000c890 INFO GST_STATES gstbin.c:2521:gst_bin_element_set_state: current READY pending VOID_PENDING, desired next NULL
0:01:05.814244908 18238 0x607000932940 DEBUG basetransform gstbasetransform.c:2153:default_generate_output: calling prepare buffer
0:01:05.814246953 18238 0x60400000c890 DEBUG bin gstbin.c:912:find_message: no message found matching types 00100000
0:01:05.814259327 18238 0x607000932940 DEBUG basetransform gstbasetransform.c:1650:default_prepare_output_buffer: passthrough: reusing input buffer
0:01:05.814261685 18238 0x60400000c890 DEBUG bin gstbin.c:919:find_message: async-start
0:01:05.814274842 18238 0x607000932940 DEBUG basetransform gstbasetransform.c:2160:default_generate_output: using allocated buffer in 0x612001ce82c0, out 0x612001ce82c0
0:01:05.814277039 18238 0x60400000c890 DEBUG bin gstbin.c:2616:gst_bin_element_set_state: setting element fakesink4 to NULL, base_time 132:05:16.804978448
0:01:05.814294346 18238 0x607000932940 DEBUG basetransform gstbasetransform.c:2171:default_generate_output: element is in passthrough
0:01:05.814295399 18238 0x60400000c890 DEBUG GST_STATES gstelement.c:2570:gst_element_set_state_func: set_state to NULL
0:01:05.814310324 18238 0x60400000c890 DEBUG GST_STATES gstelement.c:2595:gst_element_set_state_func: setting target state to NULL
0:01:05.814319405 18238 0x60400000c890 DEBUG GST_STATES gstelement.c:2608:gst_element_set_state_func: current READY, old_pending VOID_PENDING, next VOID_PENDING, old return SUCCESS
0:01:05.814312271 18238 0x607000932940 DEBUG GST_SCHEDULING gstpad.c:4200:gst_pad_chain_data_unchecked: calling chainfunction &gst_audio_encoder_chain with buffer buffer: 0x612001ce82c0, pts 0:00:44.648979167, dts 99:99:99.999999999, dur 0:00:00.010000000, size 960, offset 2143151, offset_end 2143631, flags 0x0
0:01:05.814332559 18238 0x60400000c890 DEBUG GST_STATES gstelement.c:2642:gst_element_set_state_func: final: setting state from READY to NULL
0:01:05.814345201 18238 0x60400000c890 LOG GST_STATES gstelement.c:2897:gst_element_change_state_func: default handler tries setting state from READY to NULL (0011)
0:01:05.814341205 18238 0x607000932940 LOG audioencoder gstaudioencoder.c:1244:gst_audio_encoder_chain: received buffer of size 960 with ts 0:00:44.648979167, duration
0:00:00.010000000
0:01:05.814356951 18238 0x60400000c890 DEBUG GST_ELEMENT_PADS gstelement.c:2840:gst_element_pads_activate: deactivate pads
0:01:05.814374659 18238 0x60400000c890 DEBUG GST_PADS gstpad.c:1074:gst_pad_set_active: pad was inactive
0:01:05.814367383 18238 0x607000932940 DEBUG audio audio.c:108:gst_audio_buffer_clip: timestamp
0:00:44.648979167
0:01:05.814385673 18238 0x60400000c890 DEBUG GST_ELEMENT_PADS gstelement.c:2859:gst_element_pads_activate: pad deactivation successful
0:01:05.814396107 18238 0x60400000c890 DEBUG GST_STATES gstelement.c:2731:gst_element_change_state: element changed state SUCCESS
0:01:05.814403185 18238 0x60400000c890 INFO GST_STATES gstelement.c:2419:gst_element_continue_state: completed state change to NULL
0:01:05.814392783 18238 0x607000932940 LOG audioencoder gstaudioencoder.c:1290:gst_audio_encoder_chain: buffer after segment clipping has size 960 with ts 0:00:44.648979167, duration
0:00:00.010000000
0:01:05.814413061 18238 0x60400000c890 INFO GST_STATES gstelement.c:2324:_priv_gst_element_state_changed: notifying about state-changed READY to NULL (VOID_PENDING pending)
0:01:05.814420762 18238 0x607000932940 LOG adapter gstadapter.c:394:gst_adapter_push: pushing 0x612001ce82c0 960 bytes at end, size now 1892
0:01:05.814427912 18238 0x60400000c890 LOG GST_MESSAGE gstmessage.c:300:gst_message_new_custom: source fakesink4: creating new message 0x60c00091edc0 state-changed
0:01:05.814448787 18238 0x607000932940 LOG audioencoder gstaudioencoder.c:1089:gst_audio_encoder_push_buffers: available: 1268, needed: 1920, force: 0
0:01:05.814447636 18238 0x60400000c890 DEBUG GST_BUS gstbus.c:317:gst_bus_post: [msg 0x60c00091edc0] posting on bus state-changed message: 0x60c00091edc0, time 99:99:99.999999999, seq-num 6086, element 'fakesink4', GstMessageStateChanged, old-state=(GstState)GST_STATE_READY, new-state=(GstState)GST_STATE_NULL, pending-state=(GstState)GST_STATE_VOID_PENDING;
0:01:05.814470340 18238 0x607000932940 LOG audioencoder gstaudioencoder.c:1368:gst_audio_encoder_chain: chain leaving
0:01:05.814473954 18238 0x60400000c890 DEBUG bin gstbin.c:3734:gst_bin_handle_message_func: [msg 0x60c00091edc0] handling child fakesink4 message of type state-changed
0:01:05.814485090 18238 0x60400000c890 DEBUG bin gstbin.c:4071:gst_bin_handle_message_func: posting message upward
0:01:05.814484912 18238 0x607000932940 DEBUG GST_SCHEDULING gstpad.c:4206:gst_pad_chain_data_unchecked: called chainfunction &gst_audio_encoder_chain with buffer 0x612001ce82c0, returned ok
0:01:05.814491741 18238 0x60400000c890 DEBUG GST_BUS gstbus.c:317:gst_bus_post: [msg 0x60c00091edc0] posting on bus state-changed message: 0x60c00091edc0, time 99:99:99.999999999, seq-num 6086, element 'fakesink4', GstMessageStateChanged, old-state=(GstState)GST_STATE_READY, new-state=(GstState)GST_STATE_NULL, pending-state=(GstState)GST_STATE_VOID_PENDING;
0:01:05.814509251 18238 0x607000932940 DEBUG GST_SCHEDULING gstpad.c:4206:gst_pad_chain_data_unchecked: called chainfunction &gst_base_transform_chain with buffer 0x612001ce82c0, returned ok
0:01:05.814518085 18238 0x60400000c890 DEBUG bin gstbin.c:3734:gst_bin_handle_message_func: [msg 0x60c00091edc0] handling child fakesink4 message of type state-changed
0:01:05.814531364 18238 0x60400000c890 DEBUG bin gstbin.c:4071:gst_bin_handle_message_func: posting message upward
0:01:05.814531833 18238 0x607000932940 DEBUG GST_SCHEDULING gstpad.c:4206:gst_pad_chain_data_unchecked: called chainfunction &gst_base_transform_chain with buffer 0x612001e7c240, returned ok
0:01:05.814539474 18238 0x60400000c890 DEBUG GST_BUS gstbus.c:317:gst_bus_post: [msg 0x60c00091edc0] posting on bus state-changed message: 0x60c00091edc0, time 99:99:99.999999999, seq-num 6086, element 'fakesink4', GstMessageStateChanged, old-state=(GstState)GST_STATE_READY, new-state=(GstState)GST_STATE_NULL, pending-state=(GstState)GST_STATE_VOID_PENDING;
0:01:05.814552037 18238 0x607000932940 DEBUG GST_SCHEDULING gstpad.c:4206:gst_pad_chain_data_unchecked: called chainfunction &gst_base_transform_chain with buffer 0x612001e7c240, returned ok
0:01:05.814563649 18238 0x60400000c890 DEBUG bin gstbin.c:3734:gst_bin_handle_message_func: [msg 0x60c00091edc0] handling child fakesink4 message of type state-changed
0:01:05.814576543 18238 0x60400000c890 DEBUG bin gstbin.c:4071:gst_bin_handle_message_func: posting message upward
0:01:05.814572579 18238 0x607000932940 DEBUG GST_SCHEDULING gstpad.c:4206:gst_pad_chain_data_unchecked: called chainfunction &gst_proxy_pad_chain_default with buffer 0x612001e7c240, returned ok
0:01:05.814595156 18238 0x607000932940 DEBUG GST_SCHEDULING gstpad.c:4206:gst_pad_chain_data_unchecked: called chainfunction &gst_valve_chain with buffer 0x612001e7c240, returned ok
0:01:05.814585056 18238 0x60400000c890 DEBUG GST_BUS gstbus.c:317:gst_bus_post: [msg 0x60c00091edc0] posting on bus state-changed message: 0x60c00091edc0, time 99:99:99.999999999, seq-num 6086, element 'fakesink4', GstMessageStateChanged, old-state=(GstState)GST_STATE_READY, new-state=(GstState)GST_STATE_NULL, pending-state=(GstState)GST_STATE_VOID_PENDING;
0:01:05.814615082 18238 0x60400000c890 DEBUG GST_BUS gstbus.c:356:gst_bus_post: [msg 0x60c00091edc0] pushing on async queue
0:01:05.814627198 18238 0x60400000c890 DEBUG GST_BUS gstbus.c:359:gst_bus_post: [msg 0x60c00091edc0] pushed on async queue
0:01:05.814637973 18238 0x60400000c890 DEBUG GST_BUS gstbus.c:352:gst_bus_post: [msg 0x60c00091edc0] dropped
0:01:05.814633956 18238 0x607000932940 LOG tee gsttee.c:699:gst_tee_handle_data: Pushing item 0x612001e7c240 yielded result ok
0:01:05.814648747 18238 0x60400000c890 DEBUG GST_BUS gstbus.c:352:gst_bus_post: [msg 0x60c00091edc0] dropped
0:01:05.814658552 18238 0x60400000c890 DEBUG GST_BUS gstbus.c:352:gst_bus_post: [msg 0x60c00091edc0] dropped
0:01:05.814655202 18238 0x607000932940 LOG tee gsttee.c:731:gst_tee_handle_data: Replacing ret val -1 with 0
0:01:05.814668195 18238 0x60400000c890 LOG GST_STATES gstelement.c:2747:gst_element_change_state: exit state change 1
0:01:05.814672810 18238 0x607000932940 LOG GST_BUFFER gstbuffer.c:724:_gst_buffer_free: finalize 0x612001e7c240
0:01:05.814677844 18238 0x60400000c890 DEBUG GST_STATES gstelement.c:2654:gst_element_set_state_func: returned SUCCESS
0:01:05.814686540 18238 0x607000932940 DEBUG GST_MEMORY gstmemory.c:87:_gst_memory_free: free memory 0x61800006e480
0:01:05.814691541 18238 0x60400000c890 INFO GST_STATES gstbin.c:2969:gst_bin_change_state_func: child 'fakesink4' changed state to 1(NULL) successfully
0:01:05.814706541 18238 0x60400000c890 DEBUG bin gstbin.c:2387:gst_bin_sort_iterator_next: queue head gives tee7
0:01:05.814706346 18238 0x607000932940 DEBUG tee gsttee.c:781:gst_tee_chain: handled buffer ok
0:01:05.814717316 18238 0x60400000c890 DEBUG bin gstbin.c:912:find_message: no message found matching types 00001000
0:01:05.814726556 18238 0x60400000c890 DEBUG bin gstbin.c:919:find_message: structure-change
0:01:05.814727405 18238 0x607000932940 DEBUG GST_SCHEDULING gstpad.c:4206:gst_pad_chain_data_unchecked: called chainfunction &gst_tee_chain with buffer 0x612001e7c240, returned ok
0:01:05.814759585 18238 0x60400000c890 DEBUG bin gstbin.c:2326:update_degree: element tee7 not linked on any sinkpads
0:01:05.814767263 18238 0x607000932940 DEBUG GST_SCHEDULING gstpad.c:4206:gst_pad_chain_data_unchecked: called chainfunction &gst_proxy_pad_chain_default with buffer 0x612001e7c240, returned ok
0:01:05.814774914 18238 0x60400000c890 INFO GST_STATES gstbin.c:2521:gst_bin_element_set_state: current READY pending VOID_PENDING, desired next NULL
0:01:05.814786217 18238 0x60400000c890 DEBUG bin gstbin.c:912:find_message: no message found matching types 00100000
0:01:05.814795312 18238 0x60400000c890 DEBUG bin gstbin.c:919:find_message: async-start
0:01:05.814789063 18238 0x607000932940 DEBUG GST_SCHEDULING gstpad.c:4206:gst_pad_chain_data_unchecked: called chainfunction &gst_proxy_pad_chain_default with buffer 0x612001e7c240, returned ok
0:01:05.814804785 18238 0x60400000c890 DEBUG bin gstbin.c:2616:gst_bin_element_set_state: setting element tee7 to NULL, base_time 132:05:16.804978448
0:01:05.814818535 18238 0x60400000c890 DEBUG GST_STATES gstelement.c:2570:gst_element_set_state_func: set_state to NULL
0:01:05.814815853 18238 0x607000932940 DEBUG GST_SCHEDULING gstpad.c:4206:gst_pad_chain_data_unchecked: called chainfunction &gst_base_transform_chain with buffer 0x612001e7c240, returned ok
0:01:05.814826489 18238 0x60400000c890 DEBUG GST_STATES gstelement.c:2595:gst_element_set_state_func: setting target state to NULL
0:01:05.814840076 18238 0x60400000c890 DEBUG GST_STATES gstelement.c:2608:gst_element_set_state_func: current READY, old_pending VOID_PENDING, next VOID_PENDING, old return SUCCESS
0:01:05.814841537 18238 0x607000932940 DEBUG GST_SCHEDULING gstpad.c:4206:gst_pad_chain_data_unchecked: called chainfunction &gst_base_transform_chain with buffer 0x612001e7c240, returned ok
0:01:05.814853412 18238 0x60400000c890 DEBUG GST_STATES gstelement.c:2642:gst_element_set_state_func: final: setting state from READY to NULL
0:01:05.814863583 18238 0x607000932940 LOG basesrc gstbasesrc.c:2738:gst_base_src_loop: next_ts 99:99:99.999999999 size 0
0:01:05.814867090 18238 0x60400000c890 LOG GST_STATES gstelement.c:2897:gst_element_change_state_func: default handler tries setting state from READY to NULL (0011)
0:01:05.814884089 18238 0x607000932940 DEBUG basesrc gstbasesrc.c:2460:gst_base_src_get_range: calling create offset 18446744073709551615 length 0, time 0
0:01:05.814885676 18238 0x60400000c890 DEBUG GST_ELEMENT_PADS gstelement.c:2840:gst_element_pads_activate: deactivate pads
0:01:05.814903417 18238 0x607000932940 DEBUG audiobasesrc gstaudiobasesrc.c:736:gst_audio_base_src_get_offset: at segment 4466 and sample 1429120
0:01:05.814906039 18238 0x60400000c890 DEBUG GST_PADS gstpad.c:1074:gst_pad_set_active: pad was inactive
0:01:05.814922223 18238 0x60400000c890 DEBUG GST_PADS gstpad.c:1074:gst_pad_set_active: pad was inactive
0:01:05.814919272 18238 0x607000932940 DEBUG audiobasesrc gstaudiobasesrc.c:759:gst_audio_base_src_get_offset: reading from 4466, we are at 4466, sample 1429120
0:01:05.814934336 18238 0x60400000c890 DEBUG GST_PADS gstpad.c:1074:gst_pad_set_active: pad was inactive
0:01:05.814938899 18238 0x607000932940 DEBUG audiobasesrc gstaudiobasesrc.c:815:gst_audio_base_src_create: reading from sample 1429120 length 640
0:01:05.814945570 18238 0x60400000c890 DEBUG GST_ELEMENT_PADS gstelement.c:2859:gst_element_pads_activate: pad deactivation successful
0:01:05.814959369 18238 0x60400000c890 DEBUG GST_STATES gstelement.c:2731:gst_element_change_state: element changed state SUCCESS
0:01:05.814966245 18238 0x60400000c890 INFO GST_STATES gstelement.c:2419:gst_element_continue_state: completed state change to NULL
0:01:05.814958879 18238 0x607000932940 DEBUG GST_MEMORY gstmemory.c:138:gst_memory_init: new memory 0x61800006e880, maxsize:647 offset:0 size:640
0:01:05.814974254 18238 0x60400000c890 INFO GST_STATES gstelement.c:2324:_priv_gst_element_state_changed: notifying about state-changed READY to NULL (VOID_PENDING pending)
0:01:05.814983234 18238 0x607000932940 LOG GST_BUFFER gstbuffer.c:798:gst_buffer_new: new 0x61200100da40
0:01:05.814989898 18238 0x60400000c890 LOG GST_MESSAGE gstmessage.c:300:gst_message_new_custom: source tee7: creating new message 0x60c0008add80 state-changed
0:01:05.814996082 18238 0x607000932940 LOG GST_BUFFER gstbuffer.c:413:_memory_add: buffer 0x61200100da40, idx -1, mem 0x61800006e880
0:01:05.815002035 18238 0x60400000c890 DEBUG GST_BUS gstbus.c:317:gst_bus_post: [msg 0x60c0008add80] posting on bus state-changed message: 0x60c0008add80, time 99:99:99.999999999, seq-num 6087, element 'tee7', GstMessageStateChanged, old-state=(GstState)GST_STATE_READY, new-state=(GstState)GST_STATE_NULL, pending-state=(GstState)GST_STATE_VOID_PENDING;
0:01:05.815012220 18238 0x607000932940 LOG GST_BUFFER gstbuffer.c:854:gst_buffer_new_allocate: new buffer 0x61200100da40 of size 640 from allocator (nil)
0:01:05.815028556 18238 0x60400000c890 DEBUG bin gstbin.c:3734:gst_bin_handle_message_func: [msg 0x60c0008add80] handling child tee7 message of type state-changed
0:01:05.815040394 18238 0x60400000c890 DEBUG bin gstbin.c:4071:gst_bin_handle_message_func: posting message upward
0:01:05.815033979 18238 0x607000932940 LOG GST_BUFFER gstbuffer.c:1720:gst_buffer_map_range: buffer 0x61200100da40, idx 0, length -1, flags 0002
0:01:05.815055535 18238 0x607000932940 LOG GST_BUFFER gstbuffer.c:212:_get_merged_memory: buffer 0x61200100da40, idx 0, length 1
0:01:05.815047639 18238 0x60400000c890 DEBUG GST_BUS gstbus.c:317:gst_bus_post: [msg 0x60c0008add80] posting on bus state-changed message: 0x60c0008add80, time 99:99:99.999999999, seq-num 6087, element 'tee7', GstMessageStateChanged, old-state=(GstState)GST_STATE_READY, new-state=(GstState)GST_STATE_NULL, pending-state=(GstState)GST_STATE_VOID_PENDING;
0:01:05.815074075 18238 0x60400000c890 DEBUG bin gstbin.c:3734:gst_bin_handle_message_func: [msg 0x60c0008add80] handling child tee7 message of type state-changed
0:01:05.815075840 18238 0x607000932940 DEBUG ringbuffer gstaudioringbuffer.c:1740:gst_audio_ring_buffer_read: pointer at 4466, sample 1429120, read from 4466-0, to_read 320, diff 0, segtotal 2, segsize 640
0:01:05.815087376 18238 0x60400000c890 DEBUG bin gstbin.c:4071:gst_bin_handle_message_func: posting message upward
0:01:05.815099795 18238 0x607000932940 DEBUG ringbuffer gstaudioringbuffer.c:1312:wait_segment: waiting..
0:01:05.815099222 18238 0x60400000c890 DEBUG GST_BUS gstbus.c:317:gst_bus_post: [msg 0x60c0008add80] posting on bus state-changed message: 0x60c0008add80, time 99:99:99.999999999, seq-num 6087, element 'tee7', GstMessageStateChanged, old-state=(GstState)GST_STATE_READY, new-state=(GstState)GST_STATE_NULL, pending-state=(GstState)GST_STATE_VOID_PENDING;
0:01:05.815123669 18238 0x60400000c890 DEBUG bin gstbin.c:3734:gst_bin_handle_message_func: [msg 0x60c0008add80] handling child tee7 message of type state-changed
0:01:05.815136654 18238 0x60400000c890 DEBUG bin gstbin.c:4071:gst_bin_handle_message_func: posting message upward
0:01:05.815144611 18238 0x60400000c890 DEBUG GST_BUS gstbus.c:317:gst_bus_post: [msg 0x60c0008add80] posting on bus state-changed message: 0x60c0008add80, time 99:99:99.999999999, seq-num 6087, element 'tee7', GstMessageStateChanged, old-state=(GstState)GST_STATE_READY, new-state=(GstState)GST_STATE_NULL, pending-state=(GstState)GST_STATE_VOID_PENDING;
0:01:05.815178654 18238 0x60400000c890 DEBUG GST_BUS gstbus.c:356:gst_bus_post: [msg 0x60c0008add80] pushing on async queue
0:01:05.815196811 18238 0x60400000c890 DEBUG GST_BUS gstbus.c:359:gst_bus_post: [msg 0x60c0008add80] pushed on async queue
0:01:05.815211248 18238 0x60400000c890 DEBUG GST_BUS gstbus.c:352:gst_bus_post: [msg 0x60c0008add80] dropped
0:01:05.815222127 18238 0x60400000c890 DEBUG GST_BUS gstbus.c:352:gst_bus_post: [msg 0x60c0008add80] dropped
0:01:05.815232297 18238 0x60400000c890 DEBUG GST_BUS gstbus.c:352:gst_bus_post: [msg 0x60c0008add80] dropped
0:01:05.815242554 18238 0x60400000c890 LOG GST_STATES gstelement.c:2747:gst_element_change_state: exit state change 1
0:01:05.815251729 18238 0x60400000c890 DEBUG GST_STATES gstelement.c:2654:gst_element_set_state_func: returned SUCCESS
0:01:05.815260538 18238 0x60400000c890 INFO GST_STATES gstbin.c:2969:gst_bin_change_state_func: child 'tee7' changed state to 1(NULL) successfully
0:01:05.815273929 18238 0x60400000c890 DEBUG bin gstbin.c:2387:gst_bin_sort_iterator_next: queue head gives tee6
0:01:05.815283647 18238 0x60400000c890 DEBUG bin gstbin.c:912:find_message: no message found matching types 00001000
0:01:05.815293002 18238 0x60400000c890 DEBUG bin gstbin.c:919:find_message: structure-change
0:01:05.815302476 18238 0x60400000c890 DEBUG bin gstbin.c:2326:update_degree: element tee6 not linked on any sinkpads
0:01:05.815312366 18238 0x60400000c890 INFO GST_STATES gstbin.c:2521:gst_bin_element_set_state: current READY pending VOID_PENDING, desired next NULL
0:01:05.815323833 18238 0x60400000c890 DEBUG bin gstbin.c:912:find_message: no message found matching types 00100000
0:01:05.815332640 18238 0x60400000c890 DEBUG bin gstbin.c:919:find_message: async-start
0:01:05.815341275 18238 0x60400000c890 DEBUG bin gstbin.c:2616:gst_bin_element_set_state: setting element tee6 to NULL, base_time 132:05:16.804978448
