0:01:05.870183386 18238 0x60400000c890 DEBUG GST_PADS gstpad.c:1078:gst_pad_set_active: deactivating pad from push mode
0:01:05.870202738 18238 0x60400000c890 DEBUG GST_PADS gstpad.c:967:pre_activate: setting PAD_MODE NONE, set flushing
0:01:05.870199637 18238 0x607000932940 DEBUG GST_SCHEDULING gstpad.c:4200:gst_pad_chain_data_unchecked: calling chainfunction &gst_valve_chain with buffer buffer: 0x612002c02840, pts 0:00:44.710000000, dts 99:99:99.999999999, dur 0:00:00.010000000, size 640, offset 1430720, offset_end 1431040, flags 0x0
0:01:05.870221101 18238 0x60400000c890 DEBUG GST_PADS gstpad.c:1015:post_activate: stopped streaming
0:01:05.870233600 18238 0x607000932940 LOG GST_SCHEDULING gstpad.c:4533:gst_pad_push_data: pushing, but it was not linked
0:01:05.870242681 18238 0x60400000c890 DEBUG GST_PADS gstpad.c:453:remove_events: notify caps
0:01:05.870250181 18238 0x607000932940 DEBUG GST_SCHEDULING gstpad.c:4206:gst_pad_chain_data_unchecked: called chainfunction &gst_valve_chain with buffer 0x612002c02840, returned not-linked
0:01:05.870256450 18238 0x60400000c890 LOG GST_PROPERTIES gstobject.c:456:gst_object_dispatch_properties_changed: deep notification from sink (caps)
0:01:05.870275782 18238 0x607000932940 LOG tee gsttee.c:699:gst_tee_handle_data: Pushing item 0x612002c02840 yielded result not-linked
0:01:05.870284453 18238 0x60400000c890 LOG GST_PROPERTIES gstobject.c:456:gst_object_dispatch_properties_changed: deep notification from sink (caps)
0:01:05.870297307 18238 0x607000932940 LOG tee gsttee.c:694:gst_tee_handle_data: Starting to push buffer 0x612002c02840
0:01:05.870301016 18238 0x60400000c890 LOG GST_PROPERTIES gstobject.c:456:gst_object_dispatch_properties_changed: deep notification from sink (caps)
0:01:05.870322346 18238 0x60400000c890 DEBUG GST_PADS gstpad.c:1188:activate_mode_internal: deactivated in push mode
0:01:05.870317424 18238 0x607000932940 DEBUG GST_SCHEDULING gstpad.c:4200:gst_pad_chain_data_unchecked: calling chainfunction &gst_valve_chain with buffer buffer: 0x612002c02840, pts 0:00:44.710000000, dts 99:99:99.999999999, dur 0:00:00.010000000, size 640, offset 1430720, offset_end 1431040, flags 0x0
0:01:05.870354499 18238 0x60400000c890 DEBUG GST_ELEMENT_PADS gstelement.c:2859:gst_element_pads_activate: pad deactivation successful
0:01:05.870372918 18238 0x60400000c890 DEBUG GST_STATES gstelement.c:2731:gst_element_change_state: element changed state SUCCESS
0:01:05.870357451 18238 0x607000932940 DEBUG GST_SCHEDULING gstpad.c:4200:gst_pad_chain_data_unchecked: calling chainfunction &gst_proxy_pad_chain_default with buffer buffer: 0x612002c02840, pts 0:00:44.710000000, dts 99:99:99.999999999, dur 0:00:00.010000000, size 640, offset 1430720, offset_end 1431040, flags 0x0
0:01:05.870389931 18238 0x60400000c890 INFO GST_STATES gstelement.c:2394:gst_element_continue_state: committing state from PAUSED to READY, pending NULL, next NULL
0:01:05.870408517 18238 0x607000932940 DEBUG GST_SCHEDULING gstpad.c:4200:gst_pad_chain_data_unchecked: calling chainfunction &gst_base_transform_chain with buffer buffer: 0x612002c02840, pts 0:00:44.710000000, dts 99:99:99.999999999, dur 0:00:00.010000000, size 640, offset 1430720, offset_end 1431040, flags 0x0
0:01:05.870436289 18238 0x607000932940 DEBUG audio audio.c:108:gst_audio_buffer_clip: timestamp
0:00:44.710000000
0:01:05.870460340 18238 0x60400000c890 INFO GST_STATES gstelement.c:2324:_priv_gst_element_state_changed: notifying about state-changed PAUSED to READY (NULL pending)
0:01:05.870457981 18238 0x607000932940 DEBUG basetransform gstbasetransform.c:2036:default_submit_input_buffer: handling buffer 0x612002c02840 of size 640, PTS
0:00:44.710000000 and offset 1430720
0:01:05.870493886 18238 0x607000932940 DEBUG basetransform gstbasetransform.c:2153:default_generate_output: calling prepare buffer
0:01:05.870492082 18238 0x60400000c890 LOG GST_MESSAGE gstmessage.c:300:gst_message_new_custom: source send_tee_2: creating new message 0x60c00096a480 state-changed
0:01:05.870509241 18238 0x607000932940 DEBUG basetransform gstbasetransform.c:1650:default_prepare_output_buffer: passthrough: reusing input buffer
0:01:05.870528861 18238 0x607000932940 DEBUG basetransform gstbasetransform.c:2160:default_generate_output: using allocated buffer in 0x612002c02840, out 0x612002c02840
0:01:05.870549909 18238 0x607000932940 DEBUG basetransform gstbasetransform.c:2171:default_generate_output: element is in passthrough
0:01:05.870522988 18238 0x60400000c890 DEBUG GST_BUS gstbus.c:317:gst_bus_post: [msg 0x60c00096a480] posting on bus state-changed message: 0x60c00096a480, time 99:99:99.999999999, seq-num 6149, element 'send_tee_2', GstMessageStateChanged, old-state=(GstState)GST_STATE_PAUSED, new-state=(GstState)GST_STATE_READY, pending-state=(GstState)GST_STATE_NULL;
0:01:05.870567674 18238 0x607000932940 DEBUG GST_SCHEDULING gstpad.c:4200:gst_pad_chain_data_unchecked: calling chainfunction &gst_base_transform_chain with buffer buffer: 0x612002c02840, pts 0:00:44.710000000, dts 99:99:99.999999999, dur 0:00:00.010000000, size 640, offset 1430720, offset_end 1431040, flags 0x0
0:01:05.870578280 18238 0x60400000c890 DEBUG bin gstbin.c:3734:gst_bin_handle_message_func: [msg 0x60c00096a480] handling child send_tee_2 message of type state-changed
0:01:05.870596361 18238 0x607000932940 DEBUG audio audio.c:108:gst_audio_buffer_clip: timestamp
0:00:44.710000000
0:01:05.870606412 18238 0x60400000c890 DEBUG bin gstbin.c:4071:gst_bin_handle_message_func: posting message upward
0:01:05.870622219 18238 0x607000932940 DEBUG basetransform gstbasetransform.c:2036:default_submit_input_buffer: handling buffer 0x612002c02840 of size 640, PTS
0:00:44.710000000 and offset 1430720
0:01:05.870652248 18238 0x607000932940 DEBUG basetransform gstbasetransform.c:2153:default_generate_output: calling prepare buffer
0:01:05.870632716 18238 0x60400000c890 DEBUG GST_BUS gstbus.c:317:gst_bus_post: [msg 0x60c00096a480] posting on bus state-changed message: 0x60c00096a480, time 99:99:99.999999999, seq-num 6149, element 'send_tee_2', GstMessageStateChanged, old-state=(GstState)GST_STATE_PAUSED, new-state=(GstState)GST_STATE_READY, pending-state=(GstState)GST_STATE_NULL;
0:01:05.870681294 18238 0x60400000c890 DEBUG bin gstbin.c:3734:gst_bin_handle_message_func: [msg 0x60c00096a480] handling child send_tee_2 message of type state-changed
0:01:05.870668047 18238 0x607000932940 DEBUG GST_CAPS gstpad.c:2669:gst_pad_get_current_caps: get current pad caps audio/x-raw, channels=(int)1, width=(int)16, depth=(int)16, rate=(int)32000, format=(string)S16LE, layout=(string)interleaved
0:01:05.870706947 18238 0x60400000c890 DEBUG bin gstbin.c:4071:gst_bin_handle_message_func: posting message upward
0:01:05.870724019 18238 0x607000932940 DEBUG GST_CAPS gstpad.c:2669:gst_pad_get_current_caps: get current pad caps audio/x-raw, rate=(int)48000, channels=(int)1, format=(string)S16LE, layout=(string)interleaved, width=(int)16, depth=(int)16
0:01:05.870797892 18238 0x607000932940 DEBUG basetransform gstbasetransform.c:1693:default_prepare_output_buffer: getting output size for alloc
0:01:05.870726744 18238 0x60400000c890 DEBUG GST_BUS gstbus.c:317:gst_bus_post: [msg 0x60c00096a480] posting on bus state-changed message: 0x60c00096a480, time 99:99:99.999999999, seq-num 6149, element 'send_tee_2', GstMessageStateChanged, old-state=(GstState)GST_STATE_PAUSED, new-state=(GstState)GST_STATE_READY, pending-state=(GstState)GST_STATE_NULL;
0:01:05.870838076 18238 0x60400000c890 DEBUG GST_BUS gstbus.c:356:gst_bus_post: [msg 0x60c00096a480] pushing on async queue
0:01:05.870859319 18238 0x60400000c890 DEBUG GST_BUS gstbus.c:359:gst_bus_post: [msg 0x60c00096a480] pushed on async queue
0:01:05.870812657 18238 0x607000932940 DEBUG basetransform gstbasetransform.c:669:gst_base_transform_transform_size: asked to transform size 640 for caps audio/x-raw, channels=(int)1, width=(int)16, depth=(int)16, rate=(int)32000, format=(string)S16LE, layout=(string)interleaved to size for caps audio/x-raw, rate=(int)48000, channels=(int)1, format=(string)S16LE, layout=(string)interleaved, width=(int)16, depth=(int)16 in direction SINK
0:01:05.870888465 18238 0x607000932940 LOG audioresample gstaudioresample.c:461:gst_audio_resample_transform_size: asked to transform size 640 in direction SINK
0:01:05.870877500 18238 0x60400000c890 DEBUG GST_BUS gstbus.c:352:gst_bus_post: [msg 0x60c00096a480] dropped
0:01:05.870906107 18238 0x607000932940 LOG audio-resampler audio-resampler.c:1643:gst_audio_resampler_get_out_frames: need 64 = 64 + 0 + 0, avail 384 = 64 + 320
0:01:05.870912571 18238 0x60400000c890 DEBUG GST_BUS gstbus.c:352:gst_bus_post: [msg 0x60c00096a480] dropped
0:01:05.870931154 18238 0x607000932940 LOG audio-resampler audio-resampler.c:1654:gst_audio_resampler_get_out_frames: out 480 = ((320 * 3 - 2) / 2) + 1
0:01:05.870939994 18238 0x60400000c890 INFO GST_STATES gstelement.c:2401:gst_element_continue_state: continue state change READY to NULL, final NULL
0:01:05.870954593 18238 0x607000932940 LOG audioresample gstaudioresample.c:482:gst_audio_resample_transform_size: transformed size 640 to 960
0:01:05.870963121 18238 0x60400000c890 LOG GST_STATES gstelement.c:2897:gst_element_change_state_func: default handler tries setting state from READY to NULL (0011)
0:01:05.870972019 18238 0x607000932940 DEBUG basetransform gstbasetransform.c:1705:default_prepare_output_buffer: doing alloc of size 960
0:01:05.870994780 18238 0x60400000c890 DEBUG GST_ELEMENT_PADS gstelement.c:2840:gst_element_pads_activate: deactivate pads
0:01:05.871000028 18238 0x607000932940 DEBUG GST_MEMORY gstmemory.c:138:gst_memory_init: new memory 0x6190014b9f80, maxsize:967 offset:0 size:960
0:01:05.871021325 18238 0x60400000c890 DEBUG GST_PADS gstpad.c:1074:gst_pad_set_active: pad was inactive
0:01:05.871021223 18238 0x607000932940 LOG GST_BUFFER gstbuffer.c:798:gst_buffer_new: new 0x612002405ec0
0:01:05.871042737 18238 0x60400000c890 DEBUG GST_PADS gstpad.c:1074:gst_pad_set_active: pad was inactive
0:01:05.871044010 18238 0x607000932940 LOG GST_BUFFER gstbuffer.c:413:_memory_add: buffer 0x612002405ec0, idx -1, mem 0x6190014b9f80
0:01:05.871060346 18238 0x60400000c890 DEBUG GST_PADS gstpad.c:1074:gst_pad_set_active: pad was inactive
0:01:05.871064521 18238 0x607000932940 LOG GST_BUFFER gstbuffer.c:854:gst_buffer_new_allocate: new buffer 0x612002405ec0 of size 960 from allocator (nil)
0:01:05.871077720 18238 0x60400000c890 DEBUG GST_ELEMENT_PADS gstelement.c:2859:gst_element_pads_activate: pad deactivation successful
0:01:05.871087031 18238 0x607000932940 DEBUG basetransform gstbasetransform.c:1798:default_copy_metadata: copying metadata
0:01:05.871101445 18238 0x60400000c890 DEBUG GST_STATES gstelement.c:2731:gst_element_change_state: element changed state SUCCESS
0:01:05.871104889 18238 0x607000932940 LOG GST_BUFFER gstbuffer.c:514:gst_buffer_copy_into: copy 0x612002c02840 to 0x612002405ec0, offset 0-640/640
0:01:05.871132733 18238 0x607000932940 DEBUG basetransform gstbasetransform.c:2160:default_generate_output: using allocated buffer in 0x612002c02840, out 0x612002405ec0
0:01:05.871155052 18238 0x607000932940 DEBUG basetransform gstbasetransform.c:2180:default_generate_output: doing non-inplace transform
0:01:05.871119843 18238 0x60400000c890 INFO GST_STATES gstelement.c:2419:gst_element_continue_state: completed state change to NULL
0:01:05.871168826 18238 0x607000932940 LOG audioresample gstaudioresample.c:843:gst_audio_resample_transform: transforming buffer of 640 bytes, ts 0:00:44.710000000, duration 0:00:00.010000000, offset 1430720, offset_end 1431040
0:01:05.871189540 18238 0x60400000c890 INFO GST_STATES gstelement.c:2324:_priv_gst_element_state_changed: notifying about state-changed READY to NULL (VOID_PENDING pending)
0:01:05.871196653 18238 0x607000932940 LOG GST_BUFFER gstbuffer.c:1720:gst_buffer_map_range: buffer 0x612002c02840, idx 0, length -1, flags 0001
0:01:05.871220362 18238 0x607000932940 LOG GST_BUFFER gstbuffer.c:212:_get_merged_memory: buffer 0x612002c02840, idx 0, length 1
0:01:05.871224907 18238 0x60400000c890 LOG GST_MESSAGE gstmessage.c:300:gst_message_new_custom: source send_tee_2: creating new message 0x60c0007f4a40 state-changed
0:01:05.871240235 18238 0x607000932940 LOG GST_BUFFER gstbuffer.c:1720:gst_buffer_map_range: buffer 0x612002405ec0, idx 0, length -1, flags 0002
0:01:05.871258375 18238 0x607000932940 LOG GST_BUFFER gstbuffer.c:212:_get_merged_memory: buffer 0x612002405ec0, idx 0, length 1
0:01:05.871254251 18238 0x60400000c890 DEBUG GST_BUS gstbus.c:317:gst_bus_post: [msg 0x60c0007f4a40] posting on bus state-changed message: 0x60c0007f4a40, time 99:99:99.999999999, seq-num 6150, element 'send_tee_2', GstMessageStateChanged, old-state=(GstState)GST_STATE_READY, new-state=(GstState)GST_STATE_NULL, pending-state=(GstState)GST_STATE_VOID_PENDING;
0:01:05.871293179 18238 0x607000932940 LOG audio-resampler audio-resampler.c:1767:gst_audio_resampler_resample: in 320, avail 384, consumed 320
0:01:05.871311022 18238 0x607000932940 LOG audioresample gstaudioresample.c:823:gst_audio_resample_process: Converted to buffer of 480 samples (960 bytes) with timestamp 0:00:44.708979167, duration 0:00:00.010000000, offset 2146031, offset_end 2146511
0:01:05.871310557 18238 0x60400000c890 DEBUG bin gstbin.c:3734:gst_bin_handle_message_func: [msg 0x60c0007f4a40] handling child send_tee_2 message of type state-changed
0:01:05.871335430 18238 0x60400000c890 DEBUG bin gstbin.c:4071:gst_bin_handle_message_func: posting message upward
0:01:05.871330623 18238 0x607000932940 DEBUG audioresample gstaudioresample.c:904:gst_audio_resample_transform: input = samples [1430720, 1431040) = [44710000000, 44720000000) ns; output = samples [2146031, 2146511) = [44708979167, 44718979167) ns
0:01:05.871357798 18238 0x607000932940 DEBUG GST_SCHEDULING gstpad.c:4200:gst_pad_chain_data_unchecked: calling chainfunction &gst_base_transform_chain with buffer buffer: 0x612002405ec0, pts 0:00:44.708979167, dts 99:99:99.999999999, dur 0:00:00.010000000, size 960, offset 2146031, offset_end 2146511, flags 0x0
0:01:05.871347446 18238 0x60400000c890 DEBUG GST_BUS gstbus.c:317:gst_bus_post: [msg 0x60c0007f4a40] posting on bus state-changed message: 0x60c0007f4a40, time 99:99:99.999999999, seq-num 6150, element 'send_tee_2', GstMessageStateChanged, old-state=(GstState)GST_STATE_READY, new-state=(GstState)GST_STATE_NULL, pending-state=(GstState)GST_STATE_VOID_PENDING;
0:01:05.871380891 18238 0x607000932940 DEBUG audio audio.c:108:gst_audio_buffer_clip: timestamp
0:00:44.708979167
0:01:05.871386701 18238 0x60400000c890 DEBUG bin gstbin.c:3734:gst_bin_handle_message_func: [msg 0x60c0007f4a40] handling child send_tee_2 message of type state-changed
0:01:05.871401926 18238 0x60400000c890 DEBUG bin gstbin.c:4071:gst_bin_handle_message_func: posting message upward
0:01:05.871400840 18238 0x607000932940 DEBUG basetransform gstbasetransform.c:2036:default_submit_input_buffer: handling buffer 0x612002405ec0 of size 960, PTS
0:00:44.708979167 and offset 2146031
0:01:05.871424760 18238 0x607000932940 DEBUG basetransform gstbasetransform.c:2153:default_generate_output: calling prepare buffer
0:01:05.871411087 18238 0x60400000c890 DEBUG GST_BUS gstbus.c:317:gst_bus_post: [msg 0x60c0007f4a40] posting on bus state-changed message: 0x60c0007f4a40, time 99:99:99.999999999, seq-num 6150, element 'send_tee_2', GstMessageStateChanged, old-state=(GstState)GST_STATE_READY, new-state=(GstState)GST_STATE_NULL, pending-state=(GstState)GST_STATE_VOID_PENDING;
0:01:05.871435277 18238 0x607000932940 DEBUG basetransform gstbasetransform.c:1650:default_prepare_output_buffer: passthrough: reusing input buffer
0:01:05.871438059 18238 0x60400000c890 DEBUG GST_BUS gstbus.c:356:gst_bus_post: [msg 0x60c0007f4a40] pushing on async queue
0:01:05.871448487 18238 0x607000932940 DEBUG basetransform gstbasetransform.c:2160:default_generate_output: using allocated buffer in 0x612002405ec0, out 0x612002405ec0
0:01:05.871452118 18238 0x60400000c890 DEBUG GST_BUS gstbus.c:359:gst_bus_post: [msg 0x60c0007f4a40] pushed on async queue
0:01:05.871469023 18238 0x607000932940 DEBUG basetransform gstbasetransform.c:2171:default_generate_output: element is in passthrough
0:01:05.871472451 18238 0x60400000c890 DEBUG GST_BUS gstbus.c:352:gst_bus_post: [msg 0x60c0007f4a40] dropped
0:01:05.871484425 18238 0x607000932940 DEBUG GST_SCHEDULING gstpad.c:4200:gst_pad_chain_data_unchecked: calling chainfunction &gst_audio_encoder_chain with buffer buffer: 0x612002405ec0, pts 0:00:44.708979167, dts 99:99:99.999999999, dur 0:00:00.010000000, size 960, offset 2146031, offset_end 2146511, flags 0x0
0:01:05.871510573 18238 0x607000932940 LOG audioencoder gstaudioencoder.c:1244:gst_audio_encoder_chain: received buffer of size 960 with ts 0:00:44.708979167, duration
0:00:00.010000000
0:01:05.871489172 18238 0x60400000c890 DEBUG GST_BUS gstbus.c:352:gst_bus_post: [msg 0x60c0007f4a40] dropped
0:01:05.871538645 18238 0x607000932940 DEBUG audio audio.c:108:gst_audio_buffer_clip: timestamp
0:00:44.708979167
0:01:05.871550531 18238 0x60400000c890 LOG GST_STATES gstelement.c:2747:gst_element_change_state: exit state change 1
0:01:05.871561302 18238 0x60400000c890 LOG GST_STATES gstelement.c:2747:gst_element_change_state: exit state change 1
0:01:05.871561276 18238 0x607000932940 LOG audioencoder gstaudioencoder.c:1290:gst_audio_encoder_chain: buffer after segment clipping has size 960 with ts 0:00:44.708979167, duration
0:00:00.010000000
0:01:05.871574347 18238 0x60400000c890 LOG GST_STATES gstelement.c:2747:gst_element_change_state: exit state change 1
0:01:05.871591167 18238 0x60400000c890 DEBUG GST_STATES gstelement.c:2654:gst_element_set_state_func: returned SUCCESS
0:01:05.871590708 18238 0x607000932940 LOG adapter gstadapter.c:394:gst_adapter_push: pushing 0x612002405ec0 960 bytes at end, size now 1892
0:01:05.871606167 18238 0x60400000c890 DEBUG GST_PARENTAGE gstbin.c:1892:gst_bin_remove: removing element send_tee_2 from bin fsrtpconference1
0:01:05.871617022 18238 0x607000932940 LOG audioencoder gstaudioencoder.c:1089:gst_audio_encoder_push_buffers: available: 1268, needed: 1920, force: 0
0:01:05.871620489 18238 0x60400000c890 DEBUG bin gstbin.c:1592:gst_bin_remove_func: element :send_tee_2
0:01:05.871636050 18238 0x607000932940 LOG audioencoder gstaudioencoder.c:1368:gst_audio_encoder_chain: chain leaving
0:01:05.871649394 18238 0x60400000c890 DEBUG bin gstbin.c:1789:gst_bin_remove_func: recalc state preroll: 0, other async: 0, this async 0
0:01:05.871650250 18238 0x607000932940 DEBUG GST_SCHEDULING gstpad.c:4206:gst_pad_chain_data_unchecked: called chainfunction &gst_audio_encoder_chain with buffer 0x612002405ec0, returned ok
0:01:05.871667257 18238 0x60400000c890 DEBUG GST_PARENTAGE gstelement.c:3089:gst_element_set_bus_func: setting bus to (nil)
0:01:05.871676480 18238 0x607000932940 DEBUG GST_SCHEDULING gstpad.c:4206:gst_pad_chain_data_unchecked: called chainfunction &gst_base_transform_chain with buffer 0x612002405ec0, returned ok
0:01:05.871683663 18238 0x60400000c890 DEBUG GST_CLOCK gstelement.c:427:gst_element_set_clock: setting clock (nil)
0:01:05.871700039 18238 0x607000932940 DEBUG GST_SCHEDULING gstpad.c:4206:gst_pad_chain_data_unchecked: called chainfunction &gst_base_transform_chain with buffer 0x612002c02840, returned ok
0:01:05.871700651 18238 0x60400000c890 INFO GST_ELEMENT_PADS gstpad.c:2071:gst_pad_unlink: unlinking fsrtpbitrateadapter0:src(0x616000fd5fb0) and send_tee_2:sink(0x616000fb94b0)
0:01:05.871718379 18238 0x607000932940 DEBUG GST_SCHEDULING gstpad.c:4206:gst_pad_chain_data_unchecked: called chainfunction &gst_base_transform_chain with buffer 0x612002c02840, returned ok
0:01:05.871728154 18238 0x60400000c890 LOG GST_MESSAGE gstmessage.c:300:gst_message_new_custom: source sink: creating new message 0x60c0008713c0 structure-change
0:01:05.871765370 18238 0x607000932940 DEBUG GST_SCHEDULING gstpad.c:4206:gst_pad_chain_data_unchecked: called chainfunction &gst_proxy_pad_chain_default with buffer 0x612002c02840, returned ok
0:01:05.871785784 18238 0x607000932940 DEBUG GST_SCHEDULING gstpad.c:4206:gst_pad_chain_data_unchecked: called chainfunction &gst_valve_chain with buffer 0x612002c02840, returned ok
0:01:05.871767361 18238 0x60400000c890 DEBUG GST_BUS gstbus.c:317:gst_bus_post: [msg 0x60c0008713c0] posting on bus structure-change message: 0x60c0008713c0, time 99:99:99.999999999, seq-num 6151, element 'sink', GstMessageStructureChange, type=(GstStructureChangeType)GST_STRUCTURE_CHANGE_TYPE_PAD_UNLINK, owner=(GstElement)"\(FsRtpBitrateAdapter\)\ fsrtpbitrateadapter0", busy=(boolean)true;
0:01:05.871803657 18238 0x607000932940 LOG tee gsttee.c:699:gst_tee_handle_data: Pushing item 0x612002c02840 yielded result ok
0:01:05.871815339 18238 0x60400000c890 DEBUG bin gstbin.c:3734:gst_bin_handle_message_func: [msg 0x60c0008713c0] handling child sink message of type structure-change
0:01:05.871822910 18238 0x607000932940 LOG tee gsttee.c:731:gst_tee_handle_data: Replacing ret val -1 with 0
0:01:05.871832858 18238 0x60400000c890 DEBUG bin gstbin.c:912:find_message: no message found matching types 00001000
0:01:05.871838032 18238 0x607000932940 LOG GST_BUFFER gstbuffer.c:724:_gst_buffer_free: finalize 0x612002c02840
0:01:05.871851045 18238 0x607000932940 DEBUG GST_MEMORY gstmemory.c:87:_gst_memory_free: free memory 0x6180000a4480
0:01:05.871867943 18238 0x607000932940 DEBUG tee gsttee.c:781:gst_tee_chain: handled buffer ok
0:01:05.871865602 18238 0x60400000c890 DEBUG bin gstbin.c:919:find_message: structure-change
0:01:05.871884066 18238 0x607000932940 DEBUG GST_SCHEDULING gstpad.c:4206:gst_pad_chain_data_unchecked: called chainfunction &gst_tee_chain with buffer 0x612002c02840, returned ok
0:01:05.871887752 18238 0x60400000c890 DEBUG bin gstbin.c:959:bin_replace_message: got new message 0x60c0008713c0, structure-change from sink
0:01:05.871904258 18238 0x607000932940 DEBUG GST_SCHEDULING gstpad.c:4206:gst_pad_chain_data_unchecked: called chainfunction &gst_proxy_pad_chain_default with buffer 0x612002c02840, returned ok
0:01:05.871906541 18238 0x60400000c890 DEBUG GST_BUS gstbus.c:352:gst_bus_post: [msg 0x60c0008713c0] dropped
0:01:05.871925361 18238 0x607000932940 DEBUG GST_SCHEDULING gstpad.c:4206:gst_pad_chain_data_unchecked: called chainfunction &gst_proxy_pad_chain_default with buffer 0x612002c02840, returned ok
0:01:05.871922415 18238 0x60400000c890 INFO GST_ELEMENT_PADS gstpad.c:2125:gst_pad_unlink: unlinked fsrtpbitrateadapter0:src and send_tee_2:sink
0:01:05.871945285 18238 0x607000932940 DEBUG GST_SCHEDULING gstpad.c:4206:gst_pad_chain_data_unchecked: called chainfunction &gst_base_transform_chain with buffer 0x612002c02840, returned ok
0:01:05.871952389 18238 0x60400000c890 LOG GST_MESSAGE gstmessage.c:300:gst_message_new_custom: source sink: creating new message 0x60c0005e8f40 structure-change
0:01:05.871964155 18238 0x607000932940 DEBUG GST_SCHEDULING gstpad.c:4206:gst_pad_chain_data_unchecked: called chainfunction &gst_base_transform_chain with buffer 0x612002c02840, returned ok
0:01:05.871985515 18238 0x607000932940 LOG basesrc gstbasesrc.c:2738:gst_base_src_loop: next_ts 99:99:99.999999999 size 0
0:01:05.872003533 18238 0x607000932940 DEBUG basesrc gstbasesrc.c:2460:gst_base_src_get_range: calling create offset 18446744073709551615 length 0, time 0
0:01:05.871971431 18238 0x60400000c890 DEBUG GST_BUS gstbus.c:317:gst_bus_post: [msg 0x60c0005e8f40] posting on bus structure-change message: 0x60c0005e8f40, time 99:99:99.999999999, seq-num 6152, element 'sink', GstMessageStructureChange, type=(GstStructureChangeType)GST_STRUCTURE_CHANGE_TYPE_PAD_UNLINK, owner=(GstElement)"\(FsRtpBitrateAdapter\)\ fsrtpbitrateadapter0", busy=(boolean)false;
0:01:05.872020539 18238 0x607000932940 DEBUG audiobasesrc gstaudiobasesrc.c:736:gst_audio_base_src_get_offset: at segment 4472 and sample 1431040
0:01:05.872027889 18238 0x60400000c890 DEBUG bin gstbin.c:3734:gst_bin_handle_message_func: [msg 0x60c0005e8f40] handling child sink message of type structure-change
0:01:05.872037154 18238 0x607000932940 DEBUG audiobasesrc gstaudiobasesrc.c:759:gst_audio_base_src_get_offset: reading from 4472, we are at 4472, sample 1431040
0:01:05.872044215 18238 0x60400000c890 LOG bin gstbin.c:890:message_check: looking at message 0x60c0008713c0: 1
0:01:05.872055274 18238 0x607000932940 DEBUG audiobasesrc gstaudiobasesrc.c:815:gst_audio_base_src_create: reading from sample 1431040 length 640
0:01:05.872060894 18238 0x60400000c890 DEBUG bin gstbin.c:988:bin_remove_messages: deleting message 0x60c0008713c0 of type structure-change (types 0x00001000)
0:01:05.872073643 18238 0x607000932940 DEBUG GST_MEMORY gstmemory.c:138:gst_memory_init: new memory 0x6180000a5080, maxsize:647 offset:0 size:640
0:01:05.872080848 18238 0x60400000c890 LOG GST_MESSAGE gstmessage.c:207:_gst_message_free: finalize message 0x60c0008713c0, structure-change from sink
0:01:05.872093383 18238 0x607000932940 LOG GST_BUFFER gstbuffer.c:798:gst_buffer_new: new 0x6120049be140
0:01:05.872101689 18238 0x60400000c890 LOG GST_MESSAGE gstmessage.c:207:_gst_message_free: finalize message 0x60c0005e8f40, structure-change from sink
0:01:05.872106328 18238 0x607000932940 LOG GST_BUFFER gstbuffer.c:413:_memory_add: buffer 0x6120049be140, idx -1, mem 0x6180000a5080
0:01:05.872123464 18238 0x607000932940 LOG GST_BUFFER gstbuffer.c:854:gst_buffer_new_allocate: new buffer 0x6120049be140 of size 640 from allocator (nil)
0:01:05.872127725 18238 0x60400000c890 DEBUG GST_BUS gstbus.c:352:gst_bus_post: [msg 0x60c0005e8f40] dropped
0:01:05.872140033 18238 0x607000932940 LOG GST_BUFFER gstbuffer.c:1720:gst_buffer_map_range: buffer 0x6120049be140, idx 0, length -1, flags 0002
0:01:05.872149408 18238 0x60400000c890 INFO GST_PARENTAGE gstbin.c:1822:gst_bin_remove_func: removed child "send_tee_2"
0:01:05.872158755 18238 0x607000932940 LOG GST_BUFFER gstbuffer.c:212:_get_merged_memory: buffer 0x6120049be140, idx 0, length 1
0:01:05.872178960 18238 0x607000932940 DEBUG ringbuffer gstaudioringbuffer.c:1740:gst_audio_ring_buffer_read: pointer at 4472, sample 1431040, read from 4472-0, to_read 320, diff 0, segtotal 2, segsize 640
0:01:05.872199691 18238 0x607000932940 DEBUG ringbuffer gstaudioringbuffer.c:1312:wait_segment: waiting..
0:01:05.872250185 18238 0x60400000c890 LOG bin gstbin.c:1508:gst_bin_deep_element_removed_func: emitting deep-element-removed for element which has just been removed from
0:01:05.872269868 18238 0x60400000c890 LOG bin gstbin.c:1502:gst_bin_deep_element_removed_func: no parent, reached top-level
0:01:05.872279405 18238 0x60400000c890 DEBUG GST_STATES gstelement.c:2013:gst_element_set_locked_state: locking state of element fsrtpbitrateadapter0
0:01:05.872292176 18238 0x60400000c890 DEBUG GST_STATES gstelement.c:2570:gst_element_set_state_func: set_state to NULL
0:01:05.872306763 18238 0x60400000c890 DEBUG GST_STATES gstelement.c:2595:gst_element_set_state_func: setting target state to NULL
0:01:05.872317696 18238 0x60400000c890 DEBUG GST_STATES gstelement.c:2608:gst_element_set_state_func: current PLAYING, old_pending VOID_PENDING, next VOID_PENDING, old return SUCCESS
0:01:05.872335745 18238 0x60400000c890 DEBUG GST_STATES gstelement.c:2642:gst_element_set_state_func: intermediate: setting state from PLAYING to PAUSED
0:01:05.872352997 18238 0x60400000c890 LOG GST_STATES gstelement.c:2897:gst_element_change_state_func: default handler tries setting state from PLAYING to PAUSED (0023)
0:01:05.872367876 18238 0x60400000c890 DEBUG GST_STATES gstelement.c:2731:gst_element_change_state: element changed state SUCCESS
0:01:05.872378323 18238 0x60400000c890 INFO GST_STATES gstelement.c:2394:gst_element_continue_state: committing state from PLAYING to PAUSED, pending NULL, next READY
0:01:05.872394300 18238 0x60400000c890 INFO GST_STATES gstelement.c:2324:_priv_gst_element_state_changed: notifying about state-changed PLAYING to PAUSED (NULL pending)
0:01:05.872414353 18238 0x60400000c890 LOG GST_MESSAGE gstmessage.c:300:gst_message_new_custom: source fsrtpbitrateadapter0: creating new message 0x60c0009076c0 state-changed
0:01:05.872432468 18238 0x60400000c890 DEBUG GST_BUS gstbus.c:317:gst_bus_post: [msg 0x60c0009076c0] posting on bus state-changed message: 0x60c0009076c0, time 99:99:99.999999999, seq-num 6153, element 'fsrtpbitrateadapter0', GstMessageStateChanged, old-state=(GstState)GST_STATE_PLAYING, new-state=(GstState)GST_STATE_PAUSED, pending-state=(GstState)GST_STATE_NULL;
0:01:05.872468598 18238 0x60400000c890 DEBUG bin gstbin.c:3734:gst_bin_handle_message_func: [msg 0x60c0009076c0] handling child fsrtpbitrateadapter0 message of type state-changed
0:01:05.872486626 18238 0x60400000c890 DEBUG bin gstbin.c:4071:gst_bin_handle_message_func: posting message upward
0:01:05.872496054 18238 0x60400000c890 DEBUG GST_BUS gstbus.c:317:gst_bus_post: [msg 0x60c0009076c0] posting on bus state-changed message: 0x60c0009076c0, time 99:99:99.999999999, seq-num 6153, element 'fsrtpbitrateadapter0', GstMessageStateChanged, old-state=(GstState)GST_STATE_PLAYING, new-state=(GstState)GST_STATE_PAUSED, pending-state=(GstState)GST_STATE_NULL;
0:01:05.872527622 18238 0x60400000c890 DEBUG bin gstbin.c:3734:gst_bin_handle_message_func: [msg 0x60c0009076c0] handling child fsrtpbitrateadapter0 message of type state-changed
0:01:05.872545200 18238 0x60400000c890 DEBUG bin gstbin.c:4071:gst_bin_handle_message_func: posting message upward
0:01:05.872556205 18238 0x60400000c890 DEBUG GST_BUS gstbus.c:317:gst_bus_post: [msg 0x60c0009076c0] posting on bus state-changed message: 0x60c0009076c0, time 99:99:99.999999999, seq-num 6153, element 'fsrtpbitrateadapter0', GstMessageStateChanged, old-state=(GstState)GST_STATE_PLAYING, new-state=(GstState)GST_STATE_PAUSED, pending-state=(GstState)GST_STATE_NULL;
0:01:05.872582756 18238 0x60400000c890 DEBUG GST_BUS gstbus.c:356:gst_bus_post: [msg 0x60c0009076c0] pushing on async queue
0:01:05.872595438 18238 0x60400000c890 DEBUG GST_BUS gstbus.c:359:gst_bus_post: [msg 0x60c0009076c0] pushed on async queue
0:01:05.872607312 18238 0x60400000c890 DEBUG GST_BUS gstbus.c:352:gst_bus_post: [msg 0x60c0009076c0] dropped
0:01:05.872623134 18238 0x60400000c890 DEBUG GST_BUS gstbus.c:352:gst_bus_post: [msg 0x60c0009076c0] dropped
0:01:05.872637284 18238 0x60400000c890 INFO GST_STATES gstelement.c:2401:gst_element_continue_state: continue state change PAUSED to READY, final NULL
0:01:05.872652209 18238 0x60400000c890 LOG GST_STATES gstelement.c:2897:gst_element_change_state_func: default handler tries setting state from PAUSED to READY (001a)
0:01:05.872668449 18238 0x60400000c890 DEBUG GST_ELEMENT_PADS gstelement.c:2840:gst_element_pads_activate: deactivate pads
0:01:05.872690554 18238 0x60400000c890 DEBUG GST_PADS gstpad.c:1078:gst_pad_set_active: deactivating pad from push mode
0:01:05.872704360 18238 0x60400000c890 DEBUG GST_PADS gstpad.c:967:pre_activate: setting PAD_MODE NONE, set flushing
0:01:05.872717124 18238 0x60400000c890 DEBUG GST_PADS gstpad.c:1015:post_activate: stopped streaming
0:01:05.872727943 18238 0x60400000c890 DEBUG GST_PADS gstpad.c:453:remove_events: notify caps
0:01:05.872781364 18238 0x60400000c890 LOG GST_PROPERTIES gstobject.c:456:gst_object_dispatch_properties_changed: deep notification from src (caps)
0:01:05.872798784 18238 0x60400000c890 LOG GST_PROPERTIES gstobject.c:456:gst_object_dispatch_properties_changed: deep notification from src (caps)
0:01:05.872809266 18238 0x60400000c890 LOG GST_PROPERTIES gstobject.c:456:gst_object_dispatch_properties_changed: deep notification from src (caps)
0:01:05.872821880 18238 0x60400000c890 DEBUG GST_PADS gstpad.c:1188:activate_mode_internal: deactivated in push mode
0:01:05.872841991 18238 0x60400000c890 DEBUG GST_PADS gstpad.c:1078:gst_pad_set_active: deactivating pad from push mode
0:01:05.872856993 18238 0x60400000c890 DEBUG GST_PADS gstpad.c:967:pre_activate: setting PAD_MODE NONE, set flushing
0:01:05.872869905 18238 0x60400000c890 DEBUG GST_PADS gstpad.c:1015:post_activate: stopped streaming
0:01:05.872880083 18238 0x60400000c890 DEBUG GST_PADS gstpad.c:453:remove_events: notify caps
0:01:05.872891470 18238 0x60400000c890 LOG GST_PROPERTIES gstobject.c:456:gst_object_dispatch_properties_changed: deep notification from sink (caps)
0:01:05.872905582 18238 0x60400000c890 LOG GST_PROPERTIES gstobject.c:456:gst_object_dispatch_properties_changed: deep notification from sink (caps)
0:01:05.872916009 18238 0x60400000c890 LOG GST_PROPERTIES gstobject.c:456:gst_object_dispatch_properties_changed: deep notification from sink (caps)
0:01:05.872927153 18238 0x60400000c890 DEBUG GST_PADS gstpad.c:1188:activate_mode_internal: deactivated in push mode
0:01:05.872945834 18238 0x60400000c890 DEBUG GST_ELEMENT_PADS gstelement.c:2859:gst_element_pads_activate: pad deactivation successful
0:01:05.872962392 18238 0x60400000c890 DEBUG GST_STATES gstelement.c:2731:gst_element_change_state: element changed state SUCCESS
0:01:05.872972552 18238 0x60400000c890 INFO GST_STATES gstelement.c:2394:gst_element_continue_state: committing state from PAUSED to READY, pending NULL, next NULL
0:01:05.872993848 18238 0x60400000c890 INFO GST_STATES gstelement.c:2324:_priv_gst_element_state_changed: notifying about state-changed PAUSED to READY (NULL pending)
0:01:05.873015301 18238 0x60400000c890 LOG GST_MESSAGE gstmessage.c:300:gst_message_new_custom: source fsrtpbitrateadapter0: creating new message 0x60c0005e9480 state-changed
0:01:05.873034208 18238 0x60400000c890 DEBUG GST_BUS gstbus.c:317:gst_bus_post: [msg 0x60c0005e9480] posting on bus state-changed message: 0x60c0005e9480, time 99:99:99.999999999, seq-num 6154, element 'fsrtpbitrateadapter0', GstMessageStateChanged, old-state=(GstState)GST_STATE_PAUSED, new-state=(GstState)GST_STATE_READY, pending-state=(GstState)GST_STATE_NULL;
0:01:05.873069132 18238 0x60400000c890 DEBUG bin gstbin.c:3734:gst_bin_handle_message_func: [msg 0x60c0005e9480] handling child fsrtpbitrateadapter0 message of type state-changed
0:01:05.873089538 18238 0x60400000c890 DEBUG bin gstbin.c:4071:gst_bin_handle_message_func: posting message upward
0:01:05.873099362 18238 0x60400000c890 DEBUG GST_BUS gstbus.c:317:gst_bus_post: [msg 0x60c0005e9480] posting on bus state-changed message: 0x60c0005e9480, time 99:99:99.999999999, seq-num 6154, element 'fsrtpbitrateadapter0', GstMessageStateChanged, old-state=(GstState)GST_STATE_PAUSED, new-state=(GstState)GST_STATE_READY, pending-state=(GstState)GST_STATE_NULL;
0:01:05.873132369 18238 0x60400000c890 DEBUG bin gstbin.c:3734:gst_bin_handle_message_func: [msg 0x60c0005e9480] handling child fsrtpbitrateadapter0 message of type state-changed
0:01:05.873148562 18238 0x60400000c890 DEBUG bin gstbin.c:4071:gst_bin_handle_message_func: posting message upward
0:01:05.873158324 18238 0x60400000c890 DEBUG GST_BUS gstbus.c:317:gst_bus_post: [msg 0x60c0005e9480] posting on bus state-changed message: 0x60c0005e9480, time 99:99:99.999999999, seq-num 6154, element 'fsrtpbitrateadapter0', GstMessageStateChanged, old-state=(GstState)GST_STATE_PAUSED, new-state=(GstState)GST_STATE_READY, pending-state=(GstState)GST_STATE_NULL;
0:01:05.873185142 18238 0x60400000c890 DEBUG GST_BUS gstbus.c:356:gst_bus_post: [msg 0x60c0005e9480] pushing on async queue
0:01:05.873203643 18238 0x60400000c890 DEBUG GST_BUS gstbus.c:359:gst_bus_post: [msg 0x60c0005e9480] pushed on async queue
0:01:05.873216225 18238 0x60400000c890 DEBUG GST_BUS gstbus.c:352:gst_bus_post: [msg 0x60c0005e9480] dropped
0:01:05.873229784 18238 0x60400000c890 DEBUG GST_BUS gstbus.c:352:gst_bus_post: [msg 0x60c0005e9480] dropped
0:01:05.873244025 18238 0x60400000c890 INFO GST_STATES gstelement.c:2401:gst_element_continue_state: continue state change READY to NULL, final NULL
0:01:05.873316768 18238 0x60400000c890 LOG GST_STATES gstelement.c:2897:gst_element_change_state_func: default handler tries setting state from READY to NULL (0011)
0:01:05.873337607 18238 0x60400000c890 DEBUG GST_ELEMENT_PADS gstelement.c:2840:gst_element_pads_activate: deactivate pads
0:01:05.873353280 18238 0x60400000c890 DEBUG GST_PADS gstpad.c:1074:gst_pad_set_active: pad was inactive
0:01:05.873367581 18238 0x60400000c890 DEBUG GST_PADS gstpad.c:1074:gst_pad_set_active: pad was inactive
0:01:05.873378269 18238 0x60400000c890 DEBUG GST_ELEMENT_PADS gstelement.c:2859:gst_element_pads_activate: pad deactivation successful
0:01:05.873394140 18238 0x60400000c890 DEBUG GST_STATES gstelement.c:2731:gst_element_change_state: element changed state SUCCESS
0:01:05.873404449 18238 0x60400000c890 INFO GST_STATES gstelement.c:2419:gst_element_continue_state: completed state change to NULL
0:01:05.873416309 18238 0x60400000c890 INFO GST_STATES gstelement.c:2324:_priv_gst_element_state_changed: notifying about state-changed READY to NULL (VOID_PENDING pending)
0:01:05.873436963 18238 0x60400000c890 LOG GST_MESSAGE gstmessage.c:300:gst_message_new_custom: source fsrtpbitrateadapter0: creating new message 0x60c000908800 state-changed
0:01:05.873455632 18238 0x60400000c890 DEBUG GST_BUS gstbus.c:317:gst_bus_post: [msg 0x60c000908800] posting on bus state-changed message: 0x60c000908800, time 99:99:99.999999999, seq-num 6155, element 'fsrtpbitrateadapter0', GstMessageStateChanged, old-state=(GstState)GST_STATE_READY, new-state=(GstState)GST_STATE_NULL, pending-state=(GstState)GST_STATE_VOID_PENDING;
0:01:05.873491287 18238 0x60400000c890 DEBUG bin gstbin.c:3734:gst_bin_handle_message_func: [msg 0x60c000908800] handling child fsrtpbitrateadapter0 message of type state-changed
0:01:05.873508646 18238 0x60400000c890 DEBUG bin gstbin.c:4071:gst_bin_handle_message_func: posting message upward
0:01:05.873519404 18238 0x60400000c890 DEBUG GST_BUS gstbus.c:317:gst_bus_post: [msg 0x60c000908800] posting on bus state-changed message: 0x60c000908800, time 99:99:99.999999999, seq-num 6155, element 'fsrtpbitrateadapter0', GstMessageStateChanged, old-state=(GstState)GST_STATE_READY, new-state=(GstState)GST_STATE_NULL, pending-state=(GstState)GST_STATE_VOID_PENDING;
0:01:05.873549706 18238 0x60400000c890 DEBUG bin gstbin.c:3734:gst_bin_handle_message_func: [msg 0x60c000908800] handling child fsrtpbitrateadapter0 message of type state-changed
0:01:05.873563779 18238 0x60400000c890 DEBUG bin gstbin.c:4071:gst_bin_handle_message_func: posting message upward
0:01:05.873572220 18238 0x60400000c890 DEBUG GST_BUS gstbus.c:317:gst_bus_post: [msg 0x60c000908800] posting on bus state-changed message: 0x60c000908800, time 99:99:99.999999999, seq-num 6155, element 'fsrtpbitrateadapter0', GstMessageStateChanged, old-state=(GstState)GST_STATE_READY, new-state=(GstState)GST_STATE_NULL, pending-state=(GstState)GST_STATE_VOID_PENDING;
0:01:05.873598065 18238 0x60400000c890 DEBUG GST_BUS gstbus.c:356:gst_bus_post: [msg 0x60c000908800] pushing on async queue
0:01:05.873610692 18238 0x60400000c890 DEBUG GST_BUS gstbus.c:359:gst_bus_post: [msg 0x60c000908800] pushed on async queue
0:01:05.873622403 18238 0x60400000c890 DEBUG GST_BUS gstbus.c:352:gst_bus_post: [msg 0x60c000908800] dropped
0:01:05.873637092 18238 0x60400000c890 DEBUG GST_BUS gstbus.c:352:gst_bus_post: [msg 0x60c000908800] dropped
0:01:05.873651894 18238 0x60400000c890 LOG GST_STATES gstelement.c:2747:gst_element_change_state: exit state change 1
0:01:05.873665766 18238 0x60400000c890 LOG GST_STATES gstelement.c:2747:gst_element_change_state: exit state change 1
0:01:05.873678102 18238 0x60400000c890 LOG GST_STATES gstelement.c:2747:gst_element_change_state: exit state change 1
0:01:05.873688729 18238 0x60400000c890 DEBUG GST_STATES gstelement.c:2654:gst_element_set_state_func: returned SUCCESS
0:01:05.873699550 18238 0x60400000c890 DEBUG GST_PARENTAGE gstbin.c:1892:gst_bin_remove: removing element fsrtpbitrateadapter0 from bin fsrtpconference1
0:01:05.873721297 18238 0x60400000c890 DEBUG bin gstbin.c:1592:gst_bin_remove_func: element :fsrtpbitrateadapter0
0:01:05.873748001 18238 0x60400000c890 DEBUG bin gstbin.c:1789:gst_bin_remove_func: recalc state preroll: 0, other async: 0, this async 0
0:01:05.873766789 18238 0x60400000c890 DEBUG GST_PARENTAGE gstelement.c:3089:gst_element_set_bus_func: setting bus to (nil)
0:01:05.873780767 18238 0x60400000c890 DEBUG GST_CLOCK gstelement.c:427:gst_element_set_clock: setting clock (nil)
0:01:05.873793115 18238 0x60400000c890 INFO GST_ELEMENT_PADS gstpad.c:2071:gst_pad_unlink: unlinking sink_2:proxypad237(0x616000fd1ac0) and fsrtpbitrateadapter0:sink(0x616000fd62b0)
0:01:05.873829755 18238 0x60400000c890 INFO GST_ELEMENT_PADS gstpad.c:2125:gst_pad_unlink: unlinked sink_2:proxypad237 and fsrtpbitrateadapter0:sink
0:01:05.873849921 18238 0x60400000c890 INFO GST_PARENTAGE gstbin.c:1822:gst_bin_remove_func: removed child "fsrtpbitrateadapter0"
0:01:05.873875333 18238 0x60400000c890 LOG bin gstbin.c:1508:gst_bin_deep_element_removed_func: emitting deep-element-removed for element which has just been removed from
0:01:05.873891543 18238 0x60400000c890 LOG bin gstbin.c:1502:gst_bin_deep_element_removed_func: no parent, reached top-level
0:01:05.873902920 18238 0x60400000c890 DEBUG GST_PADS gstpad.c:1078:gst_pad_set_active: deactivating pad from push mode
0:01:05.873917939 18238 0x60400000c890 DEBUG GST_PADS gstpad.c:967:pre_activate: setting PAD_MODE NONE, set flushing
0:01:05.873928851 18238 0x60400000c890 LOG GST_PADS gstghostpad.c:378:gst_ghost_pad_activate_push_default: deactivate push on fsrtpconference1:sink_2, proxy internal
0:01:05.873947212 18238 0x60400000c890 DEBUG GST_PADS gstpad.c:967:pre_activate: setting PAD_MODE NONE, set flushing
0:01:05.873957649 18238 0x60400000c890 LOG GST_PADS gstghostpad.c:284:gst_ghost_pad_internal_activate_push_default: deactivate push on sink_2:proxypad237, we're ok
0:01:05.873975979 18238 0x60400000c890 DEBUG GST_PADS gstpad.c:1207:activate_mode_internal: already deactivated in push mode
0:01:05.873990823 18238 0x60400000c890 DEBUG GST_PADS gstpad.c:1015:post_activate: stopped streaming
0:01:05.874002406 18238 0x60400000c890 DEBUG GST_PADS gstpad.c:453:remove_events: notify caps
0:01:05.874012993 18238 0x60400000c890 LOG GST_PROPERTIES gstobject.c:456:gst_object_dispatch_properties_changed: deep notification from proxypad237 (caps)
0:01:05.874029837 18238 0x60400000c890 LOG GST_PROPERTIES gstobject.c:456:gst_object_dispatch_properties_changed: deep notification from proxypad237 (caps)
0:01:05.874040782 18238 0x60400000c890 LOG GST_PROPERTIES gstobject.c:456:gst_object_dispatch_properties_changed: deep notification from proxypad237 (caps)
0:01:05.874052422 18238 0x60400000c890 DEBUG GST_PADS gstpad.c:1188:activate_mode_internal: deactivated in push mode
0:01:05.874066062 18238 0x60400000c890 DEBUG GST_PADS gstpad.c:1015:post_activate: stopped streaming
0:01:05.874076105 18238 0x60400000c890 LOG GST_EVENT gstevent.c:222:_gst_event_free: freeing event 0x60b002caccb0 type caps
0:01:05.874103763 18238 0x60400000c890 LOG GST_EVENT gstevent.c:222:_gst_event_free: freeing event 0x60b002c783e0 type segment
0:01:05.874117420 18238 0x60400000c890 DEBUG GST_PADS gstpad.c:453:remove_events: notify caps
0:01:05.874126909 18238 0x60400000c890 LOG GST_PROPERTIES gstobject.c:456:gst_object_dispatch_properties_changed: deep notification from sink_2 (caps)
0:01:05.874145468 18238 0x60400000c890 LOG GST_PROPERTIES gstobject.c:456:gst_object_dispatch_properties_changed: deep notification from sink_2 (caps)
0:01:05.874156322 18238 0x60400000c890 DEBUG GST_PADS gstpad.c:1188:activate_mode_internal: deactivated in push mode
0:01:05.874171191 18238 0x60400000c890 DEBUG GST_PADS gstpad.c:1078:gst_pad_set_active: deactivating pad from push mode
0:01:05.874184300 18238 0x60400000c890 DEBUG GST_PADS gstpad.c:967:pre_activate: setting PAD_MODE NONE, set flushing
0:01:05.874193336 18238 0x60400000c890 LOG GST_PADS gstghostpad.c:378:gst_ghost_pad_activate_push_default: deactivate push on rtpbin1:recv_rtp_sink_2, proxy internal
0:01:05.874211150 18238 0x60400000c890 DEBUG GST_PADS gstpad.c:967:pre_activate: setting PAD_MODE NONE, set flushing
0:01:05.874221123 18238 0x60400000c890 LOG GST_PADS gstghostpad.c:284:gst_ghost_pad_internal_activate_push_default: deactivate push on recv_rtp_sink_2:proxypad238, we're ok
0:01:05.874239081 18238 0x60400000c890 DEBUG GST_PADS gstpad.c:1207:activate_mode_internal: already deactivated in push mode
0:01:05.874258732 18238 0x60400000c890 DEBUG GST_PADS gstpad.c:1015:post_activate: stopped streaming
0:01:05.874269362 18238 0x60400000c890 DEBUG GST_PADS gstpad.c:1188:activate_mode_internal: deactivated in push mode
0:01:05.874286245 18238 0x60400000c890 DEBUG GST_PADS gstpad.c:1015:post_activate: stopped streaming
0:01:05.874295630 18238 0x60400000c890 DEBUG GST_PADS gstpad.c:1188:activate_mode_internal: deactivated in push mode
0:01:05.874311544 18238 0x60400000c890 DEBUG GST_PADS gstpad.c:1078:gst_pad_set_active: deactivating pad from push mode
0:01:05.874383117 18238 0x60400000c890 DEBUG GST_PADS gstpad.c:967:pre_activate: setting PAD_MODE NONE, set flushing
0:01:05.874393753 18238 0x60400000c890 LOG GST_PADS gstghostpad.c:378:gst_ghost_pad_activate_push_default: deactivate push on rtpbin1:recv_rtcp_sink_2, proxy internal
0:01:05.874412959 18238 0x60400000c890 DEBUG GST_PADS gstpad.c:967:pre_activate: setting PAD_MODE NONE, set flushing
0:01:05.874422547 18238 0x60400000c890 LOG GST_PADS gstghostpad.c:284:gst_ghost_pad_internal_activate_push_default: deactivate push on recv_rtcp_sink_2:proxypad239, we're ok
0:01:05.874440606 18238 0x60400000c890 DEBUG GST_PADS gstpad.c:1207:activate_mode_internal: already deactivated in push mode
0:01:05.874456621 18238 0x60400000c890 DEBUG GST_PADS gstpad.c:1015:post_activate: stopped streaming
0:01:05.874466820 18238 0x60400000c890 DEBUG GST_PADS gstpad.c:1188:activate_mode_internal: deactivated in push mode
0:01:05.874481856 18238 0x60400000c890 DEBUG GST_PADS gstpad.c:1015:post_activate: stopped streaming
0:01:05.874490883 18238 0x60400000c890 DEBUG GST_PADS gstpad.c:1188:activate_mode_internal: deactivated in push mode
0:01:05.874504928 18238 0x60400000c890 DEBUG GST_STATES gstelement.c:2013:gst_element_set_locked_state: locking state of element recv_rtp_funnel_2
0:01:05.874517235 18238 0x60400000c890 DEBUG GST_STATES gstelement.c:2570:gst_element_set_state_func: set_state to NULL
0:01:05.874528513 18238 0x60400000c890 DEBUG GST_STATES gstelement.c:2595:gst_element_set_state_func: setting target state to NULL
0:01:05.874540933 18238 0x60400000c890 DEBUG GST_STATES gstelement.c:2608:gst_element_set_state_func: current PLAYING, old_pending VOID_PENDING, next VOID_PENDING, old return SUCCESS
0:01:05.874558388 18238 0x60400000c890 DEBUG GST_STATES gstelement.c:2642:gst_element_set_state_func: intermediate: setting state from PLAYING to PAUSED
0:01:05.874573122 18238 0x60400000c890 LOG GST_STATES gstelement.c:2897:gst_element_change_state_func: default handler tries setting state from PLAYING to PAUSED (0023)
0:01:05.874590275 18238 0x60400000c890 DEBUG GST_STATES gstelement.c:2731:gst_element_change_state: element changed state SUCCESS
0:01:05.874599241 18238 0x60400000c890 INFO GST_STATES gstelement.c:2394:gst_element_continue_state: committing state from PLAYING to PAUSED, pending NULL, next READY
0:01:05.874615745 18238 0x60400000c890 INFO GST_STATES gstelement.c:2324:_priv_gst_element_state_changed: notifying about state-changed PLAYING to PAUSED (NULL pending)
0:01:05.874636200 18238 0x60400000c890 LOG GST_MESSAGE gstmessage.c:300:gst_message_new_custom: source recv_rtp_funnel_2: creating new message 0x60c0006cfc40 state-changed
0:01:05.874652836 18238 0x60400000c890 DEBUG GST_BUS gstbus.c:317:gst_bus_post: [msg 0x60c0006cfc40] posting on bus state-changed message: 0x60c0006cfc40, time 99:99:99.999999999, seq-num 6156, element 'recv_rtp_funnel_2', GstMessageStateChanged, old-state=(GstState)GST_STATE_PLAYING, new-state=(GstState)GST_STATE_PAUSED, pending-state=(GstState)GST_STATE_NULL;
0:01:05.874688849 18238 0x60400000c890 DEBUG bin gstbin.c:3734:gst_bin_handle_message_func: [msg 0x60c0006cfc40] handling child recv_rtp_funnel_2 message of type state-changed
0:01:05.874705365 18238 0x60400000c890 DEBUG bin gstbin.c:4071:gst_bin_handle_message_func: posting message upward
0:01:05.874716386 18238 0x60400000c890 DEBUG GST_BUS gstbus.c:317:gst_bus_post: [msg 0x60c0006cfc40] posting on bus state-changed message: 0x60c0006cfc40, time 99:99:99.999999999, seq-num 6156, element 'recv_rtp_funnel_2', GstMessageStateChanged, old-state=(GstState)GST_STATE_PLAYING, new-state=(GstState)GST_STATE_PAUSED, pending-state=(GstState)GST_STATE_NULL;
0:01:05.874759728 18238 0x60400000c890 DEBUG bin gstbin.c:3734:gst_bin_handle_message_func: [msg 0x60c0006cfc40] handling child recv_rtp_funnel_2 message of type state-changed
0:01:05.874778431 18238 0x60400000c890 DEBUG bin gstbin.c:4071:gst_bin_handle_message_func: posting message upward
0:01:05.874788412 18238 0x60400000c890 DEBUG GST_BUS gstbus.c:317:gst_bus_post: [msg 0x60c0006cfc40] posting on bus state-changed message: 0x60c0006cfc40, time 99:99:99.999999999, seq-num 6156, element 'recv_rtp_funnel_2', GstMessageStateChanged, old-state=(GstState)GST_STATE_PLAYING, new-state=(GstState)GST_STATE_PAUSED, pending-state=(GstState)GST_STATE_NULL;
0:01:05.874814361 18238 0x60400000c890 DEBUG GST_BUS gstbus.c:356:gst_bus_post: [msg 0x60c0006cfc40] pushing on async queue
0:01:05.874828830 18238 0x60400000c890 DEBUG GST_BUS gstbus.c:359:gst_bus_post: [msg 0x60c0006cfc40] pushed on async queue
0:01:05.874840793 18238 0x60400000c890 DEBUG GST_BUS gstbus.c:352:gst_bus_post: [msg 0x60c0006cfc40] dropped
0:01:05.874855330 18238 0x60400000c890 DEBUG GST_BUS gstbus.c:352:gst_bus_post: [msg 0x60c0006cfc40] dropped
0:01:05.874868331 18238 0x60400000c890 INFO GST_STATES gstelement.c:2401:gst_element_continue_state: continue state change PAUSED to READY, final NULL
