0:01:05.860272813 18238 0x60400000c890 DEBUG GST_STATES gstelement.c:2642:gst_element_set_state_func: final: setting state from READY to NULL
0:01:05.860282282 18238 0x607000932940 DEBUG basetransform gstbasetransform.c:2160:default_generate_output: using allocated buffer in 0x6120011e6b40, out 0x6120011e6b40
0:01:05.860293131 18238 0x60400000c890 LOG GST_STATES gstelement.c:2897:gst_element_change_state_func: default handler tries setting state from READY to NULL (0011)
0:01:05.860301369 18238 0x607000932940 DEBUG basetransform gstbasetransform.c:2171:default_generate_output: element is in passthrough
0:01:05.860314548 18238 0x60400000c890 DEBUG GST_ELEMENT_PADS gstelement.c:2840:gst_element_pads_activate: deactivate pads
0:01:05.860333584 18238 0x60400000c890 DEBUG GST_PADS gstpad.c:1074:gst_pad_set_active: pad was inactive
0:01:05.860321339 18238 0x607000932940 DEBUG GST_SCHEDULING gstpad.c:4200:gst_pad_chain_data_unchecked: calling chainfunction &gst_base_transform_chain with buffer buffer: 0x6120011e6b40, pts 0:00:44.700000000, dts 99:99:99.999999999, dur 0:00:00.010000000, size 640, offset 1430400, offset_end 1430720, flags 0x0
0:01:05.860349446 18238 0x60400000c890 DEBUG GST_PADS gstpad.c:1074:gst_pad_set_active: pad was inactive
0:01:05.860349623 18238 0x607000932940 DEBUG audio audio.c:108:gst_audio_buffer_clip: timestamp
0:00:44.700000000
0:01:05.860363182 18238 0x60400000c890 DEBUG GST_ELEMENT_PADS gstelement.c:2859:gst_element_pads_activate: pad deactivation successful
0:01:05.860379379 18238 0x60400000c890 DEBUG GST_STATES gstelement.c:2731:gst_element_change_state: element changed state SUCCESS
0:01:05.860370784 18238 0x607000932940 DEBUG basetransform gstbasetransform.c:2036:default_submit_input_buffer: handling buffer 0x6120011e6b40 of size 640, PTS
0:00:44.700000000 and offset 1430400
0:01:05.860390617 18238 0x60400000c890 INFO GST_STATES gstelement.c:2419:gst_element_continue_state: completed state change to NULL
0:01:05.860397400 18238 0x607000932940 DEBUG basetransform gstbasetransform.c:2153:default_generate_output: calling prepare buffer
0:01:05.860406001 18238 0x60400000c890 INFO GST_STATES gstelement.c:2324:_priv_gst_element_state_changed: notifying about state-changed READY to NULL (VOID_PENDING pending)
0:01:05.860429651 18238 0x60400000c890 LOG GST_MESSAGE gstmessage.c:300:gst_message_new_custom: source videoconvert20: creating new message 0x60c000609a00 state-changed
0:01:05.860413640 18238 0x607000932940 DEBUG GST_CAPS gstpad.c:2669:gst_pad_get_current_caps: get current pad caps audio/x-raw, channels=(int)1, width=(int)16, depth=(int)16, rate=(int)32000, format=(string)S16LE, layout=(string)interleaved
0:01:05.860450851 18238 0x60400000c890 DEBUG GST_BUS gstbus.c:317:gst_bus_post: [msg 0x60c000609a00] posting on bus state-changed message: 0x60c000609a00, time 99:99:99.999999999, seq-num 6138, element 'videoconvert20', GstMessageStateChanged, old-state=(GstState)GST_STATE_READY, new-state=(GstState)GST_STATE_NULL, pending-state=(GstState)GST_STATE_VOID_PENDING;
0:01:05.860465546 18238 0x607000932940 DEBUG GST_CAPS gstpad.c:2669:gst_pad_get_current_caps: get current pad caps audio/x-raw, rate=(int)48000, channels=(int)1, format=(string)S16LE, layout=(string)interleaved, width=(int)16, depth=(int)16
0:01:05.860491594 18238 0x60400000c890 DEBUG bin gstbin.c:3734:gst_bin_handle_message_func: [msg 0x60c000609a00] handling child videoconvert20 message of type state-changed
0:01:05.860507028 18238 0x607000932940 DEBUG basetransform gstbasetransform.c:1693:default_prepare_output_buffer: getting output size for alloc
0:01:05.860512070 18238 0x60400000c890 DEBUG bin gstbin.c:4071:gst_bin_handle_message_func: posting message upward
0:01:05.860524149 18238 0x60400000c890 DEBUG GST_BUS gstbus.c:317:gst_bus_post: [msg 0x60c000609a00] posting on bus state-changed message: 0x60c000609a00, time 99:99:99.999999999, seq-num 6138, element 'videoconvert20', GstMessageStateChanged, old-state=(GstState)GST_STATE_READY, new-state=(GstState)GST_STATE_NULL, pending-state=(GstState)GST_STATE_VOID_PENDING;
0:01:05.860520329 18238 0x607000932940 DEBUG basetransform gstbasetransform.c:669:gst_base_transform_transform_size: asked to transform size 640 for caps audio/x-raw, channels=(int)1, width=(int)16, depth=(int)16, rate=(int)32000, format=(string)S16LE, layout=(string)interleaved to size for caps audio/x-raw, rate=(int)48000, channels=(int)1, format=(string)S16LE, layout=(string)interleaved, width=(int)16, depth=(int)16 in direction SINK
0:01:05.860565458 18238 0x60400000c890 DEBUG bin gstbin.c:3734:gst_bin_handle_message_func: [msg 0x60c000609a00] handling child videoconvert20 message of type state-changed
0:01:05.860592186 18238 0x60400000c890 DEBUG bin gstbin.c:4071:gst_bin_handle_message_func: posting message upward
0:01:05.860589243 18238 0x607000932940 LOG audioresample gstaudioresample.c:461:gst_audio_resample_transform_size: asked to transform size 640 in direction SINK
0:01:05.860610473 18238 0x607000932940 LOG audio-resampler audio-resampler.c:1643:gst_audio_resampler_get_out_frames: need 64 = 64 + 0 + 0, avail 384 = 64 + 320
0:01:05.860606555 18238 0x60400000c890 DEBUG GST_BUS gstbus.c:317:gst_bus_post: [msg 0x60c000609a00] posting on bus state-changed message: 0x60c000609a00, time 99:99:99.999999999, seq-num 6138, element 'videoconvert20', GstMessageStateChanged, old-state=(GstState)GST_STATE_READY, new-state=(GstState)GST_STATE_NULL, pending-state=(GstState)GST_STATE_VOID_PENDING;
0:01:05.860630885 18238 0x607000932940 LOG audio-resampler audio-resampler.c:1654:gst_audio_resampler_get_out_frames: out 480 = ((320 * 3 - 2) / 2) + 1
0:01:05.860654385 18238 0x607000932940 LOG audioresample gstaudioresample.c:482:gst_audio_resample_transform_size: transformed size 640 to 960
0:01:05.860649829 18238 0x60400000c890 DEBUG bin gstbin.c:3734:gst_bin_handle_message_func: [msg 0x60c000609a00] handling child videoconvert20 message of type state-changed
0:01:05.860675421 18238 0x60400000c890 DEBUG bin gstbin.c:4071:gst_bin_handle_message_func: posting message upward
0:01:05.860671425 18238 0x607000932940 DEBUG basetransform gstbasetransform.c:1705:default_prepare_output_buffer: doing alloc of size 960
0:01:05.860695694 18238 0x607000932940 DEBUG GST_MEMORY gstmemory.c:138:gst_memory_init: new memory 0x619001378b80, maxsize:967 offset:0 size:960
0:01:05.860690574 18238 0x60400000c890 DEBUG GST_BUS gstbus.c:317:gst_bus_post: [msg 0x60c000609a00] posting on bus state-changed message: 0x60c000609a00, time 99:99:99.999999999, seq-num 6138, element 'videoconvert20', GstMessageStateChanged, old-state=(GstState)GST_STATE_READY, new-state=(GstState)GST_STATE_NULL, pending-state=(GstState)GST_STATE_VOID_PENDING;
0:01:05.860719286 18238 0x607000932940 LOG GST_BUFFER gstbuffer.c:798:gst_buffer_new: new 0x61200184abc0
0:01:05.860729721 18238 0x60400000c890 DEBUG GST_BUS gstbus.c:356:gst_bus_post: [msg 0x60c000609a00] pushing on async queue
0:01:05.860752259 18238 0x607000932940 LOG GST_BUFFER gstbuffer.c:413:_memory_add: buffer 0x61200184abc0, idx -1, mem 0x619001378b80
0:01:05.860772210 18238 0x60400000c890 DEBUG GST_BUS gstbus.c:359:gst_bus_post: [msg 0x60c000609a00] pushed on async queue
0:01:05.860772922 18238 0x607000932940 LOG GST_BUFFER gstbuffer.c:854:gst_buffer_new_allocate: new buffer 0x61200184abc0 of size 960 from allocator (nil)
0:01:05.860789224 18238 0x60400000c890 DEBUG GST_BUS gstbus.c:352:gst_bus_post: [msg 0x60c000609a00] dropped
0:01:05.860794202 18238 0x607000932940 DEBUG basetransform gstbasetransform.c:1798:default_copy_metadata: copying metadata
0:01:05.860807228 18238 0x60400000c890 DEBUG GST_BUS gstbus.c:352:gst_bus_post: [msg 0x60c000609a00] dropped
0:01:05.860823745 18238 0x60400000c890 DEBUG GST_BUS gstbus.c:352:gst_bus_post: [msg 0x60c000609a00] dropped
0:01:05.860840826 18238 0x60400000c890 LOG GST_STATES gstelement.c:2747:gst_element_change_state: exit state change 1
0:01:05.860857188 18238 0x60400000c890 DEBUG GST_STATES gstelement.c:2654:gst_element_set_state_func: returned SUCCESS
0:01:05.860811618 18238 0x607000932940 LOG GST_BUFFER gstbuffer.c:514:gst_buffer_copy_into: copy 0x6120011e6b40 to 0x61200184abc0, offset 0-640/640
0:01:05.860872593 18238 0x60400000c890 INFO GST_STATES gstbin.c:2969:gst_bin_change_state_func: child 'videoconvert20' changed state to 1(NULL) successfully
0:01:05.860878866 18238 0x607000932940 DEBUG basetransform gstbasetransform.c:2160:default_generate_output: using allocated buffer in 0x6120011e6b40, out 0x61200184abc0
0:01:05.860898614 18238 0x607000932940 DEBUG basetransform gstbasetransform.c:2180:default_generate_output: doing non-inplace transform
0:01:05.860896326 18238 0x60400000c890 DEBUG bin gstbin.c:2387:gst_bin_sort_iterator_next: queue head gives videoscale17
0:01:05.860918065 18238 0x60400000c890 DEBUG bin gstbin.c:912:find_message: no message found matching types 00001000
0:01:05.860913985 18238 0x607000932940 LOG audioresample gstaudioresample.c:843:gst_audio_resample_transform: transforming buffer of 640 bytes, ts 0:00:44.700000000, duration 0:00:00.010000000, offset 1430400, offset_end 1430720
0:01:05.860932883 18238 0x60400000c890 DEBUG bin gstbin.c:919:find_message: structure-change
0:01:05.860940659 18238 0x607000932940 LOG GST_BUFFER gstbuffer.c:1720:gst_buffer_map_range: buffer 0x6120011e6b40, idx 0, length -1, flags 0001
0:01:05.860958855 18238 0x607000932940 LOG GST_BUFFER gstbuffer.c:212:_get_merged_memory: buffer 0x6120011e6b40, idx 0, length 1
0:01:05.860948856 18238 0x60400000c890 DEBUG bin gstbin.c:2326:update_degree: element videoscale17 not linked on any sinkpads
0:01:05.860976111 18238 0x607000932940 LOG GST_BUFFER gstbuffer.c:1720:gst_buffer_map_range: buffer 0x61200184abc0, idx 0, length -1, flags 0002
0:01:05.860986757 18238 0x60400000c890 INFO GST_STATES gstbin.c:2521:gst_bin_element_set_state: current READY pending VOID_PENDING, desired next NULL
0:01:05.860994836 18238 0x607000932940 LOG GST_BUFFER gstbuffer.c:212:_get_merged_memory: buffer 0x61200184abc0, idx 0, length 1
0:01:05.861006638 18238 0x60400000c890 DEBUG bin gstbin.c:912:find_message: no message found matching types 00100000
0:01:05.861022509 18238 0x60400000c890 DEBUG bin gstbin.c:919:find_message: async-start
0:01:05.861041265 18238 0x607000932940 LOG audio-resampler audio-resampler.c:1767:gst_audio_resampler_resample: in 320, avail 384, consumed 320
0:01:05.861036335 18238 0x60400000c890 DEBUG bin gstbin.c:2616:gst_bin_element_set_state: setting element videoscale17 to NULL, base_time 132:05:16.804978448
0:01:05.861066801 18238 0x60400000c890 DEBUG GST_STATES gstelement.c:2570:gst_element_set_state_func: set_state to NULL
0:01:05.861062260 18238 0x607000932940 LOG audioresample gstaudioresample.c:823:gst_audio_resample_process: Converted to buffer of 480 samples (960 bytes) with timestamp 0:00:44.698979167, duration 0:00:00.010000000, offset 2145551, offset_end 2146031
0:01:05.861081879 18238 0x60400000c890 DEBUG GST_STATES gstelement.c:2595:gst_element_set_state_func: setting target state to NULL
0:01:05.861089241 18238 0x607000932940 DEBUG audioresample gstaudioresample.c:904:gst_audio_resample_transform: input = samples [1430400, 1430720) = [44700000000, 44710000000) ns; output = samples [2145551, 2146031) = [44698979167, 44708979167) ns
0:01:05.861095936 18238 0x60400000c890 DEBUG GST_STATES gstelement.c:2608:gst_element_set_state_func: current READY, old_pending VOID_PENDING, next VOID_PENDING, old return SUCCESS
0:01:05.861117229 18238 0x60400000c890 DEBUG GST_STATES gstelement.c:2642:gst_element_set_state_func: final: setting state from READY to NULL
0:01:05.861121154 18238 0x607000932940 DEBUG GST_SCHEDULING gstpad.c:4200:gst_pad_chain_data_unchecked: calling chainfunction &gst_base_transform_chain with buffer buffer: 0x61200184abc0, pts 0:00:44.698979167, dts 99:99:99.999999999, dur 0:00:00.010000000, size 960, offset 2145551, offset_end 2146031, flags 0x0
0:01:05.861136911 18238 0x60400000c890 LOG GST_STATES gstelement.c:2897:gst_element_change_state_func: default handler tries setting state from READY to NULL (0011)
0:01:05.861153558 18238 0x607000932940 DEBUG audio audio.c:108:gst_audio_buffer_clip: timestamp
0:00:44.698979167
0:01:05.861160741 18238 0x60400000c890 DEBUG GST_ELEMENT_PADS gstelement.c:2840:gst_element_pads_activate: deactivate pads
0:01:05.861183806 18238 0x60400000c890 DEBUG GST_PADS gstpad.c:1074:gst_pad_set_active: pad was inactive
0:01:05.861175790 18238 0x607000932940 DEBUG basetransform gstbasetransform.c:2036:default_submit_input_buffer: handling buffer 0x61200184abc0 of size 960, PTS
0:00:44.698979167 and offset 2145551
0:01:05.861199540 18238 0x60400000c890 DEBUG GST_PADS gstpad.c:1074:gst_pad_set_active: pad was inactive
0:01:05.861202644 18238 0x607000932940 DEBUG basetransform gstbasetransform.c:2153:default_generate_output: calling prepare buffer
0:01:05.861216206 18238 0x607000932940 DEBUG basetransform gstbasetransform.c:1650:default_prepare_output_buffer: passthrough: reusing input buffer
0:01:05.861213373 18238 0x60400000c890 DEBUG GST_ELEMENT_PADS gstelement.c:2859:gst_element_pads_activate: pad deactivation successful
0:01:05.861236494 18238 0x60400000c890 DEBUG GST_STATES gstelement.c:2731:gst_element_change_state: element changed state SUCCESS
0:01:05.861232418 18238 0x607000932940 DEBUG basetransform gstbasetransform.c:2160:default_generate_output: using allocated buffer in 0x61200184abc0, out 0x61200184abc0
0:01:05.861248033 18238 0x60400000c890 INFO GST_STATES gstelement.c:2419:gst_element_continue_state: completed state change to NULL
0:01:05.861252664 18238 0x607000932940 DEBUG basetransform gstbasetransform.c:2171:default_generate_output: element is in passthrough
0:01:05.861267898 18238 0x60400000c890 INFO GST_STATES gstelement.c:2324:_priv_gst_element_state_changed: notifying about state-changed READY to NULL (VOID_PENDING pending)
0:01:05.861269447 18238 0x607000932940 DEBUG GST_SCHEDULING gstpad.c:4200:gst_pad_chain_data_unchecked: calling chainfunction &gst_audio_encoder_chain with buffer buffer: 0x61200184abc0, pts 0:00:44.698979167, dts 99:99:99.999999999, dur 0:00:00.010000000, size 960, offset 2145551, offset_end 2146031, flags 0x0
0:01:05.861292491 18238 0x60400000c890 LOG GST_MESSAGE gstmessage.c:300:gst_message_new_custom: source videoscale17: creating new message 0x60c00095b240 state-changed
0:01:05.861299711 18238 0x607000932940 LOG audioencoder gstaudioencoder.c:1244:gst_audio_encoder_chain: received buffer of size 960 with ts 0:00:44.698979167, duration
0:00:00.010000000
0:01:05.861325842 18238 0x607000932940 DEBUG audio audio.c:108:gst_audio_buffer_clip: timestamp
0:00:44.698979167
0:01:05.861313048 18238 0x60400000c890 DEBUG GST_BUS gstbus.c:317:gst_bus_post: [msg 0x60c00095b240] posting on bus state-changed message: 0x60c00095b240, time 99:99:99.999999999, seq-num 6139, element 'videoscale17', GstMessageStateChanged, old-state=(GstState)GST_STATE_READY, new-state=(GstState)GST_STATE_NULL, pending-state=(GstState)GST_STATE_VOID_PENDING;
0:01:05.861352838 18238 0x60400000c890 DEBUG bin gstbin.c:3734:gst_bin_handle_message_func: [msg 0x60c00095b240] handling child videoscale17 message of type state-changed
0:01:05.861349333 18238 0x607000932940 LOG audioencoder gstaudioencoder.c:1290:gst_audio_encoder_chain: buffer after segment clipping has size 960 with ts 0:00:44.698979167, duration
0:00:00.010000000
0:01:05.861372241 18238 0x60400000c890 DEBUG bin gstbin.c:4071:gst_bin_handle_message_func: posting message upward
0:01:05.861380377 18238 0x607000932940 LOG adapter gstadapter.c:394:gst_adapter_push: pushing 0x61200184abc0 960 bytes at end, size now 2852
0:01:05.861384138 18238 0x60400000c890 DEBUG GST_BUS gstbus.c:317:gst_bus_post: [msg 0x60c00095b240] posting on bus state-changed message: 0x60c00095b240, time 99:99:99.999999999, seq-num 6139, element 'videoscale17', GstMessageStateChanged, old-state=(GstState)GST_STATE_READY, new-state=(GstState)GST_STATE_NULL, pending-state=(GstState)GST_STATE_VOID_PENDING;
0:01:05.861404958 18238 0x607000932940 LOG audioencoder gstaudioencoder.c:1089:gst_audio_encoder_push_buffers: available: 2228, needed: 1920, force: 0
0:01:05.861431182 18238 0x607000932940 DEBUG GST_PERFORMANCE gstadapter.c:549:gst_adapter_map: copy remaining 2544 bytes from adapter
0:01:05.861429376 18238 0x60400000c890 DEBUG bin gstbin.c:3734:gst_bin_handle_message_func: [msg 0x60c00095b240] handling child videoscale17 message of type state-changed
0:01:05.861455289 18238 0x60400000c890 DEBUG bin gstbin.c:4071:gst_bin_handle_message_func: posting message upward
0:01:05.861448518 18238 0x607000932940 DEBUG adapter gstadapter.c:343:copy_into_unchecked: bsize 960, skip 28, csize 932
0:01:05.861469667 18238 0x60400000c890 DEBUG GST_BUS gstbus.c:317:gst_bus_post: [msg 0x60c00095b240] posting on bus state-changed message: 0x60c00095b240, time 99:99:99.999999999, seq-num 6139, element 'videoscale17', GstMessageStateChanged, old-state=(GstState)GST_STATE_READY, new-state=(GstState)GST_STATE_NULL, pending-state=(GstState)GST_STATE_VOID_PENDING;
0:01:05.861597943 18238 0x607000932940 LOG GST_PERFORMANCE gstadapter.c:345:copy_into_unchecked: extract 932 bytes
0:01:05.861606349 18238 0x60400000c890 DEBUG bin gstbin.c:3734:gst_bin_handle_message_func: [msg 0x60c00095b240] handling child videoscale17 message of type state-changed
0:01:05.861616386 18238 0x607000932940 LOG GST_BUFFER gstbuffer.c:1875:gst_buffer_extract: buffer 0x612003937b40, offset 28, size 932
0:01:05.861628907 18238 0x60400000c890 DEBUG bin gstbin.c:4071:gst_bin_handle_message_func: posting message upward
0:01:05.861641352 18238 0x607000932940 LOG GST_PERFORMANCE gstadapter.c:358:copy_into_unchecked: extract 960 bytes
0:01:05.861655009 18238 0x607000932940 LOG GST_BUFFER gstbuffer.c:1875:gst_buffer_extract: buffer 0x6120012b7ac0, offset 0, size 960
0:01:05.861642000 18238 0x60400000c890 DEBUG GST_BUS gstbus.c:317:gst_bus_post: [msg 0x60c00095b240] posting on bus state-changed message: 0x60c00095b240, time 99:99:99.999999999, seq-num 6139, element 'videoscale17', GstMessageStateChanged, old-state=(GstState)GST_STATE_READY, new-state=(GstState)GST_STATE_NULL, pending-state=(GstState)GST_STATE_VOID_PENDING;
0:01:05.861677439 18238 0x607000932940 LOG GST_PERFORMANCE gstadapter.c:358:copy_into_unchecked: extract 652 bytes
0:01:05.861683313 18238 0x60400000c890 DEBUG GST_BUS gstbus.c:356:gst_bus_post: [msg 0x60c00095b240] pushing on async queue
0:01:05.861689357 18238 0x607000932940 LOG GST_BUFFER gstbuffer.c:1875:gst_buffer_extract: buffer 0x61200184abc0, offset 0, size 652
0:01:05.861701430 18238 0x60400000c890 DEBUG GST_BUS gstbus.c:359:gst_bus_post: [msg 0x60c00095b240] pushed on async queue
0:01:05.861707732 18238 0x607000932940 LOG GST_BUFFER gstbuffer.c:798:gst_buffer_new: new 0x6120035a6340
0:01:05.861718112 18238 0x60400000c890 DEBUG GST_BUS gstbus.c:352:gst_bus_post: [msg 0x60c00095b240] dropped
0:01:05.861722424 18238 0x607000932940 DEBUG GST_MEMORY gstmemory.c:138:gst_memory_init: new memory 0x60d00015eb60, maxsize:2544 offset:624 size:1920
0:01:05.861756569 18238 0x60400000c890 DEBUG GST_BUS gstbus.c:352:gst_bus_post: [msg 0x60c00095b240] dropped
0:01:05.861770160 18238 0x607000932940 LOG GST_BUFFER gstbuffer.c:413:_memory_add: buffer 0x6120035a6340, idx -1, mem 0x60d00015eb60
0:01:05.861779973 18238 0x60400000c890 DEBUG GST_BUS gstbus.c:352:gst_bus_post: [msg 0x60c00095b240] dropped
0:01:05.861796330 18238 0x60400000c890 LOG GST_STATES gstelement.c:2747:gst_element_change_state: exit state change 1
0:01:05.861811360 18238 0x60400000c890 DEBUG GST_STATES gstelement.c:2654:gst_element_set_state_func: returned SUCCESS
0:01:05.861826915 18238 0x60400000c890 INFO GST_STATES gstbin.c:2969:gst_bin_change_state_func: child 'videoscale17' changed state to 1(NULL) successfully
0:01:05.861853020 18238 0x60400000c890 DEBUG bin gstbin.c:2376:gst_bin_sort_iterator_next: queue empty, elements exhausted
0:01:05.861869621 18238 0x60400000c890 DEBUG GST_STATES gstbin.c:3028:gst_bin_change_state_func: iterator done
0:01:05.861887892 18238 0x60400000c890 LOG GST_STATES gstelement.c:2897:gst_element_change_state_func: default handler tries setting state from READY to NULL (0011)
0:01:05.861913004 18238 0x60400000c890 DEBUG GST_ELEMENT_PADS gstelement.c:2840:gst_element_pads_activate: deactivate pads
0:01:05.861793014 18238 0x607000932940 LOG audioencoder gstaudioencoder.c:1131:gst_audio_encoder_push_buffers: providing subclass with 1920 bytes at offset 624
0:01:05.861940947 18238 0x60400000c890 DEBUG GST_PADS gstpad.c:1074:gst_pad_set_active: pad was inactive
0:01:05.861957353 18238 0x607000932940 DEBUG opusenc gstopusenc.c:1068:gst_opus_enc_handle_frame: handle_frame
0:01:05.861970886 18238 0x60400000c890 DEBUG GST_PADS gstpad.c:1074:gst_pad_set_active: pad was inactive
0:01:05.861971853 18238 0x607000932940 DEBUG opusenc gstopusenc.c:1070:gst_opus_enc_handle_frame: received buffer 0x6120035a6340 of 1920 bytes
0:01:05.861987844 18238 0x607000932940 LOG GST_BUFFER gstbuffer.c:1720:gst_buffer_map_range: buffer 0x6120035a6340, idx 0, length -1, flags 0001
0:01:05.861988198 18238 0x60400000c890 DEBUG GST_ELEMENT_PADS gstelement.c:2859:gst_element_pads_activate: pad deactivation successful
0:01:05.862008549 18238 0x607000932940 LOG GST_BUFFER gstbuffer.c:212:_get_merged_memory: buffer 0x6120035a6340, idx 0, length 1
0:01:05.862019721 18238 0x60400000c890 DEBUG bin gstbin.c:2418:gst_bin_sort_iterator_free: free
0:01:05.862026283 18238 0x607000932940 DEBUG audioencoder gstaudioencoder.c:2883:gst_audio_encoder_allocate_output_buffer: alloc src buffer
0:01:05.862041850 18238 0x60400000c890 DEBUG bin gstbin.c:3063:gst_bin_change_state_func: no async elements
0:01:05.862039418 18238 0x607000932940 DEBUG GST_MEMORY gstmemory.c:138:gst_memory_init: new memory 0x621000552900, maxsize:4007 offset:0 size:4000
0:01:05.862059414 18238 0x607000932940 LOG GST_BUFFER gstbuffer.c:798:gst_buffer_new: new 0x6120033730c0
0:01:05.862058749 18238 0x60400000c890 DEBUG GST_STATES gstbin.c:3097:gst_bin_change_state_func: done changing bin's state from READY to NULL, now in READY, ret SUCCESS
0:01:05.862070500 18238 0x607000932940 LOG GST_BUFFER gstbuffer.c:413:_memory_add: buffer 0x6120033730c0, idx -1, mem 0x621000552900
0:01:05.862090969 18238 0x60400000c890 DEBUG GST_STATES gstelement.c:2731:gst_element_change_state: element changed state SUCCESS
0:01:05.862091686 18238 0x607000932940 LOG GST_BUFFER gstbuffer.c:854:gst_buffer_new_allocate: new buffer 0x6120033730c0 of size 4000 from allocator (nil)
0:01:05.862111027 18238 0x607000932940 DEBUG opusenc gstopusenc.c:1010:gst_opus_enc_encode: encoding 960 samples (1920 bytes)
0:01:05.862107171 18238 0x60400000c890 INFO GST_STATES gstelement.c:2419:gst_element_continue_state: completed state change to NULL
0:01:05.862125659 18238 0x607000932940 LOG GST_BUFFER gstbuffer.c:1720:gst_buffer_map_range: buffer 0x6120033730c0, idx 0, length -1, flags 0002
0:01:05.862143325 18238 0x607000932940 LOG GST_BUFFER gstbuffer.c:212:_get_merged_memory: buffer 0x6120033730c0, idx 0, length 1
0:01:05.862133646 18238 0x60400000c890 INFO GST_STATES gstelement.c:2324:_priv_gst_element_state_changed: notifying about state-changed READY to NULL (VOID_PENDING pending)
0:01:05.862171366 18238 0x60400000c890 LOG GST_MESSAGE gstmessage.c:300:gst_message_new_custom: source send_2_98: creating new message 0x60c00036bec0 state-changed
0:01:05.862200574 18238 0x60400000c890 DEBUG GST_BUS gstbus.c:317:gst_bus_post: [msg 0x60c00036bec0] posting on bus state-changed message: 0x60c00036bec0, time 99:99:99.999999999, seq-num 6140, element 'send_2_98', GstMessageStateChanged, old-state=(GstState)GST_STATE_READY, new-state=(GstState)GST_STATE_NULL, pending-state=(GstState)GST_STATE_VOID_PENDING;
0:01:05.862255162 18238 0x60400000c890 DEBUG bin gstbin.c:3734:gst_bin_handle_message_func: [msg 0x60c00036bec0] handling child send_2_98 message of type state-changed
0:01:05.862282828 18238 0x60400000c890 DEBUG bin gstbin.c:4071:gst_bin_handle_message_func: posting message upward
0:01:05.862299864 18238 0x60400000c890 DEBUG GST_BUS gstbus.c:317:gst_bus_post: [msg 0x60c00036bec0] posting on bus state-changed message: 0x60c00036bec0, time 99:99:99.999999999, seq-num 6140, element 'send_2_98', GstMessageStateChanged, old-state=(GstState)GST_STATE_READY, new-state=(GstState)GST_STATE_NULL, pending-state=(GstState)GST_STATE_VOID_PENDING;
0:01:05.862347429 18238 0x60400000c890 DEBUG bin gstbin.c:3734:gst_bin_handle_message_func: [msg 0x60c00036bec0] handling child send_2_98 message of type state-changed
0:01:05.862358777 18238 0x607000932940 DEBUG opusenc gstopusenc.c:1041:gst_opus_enc_encode: Output packet is 160 bytes
0:01:05.862371438 18238 0x60400000c890 DEBUG bin gstbin.c:4071:gst_bin_handle_message_func: posting message upward
0:01:05.862374113 18238 0x607000932940 LOG GST_BUFFER gstbuffer.c:1581:gst_buffer_resize_range: trim 0x6120033730c0 0-160 size:4000 offs:0 max:4007
0:01:05.862399714 18238 0x607000932940 LOG audioencoder gstaudioencoder.c:782:gst_audio_encoder_finish_frame: accepting 160 bytes encoded data as 960 samples
0:01:05.862387977 18238 0x60400000c890 DEBUG GST_BUS gstbus.c:317:gst_bus_post: [msg 0x60c00036bec0] posting on bus state-changed message: 0x60c00036bec0, time 99:99:99.999999999, seq-num 6140, element 'send_2_98', GstMessageStateChanged, old-state=(GstState)GST_STATE_READY, new-state=(GstState)GST_STATE_NULL, pending-state=(GstState)GST_STATE_VOID_PENDING;
0:01:05.862418169 18238 0x607000932940 LOG audioencoder gstaudioencoder.c:820:gst_audio_encoder_finish_frame: 14 samples past prev_ts
0:00:44.678979167
0:01:05.862431983 18238 0x60400000c890 DEBUG GST_BUS gstbus.c:356:gst_bus_post: [msg 0x60c00036bec0] pushing on async queue
0:01:05.862440139 18238 0x607000932940 LOG audioencoder gstaudioencoder.c:822:gst_audio_encoder_finish_frame: 234254 samples past base_ts
0:00:39.798979167
0:01:05.862449613 18238 0x60400000c890 DEBUG GST_BUS gstbus.c:359:gst_bus_post: [msg 0x60c00036bec0] pushed on async queue
0:01:05.862461694 18238 0x607000932940 LOG audioencoder gstaudioencoder.c:835:gst_audio_encoder_finish_frame: ts diff 0 ms
0:01:05.862467868 18238 0x60400000c890 DEBUG GST_BUS gstbus.c:352:gst_bus_post: [msg 0x60c00036bec0] dropped
0:01:05.862476453 18238 0x607000932940 LOG audioencoder gstaudioencoder.c:850:gst_audio_encoder_finish_frame: new upstream ts only introduces jitter
0:01:05.862496427 18238 0x607000932940 LOG adapter gstadapter.c:823:gst_adapter_get_buffer_fast: getting buffer of 1920 bytes
0:01:05.862489611 18238 0x60400000c890 DEBUG GST_BUS gstbus.c:352:gst_bus_post: [msg 0x60c00036bec0] dropped
0:01:05.862522761 18238 0x60400000c890 LOG GST_STATES gstelement.c:2747:gst_element_change_state: exit state change 1
0:01:05.862546038 18238 0x60400000c890 LOG GST_STATES gstelement.c:2747:gst_element_change_state: exit state change 1
0:01:05.862564482 18238 0x60400000c890 LOG GST_STATES gstelement.c:2747:gst_element_change_state: exit state change 1
0:01:05.862595608 18238 0x60400000c890 DEBUG GST_STATES gstelement.c:2654:gst_element_set_state_func: returned SUCCESS
0:01:05.862612339 18238 0x60400000c890 DEBUG GST_PARENTAGE gstbin.c:1892:gst_bin_remove: removing element send_2_98 from bin fsrtpconference1
0:01:05.862637599 18238 0x60400000c890 DEBUG bin gstbin.c:1592:gst_bin_remove_func: element :send_2_98
0:01:05.862668235 18238 0x60400000c890 DEBUG bin gstbin.c:1789:gst_bin_remove_func: recalc state preroll: 0, other async: 0, this async 0
0:01:05.862694579 18238 0x60400000c890 DEBUG GST_PARENTAGE gstelement.c:3089:gst_element_set_bus_func: setting bus to (nil)
0:01:05.862712788 18238 0x60400000c890 DEBUG GST_CLOCK gstelement.c:427:gst_element_set_clock: setting clock (nil)
0:01:05.862692652 18238 0x607000932940 LOG adapter gstadapter.c:849:gst_adapter_get_buffer_fast: appending 932 bytes via region copy
0:01:05.862759076 18238 0x60400000c890 DEBUG GST_CLOCK gstelement.c:427:gst_element_set_clock: setting clock (nil)
0:01:05.862794655 18238 0x60400000c890 DEBUG GST_CLOCK gstelement.c:427:gst_element_set_clock: setting clock (nil)
0:01:05.862812284 18238 0x60400000c890 DEBUG GST_CLOCK gstelement.c:427:gst_element_set_clock: setting clock (nil)
0:01:05.862828652 18238 0x60400000c890 DEBUG GST_CLOCK gstelement.c:427:gst_element_set_clock: setting clock (nil)
0:01:05.862780096 18238 0x607000932940 LOG GST_BUFFER gstbuffer.c:798:gst_buffer_new: new 0x6120046eea40
0:01:05.862845137 18238 0x60400000c890 DEBUG GST_CLOCK gstelement.c:427:gst_element_set_clock: setting clock (nil)
0:01:05.862886371 18238 0x60400000c890 DEBUG bin gstbin.c:753:gst_bin_set_clock_func: iterator done
0:01:05.862906475 18238 0x60400000c890 INFO GST_ELEMENT_PADS gstpad.c:2071:gst_pad_unlink: unlinking valve_send_2:src(0x61600040e6b0) and send_2_98:sink(0x6160005e9ed0)
0:01:05.862950562 18238 0x60400000c890 LOG GST_MESSAGE gstmessage.c:300:gst_message_new_custom: source sink: creating new message 0x60c000966e80 structure-change
0:01:05.862979230 18238 0x60400000c890 DEBUG GST_BUS gstbus.c:317:gst_bus_post: [msg 0x60c000966e80] posting on bus structure-change message: 0x60c000966e80, time 99:99:99.999999999, seq-num 6141, element 'sink', GstMessageStructureChange, type=(GstStructureChangeType)GST_STRUCTURE_CHANGE_TYPE_PAD_UNLINK, owner=(GstElement)"\(GstValve\)\ valve_send_2", busy=(boolean)true;
0:01:05.862899852 18238 0x607000932940 LOG GST_BUFFER gstbuffer.c:2038:gst_buffer_copy_region: new region copy 0x6120046eea40 of 0x612003937b40 28-932
0:01:05.863054889 18238 0x60400000c890 DEBUG bin gstbin.c:3734:gst_bin_handle_message_func: [msg 0x60c000966e80] handling child sink message of type structure-change
0:01:05.863116578 18238 0x60400000c890 DEBUG bin gstbin.c:912:find_message: no message found matching types 00001000
0:01:05.863140785 18238 0x60400000c890 DEBUG bin gstbin.c:919:find_message: structure-change
0:01:05.863163853 18238 0x60400000c890 DEBUG bin gstbin.c:959:bin_replace_message: got new message 0x60c000966e80, structure-change from sink
0:01:05.863194602 18238 0x60400000c890 DEBUG GST_BUS gstbus.c:352:gst_bus_post: [msg 0x60c000966e80] dropped
0:01:05.863221073 18238 0x60400000c890 INFO GST_ELEMENT_PADS gstpad.c:2125:gst_pad_unlink: unlinked valve_send_2:src and send_2_98:sink
0:01:05.863258307 18238 0x60400000c890 LOG GST_MESSAGE gstmessage.c:300:gst_message_new_custom: source sink: creating new message 0x60c000826fc0 structure-change
0:01:05.863104532 18238 0x607000932940 LOG GST_BUFFER gstbuffer.c:514:gst_buffer_copy_into: copy 0x612003937b40 to 0x6120046eea40, offset 28-932/960
0:01:05.863285609 18238 0x60400000c890 DEBUG GST_BUS gstbus.c:317:gst_bus_post: [msg 0x60c000826fc0] posting on bus structure-change message: 0x60c000826fc0, time 99:99:99.999999999, seq-num 6142, element 'sink', GstMessageStructureChange, type=(GstStructureChangeType)GST_STRUCTURE_CHANGE_TYPE_PAD_UNLINK, owner=(GstElement)"\(GstValve\)\ valve_send_2", busy=(boolean)false;
0:01:05.863351630 18238 0x60400000c890 DEBUG bin gstbin.c:3734:gst_bin_handle_message_func: [msg 0x60c000826fc0] handling child sink message of type structure-change
0:01:05.863381108 18238 0x60400000c890 LOG bin gstbin.c:890:message_check: looking at message 0x60c000966e80: 1
0:01:05.863405983 18238 0x60400000c890 DEBUG bin gstbin.c:988:bin_remove_messages: deleting message 0x60c000966e80 of type structure-change (types 0x00001000)
0:01:05.863436667 18238 0x60400000c890 LOG GST_MESSAGE gstmessage.c:207:_gst_message_free: finalize message 0x60c000966e80, structure-change from sink
0:01:05.863360948 18238 0x607000932940 DEBUG GST_MEMORY gstmemory.c:138:gst_memory_init: new memory 0x60d0000744e0, maxsize:967 offset:28 size:932
0:01:05.863464771 18238 0x60400000c890 LOG GST_MESSAGE gstmessage.c:207:_gst_message_free: finalize message 0x60c000826fc0, structure-change from sink
0:01:05.863511155 18238 0x60400000c890 DEBUG GST_BUS gstbus.c:352:gst_bus_post: [msg 0x60c000826fc0] dropped
0:01:05.863537297 18238 0x60400000c890 INFO GST_PARENTAGE gstbin.c:1822:gst_bin_remove_func: removed child "send_2_98"
0:01:05.863490326 18238 0x607000932940 LOG GST_BUFFER gstbuffer.c:413:_memory_add: buffer 0x6120046eea40, idx -1, mem 0x60d0000744e0
0:01:05.863620915 18238 0x60400000c890 LOG bin gstbin.c:1508:gst_bin_deep_element_removed_func: emitting deep-element-removed for element which has just been removed from
0:01:05.863604203 18238 0x607000932940 LOG adapter gstadapter.c:849:gst_adapter_get_buffer_fast: appending 960 bytes via region copy
0:01:05.863653557 18238 0x60400000c890 LOG bin gstbin.c:1502:gst_bin_deep_element_removed_func: no parent, reached top-level
0:01:05.863672885 18238 0x60400000c890 LOG bin gstbin.c:1138:gst_bin_do_deep_add_remove: Recursing into bin for deep-element-removed
0:01:05.863717715 18238 0x60400000c890 LOG bin gstbin.c:1156:gst_bin_do_deep_add_remove: calling deep-element-removed for element in bin
0:01:05.863679881 18238 0x607000932940 LOG GST_BUFFER gstbuffer.c:514:gst_buffer_copy_into: copy 0x6120012b7ac0 to 0x6120046eea40, offset 0-960/960
0:01:05.863782909 18238 0x60400000c890 LOG bin gstbin.c:1508:gst_bin_deep_element_removed_func: emitting deep-element-removed for element which has just been removed from
0:01:05.863812295 18238 0x60400000c890 LOG bin gstbin.c:1502:gst_bin_deep_element_removed_func: no parent, reached top-level
0:01:05.863828573 18238 0x60400000c890 LOG bin gstbin.c:1156:gst_bin_do_deep_add_remove: calling deep-element-removed for element in bin
0:01:05.863782823 18238 0x607000932940 LOG GST_BUFFER gstbuffer.c:413:_memory_add: buffer 0x6120046eea40, idx -1, mem 0x61900102ca80
0:01:05.863860872 18238 0x60400000c890 LOG bin gstbin.c:1508:gst_bin_deep_element_removed_func: emitting deep-element-removed for element which has just been removed from
0:01:05.863885432 18238 0x607000932940 LOG adapter gstadapter.c:849:gst_adapter_get_buffer_fast: appending 28 bytes via region copy
0:01:05.863894636 18238 0x60400000c890 LOG bin gstbin.c:1502:gst_bin_deep_element_removed_func: no parent, reached top-level
0:01:05.863900616 18238 0x607000932940 LOG GST_BUFFER gstbuffer.c:514:gst_buffer_copy_into: copy 0x61200184abc0 to 0x6120046eea40, offset 0-28/960
0:01:05.863910540 18238 0x60400000c890 LOG bin gstbin.c:1156:gst_bin_do_deep_add_remove: calling deep-element-removed for element in bin
0:01:05.863923971 18238 0x607000932940 DEBUG GST_MEMORY gstmemory.c:138:gst_memory_init: new memory 0x60d00015ea90, maxsize:967 offset:0 size:28
0:01:05.863939482 18238 0x60400000c890 LOG bin gstbin.c:1508:gst_bin_deep_element_removed_func: emitting deep-element-removed for element which has just been removed from
0:01:05.863943477 18238 0x607000932940 LOG GST_BUFFER gstbuffer.c:413:_memory_add: buffer 0x6120046eea40, idx -1, mem 0x60d00015ea90
0:01:05.863967310 18238 0x60400000c890 LOG bin gstbin.c:1502:gst_bin_deep_element_removed_func: no parent, reached top-level
0:01:05.863984177 18238 0x60400000c890 LOG bin gstbin.c:1156:gst_bin_do_deep_add_remove: calling deep-element-removed for element in bin
0:01:05.864014013 18238 0x607000932940 LOG adapter gstadapter.c:633:gst_adapter_flush_unchecked: flushing 1920 bytes
0:01:05.864017410 18238 0x60400000c890 LOG bin gstbin.c:1508:gst_bin_deep_element_removed_func: emitting deep-element-removed for element which has just been removed from
0:01:05.864032586 18238 0x607000932940 LOG adapter gstadapter.c:655:gst_adapter_flush_unchecked: flushing out head buffer
0:01:05.864042145 18238 0x60400000c890 LOG bin gstbin.c:1502:gst_bin_deep_element_removed_func: no parent, reached top-level
0:01:05.864042986 18238 0x607000932940 LOG GST_BUFFER gstbuffer.c:724:_gst_buffer_free: finalize 0x612003937b40
0:01:05.864056129 18238 0x60400000c890 LOG bin gstbin.c:1156:gst_bin_do_deep_add_remove: calling deep-element-removed for element in bin
0:01:05.864059986 18238 0x607000932940 LOG adapter gstadapter.c:289:update_timestamps_and_offset: new pts
0:00:44.688979167
0:01:05.864085489 18238 0x607000932940 LOG adapter gstadapter.c:301:update_timestamps_and_offset: new offset 2145071
0:01:05.864085442 18238 0x60400000c890 LOG bin gstbin.c:1508:gst_bin_deep_element_removed_func: emitting deep-element-removed for element which has just been removed from
0:01:05.864111656 18238 0x60400000c890 LOG bin gstbin.c:1502:gst_bin_deep_element_removed_func: no parent, reached top-level
0:01:05.864127805 18238 0x60400000c890 DEBUG GST_STATES gstelement.c:2013:gst_element_set_locked_state: locking state of element valve_send_2
0:01:05.864145608 18238 0x607000932940 LOG adapter gstadapter.c:655:gst_adapter_flush_unchecked: flushing out head buffer
0:01:05.864149148 18238 0x60400000c890 DEBUG GST_STATES gstelement.c:2570:gst_element_set_state_func: set_state to NULL
0:01:05.864156076 18238 0x607000932940 LOG GST_BUFFER gstbuffer.c:724:_gst_buffer_free: finalize 0x6120012b7ac0
0:01:05.864174796 18238 0x60400000c890 DEBUG GST_STATES gstelement.c:2595:gst_element_set_state_func: setting target state to NULL
0:01:05.864176984 18238 0x607000932940 LOG adapter gstadapter.c:289:update_timestamps_and_offset: new pts
0:00:44.698979167
0:01:05.864196677 18238 0x607000932940 LOG adapter gstadapter.c:301:update_timestamps_and_offset: new offset 2145551
0:01:05.864193209 18238 0x60400000c890 DEBUG GST_STATES gstelement.c:2608:gst_element_set_state_func: current PLAYING, old_pending VOID_PENDING, next VOID_PENDING, old return SUCCESS
0:01:05.864212620 18238 0x607000932940 LOG audioencoder gstaudioencoder.c:936:gst_audio_encoder_finish_frame: taking 160 bytes for output
0:01:05.864221786 18238 0x60400000c890 DEBUG GST_STATES gstelement.c:2642:gst_element_set_state_func: intermediate: setting state from PLAYING to PAUSED
0:01:05.864229803 18238 0x607000932940 DEBUG audioencoder gstaudioencoder.c:948:gst_audio_encoder_finish_frame: out samples 960
0:01:05.864245819 18238 0x60400000c890 LOG GST_STATES gstelement.c:2897:gst_element_change_state_func: default handler tries setting state from PLAYING to PAUSED (0023)
0:01:05.864248385 18238 0x607000932940 LOG audioencoder gstaudioencoder.c:1016:gst_audio_encoder_finish_frame: pushing buffer of size 160 with ts 0:00:44.679270833, duration
0:00:00.020000000
0:01:05.864274069 18238 0x60400000c890 DEBUG GST_STATES gstelement.c:2731:gst_element_change_state: element changed state SUCCESS
0:01:05.864281821 18238 0x607000932940 DEBUG GST_SCHEDULING gstpad.c:4200:gst_pad_chain_data_unchecked: calling chainfunction &0x7f95fe031ee0 with buffer buffer: 0x6120033730c0, pts 0:00:44.679270833, dts 0:00:44.679270833, dur 0:00:00.020000000, size 160, offset 183200, offset_end 183360, flags 0x0
0:01:05.864288593 18238 0x60400000c890 INFO GST_STATES gstelement.c:2394:gst_element_continue_state: committing state from PLAYING to PAUSED, pending NULL, next READY
0:01:05.864310622 18238 0x607000932940 LOG GST_BUFFER gstbuffer.c:798:gst_buffer_new: new 0x612004935c40
0:01:05.864322699 18238 0x607000932940 DEBUG GST_BUFFER gstbuffer.c:1265:gst_buffer_remove_memory_range: idx 0, length -1
0:01:05.864320526 18238 0x60400000c890 INFO GST_STATES gstelement.c:2324:_priv_gst_element_state_changed: notifying about state-changed PLAYING to PAUSED (NULL pending)
0:01:05.864335490 18238 0x607000932940 LOG GST_BUFFER gstbuffer.c:283:_replace_memory: buffer 0x612004935c40 replace 0-0 with memory (nil)
0:01:05.864356538 18238 0x607000932940 DEBUG GST_MEMORY gstmemory.c:138:gst_memory_init: new memory 0x60f000359c50, maxsize:19 offset:0 size:12
0:01:05.864353283 18238 0x60400000c890 LOG GST_MESSAGE gstmessage.c:300:gst_message_new_custom: source valve_send_2: creating new message 0x60c000827e00 state-changed
0:01:05.864446723 18238 0x607000932940 LOG GST_BUFFER gstbuffer.c:413:_memory_add: buffer 0x612004935c40, idx -1, mem 0x60f000359c50
0:01:05.864469945 18238 0x607000932940 LOG GST_BUFFER gstbuffer.c:1581:gst_buffer_resize_range: trim 0x6120033730c0 0--1 size:160 offs:0 max:4007
0:01:05.864493553 18238 0x607000932940 LOG GST_BUFFER gstbuffer.c:413:_memory_add: buffer 0x612004935c40, idx -1, mem 0x621000552900
0:01:05.864458079 18238 0x60400000c890 DEBUG GST_BUS gstbus.c:317:gst_bus_post: [msg 0x60c000827e00] posting on bus state-changed message: 0x60c000827e00, time 99:99:99.999999999, seq-num 6143, element 'valve_send_2', GstMessageStateChanged, old-state=(GstState)GST_STATE_PLAYING, new-state=(GstState)GST_STATE_PAUSED, pending-state=(GstState)GST_STATE_NULL;
0:01:05.864509110 18238 0x607000932940 LOG GST_BUFFER gstbuffer.c:724:_gst_buffer_free: finalize 0x6120033730c0
0:01:05.864525366 18238 0x60400000c890 DEBUG bin gstbin.c:3734:gst_bin_handle_message_func: [msg 0x60c000827e00] handling child valve_send_2 message of type state-changed
0:01:05.864553624 18238 0x60400000c890 DEBUG bin gstbin.c:4071:gst_bin_handle_message_func: posting message upward
0:01:05.864526888 18238 0x607000932940 LOG rtpbasepayload gstrtpbasepayload.c:1223:gst_rtp_base_payload_prepare_push: Using running_time
0:00:44.679270833 for RTP timestamp
0:01:05.864593716 18238 0x607000932940 LOG rtpbasepayload gstrtpbasepayload.c:1236:gst_rtp_base_payload_prepare_push: setting running-time to 2144604
0:01:05.864607677 18238 0x607000932940 LOG GST_BUFFER gstbuffer.c:1720:gst_buffer_map_range: buffer 0x612004935c40, idx 0, length 1, flags 0002
0:01:05.864575712 18238 0x60400000c890 DEBUG GST_BUS gstbus.c:317:gst_bus_post: [msg 0x60c000827e00] posting on bus state-changed message: 0x60c000827e00, time 99:99:99.999999999, seq-num 6143, element 'valve_send_2', GstMessageStateChanged, old-state=(GstState)GST_STATE_PLAYING, new-state=(GstState)GST_STATE_PAUSED, pending-state=(GstState)GST_STATE_NULL;
0:01:05.864628477 18238 0x607000932940 LOG GST_BUFFER gstbuffer.c:212:_get_merged_memory: buffer 0x612004935c40, idx 0, length 1
0:01:05.864634061 18238 0x60400000c890 DEBUG bin gstbin.c:3734:gst_bin_handle_message_func: [msg 0x60c000827e00] handling child valve_send_2 message of type state-changed
0:01:05.864651396 18238 0x607000932940 LOG rtpbasepayload gstrtpbasepayload.c:1265:gst_rtp_base_payload_prepare_push: Preparing to push packet with size 172, seq=12372, rtptime=3499028891, pts
0:00:44.679270833
0:01:05.864664783 18238 0x60400000c890 DEBUG bin gstbin.c:4071:gst_bin_handle_message_func: posting message upward
0:01:05.864679815 18238 0x60400000c890 DEBUG GST_BUS gstbus.c:317:gst_bus_post: [msg 0x60c000827e00] posting on bus state-changed message: 0x60c000827e00, time 99:99:99.999999999, seq-num 6143, element 'valve_send_2', GstMessageStateChanged, old-state=(GstState)GST_STATE_PLAYING, new-state=(GstState)GST_STATE_PAUSED, pending-state=(GstState)GST_STATE_NULL;
0:01:05.864729766 18238 0x60400000c890 DEBUG GST_BUS gstbus.c:356:gst_bus_post: [msg 0x60c000827e00] pushing on async queue
0:01:05.864722243 18238 0x607000932940 DEBUG GST_SCHEDULING gstpad.c:4200:gst_pad_chain_data_unchecked: calling chainfunction &gst_proxy_pad_chain_default with buffer buffer: 0x612004935c40, pts 0:00:44.679270833, dts 0:00:44.679270833, dur 0:00:00.020000000, size 172, offset none, offset_end none, flags 0x4000
0:01:05.864783384 18238 0x60400000c890 DEBUG GST_BUS gstbus.c:359:gst_bus_post: [msg 0x60c000827e00] pushed on async queue
0:01:05.864789955 18238 0x607000932940 DEBUG GST_SCHEDULING gstpad.c:4200:gst_pad_chain_data_unchecked: calling chainfunction &gst_base_transform_chain with buffer buffer: 0x612004935c40, pts 0:00:44.679270833, dts 0:00:44.679270833, dur 0:00:00.020000000, size 172, offset none, offset_end none, flags 0x4000
0:01:05.864804787 18238 0x60400000c890 DEBUG GST_BUS gstbus.c:352:gst_bus_post: [msg 0x60c000827e00] dropped
0:01:05.864827792 18238 0x60400000c890 DEBUG GST_BUS gstbus.c:352:gst_bus_post: [msg 0x60c000827e00] dropped
0:01:05.864851437 18238 0x60400000c890 INFO GST_STATES gstelement.c:2401:gst_element_continue_state: continue state change PAUSED to READY, final NULL
0:01:05.864819164 18238 0x607000932940 DEBUG basetransform gstbasetransform.c:2041:default_submit_input_buffer: handling buffer 0x612004935c40 of size 172, PTS
0:00:44.679270833 and offset NONE
0:01:05.864901538 18238 0x607000932940 DEBUG basetransform gstbasetransform.c:2153:default_generate_output: calling prepare buffer
0:01:05.864895256 18238 0x60400000c890 LOG GST_STATES gstelement.c:2897:gst_element_change_state_func: default handler tries setting state from PAUSED to READY (001a)
0:01:05.864914783 18238 0x607000932940 DEBUG basetransform gstbasetransform.c:2160:default_generate_output: using allocated buffer in 0x612004935c40, out 0x612004935c40
0:01:05.864921575 18238 0x60400000c890 DEBUG GST_ELEMENT_PADS gstelement.c:2840:gst_element_pads_activate: deactivate pads
0:01:05.864932681 18238 0x607000932940 DEBUG basetransform gstbasetransform.c:2177:default_generate_output: doing inplace transform
0:01:05.864946968 18238 0x60400000c890 DEBUG GST_PADS gstpad.c:1078:gst_pad_set_active: deactivating pad from push mode
0:01:05.864948633 18238 0x607000932940 DEBUG GST_SCHEDULING gstpad.c:4200:gst_pad_chain_data_unchecked: calling chainfunction &gst_rtp_mux_chain with buffer buffer: 0x612004935c40, pts 0:00:44.679270833, dts 0:00:44.679270833, dur 0:00:00.020000000, size 172, offset none, offset_end none, flags 0x4000
0:01:05.864973082 18238 0x60400000c890 DEBUG GST_PADS gstpad.c:967:pre_activate: setting PAD_MODE NONE, set flushing
0:01:05.865021886 18238 0x60400000c890 DEBUG GST_PADS gstpad.c:1015:post_activate: stopped streaming
0:01:05.865015689 18238 0x607000932940 LOG GST_BUFFER gstbuffer.c:1720:gst_buffer_map_range: buffer 0x612004935c40, idx 0, length 1, flags 0003
0:01:05.865044483 18238 0x60400000c890 DEBUG GST_PADS gstpad.c:453:remove_events: notify caps
0:01:05.865043761 18238 0x607000932940 LOG GST_BUFFER gstbuffer.c:212:_get_merged_memory: buffer 0x612004935c40, idx 0, length 1
0:01:05.865065423 18238 0x607000932940 LOG rtpmux gstrtpmux.c:355:gst_rtp_mux_readjust_rtp_timestamp_locked: Re-adjusting RTP ts 3499028891 to 2570387173
0:01:05.865063994 18238 0x60400000c890 LOG GST_PROPERTIES gstobject.c:456:gst_object_dispatch_properties_changed: deep notification from src (caps)
0:01:05.865083242 18238 0x607000932940 LOG rtpmux gstrtpmux.c:377:process_buffer_locked: Pushing packet size 12, seq=10593, ts=2570387173
0:01:05.865093882 18238 0x60400000c890 LOG GST_PROPERTIES gstobject.c:456:gst_object_dispatch_properties_changed: deep notification from src (caps)
0:01:05.865115328 18238 0x60400000c890 LOG GST_PROPERTIES gstobject.c:456:gst_object_dispatch_properties_changed: deep notification from src (caps)
0:01:05.865139393 18238 0x60400000c890 DEBUG GST_PADS gstpad.c:1188:activate_mode_internal: deactivated in push mode
0:01:05.865148583 18238 0x607000932940 DEBUG GST_SCHEDULING gstpad.c:4200:gst_pad_chain_data_unchecked: calling chainfunction &gst_proxy_pad_chain_default with buffer buffer: 0x612004935c40, pts 0:00:44.679270833, dts 0:00:44.679270833, dur 0:00:00.020000000, size 172, offset none, offset_end none, flags 0x4000
0:01:05.865174461 18238 0x60400000c890 DEBUG GST_PADS gstpad.c:1078:gst_pad_set_active: deactivating pad from push mode
0:01:05.865178449 18238 0x607000932940 DEBUG GST_SCHEDULING gstpad.c:4200:gst_pad_chain_data_unchecked: calling chainfunction &0x7f95fddef870 with buffer buffer: 0x612004935c40, pts 0:00:44.679270833, dts 0:00:44.679270833, dur 0:00:00.020000000, size 172, offset none, offset_end none, flags 0x4000
0:01:05.865199064 18238 0x60400000c890 DEBUG GST_PADS gstpad.c:967:pre_activate: setting PAD_MODE NONE, set flushing
0:01:05.865205873 18238 0x607000932940 LOG rtpsession gstrtpsession.c:2273:gst_rtp_session_chain_send_rtp_common: received RTP packet
0:01:05.865217345 18238 0x60400000c890 DEBUG GST_PADS gstpad.c:1015:post_activate: stopped streaming
0:01:05.865221728 18238 0x607000932940 DEBUG GST_CLOCK gstclock.c:1045:gst_clock_get_internal_time: internal time 132:06:01.510487284
0:01:05.865238028 18238 0x60400000c890 DEBUG GST_PADS gstpad.c:453:remove_events: notify caps
0:01:05.865243226 18238 0x607000932940 DEBUG GST_CLOCK gstclock.c:1090:gst_clock_get_time: adjusted time 132:06:01.510487284
0:01:05.865263107 18238 0x607000932940 LOG rtpsession rtpsession.c:2981:rtp_session_send_rtp: received RTP packet for sending
0:01:05.865256505 18238 0x60400000c890 LOG GST_PROPERTIES gstobject.c:456:gst_object_dispatch_properties_changed: deep notification from sink (caps)
0:01:05.865291449 18238 0x60400000c890 LOG GST_PROPERTIES gstobject.c:456:gst_object_dispatch_properties_changed: deep notification from sink (caps)
0:01:05.865314063 18238 0x60400000c890 LOG GST_PROPERTIES gstobject.c:456:gst_object_dispatch_properties_changed: deep notification from sink (caps)
0:01:05.865278596 18238 0x607000932940 LOG GST_BUFFER gstbuffer.c:1720:gst_buffer_map_range: buffer 0x612004935c40, idx 0, length 1, flags 0001
0:01:05.865338345 18238 0x60400000c890 DEBUG GST_PADS gstpad.c:1188:activate_mode_internal: deactivated in push mode
0:01:05.865344770 18238 0x607000932940 LOG GST_BUFFER gstbuffer.c:212:_get_merged_memory: buffer 0x612004935c40, idx 0, length 1
0:01:05.865368444 18238 0x607000932940 LOG rtpsource rtpsource.c:1158:update_receiver_stats: seq 10593, PC: 1146, OC: 183360
0:01:05.865371200 18238 0x60400000c890 DEBUG GST_ELEMENT_PADS gstelement.c:2859:gst_element_pads_activate: pad deactivation successful
0:01:05.865393178 18238 0x60700166d3d0 LOG nicesrc gstnicesrc.c:199:gst_nice_src_read_callback: Got buffer, getting out of the main loop
0:01:05.865387429 18238 0x607000932940 LOG rtpsource rtpsource.c:1289:rtp_source_send_rtp: SSRC a9eb0eb9, RTP 2570387173, running_time
0:00:44.679270833
0:01:05.865397094 18238 0x60400000c890 DEBUG GST_STATES gstelement.c:2731:gst_element_change_state: element changed state SUCCESS
0:01:05.865407667 18238 0x607000932940 LOG rtpsource rtpsource.c:1299:rtp_source_send_rtp: SSRC a9eb0eb9, diff RTP 960, diff running_time
0:00:00.020000000
