0:01:05.827876200 18238 0x60400000c890 DEBUG GST_BUS gstbus.c:352:gst_bus_post: [msg 0x60c000844540] dropped
0:01:05.827897025 18238 0x60400000c890 LOG GST_STATES gstelement.c:2747:gst_element_change_state: exit state change 1
0:01:05.827913140 18238 0x60400000c890 LOG GST_STATES gstelement.c:2747:gst_element_change_state: exit state change 1
0:01:05.827926672 18238 0x60400000c890 LOG GST_STATES gstelement.c:2747:gst_element_change_state: exit state change 1
0:01:05.827952077 18238 0x60400000c890 DEBUG GST_STATES gstelement.c:2654:gst_element_set_state_func: returned SUCCESS
0:01:05.827964619 18238 0x60400000c890 DEBUG GST_PARENTAGE gstbin.c:1892:gst_bin_remove: removing element send_rtp_muxer_2 from bin fsrtpconference1
0:01:05.827990286 18238 0x60400000c890 DEBUG bin gstbin.c:1592:gst_bin_remove_func: element :send_rtp_muxer_2
0:01:05.828012556 18238 0x60400000c890 DEBUG bin gstbin.c:1789:gst_bin_remove_func: recalc state preroll: 0, other async: 0, this async 0
0:01:05.828030998 18238 0x60400000c890 DEBUG GST_PARENTAGE gstelement.c:3089:gst_element_set_bus_func: setting bus to (nil)
0:01:05.828043725 18238 0x60400000c890 DEBUG GST_CLOCK gstelement.c:427:gst_element_set_clock: setting clock (nil)
0:01:05.828057695 18238 0x60400000c890 INFO GST_ELEMENT_PADS gstpad.c:2071:gst_pad_unlink: unlinking send_rtp_muxer_2:src(0x616001e2d3b0) and rtpbin1:send_rtp_sink_2(0x6160004173d0)
0:01:05.828081201 18238 0x60400000c890 LOG GST_MESSAGE gstmessage.c:300:gst_message_new_custom: source send_rtp_sink_2: creating new message 0x60c00084ec80 structure-change
0:01:05.828097181 18238 0x60400000c890 DEBUG GST_MESSAGE gstelement.c:1744:gst_element_post_message_default: not posting message 0x60c00084ec80: no bus
0:01:05.828110147 18238 0x60400000c890 LOG GST_MESSAGE gstmessage.c:207:_gst_message_free: finalize message 0x60c00084ec80, structure-change from send_rtp_sink_2
0:01:05.828135877 18238 0x60400000c890 INFO GST_ELEMENT_PADS gstpad.c:2125:gst_pad_unlink: unlinked send_rtp_muxer_2:src and rtpbin1:send_rtp_sink_2
0:01:05.828158829 18238 0x60400000c890 LOG GST_MESSAGE gstmessage.c:300:gst_message_new_custom: source send_rtp_sink_2: creating new message 0x60c00084f580 structure-change
0:01:05.828174883 18238 0x60400000c890 DEBUG GST_MESSAGE gstelement.c:1744:gst_element_post_message_default: not posting message 0x60c00084f580: no bus
0:01:05.828187160 18238 0x60400000c890 LOG GST_MESSAGE gstmessage.c:207:_gst_message_free: finalize message 0x60c00084f580, structure-change from send_rtp_sink_2
0:01:05.828208263 18238 0x60400000c890 INFO GST_PARENTAGE gstbin.c:1822:gst_bin_remove_func: removed child "send_rtp_muxer_2"
0:01:05.828233988 18238 0x60400000c890 LOG bin gstbin.c:1508:gst_bin_deep_element_removed_func: emitting deep-element-removed for element which has just been removed from
0:01:05.828251088 18238 0x60400000c890 LOG bin gstbin.c:1502:gst_bin_deep_element_removed_func: no parent, reached top-level
0:01:05.828259104 18238 0x60400000c890 DEBUG GST_STATES gstelement.c:2013:gst_element_set_locked_state: locking state of element send_rtp_capsfilter_2
0:01:05.828271596 18238 0x60400000c890 DEBUG GST_STATES gstelement.c:2570:gst_element_set_state_func: set_state to NULL
0:01:05.828284809 18238 0x60400000c890 DEBUG GST_STATES gstelement.c:2595:gst_element_set_state_func: setting target state to NULL
0:01:05.828295178 18238 0x60400000c890 DEBUG GST_STATES gstelement.c:2608:gst_element_set_state_func: current PLAYING, old_pending VOID_PENDING, next VOID_PENDING, old return SUCCESS
0:01:05.828313667 18238 0x60400000c890 DEBUG GST_STATES gstelement.c:2642:gst_element_set_state_func: intermediate: setting state from PLAYING to PAUSED
0:01:05.828338476 18238 0x60400000c890 LOG GST_STATES gstelement.c:2897:gst_element_change_state_func: default handler tries setting state from PLAYING to PAUSED (0023)
0:01:05.828354532 18238 0x60400000c890 DEBUG GST_STATES gstelement.c:2731:gst_element_change_state: element changed state SUCCESS
0:01:05.828363287 18238 0x60400000c890 INFO GST_STATES gstelement.c:2394:gst_element_continue_state: committing state from PLAYING to PAUSED, pending NULL, next READY
0:01:05.828379976 18238 0x60400000c890 INFO GST_STATES gstelement.c:2324:_priv_gst_element_state_changed: notifying about state-changed PLAYING to PAUSED (NULL pending)
0:01:05.828399432 18238 0x60400000c890 LOG GST_MESSAGE gstmessage.c:300:gst_message_new_custom: source send_rtp_capsfilter_2: creating new message 0x60c00063acc0 state-changed
0:01:05.828415320 18238 0x60400000c890 DEBUG GST_BUS gstbus.c:317:gst_bus_post: [msg 0x60c00063acc0] posting on bus state-changed message: 0x60c00063acc0, time 99:99:99.999999999, seq-num 6118, element 'send_rtp_capsfilter_2', GstMessageStateChanged, old-state=(GstState)GST_STATE_PLAYING, new-state=(GstState)GST_STATE_PAUSED, pending-state=(GstState)GST_STATE_NULL;
0:01:05.828450936 18238 0x60400000c890 DEBUG bin gstbin.c:3734:gst_bin_handle_message_func: [msg 0x60c00063acc0] handling child send_rtp_capsfilter_2 message of type state-changed
0:01:05.828466988 18238 0x60400000c890 DEBUG bin gstbin.c:4071:gst_bin_handle_message_func: posting message upward
0:01:05.828478510 18238 0x60400000c890 DEBUG GST_BUS gstbus.c:317:gst_bus_post: [msg 0x60c00063acc0] posting on bus state-changed message: 0x60c00063acc0, time 99:99:99.999999999, seq-num 6118, element 'send_rtp_capsfilter_2', GstMessageStateChanged, old-state=(GstState)GST_STATE_PLAYING, new-state=(GstState)GST_STATE_PAUSED, pending-state=(GstState)GST_STATE_NULL;
0:01:05.828510100 18238 0x60400000c890 DEBUG bin gstbin.c:3734:gst_bin_handle_message_func: [msg 0x60c00063acc0] handling child send_rtp_capsfilter_2 message of type state-changed
0:01:05.828527102 18238 0x60400000c890 DEBUG bin gstbin.c:4071:gst_bin_handle_message_func: posting message upward
0:01:05.828536684 18238 0x60400000c890 DEBUG GST_BUS gstbus.c:317:gst_bus_post: [msg 0x60c00063acc0] posting on bus state-changed message: 0x60c00063acc0, time 99:99:99.999999999, seq-num 6118, element 'send_rtp_capsfilter_2', GstMessageStateChanged, old-state=(GstState)GST_STATE_PLAYING, new-state=(GstState)GST_STATE_PAUSED, pending-state=(GstState)GST_STATE_NULL;
0:01:05.828562262 18238 0x60400000c890 DEBUG GST_BUS gstbus.c:356:gst_bus_post: [msg 0x60c00063acc0] pushing on async queue
0:01:05.828575907 18238 0x60400000c890 DEBUG GST_BUS gstbus.c:359:gst_bus_post: [msg 0x60c00063acc0] pushed on async queue
0:01:05.828587384 18238 0x60400000c890 DEBUG GST_BUS gstbus.c:352:gst_bus_post: [msg 0x60c00063acc0] dropped
0:01:05.828604807 18238 0x60400000c890 DEBUG GST_BUS gstbus.c:352:gst_bus_post: [msg 0x60c00063acc0] dropped
0:01:05.828618338 18238 0x60400000c890 INFO GST_STATES gstelement.c:2401:gst_element_continue_state: continue state change PAUSED to READY, final NULL
0:01:05.828636155 18238 0x60400000c890 LOG GST_STATES gstelement.c:2897:gst_element_change_state_func: default handler tries setting state from PAUSED to READY (001a)
0:01:05.828655239 18238 0x60400000c890 DEBUG GST_ELEMENT_PADS gstelement.c:2840:gst_element_pads_activate: deactivate pads
0:01:05.828683166 18238 0x60400000c890 DEBUG GST_PADS gstpad.c:1078:gst_pad_set_active: deactivating pad from push mode
0:01:05.828699803 18238 0x60400000c890 DEBUG GST_PADS gstpad.c:967:pre_activate: setting PAD_MODE NONE, set flushing
0:01:05.828711015 18238 0x60400000c890 DEBUG GST_PADS gstpad.c:1015:post_activate: stopped streaming
0:01:05.828721430 18238 0x60400000c890 LOG GST_EVENT gstevent.c:222:_gst_event_free: freeing event 0x60b0017c1f10 type caps
0:01:05.828748655 18238 0x60400000c890 DEBUG GST_PADS gstpad.c:453:remove_events: notify caps
0:01:05.828770037 18238 0x60400000c890 LOG GST_PROPERTIES gstobject.c:456:gst_object_dispatch_properties_changed: deep notification from src (caps)
0:01:05.828787902 18238 0x60400000c890 LOG GST_PROPERTIES gstobject.c:456:gst_object_dispatch_properties_changed: deep notification from src (caps)
0:01:05.828799038 18238 0x60400000c890 LOG GST_PROPERTIES gstobject.c:456:gst_object_dispatch_properties_changed: deep notification from src (caps)
0:01:05.828810570 18238 0x60400000c890 DEBUG GST_PADS gstpad.c:1188:activate_mode_internal: deactivated in push mode
0:01:05.828834411 18238 0x60400000c890 DEBUG GST_PADS gstpad.c:1078:gst_pad_set_active: deactivating pad from push mode
0:01:05.828848968 18238 0x60400000c890 DEBUG GST_PADS gstpad.c:967:pre_activate: setting PAD_MODE NONE, set flushing
0:01:05.828862112 18238 0x60400000c890 DEBUG GST_PADS gstpad.c:1015:post_activate: stopped streaming
0:01:05.828873878 18238 0x60400000c890 DEBUG GST_PADS gstpad.c:453:remove_events: notify caps
0:01:05.828885017 18238 0x60400000c890 LOG GST_PROPERTIES gstobject.c:456:gst_object_dispatch_properties_changed: deep notification from sink (caps)
0:01:05.828901675 18238 0x60400000c890 LOG GST_PROPERTIES gstobject.c:456:gst_object_dispatch_properties_changed: deep notification from sink (caps)
0:01:05.828911829 18238 0x60400000c890 LOG GST_PROPERTIES gstobject.c:456:gst_object_dispatch_properties_changed: deep notification from sink (caps)
0:01:05.828922726 18238 0x60400000c890 DEBUG GST_PADS gstpad.c:1188:activate_mode_internal: deactivated in push mode
0:01:05.828940106 18238 0x60400000c890 DEBUG GST_ELEMENT_PADS gstelement.c:2859:gst_element_pads_activate: pad deactivation successful
0:01:05.828953867 18238 0x60400000c890 DEBUG GST_STATES gstelement.c:2731:gst_element_change_state: element changed state SUCCESS
0:01:05.828964723 18238 0x60400000c890 INFO GST_STATES gstelement.c:2394:gst_element_continue_state: committing state from PAUSED to READY, pending NULL, next NULL
0:01:05.828981760 18238 0x60400000c890 INFO GST_STATES gstelement.c:2324:_priv_gst_element_state_changed: notifying about state-changed PAUSED to READY (NULL pending)
0:01:05.829000905 18238 0x60400000c890 LOG GST_MESSAGE gstmessage.c:300:gst_message_new_custom: source send_rtp_capsfilter_2: creating new message 0x60c0007ab300 state-changed
0:01:05.829018560 18238 0x60400000c890 DEBUG GST_BUS gstbus.c:317:gst_bus_post: [msg 0x60c0007ab300] posting on bus state-changed message: 0x60c0007ab300, time 99:99:99.999999999, seq-num 6119, element 'send_rtp_capsfilter_2', GstMessageStateChanged, old-state=(GstState)GST_STATE_PAUSED, new-state=(GstState)GST_STATE_READY, pending-state=(GstState)GST_STATE_NULL;
0:01:05.829057812 18238 0x60400000c890 DEBUG bin gstbin.c:3734:gst_bin_handle_message_func: [msg 0x60c0007ab300] handling child send_rtp_capsfilter_2 message of type state-changed
0:01:05.829074126 18238 0x60400000c890 DEBUG bin gstbin.c:4071:gst_bin_handle_message_func: posting message upward
0:01:05.829085298 18238 0x60400000c890 DEBUG GST_BUS gstbus.c:317:gst_bus_post: [msg 0x60c0007ab300] posting on bus state-changed message: 0x60c0007ab300, time 99:99:99.999999999, seq-num 6119, element 'send_rtp_capsfilter_2', GstMessageStateChanged, old-state=(GstState)GST_STATE_PAUSED, new-state=(GstState)GST_STATE_READY, pending-state=(GstState)GST_STATE_NULL;
0:01:05.829117044 18238 0x60400000c890 DEBUG bin gstbin.c:3734:gst_bin_handle_message_func: [msg 0x60c0007ab300] handling child send_rtp_capsfilter_2 message of type state-changed
0:01:05.829133252 18238 0x60400000c890 DEBUG bin gstbin.c:4071:gst_bin_handle_message_func: posting message upward
0:01:05.829143361 18238 0x60400000c890 DEBUG GST_BUS gstbus.c:317:gst_bus_post: [msg 0x60c0007ab300] posting on bus state-changed message: 0x60c0007ab300, time 99:99:99.999999999, seq-num 6119, element 'send_rtp_capsfilter_2', GstMessageStateChanged, old-state=(GstState)GST_STATE_PAUSED, new-state=(GstState)GST_STATE_READY, pending-state=(GstState)GST_STATE_NULL;
0:01:05.829167855 18238 0x60400000c890 DEBUG GST_BUS gstbus.c:356:gst_bus_post: [msg 0x60c0007ab300] pushing on async queue
0:01:05.829178974 18238 0x60400000c890 DEBUG GST_BUS gstbus.c:359:gst_bus_post: [msg 0x60c0007ab300] pushed on async queue
0:01:05.829190328 18238 0x60400000c890 DEBUG GST_BUS gstbus.c:352:gst_bus_post: [msg 0x60c0007ab300] dropped
0:01:05.829205185 18238 0x60400000c890 DEBUG GST_BUS gstbus.c:352:gst_bus_post: [msg 0x60c0007ab300] dropped
0:01:05.829220357 18238 0x60400000c890 INFO GST_STATES gstelement.c:2401:gst_element_continue_state: continue state change READY to NULL, final NULL
0:01:05.829234369 18238 0x60400000c890 LOG GST_STATES gstelement.c:2897:gst_element_change_state_func: default handler tries setting state from READY to NULL (0011)
0:01:05.829251848 18238 0x60400000c890 DEBUG GST_ELEMENT_PADS gstelement.c:2840:gst_element_pads_activate: deactivate pads
0:01:05.829267579 18238 0x60400000c890 DEBUG GST_PADS gstpad.c:1074:gst_pad_set_active: pad was inactive
0:01:05.829279840 18238 0x60400000c890 DEBUG GST_PADS gstpad.c:1074:gst_pad_set_active: pad was inactive
0:01:05.829292227 18238 0x60400000c890 DEBUG GST_ELEMENT_PADS gstelement.c:2859:gst_element_pads_activate: pad deactivation successful
0:01:05.829304454 18238 0x60400000c890 DEBUG GST_STATES gstelement.c:2731:gst_element_change_state: element changed state SUCCESS
0:01:05.829314759 18238 0x60400000c890 INFO GST_STATES gstelement.c:2419:gst_element_continue_state: completed state change to NULL
0:01:05.829327129 18238 0x60400000c890 INFO GST_STATES gstelement.c:2324:_priv_gst_element_state_changed: notifying about state-changed READY to NULL (VOID_PENDING pending)
0:01:05.829346510 18238 0x60400000c890 LOG GST_MESSAGE gstmessage.c:300:gst_message_new_custom: source send_rtp_capsfilter_2: creating new message 0x60c0004fedc0 state-changed
0:01:05.829364151 18238 0x60400000c890 DEBUG GST_BUS gstbus.c:317:gst_bus_post: [msg 0x60c0004fedc0] posting on bus state-changed message: 0x60c0004fedc0, time 99:99:99.999999999, seq-num 6120, element 'send_rtp_capsfilter_2', GstMessageStateChanged, old-state=(GstState)GST_STATE_READY, new-state=(GstState)GST_STATE_NULL, pending-state=(GstState)GST_STATE_VOID_PENDING;
0:01:05.829397923 18238 0x60400000c890 DEBUG bin gstbin.c:3734:gst_bin_handle_message_func: [msg 0x60c0004fedc0] handling child send_rtp_capsfilter_2 message of type state-changed
0:01:05.829415580 18238 0x60400000c890 DEBUG bin gstbin.c:4071:gst_bin_handle_message_func: posting message upward
0:01:05.829425711 18238 0x60400000c890 DEBUG GST_BUS gstbus.c:317:gst_bus_post: [msg 0x60c0004fedc0] posting on bus state-changed message: 0x60c0004fedc0, time 99:99:99.999999999, seq-num 6120, element 'send_rtp_capsfilter_2', GstMessageStateChanged, old-state=(GstState)GST_STATE_READY, new-state=(GstState)GST_STATE_NULL, pending-state=(GstState)GST_STATE_VOID_PENDING;
0:01:05.829459126 18238 0x60400000c890 DEBUG bin gstbin.c:3734:gst_bin_handle_message_func: [msg 0x60c0004fedc0] handling child send_rtp_capsfilter_2 message of type state-changed
0:01:05.829480871 18238 0x60400000c890 DEBUG bin gstbin.c:4071:gst_bin_handle_message_func: posting message upward
0:01:05.829494193 18238 0x60400000c890 DEBUG GST_BUS gstbus.c:317:gst_bus_post: [msg 0x60c0004fedc0] posting on bus state-changed message: 0x60c0004fedc0, time 99:99:99.999999999, seq-num 6120, element 'send_rtp_capsfilter_2', GstMessageStateChanged, old-state=(GstState)GST_STATE_READY, new-state=(GstState)GST_STATE_NULL, pending-state=(GstState)GST_STATE_VOID_PENDING;
0:01:05.829533807 18238 0x60400000c890 DEBUG GST_BUS gstbus.c:356:gst_bus_post: [msg 0x60c0004fedc0] pushing on async queue
0:01:05.829553385 18238 0x60400000c890 DEBUG GST_BUS gstbus.c:359:gst_bus_post: [msg 0x60c0004fedc0] pushed on async queue
0:01:05.829568769 18238 0x60400000c890 DEBUG GST_BUS gstbus.c:352:gst_bus_post: [msg 0x60c0004fedc0] dropped
0:01:05.829588154 18238 0x60400000c890 DEBUG GST_BUS gstbus.c:352:gst_bus_post: [msg 0x60c0004fedc0] dropped
0:01:05.829603666 18238 0x60400000c890 LOG GST_STATES gstelement.c:2747:gst_element_change_state: exit state change 1
0:01:05.829616068 18238 0x60400000c890 LOG GST_STATES gstelement.c:2747:gst_element_change_state: exit state change 1
0:01:05.829628674 18238 0x60400000c890 LOG GST_STATES gstelement.c:2747:gst_element_change_state: exit state change 1
0:01:05.829639368 18238 0x60400000c890 DEBUG GST_STATES gstelement.c:2654:gst_element_set_state_func: returned SUCCESS
0:01:05.829651646 18238 0x60400000c890 DEBUG GST_PARENTAGE gstbin.c:1892:gst_bin_remove: removing element send_rtp_capsfilter_2 from bin fsrtpconference1
0:01:05.829665565 18238 0x60400000c890 DEBUG bin gstbin.c:1592:gst_bin_remove_func: element :send_rtp_capsfilter_2
0:01:05.829688118 18238 0x60400000c890 DEBUG bin gstbin.c:1789:gst_bin_remove_func: recalc state preroll: 0, other async: 0, this async 0
0:01:05.829704301 18238 0x60400000c890 DEBUG GST_PARENTAGE gstelement.c:3089:gst_element_set_bus_func: setting bus to (nil)
0:01:05.829716619 18238 0x60400000c890 DEBUG GST_CLOCK gstelement.c:427:gst_element_set_clock: setting clock (nil)
0:01:05.829745708 18238 0x60400000c890 INFO GST_ELEMENT_PADS gstpad.c:2071:gst_pad_unlink: unlinking send_2_98:src(0x616001e3c3d0) and send_rtp_capsfilter_2:sink(0x61600051f6b0)
0:01:05.829781514 18238 0x60400000c890 LOG GST_MESSAGE gstmessage.c:300:gst_message_new_custom: source sink: creating new message 0x60c0004feac0 structure-change
0:01:05.829809070 18238 0x60400000c890 DEBUG GST_BUS gstbus.c:317:gst_bus_post: [msg 0x60c0004feac0] posting on bus structure-change message: 0x60c0004feac0, time 99:99:99.999999999, seq-num 6121, element 'sink', GstMessageStructureChange, type=(GstStructureChangeType)GST_STRUCTURE_CHANGE_TYPE_PAD_UNLINK, owner=(GstElement)"\(GstBin\)\ send_2_98", busy=(boolean)true;
0:01:05.829867176 18238 0x60400000c890 DEBUG bin gstbin.c:3734:gst_bin_handle_message_func: [msg 0x60c0004feac0] handling child sink message of type structure-change
0:01:05.829896439 18238 0x60400000c890 DEBUG bin gstbin.c:912:find_message: no message found matching types 00001000
0:01:05.829914913 18238 0x60400000c890 DEBUG bin gstbin.c:919:find_message: structure-change
0:01:05.829934371 18238 0x60400000c890 DEBUG bin gstbin.c:959:bin_replace_message: got new message 0x60c0004feac0, structure-change from sink
0:01:05.829960492 18238 0x60400000c890 DEBUG GST_BUS gstbus.c:352:gst_bus_post: [msg 0x60c0004feac0] dropped
0:01:05.829980498 18238 0x60400000c890 INFO GST_ELEMENT_PADS gstpad.c:2125:gst_pad_unlink: unlinked send_2_98:src and send_rtp_capsfilter_2:sink
0:01:05.830013746 18238 0x60400000c890 LOG GST_MESSAGE gstmessage.c:300:gst_message_new_custom: source sink: creating new message 0x60c0004fe880 structure-change
0:01:05.830043103 18238 0x60400000c890 DEBUG GST_BUS gstbus.c:317:gst_bus_post: [msg 0x60c0004fe880] posting on bus structure-change message: 0x60c0004fe880, time 99:99:99.999999999, seq-num 6122, element 'sink', GstMessageStructureChange, type=(GstStructureChangeType)GST_STRUCTURE_CHANGE_TYPE_PAD_UNLINK, owner=(GstElement)"\(GstBin\)\ send_2_98", busy=(boolean)false;
0:01:05.830085976 18238 0x60400000c890 DEBUG bin gstbin.c:3734:gst_bin_handle_message_func: [msg 0x60c0004fe880] handling child sink message of type structure-change
0:01:05.830105194 18238 0x60400000c890 LOG bin gstbin.c:890:message_check: looking at message 0x60c0004feac0: 1
0:01:05.830117262 18238 0x60400000c890 DEBUG bin gstbin.c:988:bin_remove_messages: deleting message 0x60c0004feac0 of type structure-change (types 0x00001000)
0:01:05.830132681 18238 0x60400000c890 LOG GST_MESSAGE gstmessage.c:207:_gst_message_free: finalize message 0x60c0004feac0, structure-change from sink
0:01:05.830152870 18238 0x60400000c890 DEBUG GST_BUS gstbus.c:352:gst_bus_post: [msg 0x60c0004fe880] dropped
0:01:05.830170277 18238 0x60400000c890 LOG GST_MESSAGE gstmessage.c:207:_gst_message_free: finalize message 0x60c0004fe880, structure-change from sink
0:01:05.830154092 18238 0x60400074b990 LOG pulse pulsesrc.c:920:gst_pulsesrc_stream_request_cb: got request for length 640
0:01:05.830191349 18238 0x60400000c890 INFO GST_PARENTAGE gstbin.c:1822:gst_bin_remove_func: removed child "send_rtp_capsfilter_2"
0:01:05.830219790 18238 0x60400000c890 LOG bin gstbin.c:1508:gst_bin_deep_element_removed_func: emitting deep-element-removed for element which has just been removed from
0:01:05.830236859 18238 0x60400000c890 LOG bin gstbin.c:1502:gst_bin_deep_element_removed_func: no parent, reached top-level
0:01:05.830247591 18238 0x60400000c890 DEBUG GST_STATES gstelement.c:2013:gst_element_set_locked_state: locking state of element send_2_98
0:01:05.830263548 18238 0x60400000c890 DEBUG GST_STATES gstelement.c:2570:gst_element_set_state_func: set_state to NULL
0:01:05.830275980 18238 0x60400000c890 DEBUG GST_STATES gstelement.c:2595:gst_element_set_state_func: setting target state to NULL
0:01:05.830283874 18238 0x607000975990 LOG pulse pulsesrc.c:1121:gst_pulsesrc_read: have data of 640 bytes
0:01:05.830286398 18238 0x60400000c890 DEBUG GST_STATES gstelement.c:2608:gst_element_set_state_func: current PLAYING, old_pending VOID_PENDING, next VOID_PENDING, old return SUCCESS
0:01:05.830311228 18238 0x60400000c890 DEBUG GST_STATES gstelement.c:2642:gst_element_set_state_func: intermediate: setting state from PLAYING to PAUSED
0:01:05.830328660 18238 0x60400000c890 DEBUG GST_STATES gstbin.c:2869:gst_bin_change_state_func: changing state of children from PLAYING to PAUSED
0:01:05.830340411 18238 0x60400000c890 DEBUG bin gstbin.c:2893:gst_bin_change_state_func: clearing EOS elements
0:01:05.830356691 18238 0x60400000c890 DEBUG bin gstbin.c:2400:gst_bin_sort_iterator_resync: resync
0:01:05.830371420 18238 0x60400000c890 DEBUG bin gstbin.c:912:find_message: no message found matching types 00001000
0:01:05.830386294 18238 0x60400000c890 DEBUG bin gstbin.c:919:find_message: structure-change
0:01:05.830401546 18238 0x60400000c890 DEBUG bin gstbin.c:2326:update_degree: element videoscale17 not linked on any sinkpads
0:01:05.830414361 18238 0x60400000c890 DEBUG bin gstbin.c:912:find_message: no message found matching types 00001000
0:01:05.830423183 18238 0x60400000c890 DEBUG bin gstbin.c:919:find_message: structure-change
0:01:05.830432559 18238 0x60400000c890 DEBUG bin gstbin.c:2303:update_degree: change element videoscale17, degree 0->1, linked to videoconvert20
0:01:05.830451814 18238 0x60400000c890 DEBUG bin gstbin.c:912:find_message: no message found matching types 00001000
0:01:05.830393522 18238 0x607000975990 LOG audiosrc gstaudiosrc.c:240:audioringbuffer_thread_func: transfered 640 bytes of 640 to segment 1
0:01:05.830459776 18238 0x60400000c890 DEBUG bin gstbin.c:919:find_message: structure-change
0:01:05.830497875 18238 0x607000975990 INFO ringbuffer gstaudioringbuffer.c:2033:gst_audio_ring_buffer_set_timestamp: Storing timestamp 99:99:99.999999999 @ 1
0:01:05.830500256 18238 0x60400000c890 DEBUG bin gstbin.c:2303:update_degree: change element videoconvert20, degree 0->1, linked to fsvideoanyrate19
0:01:05.830518703 18238 0x607000975990 DEBUG ringbuffer gstaudioringbuffer.c:1883:gst_audio_ring_buffer_advance: signal waiter
0:01:05.830525782 18238 0x60400000c890 DEBUG bin gstbin.c:912:find_message: no message found matching types 00001000
0:01:05.830537733 18238 0x60400000c890 DEBUG bin gstbin.c:919:find_message: structure-change
0:01:05.830537328 18238 0x607000975990 LOG ringbuffer gstaudioringbuffer.c:1850:gst_audio_ring_buffer_prepare_read: prepare read from segment 0 (real 4468) @0x61a00028c880
0:01:05.830555336 18238 0x60400000c890 DEBUG bin gstbin.c:2303:update_degree: change element fsvideoanyrate19, degree 0->1, linked to x264enc3
0:01:05.830560495 18238 0x607000975990 LOG pulse pulsesrc.c:1106:gst_pulsesrc_read: reading 640 bytes
0:01:05.830582891 18238 0x60400000c890 DEBUG bin gstbin.c:912:find_message: no message found matching types 00001000
0:01:05.830599620 18238 0x60400000c890 DEBUG bin gstbin.c:919:find_message: structure-change
0:01:05.830608702 18238 0x607000975990 LOG pulse pulsesrc.c:1106:gst_pulsesrc_read: reading 52 bytes
0:01:05.830616857 18238 0x60400000c890 DEBUG bin gstbin.c:2303:update_degree: change element x264enc3, degree 0->1, linked to rtph264pay3
0:01:05.830626991 18238 0x607000975990 LOG pulse pulsesrc.c:1121:gst_pulsesrc_read: have data of 0 bytes
0:01:05.830642624 18238 0x607000975990 LOG pulse pulsesrc.c:1128:gst_pulsesrc_read: waiting for data
0:01:05.830639119 18238 0x60400000c890 DEBUG bin gstbin.c:2372:gst_bin_sort_iterator_next: queue empty, next best: rtph264pay3
0:01:05.830670668 18238 0x60400000c890 DEBUG bin gstbin.c:2387:gst_bin_sort_iterator_next: queue head gives rtph264pay3
0:01:05.830692244 18238 0x60400000c890 DEBUG bin gstbin.c:912:find_message: no message found matching types 00001000
0:01:05.830581255 18238 0x607000932940 DEBUG ringbuffer gstaudioringbuffer.c:1740:gst_audio_ring_buffer_read: pointer at 4468, sample 1429440, read from 4467-0, to_read 320, diff 1, segtotal 2, segsize 640
0:01:05.830715931 18238 0x60400000c890 DEBUG bin gstbin.c:919:find_message: structure-change
0:01:05.830761248 18238 0x607000932940 DEBUG ringbuffer gstaudioringbuffer.c:1765:gst_audio_ring_buffer_read: read @0x61a00028cb00 seg 1, off 0, sampleslen 320
0:01:05.830759643 18238 0x60400000c890 DEBUG bin gstbin.c:2303:update_degree: change element x264enc3, degree 1->0, linked to rtph264pay3
0:01:05.830874430 18238 0x607000932940 INFO ringbuffer gstaudioringbuffer.c:1793:gst_audio_ring_buffer_read: Retrieved timestamp 99:99:99.999999999 @ 1
0:01:05.830910592 18238 0x607000932940 DEBUG audiobasesrc gstaudiobasesrc.c:837:gst_audio_base_src_create: read 320 of 320
0:01:05.830937960 18238 0x607000932940 DEBUG GST_CLOCK gstclock.c:1045:gst_clock_get_internal_time: internal time 132:06:01.476202244
0:01:05.830921146 18238 0x60400000c890 DEBUG bin gstbin.c:2186:add_to_queue: adding 'x264enc3' to queue
0:01:05.830960780 18238 0x607000932940 DEBUG GST_CLOCK gstclock.c:1090:gst_clock_get_time: adjusted time 132:06:01.476202244
0:01:05.830992753 18238 0x60700134f130 LOG nicesrc gstnicesrc.c:199:gst_nice_src_read_callback: Got buffer, getting out of the main loop
0:01:05.830984618 18238 0x607000932940 DEBUG audiobasesrc gstaudiobasesrc.c:950:gst_audio_base_src_create: running_time =
0:00:44.671223796 timestamp =
0:00:44.670000000 running_time_segment = 4467 last_written_segment = 4467 segment_skew (running time segment - last_written_segment) = 0 last_read_segment = 4467
0:01:05.831011489 18238 0x60700134f130 DEBUG GST_MEMORY gstmemory.c:138:gst_memory_init: new memory 0x61b000190580, maxsize:1407 offset:0 size:1400
0:01:05.831021973 18238 0x607000932940 LOG audiobasesrc gstaudiobasesrc.c:1061:gst_audio_base_src_create: Pushed buffer timestamp
0:00:44.670000000
0:01:05.831037922 18238 0x60700134f130 LOG GST_BUFFER gstbuffer.c:798:gst_buffer_new: new 0x612000126640
0:01:05.831048521 18238 0x607000932940 DEBUG basesrc gstbasesrc.c:2315:gst_base_src_do_sync: no sync needed
0:01:05.831062622 18238 0x607000932940 DEBUG basesrc gstbasesrc.c:2524:gst_base_src_get_range: buffer ok
0:01:05.831027558 18238 0x60400000c890 INFO GST_STATES gstbin.c:2521:gst_bin_element_set_state: current PLAYING pending VOID_PENDING, desired next PAUSED
0:01:05.831053794 18238 0x60700134f130 LOG GST_BUFFER gstbuffer.c:413:_memory_add: buffer 0x612000126640, idx -1, mem 0x61b000190580
0:01:05.831083352 18238 0x607000932940 DEBUG GST_SCHEDULING gstpad.c:4200:gst_pad_chain_data_unchecked: calling chainfunction &gst_base_transform_chain with buffer buffer: 0x61200177e2c0, pts 0:00:44.670000000, dts 99:99:99.999999999, dur 0:00:00.010000000, size 640, offset 1429440, offset_end 1429760, flags 0x0
0:01:05.831106620 18238 0x60700134f130 LOG GST_BUFFER gstbuffer.c:854:gst_buffer_new_allocate: new buffer 0x612000126640 of size 1400 from allocator (nil)
0:01:05.831120126 18238 0x607000932940 DEBUG basetransform gstbasetransform.c:2036:default_submit_input_buffer: handling buffer 0x61200177e2c0 of size 640, PTS
0:00:44.670000000 and offset 1429440
0:01:05.831128860 18238 0x60700134f130 LOG GST_BUFFER gstbuffer.c:1825:gst_buffer_fill: buffer 0x612000126640, offset 0, size 1400
0:01:05.831149507 18238 0x607000932940 DEBUG basetransform gstbasetransform.c:2153:default_generate_output: calling prepare buffer
0:01:05.831106121 18238 0x60400000c890 DEBUG bin gstbin.c:912:find_message: no message found matching types 00100000
0:01:05.831164595 18238 0x607000932940 DEBUG basetransform gstbasetransform.c:2160:default_generate_output: using allocated buffer in 0x61200177e2c0, out 0x61200177e2c0
0:01:05.831195702 18238 0x607000932940 DEBUG basetransform gstbasetransform.c:2177:default_generate_output: doing inplace transform
0:01:05.831212342 18238 0x607000932940 DEBUG GST_SCHEDULING gstpad.c:4200:gst_pad_chain_data_unchecked: calling chainfunction &gst_base_transform_chain with buffer buffer: 0x61200177e2c0, pts 0:00:44.670000000, dts 99:99:99.999999999, dur 0:00:00.010000000, size 640, offset 1429440, offset_end 1429760, flags 0x0
0:01:05.831214965 18238 0x60400000c890 DEBUG bin gstbin.c:919:find_message: async-start
0:01:05.831245346 18238 0x607000932940 DEBUG volume gstvolume.c:697:volume_before_transform: sync to
0:00:44.670000000
0:01:05.831294507 18238 0x607000932940 LOG default gstobject.c:1120:gst_object_sync_values: sync_values
0:01:05.831285507 18238 0x60400000c890 DEBUG bin gstbin.c:2616:gst_bin_element_set_state: setting element rtph264pay3 to PAUSED, base_time 132:05:16.804978448
0:01:05.831255942 18238 0x60700134f130 LOG nicesrc gstnicesrc.c:299:gst_nice_src_create: Got buffer, pushing
0:01:05.831303316 18238 0x607000932940 DEBUG audio audio.c:108:gst_audio_buffer_clip: timestamp
0:00:44.670000000
0:01:05.831329618 18238 0x60700134f130 DEBUG GST_CLOCK gstclock.c:1045:gst_clock_get_internal_time: internal time 132:06:01.476594030
0:01:05.831330962 18238 0x607000932940 DEBUG basetransform gstbasetransform.c:2036:default_submit_input_buffer: handling buffer 0x61200177e2c0 of size 640, PTS
0:00:44.670000000 and offset 1429440
0:01:05.831362361 18238 0x60700134f130 DEBUG GST_CLOCK gstclock.c:1090:gst_clock_get_time: adjusted time 132:06:01.476594030
0:01:05.831382888 18238 0x607000932940 DEBUG basetransform gstbasetransform.c:2153:default_generate_output: calling prepare buffer
0:01:05.831386449 18238 0x60700134f130 LOG basesrc gstbasesrc.c:2267:gst_base_src_do_sync: created DTS
0:00:44.671615582
0:01:05.831401445 18238 0x607000932940 DEBUG basetransform gstbasetransform.c:1650:default_prepare_output_buffer: passthrough: reusing input buffer
0:01:05.831353741 18238 0x60400000c890 DEBUG GST_STATES gstelement.c:2570:gst_element_set_state_func: set_state to PAUSED
0:01:05.831410777 18238 0x60700134f130 LOG basesrc gstbasesrc.c:2277:gst_base_src_do_sync: created PTS
0:00:44.671615582
0:01:05.831416163 18238 0x607000932940 DEBUG basetransform gstbasetransform.c:2160:default_generate_output: using allocated buffer in 0x61200177e2c0, out 0x61200177e2c0
0:01:05.831432826 18238 0x60700134f130 DEBUG basesrc gstbasesrc.c:2315:gst_base_src_do_sync: no sync needed
0:01:05.831438343 18238 0x607000932940 DEBUG basetransform gstbasetransform.c:2171:default_generate_output: element is in passthrough
0:01:05.831445581 18238 0x60700134f130 DEBUG basesrc gstbasesrc.c:2524:gst_base_src_get_range: buffer ok
0:01:05.831432867 18238 0x60400000c890 DEBUG GST_STATES gstelement.c:2595:gst_element_set_state_func: setting target state to PAUSED
0:01:05.831459948 18238 0x60700134f130 LOG GST_SCHEDULING gstpad.c:3615:do_probe_callbacks: do probes cookie 2583
0:01:05.831456819 18238 0x607000932940 DEBUG GST_SCHEDULING gstpad.c:4200:gst_pad_chain_data_unchecked: calling chainfunction &gst_proxy_pad_chain_default with buffer buffer: 0x61200177e2c0, pts 0:00:44.670000000, dts 99:99:99.999999999, dur 0:00:00.010000000, size 640, offset 1429440, offset_end 1429760, flags 0x0
0:01:05.831508737 18238 0x60700134f130 LOG GST_SCHEDULING gstpad.c:3511:probe_hook_marshal: hook 1, cookie 2583 with flags 0x00003010 does not match 00001012
0:01:05.831536095 18238 0x60700134f130 DEBUG GST_PADS gstpad.c:3696:do_probe_callbacks: data is passed
0:01:05.831550580 18238 0x60700134f130 LOG GST_SCHEDULING gstpad.c:3615:do_probe_callbacks: do probes cookie 2584
0:01:05.831517576 18238 0x607000932940 DEBUG GST_SCHEDULING gstpad.c:4200:gst_pad_chain_data_unchecked: calling chainfunction &gst_proxy_pad_chain_default with buffer buffer: 0x61200177e2c0, pts 0:00:44.670000000, dts 99:99:99.999999999, dur 0:00:00.010000000, size 640, offset 1429440, offset_end 1429760, flags 0x0
0:01:05.831567616 18238 0x60700134f130 LOG GST_SCHEDULING gstpad.c:3454:probe_hook_marshal: hook 1, cookie 2584 with flags 0x00003010 matches
0:01:05.831613340 18238 0x60700134f130 DEBUG GST_PADS gstpad.c:3499:probe_hook_marshal: probe returned OK
0:01:05.831600922 18238 0x607000932940 DEBUG GST_SCHEDULING gstpad.c:4200:gst_pad_chain_data_unchecked: calling chainfunction &gst_tee_chain with buffer buffer: 0x61200177e2c0, pts 0:00:44.670000000, dts 99:99:99.999999999, dur 0:00:00.010000000, size 640, offset 1429440, offset_end 1429760, flags 0x0
0:01:05.831640693 18238 0x607000932940 DEBUG tee gsttee.c:777:gst_tee_chain: received buffer 0x61200177e2c0
0:01:05.831634606 18238 0x60700134f130 DEBUG GST_SCHEDULING gstpad.c:4200:gst_pad_chain_data_unchecked: calling chainfunction &gst_funnel_sink_chain with buffer buffer: 0x612000126640, pts 0:00:44.671615582, dts 0:00:44.671615582, dur 99:99:99.999999999, size 1400, offset none, offset_end none, flags 0x0
0:01:05.831521506 18238 0x60400000c890 DEBUG GST_STATES gstelement.c:2608:gst_element_set_state_func: current PLAYING, old_pending VOID_PENDING, next VOID_PENDING, old return SUCCESS
0:01:05.831660171 18238 0x607000932940 LOG tee gsttee.c:694:gst_tee_handle_data: Starting to push buffer 0x61200177e2c0
0:01:05.831670169 18238 0x60700134f130 DEBUG funnel gstfunnel.c:322:gst_funnel_sink_chain_object: received buffer: 0x612000126640, pts 0:00:44.671615582, dts 0:00:44.671615582, dur 99:99:99.999999999, size 1400, offset none, offset_end none, flags 0x0
0:01:05.831686069 18238 0x607000932940 DEBUG GST_SCHEDULING gstpad.c:4200:gst_pad_chain_data_unchecked: calling chainfunction &gst_valve_chain with buffer buffer: 0x61200177e2c0, pts 0:00:44.670000000, dts 99:99:99.999999999, dur 0:00:00.010000000, size 640, offset 1429440, offset_end 1429760, flags 0x0
0:01:05.831699550 18238 0x60700134f130 DEBUG GST_SCHEDULING gstpad.c:4200:gst_pad_chain_data_unchecked: calling chainfunction &gst_proxy_pad_chain_default with buffer buffer: 0x612000126640, pts 0:00:44.671615582, dts 0:00:44.671615582, dur 99:99:99.999999999, size 1400, offset none, offset_end none, flags 0x0
0:01:05.831678367 18238 0x60400000c890 DEBUG GST_STATES gstelement.c:2642:gst_element_set_state_func: final: setting state from PLAYING to PAUSED
0:01:05.831720055 18238 0x607000932940 LOG GST_SCHEDULING gstpad.c:4533:gst_pad_push_data: pushing, but it was not linked
0:01:05.831756041 18238 0x60700134f130 DEBUG GST_SCHEDULING gstpad.c:4200:gst_pad_chain_data_unchecked: calling chainfunction &gst_funnel_sink_chain with buffer buffer: 0x612000126640, pts 0:00:44.671615582, dts 0:00:44.671615582, dur 99:99:99.999999999, size 1400, offset none, offset_end none, flags 0x0
0:01:05.831778077 18238 0x607000932940 DEBUG GST_SCHEDULING gstpad.c:4206:gst_pad_chain_data_unchecked: called chainfunction &gst_valve_chain with buffer 0x61200177e2c0, returned not-linked
0:01:05.831788736 18238 0x60700134f130 DEBUG funnel gstfunnel.c:322:gst_funnel_sink_chain_object: received buffer: 0x612000126640, pts 0:00:44.671615582, dts 0:00:44.671615582, dur 99:99:99.999999999, size 1400, offset none, offset_end none, flags 0x0
0:01:05.831769568 18238 0x60400000c890 LOG GST_STATES gstelement.c:2897:gst_element_change_state_func: default handler tries setting state from PLAYING to PAUSED (0023)
0:01:05.831806579 18238 0x607000932940 LOG tee gsttee.c:699:gst_tee_handle_data: Pushing item 0x61200177e2c0 yielded result not-linked
0:01:05.831829413 18238 0x60400000c890 DEBUG GST_STATES gstelement.c:2731:gst_element_change_state: element changed state SUCCESS
0:01:05.831820002 18238 0x60700134f130 DEBUG GST_SCHEDULING gstpad.c:4200:gst_pad_chain_data_unchecked: calling chainfunction &gst_proxy_pad_chain_default with buffer buffer: 0x612000126640, pts 0:00:44.671615582, dts 0:00:44.671615582, dur 99:99:99.999999999, size 1400, offset none, offset_end none, flags 0x0
0:01:05.831882462 18238 0x60700134f130 DEBUG GST_SCHEDULING gstpad.c:4200:gst_pad_chain_data_unchecked: calling chainfunction &gst_srtp_dec_chain_rtp with buffer buffer: 0x612000126640, pts 0:00:44.671615582, dts 0:00:44.671615582, dur 99:99:99.999999999, size 1400, offset none, offset_end none, flags 0x0
0:01:05.831872270 18238 0x60400000c890 INFO GST_STATES gstelement.c:2419:gst_element_continue_state: completed state change to PAUSED
0:01:05.831834025 18238 0x607000932940 LOG tee gsttee.c:694:gst_tee_handle_data: Starting to push buffer 0x61200177e2c0
0:01:05.831959262 18238 0x60700134f130 LOG GST_BUFFER gstbuffer.c:1720:gst_buffer_map_range: buffer 0x612000126640, idx 0, length 1, flags 10001
0:01:05.831983334 18238 0x60700134f130 LOG GST_BUFFER gstbuffer.c:212:_get_merged_memory: buffer 0x612000126640, idx 0, length 1
0:01:05.831982202 18238 0x607000932940 DEBUG GST_SCHEDULING gstpad.c:4200:gst_pad_chain_data_unchecked: calling chainfunction &gst_valve_chain with buffer buffer: 0x61200177e2c0, pts 0:00:44.670000000, dts 99:99:99.999999999, dur 0:00:00.010000000, size 640, offset 1429440, offset_end 1429760, flags 0x0
0:01:05.831997110 18238 0x60400000c890 INFO GST_STATES gstelement.c:2324:_priv_gst_element_state_changed: notifying about state-changed PLAYING to PAUSED (VOID_PENDING pending)
0:01:05.832011624 18238 0x60700134f130 DEBUG GST_SCHEDULING gstpad.c:4200:gst_pad_chain_data_unchecked: calling chainfunction &0x7f95fddf0e30 with buffer buffer: 0x612000126640, pts 0:00:44.671615582, dts 0:00:44.671615582, dur 99:99:99.999999999, size 1400, offset none, offset_end none, flags 0x0
0:01:05.832021720 18238 0x607000932940 DEBUG GST_SCHEDULING gstpad.c:4200:gst_pad_chain_data_unchecked: calling chainfunction &gst_proxy_pad_chain_default with buffer buffer: 0x61200177e2c0, pts 0:00:44.670000000, dts 99:99:99.999999999, dur 0:00:00.010000000, size 640, offset 1429440, offset_end 1429760, flags 0x0
0:01:05.832042066 18238 0x60700134f130 LOG rtpsession gstrtpsession.c:1917:gst_rtp_session_chain_recv_rtp: received RTP packet
0:01:05.832064822 18238 0x60700134f130 DEBUG GST_CLOCK gstclock.c:1045:gst_clock_get_internal_time: internal time 132:06:01.477329972
0:01:05.832057839 18238 0x607000932940 DEBUG GST_SCHEDULING gstpad.c:4200:gst_pad_chain_data_unchecked: calling chainfunction &gst_base_transform_chain with buffer buffer: 0x61200177e2c0, pts 0:00:44.670000000, dts 99:99:99.999999999, dur 0:00:00.010000000, size 640, offset 1429440, offset_end 1429760, flags 0x0
0:01:05.832087955 18238 0x60700134f130 DEBUG GST_CLOCK gstclock.c:1090:gst_clock_get_time: adjusted time 132:06:01.477329972
0:01:05.832078856 18238 0x60400000c890 LOG GST_MESSAGE gstmessage.c:300:gst_message_new_custom: source rtph264pay3: creating new message 0x60c000821500 state-changed
0:01:05.832095152 18238 0x607000932940 DEBUG audio audio.c:108:gst_audio_buffer_clip: timestamp
0:00:44.670000000
0:01:05.832108401 18238 0x60700134f130 LOG GST_BUFFER gstbuffer.c:1720:gst_buffer_map_range: buffer 0x612000126640, idx 0, length 1, flags 0001
0:01:05.832127445 18238 0x60700134f130 LOG GST_BUFFER gstbuffer.c:212:_get_merged_memory: buffer 0x612000126640, idx 0, length 1
0:01:05.832124332 18238 0x607000932940 DEBUG basetransform gstbasetransform.c:2036:default_submit_input_buffer: handling buffer 0x61200177e2c0 of size 640, PTS
0:00:44.670000000 and offset 1429440
0:01:05.832149730 18238 0x60700134f130 INFO rtpsource rtpsource.c:1147:update_receiver_stats: duplicate or reordered packet (seqnr 30704, expected 30736)
0:01:05.832158088 18238 0x607000932940 DEBUG basetransform gstbasetransform.c:2153:default_generate_output: calling prepare buffer
0:01:05.832118473 18238 0x60400000c890 DEBUG GST_BUS gstbus.c:317:gst_bus_post: [msg 0x60c000821500] posting on bus state-changed message: 0x60c000821500, time 99:99:99.999999999, seq-num 6123, element 'rtph264pay3', GstMessageStateChanged, old-state=(GstState)GST_STATE_PLAYING, new-state=(GstState)GST_STATE_PAUSED, pending-state=(GstState)GST_STATE_VOID_PENDING;
0:01:05.832177299 18238 0x607000932940 DEBUG basetransform gstbasetransform.c:1650:default_prepare_output_buffer: passthrough: reusing input buffer
0:01:05.832166638 18238 0x60700134f130 LOG rtpsource rtpsource.c:1158:update_receiver_stats: seq 30704, PC: 771, OC: 757168
0:01:05.832197528 18238 0x60700134f130 LOG rtpsource rtpsource.c:938:calculate_jitter: SSRC 439a6d76 got payload 98
0:01:05.832194920 18238 0x60400000c890 DEBUG bin gstbin.c:3734:gst_bin_handle_message_func: [msg 0x60c000821500] handling child rtph264pay3 message of type state-changed
0:01:05.832193658 18238 0x607000932940 DEBUG basetransform gstbasetransform.c:2160:default_generate_output: using allocated buffer in 0x61200177e2c0, out 0x61200177e2c0
0:01:05.832213212 18238 0x60700134f130 LOG rtpsource rtpsource.c:971:calculate_jitter: rtparrival 4020445, rtptime 1879827368, clock-rate 90000, diff 45718, jitter: 38411.562500
0:01:05.832230931 18238 0x607000932940 DEBUG basetransform gstbasetransform.c:2171:default_generate_output: element is in passthrough
0:01:05.832227240 18238 0x60400000c890 DEBUG bin gstbin.c:4071:gst_bin_handle_message_func: posting message upward
0:01:05.832246703 18238 0x60700134f130 LOG rtpsource rtpsource.c:879:push_packet: pushing new packet
0:01:05.832257372 18238 0x60700134f130 LOG rtpsession rtpsession.c:1389:source_push_rtp: source 439a6d76 pushed receiver RTP packet
0:01:05.832275248 18238 0x60700134f130 LOG rtpsession gstrtpsession.c:1336:gst_rtp_session_process_rtp: pushing received RTP packet
0:01:05.832258194 18238 0x607000932940 DEBUG GST_SCHEDULING gstpad.c:4200:gst_pad_chain_data_unchecked: calling chainfunction &gst_base_transform_chain with buffer buffer: 0x61200177e2c0, pts 0:00:44.670000000, dts 99:99:99.999999999, dur 0:00:00.010000000, size 640, offset 1429440, offset_end 1429760, flags 0x0
0:01:05.832295630 18238 0x607000932940 DEBUG audio audio.c:108:gst_audio_buffer_clip: timestamp
0:00:44.670000000
0:01:05.832292197 18238 0x60700134f130 DEBUG GST_SCHEDULING gstpad.c:4200:gst_pad_chain_data_unchecked: calling chainfunction &0x7f95fdddb9d0 with buffer buffer: 0x612000126640, pts 0:00:44.671615582, dts 0:00:44.671615582, dur 99:99:99.999999999, size 1400, offset none, offset_end none, flags 0x0
0:01:05.832323163 18238 0x60700134f130 LOG GST_BUFFER gstbuffer.c:1720:gst_buffer_map_range: buffer 0x612000126640, idx 0, length 1, flags 0001
0:01:05.832253785 18238 0x60400000c890 DEBUG GST_BUS gstbus.c:317:gst_bus_post: [msg 0x60c000821500] posting on bus state-changed message: 0x60c000821500, time 99:99:99.999999999, seq-num 6123, element 'rtph264pay3', GstMessageStateChanged, old-state=(GstState)GST_STATE_PLAYING, new-state=(GstState)GST_STATE_PAUSED, pending-state=(GstState)GST_STATE_VOID_PENDING;
0:01:05.832341119 18238 0x60700134f130 LOG GST_BUFFER gstbuffer.c:212:_get_merged_memory: buffer 0x612000126640, idx 0, length 1
0:01:05.832321124 18238 0x607000932940 DEBUG basetransform gstbasetransform.c:2036:default_submit_input_buffer: handling buffer 0x61200177e2c0 of size 640, PTS
0:00:44.670000000 and offset 1429440
0:01:05.832374354 18238 0x607000932940 DEBUG basetransform gstbasetransform.c:2153:default_generate_output: calling prepare buffer
0:01:05.832371135 18238 0x60400000c890 DEBUG bin gstbin.c:3734:gst_bin_handle_message_func: [msg 0x60c000821500] handling child rtph264pay3 message of type state-changed
0:01:05.832375034 18238 0x60700134f130 DEBUG rtpssrcdemux gstrtpssrcdemux.c:625:gst_rtp_ssrc_demux_chain: received buffer of SSRC 439a6d76
0:01:05.832405293 18238 0x60400000c890 DEBUG bin gstbin.c:4071:gst_bin_handle_message_func: posting message upward
0:01:05.832411128 18238 0x60700134f130 DEBUG GST_SCHEDULING gstpad.c:4200:gst_pad_chain_data_unchecked: calling chainfunction &gst_rtp_jitter_buffer_chain with buffer buffer: 0x612000126640, pts 0:00:44.671615582, dts 0:00:44.671615582, dur 99:99:99.999999999, size 1400, offset none, offset_end none, flags 0x0
0:01:05.832437919 18238 0x60700134f130 LOG GST_BUFFER gstbuffer.c:1720:gst_buffer_map_range: buffer 0x612000126640, idx 0, length 1, flags 0001
0:01:05.832457212 18238 0x60700134f130 LOG GST_BUFFER gstbuffer.c:212:_get_merged_memory: buffer 0x612000126640, idx 0, length 1
0:01:05.832401616 18238 0x607000932940 DEBUG GST_CAPS gstpad.c:2669:gst_pad_get_current_caps: get current pad caps audio/x-raw, channels=(int)1, width=(int)16, depth=(int)16, rate=(int)32000, format=(string)S16LE, layout=(string)interleaved
0:01:05.832480406 18238 0x60700134f130 DEBUG rtpjitterbuffer gstrtpjitterbuffer.c:2853:gst_rtp_jitter_buffer_chain: Received packet #30704 at time 0:00:44.671615582, discont 0, rtx 0
0:01:05.832423162 18238 0x60400000c890 DEBUG GST_BUS gstbus.c:317:gst_bus_post: [msg 0x60c000821500] posting on bus state-changed message: 0x60c000821500, time 99:99:99.999999999, seq-num 6123, element 'rtph264pay3', GstMessageStateChanged, old-state=(GstState)GST_STATE_PLAYING, new-state=(GstState)GST_STATE_PAUSED, pending-state=(GstState)GST_STATE_VOID_PENDING;
0:01:05.832505310 18238 0x60700134f130 LOG rtpjitterbuffer gstrtpjitterbuffer.c:2589:calculate_jitter: dtsdiff
0:00:00.007976373 rtptime 5124095:34:33.209551616, clock-rate 90000, diff 0:00:00.507976373, jitter:
0:00:00.426795150
0:01:05.832520784 18238 0x60400000c890 DEBUG bin gstbin.c:3734:gst_bin_handle_message_func: [msg 0x60c000821500] handling child rtph264pay3 message of type state-changed
0:01:05.832498414 18238 0x607000932940 DEBUG GST_CAPS gstpad.c:2669:gst_pad_get_current_caps: get current pad caps audio/x-raw, rate=(int)48000, channels=(int)1, format=(string)S16LE, layout=(string)interleaved, width=(int)16, depth=(int)16
0:01:05.832544812 18238 0x60400000c890 DEBUG bin gstbin.c:4071:gst_bin_handle_message_func: posting message upward
0:01:05.832539527 18238 0x60700134f130 DEBUG rtpjitterbuffer gstrtpjitterbuffer.c:2950:gst_rtp_jitter_buffer_chain: expected #30736, got #30704, gap of -32
0:01:05.832550554 18238 0x607000932940 DEBUG basetransform gstbasetransform.c:1693:default_prepare_output_buffer: getting output size for alloc
0:01:05.832566525 18238 0x60700134f130 DEBUG rtpjitterbuffer gstrtpjitterbuffer.c:2979:gst_rtp_jitter_buffer_chain: Clearing gap packets
0:01:05.832561126 18238 0x60400000c890 DEBUG GST_BUS gstbus.c:317:gst_bus_post: [msg 0x60c000821500] posting on bus state-changed message: 0x60c000821500, time 99:99:99.999999999, seq-num 6123, element 'rtph264pay3', GstMessageStateChanged, old-state=(GstState)GST_STATE_PLAYING, new-state=(GstState)GST_STATE_PAUSED, pending-state=(GstState)GST_STATE_VOID_PENDING;
0:01:05.832579605 18238 0x60700134f130 DEBUG rtpjitterbuffer rtpjitterbuffer.c:785:rtp_jitter_buffer_calculate_pts: extrtp 1879827368, gstrtp 5:48:06.970755555, base 5:48:06.504088888, send_diff
0:00:00.466666667
0:01:05.832609389 18238 0x60400000c890 DEBUG GST_BUS gstbus.c:356:gst_bus_post: [msg 0x60c000821500] pushing on async queue
0:01:05.832611177 18238 0x60700134f130 DEBUG rtpjitterbuffer rtpjitterbuffer.c:563:calculate_skew: time 0:00:44.671615582, base 0:00:44.649263703, recv_diff 0:00:00.022351879, slope 167
0:01:05.832572455 18238 0x607000932940 DEBUG basetransform gstbasetransform.c:669:gst_base_transform_transform_size: asked to transform size 640 for caps audio/x-raw, channels=(int)1, width=(int)16, depth=(int)16, rate=(int)32000, format=(string)S16LE, layout=(string)interleaved to size for caps audio/x-raw, rate=(int)48000, channels=(int)1, format=(string)S16LE, layout=(string)interleaved, width=(int)16, depth=(int)16 in direction SINK
0:01:05.832629095 18238 0x60400000c890 DEBUG GST_BUS gstbus.c:359:gst_bus_post: [msg 0x60c000821500] pushed on async queue
0:01:05.832653056 18238 0x607000932940 LOG audioresample gstaudioresample.c:461:gst_audio_resample_transform_size: asked to transform size 640 in direction SINK
0:01:05.832639581 18238 0x60700134f130 DEBUG rtpjitterbuffer rtpjitterbuffer.c:580:calculate_skew: filling 4, delta -444314788
0:01:05.832694817 18238 0x60400000c890 DEBUG GST_BUS gstbus.c:352:gst_bus_post: [msg 0x60c000821500] dropped
0:01:05.832714848 18238 0x60700134f130 DEBUG rtpjitterbuffer rtpjitterbuffer.c:664:calculate_skew: skew -309036498, out
0:00:44.806893872
0:01:05.832706676 18238 0x607000932940 LOG audio-resampler audio-resampler.c:1643:gst_audio_resampler_get_out_frames: need 64 = 64 + 0 + 0, avail 384 = 64 + 320
0:01:05.832725191 18238 0x60400000c890 DEBUG GST_BUS gstbus.c:352:gst_bus_post: [msg 0x60c000821500] dropped
0:01:05.832747894 18238 0x60700134f130 DEBUG rtpjitterbuffer gstrtpjitterbuffer.c:3000:gst_rtp_jitter_buffer_chain: old packet received
0:01:05.832785132 18238 0x60700134f130 DEBUG rtpjitterbuffer gstrtpjitterbuffer.c:2234:remove_timer: removed index 0
0:01:05.832764303 18238 0x607000932940 LOG audio-resampler audio-resampler.c:1654:gst_audio_resampler_get_out_frames: out 480 = ((320 * 3 - 2) / 2) + 1
0:01:05.832777134 18238 0x60400000c890 DEBUG GST_BUS gstbus.c:352:gst_bus_post: [msg 0x60c000821500] dropped
0:01:05.832818146 18238 0x607000932940 LOG audioresample gstaudioresample.c:482:gst_audio_resample_transform_size: transformed size 640 to 960
0:01:05.832820588 18238 0x60400000c890 LOG GST_STATES gstelement.c:2747:gst_element_change_state: exit state change 1
0:01:05.832840119 18238 0x607000932940 DEBUG basetransform gstbasetransform.c:1705:default_prepare_output_buffer: doing alloc of size 960
0:01:05.832844657 18238 0x60400000c890 DEBUG GST_STATES gstelement.c:2654:gst_element_set_state_func: returned SUCCESS
0:01:05.832871256 18238 0x60700134f130 DEBUG rtpjitterbuffer gstrtpjitterbuffer.c:3107:gst_rtp_jitter_buffer_chain: signal event
