0:01:05.802835131 18238 0x607000932940 LOG GST_BUFFER gstbuffer.c:413:_memory_add: buffer 0x612002cd16c0, idx -1, mem 0x62100054ed00
0:01:05.802843935 18238 0x60400000c890 LOG GST_PROPERTIES gstobject.c:456:gst_object_dispatch_properties_changed: deep notification from sink (caps)
0:01:05.802854206 18238 0x607000932940 LOG GST_BUFFER gstbuffer.c:854:gst_buffer_new_allocate: new buffer 0x612002cd16c0 of size 4000 from allocator (nil)
0:01:05.802880125 18238 0x607000932940 DEBUG opusenc gstopusenc.c:1010:gst_opus_enc_encode: encoding 960 samples (1920 bytes)
0:01:05.802881819 18238 0x60400000c890 LOG GST_PROPERTIES gstobject.c:456:gst_object_dispatch_properties_changed: deep notification from sink (caps)
0:01:05.802896101 18238 0x607000932940 LOG GST_BUFFER gstbuffer.c:1720:gst_buffer_map_range: buffer 0x612002cd16c0, idx 0, length -1, flags 0002
0:01:05.802914730 18238 0x607000932940 LOG GST_BUFFER gstbuffer.c:212:_get_merged_memory: buffer 0x612002cd16c0, idx 0, length 1
0:01:05.802918711 18238 0x60400000c890 LOG GST_PROPERTIES gstobject.c:456:gst_object_dispatch_properties_changed: deep notification from sink (caps)
0:01:05.802949262 18238 0x60400000c890 DEBUG GST_PADS gstpad.c:1188:activate_mode_internal: deactivated in push mode
0:01:05.802996048 18238 0x60400000c890 DEBUG GST_ELEMENT_PADS gstelement.c:2859:gst_element_pads_activate: pad deactivation successful
0:01:05.803025079 18238 0x60400000c890 DEBUG basesink gstbasesink.c:934:gst_base_sink_set_last_buffer_unlocked: setting last buffer to (nil)
0:01:05.803045415 18238 0x60700134f130 LOG nicesrc gstnicesrc.c:299:gst_nice_src_create: Got buffer, pushing
0:01:05.803065717 18238 0x60400000c890 LOG GST_BUFFER gstbuffer.c:724:_gst_buffer_free: finalize 0x61200216eec0
0:01:05.803088826 18238 0x60400000c890 DEBUG GST_MEMORY gstmemory.c:87:_gst_memory_free: free memory 0x60d000153a40
0:01:05.803100669 18238 0x607000932940 DEBUG opusenc gstopusenc.c:1041:gst_opus_enc_encode: Output packet is 160 bytes
0:01:05.803128205 18238 0x60400000c890 DEBUG GST_STATES gstelement.c:2731:gst_element_change_state: element changed state SUCCESS
0:01:05.803086824 18238 0x60700134f130 DEBUG GST_CLOCK gstclock.c:1045:gst_clock_get_internal_time: internal time 132:06:01.448350191
0:01:05.803122657 18238 0x607000932940 LOG GST_BUFFER gstbuffer.c:1581:gst_buffer_resize_range: trim 0x612002cd16c0 0-160 size:4000 offs:0 max:4007
0:01:05.803148553 18238 0x60400000c890 INFO GST_STATES gstelement.c:2419:gst_element_continue_state: completed state change to READY
0:01:05.803163453 18238 0x607000932940 LOG audioencoder gstaudioencoder.c:782:gst_audio_encoder_finish_frame: accepting 160 bytes encoded data as 960 samples
0:01:05.803182554 18238 0x60400000c890 INFO GST_STATES gstelement.c:2324:_priv_gst_element_state_changed: notifying about state-changed PAUSED to READY (VOID_PENDING pending)
0:01:05.803188712 18238 0x607000932940 LOG audioencoder gstaudioencoder.c:820:gst_audio_encoder_finish_frame: 14 samples past prev_ts
0:00:44.618979167
0:01:05.803178539 18238 0x60700134f130 DEBUG GST_CLOCK gstclock.c:1090:gst_clock_get_time: adjusted time 132:06:01.448350191
0:01:05.803227456 18238 0x60400000c890 LOG GST_MESSAGE gstmessage.c:300:gst_message_new_custom: source fakesink5: creating new message 0x60c0005119c0 state-changed
0:01:05.803224262 18238 0x607000932940 LOG audioencoder gstaudioencoder.c:822:gst_audio_encoder_finish_frame: 231374 samples past base_ts
0:00:39.798979167
0:01:05.803348987 18238 0x607000932940 LOG audioencoder gstaudioencoder.c:835:gst_audio_encoder_finish_frame: ts diff 0 ms
0:01:05.803370900 18238 0x607000932940 LOG audioencoder gstaudioencoder.c:850:gst_audio_encoder_finish_frame: new upstream ts only introduces jitter
0:01:05.803338962 18238 0x60400000c890 DEBUG GST_BUS gstbus.c:317:gst_bus_post: [msg 0x60c0005119c0] posting on bus state-changed message: 0x60c0005119c0, time 99:99:99.999999999, seq-num 6079, element 'fakesink5', GstMessageStateChanged, old-state=(GstState)GST_STATE_PAUSED, new-state=(GstState)GST_STATE_READY, pending-state=(GstState)GST_STATE_VOID_PENDING;
0:01:05.803328835 18238 0x60700134f130 LOG basesrc gstbasesrc.c:2267:gst_base_src_do_sync: created DTS
0:00:44.643371743
0:01:05.803391963 18238 0x607000932940 LOG adapter gstadapter.c:823:gst_adapter_get_buffer_fast: getting buffer of 1920 bytes
0:01:05.803400409 18238 0x60400000c890 DEBUG bin gstbin.c:3734:gst_bin_handle_message_func: [msg 0x60c0005119c0] handling child fakesink5 message of type state-changed
0:01:05.803438531 18238 0x607000932940 LOG adapter gstadapter.c:849:gst_adapter_get_buffer_fast: appending 932 bytes via region copy
0:01:05.803448837 18238 0x60400000c890 DEBUG bin gstbin.c:4071:gst_bin_handle_message_func: posting message upward
0:01:05.803454895 18238 0x607000932940 LOG GST_BUFFER gstbuffer.c:798:gst_buffer_new: new 0x612002cd25c0
0:01:05.803429727 18238 0x60700134f130 LOG basesrc gstbasesrc.c:2277:gst_base_src_do_sync: created PTS
0:00:44.643371743
0:01:05.803467289 18238 0x607000932940 LOG GST_BUFFER gstbuffer.c:2038:gst_buffer_copy_region: new region copy 0x612002cd25c0 of 0x612004e37b40 28-932
0:01:05.803476074 18238 0x60400000c890 DEBUG GST_BUS gstbus.c:317:gst_bus_post: [msg 0x60c0005119c0] posting on bus state-changed message: 0x60c0005119c0, time 99:99:99.999999999, seq-num 6079, element 'fakesink5', GstMessageStateChanged, old-state=(GstState)GST_STATE_PAUSED, new-state=(GstState)GST_STATE_READY, pending-state=(GstState)GST_STATE_VOID_PENDING;
0:01:05.803507773 18238 0x607000932940 LOG GST_BUFFER gstbuffer.c:514:gst_buffer_copy_into: copy 0x612004e37b40 to 0x612002cd25c0, offset 28-932/960
0:01:05.803505457 18238 0x60700134f130 DEBUG basesrc gstbasesrc.c:2315:gst_base_src_do_sync: no sync needed
0:01:05.803547544 18238 0x60400000c890 DEBUG bin gstbin.c:3734:gst_bin_handle_message_func: [msg 0x60c0005119c0] handling child fakesink5 message of type state-changed
0:01:05.803577766 18238 0x60400000c890 DEBUG bin gstbin.c:4071:gst_bin_handle_message_func: posting message upward
0:01:05.803596080 18238 0x60700134f130 DEBUG basesrc gstbasesrc.c:2524:gst_base_src_get_range: buffer ok
0:01:05.803590597 18238 0x60400000c890 DEBUG GST_BUS gstbus.c:317:gst_bus_post: [msg 0x60c0005119c0] posting on bus state-changed message: 0x60c0005119c0, time 99:99:99.999999999, seq-num 6079, element 'fakesink5', GstMessageStateChanged, old-state=(GstState)GST_STATE_PAUSED, new-state=(GstState)GST_STATE_READY, pending-state=(GstState)GST_STATE_VOID_PENDING;
0:01:05.803627781 18238 0x60400000c890 DEBUG bin gstbin.c:3734:gst_bin_handle_message_func: [msg 0x60c0005119c0] handling child fakesink5 message of type state-changed
0:01:05.803645019 18238 0x60400000c890 DEBUG bin gstbin.c:4071:gst_bin_handle_message_func: posting message upward
0:01:05.803632747 18238 0x60700134f130 LOG GST_SCHEDULING gstpad.c:3615:do_probe_callbacks: do probes cookie 2574
0:01:05.803657708 18238 0x60400000c890 DEBUG GST_BUS gstbus.c:317:gst_bus_post: [msg 0x60c0005119c0] posting on bus state-changed message: 0x60c0005119c0, time 99:99:99.999999999, seq-num 6079, element 'fakesink5', GstMessageStateChanged, old-state=(GstState)GST_STATE_PAUSED, new-state=(GstState)GST_STATE_READY, pending-state=(GstState)GST_STATE_VOID_PENDING;
0:01:05.803692361 18238 0x60400000c890 DEBUG GST_BUS gstbus.c:356:gst_bus_post: [msg 0x60c0005119c0] pushing on async queue
0:01:05.803708022 18238 0x60400000c890 DEBUG GST_BUS gstbus.c:359:gst_bus_post: [msg 0x60c0005119c0] pushed on async queue
0:01:05.803723092 18238 0x60400000c890 DEBUG GST_BUS gstbus.c:352:gst_bus_post: [msg 0x60c0005119c0] dropped
0:01:05.803743899 18238 0x60400000c890 DEBUG GST_BUS gstbus.c:352:gst_bus_post: [msg 0x60c0005119c0] dropped
0:01:05.803693649 18238 0x60700134f130 LOG GST_SCHEDULING gstpad.c:3511:probe_hook_marshal: hook 1, cookie 2574 with flags 0x00003010 does not match 00001012
0:01:05.803547654 18238 0x607000932940 DEBUG GST_MEMORY gstmemory.c:138:gst_memory_init: new memory 0x60d00014c3a0, maxsize:967 offset:28 size:932
0:01:05.803759508 18238 0x60400000c890 DEBUG GST_BUS gstbus.c:352:gst_bus_post: [msg 0x60c0005119c0] dropped
0:01:05.803798105 18238 0x607000932940 LOG GST_BUFFER gstbuffer.c:413:_memory_add: buffer 0x612002cd25c0, idx -1, mem 0x60d00014c3a0
0:01:05.803813373 18238 0x60400000c890 LOG GST_STATES gstelement.c:2747:gst_element_change_state: exit state change 1
0:01:05.803821764 18238 0x607000932940 LOG adapter gstadapter.c:849:gst_adapter_get_buffer_fast: appending 960 bytes via region copy
0:01:05.803829326 18238 0x60700134f130 DEBUG GST_PADS gstpad.c:3696:do_probe_callbacks: data is passed
0:01:05.803844334 18238 0x60400000c890 DEBUG GST_STATES gstelement.c:2654:gst_element_set_state_func: returned SUCCESS
0:01:05.803850593 18238 0x607000932940 LOG GST_BUFFER gstbuffer.c:514:gst_buffer_copy_into: copy 0x612003e15a40 to 0x612002cd25c0, offset 0-960/960
0:01:05.803863476 18238 0x60700134f130 LOG GST_SCHEDULING gstpad.c:3615:do_probe_callbacks: do probes cookie 2575
0:01:05.803873646 18238 0x607000932940 LOG GST_BUFFER gstbuffer.c:413:_memory_add: buffer 0x612002cd25c0, idx -1, mem 0x619000b3b580
0:01:05.803880285 18238 0x60700134f130 LOG GST_SCHEDULING gstpad.c:3454:probe_hook_marshal: hook 1, cookie 2575 with flags 0x00003010 matches
0:01:05.803894440 18238 0x607000932940 LOG adapter gstadapter.c:849:gst_adapter_get_buffer_fast: appending 28 bytes via region copy
0:01:05.803885666 18238 0x60400000c890 INFO GST_STATES gstbin.c:2969:gst_bin_change_state_func: child 'fakesink5' changed state to 2(READY) successfully
0:01:05.803914894 18238 0x60700134f130 DEBUG GST_PADS gstpad.c:3499:probe_hook_marshal: probe returned OK
0:01:05.803906451 18238 0x607000932940 LOG GST_BUFFER gstbuffer.c:514:gst_buffer_copy_into: copy 0x6120028dfbc0 to 0x612002cd25c0, offset 0-28/960
0:01:05.803927932 18238 0x60700134f130 DEBUG GST_SCHEDULING gstpad.c:4200:gst_pad_chain_data_unchecked: calling chainfunction &gst_funnel_sink_chain with buffer buffer: 0x612001499a40, pts 0:00:44.643371743, dts 0:00:44.643371743, dur 99:99:99.999999999, size 588, offset none, offset_end none, flags 0x0
0:01:05.803936213 18238 0x60400000c890 DEBUG bin gstbin.c:2387:gst_bin_sort_iterator_next: queue head gives fakesink4
0:01:05.803950813 18238 0x60700134f130 DEBUG funnel gstfunnel.c:322:gst_funnel_sink_chain_object: received buffer: 0x612001499a40, pts 0:00:44.643371743, dts 0:00:44.643371743, dur 99:99:99.999999999, size 588, offset none, offset_end none, flags 0x0
0:01:05.803933355 18238 0x607000932940 DEBUG GST_MEMORY gstmemory.c:138:gst_memory_init: new memory 0x60d00008bf80, maxsize:967 offset:0 size:28
0:01:05.803967498 18238 0x60400000c890 DEBUG bin gstbin.c:912:find_message: no message found matching types 00001000
0:01:05.803970808 18238 0x607000932940 LOG GST_BUFFER gstbuffer.c:413:_memory_add: buffer 0x612002cd25c0, idx -1, mem 0x60d00008bf80
0:01:05.804002924 18238 0x607000932940 LOG adapter gstadapter.c:633:gst_adapter_flush_unchecked: flushing 1920 bytes
0:01:05.804001543 18238 0x60400000c890 DEBUG bin gstbin.c:919:find_message: structure-change
0:01:05.804022125 18238 0x607000932940 LOG adapter gstadapter.c:655:gst_adapter_flush_unchecked: flushing out head buffer
0:01:05.803979489 18238 0x60700134f130 DEBUG GST_SCHEDULING gstpad.c:4200:gst_pad_chain_data_unchecked: calling chainfunction &gst_proxy_pad_chain_default with buffer buffer: 0x612001499a40, pts 0:00:44.643371743, dts 0:00:44.643371743, dur 99:99:99.999999999, size 588, offset none, offset_end none, flags 0x0
0:01:05.804038720 18238 0x607000932940 LOG GST_BUFFER gstbuffer.c:724:_gst_buffer_free: finalize 0x612004e37b40
0:01:05.804055813 18238 0x607000932940 LOG adapter gstadapter.c:289:update_timestamps_and_offset: new pts
0:00:44.628979167
0:01:05.804042587 18238 0x60400000c890 DEBUG bin gstbin.c:2303:update_degree: change element tee6, degree 1->0, linked to fakesink4
0:01:05.804078524 18238 0x607000932940 LOG adapter gstadapter.c:301:update_timestamps_and_offset: new offset 2142191
0:01:05.804098438 18238 0x607000932940 LOG adapter gstadapter.c:655:gst_adapter_flush_unchecked: flushing out head buffer
0:01:05.804096724 18238 0x60400000c890 DEBUG bin gstbin.c:2186:add_to_queue: adding 'tee6' to queue
0:01:05.804108823 18238 0x607000932940 LOG GST_BUFFER gstbuffer.c:724:_gst_buffer_free: finalize 0x612003e15a40
0:01:05.804054086 18238 0x60700134f130 DEBUG GST_SCHEDULING gstpad.c:4200:gst_pad_chain_data_unchecked: calling chainfunction &gst_funnel_sink_chain with buffer buffer: 0x612001499a40, pts 0:00:44.643371743, dts 0:00:44.643371743, dur 99:99:99.999999999, size 588, offset none, offset_end none, flags 0x0
0:01:05.804134563 18238 0x60400000c890 INFO GST_STATES gstbin.c:2521:gst_bin_element_set_state: current PAUSED pending VOID_PENDING, desired next READY
0:01:05.804133865 18238 0x607000932940 LOG adapter gstadapter.c:289:update_timestamps_and_offset: new pts
0:00:44.638979167
0:01:05.804168210 18238 0x60400000c890 DEBUG bin gstbin.c:912:find_message: no message found matching types 00100000
0:01:05.804177832 18238 0x607000932940 LOG adapter gstadapter.c:301:update_timestamps_and_offset: new offset 2142671
0:01:05.804185723 18238 0x60400000c890 DEBUG bin gstbin.c:919:find_message: async-start
0:01:05.804210433 18238 0x607000932940 LOG audioencoder gstaudioencoder.c:936:gst_audio_encoder_finish_frame: taking 160 bytes for output
0:01:05.804209889 18238 0x60400000c890 DEBUG bin gstbin.c:2616:gst_bin_element_set_state: setting element fakesink4 to READY, base_time 132:05:16.804978448
0:01:05.804182145 18238 0x60700134f130 DEBUG funnel gstfunnel.c:322:gst_funnel_sink_chain_object: received buffer: 0x612001499a40, pts 0:00:44.643371743, dts 0:00:44.643371743, dur 99:99:99.999999999, size 588, offset none, offset_end none, flags 0x0
0:01:05.804239735 18238 0x60400000c890 DEBUG GST_STATES gstelement.c:2570:gst_element_set_state_func: set_state to READY
0:01:05.804239839 18238 0x607000932940 DEBUG audioencoder gstaudioencoder.c:948:gst_audio_encoder_finish_frame: out samples 960
0:01:05.804256375 18238 0x60400000c890 DEBUG GST_STATES gstelement.c:2595:gst_element_set_state_func: setting target state to READY
0:01:05.804271913 18238 0x60400000c890 DEBUG GST_STATES gstelement.c:2608:gst_element_set_state_func: current PAUSED, old_pending VOID_PENDING, next VOID_PENDING, old return SUCCESS
0:01:05.804273689 18238 0x607000932940 LOG audioencoder gstaudioencoder.c:1016:gst_audio_encoder_finish_frame: pushing buffer of size 160 with ts 0:00:44.619270833, duration
0:00:00.020000000
0:01:05.804298339 18238 0x60400000c890 DEBUG GST_STATES gstelement.c:2642:gst_element_set_state_func: final: setting state from PAUSED to READY
0:01:05.804312496 18238 0x607000932940 DEBUG GST_SCHEDULING gstpad.c:4200:gst_pad_chain_data_unchecked: calling chainfunction &0x7f95fe031ee0 with buffer buffer: 0x612002cd16c0, pts 0:00:44.619270833, dts 0:00:44.619270833, dur 0:00:00.020000000, size 160, offset 182720, offset_end 182880, flags 0x0
0:01:05.804352094 18238 0x607000932940 LOG GST_BUFFER gstbuffer.c:798:gst_buffer_new: new 0x6120027571c0
0:01:05.804321008 18238 0x60400000c890 LOG GST_STATES gstelement.c:2897:gst_element_change_state_func: default handler tries setting state from PAUSED to READY (001a)
0:01:05.804276852 18238 0x60700134f130 LOG GST_SCHEDULING gstpad.c:3615:do_probe_callbacks: do probes cookie 1850
0:01:05.804372848 18238 0x607000932940 DEBUG GST_BUFFER gstbuffer.c:1265:gst_buffer_remove_memory_range: idx 0, length -1
0:01:05.804382785 18238 0x60400000c890 DEBUG GST_ELEMENT_PADS gstelement.c:2840:gst_element_pads_activate: deactivate pads
0:01:05.804401847 18238 0x607000932940 LOG GST_BUFFER gstbuffer.c:283:_replace_memory: buffer 0x6120027571c0 replace 0-0 with memory (nil)
0:01:05.804411840 18238 0x60400000c890 DEBUG GST_PADS gstpad.c:1078:gst_pad_set_active: deactivating pad from push mode
0:01:05.804436830 18238 0x60400000c890 DEBUG GST_PADS gstpad.c:967:pre_activate: setting PAD_MODE NONE, set flushing
0:01:05.804430316 18238 0x607000932940 DEBUG GST_MEMORY gstmemory.c:138:gst_memory_init: new memory 0x60f0000b1430, maxsize:19 offset:0 size:12
0:01:05.804451816 18238 0x60400000c890 DEBUG basesink gstbasesink.c:4083:gst_base_sink_set_flushing: flushing out data thread, need preroll to TRUE
0:01:05.804429063 18238 0x60700134f130 LOG GST_SCHEDULING gstpad.c:3511:probe_hook_marshal: hook 1, cookie 1850 with flags 0x00003010 does not match 00001012
0:01:05.804466995 18238 0x60400000c890 DEBUG GST_PADS gstpad.c:1015:post_activate: stopped streaming
0:01:05.804468274 18238 0x607000932940 LOG GST_BUFFER gstbuffer.c:413:_memory_add: buffer 0x6120027571c0, idx -1, mem 0x60f0000b1430
0:01:05.804501826 18238 0x60700134f130 DEBUG GST_PADS gstpad.c:3696:do_probe_callbacks: data is passed
0:01:05.804509998 18238 0x60400000c890 DEBUG GST_PADS gstpad.c:453:remove_events: notify caps
0:01:05.804557352 18238 0x60400000c890 LOG GST_PROPERTIES gstobject.c:456:gst_object_dispatch_properties_changed: deep notification from sink (caps)
0:01:05.804582797 18238 0x60400000c890 LOG GST_PROPERTIES gstobject.c:456:gst_object_dispatch_properties_changed: deep notification from sink (caps)
0:01:05.804562712 18238 0x60700134f130 LOG GST_SCHEDULING gstpad.c:3615:do_probe_callbacks: do probes cookie 1851
0:01:05.804552250 18238 0x607000932940 LOG GST_BUFFER gstbuffer.c:1581:gst_buffer_resize_range: trim 0x612002cd16c0 0--1 size:160 offs:0 max:4007
0:01:05.804598241 18238 0x60400000c890 LOG GST_PROPERTIES gstobject.c:456:gst_object_dispatch_properties_changed: deep notification from sink (caps)
0:01:05.804617892 18238 0x607000932940 LOG GST_BUFFER gstbuffer.c:413:_memory_add: buffer 0x6120027571c0, idx -1, mem 0x62100054ed00
0:01:05.804629716 18238 0x60400000c890 LOG GST_PROPERTIES gstobject.c:456:gst_object_dispatch_properties_changed: deep notification from sink (caps)
0:01:05.804649165 18238 0x607000932940 LOG GST_BUFFER gstbuffer.c:724:_gst_buffer_free: finalize 0x612002cd16c0
0:01:05.804661283 18238 0x60400000c890 DEBUG GST_PADS gstpad.c:1188:activate_mode_internal: deactivated in push mode
0:01:05.804685138 18238 0x60400000c890 DEBUG GST_ELEMENT_PADS gstelement.c:2859:gst_element_pads_activate: pad deactivation successful
0:01:05.804684461 18238 0x607000932940 LOG rtpbasepayload gstrtpbasepayload.c:1223:gst_rtp_base_payload_prepare_push: Using running_time
0:00:44.619270833 for RTP timestamp
0:01:05.804705876 18238 0x60400000c890 DEBUG basesink gstbasesink.c:934:gst_base_sink_set_last_buffer_unlocked: setting last buffer to (nil)
0:01:05.804631139 18238 0x60700134f130 LOG GST_SCHEDULING gstpad.c:3454:probe_hook_marshal: hook 1, cookie 1851 with flags 0x00003010 matches
0:01:05.804723288 18238 0x607000932940 LOG rtpbasepayload gstrtpbasepayload.c:1236:gst_rtp_base_payload_prepare_push: setting running-time to 2141724
0:01:05.804752891 18238 0x60400000c890 LOG GST_BUFFER gstbuffer.c:724:_gst_buffer_free: finalize 0x61200200f140
0:01:05.804756157 18238 0x607000932940 LOG GST_BUFFER gstbuffer.c:1720:gst_buffer_map_range: buffer 0x6120027571c0, idx 0, length 1, flags 0002
0:01:05.804768690 18238 0x60400000c890 DEBUG GST_MEMORY gstmemory.c:87:_gst_memory_free: free memory 0x60f0000d37b0
0:01:05.804784635 18238 0x60400000c890 DEBUG GST_MEMORY gstmemory.c:87:_gst_memory_free: free memory 0x60e00300d180
0:01:05.804757110 18238 0x60700134f130 LOG GST_BUFFER gstbuffer.c:1720:gst_buffer_map_range: buffer 0x612001499a40, idx 0, length 1, flags 0001
0:01:05.804786537 18238 0x607000932940 LOG GST_BUFFER gstbuffer.c:212:_get_merged_memory: buffer 0x6120027571c0, idx 0, length 1
0:01:05.804844276 18238 0x60400000c890 DEBUG GST_MEMORY gstmemory.c:87:_gst_memory_free: free memory 0x60d000202200
0:01:05.804845147 18238 0x607000932940 LOG rtpbasepayload gstrtpbasepayload.c:1265:gst_rtp_base_payload_prepare_push: Preparing to push packet with size 172, seq=12369, rtptime=3499026011, pts
0:00:44.619270833
0:01:05.804863893 18238 0x60400000c890 DEBUG GST_MEMORY gstmemory.c:87:_gst_memory_free: free memory 0x61e0002c2880
0:01:05.804873121 18238 0x607000932940 DEBUG GST_SCHEDULING gstpad.c:4200:gst_pad_chain_data_unchecked: calling chainfunction &gst_proxy_pad_chain_default with buffer buffer: 0x6120027571c0, pts 0:00:44.619270833, dts 0:00:44.619270833, dur 0:00:00.020000000, size 172, offset none, offset_end none, flags 0x4000
0:01:05.804831082 18238 0x60700134f130 LOG GST_BUFFER gstbuffer.c:212:_get_merged_memory: buffer 0x612001499a40, idx 0, length 1
0:01:05.804908024 18238 0x60400000c890 DEBUG GST_STATES gstelement.c:2731:gst_element_change_state: element changed state SUCCESS
0:01:05.804904105 18238 0x607000932940 DEBUG GST_SCHEDULING gstpad.c:4200:gst_pad_chain_data_unchecked: calling chainfunction &gst_base_transform_chain with buffer buffer: 0x6120027571c0, pts 0:00:44.619270833, dts 0:00:44.619270833, dur 0:00:00.020000000, size 172, offset none, offset_end none, flags 0x4000
0:01:05.804933353 18238 0x60400000c890 INFO GST_STATES gstelement.c:2419:gst_element_continue_state: completed state change to READY
0:01:05.804940660 18238 0x607000932940 DEBUG basetransform gstbasetransform.c:2041:default_submit_input_buffer: handling buffer 0x6120027571c0 of size 172, PTS
0:00:44.619270833 and offset NONE
0:01:05.804945228 18238 0x60700134f130 DEBUG GST_PADS gstpad.c:3499:probe_hook_marshal: probe returned OK
0:01:05.804968146 18238 0x607000932940 DEBUG basetransform gstbasetransform.c:2153:default_generate_output: calling prepare buffer
0:01:05.804981414 18238 0x607000932940 DEBUG basetransform gstbasetransform.c:2160:default_generate_output: using allocated buffer in 0x6120027571c0, out 0x6120027571c0
0:01:05.804981163 18238 0x60700134f130 DEBUG GST_SCHEDULING gstpad.c:4200:gst_pad_chain_data_unchecked: calling chainfunction &gst_proxy_pad_chain_default with buffer buffer: 0x612001499a40, pts 0:00:44.643371743, dts 0:00:44.643371743, dur 99:99:99.999999999, size 588, offset none, offset_end none, flags 0x0
0:01:05.804968388 18238 0x60400000c890 INFO GST_STATES gstelement.c:2324:_priv_gst_element_state_changed: notifying about state-changed PAUSED to READY (VOID_PENDING pending)
0:01:05.805000033 18238 0x607000932940 DEBUG basetransform gstbasetransform.c:2177:default_generate_output: doing inplace transform
0:01:05.805007240 18238 0x60700134f130 DEBUG GST_SCHEDULING gstpad.c:4200:gst_pad_chain_data_unchecked: calling chainfunction &gst_srtp_dec_chain_rtp with buffer buffer: 0x612001499a40, pts 0:00:44.643371743, dts 0:00:44.643371743, dur 99:99:99.999999999, size 588, offset none, offset_end none, flags 0x0
0:01:05.805025527 18238 0x60700134f130 LOG GST_BUFFER gstbuffer.c:1720:gst_buffer_map_range: buffer 0x612001499a40, idx 0, length 1, flags 10001
0:01:05.805036381 18238 0x60700134f130 LOG GST_BUFFER gstbuffer.c:212:_get_merged_memory: buffer 0x612001499a40, idx 0, length 1
0:01:05.805028200 18238 0x607000932940 DEBUG GST_SCHEDULING gstpad.c:4200:gst_pad_chain_data_unchecked: calling chainfunction &gst_rtp_mux_chain with buffer buffer: 0x6120027571c0, pts 0:00:44.619270833, dts 0:00:44.619270833, dur 0:00:00.020000000, size 172, offset none, offset_end none, flags 0x4000
0:01:05.805031952 18238 0x60400000c890 LOG GST_MESSAGE gstmessage.c:300:gst_message_new_custom: source fakesink4: creating new message 0x60c0003dc3c0 state-changed
0:01:05.805055808 18238 0x607000932940 LOG GST_BUFFER gstbuffer.c:1720:gst_buffer_map_range: buffer 0x6120027571c0, idx 0, length 1, flags 0003
0:01:05.805051485 18238 0x60700134f130 DEBUG GST_SCHEDULING gstpad.c:4200:gst_pad_chain_data_unchecked: calling chainfunction &0x7f95fddf0e30 with buffer buffer: 0x612001499a40, pts 0:00:44.643371743, dts 0:00:44.643371743, dur 99:99:99.999999999, size 588, offset none, offset_end none, flags 0x0
0:01:05.805083121 18238 0x607000932940 LOG GST_BUFFER gstbuffer.c:212:_get_merged_memory: buffer 0x6120027571c0, idx 0, length 1
0:01:05.805079367 18238 0x60400000c890 DEBUG GST_BUS gstbus.c:317:gst_bus_post: [msg 0x60c0003dc3c0] posting on bus state-changed message: 0x60c0003dc3c0, time 99:99:99.999999999, seq-num 6080, element 'fakesink4', GstMessageStateChanged, old-state=(GstState)GST_STATE_PAUSED, new-state=(GstState)GST_STATE_READY, pending-state=(GstState)GST_STATE_VOID_PENDING;
0:01:05.805126461 18238 0x607000932940 LOG rtpmux gstrtpmux.c:355:gst_rtp_mux_readjust_rtp_timestamp_locked: Re-adjusting RTP ts 3499026011 to 2570384293
0:01:05.805146515 18238 0x60700134f130 LOG rtpsession gstrtpsession.c:1917:gst_rtp_session_chain_recv_rtp: received RTP packet
0:01:05.805151803 18238 0x607000932940 LOG rtpmux gstrtpmux.c:377:process_buffer_locked: Pushing packet size 12, seq=10590, ts=2570384293
0:01:05.805151370 18238 0x60400000c890 DEBUG bin gstbin.c:3734:gst_bin_handle_message_func: [msg 0x60c0003dc3c0] handling child fakesink4 message of type state-changed
0:01:05.805175172 18238 0x607000932940 DEBUG GST_SCHEDULING gstpad.c:4200:gst_pad_chain_data_unchecked: calling chainfunction &gst_proxy_pad_chain_default with buffer buffer: 0x6120027571c0, pts 0:00:44.619270833, dts 0:00:44.619270833, dur 0:00:00.020000000, size 172, offset none, offset_end none, flags 0x4000
0:01:05.805190022 18238 0x60400000c890 DEBUG bin gstbin.c:4071:gst_bin_handle_message_func: posting message upward
0:01:05.805185424 18238 0x60700134f130 DEBUG GST_CLOCK gstclock.c:1045:gst_clock_get_internal_time: internal time 132:06:01.450449136
0:01:05.805206457 18238 0x607000932940 DEBUG GST_SCHEDULING gstpad.c:4200:gst_pad_chain_data_unchecked: calling chainfunction &0x7f95fddef870 with buffer buffer: 0x6120027571c0, pts 0:00:44.619270833, dts 0:00:44.619270833, dur 0:00:00.020000000, size 172, offset none, offset_end none, flags 0x4000
0:01:05.805239944 18238 0x607000932940 LOG rtpsession gstrtpsession.c:2273:gst_rtp_session_chain_send_rtp_common: received RTP packet
0:01:05.805257149 18238 0x607000932940 DEBUG GST_CLOCK gstclock.c:1045:gst_clock_get_internal_time: internal time 132:06:01.450522885
0:01:05.805217312 18238 0x60400000c890 DEBUG GST_BUS gstbus.c:317:gst_bus_post: [msg 0x60c0003dc3c0] posting on bus state-changed message: 0x60c0003dc3c0, time 99:99:99.999999999, seq-num 6080, element 'fakesink4', GstMessageStateChanged, old-state=(GstState)GST_STATE_PAUSED, new-state=(GstState)GST_STATE_READY, pending-state=(GstState)GST_STATE_VOID_PENDING;
0:01:05.805253561 18238 0x60700134f130 DEBUG GST_CLOCK gstclock.c:1090:gst_clock_get_time: adjusted time 132:06:01.450449136
0:01:05.805278668 18238 0x607000932940 DEBUG GST_CLOCK gstclock.c:1090:gst_clock_get_time: adjusted time 132:06:01.450522885
0:01:05.805304268 18238 0x607000932940 LOG rtpsession rtpsession.c:2981:rtp_session_send_rtp: received RTP packet for sending
0:01:05.805299478 18238 0x60400000c890 DEBUG bin gstbin.c:3734:gst_bin_handle_message_func: [msg 0x60c0003dc3c0] handling child fakesink4 message of type state-changed
0:01:05.805320063 18238 0x607000932940 LOG GST_BUFFER gstbuffer.c:1720:gst_buffer_map_range: buffer 0x6120027571c0, idx 0, length 1, flags 0001
0:01:05.805337679 18238 0x607000932940 LOG GST_BUFFER gstbuffer.c:212:_get_merged_memory: buffer 0x6120027571c0, idx 0, length 1
0:01:05.805318471 18238 0x60700134f130 LOG GST_BUFFER gstbuffer.c:1720:gst_buffer_map_range: buffer 0x612001499a40, idx 0, length 1, flags 0001
0:01:05.805341950 18238 0x60400000c890 DEBUG bin gstbin.c:4071:gst_bin_handle_message_func: posting message upward
0:01:05.805360183 18238 0x607000932940 LOG rtpsource rtpsource.c:1158:update_receiver_stats: seq 10590, PC: 1143, OC: 182880
0:01:05.805383121 18238 0x607000932940 LOG rtpsource rtpsource.c:1289:rtp_source_send_rtp: SSRC a9eb0eb9, RTP 2570384293, running_time
0:00:44.619270833
0:01:05.805402713 18238 0x607000932940 LOG rtpsource rtpsource.c:1299:rtp_source_send_rtp: SSRC a9eb0eb9, diff RTP 960, diff running_time
0:00:00.020000000
0:01:05.805420959 18238 0x607000932940 LOG rtpsource rtpsource.c:1312:rtp_source_send_rtp: pushing RTP packet 1143
0:01:05.805433911 18238 0x607000932940 LOG rtpsession rtpsession.c:1377:source_push_rtp: source a9eb0eb9 pushed sender RTP packet
0:01:05.805449324 18238 0x607000932940 LOG rtpsession gstrtpsession.c:1367:gst_rtp_session_send_rtp: sending RTP packet
0:01:05.805386503 18238 0x60400000c890 DEBUG GST_BUS gstbus.c:317:gst_bus_post: [msg 0x60c0003dc3c0] posting on bus state-changed message: 0x60c0003dc3c0, time 99:99:99.999999999, seq-num 6080, element 'fakesink4', GstMessageStateChanged, old-state=(GstState)GST_STATE_PAUSED, new-state=(GstState)GST_STATE_READY, pending-state=(GstState)GST_STATE_VOID_PENDING;
0:01:05.805464637 18238 0x607000932940 DEBUG GST_SCHEDULING gstpad.c:4200:gst_pad_chain_data_unchecked: calling chainfunction &gst_srtp_enc_chain_rtp with buffer buffer: 0x6120027571c0, pts 0:00:44.619270833, dts 0:00:44.619270833, dur 0:00:00.020000000, size 172, offset none, offset_end none, flags 0x4000
0:01:05.805451851 18238 0x60700134f130 LOG GST_BUFFER gstbuffer.c:212:_get_merged_memory: buffer 0x612001499a40, idx 0, length 1
0:01:05.805506903 18238 0x607000932940 DEBUG GST_SCHEDULING gstpad.c:4200:gst_pad_chain_data_unchecked: calling chainfunction &gst_proxy_pad_chain_default with buffer buffer: 0x6120027571c0, pts 0:00:44.619270833, dts 0:00:44.619270833, dur 0:00:00.020000000, size 172, offset none, offset_end none, flags 0x4000
0:01:05.805502188 18238 0x60400000c890 DEBUG bin gstbin.c:3734:gst_bin_handle_message_func: [msg 0x60c0003dc3c0] handling child fakesink4 message of type state-changed
0:01:05.805546996 18238 0x60400000c890 DEBUG bin gstbin.c:4071:gst_bin_handle_message_func: posting message upward
0:01:05.805538853 18238 0x607000932940 DEBUG GST_SCHEDULING gstpad.c:4200:gst_pad_chain_data_unchecked: calling chainfunction &gst_tee_chain with buffer buffer: 0x6120027571c0, pts 0:00:44.619270833, dts 0:00:44.619270833, dur 0:00:00.020000000, size 172, offset none, offset_end none, flags 0x4000
0:01:05.805572917 18238 0x607000932940 DEBUG tee gsttee.c:777:gst_tee_chain: received buffer 0x6120027571c0
0:01:05.805554222 18238 0x60700134f130 INFO rtpsource rtpsource.c:1147:update_receiver_stats: duplicate or reordered packet (seqnr 30695, expected 30735)
0:01:05.805593515 18238 0x607000932940 DEBUG GST_SCHEDULING gstpad.c:4200:gst_pad_chain_data_unchecked: calling chainfunction &gst_proxy_pad_chain_default with buffer buffer: 0x6120027571c0, pts 0:00:44.619270833, dts 0:00:44.619270833, dur 0:00:00.020000000, size 172, offset none, offset_end none, flags 0x4000
0:01:05.805573063 18238 0x60400000c890 DEBUG GST_BUS gstbus.c:317:gst_bus_post: [msg 0x60c0003dc3c0] posting on bus state-changed message: 0x60c0003dc3c0, time 99:99:99.999999999, seq-num 6080, element 'fakesink4', GstMessageStateChanged, old-state=(GstState)GST_STATE_PAUSED, new-state=(GstState)GST_STATE_READY, pending-state=(GstState)GST_STATE_VOID_PENDING;
0:01:05.805601225 18238 0x60700134f130 LOG rtpsource rtpsource.c:1158:update_receiver_stats: seq 30695, PC: 768, OC: 753772
0:01:05.805624845 18238 0x607000932940 DEBUG GST_SCHEDULING gstpad.c:4200:gst_pad_chain_data_unchecked: calling chainfunction &gst_tee_chain with buffer buffer: 0x6120027571c0, pts 0:00:44.619270833, dts 0:00:44.619270833, dur 0:00:00.020000000, size 172, offset none, offset_end none, flags 0x4000
0:01:05.805647103 18238 0x60400000c890 DEBUG GST_BUS gstbus.c:356:gst_bus_post: [msg 0x60c0003dc3c0] pushing on async queue
0:01:05.805677077 18238 0x607000932940 DEBUG tee gsttee.c:777:gst_tee_chain: received buffer 0x6120027571c0
0:01:05.805665851 18238 0x60700134f130 LOG rtpsource rtpsource.c:938:calculate_jitter: SSRC 439a6d76 got payload 98
0:01:05.805696993 18238 0x607000932940 LOG tee gsttee.c:694:gst_tee_handle_data: Starting to push buffer 0x6120027571c0
0:01:05.805694128 18238 0x60400000c890 DEBUG GST_BUS gstbus.c:359:gst_bus_post: [msg 0x60c0003dc3c0] pushed on async queue
0:01:05.805752236 18238 0x60400000c890 DEBUG GST_BUS gstbus.c:352:gst_bus_post: [msg 0x60c0003dc3c0] dropped
0:01:05.805722464 18238 0x607000932940 DEBUG GST_SCHEDULING gstpad.c:4200:gst_pad_chain_data_unchecked: calling chainfunction &gst_base_sink_chain with buffer buffer: 0x6120027571c0, pts 0:00:44.619270833, dts 0:00:44.619270833, dur 0:00:00.020000000, size 172, offset none, offset_end none, flags 0x4000
0:01:05.805706256 18238 0x60700134f130 LOG rtpsource rtpsource.c:971:calculate_jitter: rtparrival 4017903, rtptime 1879812368, clock-rate 90000, diff 34403, jitter: 35219.687500
0:01:05.805789024 18238 0x60400000c890 DEBUG GST_BUS gstbus.c:352:gst_bus_post: [msg 0x60c0003dc3c0] dropped
0:01:05.805790939 18238 0x607000932940 DEBUG basesink gstbasesink.c:3360:gst_base_sink_chain_unlocked: got times start: 0:00:44.619270833, end:
0:00:44.639270833
0:01:05.805818921 18238 0x60700134f130 LOG rtpsource rtpsource.c:879:push_packet: pushing new packet
0:01:05.805824745 18238 0x60400000c890 DEBUG GST_BUS gstbus.c:352:gst_bus_post: [msg 0x60c0003dc3c0] dropped
0:01:05.805826326 18238 0x607000932940 DEBUG basesink gstbasesink.c:1946:gst_base_sink_get_sync_times: got times start: 0:00:44.619270833, stop: 0:00:44.639270833, do_sync 1
0:01:05.805850337 18238 0x60700134f130 LOG rtpsession rtpsession.c:1389:source_push_rtp: source 439a6d76 pushed receiver RTP packet
0:01:05.805857947 18238 0x60400000c890 LOG GST_STATES gstelement.c:2747:gst_element_change_state: exit state change 1
0:01:05.805892122 18238 0x60700134f130 LOG rtpsession gstrtpsession.c:1336:gst_rtp_session_process_rtp: pushing received RTP packet
0:01:05.805902076 18238 0x60400000c890 DEBUG GST_STATES gstelement.c:2654:gst_element_set_state_func: returned SUCCESS
0:01:05.805858448 18238 0x607000932940 LOG basesink gstbasesink.c:2483:gst_base_sink_do_sync: avg frame diff
0:00:00.020000000
0:01:05.805940273 18238 0x60400000c890 INFO GST_STATES gstbin.c:2969:gst_bin_change_state_func: child 'fakesink4' changed state to 2(READY) successfully
0:01:05.805952206 18238 0x607000932940 DEBUG basesink gstbasesink.c:2523:gst_base_sink_do_sync: reset rc_time to time
0:00:44.619270833
0:01:05.805968021 18238 0x60400000c890 DEBUG bin gstbin.c:2387:gst_bin_sort_iterator_next: queue head gives tee7
0:01:05.805993292 18238 0x60400000c890 DEBUG bin gstbin.c:912:find_message: no message found matching types 00001000
0:01:05.805991210 18238 0x607000932940 DEBUG basesink gstbasesink.c:2535:gst_base_sink_do_sync: possibly waiting for clock to reach 0:00:44.619270833, adjusted
0:00:44.619270833
0:01:05.806010401 18238 0x60400000c890 DEBUG bin gstbin.c:919:find_message: structure-change
0:01:05.806038939 18238 0x607000932940 DEBUG basesink gstbasesink.c:2163:gst_base_sink_wait_clock: sync disabled
0:01:05.806042781 18238 0x60400000c890 DEBUG bin gstbin.c:2326:update_degree: element tee7 not linked on any sinkpads
0:01:05.805973882 18238 0x60700134f130 DEBUG GST_SCHEDULING gstpad.c:4200:gst_pad_chain_data_unchecked: calling chainfunction &0x7f95fdddb9d0 with buffer buffer: 0x612001499a40, pts 0:00:44.643371743, dts 0:00:44.643371743, dur 99:99:99.999999999, size 588, offset none, offset_end none, flags 0x0
0:01:05.806066103 18238 0x60400000c890 INFO GST_STATES gstbin.c:2521:gst_bin_element_set_state: current PAUSED pending VOID_PENDING, desired next READY
0:01:05.806065965 18238 0x607000932940 DEBUG basesink gstbasesink.c:2542:gst_base_sink_do_sync: clock returned 4, jitter
0:00:00.000000000
0:01:05.806100733 18238 0x60400000c890 DEBUG bin gstbin.c:912:find_message: no message found matching types 00100000
0:01:05.806117676 18238 0x60400000c890 DEBUG bin gstbin.c:919:find_message: async-start
0:01:05.806112079 18238 0x607000932940 DEBUG basesink gstbasesink.c:3468:gst_base_sink_chain_unlocked: rendering object 0x6120027571c0
0:01:05.806089905 18238 0x60700134f130 LOG GST_BUFFER gstbuffer.c:1720:gst_buffer_map_range: buffer 0x612001499a40, idx 0, length 1, flags 0001
0:01:05.806140731 18238 0x60400000c890 DEBUG bin gstbin.c:2616:gst_bin_element_set_state: setting element tee7 to READY, base_time 132:05:16.804978448
0:01:05.806140737 18238 0x607000932940 DEBUG basesink gstbasesink.c:934:gst_base_sink_set_last_buffer_unlocked: setting last buffer to 0x6120027571c0
0:01:05.806168244 18238 0x60400000c890 DEBUG GST_STATES gstelement.c:2570:gst_element_set_state_func: set_state to READY
0:01:05.806161440 18238 0x60700134f130 LOG GST_BUFFER gstbuffer.c:212:_get_merged_memory: buffer 0x612001499a40, idx 0, length 1
0:01:05.806191608 18238 0x607000932940 DEBUG basesink gstbasesink.c:3507:gst_base_sink_chain_unlocked: object unref after render 0x6120027571c0
0:01:05.806189262 18238 0x60400000c890 DEBUG GST_STATES gstelement.c:2595:gst_element_set_state_func: setting target state to READY
0:01:05.806221358 18238 0x607000932940 DEBUG GST_SCHEDULING gstpad.c:4206:gst_pad_chain_data_unchecked: called chainfunction &gst_base_sink_chain with buffer 0x6120027571c0, returned ok
0:01:05.806220777 18238 0x60400000c890 DEBUG GST_STATES gstelement.c:2608:gst_element_set_state_func: current PAUSED, old_pending VOID_PENDING, next VOID_PENDING, old return SUCCESS
0:01:05.806227231 18238 0x60700134f130 DEBUG rtpssrcdemux gstrtpssrcdemux.c:625:gst_rtp_ssrc_demux_chain: received buffer of SSRC 439a6d76
0:01:05.806254754 18238 0x60400000c890 DEBUG GST_STATES gstelement.c:2642:gst_element_set_state_func: final: setting state from PAUSED to READY
0:01:05.806255462 18238 0x607000932940 LOG tee gsttee.c:699:gst_tee_handle_data: Pushing item 0x6120027571c0 yielded result ok
0:01:05.806277054 18238 0x60400000c890 LOG GST_STATES gstelement.c:2897:gst_element_change_state_func: default handler tries setting state from PAUSED to READY (001a)
0:01:05.806291816 18238 0x607000932940 LOG tee gsttee.c:731:gst_tee_handle_data: Replacing ret val -1 with 0
0:01:05.806306520 18238 0x60400000c890 DEBUG GST_ELEMENT_PADS gstelement.c:2840:gst_element_pads_activate: deactivate pads
0:01:05.806322438 18238 0x607000932940 LOG tee gsttee.c:694:gst_tee_handle_data: Starting to push buffer 0x6120027571c0
0:01:05.806333712 18238 0x60400000c890 DEBUG GST_PADS gstpad.c:1078:gst_pad_set_active: deactivating pad from push mode
0:01:05.806292510 18238 0x60700134f130 DEBUG GST_SCHEDULING gstpad.c:4200:gst_pad_chain_data_unchecked: calling chainfunction &gst_rtp_jitter_buffer_chain with buffer buffer: 0x612001499a40, pts 0:00:44.643371743, dts 0:00:44.643371743, dur 99:99:99.999999999, size 588, offset none, offset_end none, flags 0x0
0:01:05.806361770 18238 0x60400000c890 DEBUG GST_PADS gstpad.c:967:pre_activate: setting PAD_MODE NONE, set flushing
0:01:05.806383661 18238 0x60400000c890 DEBUG GST_PADS gstpad.c:1015:post_activate: stopped streaming
0:01:05.806361470 18238 0x607000932940 DEBUG GST_SCHEDULING gstpad.c:4200:gst_pad_chain_data_unchecked: calling chainfunction &gst_base_sink_chain with buffer buffer: 0x6120027571c0, pts 0:00:44.619270833, dts 0:00:44.619270833, dur 0:00:00.020000000, size 172, offset none, offset_end none, flags 0x4000
0:01:05.806373118 18238 0x60700134f130 LOG GST_BUFFER gstbuffer.c:1720:gst_buffer_map_range: buffer 0x612001499a40, idx 0, length 1, flags 0001
0:01:05.806412844 18238 0x607000932940 DEBUG basesink gstbasesink.c:3360:gst_base_sink_chain_unlocked: got times start: 0:00:44.619270833, end:
0:00:44.639270833
0:01:05.806405606 18238 0x60400000c890 DEBUG GST_PADS gstpad.c:453:remove_events: notify caps
0:01:05.806453837 18238 0x607000932940 DEBUG basesink gstbasesink.c:1946:gst_base_sink_get_sync_times: got times start: 0:00:44.619270833, stop: 0:00:44.639270833, do_sync 1
0:01:05.806487552 18238 0x607000932940 LOG basesink gstbasesink.c:2483:gst_base_sink_do_sync: avg frame diff
0:00:00.020000000
0:01:05.806513510 18238 0x607000932940 DEBUG basesink gstbasesink.c:2523:gst_base_sink_do_sync: reset rc_time to time
0:00:44.619270833
0:01:05.806438847 18238 0x60700134f130 LOG GST_BUFFER gstbuffer.c:212:_get_merged_memory: buffer 0x612001499a40, idx 0, length 1
0:01:05.806470109 18238 0x60400000c890 LOG GST_PROPERTIES gstobject.c:456:gst_object_dispatch_properties_changed: deep notification from src_0 (caps)
0:01:05.806538143 18238 0x607000932940 DEBUG basesink gstbasesink.c:2535:gst_base_sink_do_sync: possibly waiting for clock to reach 0:00:44.619270833, adjusted
0:00:44.619270833
0:01:05.806594833 18238 0x60400000c890 LOG GST_PROPERTIES gstobject.c:456:gst_object_dispatch_properties_changed: deep notification from src_0 (caps)
0:01:05.806578453 18238 0x60700134f130 DEBUG rtpjitterbuffer gstrtpjitterbuffer.c:2853:gst_rtp_jitter_buffer_chain: Received packet #30695 at time 0:00:44.643371743, discont 0, rtx 0
0:01:05.806621492 18238 0x60400000c890 LOG GST_PROPERTIES gstobject.c:456:gst_object_dispatch_properties_changed: deep notification from src_0 (caps)
0:01:05.806614466 18238 0x607000932940 DEBUG basesink gstbasesink.c:2163:gst_base_sink_wait_clock: sync disabled
0:01:05.806665274 18238 0x60400000c890 LOG GST_PROPERTIES gstobject.c:456:gst_object_dispatch_properties_changed: deep notification from src_0 (caps)
0:01:05.806673397 18238 0x607000932940 DEBUG basesink gstbasesink.c:2542:gst_base_sink_do_sync: clock returned 4, jitter
0:00:00.000000000
0:01:05.806687589 18238 0x60400000c890 DEBUG GST_PADS gstpad.c:1188:activate_mode_internal: deactivated in push mode
0:01:05.806717258 18238 0x60400000c890 DEBUG GST_PADS gstpad.c:1078:gst_pad_set_active: deactivating pad from push mode
0:01:05.806715395 18238 0x607000932940 DEBUG basesink gstbasesink.c:3468:gst_base_sink_chain_unlocked: rendering object 0x6120027571c0
0:01:05.806755536 18238 0x60400000c890 DEBUG GST_PADS gstpad.c:967:pre_activate: setting PAD_MODE NONE, set flushing
0:01:05.806780710 18238 0x60400000c890 DEBUG GST_PADS gstpad.c:1015:post_activate: stopped streaming
0:01:05.806780707 18238 0x607000932940 DEBUG basesink gstbasesink.c:934:gst_base_sink_set_last_buffer_unlocked: setting last buffer to 0x6120027571c0
0:01:05.806795594 18238 0x60400000c890 DEBUG GST_PADS gstpad.c:453:remove_events: notify caps
0:01:05.806654296 18238 0x60700134f130 LOG rtpjitterbuffer gstrtpjitterbuffer.c:2589:calculate_jitter: dtsdiff
0:00:00.015587134 rtptime 5124095:34:33.342884950, clock-rate 90000, diff 0:00:00.382253800, jitter:
0:00:00.391329013
0:01:05.806813432 18238 0x60400000c890 LOG GST_PROPERTIES gstobject.c:456:gst_object_dispatch_properties_changed: deep notification from src_1 (caps)
0:01:05.806817235 18238 0x607000932940 LOG GST_BUFFER gstbuffer.c:724:_gst_buffer_free: finalize 0x6120014a8a40
0:01:05.806834257 18238 0x60400000c890 LOG GST_PROPERTIES gstobject.c:456:gst_object_dispatch_properties_changed: deep notification from src_1 (caps)
0:01:05.806841634 18238 0x607000932940 DEBUG GST_MEMORY gstmemory.c:87:_gst_memory_free: free memory 0x60f0000f5860
0:01:05.806854083 18238 0x60400000c890 LOG GST_PROPERTIES gstobject.c:456:gst_object_dispatch_properties_changed: deep notification from src_1 (caps)
0:01:05.806838689 18238 0x60700134f130 DEBUG rtpjitterbuffer gstrtpjitterbuffer.c:2950:gst_rtp_jitter_buffer_chain: expected #30735, got #30695, gap of -40
0:01:05.806879183 18238 0x60400000c890 LOG GST_PROPERTIES gstobject.c:456:gst_object_dispatch_properties_changed: deep notification from src_1 (caps)
0:01:05.806870623 18238 0x607000932940 DEBUG GST_MEMORY gstmemory.c:87:_gst_memory_free: free memory 0x62100054d900
0:01:05.806904652 18238 0x60700134f130 DEBUG rtpjitterbuffer gstrtpjitterbuffer.c:2979:gst_rtp_jitter_buffer_chain: Clearing gap packets
0:01:05.806900750 18238 0x60400000c890 DEBUG GST_PADS gstpad.c:1188:activate_mode_internal: deactivated in push mode
0:01:05.806914463 18238 0x607000932940 LOG nicesink gstnicesink.c:265:gst_nice_sink_render_buffers: 1 buffers, 2 memories -> to be sent
0:01:05.806930065 18238 0x60400000c890 DEBUG GST_PADS gstpad.c:1078:gst_pad_set_active: deactivating pad from push mode
0:01:05.806960288 18238 0x60400000c890 DEBUG GST_PADS gstpad.c:967:pre_activate: setting PAD_MODE NONE, set flushing
0:01:05.806977737 18238 0x60400000c890 DEBUG GST_PADS gstpad.c:1015:post_activate: stopped streaming
0:01:05.806996399 18238 0x60400000c890 DEBUG GST_PADS gstpad.c:453:remove_events: notify caps
0:01:05.807014265 18238 0x60400000c890 LOG GST_PROPERTIES gstobject.c:456:gst_object_dispatch_properties_changed: deep notification from sink (caps)
0:01:05.806979292 18238 0x60700134f130 DEBUG rtpjitterbuffer rtpjitterbuffer.c:785:rtp_jitter_buffer_calculate_pts: extrtp 1879812368, gstrtp 5:48:06.804088888, base 5:48:06.537422222, send_diff
0:00:00.266666666
0:01:05.807041063 18238 0x60400000c890 LOG GST_PROPERTIES gstobject.c:456:gst_object_dispatch_properties_changed: deep notification from sink (caps)
0:01:05.807086444 18238 0x60400000c890 LOG GST_PROPERTIES gstobject.c:456:gst_object_dispatch_properties_changed: deep notification from sink (caps)
0:01:05.807105634 18238 0x60400000c890 LOG GST_PROPERTIES gstobject.c:456:gst_object_dispatch_properties_changed: deep notification from sink (caps)
0:01:05.807127315 18238 0x60400000c890 DEBUG GST_PADS gstpad.c:1188:activate_mode_internal: deactivated in push mode
0:01:05.807074449 18238 0x60700134f130 DEBUG rtpjitterbuffer rtpjitterbuffer.c:563:calculate_skew: time 0:00:44.643371743, base 0:00:44.620944576, recv_diff 0:00:00.022427167, slope 95
0:01:05.807158644 18238 0x60400000c890 DEBUG GST_ELEMENT_PADS gstelement.c:2859:gst_element_pads_activate: pad deactivation successful
0:01:05.807140795 18238 0x607000932940 DEBUG basesink gstbasesink.c:3507:gst_base_sink_chain_unlocked: object unref after render 0x6120027571c0
0:01:05.807198658 18238 0x60400000c890 DEBUG GST_STATES gstelement.c:2731:gst_element_change_state: element changed state SUCCESS
0:01:05.807184207 18238 0x60700134f130 DEBUG rtpjitterbuffer rtpjitterbuffer.c:580:calculate_skew: filling 1, delta -244239499
0:01:05.807213003 18238 0x60400000c890 INFO GST_STATES gstelement.c:2419:gst_element_continue_state: completed state change to READY
0:01:05.807214206 18238 0x607000932940 DEBUG GST_SCHEDULING gstpad.c:4206:gst_pad_chain_data_unchecked: called chainfunction &gst_base_sink_chain with buffer 0x6120027571c0, returned ok
0:01:05.807257038 18238 0x60400000c890 INFO GST_STATES gstelement.c:2324:_priv_gst_element_state_changed: notifying about state-changed PAUSED to READY (VOID_PENDING pending)
0:01:05.807246255 18238 0x60700134f130 DEBUG rtpjitterbuffer rtpjitterbuffer.c:664:calculate_skew: skew -69776261, out
0:00:44.817834981
0:01:05.807272980 18238 0x607000932940 LOG tee gsttee.c:699:gst_tee_handle_data: Pushing item 0x6120027571c0 yielded result ok
0:01:05.807285640 18238 0x60400000c890 LOG GST_MESSAGE gstmessage.c:300:gst_message_new_custom: source tee7: creating new message 0x60c0009ac9c0 state-changed
0:01:05.807318879 18238 0x60700134f130 DEBUG rtpjitterbuffer gstrtpjitterbuffer.c:3000:gst_rtp_jitter_buffer_chain: old packet received
0:01:05.807318492 18238 0x607000932940 LOG tee gsttee.c:731:gst_tee_handle_data: Replacing ret val 0 with 0
0:01:05.807319374 18238 0x60400000c890 DEBUG GST_BUS gstbus.c:317:gst_bus_post: [msg 0x60c0009ac9c0] posting on bus state-changed message: 0x60c0009ac9c0, time 99:99:99.999999999, seq-num 6081, element 'tee7', GstMessageStateChanged, old-state=(GstState)GST_STATE_PAUSED, new-state=(GstState)GST_STATE_READY, pending-state=(GstState)GST_STATE_VOID_PENDING;
0:01:05.807370300 18238 0x607000932940 DEBUG tee gsttee.c:781:gst_tee_chain: handled buffer ok
0:01:05.807380877 18238 0x60700134f130 DEBUG rtpjitterbuffer gstrtpjitterbuffer.c:3107:gst_rtp_jitter_buffer_chain: signal event
0:01:05.807390044 18238 0x607000932940 DEBUG GST_SCHEDULING gstpad.c:4206:gst_pad_chain_data_unchecked: called chainfunction &gst_tee_chain with buffer 0x6120027571c0, returned ok
0:01:05.807381075 18238 0x60400000c890 DEBUG bin gstbin.c:3734:gst_bin_handle_message_func: [msg 0x60c0009ac9c0] handling child tee7 message of type state-changed
0:01:05.807420713 18238 0x60700134f130 DEBUG rtpjitterbuffer gstrtpjitterbuffer.c:3112:gst_rtp_jitter_buffer_chain: Unscheduling waiting new buffer
0:01:05.807430422 18238 0x60400000c890 DEBUG bin gstbin.c:4071:gst_bin_handle_message_func: posting message upward
0:01:05.807415042 18238 0x607000932940 DEBUG GST_SCHEDULING gstpad.c:4206:gst_pad_chain_data_unchecked: called chainfunction &gst_proxy_pad_chain_default with buffer 0x6120027571c0, returned ok
0:01:05.807480688 18238 0x607000932940 DEBUG tee gsttee.c:781:gst_tee_chain: handled buffer ok
0:01:05.807469957 18238 0x60400000c890 DEBUG GST_BUS gstbus.c:317:gst_bus_post: [msg 0x60c0009ac9c0] posting on bus state-changed message: 0x60c0009ac9c0, time 99:99:99.999999999, seq-num 6081, element 'tee7', GstMessageStateChanged, old-state=(GstState)GST_STATE_PAUSED, new-state=(GstState)GST_STATE_READY, pending-state=(GstState)GST_STATE_VOID_PENDING;
0:01:05.807505716 18238 0x607000932940 DEBUG GST_SCHEDULING gstpad.c:4206:gst_pad_chain_data_unchecked: called chainfunction &gst_tee_chain with buffer 0x6120027571c0, returned ok
0:01:05.807515861 18238 0x60400000c890 DEBUG bin gstbin.c:3734:gst_bin_handle_message_func: [msg 0x60c0009ac9c0] handling child tee7 message of type state-changed
0:01:05.807541640 18238 0x607000932940 DEBUG GST_SCHEDULING gstpad.c:4206:gst_pad_chain_data_unchecked: called chainfunction &gst_proxy_pad_chain_default with buffer 0x6120027571c0, returned ok
0:01:05.807584617 18238 0x60400000c890 DEBUG bin gstbin.c:4071:gst_bin_handle_message_func: posting message upward
0:01:05.807460321 18238 0x60700134f130 DEBUG rtpjitterbuffer gstrtpjitterbuffer.c:2076:unschedule_current_timer: unschedule current timer
0:01:05.807608486 18238 0x607000932940 DEBUG GST_SCHEDULING gstpad.c:4206:gst_pad_chain_data_unchecked: called chainfunction &gst_srtp_enc_chain_rtp with buffer 0x6120027571c0, returned ok
