0:01:05.822921892 18238 0x607000932940 DEBUG audiobasesrc gstaudiobasesrc.c:815:gst_audio_base_src_create: reading from sample 1429440 length 640
0:01:05.822920516 18238 0x60400000c890 LOG GST_PROPERTIES gstobject.c:456:gst_object_dispatch_properties_changed: deep notification from valve_discovery_2 (drop)
0:01:05.822946801 18238 0x60400000c890 LOG GST_PROPERTIES gstobject.c:456:gst_object_dispatch_properties_changed: deep notification from valve_discovery_2 (drop)
0:01:05.822968104 18238 0x60400000c890 INFO GST_EVENT gstevent.c:1511:gst_event_new_reconfigure: creating reconfigure event
0:01:05.822983156 18238 0x60400000c890 DEBUG GST_EVENT gstevent.c:305:gst_event_new_custom: creating new event 0x60b002f8fd00 reconfigure 61441
0:01:05.822934638 18238 0x607000932940 DEBUG GST_MEMORY gstmemory.c:138:gst_memory_init: new memory 0x6180000a3c80, maxsize:647 offset:0 size:640
0:01:05.823011816 18238 0x607000932940 LOG GST_BUFFER gstbuffer.c:798:gst_buffer_new: new 0x61200177e2c0
0:01:05.823009708 18238 0x60400000c890 LOG GST_PADS gstpad.c:5259:gst_pad_push_event_unchecked: sending event 0x60b002f8fd00 (reconfigure) to peerpad
0:01:05.823023997 18238 0x607000932940 LOG GST_BUFFER gstbuffer.c:413:_memory_add: buffer 0x61200177e2c0, idx -1, mem 0x6180000a3c80
0:01:05.823035208 18238 0x60400000c890 DEBUG GST_EVENT gstpad.c:5546:gst_pad_send_event_unchecked: have event type reconfigure event: 0x60b002f8fd00, time 99:99:99.999999999, seq-num 6105, (NULL)
0:01:05.823041051 18238 0x607000932940 LOG GST_BUFFER gstbuffer.c:854:gst_buffer_new_allocate: new buffer 0x61200177e2c0 of size 640 from allocator (nil)
0:01:05.823059208 18238 0x607000932940 LOG GST_BUFFER gstbuffer.c:1720:gst_buffer_map_range: buffer 0x61200177e2c0, idx 0, length -1, flags 0002
0:01:05.823058967 18238 0x60400000c890 LOG GST_PADS gstpad.c:3023:gst_pad_event_default: default event handler for event reconfigure event: 0x60b002f8fd00, time 99:99:99.999999999, seq-num 6105, (NULL)
0:01:05.823079817 18238 0x607000932940 LOG GST_BUFFER gstbuffer.c:212:_get_merged_memory: buffer 0x61200177e2c0, idx 0, length 1
0:01:05.823088974 18238 0x60400000c890 DEBUG GST_PADS gstpad.c:2833:gst_pad_iterate_internal_links_default: Making iterator
0:01:05.823102931 18238 0x607000932940 DEBUG ringbuffer gstaudioringbuffer.c:1740:gst_audio_ring_buffer_read: pointer at 4467, sample 1429440, read from 4467-0, to_read 320, diff 0, segtotal 2, segsize 640
0:01:05.823109525 18238 0x60400000c890 LOG GST_PADS gstpad.c:2943:gst_pad_forward: calling forward function on pad send_tee_2:sink
0:01:05.823132523 18238 0x607000932940 DEBUG ringbuffer gstaudioringbuffer.c:1312:wait_segment: waiting..
0:01:05.823139418 18238 0x60400000c890 LOG GST_PADS gstpad.c:2988:event_forward_func: Reffing and pushing event 0x60b002f8fd00 (reconfigure) to send_tee_2:sink
0:01:05.823164258 18238 0x60400000c890 LOG GST_PADS gstpad.c:5259:gst_pad_push_event_unchecked: sending event 0x60b002f8fd00 (reconfigure) to peerpad
0:01:05.823182800 18238 0x60700134f130 LOG nicesrc gstnicesrc.c:199:gst_nice_src_read_callback: Got buffer, getting out of the main loop
0:01:05.823189549 18238 0x60400000c890 DEBUG GST_EVENT gstpad.c:5546:gst_pad_send_event_unchecked: have event type reconfigure event: 0x60b002f8fd00, time 99:99:99.999999999, seq-num 6105, (NULL)
0:01:05.823195058 18238 0x60700134f130 DEBUG GST_MEMORY gstmemory.c:138:gst_memory_init: new memory 0x618000281c80, maxsize:639 offset:0 size:632
0:01:05.823233160 18238 0x60700134f130 LOG GST_BUFFER gstbuffer.c:798:gst_buffer_new: new 0x612002a5bcc0
0:01:05.823229876 18238 0x60400000c890 LOG GST_PADS gstpad.c:3023:gst_pad_event_default: default event handler for event reconfigure event: 0x60b002f8fd00, time 99:99:99.999999999, seq-num 6105, (NULL)
0:01:05.823242199 18238 0x60700134f130 LOG GST_BUFFER gstbuffer.c:413:_memory_add: buffer 0x612002a5bcc0, idx -1, mem 0x618000281c80
0:01:05.823255146 18238 0x60700134f130 LOG GST_BUFFER gstbuffer.c:854:gst_buffer_new_allocate: new buffer 0x612002a5bcc0 of size 632 from allocator (nil)
0:01:05.823257326 18238 0x60400000c890 DEBUG GST_PADS gstpad.c:2833:gst_pad_iterate_internal_links_default: Making iterator
0:01:05.823265563 18238 0x60700134f130 LOG GST_BUFFER gstbuffer.c:1825:gst_buffer_fill: buffer 0x612002a5bcc0, offset 0, size 632
0:01:05.823277650 18238 0x60400000c890 LOG GST_PADS gstpad.c:2943:gst_pad_forward: calling forward function on pad fsrtpbitrateadapter0:sink
0:01:05.823298516 18238 0x60400000c890 LOG GST_PADS gstpad.c:2988:event_forward_func: Reffing and pushing event 0x60b002f8fd00 (reconfigure) to fsrtpbitrateadapter0:sink
0:01:05.823318957 18238 0x60400000c890 LOG GST_PADS gstpad.c:5259:gst_pad_push_event_unchecked: sending event 0x60b002f8fd00 (reconfigure) to peerpad
0:01:05.823339203 18238 0x60700134f130 LOG nicesrc gstnicesrc.c:299:gst_nice_src_create: Got buffer, pushing
0:01:05.823351049 18238 0x60700134f130 DEBUG GST_CLOCK gstclock.c:1045:gst_clock_get_internal_time: internal time 132:06:01.468617657
0:01:05.823347613 18238 0x60400000c890 DEBUG GST_EVENT gstpad.c:5546:gst_pad_send_event_unchecked: have event type reconfigure event: 0x60b002f8fd00, time 99:99:99.999999999, seq-num 6105, (NULL)
0:01:05.823366792 18238 0x60700134f130 DEBUG GST_CLOCK gstclock.c:1090:gst_clock_get_time: adjusted time 132:06:01.468617657
0:01:05.823380939 18238 0x60700134f130 LOG basesrc gstbasesrc.c:2267:gst_base_src_do_sync: created DTS
0:00:44.663639209
0:01:05.823376746 18238 0x60400000c890 LOG GST_PADS gstpad.c:3023:gst_pad_event_default: default event handler for event reconfigure event: 0x60b002f8fd00, time 99:99:99.999999999, seq-num 6105, (NULL)
0:01:05.823394254 18238 0x60700134f130 LOG basesrc gstbasesrc.c:2277:gst_base_src_do_sync: created PTS
0:00:44.663639209
0:01:05.823406081 18238 0x60700134f130 DEBUG basesrc gstbasesrc.c:2315:gst_base_src_do_sync: no sync needed
0:01:05.823413771 18238 0x60700134f130 DEBUG basesrc gstbasesrc.c:2524:gst_base_src_get_range: buffer ok
0:01:05.823407302 18238 0x60400000c890 LOG GST_PADS gstpad.c:2943:gst_pad_forward: calling forward function on pad fsrtpconference1:sink_2
0:01:05.823422457 18238 0x60700134f130 LOG GST_SCHEDULING gstpad.c:3615:do_probe_callbacks: do probes cookie 2580
0:01:05.823433731 18238 0x60700134f130 LOG GST_SCHEDULING gstpad.c:3511:probe_hook_marshal: hook 1, cookie 2580 with flags 0x00003010 does not match 00001012
0:01:05.823433962 18238 0x60400000c890 LOG GST_PADS gstpad.c:2988:event_forward_func: Reffing and pushing event 0x60b002f8fd00 (reconfigure) to fsrtpconference1:sink_2
0:01:05.823450643 18238 0x60700134f130 DEBUG GST_PADS gstpad.c:3696:do_probe_callbacks: data is passed
0:01:05.823458931 18238 0x60700134f130 LOG GST_SCHEDULING gstpad.c:3615:do_probe_callbacks: do probes cookie 2581
0:01:05.823461175 18238 0x60400000c890 LOG GST_PADS gstpad.c:5259:gst_pad_push_event_unchecked: sending event 0x60b002f8fd00 (reconfigure) to peerpad
0:01:05.823468387 18238 0x60700134f130 LOG GST_SCHEDULING gstpad.c:3454:probe_hook_marshal: hook 1, cookie 2581 with flags 0x00003010 matches
0:01:05.823485871 18238 0x60400000c890 DEBUG GST_EVENT gstpad.c:5546:gst_pad_send_event_unchecked: have event type reconfigure event: 0x60b002f8fd00, time 99:99:99.999999999, seq-num 6105, (NULL)
0:01:05.823506549 18238 0x60400000c890 INFO GST_EVENT gstpad.c:5652:gst_pad_send_event_unchecked: Received event on flushing pad. Discarding
0:01:05.823508017 18238 0x60700134f130 DEBUG GST_PADS gstpad.c:3499:probe_hook_marshal: probe returned OK
0:01:05.823519572 18238 0x60400000c890 LOG GST_PADS gstpad.c:5267:gst_pad_push_event_unchecked: sent event 0x60b002f8fd00 (reconfigure) to peerpad , ret flushing
0:01:05.823524776 18238 0x60700134f130 DEBUG GST_SCHEDULING gstpad.c:4200:gst_pad_chain_data_unchecked: calling chainfunction &gst_funnel_sink_chain with buffer buffer: 0x612002a5bcc0, pts 0:00:44.663639209, dts 0:00:44.663639209, dur 99:99:99.999999999, size 632, offset none, offset_end none, flags 0x0
0:01:05.823548151 18238 0x60700134f130 DEBUG funnel gstfunnel.c:322:gst_funnel_sink_chain_object: received buffer: 0x612002a5bcc0, pts 0:00:44.663639209, dts 0:00:44.663639209, dur 99:99:99.999999999, size 632, offset none, offset_end none, flags 0x0
0:01:05.823549095 18238 0x60400000c890 DEBUG GST_PADS gstpad.c:5620:gst_pad_send_event_unchecked: sent event, ret error
0:01:05.823566970 18238 0x60700134f130 DEBUG GST_SCHEDULING gstpad.c:4200:gst_pad_chain_data_unchecked: calling chainfunction &gst_proxy_pad_chain_default with buffer buffer: 0x612002a5bcc0, pts 0:00:44.663639209, dts 0:00:44.663639209, dur 99:99:99.999999999, size 632, offset none, offset_end none, flags 0x0
0:01:05.823572599 18238 0x60400000c890 LOG GST_PADS gstpad.c:5267:gst_pad_push_event_unchecked: sent event 0x60b002f8fd00 (reconfigure) to peerpad , ret error
0:01:05.823585871 18238 0x60700134f130 DEBUG GST_SCHEDULING gstpad.c:4200:gst_pad_chain_data_unchecked: calling chainfunction &gst_funnel_sink_chain with buffer buffer: 0x612002a5bcc0, pts 0:00:44.663639209, dts 0:00:44.663639209, dur 99:99:99.999999999, size 632, offset none, offset_end none, flags 0x0
0:01:05.823604300 18238 0x60700134f130 DEBUG funnel gstfunnel.c:322:gst_funnel_sink_chain_object: received buffer: 0x612002a5bcc0, pts 0:00:44.663639209, dts 0:00:44.663639209, dur 99:99:99.999999999, size 632, offset none, offset_end none, flags 0x0
0:01:05.823606727 18238 0x60400000c890 DEBUG GST_PADS gstpad.c:5620:gst_pad_send_event_unchecked: sent event, ret error
0:01:05.823621633 18238 0x60700134f130 DEBUG GST_SCHEDULING gstpad.c:4200:gst_pad_chain_data_unchecked: calling chainfunction &gst_proxy_pad_chain_default with buffer buffer: 0x612002a5bcc0, pts 0:00:44.663639209, dts 0:00:44.663639209, dur 99:99:99.999999999, size 632, offset none, offset_end none, flags 0x0
0:01:05.823628818 18238 0x60400000c890 LOG GST_PADS gstpad.c:5267:gst_pad_push_event_unchecked: sent event 0x60b002f8fd00 (reconfigure) to peerpad , ret error
0:01:05.823639802 18238 0x60700134f130 DEBUG GST_SCHEDULING gstpad.c:4200:gst_pad_chain_data_unchecked: calling chainfunction &gst_srtp_dec_chain_rtp with buffer buffer: 0x612002a5bcc0, pts 0:00:44.663639209, dts 0:00:44.663639209, dur 99:99:99.999999999, size 632, offset none, offset_end none, flags 0x0
0:01:05.823656934 18238 0x60700134f130 LOG GST_BUFFER gstbuffer.c:1720:gst_buffer_map_range: buffer 0x612002a5bcc0, idx 0, length 1, flags 10001
0:01:05.823660491 18238 0x60400000c890 LOG GST_EVENT gstevent.c:222:_gst_event_free: freeing event 0x60b002f8fd00 type reconfigure
0:01:05.823667583 18238 0x60700134f130 LOG GST_BUFFER gstbuffer.c:212:_get_merged_memory: buffer 0x612002a5bcc0, idx 0, length 1
0:01:05.823686385 18238 0x60400000c890 DEBUG GST_PADS gstpad.c:5620:gst_pad_send_event_unchecked: sent event, ret error
0:01:05.823686072 18238 0x60700134f130 DEBUG GST_SCHEDULING gstpad.c:4200:gst_pad_chain_data_unchecked: calling chainfunction &0x7f95fddf0e30 with buffer buffer: 0x612002a5bcc0, pts 0:00:44.663639209, dts 0:00:44.663639209, dur 99:99:99.999999999, size 632, offset none, offset_end none, flags 0x0
0:01:05.823707942 18238 0x60700134f130 LOG rtpsession gstrtpsession.c:1917:gst_rtp_session_chain_recv_rtp: received RTP packet
0:01:05.823705595 18238 0x60400000c890 LOG GST_PADS gstpad.c:5267:gst_pad_push_event_unchecked: sent event 0x60b002f8fd00 (reconfigure) to peerpad , ret error
0:01:05.823716542 18238 0x60700134f130 DEBUG GST_CLOCK gstclock.c:1045:gst_clock_get_internal_time: internal time 132:06:01.468983727
0:01:05.823748042 18238 0x60700134f130 DEBUG GST_CLOCK gstclock.c:1090:gst_clock_get_time: adjusted time 132:06:01.468983727
0:01:05.823771224 18238 0x60700134f130 LOG GST_BUFFER gstbuffer.c:1720:gst_buffer_map_range: buffer 0x612002a5bcc0, idx 0, length 1, flags 0001
0:01:05.823767030 18238 0x60400000c890 LOG GST_PROPERTIES gstobject.c:456:gst_object_dispatch_properties_changed: deep notification from valve_discovery_2 (drop)
0:01:05.823781357 18238 0x60700134f130 LOG GST_BUFFER gstbuffer.c:212:_get_merged_memory: buffer 0x612002a5bcc0, idx 0, length 1
0:01:05.823793453 18238 0x60400000c890 LOG GST_PROPERTIES gstobject.c:456:gst_object_dispatch_properties_changed: deep notification from valve_discovery_2 (drop)
0:01:05.823795313 18238 0x60700134f130 LOG rtpsource rtpsource.c:1158:update_receiver_stats: seq 30735, PC: 770, OC: 755780
0:01:05.823811701 18238 0x60700134f130 LOG rtpsource rtpsource.c:938:calculate_jitter: SSRC 439a6d76 got payload 98
0:01:05.823812352 18238 0x60400000c890 DEBUG GST_STATES gstelement.c:2013:gst_element_set_locked_state: locking state of element valve_discovery_2
0:01:05.823821267 18238 0x60700134f130 LOG rtpsource rtpsource.c:971:calculate_jitter: rtparrival 4019727, rtptime 1879872368, clock-rate 90000, diff 85706, jitter: 37924.500000
0:01:05.823838180 18238 0x60700134f130 LOG rtpsource rtpsource.c:879:push_packet: pushing new packet
0:01:05.823836601 18238 0x60400000c890 DEBUG GST_STATES gstelement.c:2570:gst_element_set_state_func: set_state to NULL
0:01:05.823843995 18238 0x60700134f130 LOG rtpsession rtpsession.c:1389:source_push_rtp: source 439a6d76 pushed receiver RTP packet
0:01:05.823862400 18238 0x60700134f130 LOG rtpsession gstrtpsession.c:1336:gst_rtp_session_process_rtp: pushing received RTP packet
0:01:05.823856913 18238 0x60400000c890 DEBUG GST_STATES gstelement.c:2595:gst_element_set_state_func: setting target state to NULL
0:01:05.823881276 18238 0x60400000c890 DEBUG GST_STATES gstelement.c:2608:gst_element_set_state_func: current PLAYING, old_pending VOID_PENDING, next VOID_PENDING, old return SUCCESS
0:01:05.823874510 18238 0x60700134f130 DEBUG GST_SCHEDULING gstpad.c:4200:gst_pad_chain_data_unchecked: calling chainfunction &0x7f95fdddb9d0 with buffer buffer: 0x612002a5bcc0, pts 0:00:44.663639209, dts 0:00:44.663639209, dur 99:99:99.999999999, size 632, offset none, offset_end none, flags 0x0
0:01:05.823903005 18238 0x60700134f130 LOG GST_BUFFER gstbuffer.c:1720:gst_buffer_map_range: buffer 0x612002a5bcc0, idx 0, length 1, flags 0001
0:01:05.823913600 18238 0x60700134f130 LOG GST_BUFFER gstbuffer.c:212:_get_merged_memory: buffer 0x612002a5bcc0, idx 0, length 1
0:01:05.823903546 18238 0x60400000c890 DEBUG GST_STATES gstelement.c:2642:gst_element_set_state_func: intermediate: setting state from PLAYING to PAUSED
0:01:05.823926483 18238 0x60700134f130 DEBUG rtpssrcdemux gstrtpssrcdemux.c:625:gst_rtp_ssrc_demux_chain: received buffer of SSRC 439a6d76
0:01:05.823933085 18238 0x60400000c890 LOG GST_STATES gstelement.c:2897:gst_element_change_state_func: default handler tries setting state from PLAYING to PAUSED (0023)
0:01:05.823938998 18238 0x60700134f130 DEBUG GST_SCHEDULING gstpad.c:4200:gst_pad_chain_data_unchecked: calling chainfunction &gst_rtp_jitter_buffer_chain with buffer buffer: 0x612002a5bcc0, pts 0:00:44.663639209, dts 0:00:44.663639209, dur 99:99:99.999999999, size 632, offset none, offset_end none, flags 0x0
0:01:05.823954562 18238 0x60700134f130 LOG GST_BUFFER gstbuffer.c:1720:gst_buffer_map_range: buffer 0x612002a5bcc0, idx 0, length 1, flags 0001
0:01:05.823954690 18238 0x60400000c890 DEBUG GST_STATES gstelement.c:2731:gst_element_change_state: element changed state SUCCESS
0:01:05.823967192 18238 0x60700134f130 LOG GST_BUFFER gstbuffer.c:212:_get_merged_memory: buffer 0x612002a5bcc0, idx 0, length 1
0:01:05.823977405 18238 0x60400000c890 INFO GST_STATES gstelement.c:2394:gst_element_continue_state: committing state from PLAYING to PAUSED, pending NULL, next READY
0:01:05.823979267 18238 0x60700134f130 DEBUG rtpjitterbuffer gstrtpjitterbuffer.c:2853:gst_rtp_jitter_buffer_chain: Received packet #30735 at time 0:00:44.663639209, discont 0, rtx 0
0:01:05.823997968 18238 0x60400000c890 INFO GST_STATES gstelement.c:2324:_priv_gst_element_state_changed: notifying about state-changed PLAYING to PAUSED (NULL pending)
0:01:05.823998847 18238 0x60700134f130 LOG rtpjitterbuffer gstrtpjitterbuffer.c:2589:calculate_jitter: dtsdiff
0:00:00.014375506 rtptime 0:00:00.966666666, clock-rate 90000, diff 0:00:00.952291160, jitter:
0:00:00.421383069
0:01:05.824025694 18238 0x60400000c890 LOG GST_MESSAGE gstmessage.c:300:gst_message_new_custom: source valve_discovery_2: creating new message 0x60c0003eb9c0 state-changed
0:01:05.824038031 18238 0x60700134f130 DEBUG rtpjitterbuffer gstrtpjitterbuffer.c:2950:gst_rtp_jitter_buffer_chain: expected #30735, got #30735, gap of 0
0:01:05.824063684 18238 0x60700134f130 DEBUG rtpjitterbuffer gstrtpjitterbuffer.c:2979:gst_rtp_jitter_buffer_chain: Clearing gap packets
0:01:05.824076046 18238 0x60700134f130 DEBUG rtpjitterbuffer rtpjitterbuffer.c:785:rtp_jitter_buffer_calculate_pts: extrtp 1879872368, gstrtp 5:48:07.470755555, base 5:48:06.504088888, send_diff
0:00:00.966666667
0:01:05.824059114 18238 0x60400000c890 DEBUG GST_BUS gstbus.c:317:gst_bus_post: [msg 0x60c0003eb9c0] posting on bus state-changed message: 0x60c0003eb9c0, time 99:99:99.999999999, seq-num 6106, element 'valve_discovery_2', GstMessageStateChanged, old-state=(GstState)GST_STATE_PLAYING, new-state=(GstState)GST_STATE_PAUSED, pending-state=(GstState)GST_STATE_NULL;
0:01:05.824104320 18238 0x60700134f130 DEBUG rtpjitterbuffer rtpjitterbuffer.c:563:calculate_skew: time 0:00:44.663639209, base 0:00:44.649263703, recv_diff 0:00:00.014375506, slope 537
0:01:05.824120708 18238 0x60700134f130 DEBUG rtpjitterbuffer rtpjitterbuffer.c:580:calculate_skew: filling 3, delta -952291161
0:01:05.824117322 18238 0x60400000c890 DEBUG bin gstbin.c:3734:gst_bin_handle_message_func: [msg 0x60c0003eb9c0] handling child valve_discovery_2 message of type state-changed
0:01:05.824129413 18238 0x60700134f130 DEBUG rtpjitterbuffer rtpjitterbuffer.c:664:calculate_skew: skew -273107693, out
0:00:45.342822677
0:01:05.824147557 18238 0x60400000c890 DEBUG bin gstbin.c:4071:gst_bin_handle_message_func: posting message upward
0:01:05.824148502 18238 0x60700134f130 DEBUG rtpjitterbuffer gstrtpjitterbuffer.c:3119:gst_rtp_jitter_buffer_chain: Pushed packet #30735, now 11 packets, head: 0, percent -1
0:01:05.824162769 18238 0x60700134f130 DEBUG GST_SCHEDULING gstpad.c:4206:gst_pad_chain_data_unchecked: called chainfunction &gst_rtp_jitter_buffer_chain with buffer 0x612002a5bcc0, returned ok
0:01:05.824176605 18238 0x60700134f130 DEBUG GST_SCHEDULING gstpad.c:4206:gst_pad_chain_data_unchecked: called chainfunction &0x7f95fdddb9d0 with buffer 0x612002a5bcc0, returned ok
0:01:05.824190090 18238 0x60700134f130 DEBUG GST_SCHEDULING gstpad.c:4206:gst_pad_chain_data_unchecked: called chainfunction &0x7f95fddf0e30 with buffer 0x612002a5bcc0, returned ok
0:01:05.824163662 18238 0x60400000c890 DEBUG GST_BUS gstbus.c:317:gst_bus_post: [msg 0x60c0003eb9c0] posting on bus state-changed message: 0x60c0003eb9c0, time 99:99:99.999999999, seq-num 6106, element 'valve_discovery_2', GstMessageStateChanged, old-state=(GstState)GST_STATE_PLAYING, new-state=(GstState)GST_STATE_PAUSED, pending-state=(GstState)GST_STATE_NULL;
0:01:05.824202520 18238 0x60700134f130 DEBUG GST_SCHEDULING gstpad.c:4206:gst_pad_chain_data_unchecked: called chainfunction &gst_srtp_dec_chain_rtp with buffer 0x612002a5bcc0, returned ok
0:01:05.824211148 18238 0x60400000c890 DEBUG bin gstbin.c:3734:gst_bin_handle_message_func: [msg 0x60c0003eb9c0] handling child valve_discovery_2 message of type state-changed
0:01:05.824218203 18238 0x60700134f130 DEBUG GST_SCHEDULING gstpad.c:4206:gst_pad_chain_data_unchecked: called chainfunction &gst_proxy_pad_chain_default with buffer 0x612002a5bcc0, returned ok
0:01:05.824237060 18238 0x60400000c890 DEBUG bin gstbin.c:4071:gst_bin_handle_message_func: posting message upward
0:01:05.824236219 18238 0x60700134f130 LOG funnel gstfunnel.c:343:gst_funnel_sink_chain_object: handled buffer ok
0:01:05.824252965 18238 0x60700134f130 DEBUG GST_SCHEDULING gstpad.c:4206:gst_pad_chain_data_unchecked: called chainfunction &gst_funnel_sink_chain with buffer 0x612002a5bcc0, returned ok
0:01:05.824266979 18238 0x60700134f130 DEBUG GST_SCHEDULING gstpad.c:4206:gst_pad_chain_data_unchecked: called chainfunction &gst_proxy_pad_chain_default with buffer 0x612002a5bcc0, returned ok
0:01:05.824252795 18238 0x60400000c890 DEBUG GST_BUS gstbus.c:317:gst_bus_post: [msg 0x60c0003eb9c0] posting on bus state-changed message: 0x60c0003eb9c0, time 99:99:99.999999999, seq-num 6106, element 'valve_discovery_2', GstMessageStateChanged, old-state=(GstState)GST_STATE_PLAYING, new-state=(GstState)GST_STATE_PAUSED, pending-state=(GstState)GST_STATE_NULL;
0:01:05.824280553 18238 0x60700134f130 LOG funnel gstfunnel.c:343:gst_funnel_sink_chain_object: handled buffer ok
0:01:05.824295923 18238 0x60400000c890 DEBUG GST_BUS gstbus.c:356:gst_bus_post: [msg 0x60c0003eb9c0] pushing on async queue
0:01:05.824296650 18238 0x60700134f130 DEBUG GST_SCHEDULING gstpad.c:4206:gst_pad_chain_data_unchecked: called chainfunction &gst_funnel_sink_chain with buffer 0x612002a5bcc0, returned ok
0:01:05.824316808 18238 0x60700134f130 LOG GST_SCHEDULING gstpad.c:3615:do_probe_callbacks: do probes cookie 2582
0:01:05.824317521 18238 0x60400000c890 DEBUG GST_BUS gstbus.c:359:gst_bus_post: [msg 0x60c0003eb9c0] pushed on async queue
0:01:05.824327465 18238 0x60700134f130 LOG GST_SCHEDULING gstpad.c:3511:probe_hook_marshal: hook 1, cookie 2582 with flags 0x00003010 does not match 00001001
0:01:05.824336881 18238 0x60400000c890 DEBUG GST_BUS gstbus.c:352:gst_bus_post: [msg 0x60c0003eb9c0] dropped
0:01:05.824343457 18238 0x60700134f130 LOG basesrc gstbasesrc.c:2738:gst_base_src_loop: next_ts 99:99:99.999999999 size 4096
0:01:05.824358655 18238 0x60700134f130 DEBUG basesrc gstbasesrc.c:2460:gst_base_src_get_range: calling create offset 18446744073709551615 length 4096, time 0
0:01:05.824358069 18238 0x60400000c890 DEBUG GST_BUS gstbus.c:352:gst_bus_post: [msg 0x60c0003eb9c0] dropped
0:01:05.824372476 18238 0x60700134f130 LOG nicesrc gstnicesrc.c:278:gst_nice_src_create: create called
0:01:05.824379778 18238 0x60400000c890 INFO GST_STATES gstelement.c:2401:gst_element_continue_state: continue state change PAUSED to READY, final NULL
0:01:05.824403902 18238 0x60400000c890 LOG GST_STATES gstelement.c:2897:gst_element_change_state_func: default handler tries setting state from PAUSED to READY (001a)
0:01:05.824422634 18238 0x60400000c890 DEBUG GST_ELEMENT_PADS gstelement.c:2840:gst_element_pads_activate: deactivate pads
0:01:05.824444043 18238 0x60400000c890 DEBUG GST_PADS gstpad.c:1078:gst_pad_set_active: deactivating pad from push mode
0:01:05.824461362 18238 0x60400000c890 DEBUG GST_PADS gstpad.c:967:pre_activate: setting PAD_MODE NONE, set flushing
0:01:05.824474502 18238 0x60400000c890 DEBUG GST_PADS gstpad.c:1015:post_activate: stopped streaming
0:01:05.824490226 18238 0x60400000c890 DEBUG GST_PADS gstpad.c:453:remove_events: notify caps
0:01:05.824505010 18238 0x60400000c890 LOG GST_PROPERTIES gstobject.c:456:gst_object_dispatch_properties_changed: deep notification from src (caps)
0:01:05.824525819 18238 0x60400000c890 LOG GST_PROPERTIES gstobject.c:456:gst_object_dispatch_properties_changed: deep notification from src (caps)
0:01:05.824541368 18238 0x60400000c890 LOG GST_PROPERTIES gstobject.c:456:gst_object_dispatch_properties_changed: deep notification from src (caps)
0:01:05.824557179 18238 0x60400000c890 DEBUG GST_PADS gstpad.c:1188:activate_mode_internal: deactivated in push mode
0:01:05.824581196 18238 0x60400000c890 DEBUG GST_PADS gstpad.c:1078:gst_pad_set_active: deactivating pad from push mode
0:01:05.824598665 18238 0x60400000c890 DEBUG GST_PADS gstpad.c:967:pre_activate: setting PAD_MODE NONE, set flushing
0:01:05.824613429 18238 0x60400000c890 DEBUG GST_PADS gstpad.c:1015:post_activate: stopped streaming
0:01:05.824626666 18238 0x60400000c890 DEBUG GST_PADS gstpad.c:453:remove_events: notify caps
0:01:05.824649979 18238 0x60400000c890 LOG GST_PROPERTIES gstobject.c:456:gst_object_dispatch_properties_changed: deep notification from sink (caps)
0:01:05.824672933 18238 0x60400000c890 LOG GST_PROPERTIES gstobject.c:456:gst_object_dispatch_properties_changed: deep notification from sink (caps)
0:01:05.824687724 18238 0x60400000c890 LOG GST_PROPERTIES gstobject.c:456:gst_object_dispatch_properties_changed: deep notification from sink (caps)
0:01:05.824703329 18238 0x60400000c890 DEBUG GST_PADS gstpad.c:1188:activate_mode_internal: deactivated in push mode
0:01:05.824723653 18238 0x60400000c890 DEBUG GST_ELEMENT_PADS gstelement.c:2859:gst_element_pads_activate: pad deactivation successful
0:01:05.824759497 18238 0x60400000c890 DEBUG GST_STATES gstelement.c:2731:gst_element_change_state: element changed state SUCCESS
0:01:05.824773467 18238 0x60400000c890 INFO GST_STATES gstelement.c:2394:gst_element_continue_state: committing state from PAUSED to READY, pending NULL, next NULL
0:01:05.824792059 18238 0x60400000c890 INFO GST_STATES gstelement.c:2324:_priv_gst_element_state_changed: notifying about state-changed PAUSED to READY (NULL pending)
0:01:05.824816375 18238 0x60400000c890 LOG GST_MESSAGE gstmessage.c:300:gst_message_new_custom: source valve_discovery_2: creating new message 0x60c00037edc0 state-changed
0:01:05.824837370 18238 0x60400000c890 DEBUG GST_BUS gstbus.c:317:gst_bus_post: [msg 0x60c00037edc0] posting on bus state-changed message: 0x60c00037edc0, time 99:99:99.999999999, seq-num 6107, element 'valve_discovery_2', GstMessageStateChanged, old-state=(GstState)GST_STATE_PAUSED, new-state=(GstState)GST_STATE_READY, pending-state=(GstState)GST_STATE_NULL;
0:01:05.824874049 18238 0x60400000c890 DEBUG bin gstbin.c:3734:gst_bin_handle_message_func: [msg 0x60c00037edc0] handling child valve_discovery_2 message of type state-changed
0:01:05.824895631 18238 0x60400000c890 DEBUG bin gstbin.c:4071:gst_bin_handle_message_func: posting message upward
0:01:05.824909489 18238 0x60400000c890 DEBUG GST_BUS gstbus.c:317:gst_bus_post: [msg 0x60c00037edc0] posting on bus state-changed message: 0x60c00037edc0, time 99:99:99.999999999, seq-num 6107, element 'valve_discovery_2', GstMessageStateChanged, old-state=(GstState)GST_STATE_PAUSED, new-state=(GstState)GST_STATE_READY, pending-state=(GstState)GST_STATE_NULL;
0:01:05.824944177 18238 0x60400000c890 DEBUG bin gstbin.c:3734:gst_bin_handle_message_func: [msg 0x60c00037edc0] handling child valve_discovery_2 message of type state-changed
0:01:05.824962262 18238 0x60400000c890 DEBUG bin gstbin.c:4071:gst_bin_handle_message_func: posting message upward
0:01:05.824976136 18238 0x60400000c890 DEBUG GST_BUS gstbus.c:317:gst_bus_post: [msg 0x60c00037edc0] posting on bus state-changed message: 0x60c00037edc0, time 99:99:99.999999999, seq-num 6107, element 'valve_discovery_2', GstMessageStateChanged, old-state=(GstState)GST_STATE_PAUSED, new-state=(GstState)GST_STATE_READY, pending-state=(GstState)GST_STATE_NULL;
0:01:05.825004099 18238 0x60400000c890 DEBUG GST_BUS gstbus.c:356:gst_bus_post: [msg 0x60c00037edc0] pushing on async queue
0:01:05.825020024 18238 0x60400000c890 DEBUG GST_BUS gstbus.c:359:gst_bus_post: [msg 0x60c00037edc0] pushed on async queue
0:01:05.825034169 18238 0x60400000c890 DEBUG GST_BUS gstbus.c:352:gst_bus_post: [msg 0x60c00037edc0] dropped
0:01:05.825053740 18238 0x60400000c890 DEBUG GST_BUS gstbus.c:352:gst_bus_post: [msg 0x60c00037edc0] dropped
0:01:05.825069320 18238 0x60400000c890 INFO GST_STATES gstelement.c:2401:gst_element_continue_state: continue state change READY to NULL, final NULL
0:01:05.825087837 18238 0x60400000c890 LOG GST_STATES gstelement.c:2897:gst_element_change_state_func: default handler tries setting state from READY to NULL (0011)
0:01:05.825115774 18238 0x60400000c890 DEBUG GST_ELEMENT_PADS gstelement.c:2840:gst_element_pads_activate: deactivate pads
0:01:05.825133944 18238 0x60400000c890 DEBUG GST_PADS gstpad.c:1074:gst_pad_set_active: pad was inactive
0:01:05.825156353 18238 0x60400000c890 DEBUG GST_PADS gstpad.c:1074:gst_pad_set_active: pad was inactive
0:01:05.825177803 18238 0x60400000c890 DEBUG GST_ELEMENT_PADS gstelement.c:2859:gst_element_pads_activate: pad deactivation successful
0:01:05.825203367 18238 0x60400000c890 DEBUG GST_STATES gstelement.c:2731:gst_element_change_state: element changed state SUCCESS
0:01:05.825216801 18238 0x60400000c890 INFO GST_STATES gstelement.c:2419:gst_element_continue_state: completed state change to NULL
0:01:05.825230693 18238 0x60400000c890 INFO GST_STATES gstelement.c:2324:_priv_gst_element_state_changed: notifying about state-changed READY to NULL (VOID_PENDING pending)
0:01:05.825259713 18238 0x60400000c890 LOG GST_MESSAGE gstmessage.c:300:gst_message_new_custom: source valve_discovery_2: creating new message 0x60c000417280 state-changed
0:01:05.825281043 18238 0x60400000c890 DEBUG GST_BUS gstbus.c:317:gst_bus_post: [msg 0x60c000417280] posting on bus state-changed message: 0x60c000417280, time 99:99:99.999999999, seq-num 6108, element 'valve_discovery_2', GstMessageStateChanged, old-state=(GstState)GST_STATE_READY, new-state=(GstState)GST_STATE_NULL, pending-state=(GstState)GST_STATE_VOID_PENDING;
0:01:05.825317881 18238 0x60400000c890 DEBUG bin gstbin.c:3734:gst_bin_handle_message_func: [msg 0x60c000417280] handling child valve_discovery_2 message of type state-changed
0:01:05.825338464 18238 0x60400000c890 DEBUG bin gstbin.c:4071:gst_bin_handle_message_func: posting message upward
0:01:05.825355805 18238 0x60400000c890 DEBUG GST_BUS gstbus.c:317:gst_bus_post: [msg 0x60c000417280] posting on bus state-changed message: 0x60c000417280, time 99:99:99.999999999, seq-num 6108, element 'valve_discovery_2', GstMessageStateChanged, old-state=(GstState)GST_STATE_READY, new-state=(GstState)GST_STATE_NULL, pending-state=(GstState)GST_STATE_VOID_PENDING;
0:01:05.825391997 18238 0x60400000c890 DEBUG bin gstbin.c:3734:gst_bin_handle_message_func: [msg 0x60c000417280] handling child valve_discovery_2 message of type state-changed
0:01:05.825408384 18238 0x60400000c890 DEBUG bin gstbin.c:4071:gst_bin_handle_message_func: posting message upward
0:01:05.825420464 18238 0x60400000c890 DEBUG GST_BUS gstbus.c:317:gst_bus_post: [msg 0x60c000417280] posting on bus state-changed message: 0x60c000417280, time 99:99:99.999999999, seq-num 6108, element 'valve_discovery_2', GstMessageStateChanged, old-state=(GstState)GST_STATE_READY, new-state=(GstState)GST_STATE_NULL, pending-state=(GstState)GST_STATE_VOID_PENDING;
0:01:05.825449026 18238 0x60400000c890 DEBUG GST_BUS gstbus.c:356:gst_bus_post: [msg 0x60c000417280] pushing on async queue
0:01:05.825465006 18238 0x60400000c890 DEBUG GST_BUS gstbus.c:359:gst_bus_post: [msg 0x60c000417280] pushed on async queue
0:01:05.825479160 18238 0x60400000c890 DEBUG GST_BUS gstbus.c:352:gst_bus_post: [msg 0x60c000417280] dropped
0:01:05.825496868 18238 0x60400000c890 DEBUG GST_BUS gstbus.c:352:gst_bus_post: [msg 0x60c000417280] dropped
0:01:05.825514625 18238 0x60400000c890 LOG GST_STATES gstelement.c:2747:gst_element_change_state: exit state change 1
0:01:05.825528222 18238 0x60400000c890 LOG GST_STATES gstelement.c:2747:gst_element_change_state: exit state change 1
0:01:05.825542691 18238 0x60400000c890 LOG GST_STATES gstelement.c:2747:gst_element_change_state: exit state change 1
0:01:05.825555967 18238 0x60400000c890 DEBUG GST_STATES gstelement.c:2654:gst_element_set_state_func: returned SUCCESS
0:01:05.825569831 18238 0x60400000c890 DEBUG GST_PARENTAGE gstbin.c:1892:gst_bin_remove: removing element valve_discovery_2 from bin fsrtpconference1
0:01:05.825588761 18238 0x60400000c890 DEBUG bin gstbin.c:1592:gst_bin_remove_func: element :valve_discovery_2
0:01:05.825615075 18238 0x60400000c890 DEBUG bin gstbin.c:1789:gst_bin_remove_func: recalc state preroll: 0, other async: 0, this async 0
0:01:05.825632203 18238 0x60400000c890 DEBUG GST_PARENTAGE gstelement.c:3089:gst_element_set_bus_func: setting bus to (nil)
0:01:05.825649453 18238 0x60400000c890 DEBUG GST_CLOCK gstelement.c:427:gst_element_set_clock: setting clock (nil)
0:01:05.825674875 18238 0x60400000c890 INFO GST_ELEMENT_PADS gstpad.c:2071:gst_pad_unlink: unlinking send_tee_2:src_0(0x616000413ab0) and valve_discovery_2:sink(0x6160004131b0)
0:01:05.825711548 18238 0x60400000c890 LOG GST_MESSAGE gstmessage.c:300:gst_message_new_custom: source sink: creating new message 0x60c0005e96c0 structure-change
0:01:05.825736187 18238 0x60400000c890 DEBUG GST_BUS gstbus.c:317:gst_bus_post: [msg 0x60c0005e96c0] posting on bus structure-change message: 0x60c0005e96c0, time 99:99:99.999999999, seq-num 6109, element 'sink', GstMessageStructureChange, type=(GstStructureChangeType)GST_STRUCTURE_CHANGE_TYPE_PAD_UNLINK, owner=(GstElement)"\(GstTee\)\ send_tee_2", busy=(boolean)true;
0:01:05.825783087 18238 0x60400000c890 DEBUG bin gstbin.c:3734:gst_bin_handle_message_func: [msg 0x60c0005e96c0] handling child sink message of type structure-change
0:01:05.825804459 18238 0x60400000c890 DEBUG bin gstbin.c:912:find_message: no message found matching types 00001000
0:01:05.825819780 18238 0x60400000c890 DEBUG bin gstbin.c:919:find_message: structure-change
0:01:05.825842441 18238 0x60400000c890 DEBUG bin gstbin.c:959:bin_replace_message: got new message 0x60c0005e96c0, structure-change from sink
0:01:05.825862897 18238 0x60400000c890 DEBUG GST_BUS gstbus.c:352:gst_bus_post: [msg 0x60c0005e96c0] dropped
0:01:05.825878996 18238 0x60400000c890 INFO GST_ELEMENT_PADS gstpad.c:2125:gst_pad_unlink: unlinked send_tee_2:src_0 and valve_discovery_2:sink
0:01:05.825904830 18238 0x60400000c890 LOG GST_MESSAGE gstmessage.c:300:gst_message_new_custom: source sink: creating new message 0x60c0004d5840 structure-change
0:01:05.825924367 18238 0x60400000c890 DEBUG GST_BUS gstbus.c:317:gst_bus_post: [msg 0x60c0004d5840] posting on bus structure-change message: 0x60c0004d5840, time 99:99:99.999999999, seq-num 6110, element 'sink', GstMessageStructureChange, type=(GstStructureChangeType)GST_STRUCTURE_CHANGE_TYPE_PAD_UNLINK, owner=(GstElement)"\(GstTee\)\ send_tee_2", busy=(boolean)false;
0:01:05.825966387 18238 0x60400000c890 DEBUG bin gstbin.c:3734:gst_bin_handle_message_func: [msg 0x60c0004d5840] handling child sink message of type structure-change
0:01:05.825985977 18238 0x60400000c890 LOG bin gstbin.c:890:message_check: looking at message 0x60c0005e96c0: 1
0:01:05.826002696 18238 0x60400000c890 DEBUG bin gstbin.c:988:bin_remove_messages: deleting message 0x60c0005e96c0 of type structure-change (types 0x00001000)
0:01:05.826022178 18238 0x60400000c890 LOG GST_MESSAGE gstmessage.c:207:_gst_message_free: finalize message 0x60c0005e96c0, structure-change from sink
0:01:05.826041839 18238 0x60400000c890 LOG GST_MESSAGE gstmessage.c:207:_gst_message_free: finalize message 0x60c0004d5840, structure-change from sink
0:01:05.826064039 18238 0x60400000c890 DEBUG GST_BUS gstbus.c:352:gst_bus_post: [msg 0x60c0004d5840] dropped
0:01:05.826083535 18238 0x60400000c890 INFO GST_PARENTAGE gstbin.c:1822:gst_bin_remove_func: removed child "valve_discovery_2"
0:01:05.826112961 18238 0x60400000c890 LOG bin gstbin.c:1508:gst_bin_deep_element_removed_func: emitting deep-element-removed for element which has just been removed from
0:01:05.826132802 18238 0x60400000c890 LOG bin gstbin.c:1502:gst_bin_deep_element_removed_func: no parent, reached top-level
0:01:05.826146009 18238 0x60400000c890 INFO GST_ELEMENT_PADS gstelement.c:916:gst_element_get_static_pad: found pad send_rtp_capsfilter_2:src
0:01:05.826177058 18238 0x60400000c890 INFO GST_ELEMENT_PADS gstelement.c:785:gst_element_remove_pad: removing pad 'pad4'
0:01:05.826187222 18238 0x60400000c890 INFO GST_ELEMENT_PADS gstpad.c:2071:gst_pad_unlink: unlinking send_rtp_capsfilter_2:src(0x61600051f3b0) and send_rtp_muxer_2:pad4(0x61600051e7b0)
0:01:05.826216934 18238 0x60400000c890 LOG GST_MESSAGE gstmessage.c:300:gst_message_new_custom: source pad4: creating new message 0x60c0004d5300 structure-change
0:01:05.826238803 18238 0x60400000c890 DEBUG GST_BUS gstbus.c:317:gst_bus_post: [msg 0x60c0004d5300] posting on bus structure-change message: 0x60c0004d5300, time 99:99:99.999999999, seq-num 6111, element 'pad4', GstMessageStructureChange, type=(GstStructureChangeType)GST_STRUCTURE_CHANGE_TYPE_PAD_UNLINK, owner=(GstElement)"\(GstCapsFilter\)\ send_rtp_capsfilter_2", busy=(boolean)true;
0:01:05.826283747 18238 0x60400000c890 DEBUG bin gstbin.c:3734:gst_bin_handle_message_func: [msg 0x60c0004d5300] handling child pad4 message of type structure-change
0:01:05.826299535 18238 0x60400000c890 DEBUG bin gstbin.c:912:find_message: no message found matching types 00001000
0:01:05.826312906 18238 0x60400000c890 DEBUG bin gstbin.c:919:find_message: structure-change
0:01:05.826325459 18238 0x60400000c890 DEBUG bin gstbin.c:959:bin_replace_message: got new message 0x60c0004d5300, structure-change from pad4
0:01:05.826339919 18238 0x60400000c890 DEBUG GST_BUS gstbus.c:352:gst_bus_post: [msg 0x60c0004d5300] dropped
0:01:05.826352058 18238 0x60400000c890 INFO GST_ELEMENT_PADS gstpad.c:2125:gst_pad_unlink: unlinked send_rtp_capsfilter_2:src and send_rtp_muxer_2:pad4
0:01:05.826371492 18238 0x60400000c890 LOG GST_MESSAGE gstmessage.c:300:gst_message_new_custom: source pad4: creating new message 0x60c000800800 structure-change
0:01:05.826384896 18238 0x60400000c890 DEBUG GST_BUS gstbus.c:317:gst_bus_post: [msg 0x60c000800800] posting on bus structure-change message: 0x60c000800800, time 99:99:99.999999999, seq-num 6112, element 'pad4', GstMessageStructureChange, type=(GstStructureChangeType)GST_STRUCTURE_CHANGE_TYPE_PAD_UNLINK, owner=(GstElement)"\(GstCapsFilter\)\ send_rtp_capsfilter_2", busy=(boolean)false;
0:01:05.826416342 18238 0x60400000c890 DEBUG bin gstbin.c:3734:gst_bin_handle_message_func: [msg 0x60c000800800] handling child pad4 message of type structure-change
0:01:05.826430542 18238 0x60400000c890 LOG bin gstbin.c:890:message_check: looking at message 0x60c0004d5300: 1
0:01:05.826446387 18238 0x60400000c890 DEBUG bin gstbin.c:988:bin_remove_messages: deleting message 0x60c0004d5300 of type structure-change (types 0x00001000)
0:01:05.826460522 18238 0x60400000c890 LOG GST_MESSAGE gstmessage.c:207:_gst_message_free: finalize message 0x60c0004d5300, structure-change from pad4
0:01:05.826478045 18238 0x60400000c890 LOG GST_MESSAGE gstmessage.c:207:_gst_message_free: finalize message 0x60c000800800, structure-change from pad4
0:01:05.826495984 18238 0x60400000c890 DEBUG GST_BUS gstbus.c:352:gst_bus_post: [msg 0x60c000800800] dropped
0:01:05.826512083 18238 0x60400000c890 DEBUG GST_STATES gstelement.c:2013:gst_element_set_locked_state: locking state of element send_rtp_muxer_2
0:01:05.826525870 18238 0x60400000c890 DEBUG GST_STATES gstelement.c:2570:gst_element_set_state_func: set_state to NULL
0:01:05.826542669 18238 0x60400000c890 DEBUG GST_STATES gstelement.c:2595:gst_element_set_state_func: setting target state to NULL
0:01:05.826556475 18238 0x60400000c890 DEBUG GST_STATES gstelement.c:2608:gst_element_set_state_func: current PLAYING, old_pending VOID_PENDING, next VOID_PENDING, old return SUCCESS
0:01:05.826576714 18238 0x60400000c890 DEBUG GST_STATES gstelement.c:2642:gst_element_set_state_func: intermediate: setting state from PLAYING to PAUSED
0:01:05.826595051 18238 0x60400000c890 LOG GST_STATES gstelement.c:2897:gst_element_change_state_func: default handler tries setting state from PLAYING to PAUSED (0023)
0:01:05.826609579 18238 0x60400000c890 DEBUG GST_STATES gstelement.c:2731:gst_element_change_state: element changed state SUCCESS
0:01:05.826623680 18238 0x60400000c890 INFO GST_STATES gstelement.c:2394:gst_element_continue_state: committing state from PLAYING to PAUSED, pending NULL, next READY
0:01:05.826642318 18238 0x60400000c890 INFO GST_STATES gstelement.c:2324:_priv_gst_element_state_changed: notifying about state-changed PLAYING to PAUSED (NULL pending)
0:01:05.826667354 18238 0x60400000c890 LOG GST_MESSAGE gstmessage.c:300:gst_message_new_custom: source send_rtp_muxer_2: creating new message 0x60c000811840 state-changed
0:01:05.826686707 18238 0x60400000c890 DEBUG GST_BUS gstbus.c:317:gst_bus_post: [msg 0x60c000811840] posting on bus state-changed message: 0x60c000811840, time 99:99:99.999999999, seq-num 6113, element 'send_rtp_muxer_2', GstMessageStateChanged, old-state=(GstState)GST_STATE_PLAYING, new-state=(GstState)GST_STATE_PAUSED, pending-state=(GstState)GST_STATE_NULL;
0:01:05.826736437 18238 0x60400000c890 DEBUG bin gstbin.c:3734:gst_bin_handle_message_func: [msg 0x60c000811840] handling child send_rtp_muxer_2 message of type state-changed
0:01:05.826775100 18238 0x60400000c890 DEBUG bin gstbin.c:4071:gst_bin_handle_message_func: posting message upward
0:01:05.826789133 18238 0x60400000c890 DEBUG GST_BUS gstbus.c:317:gst_bus_post: [msg 0x60c000811840] posting on bus state-changed message: 0x60c000811840, time 99:99:99.999999999, seq-num 6113, element 'send_rtp_muxer_2', GstMessageStateChanged, old-state=(GstState)GST_STATE_PLAYING, new-state=(GstState)GST_STATE_PAUSED, pending-state=(GstState)GST_STATE_NULL;
0:01:05.826827033 18238 0x60400000c890 DEBUG bin gstbin.c:3734:gst_bin_handle_message_func: [msg 0x60c000811840] handling child send_rtp_muxer_2 message of type state-changed
0:01:05.826846771 18238 0x60400000c890 DEBUG bin gstbin.c:4071:gst_bin_handle_message_func: posting message upward
0:01:05.826861380 18238 0x60400000c890 DEBUG GST_BUS gstbus.c:317:gst_bus_post: [msg 0x60c000811840] posting on bus state-changed message: 0x60c000811840, time 99:99:99.999999999, seq-num 6113, element 'send_rtp_muxer_2', GstMessageStateChanged, old-state=(GstState)GST_STATE_PLAYING, new-state=(GstState)GST_STATE_PAUSED, pending-state=(GstState)GST_STATE_NULL;
0:01:05.826889613 18238 0x60400000c890 DEBUG GST_BUS gstbus.c:356:gst_bus_post: [msg 0x60c000811840] pushing on async queue
0:01:05.826905302 18238 0x60400000c890 DEBUG GST_BUS gstbus.c:359:gst_bus_post: [msg 0x60c000811840] pushed on async queue
0:01:05.826920026 18238 0x60400000c890 DEBUG GST_BUS gstbus.c:352:gst_bus_post: [msg 0x60c000811840] dropped
0:01:05.826937780 18238 0x60400000c890 DEBUG GST_BUS gstbus.c:352:gst_bus_post: [msg 0x60c000811840] dropped
0:01:05.826954825 18238 0x60400000c890 INFO GST_STATES gstelement.c:2401:gst_element_continue_state: continue state change PAUSED to READY, final NULL
0:01:05.826972529 18238 0x60400000c890 LOG GST_STATES gstelement.c:2897:gst_element_change_state_func: default handler tries setting state from PAUSED to READY (001a)
0:01:05.826985242 18238 0x60400000c890 DEBUG GST_ELEMENT_PADS gstelement.c:2840:gst_element_pads_activate: deactivate pads
0:01:05.827000327 18238 0x60400000c890 DEBUG GST_PADS gstpad.c:1078:gst_pad_set_active: deactivating pad from push mode
0:01:05.827011681 18238 0x60400000c890 DEBUG GST_PADS gstpad.c:967:pre_activate: setting PAD_MODE NONE, set flushing
0:01:05.827023037 18238 0x60400000c890 DEBUG GST_PADS gstpad.c:1015:post_activate: stopped streaming
0:01:05.827034102 18238 0x60400000c890 DEBUG GST_PADS gstpad.c:453:remove_events: notify caps
0:01:05.827046223 18238 0x60400000c890 LOG GST_PROPERTIES gstobject.c:456:gst_object_dispatch_properties_changed: deep notification from src (caps)
0:01:05.827061143 18238 0x60400000c890 LOG GST_PROPERTIES gstobject.c:456:gst_object_dispatch_properties_changed: deep notification from src (caps)
0:01:05.827074682 18238 0x60400000c890 LOG GST_PROPERTIES gstobject.c:456:gst_object_dispatch_properties_changed: deep notification from src (caps)
0:01:05.827088386 18238 0x60400000c890 DEBUG GST_PADS gstpad.c:1188:activate_mode_internal: deactivated in push mode
0:01:05.827106758 18238 0x60400000c890 DEBUG GST_ELEMENT_PADS gstelement.c:2859:gst_element_pads_activate: pad deactivation successful
0:01:05.827119325 18238 0x60400000c890 DEBUG GST_REFCOUNTING gstpad.c:702:gst_pad_dispose:<'':pad4> 0x61600051e7b0 dispose
0:01:05.827135317 18238 0x60400000c890 DEBUG GST_PADS gstpad.c:453:remove_events:<'':pad4> notify caps
0:01:05.827153813 18238 0x60400000c890 DEBUG GST_STATES gstelement.c:2731:gst_element_change_state: element changed state SUCCESS
0:01:05.827165144 18238 0x60400000c890 INFO GST_STATES gstelement.c:2394:gst_element_continue_state: committing state from PAUSED to READY, pending NULL, next NULL
0:01:05.827186453 18238 0x60400000c890 INFO GST_STATES gstelement.c:2324:_priv_gst_element_state_changed: notifying about state-changed PAUSED to READY (NULL pending)
0:01:05.827209635 18238 0x60400000c890 LOG GST_MESSAGE gstmessage.c:300:gst_message_new_custom: source send_rtp_muxer_2: creating new message 0x60c000605ec0 state-changed
0:01:05.827229958 18238 0x60400000c890 DEBUG GST_BUS gstbus.c:317:gst_bus_post: [msg 0x60c000605ec0] posting on bus state-changed message: 0x60c000605ec0, time 99:99:99.999999999, seq-num 6114, element 'send_rtp_muxer_2', GstMessageStateChanged, old-state=(GstState)GST_STATE_PAUSED, new-state=(GstState)GST_STATE_READY, pending-state=(GstState)GST_STATE_NULL;
0:01:05.827281522 18238 0x60400000c890 DEBUG bin gstbin.c:3734:gst_bin_handle_message_func: [msg 0x60c000605ec0] handling child send_rtp_muxer_2 message of type state-changed
0:01:05.827312964 18238 0x60400000c890 DEBUG bin gstbin.c:4071:gst_bin_handle_message_func: posting message upward
0:01:05.827335061 18238 0x60400000c890 DEBUG GST_BUS gstbus.c:317:gst_bus_post: [msg 0x60c000605ec0] posting on bus state-changed message: 0x60c000605ec0, time 99:99:99.999999999, seq-num 6114, element 'send_rtp_muxer_2', GstMessageStateChanged, old-state=(GstState)GST_STATE_PAUSED, new-state=(GstState)GST_STATE_READY, pending-state=(GstState)GST_STATE_NULL;
0:01:05.827369068 18238 0x60400000c890 DEBUG bin gstbin.c:3734:gst_bin_handle_message_func: [msg 0x60c000605ec0] handling child send_rtp_muxer_2 message of type state-changed
0:01:05.827389694 18238 0x60400000c890 DEBUG bin gstbin.c:4071:gst_bin_handle_message_func: posting message upward
0:01:05.827402272 18238 0x60400000c890 DEBUG GST_BUS gstbus.c:317:gst_bus_post: [msg 0x60c000605ec0] posting on bus state-changed message: 0x60c000605ec0, time 99:99:99.999999999, seq-num 6114, element 'send_rtp_muxer_2', GstMessageStateChanged, old-state=(GstState)GST_STATE_PAUSED, new-state=(GstState)GST_STATE_READY, pending-state=(GstState)GST_STATE_NULL;
0:01:05.827430103 18238 0x60400000c890 DEBUG GST_BUS gstbus.c:356:gst_bus_post: [msg 0x60c000605ec0] pushing on async queue
0:01:05.827444465 18238 0x60400000c890 DEBUG GST_BUS gstbus.c:359:gst_bus_post: [msg 0x60c000605ec0] pushed on async queue
0:01:05.827461624 18238 0x60400000c890 DEBUG GST_BUS gstbus.c:352:gst_bus_post: [msg 0x60c000605ec0] dropped
0:01:05.827477599 18238 0x60400000c890 DEBUG GST_BUS gstbus.c:352:gst_bus_post: [msg 0x60c000605ec0] dropped
0:01:05.827495139 18238 0x60400000c890 INFO GST_STATES gstelement.c:2401:gst_element_continue_state: continue state change READY to NULL, final NULL
0:01:05.827517761 18238 0x60400000c890 LOG GST_STATES gstelement.c:2897:gst_element_change_state_func: default handler tries setting state from READY to NULL (0011)
0:01:05.827530927 18238 0x60400000c890 DEBUG GST_ELEMENT_PADS gstelement.c:2840:gst_element_pads_activate: deactivate pads
0:01:05.827545215 18238 0x60400000c890 DEBUG GST_PADS gstpad.c:1074:gst_pad_set_active: pad was inactive
0:01:05.827558225 18238 0x60400000c890 DEBUG GST_ELEMENT_PADS gstelement.c:2859:gst_element_pads_activate: pad deactivation successful
0:01:05.827569805 18238 0x60400000c890 DEBUG GST_STATES gstelement.c:2731:gst_element_change_state: element changed state SUCCESS
0:01:05.827582427 18238 0x60400000c890 INFO GST_STATES gstelement.c:2419:gst_element_continue_state: completed state change to NULL
0:01:05.827598442 18238 0x60400000c890 INFO GST_STATES gstelement.c:2324:_priv_gst_element_state_changed: notifying about state-changed READY to NULL (VOID_PENDING pending)
0:01:05.827632906 18238 0x60400000c890 LOG GST_MESSAGE gstmessage.c:300:gst_message_new_custom: source send_rtp_muxer_2: creating new message 0x60c000844540 state-changed
0:01:05.827659947 18238 0x60400000c890 DEBUG GST_BUS gstbus.c:317:gst_bus_post: [msg 0x60c000844540] posting on bus state-changed message: 0x60c000844540, time 99:99:99.999999999, seq-num 6115, element 'send_rtp_muxer_2', GstMessageStateChanged, old-state=(GstState)GST_STATE_READY, new-state=(GstState)GST_STATE_NULL, pending-state=(GstState)GST_STATE_VOID_PENDING;
0:01:05.827699225 18238 0x60400000c890 DEBUG bin gstbin.c:3734:gst_bin_handle_message_func: [msg 0x60c000844540] handling child send_rtp_muxer_2 message of type state-changed
0:01:05.827719054 18238 0x60400000c890 DEBUG bin gstbin.c:4071:gst_bin_handle_message_func: posting message upward
0:01:05.827736251 18238 0x60400000c890 DEBUG GST_BUS gstbus.c:317:gst_bus_post: [msg 0x60c000844540] posting on bus state-changed message: 0x60c000844540, time 99:99:99.999999999, seq-num 6115, element 'send_rtp_muxer_2', GstMessageStateChanged, old-state=(GstState)GST_STATE_READY, new-state=(GstState)GST_STATE_NULL, pending-state=(GstState)GST_STATE_VOID_PENDING;
0:01:05.827773393 18238 0x60400000c890 DEBUG bin gstbin.c:3734:gst_bin_handle_message_func: [msg 0x60c000844540] handling child send_rtp_muxer_2 message of type state-changed
0:01:05.827790171 18238 0x60400000c890 DEBUG bin gstbin.c:4071:gst_bin_handle_message_func: posting message upward
0:01:05.827801862 18238 0x60400000c890 DEBUG GST_BUS gstbus.c:317:gst_bus_post: [msg 0x60c000844540] posting on bus state-changed message: 0x60c000844540, time 99:99:99.999999999, seq-num 6115, element 'send_rtp_muxer_2', GstMessageStateChanged, old-state=(GstState)GST_STATE_READY, new-state=(GstState)GST_STATE_NULL, pending-state=(GstState)GST_STATE_VOID_PENDING;
0:01:05.827828692 18238 0x60400000c890 DEBUG GST_BUS gstbus.c:356:gst_bus_post: [msg 0x60c000844540] pushing on async queue
0:01:05.827843974 18238 0x60400000c890 DEBUG GST_BUS gstbus.c:359:gst_bus_post: [msg 0x60c000844540] pushed on async queue
0:01:05.827860538 18238 0x60400000c890 DEBUG GST_BUS gstbus.c:352:gst_bus_post: [msg 0x60c000844540] dropped
