0:01:05.819645144 18238 0x607000932940 LOG GST_BUFFER gstbuffer.c:212:_get_merged_memory: buffer 0x61200100da40, idx 0, length 1
0:01:05.819646428 18238 0x60400000c890 DEBUG GST_ELEMENT_PADS gstelement.c:2840:gst_element_pads_activate: deactivate pads
0:01:05.819655589 18238 0x607000932940 LOG GST_BUFFER gstbuffer.c:1720:gst_buffer_map_range: buffer 0x612003898cc0, idx 0, length -1, flags 0002
0:01:05.819666380 18238 0x607000932940 LOG GST_BUFFER gstbuffer.c:212:_get_merged_memory: buffer 0x612003898cc0, idx 0, length 1
0:01:05.819671069 18238 0x60400000c890 DEBUG GST_PADS gstpad.c:1074:gst_pad_set_active: pad was inactive
0:01:05.819690279 18238 0x60400000c890 DEBUG GST_PADS gstpad.c:1074:gst_pad_set_active: pad was inactive
0:01:05.819692169 18238 0x607000932940 LOG audio-resampler audio-resampler.c:1767:gst_audio_resampler_resample: in 320, avail 384, consumed 320
0:01:05.819708992 18238 0x60400000c890 DEBUG GST_ELEMENT_PADS gstelement.c:2859:gst_element_pads_activate: pad deactivation successful
0:01:05.819728541 18238 0x60400000c890 DEBUG GST_STATES gstelement.c:2731:gst_element_change_state: element changed state SUCCESS
0:01:05.819776827 18238 0x60400000c890 INFO GST_STATES gstelement.c:2419:gst_element_continue_state: completed state change to NULL
0:01:05.819799233 18238 0x60400000c890 INFO GST_STATES gstelement.c:2324:_priv_gst_element_state_changed: notifying about state-changed READY to NULL (VOID_PENDING pending)
0:01:05.819707847 18238 0x607000932940 LOG audioresample gstaudioresample.c:823:gst_audio_resample_process: Converted to buffer of 480 samples (960 bytes) with timestamp 0:00:44.658979167, duration 0:00:00.010000000, offset 2143631, offset_end 2144111
0:01:05.819827750 18238 0x607000932940 DEBUG audioresample gstaudioresample.c:904:gst_audio_resample_transform: input = samples [1429120, 1429440) = [44660000000, 44670000000) ns; output = samples [2143631, 2144111) = [44658979167, 44668979167) ns
0:01:05.819831532 18238 0x60400000c890 LOG GST_MESSAGE gstmessage.c:300:gst_message_new_custom: source send_rtcp_tee_2: creating new message 0x60c000456700 state-changed
0:01:05.819848040 18238 0x607000932940 DEBUG GST_SCHEDULING gstpad.c:4200:gst_pad_chain_data_unchecked: calling chainfunction &gst_base_transform_chain with buffer buffer: 0x612003898cc0, pts 0:00:44.658979167, dts 99:99:99.999999999, dur 0:00:00.010000000, size 960, offset 2143631, offset_end 2144111, flags 0x0
0:01:05.819867339 18238 0x607000932940 DEBUG audio audio.c:108:gst_audio_buffer_clip: timestamp
0:00:44.658979167
0:01:05.819881250 18238 0x607000932940 DEBUG basetransform gstbasetransform.c:2036:default_submit_input_buffer: handling buffer 0x612003898cc0 of size 960, PTS
0:00:44.658979167 and offset 2143631
0:01:05.819853448 18238 0x60400000c890 DEBUG GST_BUS gstbus.c:317:gst_bus_post: [msg 0x60c000456700] posting on bus state-changed message: 0x60c000456700, time 99:99:99.999999999, seq-num 6099, element 'send_rtcp_tee_2', GstMessageStateChanged, old-state=(GstState)GST_STATE_READY, new-state=(GstState)GST_STATE_NULL, pending-state=(GstState)GST_STATE_VOID_PENDING;
0:01:05.819899555 18238 0x607000932940 DEBUG basetransform gstbasetransform.c:2153:default_generate_output: calling prepare buffer
0:01:05.819907735 18238 0x607000932940 DEBUG basetransform gstbasetransform.c:1650:default_prepare_output_buffer: passthrough: reusing input buffer
0:01:05.819916939 18238 0x607000932940 DEBUG basetransform gstbasetransform.c:2160:default_generate_output: using allocated buffer in 0x612003898cc0, out 0x612003898cc0
0:01:05.819910011 18238 0x60400000c890 DEBUG bin gstbin.c:3734:gst_bin_handle_message_func: [msg 0x60c000456700] handling child send_rtcp_tee_2 message of type state-changed
0:01:05.819931011 18238 0x607000932940 DEBUG basetransform gstbasetransform.c:2171:default_generate_output: element is in passthrough
0:01:05.819940117 18238 0x60400000c890 DEBUG bin gstbin.c:4071:gst_bin_handle_message_func: posting message upward
0:01:05.819940849 18238 0x607000932940 DEBUG GST_SCHEDULING gstpad.c:4200:gst_pad_chain_data_unchecked: calling chainfunction &gst_audio_encoder_chain with buffer buffer: 0x612003898cc0, pts 0:00:44.658979167, dts 99:99:99.999999999, dur 0:00:00.010000000, size 960, offset 2143631, offset_end 2144111, flags 0x0
0:01:05.819960399 18238 0x607000932940 LOG audioencoder gstaudioencoder.c:1244:gst_audio_encoder_chain: received buffer of size 960 with ts 0:00:44.658979167, duration
0:00:00.010000000
0:01:05.819953321 18238 0x60400000c890 DEBUG GST_BUS gstbus.c:317:gst_bus_post: [msg 0x60c000456700] posting on bus state-changed message: 0x60c000456700, time 99:99:99.999999999, seq-num 6099, element 'send_rtcp_tee_2', GstMessageStateChanged, old-state=(GstState)GST_STATE_READY, new-state=(GstState)GST_STATE_NULL, pending-state=(GstState)GST_STATE_VOID_PENDING;
0:01:05.819977034 18238 0x607000932940 DEBUG audio audio.c:108:gst_audio_buffer_clip: timestamp
0:00:44.658979167
0:01:05.819998261 18238 0x60400000c890 DEBUG bin gstbin.c:3734:gst_bin_handle_message_func: [msg 0x60c000456700] handling child send_rtcp_tee_2 message of type state-changed
0:01:05.819998151 18238 0x607000932940 LOG audioencoder gstaudioencoder.c:1290:gst_audio_encoder_chain: buffer after segment clipping has size 960 with ts 0:00:44.658979167, duration
0:00:00.010000000
0:01:05.820018861 18238 0x60400000c890 DEBUG bin gstbin.c:4071:gst_bin_handle_message_func: posting message upward
0:01:05.820022323 18238 0x607000932940 LOG adapter gstadapter.c:394:gst_adapter_push: pushing 0x612003898cc0 960 bytes at end, size now 2852
0:01:05.820039906 18238 0x607000932940 LOG audioencoder gstaudioencoder.c:1089:gst_audio_encoder_push_buffers: available: 2228, needed: 1920, force: 0
0:01:05.820053693 18238 0x607000932940 DEBUG GST_PERFORMANCE gstadapter.c:549:gst_adapter_map: copy remaining 2544 bytes from adapter
0:01:05.820033961 18238 0x60400000c890 DEBUG GST_BUS gstbus.c:317:gst_bus_post: [msg 0x60c000456700] posting on bus state-changed message: 0x60c000456700, time 99:99:99.999999999, seq-num 6099, element 'send_rtcp_tee_2', GstMessageStateChanged, old-state=(GstState)GST_STATE_READY, new-state=(GstState)GST_STATE_NULL, pending-state=(GstState)GST_STATE_VOID_PENDING;
0:01:05.820065889 18238 0x607000932940 DEBUG adapter gstadapter.c:343:copy_into_unchecked: bsize 960, skip 28, csize 932
0:01:05.820078962 18238 0x607000932940 LOG GST_PERFORMANCE gstadapter.c:345:copy_into_unchecked: extract 932 bytes
0:01:05.820074192 18238 0x60400000c890 DEBUG GST_BUS gstbus.c:356:gst_bus_post: [msg 0x60c000456700] pushing on async queue
0:01:05.820096087 18238 0x60400000c890 DEBUG GST_BUS gstbus.c:359:gst_bus_post: [msg 0x60c000456700] pushed on async queue
0:01:05.820094259 18238 0x607000932940 LOG GST_BUFFER gstbuffer.c:1875:gst_buffer_extract: buffer 0x6120028dfbc0, offset 28, size 932
0:01:05.820117263 18238 0x607000932940 LOG GST_PERFORMANCE gstadapter.c:358:copy_into_unchecked: extract 960 bytes
0:01:05.820113452 18238 0x60400000c890 DEBUG GST_BUS gstbus.c:352:gst_bus_post: [msg 0x60c000456700] dropped
0:01:05.820126112 18238 0x607000932940 LOG GST_BUFFER gstbuffer.c:1875:gst_buffer_extract: buffer 0x612001ce82c0, offset 0, size 960
0:01:05.820139724 18238 0x607000932940 LOG GST_PERFORMANCE gstadapter.c:358:copy_into_unchecked: extract 652 bytes
0:01:05.820135188 18238 0x60400000c890 DEBUG GST_BUS gstbus.c:352:gst_bus_post: [msg 0x60c000456700] dropped
0:01:05.820148069 18238 0x607000932940 LOG GST_BUFFER gstbuffer.c:1875:gst_buffer_extract: buffer 0x612003898cc0, offset 0, size 652
0:01:05.820159338 18238 0x607000932940 LOG GST_BUFFER gstbuffer.c:798:gst_buffer_new: new 0x612003895840
0:01:05.820158503 18238 0x60400000c890 LOG GST_STATES gstelement.c:2747:gst_element_change_state: exit state change 1
0:01:05.820169329 18238 0x607000932940 DEBUG GST_MEMORY gstmemory.c:138:gst_memory_init: new memory 0x60d000023c40, maxsize:2544 offset:624 size:1920
0:01:05.820177975 18238 0x60400000c890 LOG GST_STATES gstelement.c:2747:gst_element_change_state: exit state change 1
0:01:05.820182319 18238 0x607000932940 LOG GST_BUFFER gstbuffer.c:413:_memory_add: buffer 0x612003895840, idx -1, mem 0x60d000023c40
0:01:05.820198584 18238 0x607000932940 LOG audioencoder gstaudioencoder.c:1131:gst_audio_encoder_push_buffers: providing subclass with 1920 bytes at offset 624
0:01:05.820198203 18238 0x60400000c890 LOG GST_STATES gstelement.c:2747:gst_element_change_state: exit state change 1
0:01:05.820213104 18238 0x607000932940 DEBUG opusenc gstopusenc.c:1068:gst_opus_enc_handle_frame: handle_frame
0:01:05.820222305 18238 0x607000932940 DEBUG opusenc gstopusenc.c:1070:gst_opus_enc_handle_frame: received buffer 0x612003895840 of 1920 bytes
0:01:05.820221614 18238 0x60400000c890 DEBUG GST_STATES gstelement.c:2654:gst_element_set_state_func: returned SUCCESS
0:01:05.820234113 18238 0x607000932940 LOG GST_BUFFER gstbuffer.c:1720:gst_buffer_map_range: buffer 0x612003895840, idx 0, length -1, flags 0001
0:01:05.820245215 18238 0x607000932940 LOG GST_BUFFER gstbuffer.c:212:_get_merged_memory: buffer 0x612003895840, idx 0, length 1
0:01:05.820240236 18238 0x60400000c890 DEBUG GST_PARENTAGE gstbin.c:1892:gst_bin_remove: removing element send_rtcp_tee_2 from bin fsrtpconference1
0:01:05.820255602 18238 0x607000932940 DEBUG audioencoder gstaudioencoder.c:2883:gst_audio_encoder_allocate_output_buffer: alloc src buffer
0:01:05.820265789 18238 0x60400000c890 DEBUG bin gstbin.c:1592:gst_bin_remove_func: element :send_rtcp_tee_2
0:01:05.820269366 18238 0x607000932940 DEBUG GST_MEMORY gstmemory.c:138:gst_memory_init: new memory 0x621000550100, maxsize:4007 offset:0 size:4000
0:01:05.820281754 18238 0x607000932940 LOG GST_BUFFER gstbuffer.c:798:gst_buffer_new: new 0x6120029ef6c0
0:01:05.820288814 18238 0x607000932940 LOG GST_BUFFER gstbuffer.c:413:_memory_add: buffer 0x6120029ef6c0, idx -1, mem 0x621000550100
0:01:05.820296381 18238 0x60400000c890 DEBUG bin gstbin.c:1789:gst_bin_remove_func: recalc state preroll: 0, other async: 0, this async 0
0:01:05.820298751 18238 0x607000932940 LOG GST_BUFFER gstbuffer.c:854:gst_buffer_new_allocate: new buffer 0x6120029ef6c0 of size 4000 from allocator (nil)
0:01:05.820319851 18238 0x60400000c890 DEBUG GST_PARENTAGE gstelement.c:3089:gst_element_set_bus_func: setting bus to (nil)
0:01:05.820329968 18238 0x607000932940 DEBUG opusenc gstopusenc.c:1010:gst_opus_enc_encode: encoding 960 samples (1920 bytes)
0:01:05.820339081 18238 0x607000932940 LOG GST_BUFFER gstbuffer.c:1720:gst_buffer_map_range: buffer 0x6120029ef6c0, idx 0, length -1, flags 0002
0:01:05.820336109 18238 0x60400000c890 DEBUG GST_CLOCK gstelement.c:427:gst_element_set_clock: setting clock (nil)
0:01:05.820349556 18238 0x607000932940 LOG GST_BUFFER gstbuffer.c:212:_get_merged_memory: buffer 0x6120029ef6c0, idx 0, length 1
0:01:05.820366345 18238 0x60400000c890 INFO GST_ELEMENT_PADS gstpad.c:2071:gst_pad_unlink: unlinking rtpbin1:send_rtcp_src_2(0x6160004152d0) and send_rtcp_tee_2:sink(0x616001e063b0)
0:01:05.820398171 18238 0x60400000c890 LOG GST_MESSAGE gstmessage.c:300:gst_message_new_custom: source sink: creating new message 0x60c0003f8980 structure-change
0:01:05.820418919 18238 0x60400000c890 DEBUG GST_BUS gstbus.c:317:gst_bus_post: [msg 0x60c0003f8980] posting on bus structure-change message: 0x60c0003f8980, time 99:99:99.999999999, seq-num 6100, element 'sink', GstMessageStructureChange, type=(GstStructureChangeType)GST_STRUCTURE_CHANGE_TYPE_PAD_UNLINK, owner=(GstElement)"\(GstRtpBin\)\ rtpbin1", busy=(boolean)true;
0:01:05.820465032 18238 0x60400000c890 DEBUG bin gstbin.c:3734:gst_bin_handle_message_func: [msg 0x60c0003f8980] handling child sink message of type structure-change
0:01:05.820487438 18238 0x607000932940 DEBUG opusenc gstopusenc.c:1041:gst_opus_enc_encode: Output packet is 160 bytes
0:01:05.820489141 18238 0x60400000c890 DEBUG bin gstbin.c:912:find_message: no message found matching types 00001000
0:01:05.820500489 18238 0x607000932940 LOG GST_BUFFER gstbuffer.c:1581:gst_buffer_resize_range: trim 0x6120029ef6c0 0-160 size:4000 offs:0 max:4007
0:01:05.820509855 18238 0x60400000c890 DEBUG bin gstbin.c:919:find_message: structure-change
0:01:05.820515342 18238 0x607000932940 LOG audioencoder gstaudioencoder.c:782:gst_audio_encoder_finish_frame: accepting 160 bytes encoded data as 960 samples
0:01:05.820527425 18238 0x607000932940 LOG audioencoder gstaudioencoder.c:820:gst_audio_encoder_finish_frame: 14 samples past prev_ts
0:00:44.638979167
0:01:05.820527160 18238 0x60400000c890 DEBUG bin gstbin.c:959:bin_replace_message: got new message 0x60c0003f8980, structure-change from sink
0:01:05.820540829 18238 0x607000932940 LOG audioencoder gstaudioencoder.c:822:gst_audio_encoder_finish_frame: 232334 samples past base_ts
0:00:39.798979167
0:01:05.820552946 18238 0x607000932940 LOG audioencoder gstaudioencoder.c:835:gst_audio_encoder_finish_frame: ts diff 0 ms
0:01:05.820561992 18238 0x607000932940 LOG audioencoder gstaudioencoder.c:850:gst_audio_encoder_finish_frame: new upstream ts only introduces jitter
0:01:05.820553568 18238 0x60400000c890 DEBUG GST_BUS gstbus.c:352:gst_bus_post: [msg 0x60c0003f8980] dropped
0:01:05.820574208 18238 0x607000932940 LOG adapter gstadapter.c:823:gst_adapter_get_buffer_fast: getting buffer of 1920 bytes
0:01:05.820584675 18238 0x607000932940 LOG adapter gstadapter.c:849:gst_adapter_get_buffer_fast: appending 932 bytes via region copy
0:01:05.820575414 18238 0x60400000c890 INFO GST_ELEMENT_PADS gstpad.c:2125:gst_pad_unlink: unlinked rtpbin1:send_rtcp_src_2 and send_rtcp_tee_2:sink
0:01:05.820595579 18238 0x607000932940 LOG GST_BUFFER gstbuffer.c:798:gst_buffer_new: new 0x612002cd5140
0:01:05.820603241 18238 0x607000932940 LOG GST_BUFFER gstbuffer.c:2038:gst_buffer_copy_region: new region copy 0x612002cd5140 of 0x6120028dfbc0 28-932
0:01:05.820614165 18238 0x607000932940 LOG GST_BUFFER gstbuffer.c:514:gst_buffer_copy_into: copy 0x6120028dfbc0 to 0x612002cd5140, offset 28-932/960
0:01:05.820609674 18238 0x60400000c890 LOG GST_MESSAGE gstmessage.c:300:gst_message_new_custom: source sink: creating new message 0x60c0008d2bc0 structure-change
0:01:05.820630289 18238 0x607000932940 DEBUG GST_MEMORY gstmemory.c:138:gst_memory_init: new memory 0x60d0000af020, maxsize:967 offset:28 size:932
0:01:05.820642730 18238 0x607000932940 LOG GST_BUFFER gstbuffer.c:413:_memory_add: buffer 0x612002cd5140, idx -1, mem 0x60d0000af020
0:01:05.820655318 18238 0x607000932940 LOG adapter gstadapter.c:849:gst_adapter_get_buffer_fast: appending 960 bytes via region copy
0:01:05.820662728 18238 0x607000932940 LOG GST_BUFFER gstbuffer.c:514:gst_buffer_copy_into: copy 0x612001ce82c0 to 0x612002cd5140, offset 0-960/960
0:01:05.820674796 18238 0x607000932940 LOG GST_BUFFER gstbuffer.c:413:_memory_add: buffer 0x612002cd5140, idx -1, mem 0x6190011a5380
0:01:05.820640037 18238 0x60400000c890 DEBUG GST_BUS gstbus.c:317:gst_bus_post: [msg 0x60c0008d2bc0] posting on bus structure-change message: 0x60c0008d2bc0, time 99:99:99.999999999, seq-num 6101, element 'sink', GstMessageStructureChange, type=(GstStructureChangeType)GST_STRUCTURE_CHANGE_TYPE_PAD_UNLINK, owner=(GstElement)"\(GstRtpBin\)\ rtpbin1", busy=(boolean)false;
0:01:05.820685674 18238 0x607000932940 LOG adapter gstadapter.c:849:gst_adapter_get_buffer_fast: appending 28 bytes via region copy
0:01:05.820696549 18238 0x607000932940 LOG GST_BUFFER gstbuffer.c:514:gst_buffer_copy_into: copy 0x612003898cc0 to 0x612002cd5140, offset 0-28/960
0:01:05.820707322 18238 0x607000932940 DEBUG GST_MEMORY gstmemory.c:138:gst_memory_init: new memory 0x60d000031c80, maxsize:967 offset:0 size:28
0:01:05.820699041 18238 0x60400000c890 DEBUG bin gstbin.c:3734:gst_bin_handle_message_func: [msg 0x60c0008d2bc0] handling child sink message of type structure-change
0:01:05.820720905 18238 0x607000932940 LOG GST_BUFFER gstbuffer.c:413:_memory_add: buffer 0x612002cd5140, idx -1, mem 0x60d000031c80
0:01:05.820728156 18238 0x60400000c890 LOG bin gstbin.c:890:message_check: looking at message 0x60c0003f8980: 1
0:01:05.820749657 18238 0x607000932940 LOG adapter gstadapter.c:633:gst_adapter_flush_unchecked: flushing 1920 bytes
0:01:05.820772339 18238 0x607000932940 LOG adapter gstadapter.c:655:gst_adapter_flush_unchecked: flushing out head buffer
0:01:05.820779080 18238 0x607000932940 LOG GST_BUFFER gstbuffer.c:724:_gst_buffer_free: finalize 0x6120028dfbc0
0:01:05.820769390 18238 0x60400000c890 DEBUG bin gstbin.c:988:bin_remove_messages: deleting message 0x60c0003f8980 of type structure-change (types 0x00001000)
0:01:05.820789762 18238 0x607000932940 LOG adapter gstadapter.c:289:update_timestamps_and_offset: new pts
0:00:44.648979167
0:01:05.820802072 18238 0x607000932940 LOG adapter gstadapter.c:301:update_timestamps_and_offset: new offset 2143151
0:01:05.820798126 18238 0x60400000c890 LOG GST_MESSAGE gstmessage.c:207:_gst_message_free: finalize message 0x60c0003f8980, structure-change from sink
0:01:05.820825954 18238 0x60400000c890 DEBUG GST_BUS gstbus.c:352:gst_bus_post: [msg 0x60c0008d2bc0] dropped
0:01:05.820841934 18238 0x60400000c890 LOG GST_MESSAGE gstmessage.c:207:_gst_message_free: finalize message 0x60c0008d2bc0, structure-change from sink
0:01:05.820873818 18238 0x607000932940 LOG adapter gstadapter.c:655:gst_adapter_flush_unchecked: flushing out head buffer
0:01:05.820881169 18238 0x607000932940 LOG GST_BUFFER gstbuffer.c:724:_gst_buffer_free: finalize 0x612001ce82c0
0:01:05.820871517 18238 0x60400000c890 INFO GST_ELEMENT_PADS gstpad.c:2071:gst_pad_unlink: unlinking send_rtcp_tee_2:src_0(0x6160000810b0) and bin8:sink_2(0x61600126e1d0)
0:01:05.820891912 18238 0x607000932940 LOG adapter gstadapter.c:289:update_timestamps_and_offset: new pts
0:00:44.658979167
0:01:05.820903136 18238 0x607000932940 LOG adapter gstadapter.c:301:update_timestamps_and_offset: new offset 2143631
0:01:05.820912497 18238 0x607000932940 LOG audioencoder gstaudioencoder.c:936:gst_audio_encoder_finish_frame: taking 160 bytes for output
0:01:05.820922738 18238 0x607000932940 DEBUG audioencoder gstaudioencoder.c:948:gst_audio_encoder_finish_frame: out samples 960
0:01:05.820910156 18238 0x60400000c890 LOG GST_MESSAGE gstmessage.c:300:gst_message_new_custom: source sink_2: creating new message 0x60c000905980 structure-change
0:01:05.820938412 18238 0x607000932940 LOG audioencoder gstaudioencoder.c:1016:gst_audio_encoder_finish_frame: pushing buffer of size 160 with ts 0:00:44.639270833, duration
0:00:00.020000000
0:01:05.820938849 18238 0x60400000c890 DEBUG GST_MESSAGE gstelement.c:1744:gst_element_post_message_default: not posting message 0x60c000905980: no bus
0:01:05.820958045 18238 0x607000932940 DEBUG GST_SCHEDULING gstpad.c:4200:gst_pad_chain_data_unchecked: calling chainfunction &0x7f95fe031ee0 with buffer buffer: 0x6120029ef6c0, pts 0:00:44.639270833, dts 0:00:44.639270833, dur 0:00:00.020000000, size 160, offset 182880, offset_end 183040, flags 0x0
0:01:05.820963245 18238 0x60400000c890 LOG GST_MESSAGE gstmessage.c:207:_gst_message_free: finalize message 0x60c000905980, structure-change from sink_2
0:01:05.820976310 18238 0x607000932940 LOG GST_BUFFER gstbuffer.c:798:gst_buffer_new: new 0x61200327c7c0
0:01:05.820984138 18238 0x607000932940 DEBUG GST_BUFFER gstbuffer.c:1265:gst_buffer_remove_memory_range: idx 0, length -1
0:01:05.820993519 18238 0x607000932940 LOG GST_BUFFER gstbuffer.c:283:_replace_memory: buffer 0x61200327c7c0 replace 0-0 with memory (nil)
0:01:05.820990781 18238 0x60400000c890 INFO GST_ELEMENT_PADS gstpad.c:2125:gst_pad_unlink: unlinked send_rtcp_tee_2:src_0 and bin8:sink_2
0:01:05.821006290 18238 0x607000932940 DEBUG GST_MEMORY gstmemory.c:138:gst_memory_init: new memory 0x60f000320e00, maxsize:19 offset:0 size:12
0:01:05.821018317 18238 0x607000932940 LOG GST_BUFFER gstbuffer.c:413:_memory_add: buffer 0x61200327c7c0, idx -1, mem 0x60f000320e00
0:01:05.821021534 18238 0x60400000c890 LOG GST_MESSAGE gstmessage.c:300:gst_message_new_custom: source sink_2: creating new message 0x60c0003eb180 structure-change
0:01:05.821031039 18238 0x607000932940 LOG GST_BUFFER gstbuffer.c:1581:gst_buffer_resize_range: trim 0x6120029ef6c0 0--1 size:160 offs:0 max:4007
0:01:05.821047462 18238 0x607000932940 LOG GST_BUFFER gstbuffer.c:413:_memory_add: buffer 0x61200327c7c0, idx -1, mem 0x621000550100
0:01:05.821057690 18238 0x607000932940 LOG GST_BUFFER gstbuffer.c:724:_gst_buffer_free: finalize 0x6120029ef6c0
0:01:05.821048709 18238 0x60400000c890 DEBUG GST_MESSAGE gstelement.c:1744:gst_element_post_message_default: not posting message 0x60c0003eb180: no bus
0:01:05.821068827 18238 0x607000932940 LOG rtpbasepayload gstrtpbasepayload.c:1223:gst_rtp_base_payload_prepare_push: Using running_time
0:00:44.639270833 for RTP timestamp
0:01:05.821073459 18238 0x60400000c890 LOG GST_MESSAGE gstmessage.c:207:_gst_message_free: finalize message 0x60c0003eb180, structure-change from sink_2
0:01:05.821082384 18238 0x607000932940 LOG rtpbasepayload gstrtpbasepayload.c:1236:gst_rtp_base_payload_prepare_push: setting running-time to 2142684
0:01:05.821097143 18238 0x607000932940 LOG GST_BUFFER gstbuffer.c:1720:gst_buffer_map_range: buffer 0x61200327c7c0, idx 0, length 1, flags 0002
0:01:05.821108276 18238 0x607000932940 LOG GST_BUFFER gstbuffer.c:212:_get_merged_memory: buffer 0x61200327c7c0, idx 0, length 1
0:01:05.821105649 18238 0x60400000c890 INFO GST_PARENTAGE gstbin.c:1822:gst_bin_remove_func: removed child "send_rtcp_tee_2"
0:01:05.821123207 18238 0x607000932940 LOG rtpbasepayload gstrtpbasepayload.c:1265:gst_rtp_base_payload_prepare_push: Preparing to push packet with size 172, seq=12370, rtptime=3499026971, pts
0:00:44.639270833
0:01:05.821139552 18238 0x607000932940 DEBUG GST_SCHEDULING gstpad.c:4200:gst_pad_chain_data_unchecked: calling chainfunction &gst_proxy_pad_chain_default with buffer buffer: 0x61200327c7c0, pts 0:00:44.639270833, dts 0:00:44.639270833, dur 0:00:00.020000000, size 172, offset none, offset_end none, flags 0x4000
0:01:05.821149116 18238 0x60400000c890 LOG bin gstbin.c:1508:gst_bin_deep_element_removed_func: emitting deep-element-removed for element which has just been removed from
0:01:05.821160292 18238 0x607000932940 DEBUG GST_SCHEDULING gstpad.c:4200:gst_pad_chain_data_unchecked: calling chainfunction &gst_base_transform_chain with buffer buffer: 0x61200327c7c0, pts 0:00:44.639270833, dts 0:00:44.639270833, dur 0:00:00.020000000, size 172, offset none, offset_end none, flags 0x4000
0:01:05.821175258 18238 0x60400000c890 LOG bin gstbin.c:1502:gst_bin_deep_element_removed_func: no parent, reached top-level
0:01:05.821177278 18238 0x607000932940 DEBUG basetransform gstbasetransform.c:2041:default_submit_input_buffer: handling buffer 0x61200327c7c0 of size 172, PTS
0:00:44.639270833 and offset NONE
0:01:05.821193782 18238 0x607000932940 DEBUG basetransform gstbasetransform.c:2153:default_generate_output: calling prepare buffer
0:01:05.821191881 18238 0x60400000c890 DEBUG GST_PADS gstpad.c:1078:gst_pad_set_active: deactivating pad from push mode
0:01:05.821201925 18238 0x607000932940 DEBUG basetransform gstbasetransform.c:2160:default_generate_output: using allocated buffer in 0x61200327c7c0, out 0x61200327c7c0
0:01:05.821217081 18238 0x607000932940 DEBUG basetransform gstbasetransform.c:2177:default_generate_output: doing inplace transform
0:01:05.821217076 18238 0x60400000c890 DEBUG GST_PADS gstpad.c:967:pre_activate: setting PAD_MODE NONE, set flushing
0:01:05.821228709 18238 0x607000932940 DEBUG GST_SCHEDULING gstpad.c:4200:gst_pad_chain_data_unchecked: calling chainfunction &gst_rtp_mux_chain with buffer buffer: 0x61200327c7c0, pts 0:00:44.639270833, dts 0:00:44.639270833, dur 0:00:00.020000000, size 172, offset none, offset_end none, flags 0x4000
0:01:05.821236457 18238 0x60400000c890 LOG GST_PADS gstghostpad.c:378:gst_ghost_pad_activate_push_default: deactivate push on rtpbin1:send_rtcp_src_2, proxy internal
0:01:05.821245574 18238 0x607000932940 LOG GST_BUFFER gstbuffer.c:1720:gst_buffer_map_range: buffer 0x61200327c7c0, idx 0, length 1, flags 0003
0:01:05.821262012 18238 0x607000932940 LOG GST_BUFFER gstbuffer.c:212:_get_merged_memory: buffer 0x61200327c7c0, idx 0, length 1
0:01:05.821262766 18238 0x60400000c890 DEBUG GST_PADS gstpad.c:967:pre_activate: setting PAD_MODE NONE, set flushing
0:01:05.821277336 18238 0x607000932940 LOG rtpmux gstrtpmux.c:355:gst_rtp_mux_readjust_rtp_timestamp_locked: Re-adjusting RTP ts 3499026971 to 2570385253
0:01:05.821288562 18238 0x607000932940 LOG rtpmux gstrtpmux.c:377:process_buffer_locked: Pushing packet size 12, seq=10591, ts=2570385253
0:01:05.821282741 18238 0x60400000c890 LOG GST_PADS gstghostpad.c:284:gst_ghost_pad_internal_activate_push_default: deactivate push on send_rtcp_src_2:proxypad242, we're ok
0:01:05.821302258 18238 0x607000932940 DEBUG GST_SCHEDULING gstpad.c:4200:gst_pad_chain_data_unchecked: calling chainfunction &gst_proxy_pad_chain_default with buffer buffer: 0x61200327c7c0, pts 0:00:44.639270833, dts 0:00:44.639270833, dur 0:00:00.020000000, size 172, offset none, offset_end none, flags 0x4000
0:01:05.821309825 18238 0x60400000c890 DEBUG GST_PADS gstpad.c:1207:activate_mode_internal: already deactivated in push mode
0:01:05.821320014 18238 0x607000932940 DEBUG GST_SCHEDULING gstpad.c:4200:gst_pad_chain_data_unchecked: calling chainfunction &0x7f95fddef870 with buffer buffer: 0x61200327c7c0, pts 0:00:44.639270833, dts 0:00:44.639270833, dur 0:00:00.020000000, size 172, offset none, offset_end none, flags 0x4000
0:01:05.821331677 18238 0x60400000c890 DEBUG GST_PADS gstpad.c:1015:post_activate: stopped streaming
0:01:05.821336217 18238 0x607000932940 LOG rtpsession gstrtpsession.c:2273:gst_rtp_session_chain_send_rtp_common: received RTP packet
0:01:05.821353589 18238 0x60400000c890 DEBUG GST_PADS gstpad.c:453:remove_events: notify caps
0:01:05.821354252 18238 0x607000932940 DEBUG GST_CLOCK gstclock.c:1045:gst_clock_get_internal_time: internal time 132:06:01.466620112
0:01:05.821369863 18238 0x60400000c890 LOG GST_PROPERTIES gstobject.c:456:gst_object_dispatch_properties_changed: deep notification from proxypad242 (caps)
0:01:05.821384802 18238 0x607000932940 DEBUG GST_CLOCK gstclock.c:1090:gst_clock_get_time: adjusted time 132:06:01.466620112
0:01:05.821392047 18238 0x60400000c890 LOG GST_PROPERTIES gstobject.c:456:gst_object_dispatch_properties_changed: deep notification from proxypad242 (caps)
0:01:05.821398699 18238 0x607000932940 LOG rtpsession rtpsession.c:2981:rtp_session_send_rtp: received RTP packet for sending
0:01:05.821407843 18238 0x607000932940 LOG GST_BUFFER gstbuffer.c:1720:gst_buffer_map_range: buffer 0x61200327c7c0, idx 0, length 1, flags 0001
0:01:05.821410338 18238 0x60400000c890 LOG GST_PROPERTIES gstobject.c:456:gst_object_dispatch_properties_changed: deep notification from proxypad242 (caps)
0:01:05.821419302 18238 0x607000932940 LOG GST_BUFFER gstbuffer.c:212:_get_merged_memory: buffer 0x61200327c7c0, idx 0, length 1
0:01:05.821430857 18238 0x60400000c890 LOG GST_PROPERTIES gstobject.c:456:gst_object_dispatch_properties_changed: deep notification from proxypad242 (caps)
0:01:05.821433348 18238 0x607000932940 LOG rtpsource rtpsource.c:1158:update_receiver_stats: seq 10591, PC: 1144, OC: 183040
0:01:05.821444188 18238 0x607000932940 LOG rtpsource rtpsource.c:1289:rtp_source_send_rtp: SSRC a9eb0eb9, RTP 2570385253, running_time
0:00:44.639270833
0:01:05.821447641 18238 0x60400000c890 DEBUG GST_PADS gstpad.c:1188:activate_mode_internal: deactivated in push mode
0:01:05.821456461 18238 0x607000932940 LOG rtpsource rtpsource.c:1299:rtp_source_send_rtp: SSRC a9eb0eb9, diff RTP 960, diff running_time
0:00:00.020000000
0:01:05.821467706 18238 0x607000932940 LOG rtpsource rtpsource.c:1312:rtp_source_send_rtp: pushing RTP packet 1144
0:01:05.821471466 18238 0x60400000c890 DEBUG GST_PADS gstpad.c:1015:post_activate: stopped streaming
0:01:05.821475912 18238 0x607000932940 LOG rtpsession rtpsession.c:1377:source_push_rtp: source a9eb0eb9 pushed sender RTP packet
0:01:05.821485878 18238 0x607000932940 LOG rtpsession gstrtpsession.c:1367:gst_rtp_session_send_rtp: sending RTP packet
0:01:05.821487573 18238 0x60400000c890 DEBUG GST_PADS gstpad.c:453:remove_events: notify caps
0:01:05.821495969 18238 0x607000932940 DEBUG GST_SCHEDULING gstpad.c:4200:gst_pad_chain_data_unchecked: calling chainfunction &gst_srtp_enc_chain_rtp with buffer buffer: 0x61200327c7c0, pts 0:00:44.639270833, dts 0:00:44.639270833, dur 0:00:00.020000000, size 172, offset none, offset_end none, flags 0x4000
0:01:05.821505989 18238 0x60400000c890 LOG GST_PROPERTIES gstobject.c:456:gst_object_dispatch_properties_changed: deep notification from send_rtcp_src_2 (caps)
0:01:05.821513818 18238 0x607000932940 DEBUG GST_SCHEDULING gstpad.c:4200:gst_pad_chain_data_unchecked: calling chainfunction &gst_proxy_pad_chain_default with buffer buffer: 0x61200327c7c0, pts 0:00:44.639270833, dts 0:00:44.639270833, dur 0:00:00.020000000, size 172, offset none, offset_end none, flags 0x4000
0:01:05.821529062 18238 0x60400000c890 LOG GST_PROPERTIES gstobject.c:456:gst_object_dispatch_properties_changed: deep notification from send_rtcp_src_2 (caps)
0:01:05.821531704 18238 0x607000932940 DEBUG GST_SCHEDULING gstpad.c:4200:gst_pad_chain_data_unchecked: calling chainfunction &gst_tee_chain with buffer buffer: 0x61200327c7c0, pts 0:00:44.639270833, dts 0:00:44.639270833, dur 0:00:00.020000000, size 172, offset none, offset_end none, flags 0x4000
0:01:05.821544430 18238 0x60400000c890 LOG GST_PROPERTIES gstobject.c:456:gst_object_dispatch_properties_changed: deep notification from send_rtcp_src_2 (caps)
0:01:05.821548843 18238 0x607000932940 DEBUG tee gsttee.c:777:gst_tee_chain: received buffer 0x61200327c7c0
0:01:05.821564008 18238 0x60400000c890 DEBUG GST_PADS gstpad.c:1188:activate_mode_internal: deactivated in push mode
0:01:05.821565739 18238 0x607000932940 DEBUG GST_SCHEDULING gstpad.c:4200:gst_pad_chain_data_unchecked: calling chainfunction &gst_proxy_pad_chain_default with buffer buffer: 0x61200327c7c0, pts 0:00:44.639270833, dts 0:00:44.639270833, dur 0:00:00.020000000, size 172, offset none, offset_end none, flags 0x4000
0:01:05.821583044 18238 0x60400000c890 DEBUG GST_PADS gstpad.c:1078:gst_pad_set_active: deactivating pad from push mode
0:01:05.821583958 18238 0x607000932940 DEBUG GST_SCHEDULING gstpad.c:4200:gst_pad_chain_data_unchecked: calling chainfunction &gst_tee_chain with buffer buffer: 0x61200327c7c0, pts 0:00:44.639270833, dts 0:00:44.639270833, dur 0:00:00.020000000, size 172, offset none, offset_end none, flags 0x4000
0:01:05.821600377 18238 0x607000932940 DEBUG tee gsttee.c:777:gst_tee_chain: received buffer 0x61200327c7c0
0:01:05.821601520 18238 0x60400000c890 DEBUG GST_PADS gstpad.c:967:pre_activate: setting PAD_MODE NONE, set flushing
0:01:05.821614347 18238 0x607000932940 LOG tee gsttee.c:694:gst_tee_handle_data: Starting to push buffer 0x61200327c7c0
0:01:05.821615961 18238 0x60400000c890 LOG GST_PADS gstghostpad.c:378:gst_ghost_pad_activate_push_default: deactivate push on rtpbin1:send_rtp_sink_2, proxy internal
0:01:05.821627899 18238 0x607000932940 DEBUG GST_SCHEDULING gstpad.c:4200:gst_pad_chain_data_unchecked: calling chainfunction &gst_base_sink_chain with buffer buffer: 0x61200327c7c0, pts 0:00:44.639270833, dts 0:00:44.639270833, dur 0:00:00.020000000, size 172, offset none, offset_end none, flags 0x4000
0:01:05.821640047 18238 0x60400000c890 DEBUG GST_PADS gstpad.c:967:pre_activate: setting PAD_MODE NONE, set flushing
0:01:05.821646845 18238 0x607000932940 DEBUG basesink gstbasesink.c:3360:gst_base_sink_chain_unlocked: got times start: 0:00:44.639270833, end:
0:00:44.659270833
0:01:05.821655413 18238 0x60400000c890 LOG GST_PADS gstghostpad.c:284:gst_ghost_pad_internal_activate_push_default: deactivate push on send_rtp_sink_2:proxypad241, we're ok
0:01:05.821666259 18238 0x607000932940 DEBUG basesink gstbasesink.c:1946:gst_base_sink_get_sync_times: got times start: 0:00:44.639270833, stop: 0:00:44.659270833, do_sync 1
0:01:05.821680516 18238 0x60400000c890 DEBUG GST_PADS gstpad.c:1207:activate_mode_internal: already deactivated in push mode
0:01:05.821686913 18238 0x607000932940 LOG basesink gstbasesink.c:2483:gst_base_sink_do_sync: avg frame diff
0:00:00.020000000
0:01:05.821701604 18238 0x60400000c890 DEBUG GST_PADS gstpad.c:1015:post_activate: stopped streaming
0:01:05.821701104 18238 0x607000932940 DEBUG basesink gstbasesink.c:2523:gst_base_sink_do_sync: reset rc_time to time
0:00:44.639270833
0:01:05.821719346 18238 0x60400000c890 DEBUG GST_PADS gstpad.c:453:remove_events: notify caps
0:01:05.821718876 18238 0x607000932940 DEBUG basesink gstbasesink.c:2535:gst_base_sink_do_sync: possibly waiting for clock to reach 0:00:44.639270833, adjusted
0:00:44.639270833
0:01:05.821756960 18238 0x607000932940 DEBUG basesink gstbasesink.c:2163:gst_base_sink_wait_clock: sync disabled
0:01:05.821750001 18238 0x60400000c890 LOG GST_PROPERTIES gstobject.c:456:gst_object_dispatch_properties_changed: deep notification from proxypad241 (caps)
0:01:05.821766247 18238 0x607000932940 DEBUG basesink gstbasesink.c:2542:gst_base_sink_do_sync: clock returned 4, jitter
0:00:00.000000000
0:01:05.821777365 18238 0x60400000c890 LOG GST_PROPERTIES gstobject.c:456:gst_object_dispatch_properties_changed: deep notification from proxypad241 (caps)
0:01:05.821781688 18238 0x607000932940 DEBUG basesink gstbasesink.c:3468:gst_base_sink_chain_unlocked: rendering object 0x61200327c7c0
0:01:05.821796433 18238 0x60400000c890 LOG GST_PROPERTIES gstobject.c:456:gst_object_dispatch_properties_changed: deep notification from proxypad241 (caps)
0:01:05.821797133 18238 0x607000932940 DEBUG basesink gstbasesink.c:934:gst_base_sink_set_last_buffer_unlocked: setting last buffer to 0x61200327c7c0
0:01:05.821812749 18238 0x60400000c890 LOG GST_PROPERTIES gstobject.c:456:gst_object_dispatch_properties_changed: deep notification from proxypad241 (caps)
0:01:05.821816256 18238 0x607000932940 DEBUG basesink gstbasesink.c:3507:gst_base_sink_chain_unlocked: object unref after render 0x61200327c7c0
0:01:05.821828394 18238 0x607000932940 DEBUG GST_SCHEDULING gstpad.c:4206:gst_pad_chain_data_unchecked: called chainfunction &gst_base_sink_chain with buffer 0x61200327c7c0, returned ok
0:01:05.821828750 18238 0x60400000c890 DEBUG GST_PADS gstpad.c:1188:activate_mode_internal: deactivated in push mode
0:01:05.821844802 18238 0x607000932940 LOG tee gsttee.c:699:gst_tee_handle_data: Pushing item 0x61200327c7c0 yielded result ok
0:01:05.821850852 18238 0x60400000c890 DEBUG GST_PADS gstpad.c:1015:post_activate: stopped streaming
0:01:05.821857336 18238 0x607000932940 LOG tee gsttee.c:731:gst_tee_handle_data: Replacing ret val -1 with 0
0:01:05.821864396 18238 0x60400000c890 DEBUG GST_PADS gstpad.c:453:remove_events: notify caps
0:01:05.821869126 18238 0x607000932940 LOG tee gsttee.c:694:gst_tee_handle_data: Starting to push buffer 0x61200327c7c0
0:01:05.821889211 18238 0x60400000c890 LOG GST_PROPERTIES gstobject.c:456:gst_object_dispatch_properties_changed: deep notification from send_rtp_sink_2 (caps)
0:01:05.821951472 18238 0x60400000c890 LOG GST_PROPERTIES gstobject.c:456:gst_object_dispatch_properties_changed: deep notification from send_rtp_sink_2 (caps)
0:01:05.821943931 18238 0x607000932940 DEBUG GST_SCHEDULING gstpad.c:4200:gst_pad_chain_data_unchecked: calling chainfunction &gst_base_sink_chain with buffer buffer: 0x61200327c7c0, pts 0:00:44.639270833, dts 0:00:44.639270833, dur 0:00:00.020000000, size 172, offset none, offset_end none, flags 0x4000
0:01:05.821967553 18238 0x60400000c890 LOG GST_PROPERTIES gstobject.c:456:gst_object_dispatch_properties_changed: deep notification from send_rtp_sink_2 (caps)
0:01:05.821970024 18238 0x607000932940 DEBUG basesink gstbasesink.c:3360:gst_base_sink_chain_unlocked: got times start: 0:00:44.639270833, end:
0:00:44.659270833
0:01:05.821987683 18238 0x60400000c890 DEBUG GST_PADS gstpad.c:1188:activate_mode_internal: deactivated in push mode
0:01:05.821987324 18238 0x607000932940 DEBUG basesink gstbasesink.c:1946:gst_base_sink_get_sync_times: got times start: 0:00:44.639270833, stop: 0:00:44.659270833, do_sync 1
0:01:05.822009442 18238 0x607000932940 LOG basesink gstbasesink.c:2483:gst_base_sink_do_sync: avg frame diff
0:00:00.020000000
0:01:05.822010066 18238 0x60400000c890 LOG GST_SCHEDULING gstpad.c:1505:gst_pad_remove_probe: removing hook 1
0:01:05.822023724 18238 0x607000932940 DEBUG basesink gstbasesink.c:2523:gst_base_sink_do_sync: reset rc_time to time
0:00:44.639270833
0:01:05.822039545 18238 0x60400000c890 LOG GST_SCHEDULING gstpad.c:1505:gst_pad_remove_probe: removing hook 1
0:01:05.822036068 18238 0x607000932940 DEBUG basesink gstbasesink.c:2535:gst_base_sink_do_sync: possibly waiting for clock to reach 0:00:44.639270833, adjusted
0:00:44.639270833
0:01:05.822058941 18238 0x607000932940 DEBUG basesink gstbasesink.c:2163:gst_base_sink_wait_clock: sync disabled
0:01:05.822067298 18238 0x607000932940 DEBUG basesink gstbasesink.c:2542:gst_base_sink_do_sync: clock returned 4, jitter
0:00:00.000000000
0:01:05.822081474 18238 0x607000932940 DEBUG basesink gstbasesink.c:3468:gst_base_sink_chain_unlocked: rendering object 0x61200327c7c0
0:01:05.822092885 18238 0x607000932940 DEBUG basesink gstbasesink.c:934:gst_base_sink_set_last_buffer_unlocked: setting last buffer to 0x61200327c7c0
0:01:05.822091985 18238 0x60400000c890 DEBUG fsrtpconference fs-rtp-session.c:5079:fs_rtp_session_stop_codec_param_gathering_unlock: Stopping Codec Param discovery for session 2
0:01:05.822102488 18238 0x607000932940 LOG GST_BUFFER gstbuffer.c:724:_gst_buffer_free: finalize 0x6120027571c0
0:01:05.822114840 18238 0x607000932940 DEBUG GST_MEMORY gstmemory.c:87:_gst_memory_free: free memory 0x60f0000b1430
0:01:05.822126192 18238 0x607000932940 DEBUG GST_MEMORY gstmemory.c:87:_gst_memory_free: free memory 0x62100054ed00
0:01:05.822124863 18238 0x60400000c890 INFO GST_EVENT gstevent.c:1511:gst_event_new_reconfigure: creating reconfigure event
0:01:05.822138599 18238 0x607000932940 LOG nicesink gstnicesink.c:265:gst_nice_sink_render_buffers: 1 buffers, 2 memories -> to be sent
0:01:05.822142554 18238 0x60400000c890 DEBUG GST_EVENT gstevent.c:305:gst_event_new_custom: creating new event 0x60b00266cda0 reconfigure 61441
0:01:05.822167579 18238 0x60400000c890 LOG GST_PADS gstpad.c:5259:gst_pad_push_event_unchecked: sending event 0x60b00266cda0 (reconfigure) to peerpad
0:01:05.822192236 18238 0x60400000c890 DEBUG GST_EVENT gstpad.c:5546:gst_pad_send_event_unchecked: have event type reconfigure event: 0x60b00266cda0, time 99:99:99.999999999, seq-num 6104, (NULL)
0:01:05.822215105 18238 0x60400000c890 LOG GST_PADS gstpad.c:3023:gst_pad_event_default: default event handler for event reconfigure event: 0x60b00266cda0, time 99:99:99.999999999, seq-num 6104, (NULL)
0:01:05.822237138 18238 0x60400000c890 DEBUG GST_PADS gstpad.c:2833:gst_pad_iterate_internal_links_default: Making iterator
0:01:05.822252732 18238 0x60400000c890 LOG GST_PADS gstpad.c:2943:gst_pad_forward: calling forward function on pad send_tee_2:sink
0:01:05.822271651 18238 0x607000932940 DEBUG basesink gstbasesink.c:3507:gst_base_sink_chain_unlocked: object unref after render 0x61200327c7c0
0:01:05.822272297 18238 0x60400000c890 LOG GST_PADS gstpad.c:2988:event_forward_func: Reffing and pushing event 0x60b00266cda0 (reconfigure) to send_tee_2:sink
0:01:05.822285292 18238 0x607000932940 DEBUG GST_SCHEDULING gstpad.c:4206:gst_pad_chain_data_unchecked: called chainfunction &gst_base_sink_chain with buffer 0x61200327c7c0, returned ok
0:01:05.822300817 18238 0x607000932940 LOG tee gsttee.c:699:gst_tee_handle_data: Pushing item 0x61200327c7c0 yielded result ok
0:01:05.822312722 18238 0x607000932940 LOG tee gsttee.c:731:gst_tee_handle_data: Replacing ret val 0 with 0
0:01:05.822299592 18238 0x60400000c890 LOG GST_PADS gstpad.c:5259:gst_pad_push_event_unchecked: sending event 0x60b00266cda0 (reconfigure) to peerpad
0:01:05.822326239 18238 0x607000932940 DEBUG tee gsttee.c:781:gst_tee_chain: handled buffer ok
0:01:05.822337172 18238 0x607000932940 DEBUG GST_SCHEDULING gstpad.c:4206:gst_pad_chain_data_unchecked: called chainfunction &gst_tee_chain with buffer 0x61200327c7c0, returned ok
0:01:05.822336102 18238 0x60400000c890 DEBUG GST_EVENT gstpad.c:5546:gst_pad_send_event_unchecked: have event type reconfigure event: 0x60b00266cda0, time 99:99:99.999999999, seq-num 6104, (NULL)
0:01:05.822351166 18238 0x607000932940 DEBUG GST_SCHEDULING gstpad.c:4206:gst_pad_chain_data_unchecked: called chainfunction &gst_proxy_pad_chain_default with buffer 0x61200327c7c0, returned ok
0:01:05.822364834 18238 0x607000932940 DEBUG tee gsttee.c:781:gst_tee_chain: handled buffer ok
0:01:05.822359925 18238 0x60400000c890 LOG GST_PADS gstpad.c:3023:gst_pad_event_default: default event handler for event reconfigure event: 0x60b00266cda0, time 99:99:99.999999999, seq-num 6104, (NULL)
0:01:05.822374796 18238 0x607000932940 DEBUG GST_SCHEDULING gstpad.c:4206:gst_pad_chain_data_unchecked: called chainfunction &gst_tee_chain with buffer 0x61200327c7c0, returned ok
0:01:05.822386753 18238 0x60400000c890 DEBUG GST_PADS gstpad.c:2833:gst_pad_iterate_internal_links_default: Making iterator
0:01:05.822388578 18238 0x607000932940 DEBUG GST_SCHEDULING gstpad.c:4206:gst_pad_chain_data_unchecked: called chainfunction &gst_proxy_pad_chain_default with buffer 0x61200327c7c0, returned ok
0:01:05.822405254 18238 0x607000932940 DEBUG GST_SCHEDULING gstpad.c:4206:gst_pad_chain_data_unchecked: called chainfunction &gst_srtp_enc_chain_rtp with buffer 0x61200327c7c0, returned ok
0:01:05.822407759 18238 0x60400000c890 LOG GST_PADS gstpad.c:2943:gst_pad_forward: calling forward function on pad fsrtpbitrateadapter0:sink
0:01:05.822420403 18238 0x607000932940 DEBUG GST_SCHEDULING gstpad.c:4206:gst_pad_chain_data_unchecked: called chainfunction &0x7f95fddef870 with buffer 0x61200327c7c0, returned ok
0:01:05.822429734 18238 0x60400000c890 LOG GST_PADS gstpad.c:2988:event_forward_func: Reffing and pushing event 0x60b00266cda0 (reconfigure) to fsrtpbitrateadapter0:sink
0:01:05.822454502 18238 0x607000932940 DEBUG GST_SCHEDULING gstpad.c:4206:gst_pad_chain_data_unchecked: called chainfunction &gst_proxy_pad_chain_default with buffer 0x61200327c7c0, returned ok
0:01:05.822469252 18238 0x607000932940 DEBUG GST_SCHEDULING gstpad.c:4206:gst_pad_chain_data_unchecked: called chainfunction &gst_rtp_mux_chain with buffer 0x61200327c7c0, returned ok
0:01:05.822459202 18238 0x60400000c890 LOG GST_PADS gstpad.c:5259:gst_pad_push_event_unchecked: sending event 0x60b00266cda0 (reconfigure) to peerpad
0:01:05.822482043 18238 0x607000932940 DEBUG GST_SCHEDULING gstpad.c:4206:gst_pad_chain_data_unchecked: called chainfunction &gst_base_transform_chain with buffer 0x61200327c7c0, returned ok
0:01:05.822494726 18238 0x607000932940 DEBUG GST_SCHEDULING gstpad.c:4206:gst_pad_chain_data_unchecked: called chainfunction &gst_proxy_pad_chain_default with buffer 0x61200327c7c0, returned ok
0:01:05.822490891 18238 0x60400000c890 DEBUG GST_EVENT gstpad.c:5546:gst_pad_send_event_unchecked: have event type reconfigure event: 0x60b00266cda0, time 99:99:99.999999999, seq-num 6104, (NULL)
0:01:05.822507664 18238 0x607000932940 DEBUG GST_SCHEDULING gstpad.c:4206:gst_pad_chain_data_unchecked: called chainfunction &0x7f95fe031ee0 with buffer 0x6120029ef6c0, returned ok
0:01:05.822521239 18238 0x607000932940 LOG audioencoder gstaudioencoder.c:1019:gst_audio_encoder_finish_frame: buffer pushed: ok
0:01:05.822529441 18238 0x607000932940 LOG GST_BUFFER gstbuffer.c:724:_gst_buffer_free: finalize 0x612002cd5140
0:01:05.822517292 18238 0x60400000c890 LOG GST_PADS gstpad.c:3023:gst_pad_event_default: default event handler for event reconfigure event: 0x60b00266cda0, time 99:99:99.999999999, seq-num 6104, (NULL)
0:01:05.822537247 18238 0x607000932940 DEBUG GST_MEMORY gstmemory.c:87:_gst_memory_free: free memory 0x60d0000af020
0:01:05.822545579 18238 0x607000932940 DEBUG GST_MEMORY gstmemory.c:87:_gst_memory_free: free memory 0x619000d0ed80
0:01:05.822555707 18238 0x607000932940 DEBUG GST_MEMORY gstmemory.c:87:_gst_memory_free: free memory 0x6190011a5380
0:01:05.822550647 18238 0x60400000c890 LOG GST_PADS gstpad.c:2943:gst_pad_forward: calling forward function on pad fsrtpconference1:sink_2
0:01:05.822563045 18238 0x607000932940 DEBUG GST_MEMORY gstmemory.c:87:_gst_memory_free: free memory 0x60d000031c80
0:01:05.822575962 18238 0x607000932940 LOG GST_BUFFER gstbuffer.c:724:_gst_buffer_free: finalize 0x612003895840
0:01:05.822577745 18238 0x60400000c890 LOG GST_PADS gstpad.c:2988:event_forward_func: Reffing and pushing event 0x60b00266cda0 (reconfigure) to fsrtpconference1:sink_2
0:01:05.822585009 18238 0x607000932940 DEBUG GST_MEMORY gstmemory.c:87:_gst_memory_free: free memory 0x60d000023c40
0:01:05.822604506 18238 0x607000932940 LOG audioencoder gstaudioencoder.c:1089:gst_audio_encoder_push_buffers: available: 308, needed: 1920, force: 0
0:01:05.822603001 18238 0x60400000c890 LOG GST_PADS gstpad.c:5259:gst_pad_push_event_unchecked: sending event 0x60b00266cda0 (reconfigure) to peerpad
0:01:05.822617781 18238 0x607000932940 LOG audioencoder gstaudioencoder.c:1368:gst_audio_encoder_chain: chain leaving
0:01:05.822632818 18238 0x607000932940 DEBUG GST_SCHEDULING gstpad.c:4206:gst_pad_chain_data_unchecked: called chainfunction &gst_audio_encoder_chain with buffer 0x612003898cc0, returned ok
0:01:05.822631164 18238 0x60400000c890 DEBUG GST_EVENT gstpad.c:5546:gst_pad_send_event_unchecked: have event type reconfigure event: 0x60b00266cda0, time 99:99:99.999999999, seq-num 6104, (NULL)
0:01:05.822648685 18238 0x607000932940 DEBUG GST_SCHEDULING gstpad.c:4206:gst_pad_chain_data_unchecked: called chainfunction &gst_base_transform_chain with buffer 0x612003898cc0, returned ok
0:01:05.822656474 18238 0x60400000c890 INFO GST_EVENT gstpad.c:5652:gst_pad_send_event_unchecked: Received event on flushing pad. Discarding
0:01:05.822663368 18238 0x607000932940 DEBUG GST_SCHEDULING gstpad.c:4206:gst_pad_chain_data_unchecked: called chainfunction &gst_base_transform_chain with buffer 0x61200100da40, returned ok
0:01:05.822676786 18238 0x607000932940 DEBUG GST_SCHEDULING gstpad.c:4206:gst_pad_chain_data_unchecked: called chainfunction &gst_base_transform_chain with buffer 0x61200100da40, returned ok
0:01:05.822670745 18238 0x60400000c890 LOG GST_PADS gstpad.c:5267:gst_pad_push_event_unchecked: sent event 0x60b00266cda0 (reconfigure) to peerpad , ret flushing
0:01:05.822691218 18238 0x607000932940 DEBUG GST_SCHEDULING gstpad.c:4206:gst_pad_chain_data_unchecked: called chainfunction &gst_proxy_pad_chain_default with buffer 0x61200100da40, returned ok
0:01:05.822704990 18238 0x607000932940 DEBUG GST_SCHEDULING gstpad.c:4206:gst_pad_chain_data_unchecked: called chainfunction &gst_valve_chain with buffer 0x61200100da40, returned ok
0:01:05.822701187 18238 0x60400000c890 DEBUG GST_PADS gstpad.c:5620:gst_pad_send_event_unchecked: sent event, ret error
0:01:05.822719071 18238 0x607000932940 LOG tee gsttee.c:699:gst_tee_handle_data: Pushing item 0x61200100da40 yielded result ok
0:01:05.822750545 18238 0x607000932940 LOG tee gsttee.c:731:gst_tee_handle_data: Replacing ret val -1 with 0
0:01:05.822764264 18238 0x607000932940 LOG GST_BUFFER gstbuffer.c:724:_gst_buffer_free: finalize 0x61200100da40
0:01:05.822728766 18238 0x60400000c890 LOG GST_PADS gstpad.c:5267:gst_pad_push_event_unchecked: sent event 0x60b00266cda0 (reconfigure) to peerpad , ret error
0:01:05.822774217 18238 0x607000932940 DEBUG GST_MEMORY gstmemory.c:87:_gst_memory_free: free memory 0x61800006e880
0:01:05.822786897 18238 0x607000932940 DEBUG tee gsttee.c:781:gst_tee_chain: handled buffer ok
0:01:05.822790589 18238 0x60400000c890 DEBUG GST_PADS gstpad.c:5620:gst_pad_send_event_unchecked: sent event, ret error
0:01:05.822798417 18238 0x607000932940 DEBUG GST_SCHEDULING gstpad.c:4206:gst_pad_chain_data_unchecked: called chainfunction &gst_tee_chain with buffer 0x61200100da40, returned ok
0:01:05.822813205 18238 0x607000932940 DEBUG GST_SCHEDULING gstpad.c:4206:gst_pad_chain_data_unchecked: called chainfunction &gst_proxy_pad_chain_default with buffer 0x61200100da40, returned ok
0:01:05.822811734 18238 0x60400000c890 LOG GST_PADS gstpad.c:5267:gst_pad_push_event_unchecked: sent event 0x60b00266cda0 (reconfigure) to peerpad , ret error
0:01:05.822827227 18238 0x607000932940 DEBUG GST_SCHEDULING gstpad.c:4206:gst_pad_chain_data_unchecked: called chainfunction &gst_proxy_pad_chain_default with buffer 0x61200100da40, returned ok
0:01:05.822841398 18238 0x607000932940 DEBUG GST_SCHEDULING gstpad.c:4206:gst_pad_chain_data_unchecked: called chainfunction &gst_base_transform_chain with buffer 0x61200100da40, returned ok
0:01:05.822842613 18238 0x60400000c890 LOG GST_EVENT gstevent.c:222:_gst_event_free: freeing event 0x60b00266cda0 type reconfigure
0:01:05.822854137 18238 0x607000932940 DEBUG GST_SCHEDULING gstpad.c:4206:gst_pad_chain_data_unchecked: called chainfunction &gst_base_transform_chain with buffer 0x61200100da40, returned ok
0:01:05.822866936 18238 0x60400000c890 DEBUG GST_PADS gstpad.c:5620:gst_pad_send_event_unchecked: sent event, ret error
0:01:05.822869623 18238 0x607000932940 LOG basesrc gstbasesrc.c:2738:gst_base_src_loop: next_ts 99:99:99.999999999 size 0
0:01:05.822885579 18238 0x607000932940 DEBUG basesrc gstbasesrc.c:2460:gst_base_src_get_range: calling create offset 18446744073709551615 length 0, time 0
0:01:05.822884023 18238 0x60400000c890 LOG GST_PADS gstpad.c:5267:gst_pad_push_event_unchecked: sent event 0x60b00266cda0 (reconfigure) to peerpad , ret error
0:01:05.822899060 18238 0x607000932940 DEBUG audiobasesrc gstaudiobasesrc.c:736:gst_audio_base_src_get_offset: at segment 4467 and sample 1429440
0:01:05.822910866 18238 0x607000932940 DEBUG audiobasesrc gstaudiobasesrc.c:759:gst_audio_base_src_get_offset: reading from 4467, we are at 4467, sample 1429440
