0:01:05.837223530 18238 0x60400000c890 DEBUG bin gstbin.c:3734:gst_bin_handle_message_func: [msg 0x60c0005992c0] handling child videoscale17 message of type state-changed
0:01:05.837235452 18238 0x60700166d3d0 LOG rtpsession rtpsession.c:1389:source_push_rtp: source ad993c43 pushed receiver RTP packet
0:01:05.837241962 18238 0x60400000c890 DEBUG bin gstbin.c:4071:gst_bin_handle_message_func: posting message upward
0:01:05.837257924 18238 0x60700166d3d0 LOG rtpsession gstrtpsession.c:1336:gst_rtp_session_process_rtp: pushing received RTP packet
0:01:05.837263165 18238 0x60400000c890 DEBUG GST_BUS gstbus.c:317:gst_bus_post: [msg 0x60c0005992c0] posting on bus state-changed message: 0x60c0005992c0, time 99:99:99.999999999, seq-num 6127, element 'videoscale17', GstMessageStateChanged, old-state=(GstState)GST_STATE_PLAYING, new-state=(GstState)GST_STATE_PAUSED, pending-state=(GstState)GST_STATE_VOID_PENDING;
0:01:05.837305232 18238 0x60400000c890 DEBUG bin gstbin.c:3734:gst_bin_handle_message_func: [msg 0x60c0005992c0] handling child videoscale17 message of type state-changed
0:01:05.837330243 18238 0x60400000c890 DEBUG bin gstbin.c:4071:gst_bin_handle_message_func: posting message upward
0:01:05.837345857 18238 0x60400000c890 DEBUG GST_BUS gstbus.c:317:gst_bus_post: [msg 0x60c0005992c0] posting on bus state-changed message: 0x60c0005992c0, time 99:99:99.999999999, seq-num 6127, element 'videoscale17', GstMessageStateChanged, old-state=(GstState)GST_STATE_PLAYING, new-state=(GstState)GST_STATE_PAUSED, pending-state=(GstState)GST_STATE_VOID_PENDING;
0:01:05.837274133 18238 0x60700166d3d0 DEBUG GST_SCHEDULING gstpad.c:4200:gst_pad_chain_data_unchecked: calling chainfunction &0x7f95fdddb9d0 with buffer buffer: 0x6120044e8ac0, pts 0:00:44.676193763, dts 0:00:44.676193763, dur 99:99:99.999999999, size 172, offset none, offset_end none, flags 0x0
0:01:05.837391531 18238 0x60400000c890 DEBUG GST_BUS gstbus.c:356:gst_bus_post: [msg 0x60c0005992c0] pushing on async queue
0:01:05.837394907 18238 0x60700166d3d0 LOG GST_BUFFER gstbuffer.c:1720:gst_buffer_map_range: buffer 0x6120044e8ac0, idx 0, length 1, flags 0001
0:01:05.837413078 18238 0x60400000c890 DEBUG GST_BUS gstbus.c:359:gst_bus_post: [msg 0x60c0005992c0] pushed on async queue
0:01:05.837414642 18238 0x60700166d3d0 LOG GST_BUFFER gstbuffer.c:212:_get_merged_memory: buffer 0x6120044e8ac0, idx 0, length 1
0:01:05.837427369 18238 0x60400000c890 DEBUG GST_BUS gstbus.c:352:gst_bus_post: [msg 0x60c0005992c0] dropped
0:01:05.837435937 18238 0x60700166d3d0 DEBUG rtpssrcdemux gstrtpssrcdemux.c:625:gst_rtp_ssrc_demux_chain: received buffer of SSRC ad993c43
0:01:05.837438889 18238 0x60400000c890 DEBUG GST_BUS gstbus.c:352:gst_bus_post: [msg 0x60c0005992c0] dropped
0:01:05.837461738 18238 0x60400000c890 DEBUG GST_BUS gstbus.c:352:gst_bus_post: [msg 0x60c0005992c0] dropped
0:01:05.837459390 18238 0x60700166d3d0 DEBUG GST_SCHEDULING gstpad.c:4200:gst_pad_chain_data_unchecked: calling chainfunction &gst_rtp_jitter_buffer_chain with buffer buffer: 0x6120044e8ac0, pts 0:00:44.676193763, dts 0:00:44.676193763, dur 99:99:99.999999999, size 172, offset none, offset_end none, flags 0x0
0:01:05.837479861 18238 0x60400000c890 LOG GST_STATES gstelement.c:2747:gst_element_change_state: exit state change 1
0:01:05.837489118 18238 0x60400000c890 DEBUG GST_STATES gstelement.c:2654:gst_element_set_state_func: returned SUCCESS
0:01:05.837486647 18238 0x60700166d3d0 LOG GST_BUFFER gstbuffer.c:1720:gst_buffer_map_range: buffer 0x6120044e8ac0, idx 0, length 1, flags 0001
0:01:05.837498832 18238 0x60400000c890 INFO GST_STATES gstbin.c:2969:gst_bin_change_state_func: child 'videoscale17' changed state to 3(PAUSED) successfully
0:01:05.837503630 18238 0x60700166d3d0 LOG GST_BUFFER gstbuffer.c:212:_get_merged_memory: buffer 0x6120044e8ac0, idx 0, length 1
0:01:05.837522261 18238 0x60400000c890 DEBUG bin gstbin.c:2376:gst_bin_sort_iterator_next: queue empty, elements exhausted
0:01:05.837524812 18238 0x60700166d3d0 DEBUG rtpjitterbuffer gstrtpjitterbuffer.c:2853:gst_rtp_jitter_buffer_chain: Received packet #51803 at time 0:00:44.676193763, discont 0, rtx 0
0:01:05.837537157 18238 0x60400000c890 DEBUG GST_STATES gstbin.c:3028:gst_bin_change_state_func: iterator done
0:01:05.837556231 18238 0x60400000c890 LOG GST_STATES gstelement.c:2897:gst_element_change_state_func: default handler tries setting state from PLAYING to PAUSED (0023)
0:01:05.837551259 18238 0x60700166d3d0 LOG rtpjitterbuffer gstrtpjitterbuffer.c:2589:calculate_jitter: dtsdiff
0:00:00.045865397 rtptime 5124095:34:32.988530783, clock-rate 48000, diff 0:00:00.766886230, jitter:
0:00:00.396743676
0:01:05.837580734 18238 0x60400000c890 DEBUG bin gstbin.c:2418:gst_bin_sort_iterator_free: free
0:01:05.837587611 18238 0x60700166d3d0 DEBUG rtpjitterbuffer gstrtpjitterbuffer.c:2950:gst_rtp_jitter_buffer_chain: expected #51843, got #51803, gap of -40
0:01:05.837594942 18238 0x60400000c890 DEBUG bin gstbin.c:3063:gst_bin_change_state_func: no async elements
0:01:05.837609825 18238 0x60700166d3d0 DEBUG rtpjitterbuffer gstrtpjitterbuffer.c:2979:gst_rtp_jitter_buffer_chain: Clearing gap packets
0:01:05.837622576 18238 0x60700166d3d0 DEBUG rtpjitterbuffer rtpjitterbuffer.c:785:rtp_jitter_buffer_calculate_pts: extrtp 4090953105, gstrtp 23:40:28.189687500, base 23:40:28.169687500, send_diff
0:00:00.020000000
0:01:05.837616969 18238 0x60400000c890 DEBUG GST_STATES gstbin.c:3097:gst_bin_change_state_func: done changing bin's state from PLAYING to PAUSED, now in PLAYING, ret SUCCESS
0:01:05.837664151 18238 0x60400000c890 DEBUG GST_STATES gstelement.c:2731:gst_element_change_state: element changed state SUCCESS
0:01:05.837652068 18238 0x60700166d3d0 DEBUG rtpjitterbuffer rtpjitterbuffer.c:563:calculate_skew: time 0:00:44.676193763, base 0:00:44.603357290, recv_diff 0:00:00.072836473, slope 2
0:01:05.837678525 18238 0x60700166d3d0 DEBUG rtpjitterbuffer rtpjitterbuffer.c:580:calculate_skew: filling 8, delta 52836473
0:01:05.837675706 18238 0x60400000c890 INFO GST_STATES gstelement.c:2394:gst_element_continue_state: committing state from PLAYING to PAUSED, pending NULL, next READY
0:01:05.837695479 18238 0x60700166d3d0 DEBUG rtpjitterbuffer rtpjitterbuffer.c:664:calculate_skew: skew -154779797, out
0:00:44.468577493
0:01:05.837706380 18238 0x60400000c890 INFO GST_STATES gstelement.c:2324:_priv_gst_element_state_changed: notifying about state-changed PLAYING to PAUSED (NULL pending)
0:01:05.837716322 18238 0x60700166d3d0 DEBUG rtpjitterbuffer rtpjitterbuffer.c:927:rtp_jitter_buffer_calculate_pts: out
0:00:44.468577493 + 100000000 < time 0:00:44.676193763, reset jitterbuffer
0:01:05.837758182 18238 0x60400000c890 LOG GST_MESSAGE gstmessage.c:300:gst_message_new_custom: source send_2_98: creating new message 0x60c00095dac0 state-changed
0:01:05.837771932 18238 0x60700166d3d0 DEBUG rtpjitterbuffer gstrtpjitterbuffer.c:3000:gst_rtp_jitter_buffer_chain: old packet received
0:01:05.837786565 18238 0x60700166d3d0 DEBUG rtpjitterbuffer gstrtpjitterbuffer.c:3164:gst_rtp_jitter_buffer_chain: Packet #51803 too late as #51824 was already popped, dropping
0:01:05.837803685 18238 0x60700166d3d0 LOG GST_BUFFER gstbuffer.c:724:_gst_buffer_free: finalize 0x6120044e8ac0
0:01:05.837779896 18238 0x60400000c890 DEBUG GST_BUS gstbus.c:317:gst_bus_post: [msg 0x60c00095dac0] posting on bus state-changed message: 0x60c00095dac0, time 99:99:99.999999999, seq-num 6128, element 'send_2_98', GstMessageStateChanged, old-state=(GstState)GST_STATE_PLAYING, new-state=(GstState)GST_STATE_PAUSED, pending-state=(GstState)GST_STATE_NULL;
0:01:05.837816748 18238 0x60700166d3d0 DEBUG GST_MEMORY gstmemory.c:87:_gst_memory_free: free memory 0x61300050d7c0
0:01:05.837832855 18238 0x60400000c890 DEBUG bin gstbin.c:3734:gst_bin_handle_message_func: [msg 0x60c00095dac0] handling child send_2_98 message of type state-changed
0:01:05.837857293 18238 0x60400000c890 DEBUG bin gstbin.c:4071:gst_bin_handle_message_func: posting message upward
0:01:05.837839596 18238 0x60700166d3d0 DEBUG GST_SCHEDULING gstpad.c:4206:gst_pad_chain_data_unchecked: called chainfunction &gst_rtp_jitter_buffer_chain with buffer 0x6120044e8ac0, returned ok
0:01:05.837886342 18238 0x60700166d3d0 DEBUG GST_SCHEDULING gstpad.c:4206:gst_pad_chain_data_unchecked: called chainfunction &0x7f95fdddb9d0 with buffer 0x6120044e8ac0, returned ok
0:01:05.837874850 18238 0x60400000c890 DEBUG GST_BUS gstbus.c:317:gst_bus_post: [msg 0x60c00095dac0] posting on bus state-changed message: 0x60c00095dac0, time 99:99:99.999999999, seq-num 6128, element 'send_2_98', GstMessageStateChanged, old-state=(GstState)GST_STATE_PLAYING, new-state=(GstState)GST_STATE_PAUSED, pending-state=(GstState)GST_STATE_NULL;
0:01:05.837910227 18238 0x60700166d3d0 DEBUG GST_SCHEDULING gstpad.c:4206:gst_pad_chain_data_unchecked: called chainfunction &0x7f95fddf0e30 with buffer 0x6120044e8ac0, returned ok
0:01:05.837921114 18238 0x60400000c890 DEBUG bin gstbin.c:3734:gst_bin_handle_message_func: [msg 0x60c00095dac0] handling child send_2_98 message of type state-changed
0:01:05.837941029 18238 0x60400000c890 DEBUG bin gstbin.c:4071:gst_bin_handle_message_func: posting message upward
0:01:05.837933344 18238 0x60700166d3d0 DEBUG GST_SCHEDULING gstpad.c:4206:gst_pad_chain_data_unchecked: called chainfunction &gst_srtp_dec_chain_rtp with buffer 0x6120044e8ac0, returned ok
0:01:05.837960096 18238 0x60700166d3d0 DEBUG GST_SCHEDULING gstpad.c:4206:gst_pad_chain_data_unchecked: called chainfunction &gst_proxy_pad_chain_default with buffer 0x6120044e8ac0, returned ok
0:01:05.837957332 18238 0x60400000c890 DEBUG GST_BUS gstbus.c:317:gst_bus_post: [msg 0x60c00095dac0] posting on bus state-changed message: 0x60c00095dac0, time 99:99:99.999999999, seq-num 6128, element 'send_2_98', GstMessageStateChanged, old-state=(GstState)GST_STATE_PLAYING, new-state=(GstState)GST_STATE_PAUSED, pending-state=(GstState)GST_STATE_NULL;
0:01:05.837986223 18238 0x60700166d3d0 LOG funnel gstfunnel.c:343:gst_funnel_sink_chain_object: handled buffer ok
0:01:05.837997271 18238 0x60400000c890 DEBUG GST_BUS gstbus.c:356:gst_bus_post: [msg 0x60c00095dac0] pushing on async queue
0:01:05.838006654 18238 0x60700166d3d0 DEBUG GST_SCHEDULING gstpad.c:4206:gst_pad_chain_data_unchecked: called chainfunction &gst_funnel_sink_chain with buffer 0x6120044e8ac0, returned ok
0:01:05.838017656 18238 0x60400000c890 DEBUG GST_BUS gstbus.c:359:gst_bus_post: [msg 0x60c00095dac0] pushed on async queue
0:01:05.838029900 18238 0x60400000c890 DEBUG GST_BUS gstbus.c:352:gst_bus_post: [msg 0x60c00095dac0] dropped
0:01:05.838030273 18238 0x60700166d3d0 DEBUG GST_SCHEDULING gstpad.c:4206:gst_pad_chain_data_unchecked: called chainfunction &gst_proxy_pad_chain_default with buffer 0x6120044e8ac0, returned ok
0:01:05.838056752 18238 0x60400000c890 DEBUG GST_BUS gstbus.c:352:gst_bus_post: [msg 0x60c00095dac0] dropped
0:01:05.838063612 18238 0x60700166d3d0 LOG funnel gstfunnel.c:343:gst_funnel_sink_chain_object: handled buffer ok
0:01:05.838074419 18238 0x60400000c890 INFO GST_STATES gstelement.c:2401:gst_element_continue_state: continue state change PAUSED to READY, final NULL
0:01:05.838083887 18238 0x60700166d3d0 DEBUG GST_SCHEDULING gstpad.c:4206:gst_pad_chain_data_unchecked: called chainfunction &gst_funnel_sink_chain with buffer 0x6120044e8ac0, returned ok
0:01:05.838099888 18238 0x60400000c890 DEBUG GST_STATES gstbin.c:2869:gst_bin_change_state_func: changing state of children from PAUSED to READY
0:01:05.838106438 18238 0x60700166d3d0 LOG GST_SCHEDULING gstpad.c:3615:do_probe_callbacks: do probes cookie 3005
0:01:05.838122165 18238 0x60400000c890 DEBUG bin gstbin.c:2906:gst_bin_change_state_func: clearing all cached messages
0:01:05.838132398 18238 0x60400000c890 DEBUG bin gstbin.c:2714:gst_bin_src_pads_activate: deactivate pads
0:01:05.838129492 18238 0x60700166d3d0 LOG GST_SCHEDULING gstpad.c:3511:probe_hook_marshal: hook 1, cookie 3005 with flags 0x00003010 does not match 00001001
0:01:05.838159556 18238 0x60400000c890 DEBUG GST_PADS gstpad.c:1078:gst_pad_set_active: deactivating pad from push mode
0:01:05.838161125 18238 0x60700166d3d0 LOG basesrc gstbasesrc.c:2738:gst_base_src_loop: next_ts 99:99:99.999999999 size 4096
0:01:05.838178024 18238 0x60400000c890 DEBUG GST_PADS gstpad.c:967:pre_activate: setting PAD_MODE NONE, set flushing
0:01:05.838186246 18238 0x60700166d3d0 DEBUG basesrc gstbasesrc.c:2460:gst_base_src_get_range: calling create offset 18446744073709551615 length 4096, time 0
0:01:05.838209822 18238 0x60700166d3d0 LOG nicesrc gstnicesrc.c:278:gst_nice_src_create: create called
0:01:05.838194620 18238 0x60400000c890 LOG GST_PADS gstghostpad.c:378:gst_ghost_pad_activate_push_default: deactivate push on send_2_98:src, proxy internal
0:01:05.838234734 18238 0x60400000c890 DEBUG GST_PADS gstpad.c:967:pre_activate: setting PAD_MODE NONE, set flushing
0:01:05.838253182 18238 0x60400000c890 LOG GST_PADS gstghostpad.c:284:gst_ghost_pad_internal_activate_push_default: deactivate push on src:proxypad263, we're ok
0:01:05.838283196 18238 0x60400000c890 DEBUG GST_PADS gstpad.c:1207:activate_mode_internal: already deactivated in push mode
0:01:05.838320779 18238 0x60400000c890 DEBUG GST_PADS gstpad.c:1015:post_activate: stopped streaming
0:01:05.838338204 18238 0x60400000c890 DEBUG GST_PADS gstpad.c:453:remove_events: notify caps
0:01:05.838362577 18238 0x60400000c890 LOG GST_PROPERTIES gstobject.c:456:gst_object_dispatch_properties_changed: deep notification from proxypad263 (caps)
0:01:05.838392039 18238 0x60400000c890 LOG GST_PROPERTIES gstobject.c:456:gst_object_dispatch_properties_changed: deep notification from proxypad263 (caps)
0:01:05.838413362 18238 0x60400000c890 LOG GST_PROPERTIES gstobject.c:456:gst_object_dispatch_properties_changed: deep notification from proxypad263 (caps)
0:01:05.838434330 18238 0x60400000c890 LOG GST_PROPERTIES gstobject.c:456:gst_object_dispatch_properties_changed: deep notification from proxypad263 (caps)
0:01:05.838449172 18238 0x60400000c890 DEBUG GST_PADS gstpad.c:1188:activate_mode_internal: deactivated in push mode
0:01:05.838473077 18238 0x60400000c890 DEBUG GST_PADS gstpad.c:1015:post_activate: stopped streaming
0:01:05.838491045 18238 0x60400000c890 DEBUG GST_PADS gstpad.c:453:remove_events: notify caps
0:01:05.838515800 18238 0x60400000c890 LOG GST_PROPERTIES gstobject.c:456:gst_object_dispatch_properties_changed: deep notification from src (caps)
0:01:05.838542498 18238 0x60400000c890 LOG GST_PROPERTIES gstobject.c:456:gst_object_dispatch_properties_changed: deep notification from src (caps)
0:01:05.838560643 18238 0x60400000c890 LOG GST_PROPERTIES gstobject.c:456:gst_object_dispatch_properties_changed: deep notification from src (caps)
0:01:05.838582211 18238 0x60400000c890 DEBUG GST_PADS gstpad.c:1188:activate_mode_internal: deactivated in push mode
0:01:05.838612505 18238 0x60400000c890 DEBUG bin gstbin.c:2722:gst_bin_src_pads_activate: pad deactivation successful
0:01:05.838645250 18238 0x60400000c890 DEBUG bin gstbin.c:2400:gst_bin_sort_iterator_resync: resync
0:01:05.838666405 18238 0x60400000c890 DEBUG bin gstbin.c:912:find_message: no message found matching types 00001000
0:01:05.838686141 18238 0x60400000c890 DEBUG bin gstbin.c:919:find_message: structure-change
0:01:05.838709170 18238 0x60400000c890 DEBUG bin gstbin.c:2326:update_degree: element videoscale17 not linked on any sinkpads
0:01:05.838753012 18238 0x60400000c890 DEBUG bin gstbin.c:912:find_message: no message found matching types 00001000
0:01:05.838777230 18238 0x60400000c890 DEBUG bin gstbin.c:919:find_message: structure-change
0:01:05.838794571 18238 0x60400000c890 DEBUG bin gstbin.c:2303:update_degree: change element videoscale17, degree 0->1, linked to videoconvert20
0:01:05.838826914 18238 0x60400000c890 DEBUG bin gstbin.c:912:find_message: no message found matching types 00001000
0:01:05.838843745 18238 0x60400000c890 DEBUG bin gstbin.c:919:find_message: structure-change
0:01:05.838857793 18238 0x60400000c890 DEBUG bin gstbin.c:2303:update_degree: change element videoconvert20, degree 0->1, linked to fsvideoanyrate19
0:01:05.838883833 18238 0x60400000c890 DEBUG bin gstbin.c:912:find_message: no message found matching types 00001000
0:01:05.838900204 18238 0x60400000c890 DEBUG bin gstbin.c:919:find_message: structure-change
0:01:05.838914680 18238 0x60400000c890 DEBUG bin gstbin.c:2303:update_degree: change element fsvideoanyrate19, degree 0->1, linked to x264enc3
0:01:05.838939900 18238 0x60400000c890 DEBUG bin gstbin.c:912:find_message: no message found matching types 00001000
0:01:05.838956734 18238 0x60400000c890 DEBUG bin gstbin.c:919:find_message: structure-change
0:01:05.838970404 18238 0x60400000c890 DEBUG bin gstbin.c:2303:update_degree: change element x264enc3, degree 0->1, linked to rtph264pay3
0:01:05.838993806 18238 0x60400000c890 DEBUG bin gstbin.c:2372:gst_bin_sort_iterator_next: queue empty, next best: rtph264pay3
0:01:05.839019064 18238 0x60400000c890 DEBUG bin gstbin.c:2387:gst_bin_sort_iterator_next: queue head gives rtph264pay3
0:01:05.839043350 18238 0x60400000c890 DEBUG bin gstbin.c:912:find_message: no message found matching types 00001000
0:01:05.839064665 18238 0x60400000c890 DEBUG bin gstbin.c:919:find_message: structure-change
0:01:05.839090905 18238 0x60400000c890 DEBUG bin gstbin.c:2303:update_degree: change element x264enc3, degree 1->0, linked to rtph264pay3
0:01:05.839119549 18238 0x60400000c890 DEBUG bin gstbin.c:2186:add_to_queue: adding 'x264enc3' to queue
0:01:05.839143395 18238 0x60400000c890 INFO GST_STATES gstbin.c:2521:gst_bin_element_set_state: current PAUSED pending VOID_PENDING, desired next READY
0:01:05.839172959 18238 0x60400000c890 DEBUG bin gstbin.c:912:find_message: no message found matching types 00100000
0:01:05.839195651 18238 0x60400000c890 DEBUG bin gstbin.c:919:find_message: async-start
0:01:05.839208649 18238 0x60400000c890 DEBUG bin gstbin.c:2616:gst_bin_element_set_state: setting element rtph264pay3 to READY, base_time 132:05:16.804978448
0:01:05.839248330 18238 0x60400000c890 DEBUG GST_STATES gstelement.c:2570:gst_element_set_state_func: set_state to READY
0:01:05.839266195 18238 0x60400000c890 DEBUG GST_STATES gstelement.c:2595:gst_element_set_state_func: setting target state to READY
0:01:05.839285898 18238 0x60400000c890 DEBUG GST_STATES gstelement.c:2608:gst_element_set_state_func: current PAUSED, old_pending VOID_PENDING, next VOID_PENDING, old return SUCCESS
0:01:05.839295909 18238 0x60700134f130 LOG nicesrc gstnicesrc.c:199:gst_nice_src_read_callback: Got buffer, getting out of the main loop
0:01:05.839317161 18238 0x60400000c890 DEBUG GST_STATES gstelement.c:2642:gst_element_set_state_func: final: setting state from PAUSED to READY
0:01:05.839316791 18238 0x60700134f130 DEBUG GST_MEMORY gstmemory.c:138:gst_memory_init: new memory 0x61b00018fe80, maxsize:1407 offset:0 size:1400
0:01:05.839347940 18238 0x60700134f130 LOG GST_BUFFER gstbuffer.c:798:gst_buffer_new: new 0x6120045163c0
0:01:05.839346243 18238 0x60400000c890 LOG GST_STATES gstelement.c:2897:gst_element_change_state_func: default handler tries setting state from PAUSED to READY (001a)
0:01:05.839373434 18238 0x60400000c890 DEBUG GST_ELEMENT_PADS gstelement.c:2840:gst_element_pads_activate: deactivate pads
0:01:05.839365566 18238 0x60700134f130 LOG GST_BUFFER gstbuffer.c:413:_memory_add: buffer 0x6120045163c0, idx -1, mem 0x61b00018fe80
0:01:05.839392751 18238 0x60400000c890 DEBUG GST_PADS gstpad.c:1078:gst_pad_set_active: deactivating pad from push mode
0:01:05.839391399 18238 0x60700134f130 LOG GST_BUFFER gstbuffer.c:854:gst_buffer_new_allocate: new buffer 0x6120045163c0 of size 1400 from allocator (nil)
0:01:05.839410093 18238 0x60400000c890 DEBUG GST_PADS gstpad.c:967:pre_activate: setting PAD_MODE NONE, set flushing
0:01:05.839419388 18238 0x60400000c890 DEBUG GST_PADS gstpad.c:1015:post_activate: stopped streaming
0:01:05.839412808 18238 0x60700134f130 LOG GST_BUFFER gstbuffer.c:1825:gst_buffer_fill: buffer 0x6120045163c0, offset 0, size 1400
0:01:05.839427092 18238 0x60400000c890 LOG GST_EVENT gstevent.c:222:_gst_event_free: freeing event 0x60b0030b7b20 type caps
0:01:05.839456542 18238 0x60400000c890 DEBUG GST_PADS gstpad.c:453:remove_events: notify caps
0:01:05.839471336 18238 0x60400000c890 LOG GST_PROPERTIES gstobject.c:456:gst_object_dispatch_properties_changed: deep notification from src (caps)
0:01:05.839489753 18238 0x60400000c890 LOG GST_PROPERTIES gstobject.c:456:gst_object_dispatch_properties_changed: deep notification from src (caps)
0:01:05.839508729 18238 0x60400000c890 LOG GST_PROPERTIES gstobject.c:456:gst_object_dispatch_properties_changed: deep notification from src (caps)
0:01:05.839525585 18238 0x60400000c890 LOG GST_PROPERTIES gstobject.c:456:gst_object_dispatch_properties_changed: deep notification from src (caps)
0:01:05.839540810 18238 0x60400000c890 DEBUG GST_PADS gstpad.c:1188:activate_mode_internal: deactivated in push mode
0:01:05.839564355 18238 0x60400000c890 DEBUG GST_PADS gstpad.c:1078:gst_pad_set_active: deactivating pad from push mode
0:01:05.839578443 18238 0x60400000c890 DEBUG GST_PADS gstpad.c:967:pre_activate: setting PAD_MODE NONE, set flushing
0:01:05.839590612 18238 0x60400000c890 DEBUG GST_PADS gstpad.c:1015:post_activate: stopped streaming
0:01:05.839603643 18238 0x60400000c890 DEBUG GST_PADS gstpad.c:453:remove_events: notify caps
0:01:05.839606784 18238 0x60700134f130 LOG nicesrc gstnicesrc.c:299:gst_nice_src_create: Got buffer, pushing
0:01:05.839617668 18238 0x60400000c890 LOG GST_PROPERTIES gstobject.c:456:gst_object_dispatch_properties_changed: deep notification from sink (caps)
0:01:05.839624674 18238 0x60700134f130 DEBUG GST_CLOCK gstclock.c:1045:gst_clock_get_internal_time: internal time 132:06:01.484890374
0:01:05.839637299 18238 0x60400000c890 LOG GST_PROPERTIES gstobject.c:456:gst_object_dispatch_properties_changed: deep notification from sink (caps)
0:01:05.839645943 18238 0x60700134f130 DEBUG GST_CLOCK gstclock.c:1090:gst_clock_get_time: adjusted time 132:06:01.484890374
0:01:05.839654928 18238 0x60400000c890 LOG GST_PROPERTIES gstobject.c:456:gst_object_dispatch_properties_changed: deep notification from sink (caps)
0:01:05.839665781 18238 0x60700134f130 LOG basesrc gstbasesrc.c:2267:gst_base_src_do_sync: created DTS
0:00:44.679911926
0:01:05.839672098 18238 0x60400000c890 LOG GST_PROPERTIES gstobject.c:456:gst_object_dispatch_properties_changed: deep notification from sink (caps)
0:01:05.839687462 18238 0x60700134f130 LOG basesrc gstbasesrc.c:2277:gst_base_src_do_sync: created PTS
0:00:44.679911926
0:01:05.839695796 18238 0x60400000c890 DEBUG GST_PADS gstpad.c:1188:activate_mode_internal: deactivated in push mode
0:01:05.839705229 18238 0x60700134f130 DEBUG basesrc gstbasesrc.c:2315:gst_base_src_do_sync: no sync needed
0:01:05.839717857 18238 0x60700134f130 DEBUG basesrc gstbasesrc.c:2524:gst_base_src_get_range: buffer ok
0:01:05.839716574 18238 0x60400000c890 DEBUG GST_ELEMENT_PADS gstelement.c:2859:gst_element_pads_activate: pad deactivation successful
0:01:05.839728810 18238 0x60700134f130 LOG GST_SCHEDULING gstpad.c:3615:do_probe_callbacks: do probes cookie 2586
0:01:05.839752816 18238 0x60400000c890 LOG GST_BUFFER gstbuffer.c:724:_gst_buffer_free: finalize 0x6120033db7c0
0:01:05.839779485 18238 0x60400000c890 DEBUG GST_MEMORY gstmemory.c:87:_gst_memory_free: free memory 0x610000038a40
0:01:05.839775139 18238 0x60700134f130 LOG GST_SCHEDULING gstpad.c:3511:probe_hook_marshal: hook 1, cookie 2586 with flags 0x00003010 does not match 00001012
0:01:05.839792503 18238 0x60400000c890 LOG GST_BUFFER gstbuffer.c:724:_gst_buffer_free: finalize 0x6120033dabc0
0:01:05.839799634 18238 0x60400000c890 DEBUG GST_MEMORY gstmemory.c:87:_gst_memory_free: free memory 0x60e003106940
0:01:05.839799624 18238 0x60700134f130 DEBUG GST_PADS gstpad.c:3696:do_probe_callbacks: data is passed
0:01:05.839815753 18238 0x60400000c890 DEBUG GST_STATES gstelement.c:2731:gst_element_change_state: element changed state SUCCESS
0:01:05.839822135 18238 0x60700134f130 LOG GST_SCHEDULING gstpad.c:3615:do_probe_callbacks: do probes cookie 2587
0:01:05.839825964 18238 0x60400000c890 INFO GST_STATES gstelement.c:2419:gst_element_continue_state: completed state change to READY
0:01:05.839839017 18238 0x60700134f130 LOG GST_SCHEDULING gstpad.c:3454:probe_hook_marshal: hook 1, cookie 2587 with flags 0x00003010 matches
0:01:05.839841938 18238 0x60400000c890 INFO GST_STATES gstelement.c:2324:_priv_gst_element_state_changed: notifying about state-changed PAUSED to READY (VOID_PENDING pending)
0:01:05.839886241 18238 0x60700134f130 DEBUG GST_PADS gstpad.c:3499:probe_hook_marshal: probe returned OK
0:01:05.839882291 18238 0x60400000c890 LOG GST_MESSAGE gstmessage.c:300:gst_message_new_custom: source rtph264pay3: creating new message 0x60c00060b5c0 state-changed
0:01:05.839905640 18238 0x60700134f130 DEBUG GST_SCHEDULING gstpad.c:4200:gst_pad_chain_data_unchecked: calling chainfunction &gst_funnel_sink_chain with buffer buffer: 0x6120045163c0, pts 0:00:44.679911926, dts 0:00:44.679911926, dur 99:99:99.999999999, size 1400, offset none, offset_end none, flags 0x0
0:01:05.839941588 18238 0x60400074b990 LOG pulse pulsesrc.c:920:gst_pulsesrc_stream_request_cb: got request for length 640
0:01:05.839910368 18238 0x60400000c890 DEBUG GST_BUS gstbus.c:317:gst_bus_post: [msg 0x60c00060b5c0] posting on bus state-changed message: 0x60c00060b5c0, time 99:99:99.999999999, seq-num 6129, element 'rtph264pay3', GstMessageStateChanged, old-state=(GstState)GST_STATE_PAUSED, new-state=(GstState)GST_STATE_READY, pending-state=(GstState)GST_STATE_VOID_PENDING;
0:01:05.839938635 18238 0x60700134f130 DEBUG funnel gstfunnel.c:322:gst_funnel_sink_chain_object: received buffer: 0x6120045163c0, pts 0:00:44.679911926, dts 0:00:44.679911926, dur 99:99:99.999999999, size 1400, offset none, offset_end none, flags 0x0
0:01:05.839978715 18238 0x60400000c890 DEBUG bin gstbin.c:3734:gst_bin_handle_message_func: [msg 0x60c00060b5c0] handling child rtph264pay3 message of type state-changed
0:01:05.839994162 18238 0x607000975990 LOG pulse pulsesrc.c:1121:gst_pulsesrc_read: have data of 640 bytes
0:01:05.839986716 18238 0x60700134f130 DEBUG GST_SCHEDULING gstpad.c:4200:gst_pad_chain_data_unchecked: calling chainfunction &gst_proxy_pad_chain_default with buffer buffer: 0x6120045163c0, pts 0:00:44.679911926, dts 0:00:44.679911926, dur 99:99:99.999999999, size 1400, offset none, offset_end none, flags 0x0
0:01:05.840005280 18238 0x60400000c890 DEBUG bin gstbin.c:4071:gst_bin_handle_message_func: posting message upward
0:01:05.840018328 18238 0x607000975990 LOG audiosrc gstaudiosrc.c:240:audioringbuffer_thread_func: transfered 640 bytes of 640 to segment 0
0:01:05.840043194 18238 0x607000975990 INFO ringbuffer gstaudioringbuffer.c:2033:gst_audio_ring_buffer_set_timestamp: Storing timestamp 99:99:99.999999999 @ 0
0:01:05.840030698 18238 0x60400000c890 DEBUG GST_BUS gstbus.c:317:gst_bus_post: [msg 0x60c00060b5c0] posting on bus state-changed message: 0x60c00060b5c0, time 99:99:99.999999999, seq-num 6129, element 'rtph264pay3', GstMessageStateChanged, old-state=(GstState)GST_STATE_PAUSED, new-state=(GstState)GST_STATE_READY, pending-state=(GstState)GST_STATE_VOID_PENDING;
0:01:05.840025349 18238 0x60700134f130 DEBUG GST_SCHEDULING gstpad.c:4200:gst_pad_chain_data_unchecked: calling chainfunction &gst_funnel_sink_chain with buffer buffer: 0x6120045163c0, pts 0:00:44.679911926, dts 0:00:44.679911926, dur 99:99:99.999999999, size 1400, offset none, offset_end none, flags 0x0
0:01:05.840076075 18238 0x60400000c890 DEBUG bin gstbin.c:3734:gst_bin_handle_message_func: [msg 0x60c00060b5c0] handling child rtph264pay3 message of type state-changed
0:01:05.840082185 18238 0x60700134f130 DEBUG funnel gstfunnel.c:322:gst_funnel_sink_chain_object: received buffer: 0x6120045163c0, pts 0:00:44.679911926, dts 0:00:44.679911926, dur 99:99:99.999999999, size 1400, offset none, offset_end none, flags 0x0
0:01:05.840096740 18238 0x60400000c890 DEBUG bin gstbin.c:4071:gst_bin_handle_message_func: posting message upward
0:01:05.840067733 18238 0x607000975990 DEBUG ringbuffer gstaudioringbuffer.c:1883:gst_audio_ring_buffer_advance: signal waiter
0:01:05.840124439 18238 0x607000975990 LOG ringbuffer gstaudioringbuffer.c:1850:gst_audio_ring_buffer_prepare_read: prepare read from segment 1 (real 4469) @0x61a00028cb00
0:01:05.840120880 18238 0x60700134f130 DEBUG GST_SCHEDULING gstpad.c:4200:gst_pad_chain_data_unchecked: calling chainfunction &gst_proxy_pad_chain_default with buffer buffer: 0x6120045163c0, pts 0:00:44.679911926, dts 0:00:44.679911926, dur 99:99:99.999999999, size 1400, offset none, offset_end none, flags 0x0
0:01:05.840125137 18238 0x60400000c890 DEBUG GST_BUS gstbus.c:317:gst_bus_post: [msg 0x60c00060b5c0] posting on bus state-changed message: 0x60c00060b5c0, time 99:99:99.999999999, seq-num 6129, element 'rtph264pay3', GstMessageStateChanged, old-state=(GstState)GST_STATE_PAUSED, new-state=(GstState)GST_STATE_READY, pending-state=(GstState)GST_STATE_VOID_PENDING;
0:01:05.840150304 18238 0x607000975990 LOG pulse pulsesrc.c:1106:gst_pulsesrc_read: reading 640 bytes
0:01:05.840156099 18238 0x60700134f130 DEBUG GST_SCHEDULING gstpad.c:4200:gst_pad_chain_data_unchecked: calling chainfunction &gst_srtp_dec_chain_rtp with buffer buffer: 0x6120045163c0, pts 0:00:44.679911926, dts 0:00:44.679911926, dur 99:99:99.999999999, size 1400, offset none, offset_end none, flags 0x0
0:01:05.840166563 18238 0x607000932940 DEBUG ringbuffer gstaudioringbuffer.c:1740:gst_audio_ring_buffer_read: pointer at 4469, sample 1429760, read from 4468-0, to_read 320, diff 1, segtotal 2, segsize 640
0:01:05.840184953 18238 0x60700134f130 LOG GST_BUFFER gstbuffer.c:1720:gst_buffer_map_range: buffer 0x6120045163c0, idx 0, length 1, flags 10001
0:01:05.840189474 18238 0x607000975990 LOG pulse pulsesrc.c:1106:gst_pulsesrc_read: reading 52 bytes
0:01:05.840207666 18238 0x60700134f130 LOG GST_BUFFER gstbuffer.c:212:_get_merged_memory: buffer 0x6120045163c0, idx 0, length 1
0:01:05.840212562 18238 0x60400000c890 DEBUG bin gstbin.c:3734:gst_bin_handle_message_func: [msg 0x60c00060b5c0] handling child rtph264pay3 message of type state-changed
0:01:05.840196428 18238 0x607000932940 DEBUG ringbuffer gstaudioringbuffer.c:1765:gst_audio_ring_buffer_read: read @0x61a00028c880 seg 0, off 0, sampleslen 320
0:01:05.840245025 18238 0x60400000c890 DEBUG bin gstbin.c:4071:gst_bin_handle_message_func: posting message upward
0:01:05.840243945 18238 0x60700134f130 DEBUG GST_SCHEDULING gstpad.c:4200:gst_pad_chain_data_unchecked: calling chainfunction &0x7f95fddf0e30 with buffer buffer: 0x6120045163c0, pts 0:00:44.679911926, dts 0:00:44.679911926, dur 99:99:99.999999999, size 1400, offset none, offset_end none, flags 0x0
0:01:05.840252334 18238 0x607000932940 INFO ringbuffer gstaudioringbuffer.c:1793:gst_audio_ring_buffer_read: Retrieved timestamp 99:99:99.999999999 @ 0
0:01:05.840273079 18238 0x60700134f130 LOG rtpsession gstrtpsession.c:1917:gst_rtp_session_chain_recv_rtp: received RTP packet
0:01:05.840277952 18238 0x607000932940 DEBUG audiobasesrc gstaudiobasesrc.c:837:gst_audio_base_src_create: read 320 of 320
0:01:05.840270686 18238 0x607000975990 LOG pulse pulsesrc.c:1121:gst_pulsesrc_read: have data of 0 bytes
0:01:05.840260176 18238 0x60400000c890 DEBUG GST_BUS gstbus.c:317:gst_bus_post: [msg 0x60c00060b5c0] posting on bus state-changed message: 0x60c00060b5c0, time 99:99:99.999999999, seq-num 6129, element 'rtph264pay3', GstMessageStateChanged, old-state=(GstState)GST_STATE_PAUSED, new-state=(GstState)GST_STATE_READY, pending-state=(GstState)GST_STATE_VOID_PENDING;
0:01:05.840286621 18238 0x60700134f130 DEBUG GST_CLOCK gstclock.c:1045:gst_clock_get_internal_time: internal time 132:06:01.485552605
0:01:05.840317493 18238 0x60400000c890 DEBUG GST_BUS gstbus.c:356:gst_bus_post: [msg 0x60c00060b5c0] pushing on async queue
0:01:05.840326537 18238 0x60700134f130 DEBUG GST_CLOCK gstclock.c:1090:gst_clock_get_time: adjusted time 132:06:01.485552605
0:01:05.840331874 18238 0x607000932940 DEBUG GST_CLOCK gstclock.c:1045:gst_clock_get_internal_time: internal time 132:06:01.485597018
0:01:05.840337826 18238 0x60400000c890 DEBUG GST_BUS gstbus.c:359:gst_bus_post: [msg 0x60c00060b5c0] pushed on async queue
0:01:05.840308394 18238 0x607000975990 LOG pulse pulsesrc.c:1128:gst_pulsesrc_read: waiting for data
0:01:05.840346674 18238 0x60700134f130 LOG GST_BUFFER gstbuffer.c:1720:gst_buffer_map_range: buffer 0x6120045163c0, idx 0, length 1, flags 0001
0:01:05.840371226 18238 0x60400000c890 DEBUG GST_BUS gstbus.c:352:gst_bus_post: [msg 0x60c00060b5c0] dropped
0:01:05.840373867 18238 0x60700134f130 LOG GST_BUFFER gstbuffer.c:212:_get_merged_memory: buffer 0x6120045163c0, idx 0, length 1
0:01:05.840382361 18238 0x607000932940 DEBUG GST_CLOCK gstclock.c:1090:gst_clock_get_time: adjusted time 132:06:01.485597018
0:01:05.840391309 18238 0x60400000c890 DEBUG GST_BUS gstbus.c:352:gst_bus_post: [msg 0x60c00060b5c0] dropped
0:01:05.840396501 18238 0x60700134f130 INFO rtpsource rtpsource.c:1147:update_receiver_stats: duplicate or reordered packet (seqnr 30698, expected 30736)
0:01:05.840421076 18238 0x60700134f130 LOG rtpsource rtpsource.c:1158:update_receiver_stats: seq 30698, PC: 772, OC: 758556
0:01:05.840420678 18238 0x60400000c890 DEBUG GST_BUS gstbus.c:352:gst_bus_post: [msg 0x60c00060b5c0] dropped
0:01:05.840441116 18238 0x60700134f130 LOG rtpsource rtpsource.c:938:calculate_jitter: SSRC 439a6d76 got payload 98
0:01:05.840406053 18238 0x607000932940 DEBUG audiobasesrc gstaudiobasesrc.c:950:gst_audio_base_src_create: running_time =
0:00:44.680618570 timestamp =
0:00:44.680000000 running_time_segment = 4468 last_written_segment = 4468 segment_skew (running time segment - last_written_segment) = 0 last_read_segment = 4468
0:01:05.840449008 18238 0x60400000c890 LOG GST_STATES gstelement.c:2747:gst_element_change_state: exit state change 1
0:01:05.840457439 18238 0x60700134f130 LOG rtpsource rtpsource.c:971:calculate_jitter: rtparrival 4021192, rtptime 1879818368, clock-rate 90000, diff 9747, jitter: 36620.000000
0:01:05.840470158 18238 0x607000932940 LOG audiobasesrc gstaudiobasesrc.c:1061:gst_audio_base_src_create: Pushed buffer timestamp
0:00:44.680000000
0:01:05.840477582 18238 0x60400000c890 DEBUG GST_STATES gstelement.c:2654:gst_element_set_state_func: returned SUCCESS
0:01:05.840496533 18238 0x607000932940 DEBUG basesrc gstbasesrc.c:2315:gst_base_src_do_sync: no sync needed
0:01:05.840480970 18238 0x60700134f130 LOG rtpsource rtpsource.c:879:push_packet: pushing new packet
0:01:05.840512618 18238 0x607000932940 DEBUG basesrc gstbasesrc.c:2524:gst_base_src_get_range: buffer ok
0:01:05.840515436 18238 0x60700134f130 LOG rtpsession rtpsession.c:1389:source_push_rtp: source 439a6d76 pushed receiver RTP packet
0:01:05.840507959 18238 0x60400000c890 INFO GST_STATES gstbin.c:2969:gst_bin_change_state_func: child 'rtph264pay3' changed state to 2(READY) successfully
0:01:05.840532600 18238 0x60700134f130 LOG rtpsession gstrtpsession.c:1336:gst_rtp_session_process_rtp: pushing received RTP packet
0:01:05.840541896 18238 0x60400000c890 DEBUG bin gstbin.c:2387:gst_bin_sort_iterator_next: queue head gives x264enc3
0:01:05.840527470 18238 0x607000932940 DEBUG GST_SCHEDULING gstpad.c:4200:gst_pad_chain_data_unchecked: calling chainfunction &gst_base_transform_chain with buffer buffer: 0x6120039f73c0, pts 0:00:44.680000000, dts 99:99:99.999999999, dur 0:00:00.010000000, size 640, offset 1429760, offset_end 1430080, flags 0x0
0:01:05.840635633 18238 0x60400000c890 DEBUG bin gstbin.c:912:find_message: no message found matching types 00001000
0:01:05.840630468 18238 0x60700134f130 DEBUG GST_SCHEDULING gstpad.c:4200:gst_pad_chain_data_unchecked: calling chainfunction &0x7f95fdddb9d0 with buffer buffer: 0x6120045163c0, pts 0:00:44.679911926, dts 0:00:44.679911926, dur 99:99:99.999999999, size 1400, offset none, offset_end none, flags 0x0
0:01:05.840654027 18238 0x60400000c890 DEBUG bin gstbin.c:919:find_message: structure-change
0:01:05.840657472 18238 0x60700134f130 LOG GST_BUFFER gstbuffer.c:1720:gst_buffer_map_range: buffer 0x6120045163c0, idx 0, length 1, flags 0001
0:01:05.840644999 18238 0x607000932940 DEBUG basetransform gstbasetransform.c:2036:default_submit_input_buffer: handling buffer 0x6120039f73c0 of size 640, PTS
0:00:44.680000000 and offset 1429760
0:01:05.840676308 18238 0x60700134f130 LOG GST_BUFFER gstbuffer.c:212:_get_merged_memory: buffer 0x6120045163c0, idx 0, length 1
0:01:05.840677725 18238 0x60400000c890 DEBUG bin gstbin.c:2303:update_degree: change element fsvideoanyrate19, degree 1->0, linked to x264enc3
0:01:05.840701177 18238 0x60700134f130 DEBUG rtpssrcdemux gstrtpssrcdemux.c:625:gst_rtp_ssrc_demux_chain: received buffer of SSRC 439a6d76
0:01:05.840706351 18238 0x60400000c890 DEBUG bin gstbin.c:2186:add_to_queue: adding 'fsvideoanyrate19' to queue
0:01:05.840727945 18238 0x607000932940 DEBUG basetransform gstbasetransform.c:2153:default_generate_output: calling prepare buffer
0:01:05.840722472 18238 0x60700134f130 DEBUG GST_SCHEDULING gstpad.c:4200:gst_pad_chain_data_unchecked: calling chainfunction &gst_rtp_jitter_buffer_chain with buffer buffer: 0x6120045163c0, pts 0:00:44.679911926, dts 0:00:44.679911926, dur 99:99:99.999999999, size 1400, offset none, offset_end none, flags 0x0
0:01:05.840752100 18238 0x60700134f130 LOG GST_BUFFER gstbuffer.c:1720:gst_buffer_map_range: buffer 0x6120045163c0, idx 0, length 1, flags 0001
0:01:05.840768863 18238 0x60700134f130 LOG GST_BUFFER gstbuffer.c:212:_get_merged_memory: buffer 0x6120045163c0, idx 0, length 1
0:01:05.840727990 18238 0x60400000c890 INFO GST_STATES gstbin.c:2521:gst_bin_element_set_state: current PAUSED pending VOID_PENDING, desired next READY
0:01:05.840793077 18238 0x60700134f130 DEBUG rtpjitterbuffer gstrtpjitterbuffer.c:2853:gst_rtp_jitter_buffer_chain: Received packet #30698 at time 0:00:44.679911926, discont 0, rtx 0
0:01:05.840750292 18238 0x607000932940 DEBUG basetransform gstbasetransform.c:2160:default_generate_output: using allocated buffer in 0x6120039f73c0, out 0x6120039f73c0
0:01:05.840808507 18238 0x60400000c890 DEBUG bin gstbin.c:912:find_message: no message found matching types 00100000
0:01:05.840844077 18238 0x60400000c890 DEBUG bin gstbin.c:919:find_message: async-start
0:01:05.840828273 18238 0x607000932940 DEBUG basetransform gstbasetransform.c:2177:default_generate_output: doing inplace transform
0:01:05.840820679 18238 0x60700134f130 LOG rtpjitterbuffer gstrtpjitterbuffer.c:2589:calculate_jitter: dtsdiff
0:00:00.008296344 rtptime 5124095:34:33.609551616, clock-rate 90000, diff 0:00:00.108296344, jitter:
0:00:00.406888974
0:01:05.840879341 18238 0x60700134f130 DEBUG rtpjitterbuffer gstrtpjitterbuffer.c:2950:gst_rtp_jitter_buffer_chain: expected #30736, got #30698, gap of -38
0:01:05.840869129 18238 0x60400000c890 DEBUG bin gstbin.c:2616:gst_bin_element_set_state: setting element x264enc3 to READY, base_time 132:05:16.804978448
0:01:05.840899334 18238 0x60700134f130 DEBUG rtpjitterbuffer gstrtpjitterbuffer.c:2979:gst_rtp_jitter_buffer_chain: Clearing gap packets
0:01:05.840894817 18238 0x607000932940 DEBUG GST_SCHEDULING gstpad.c:4200:gst_pad_chain_data_unchecked: calling chainfunction &gst_base_transform_chain with buffer buffer: 0x6120039f73c0, pts 0:00:44.680000000, dts 99:99:99.999999999, dur 0:00:00.010000000, size 640, offset 1429760, offset_end 1430080, flags 0x0
0:01:05.840917001 18238 0x60400000c890 DEBUG GST_STATES gstelement.c:2570:gst_element_set_state_func: set_state to READY
0:01:05.840934395 18238 0x60400000c890 DEBUG GST_STATES gstelement.c:2595:gst_element_set_state_func: setting target state to READY
0:01:05.840919567 18238 0x60700134f130 DEBUG rtpjitterbuffer rtpjitterbuffer.c:785:rtp_jitter_buffer_calculate_pts: extrtp 1879818368, gstrtp 5:48:06.870755555, base 5:48:06.504088888, send_diff
0:00:00.366666667
0:01:05.840929995 18238 0x607000932940 DEBUG volume gstvolume.c:697:volume_before_transform: sync to
0:00:44.680000000
0:01:05.840950716 18238 0x60400000c890 DEBUG GST_STATES gstelement.c:2608:gst_element_set_state_func: current PAUSED, old_pending VOID_PENDING, next VOID_PENDING, old return SUCCESS
0:01:05.840951564 18238 0x60700134f130 DEBUG rtpjitterbuffer rtpjitterbuffer.c:563:calculate_skew: time 0:00:44.679911926, base 0:00:44.649263703, recv_diff 0:00:00.030648223, slope 95
0:01:05.840974455 18238 0x607000932940 LOG default gstobject.c:1120:gst_object_sync_values: sync_values
0:01:05.840978264 18238 0x60700134f130 DEBUG rtpjitterbuffer rtpjitterbuffer.c:580:calculate_skew: filling 5, delta -336018444
0:01:05.840985027 18238 0x607000932940 DEBUG audio audio.c:108:gst_audio_buffer_clip: timestamp
0:00:44.680000000
0:01:05.840992466 18238 0x60700134f130 DEBUG rtpjitterbuffer rtpjitterbuffer.c:664:calculate_skew: skew -329877949, out
0:00:44.686052421
0:01:05.840988762 18238 0x60400000c890 DEBUG GST_STATES gstelement.c:2642:gst_element_set_state_func: final: setting state from PAUSED to READY
0:01:05.841020506 18238 0x60700134f130 DEBUG rtpjitterbuffer gstrtpjitterbuffer.c:3000:gst_rtp_jitter_buffer_chain: old packet received
0:01:05.841014366 18238 0x607000932940 DEBUG basetransform gstbasetransform.c:2036:default_submit_input_buffer: handling buffer 0x6120039f73c0 of size 640, PTS
0:00:44.680000000 and offset 1429760
0:01:05.841027593 18238 0x60400000c890 LOG GST_STATES gstelement.c:2897:gst_element_change_state_func: default handler tries setting state from PAUSED to READY (001a)
0:01:05.841035371 18238 0x60700134f130 DEBUG rtpjitterbuffer gstrtpjitterbuffer.c:3107:gst_rtp_jitter_buffer_chain: signal event
0:01:05.841043368 18238 0x607000932940 DEBUG basetransform gstbasetransform.c:2153:default_generate_output: calling prepare buffer
0:01:05.841052322 18238 0x60700134f130 DEBUG rtpjitterbuffer gstrtpjitterbuffer.c:3112:gst_rtp_jitter_buffer_chain: Unscheduling waiting new buffer
0:01:05.841053685 18238 0x60400000c890 DEBUG GST_ELEMENT_PADS gstelement.c:2840:gst_element_pads_activate: deactivate pads
0:01:05.841063914 18238 0x60700134f130 DEBUG rtpjitterbuffer gstrtpjitterbuffer.c:2076:unschedule_current_timer: unschedule current timer
0:01:05.841074933 18238 0x60700134f130 DEBUG GST_CLOCK gstsystemclock.c:1004:gst_system_clock_id_unschedule: unscheduling entry 0x60b0032ecd20
0:01:05.841077925 18238 0x60400000c890 DEBUG GST_PADS gstpad.c:1078:gst_pad_set_active: deactivating pad from push mode
0:01:05.841058101 18238 0x607000932940 DEBUG basetransform gstbasetransform.c:1650:default_prepare_output_buffer: passthrough: reusing input buffer
0:01:05.841096226 18238 0x60700134f130 DEBUG GST_CLOCK gstsystemclock.c:1018:gst_system_clock_id_unschedule: entry was BUSY, doing wakeup
0:01:05.841105736 18238 0x60700134f130 DEBUG GST_CLOCK gstsystemclock.c:396:gst_system_clock_add_wakeup: writing control
0:01:05.841105688 18238 0x60400000c890 DEBUG GST_PADS gstpad.c:967:pre_activate: setting PAD_MODE NONE, set flushing
0:01:05.841126196 18238 0x60400000c890 DEBUG GST_PADS gstpad.c:1015:post_activate: stopped streaming
0:01:05.841137714 18238 0x60700134f130 LOG GST_POLL gstpoll.c:289:raise_wakeup: 0x6070005176e0: raise
0:01:05.841137719 18238 0x60400000c890 LOG GST_EVENT gstevent.c:222:_gst_event_free: freeing event 0x60b002cf78f0 type caps
0:01:05.841125941 18238 0x607000932940 DEBUG basetransform gstbasetransform.c:2160:default_generate_output: using allocated buffer in 0x6120039f73c0, out 0x6120039f73c0
0:01:05.841167911 18238 0x6070001c8f30 DEBUG GST_CLOCK gstsystemclock.c:745:gst_system_clock_id_wait_jitter_unlocked: entry 0x60b0032ecd20 unlocked, status 2, ret 1
0:01:05.841169748 18238 0x60700026ab70 DEBUG GST_CLOCK gstsystemclock.c:745:gst_system_clock_id_wait_jitter_unlocked: entry 0x60b00093d930 unlocked, status 3, ret 1
0:01:05.841191787 18238 0x607000071050 DEBUG GST_CLOCK gstsystemclock.c:745:gst_system_clock_id_wait_jitter_unlocked: entry 0x60b002c954a0 unlocked, status 3, ret 1
0:01:05.841185969 18238 0x60700178a7d0 DEBUG GST_CLOCK gstsystemclock.c:745:gst_system_clock_id_wait_jitter_unlocked: entry 0x60b0018b5d50 unlocked, status 3, ret 1
0:01:05.841196686 18238 0x60400000c890 DEBUG GST_PADS gstpad.c:453:remove_events: notify caps
0:01:05.841264151 18238 0x607000932940 DEBUG basetransform gstbasetransform.c:2171:default_generate_output: element is in passthrough
0:01:05.841208279 18238 0x60700134f130 DEBUG GST_CLOCK gstsystemclock.c:400:gst_system_clock_add_wakeup: wakeup count 1
0:01:05.841319506 18238 0x6070001c8f30 DEBUG GST_CLOCK gstsystemclock.c:377:gst_system_clock_remove_wakeup: reading control
0:01:05.841321015 18238 0x60700134f130 DEBUG rtpjitterbuffer gstrtpjitterbuffer.c:3119:gst_rtp_jitter_buffer_chain: Pushed packet #30698, now 13 packets, head: 1, percent -1
0:01:05.841316900 18238 0x607000932940 DEBUG GST_SCHEDULING gstpad.c:4200:gst_pad_chain_data_unchecked: calling chainfunction &gst_proxy_pad_chain_default with buffer buffer: 0x6120039f73c0, pts 0:00:44.680000000, dts 99:99:99.999999999, dur 0:00:00.010000000, size 640, offset 1429760, offset_end 1430080, flags 0x0
0:01:05.841328494 18238 0x6070001c8f30 LOG GST_POLL gstpoll.c:313:release_wakeup: 0x6070005176e0: release
0:01:05.841347556 18238 0x60700134f130 DEBUG GST_SCHEDULING gstpad.c:4206:gst_pad_chain_data_unchecked: called chainfunction &gst_rtp_jitter_buffer_chain with buffer 0x6120045163c0, returned ok
0:01:05.841348649 18238 0x607001918f10 DEBUG rtpjitterbuffer gstrtpjitterbuffer.c:4025:gst_rtp_jitter_buffer_loop: waiting event done
0:01:05.841357910 18238 0x6070001c8f30 DEBUG GST_CLOCK gstsystemclock.c:390:gst_system_clock_remove_wakeup: wakeup count 0
0:01:05.841351966 18238 0x607000932940 DEBUG GST_SCHEDULING gstpad.c:4200:gst_pad_chain_data_unchecked: calling chainfunction &gst_proxy_pad_chain_default with buffer buffer: 0x6120039f73c0, pts 0:00:44.680000000, dts 99:99:99.999999999, dur 0:00:00.010000000, size 640, offset 1429760, offset_end 1430080, flags 0x0
0:01:05.841312405 18238 0x60400000c890 LOG GST_PROPERTIES gstobject.c:456:gst_object_dispatch_properties_changed: deep notification from src (caps)
0:01:05.841380490 18238 0x60700134f130 DEBUG GST_SCHEDULING gstpad.c:4206:gst_pad_chain_data_unchecked: called chainfunction &0x7f95fdddb9d0 with buffer 0x6120045163c0, returned ok
0:01:05.841388131 18238 0x607000932940 DEBUG GST_SCHEDULING gstpad.c:4200:gst_pad_chain_data_unchecked: calling chainfunction &gst_tee_chain with buffer buffer: 0x6120039f73c0, pts 0:00:44.680000000, dts 99:99:99.999999999, dur 0:00:00.010000000, size 640, offset 1429760, offset_end 1430080, flags 0x0
0:01:05.841410038 18238 0x607001918f10 DEBUG rtpjitterbuffer gstrtpjitterbuffer.c:3481:handle_next_buffer: Old packet #30698, next #30701 dropping
0:01:05.841414208 18238 0x607000071050 DEBUG GST_CLOCK gstsystemclock.c:766:gst_system_clock_id_wait_jitter_unlocked: entry 0x60b002c954a0 needs to be restarted
0:01:05.841416638 18238 0x60700134f130 DEBUG GST_SCHEDULING gstpad.c:4206:gst_pad_chain_data_unchecked: called chainfunction &0x7f95fddf0e30 with buffer 0x6120045163c0, returned ok
0:01:05.841392325 18238 0x6070001c8f30 DEBUG GST_CLOCK gstclock.c:545:gst_clock_id_wait: done waiting entry 0x60b0032ecd20, res: 2 (unscheduled)
0:01:05.841468573 18238 0x607000071050 DEBUG GST_CLOCK gstclock.c:1045:gst_clock_get_internal_time: internal time 132:06:01.486733713
0:01:05.841409913 18238 0x60700026ab70 DEBUG GST_CLOCK gstsystemclock.c:766:gst_system_clock_id_wait_jitter_unlocked: entry 0x60b00093d930 needs to be restarted
0:01:05.841477964 18238 0x60700134f130 DEBUG GST_SCHEDULING gstpad.c:4206:gst_pad_chain_data_unchecked: called chainfunction &gst_srtp_dec_chain_rtp with buffer 0x6120045163c0, returned ok
0:01:05.841496462 18238 0x607000071050 DEBUG GST_CLOCK gstclock.c:1090:gst_clock_get_time: adjusted time 132:06:01.486733713
0:01:05.841454822 18238 0x607001918f10 LOG GST_BUFFER gstbuffer.c:724:_gst_buffer_free: finalize 0x6120045163c0
0:01:05.841516867 18238 0x607000071050 DEBUG GST_CLOCK gstsystemclock.c:806:gst_system_clock_id_wait_jitter_unlocked: entry 0x60b002c954a0 restart, diff 1571490430
0:01:05.841462677 18238 0x60400000c890 LOG GST_PROPERTIES gstobject.c:456:gst_object_dispatch_properties_changed: deep notification from src (caps)
0:01:05.841505160 18238 0x60700026ab70 DEBUG GST_CLOCK gstclock.c:1045:gst_clock_get_internal_time: internal time 132:06:01.486770506
0:01:05.841517302 18238 0x60700134f130 DEBUG GST_SCHEDULING gstpad.c:4206:gst_pad_chain_data_unchecked: called chainfunction &gst_proxy_pad_chain_default with buffer 0x6120045163c0, returned ok
0:01:05.841533822 18238 0x607000071050 DEBUG GST_POLL gstpoll.c:1316:gst_poll_wait: 0x6070005176e0: timeout :0:00:01.571490430
0:01:05.841529968 18238 0x607001918f10 DEBUG GST_MEMORY gstmemory.c:87:_gst_memory_free: free memory 0x61b00018fe80
0:01:05.841426538 18238 0x60700178a7d0 DEBUG GST_CLOCK gstsystemclock.c:766:gst_system_clock_id_wait_jitter_unlocked: entry 0x60b0018b5d50 needs to be restarted
0:01:05.841549588 18238 0x60700026ab70 DEBUG GST_CLOCK gstclock.c:1090:gst_clock_get_time: adjusted time 132:06:01.486770506
0:01:05.841582839 18238 0x60700178a7d0 DEBUG GST_CLOCK gstclock.c:1045:gst_clock_get_internal_time: internal time 132:06:01.486847768
0:01:05.841596293 18238 0x60700026ab70 DEBUG GST_CLOCK gstsystemclock.c:806:gst_system_clock_id_wait_jitter_unlocked: entry 0x60b00093d930 restart, diff 288121774
0:01:05.841587416 18238 0x60700134f130 LOG funnel gstfunnel.c:343:gst_funnel_sink_chain_object: handled buffer ok
0:01:05.841578430 18238 0x607001918f10 DEBUG rtpjitterbuffer gstrtpjitterbuffer.c:3490:handle_next_buffer: Sequence number GAP detected: expected 30701 instead of 30704 (3 missing)
0:01:05.841606324 18238 0x60700178a7d0 DEBUG GST_CLOCK gstclock.c:1090:gst_clock_get_time: adjusted time 132:06:01.486847768
