0:01:05.832871172 18238 0x60400000c890 INFO GST_STATES gstbin.c:2969:gst_bin_change_state_func: child 'rtph264pay3' changed state to 3(PAUSED) successfully
0:01:05.832862194 18238 0x607000932940 DEBUG GST_MEMORY gstmemory.c:138:gst_memory_init: new memory 0x619000ba7c80, maxsize:967 offset:0 size:960
0:01:05.832892882 18238 0x60700134f130 DEBUG rtpjitterbuffer gstrtpjitterbuffer.c:3112:gst_rtp_jitter_buffer_chain: Unscheduling waiting new buffer
0:01:05.832897927 18238 0x607000932940 LOG GST_BUFFER gstbuffer.c:798:gst_buffer_new: new 0x6120038ce240
0:01:05.832905951 18238 0x60400000c890 DEBUG bin gstbin.c:2387:gst_bin_sort_iterator_next: queue head gives x264enc3
0:01:05.832905821 18238 0x60700134f130 DEBUG rtpjitterbuffer gstrtpjitterbuffer.c:2076:unschedule_current_timer: unschedule current timer
0:01:05.832914446 18238 0x607000932940 LOG GST_BUFFER gstbuffer.c:413:_memory_add: buffer 0x6120038ce240, idx -1, mem 0x619000ba7c80
0:01:05.832927325 18238 0x60400000c890 DEBUG bin gstbin.c:912:find_message: no message found matching types 00001000
0:01:05.832931114 18238 0x60700134f130 DEBUG GST_CLOCK gstsystemclock.c:1004:gst_system_clock_id_unschedule: unscheduling entry 0x60b0032eb3b0
0:01:05.832934091 18238 0x607000932940 LOG GST_BUFFER gstbuffer.c:854:gst_buffer_new_allocate: new buffer 0x6120038ce240 of size 960 from allocator (nil)
0:01:05.832945308 18238 0x60400000c890 DEBUG bin gstbin.c:919:find_message: structure-change
0:01:05.832948206 18238 0x60700134f130 DEBUG GST_CLOCK gstsystemclock.c:1018:gst_system_clock_id_unschedule: entry was BUSY, doing wakeup
0:01:05.832975314 18238 0x60700134f130 DEBUG GST_CLOCK gstsystemclock.c:396:gst_system_clock_add_wakeup: writing control
0:01:05.832974200 18238 0x60400000c890 DEBUG bin gstbin.c:2303:update_degree: change element fsvideoanyrate19, degree 1->0, linked to x264enc3
0:01:05.832985837 18238 0x60700134f130 LOG GST_POLL gstpoll.c:289:raise_wakeup: 0x6070005176e0: raise
0:01:05.832962752 18238 0x607000932940 DEBUG basetransform gstbasetransform.c:1798:default_copy_metadata: copying metadata
0:01:05.833063430 18238 0x60700134f130 DEBUG GST_CLOCK gstsystemclock.c:400:gst_system_clock_add_wakeup: wakeup count 1
0:01:05.833067070 18238 0x607000071050 DEBUG GST_CLOCK gstsystemclock.c:745:gst_system_clock_id_wait_jitter_unlocked: entry 0x60b002c954a0 unlocked, status 3, ret 1
0:01:05.833085191 18238 0x60700134f130 DEBUG rtpjitterbuffer gstrtpjitterbuffer.c:3119:gst_rtp_jitter_buffer_chain: Pushed packet #30704, now 12 packets, head: 1, percent -1
0:01:05.833110324 18238 0x607001918f10 DEBUG rtpjitterbuffer gstrtpjitterbuffer.c:4025:gst_rtp_jitter_buffer_loop: waiting event done
0:01:05.833082817 18238 0x6070001c8f30 DEBUG GST_CLOCK gstsystemclock.c:745:gst_system_clock_id_wait_jitter_unlocked: entry 0x60b0032eb3b0 unlocked, status 2, ret 1
0:01:05.833098960 18238 0x607000932940 LOG GST_BUFFER gstbuffer.c:514:gst_buffer_copy_into: copy 0x61200177e2c0 to 0x6120038ce240, offset 0-640/640
0:01:05.833130511 18238 0x6070001c8f30 DEBUG GST_CLOCK gstsystemclock.c:377:gst_system_clock_remove_wakeup: reading control
0:01:05.833105818 18238 0x60700026ab70 DEBUG GST_CLOCK gstsystemclock.c:745:gst_system_clock_id_wait_jitter_unlocked: entry 0x60b00093d930 unlocked, status 3, ret 1
0:01:05.833127656 18238 0x607001918f10 DEBUG rtpjitterbuffer gstrtpjitterbuffer.c:3490:handle_next_buffer: Sequence number GAP detected: expected 30701 instead of 30704 (3 missing)
0:01:05.833141314 18238 0x607000932940 DEBUG basetransform gstbasetransform.c:2160:default_generate_output: using allocated buffer in 0x61200177e2c0, out 0x6120038ce240
0:01:05.833002779 18238 0x60400000c890 DEBUG bin gstbin.c:2186:add_to_queue: adding 'fsvideoanyrate19' to queue
0:01:05.833157234 18238 0x607001918f10 DEBUG rtpjitterbuffer gstrtpjitterbuffer.c:4025:gst_rtp_jitter_buffer_loop: waiting event
0:01:05.833163573 18238 0x607000932940 DEBUG basetransform gstbasetransform.c:2180:default_generate_output: doing non-inplace transform
0:01:05.833143226 18238 0x6070001c8f30 LOG GST_POLL gstpoll.c:313:release_wakeup: 0x6070005176e0: release
0:01:05.833176877 18238 0x60400000c890 INFO GST_STATES gstbin.c:2521:gst_bin_element_set_state: current PLAYING pending VOID_PENDING, desired next PAUSED
0:01:05.833186477 18238 0x6070001c8f30 DEBUG GST_CLOCK gstsystemclock.c:390:gst_system_clock_remove_wakeup: wakeup count 0
0:01:05.833190122 18238 0x607000932940 LOG audioresample gstaudioresample.c:843:gst_audio_resample_transform: transforming buffer of 640 bytes, ts 0:00:44.670000000, duration 0:00:00.010000000, offset 1429440, offset_end 1429760
0:01:05.833203148 18238 0x60400000c890 DEBUG bin gstbin.c:912:find_message: no message found matching types 00100000
0:01:05.833227060 18238 0x60700026ab70 DEBUG GST_CLOCK gstsystemclock.c:766:gst_system_clock_id_wait_jitter_unlocked: entry 0x60b00093d930 needs to be restarted
0:01:05.833231015 18238 0x60400000c890 DEBUG bin gstbin.c:919:find_message: async-start
0:01:05.833228637 18238 0x607000071050 DEBUG GST_CLOCK gstsystemclock.c:766:gst_system_clock_id_wait_jitter_unlocked: entry 0x60b002c954a0 needs to be restarted
0:01:05.833248628 18238 0x60700026ab70 DEBUG GST_CLOCK gstclock.c:1045:gst_clock_get_internal_time: internal time 132:06:01.478513920
0:01:05.833256567 18238 0x60400000c890 DEBUG bin gstbin.c:2616:gst_bin_element_set_state: setting element x264enc3 to PAUSED, base_time 132:05:16.804978448
0:01:05.833262946 18238 0x607000071050 DEBUG GST_CLOCK gstclock.c:1045:gst_clock_get_internal_time: internal time 132:06:01.478528124
0:01:05.833272006 18238 0x60700026ab70 DEBUG GST_CLOCK gstclock.c:1090:gst_clock_get_time: adjusted time 132:06:01.478513920
0:01:05.833291509 18238 0x60700026ab70 DEBUG GST_CLOCK gstsystemclock.c:806:gst_system_clock_id_wait_jitter_unlocked: entry 0x60b00093d930 restart, diff 296378360
0:01:05.833292215 18238 0x607000071050 DEBUG GST_CLOCK gstclock.c:1090:gst_clock_get_time: adjusted time 132:06:01.478528124
0:01:05.833067077 18238 0x60700178a7d0 DEBUG GST_CLOCK gstsystemclock.c:745:gst_system_clock_id_wait_jitter_unlocked: entry 0x60b0018b5d50 unlocked, status 3, ret 1
0:01:05.833310510 18238 0x60700026ab70 DEBUG GST_POLL gstpoll.c:1316:gst_poll_wait: 0x6070005176e0: timeout :0:00:00.296378360
0:01:05.833316648 18238 0x607000071050 DEBUG GST_CLOCK gstsystemclock.c:806:gst_system_clock_id_wait_jitter_unlocked: entry 0x60b002c954a0 restart, diff 1579696019
0:01:05.833210400 18238 0x6070001c8f30 DEBUG GST_CLOCK gstclock.c:545:gst_clock_id_wait: done waiting entry 0x60b0032eb3b0, res: 2 (unscheduled)
0:01:05.833448509 18238 0x607000071050 DEBUG GST_POLL gstpoll.c:1316:gst_poll_wait: 0x6070005176e0: timeout :0:00:01.579696019
0:01:05.833468328 18238 0x6070001c8f30 DEBUG rtpjitterbuffer gstrtpjitterbuffer.c:3990:wait_next_timeout: sync unscheduled
0:01:05.833284916 18238 0x60400000c890 DEBUG GST_STATES gstelement.c:2570:gst_element_set_state_func: set_state to PAUSED
0:01:05.833480077 18238 0x6070001c8f30 DEBUG GST_CLOCK gstclock.c:350:_gst_clock_id_free: freed entry 0x60b0032eb3b0
0:01:05.833495389 18238 0x60400000c890 DEBUG GST_STATES gstelement.c:2595:gst_element_set_state_func: setting target state to PAUSED
0:01:05.833498654 18238 0x6070001c8f30 DEBUG GST_CLOCK gstclock.c:1045:gst_clock_get_internal_time: internal time 132:06:01.478764811
0:01:05.833512475 18238 0x60400000c890 DEBUG GST_STATES gstelement.c:2608:gst_element_set_state_func: current PLAYING, old_pending VOID_PENDING, next VOID_PENDING, old return SUCCESS
0:01:05.833339850 18238 0x60700134f130 DEBUG GST_SCHEDULING gstpad.c:4206:gst_pad_chain_data_unchecked: called chainfunction &gst_rtp_jitter_buffer_chain with buffer 0x612000126640, returned ok
0:01:05.833519002 18238 0x6070001c8f30 DEBUG GST_CLOCK gstclock.c:1090:gst_clock_get_time: adjusted time 132:06:01.478764811
0:01:05.833537541 18238 0x60400000c890 DEBUG GST_STATES gstelement.c:2642:gst_element_set_state_func: final: setting state from PLAYING to PAUSED
0:01:05.833552076 18238 0x6070001c8f30 DEBUG rtpjitterbuffer gstrtpjitterbuffer.c:3869:wait_next_timeout: now
0:00:44.673786363
0:01:05.833559593 18238 0x60400000c890 LOG GST_STATES gstelement.c:2897:gst_element_change_state_func: default handler tries setting state from PLAYING to PAUSED (0023)
0:01:05.833577521 18238 0x60400000c890 DEBUG GST_STATES gstelement.c:2731:gst_element_change_state: element changed state SUCCESS
0:01:05.833638331 18238 0x60400000c890 INFO GST_STATES gstelement.c:2419:gst_element_continue_state: completed state change to PAUSED
0:01:05.833650444 18238 0x60400000c890 INFO GST_STATES gstelement.c:2324:_priv_gst_element_state_changed: notifying about state-changed PLAYING to PAUSED (VOID_PENDING pending)
0:01:05.833668521 18238 0x60400000c890 LOG GST_MESSAGE gstmessage.c:300:gst_message_new_custom: source x264enc3: creating new message 0x60c000930280 state-changed
0:01:05.833682573 18238 0x60400000c890 DEBUG GST_BUS gstbus.c:317:gst_bus_post: [msg 0x60c000930280] posting on bus state-changed message: 0x60c000930280, time 99:99:99.999999999, seq-num 6124, element 'x264enc3', GstMessageStateChanged, old-state=(GstState)GST_STATE_PLAYING, new-state=(GstState)GST_STATE_PAUSED, pending-state=(GstState)GST_STATE_VOID_PENDING;
0:01:05.833438322 18238 0x60700178a7d0 DEBUG GST_CLOCK gstsystemclock.c:766:gst_system_clock_id_wait_jitter_unlocked: entry 0x60b0018b5d50 needs to be restarted
0:01:05.833714339 18238 0x60400000c890 DEBUG bin gstbin.c:3734:gst_bin_handle_message_func: [msg 0x60c000930280] handling child x264enc3 message of type state-changed
0:01:05.833614303 18238 0x60700134f130 DEBUG GST_SCHEDULING gstpad.c:4206:gst_pad_chain_data_unchecked: called chainfunction &0x7f95fdddb9d0 with buffer 0x612000126640, returned ok
0:01:05.833766758 18238 0x60400000c890 DEBUG bin gstbin.c:4071:gst_bin_handle_message_func: posting message upward
0:01:05.833785456 18238 0x60700134f130 DEBUG GST_SCHEDULING gstpad.c:4206:gst_pad_chain_data_unchecked: called chainfunction &0x7f95fddf0e30 with buffer 0x612000126640, returned ok
0:01:05.833570992 18238 0x6070001c8f30 DEBUG rtpjitterbuffer gstrtpjitterbuffer.c:3885:wait_next_timeout: 0, 1, 30729,
0:00:45.371838313 diff:+0:00:00.698051950
0:01:05.833221536 18238 0x607000932940 LOG GST_BUFFER gstbuffer.c:1720:gst_buffer_map_range: buffer 0x61200177e2c0, idx 0, length -1, flags 0001
0:01:05.833781864 18238 0x60400000c890 DEBUG GST_BUS gstbus.c:317:gst_bus_post: [msg 0x60c000930280] posting on bus state-changed message: 0x60c000930280, time 99:99:99.999999999, seq-num 6124, element 'x264enc3', GstMessageStateChanged, old-state=(GstState)GST_STATE_PLAYING, new-state=(GstState)GST_STATE_PAUSED, pending-state=(GstState)GST_STATE_VOID_PENDING;
0:01:05.833835881 18238 0x6070001c8f30 DEBUG rtpjitterbuffer gstrtpjitterbuffer.c:3922:wait_next_timeout: new best 0
0:01:05.833835780 18238 0x60400000c890 DEBUG bin gstbin.c:3734:gst_bin_handle_message_func: [msg 0x60c000930280] handling child x264enc3 message of type state-changed
0:01:05.833860982 18238 0x60400000c890 DEBUG bin gstbin.c:4071:gst_bin_handle_message_func: posting message upward
0:01:05.833852700 18238 0x6070001c8f30 DEBUG rtpjitterbuffer gstrtpjitterbuffer.c:3885:wait_next_timeout: 1, 1, 30703,
0:00:44.850303121 diff:+0:00:00.176516758
0:01:05.833822732 18238 0x607000932940 LOG GST_BUFFER gstbuffer.c:212:_get_merged_memory: buffer 0x61200177e2c0, idx 0, length 1
0:01:05.833883425 18238 0x6070001c8f30 DEBUG rtpjitterbuffer gstrtpjitterbuffer.c:3922:wait_next_timeout: new best 1
0:01:05.833884935 18238 0x607000932940 LOG GST_BUFFER gstbuffer.c:1720:gst_buffer_map_range: buffer 0x6120038ce240, idx 0, length -1, flags 0002
0:01:05.833874961 18238 0x60400000c890 DEBUG GST_BUS gstbus.c:317:gst_bus_post: [msg 0x60c000930280] posting on bus state-changed message: 0x60c000930280, time 99:99:99.999999999, seq-num 6124, element 'x264enc3', GstMessageStateChanged, old-state=(GstState)GST_STATE_PLAYING, new-state=(GstState)GST_STATE_PAUSED, pending-state=(GstState)GST_STATE_VOID_PENDING;
0:01:05.833903577 18238 0x607000932940 LOG GST_BUFFER gstbuffer.c:212:_get_merged_memory: buffer 0x6120038ce240, idx 0, length 1
0:01:05.833897019 18238 0x6070001c8f30 DEBUG rtpjitterbuffer gstrtpjitterbuffer.c:3885:wait_next_timeout: 2, 1, 30705,
0:00:44.896974829 diff:+0:00:00.223188466
0:01:05.833926598 18238 0x60400000c890 DEBUG bin gstbin.c:3734:gst_bin_handle_message_func: [msg 0x60c000930280] handling child x264enc3 message of type state-changed
0:01:05.833953130 18238 0x60400000c890 DEBUG bin gstbin.c:4071:gst_bin_handle_message_func: posting message upward
0:01:05.833960872 18238 0x607000932940 LOG audio-resampler audio-resampler.c:1767:gst_audio_resampler_resample: in 320, avail 384, consumed 320
0:01:05.833977635 18238 0x6070001c8f30 DEBUG rtpjitterbuffer gstrtpjitterbuffer.c:3885:wait_next_timeout: 3, 1, 30723,
0:00:45.199899520 diff:+0:00:00.526113157
0:01:05.833970617 18238 0x60400000c890 DEBUG GST_BUS gstbus.c:317:gst_bus_post: [msg 0x60c000930280] posting on bus state-changed message: 0x60c000930280, time 99:99:99.999999999, seq-num 6124, element 'x264enc3', GstMessageStateChanged, old-state=(GstState)GST_STATE_PLAYING, new-state=(GstState)GST_STATE_PAUSED, pending-state=(GstState)GST_STATE_VOID_PENDING;
0:01:05.833861303 18238 0x60700134f130 DEBUG GST_SCHEDULING gstpad.c:4206:gst_pad_chain_data_unchecked: called chainfunction &gst_srtp_dec_chain_rtp with buffer 0x612000126640, returned ok
0:01:05.834009348 18238 0x6070001c8f30 DEBUG rtpjitterbuffer gstrtpjitterbuffer.c:3885:wait_next_timeout: 4, 1, 30702,
0:00:44.826967267 diff:+0:00:00.153180904
0:01:05.834023021 18238 0x60400000c890 DEBUG GST_BUS gstbus.c:356:gst_bus_post: [msg 0x60c000930280] pushing on async queue
0:01:05.834033520 18238 0x6070001c8f30 DEBUG rtpjitterbuffer gstrtpjitterbuffer.c:3922:wait_next_timeout: new best 4
0:01:05.834030084 18238 0x60700134f130 DEBUG GST_SCHEDULING gstpad.c:4206:gst_pad_chain_data_unchecked: called chainfunction &gst_proxy_pad_chain_default with buffer 0x612000126640, returned ok
0:01:05.834043039 18238 0x60400000c890 DEBUG GST_BUS gstbus.c:359:gst_bus_post: [msg 0x60c000930280] pushed on async queue
0:01:05.834045528 18238 0x6070001c8f30 DEBUG rtpjitterbuffer gstrtpjitterbuffer.c:3885:wait_next_timeout: 5, 1, 30701,
0:00:44.803631413 diff:+0:00:00.129845050
0:01:05.834062311 18238 0x60400000c890 DEBUG GST_BUS gstbus.c:352:gst_bus_post: [msg 0x60c000930280] dropped
0:01:05.834068429 18238 0x6070001c8f30 DEBUG rtpjitterbuffer gstrtpjitterbuffer.c:3922:wait_next_timeout: new best 5
0:01:05.834084246 18238 0x60400000c890 DEBUG GST_BUS gstbus.c:352:gst_bus_post: [msg 0x60c000930280] dropped
0:01:05.834103004 18238 0x60400000c890 DEBUG GST_BUS gstbus.c:352:gst_bus_post: [msg 0x60c000930280] dropped
0:01:05.834122990 18238 0x60400000c890 LOG GST_STATES gstelement.c:2747:gst_element_change_state: exit state change 1
0:01:05.834139705 18238 0x60400000c890 DEBUG GST_STATES gstelement.c:2654:gst_element_set_state_func: returned SUCCESS
0:01:05.834058123 18238 0x60700134f130 LOG funnel gstfunnel.c:343:gst_funnel_sink_chain_object: handled buffer ok
0:01:05.833951864 18238 0x60700178a7d0 DEBUG GST_CLOCK gstclock.c:1045:gst_clock_get_internal_time: internal time 132:06:01.479211043
0:01:05.834160799 18238 0x60400000c890 INFO GST_STATES gstbin.c:2969:gst_bin_change_state_func: child 'x264enc3' changed state to 3(PAUSED) successfully
0:01:05.834168714 18238 0x60700134f130 DEBUG GST_SCHEDULING gstpad.c:4206:gst_pad_chain_data_unchecked: called chainfunction &gst_funnel_sink_chain with buffer 0x612000126640, returned ok
0:01:05.834303808 18238 0x60400000c890 DEBUG bin gstbin.c:2387:gst_bin_sort_iterator_next: queue head gives fsvideoanyrate19
0:01:05.834290929 18238 0x60700178a7d0 DEBUG GST_CLOCK gstclock.c:1090:gst_clock_get_time: adjusted time 132:06:01.479211043
0:01:05.834322734 18238 0x60400000c890 DEBUG bin gstbin.c:912:find_message: no message found matching types 00001000
0:01:05.834088243 18238 0x6070001c8f30 DEBUG rtpjitterbuffer gstrtpjitterbuffer.c:3885:wait_next_timeout: 6, 1, 30708,
0:00:45.080717839 diff:+0:00:00.406931476
0:01:05.834344400 18238 0x60400000c890 DEBUG bin gstbin.c:919:find_message: structure-change
0:01:05.834353182 18238 0x6070001c8f30 DEBUG rtpjitterbuffer gstrtpjitterbuffer.c:3885:wait_next_timeout: 7, 1, 30710,
0:00:45.101645663 diff:+0:00:00.427859300
0:01:05.834362982 18238 0x60400000c890 DEBUG bin gstbin.c:2303:update_degree: change element videoconvert20, degree 1->0, linked to fsvideoanyrate19
0:01:05.834340037 18238 0x60700178a7d0 DEBUG GST_CLOCK gstsystemclock.c:806:gst_system_clock_id_wait_jitter_unlocked: entry 0x60b0018b5d50 restart, diff 305013455
0:01:05.834388047 18238 0x60400000c890 DEBUG bin gstbin.c:2186:add_to_queue: adding 'videoconvert20' to queue
0:01:05.834381962 18238 0x6070001c8f30 DEBUG rtpjitterbuffer gstrtpjitterbuffer.c:3885:wait_next_timeout: 8, 1, 30711,
0:00:45.109203652 diff:+0:00:00.435417289
0:01:05.834396089 18238 0x60700178a7d0 DEBUG GST_POLL gstpoll.c:1316:gst_poll_wait: 0x6070005176e0: timeout :0:00:00.305013455
0:01:05.834411834 18238 0x60400000c890 INFO GST_STATES gstbin.c:2521:gst_bin_element_set_state: current PLAYING pending VOID_PENDING, desired next PAUSED
0:01:05.834439837 18238 0x60700134f130 DEBUG GST_SCHEDULING gstpad.c:4206:gst_pad_chain_data_unchecked: called chainfunction &gst_proxy_pad_chain_default with buffer 0x612000126640, returned ok
0:01:05.834451094 18238 0x60400000c890 DEBUG bin gstbin.c:912:find_message: no message found matching types 00100000
0:01:05.834468659 18238 0x60700134f130 LOG funnel gstfunnel.c:343:gst_funnel_sink_chain_object: handled buffer ok
0:01:05.834413244 18238 0x6070001c8f30 DEBUG rtpjitterbuffer gstrtpjitterbuffer.c:3885:wait_next_timeout: 9, 1, 30712,
0:00:45.116761641 diff:+0:00:00.442975278
0:01:05.834472683 18238 0x60400000c890 DEBUG bin gstbin.c:919:find_message: async-start
0:01:05.834496142 18238 0x6070001c8f30 DEBUG rtpjitterbuffer gstrtpjitterbuffer.c:3885:wait_next_timeout: 10, 1, 30713,
0:00:45.124319630 diff:+0:00:00.450533267
0:01:05.833984718 18238 0x607000932940 LOG audioresample gstaudioresample.c:823:gst_audio_resample_process: Converted to buffer of 480 samples (960 bytes) with timestamp 0:00:44.668979167, duration 0:00:00.010000000, offset 2144111, offset_end 2144591
0:01:05.834503501 18238 0x60400000c890 DEBUG bin gstbin.c:2616:gst_bin_element_set_state: setting element fsvideoanyrate19 to PAUSED, base_time 132:05:16.804978448
0:01:05.834524788 18238 0x6070001c8f30 DEBUG rtpjitterbuffer gstrtpjitterbuffer.c:3885:wait_next_timeout: 11, 1, 30721,
0:00:45.184783542 diff:+0:00:00.510997179
0:01:05.834535724 18238 0x60400000c890 DEBUG GST_STATES gstelement.c:2570:gst_element_set_state_func: set_state to PAUSED
0:01:05.834531440 18238 0x607000932940 DEBUG audioresample gstaudioresample.c:904:gst_audio_resample_transform: input = samples [1429440, 1429760) = [44670000000, 44680000000) ns; output = samples [2144111, 2144591) = [44668979167, 44678979167) ns
0:01:05.834557363 18238 0x60400000c890 DEBUG GST_STATES gstelement.c:2595:gst_element_set_state_func: setting target state to PAUSED
0:01:05.834550415 18238 0x6070001c8f30 DEBUG rtpjitterbuffer gstrtpjitterbuffer.c:3885:wait_next_timeout: 12, 1, 30715,
0:00:45.139435608 diff:+0:00:00.465649245
0:01:05.834577664 18238 0x60400000c890 DEBUG GST_STATES gstelement.c:2608:gst_element_set_state_func: current PLAYING, old_pending VOID_PENDING, next VOID_PENDING, old return SUCCESS
0:01:05.834576947 18238 0x6070001c8f30 DEBUG rtpjitterbuffer gstrtpjitterbuffer.c:3885:wait_next_timeout: 13, 1, 30732,
0:00:45.381774103 diff:+0:00:00.707987740
0:01:05.834566697 18238 0x607000932940 DEBUG GST_SCHEDULING gstpad.c:4200:gst_pad_chain_data_unchecked: calling chainfunction &gst_base_transform_chain with buffer buffer: 0x6120038ce240, pts 0:00:44.668979167, dts 99:99:99.999999999, dur 0:00:00.010000000, size 960, offset 2144111, offset_end 2144591, flags 0x0
0:01:05.834601097 18238 0x60400000c890 DEBUG GST_STATES gstelement.c:2642:gst_element_set_state_func: final: setting state from PLAYING to PAUSED
0:01:05.834607205 18238 0x6070001c8f30 DEBUG rtpjitterbuffer gstrtpjitterbuffer.c:3885:wait_next_timeout: 14, 1, 30717,
0:00:45.154551586 diff:+0:00:00.480765223
0:01:05.834494008 18238 0x60700134f130 DEBUG GST_SCHEDULING gstpad.c:4206:gst_pad_chain_data_unchecked: called chainfunction &gst_funnel_sink_chain with buffer 0x612000126640, returned ok
0:01:05.834622281 18238 0x60400000c890 LOG GST_STATES gstelement.c:2897:gst_element_change_state_func: default handler tries setting state from PLAYING to PAUSED (0023)
0:01:05.834648610 18238 0x60400000c890 DEBUG GST_STATES gstelement.c:2731:gst_element_change_state: element changed state SUCCESS
0:01:05.834662717 18238 0x60400000c890 INFO GST_STATES gstelement.c:2419:gst_element_continue_state: completed state change to PAUSED
0:01:05.834681594 18238 0x60400000c890 INFO GST_STATES gstelement.c:2324:_priv_gst_element_state_changed: notifying about state-changed PLAYING to PAUSED (VOID_PENDING pending)
0:01:05.834639349 18238 0x6070001c8f30 DEBUG rtpjitterbuffer gstrtpjitterbuffer.c:3885:wait_next_timeout: 15, 1, 30733,
0:00:45.381774103 diff:+0:00:00.707987740
0:01:05.834708300 18238 0x60400000c890 LOG GST_MESSAGE gstmessage.c:300:gst_message_new_custom: source fsvideoanyrate19: creating new message 0x60c0005e2580 state-changed
0:01:05.834709705 18238 0x6070001c8f30 DEBUG rtpjitterbuffer gstrtpjitterbuffer.c:3885:wait_next_timeout: 16, 1, 30719,
0:00:45.169667564 diff:+0:00:00.495881201
0:01:05.834612547 18238 0x607000932940 DEBUG audio audio.c:108:gst_audio_buffer_clip: timestamp
0:00:44.668979167
0:01:05.834759619 18238 0x6070001c8f30 DEBUG rtpjitterbuffer gstrtpjitterbuffer.c:3885:wait_next_timeout: 17, 1, 30720,
0:00:45.177225553 diff:+0:00:00.503439190
0:01:05.834743166 18238 0x60400000c890 DEBUG GST_BUS gstbus.c:317:gst_bus_post: [msg 0x60c0005e2580] posting on bus state-changed message: 0x60c0005e2580, time 99:99:99.999999999, seq-num 6125, element 'fsvideoanyrate19', GstMessageStateChanged, old-state=(GstState)GST_STATE_PLAYING, new-state=(GstState)GST_STATE_PAUSED, pending-state=(GstState)GST_STATE_VOID_PENDING;
0:01:05.834663383 18238 0x60700134f130 LOG GST_SCHEDULING gstpad.c:3615:do_probe_callbacks: do probes cookie 2585
0:01:05.834795948 18238 0x60400000c890 DEBUG bin gstbin.c:3734:gst_bin_handle_message_func: [msg 0x60c0005e2580] handling child fsvideoanyrate19 message of type state-changed
0:01:05.834780398 18238 0x607000932940 DEBUG basetransform gstbasetransform.c:2036:default_submit_input_buffer: handling buffer 0x6120038ce240 of size 960, PTS
0:00:44.668979167 and offset 2144111
0:01:05.834836478 18238 0x60400000c890 DEBUG bin gstbin.c:4071:gst_bin_handle_message_func: posting message upward
0:01:05.834835650 18238 0x607000932940 DEBUG basetransform gstbasetransform.c:2153:default_generate_output: calling prepare buffer
0:01:05.834786316 18238 0x6070001c8f30 DEBUG rtpjitterbuffer gstrtpjitterbuffer.c:3885:wait_next_timeout: 18, 1, 30725,
0:00:45.231667081 diff:+0:00:00.557880718
0:01:05.834868266 18238 0x607000932940 DEBUG basetransform gstbasetransform.c:1650:default_prepare_output_buffer: passthrough: reusing input buffer
0:01:05.834855632 18238 0x60400000c890 DEBUG GST_BUS gstbus.c:317:gst_bus_post: [msg 0x60c0005e2580] posting on bus state-changed message: 0x60c0005e2580, time 99:99:99.999999999, seq-num 6125, element 'fsvideoanyrate19', GstMessageStateChanged, old-state=(GstState)GST_STATE_PLAYING, new-state=(GstState)GST_STATE_PAUSED, pending-state=(GstState)GST_STATE_VOID_PENDING;
0:01:05.834903581 18238 0x607000932940 DEBUG basetransform gstbasetransform.c:2160:default_generate_output: using allocated buffer in 0x6120038ce240, out 0x6120038ce240
0:01:05.834852468 18238 0x60700134f130 LOG GST_SCHEDULING gstpad.c:3511:probe_hook_marshal: hook 1, cookie 2585 with flags 0x00003010 does not match 00001001
0:01:05.834914690 18238 0x60400000c890 DEBUG bin gstbin.c:3734:gst_bin_handle_message_func: [msg 0x60c0005e2580] handling child fsvideoanyrate19 message of type state-changed
0:01:05.834949378 18238 0x60400000c890 DEBUG bin gstbin.c:4071:gst_bin_handle_message_func: posting message upward
0:01:05.834887273 18238 0x6070001c8f30 DEBUG rtpjitterbuffer gstrtpjitterbuffer.c:3885:wait_next_timeout: 19, 1, 30726,
0:00:45.281774101 diff:+0:00:00.607987738
0:01:05.834945795 18238 0x60700134f130 LOG basesrc gstbasesrc.c:2738:gst_base_src_loop: next_ts 99:99:99.999999999 size 4096
0:01:05.834985904 18238 0x607000932940 DEBUG basetransform gstbasetransform.c:2171:default_generate_output: element is in passthrough
0:01:05.834999187 18238 0x6070001c8f30 DEBUG rtpjitterbuffer gstrtpjitterbuffer.c:3885:wait_next_timeout: 20, 1, 30727,
0:00:45.311795505 diff:+0:00:00.638009142
0:01:05.834965375 18238 0x60400000c890 DEBUG GST_BUS gstbus.c:317:gst_bus_post: [msg 0x60c0005e2580] posting on bus state-changed message: 0x60c0005e2580, time 99:99:99.999999999, seq-num 6125, element 'fsvideoanyrate19', GstMessageStateChanged, old-state=(GstState)GST_STATE_PLAYING, new-state=(GstState)GST_STATE_PAUSED, pending-state=(GstState)GST_STATE_VOID_PENDING;
0:01:05.835026806 18238 0x6070001c8f30 DEBUG rtpjitterbuffer gstrtpjitterbuffer.c:3885:wait_next_timeout: 21, 1, 30728,
0:00:45.341816909 diff:+0:00:00.668030546
0:01:05.835024473 18238 0x607000932940 DEBUG GST_SCHEDULING gstpad.c:4200:gst_pad_chain_data_unchecked: calling chainfunction &gst_audio_encoder_chain with buffer buffer: 0x6120038ce240, pts 0:00:44.668979167, dts 99:99:99.999999999, dur 0:00:00.010000000, size 960, offset 2144111, offset_end 2144591, flags 0x0
0:01:05.834983677 18238 0x60700134f130 DEBUG basesrc gstbasesrc.c:2460:gst_base_src_get_range: calling create offset 18446744073709551615 length 4096, time 0
0:01:05.835070855 18238 0x607000932940 LOG audioencoder gstaudioencoder.c:1244:gst_audio_encoder_chain: received buffer of size 960 with ts 0:00:44.668979167, duration
0:00:00.010000000
0:01:05.835080489 18238 0x60400000c890 DEBUG bin gstbin.c:3734:gst_bin_handle_message_func: [msg 0x60c0005e2580] handling child fsvideoanyrate19 message of type state-changed
0:01:05.835059977 18238 0x6070001c8f30 DEBUG rtpjitterbuffer gstrtpjitterbuffer.c:3964:wait_next_timeout: sync to timestamp
0:00:44.803631413 with sync time 132:06:01.608609861
0:01:05.835115652 18238 0x60400000c890 DEBUG bin gstbin.c:4071:gst_bin_handle_message_func: posting message upward
0:01:05.835104236 18238 0x607000932940 DEBUG audio audio.c:108:gst_audio_buffer_clip: timestamp
0:00:44.668979167
0:01:05.835141511 18238 0x607000932940 LOG audioencoder gstaudioencoder.c:1290:gst_audio_encoder_chain: buffer after segment clipping has size 960 with ts 0:00:44.668979167, duration
0:00:00.010000000
0:01:05.835135668 18238 0x60400000c890 DEBUG GST_BUS gstbus.c:317:gst_bus_post: [msg 0x60c0005e2580] posting on bus state-changed message: 0x60c0005e2580, time 99:99:99.999999999, seq-num 6125, element 'fsvideoanyrate19', GstMessageStateChanged, old-state=(GstState)GST_STATE_PLAYING, new-state=(GstState)GST_STATE_PAUSED, pending-state=(GstState)GST_STATE_VOID_PENDING;
0:01:05.835146932 18238 0x6070001c8f30 DEBUG GST_CLOCK gstclock.c:247:gst_clock_entry_new: created entry 0x60b0032ecd20, time 132:06:01.608609861
0:01:05.835175364 18238 0x607000932940 LOG adapter gstadapter.c:394:gst_adapter_push: pushing 0x6120038ce240 960 bytes at end, size now 1892
0:01:05.835181811 18238 0x60400000c890 DEBUG GST_BUS gstbus.c:356:gst_bus_post: [msg 0x60c0005e2580] pushing on async queue
0:01:05.835230504 18238 0x60400000c890 DEBUG GST_BUS gstbus.c:359:gst_bus_post: [msg 0x60c0005e2580] pushed on async queue
0:01:05.835235610 18238 0x6070001c8f30 DEBUG GST_CLOCK gstclock.c:535:gst_clock_id_wait: waiting on clock entry 0x60b0032ecd20
0:01:05.835227472 18238 0x607000932940 LOG audioencoder gstaudioencoder.c:1089:gst_audio_encoder_push_buffers: available: 1268, needed: 1920, force: 0
0:01:05.835256909 18238 0x60400000c890 DEBUG GST_BUS gstbus.c:352:gst_bus_post: [msg 0x60c0005e2580] dropped
0:01:05.835266777 18238 0x607000932940 LOG audioencoder gstaudioencoder.c:1368:gst_audio_encoder_chain: chain leaving
0:01:05.835277292 18238 0x60400000c890 DEBUG GST_BUS gstbus.c:352:gst_bus_post: [msg 0x60c0005e2580] dropped
0:01:05.835284719 18238 0x607000932940 DEBUG GST_SCHEDULING gstpad.c:4206:gst_pad_chain_data_unchecked: called chainfunction &gst_audio_encoder_chain with buffer 0x6120038ce240, returned ok
0:01:05.835297170 18238 0x60400000c890 DEBUG GST_BUS gstbus.c:352:gst_bus_post: [msg 0x60c0005e2580] dropped
0:01:05.835317320 18238 0x60400000c890 LOG GST_STATES gstelement.c:2747:gst_element_change_state: exit state change 1
0:01:05.835132152 18238 0x60700134f130 LOG nicesrc gstnicesrc.c:278:gst_nice_src_create: create called
0:01:05.835339142 18238 0x60400000c890 DEBUG GST_STATES gstelement.c:2654:gst_element_set_state_func: returned SUCCESS
0:01:05.835258234 18238 0x6070001c8f30 DEBUG GST_CLOCK gstclock.c:1045:gst_clock_get_internal_time: internal time 132:06:01.480524103
0:01:05.835311581 18238 0x607000932940 DEBUG GST_SCHEDULING gstpad.c:4206:gst_pad_chain_data_unchecked: called chainfunction &gst_base_transform_chain with buffer 0x6120038ce240, returned ok
0:01:05.835381673 18238 0x6070001c8f30 DEBUG GST_CLOCK gstclock.c:1090:gst_clock_get_time: adjusted time 132:06:01.480524103
0:01:05.835394287 18238 0x607000932940 DEBUG GST_SCHEDULING gstpad.c:4206:gst_pad_chain_data_unchecked: called chainfunction &gst_base_transform_chain with buffer 0x61200177e2c0, returned ok
0:01:05.835402716 18238 0x6070001c8f30 DEBUG GST_CLOCK gstsystemclock.c:717:gst_system_clock_id_wait_jitter_unlocked: entry 0x60b0032ecd20 time 132:06:01.608609861 now 132:06:01.480524103 diff (time-now) 128085758
0:01:05.835419101 18238 0x607000932940 DEBUG GST_SCHEDULING gstpad.c:4206:gst_pad_chain_data_unchecked: called chainfunction &gst_base_transform_chain with buffer 0x61200177e2c0, returned ok
0:01:05.835425390 18238 0x6070001c8f30 DEBUG GST_POLL gstpoll.c:1316:gst_poll_wait: 0x6070005176e0: timeout :0:00:00.128085758
0:01:05.835446605 18238 0x607000932940 DEBUG GST_SCHEDULING gstpad.c:4206:gst_pad_chain_data_unchecked: called chainfunction &gst_proxy_pad_chain_default with buffer 0x61200177e2c0, returned ok
0:01:05.835456754 18238 0x60400000c890 INFO GST_STATES gstbin.c:2969:gst_bin_change_state_func: child 'fsvideoanyrate19' changed state to 3(PAUSED) successfully
0:01:05.835472043 18238 0x607000932940 DEBUG GST_SCHEDULING gstpad.c:4206:gst_pad_chain_data_unchecked: called chainfunction &gst_valve_chain with buffer 0x61200177e2c0, returned ok
0:01:05.835485257 18238 0x60400000c890 DEBUG bin gstbin.c:2387:gst_bin_sort_iterator_next: queue head gives videoconvert20
0:01:05.835503797 18238 0x60400000c890 DEBUG bin gstbin.c:912:find_message: no message found matching types 00001000
0:01:05.835498819 18238 0x607000932940 LOG tee gsttee.c:699:gst_tee_handle_data: Pushing item 0x61200177e2c0 yielded result ok
0:01:05.835528447 18238 0x607000932940 LOG tee gsttee.c:731:gst_tee_handle_data: Replacing ret val -1 with 0
0:01:05.835543505 18238 0x607000932940 LOG GST_BUFFER gstbuffer.c:724:_gst_buffer_free: finalize 0x61200177e2c0
0:01:05.835559495 18238 0x607000932940 DEBUG GST_MEMORY gstmemory.c:87:_gst_memory_free: free memory 0x6180000a3c80
0:01:05.835578797 18238 0x607000932940 DEBUG tee gsttee.c:781:gst_tee_chain: handled buffer ok
0:01:05.835552183 18238 0x60400000c890 DEBUG bin gstbin.c:919:find_message: structure-change
0:01:05.835598157 18238 0x607000932940 DEBUG GST_SCHEDULING gstpad.c:4206:gst_pad_chain_data_unchecked: called chainfunction &gst_tee_chain with buffer 0x61200177e2c0, returned ok
0:01:05.835617415 18238 0x60700166d3d0 LOG nicesrc gstnicesrc.c:199:gst_nice_src_read_callback: Got buffer, getting out of the main loop
0:01:05.835634210 18238 0x607000932940 DEBUG GST_SCHEDULING gstpad.c:4206:gst_pad_chain_data_unchecked: called chainfunction &gst_proxy_pad_chain_default with buffer 0x61200177e2c0, returned ok
0:01:05.835640674 18238 0x60700166d3d0 DEBUG GST_MEMORY gstmemory.c:138:gst_memory_init: new memory 0x61300050d7c0, maxsize:179 offset:0 size:172
0:01:05.835665927 18238 0x60700166d3d0 LOG GST_BUFFER gstbuffer.c:798:gst_buffer_new: new 0x6120044e8ac0
0:01:05.835662084 18238 0x607000932940 DEBUG GST_SCHEDULING gstpad.c:4206:gst_pad_chain_data_unchecked: called chainfunction &gst_proxy_pad_chain_default with buffer 0x61200177e2c0, returned ok
0:01:05.835685037 18238 0x60700166d3d0 LOG GST_BUFFER gstbuffer.c:413:_memory_add: buffer 0x6120044e8ac0, idx -1, mem 0x61300050d7c0
0:01:05.835695777 18238 0x607000932940 DEBUG GST_SCHEDULING gstpad.c:4206:gst_pad_chain_data_unchecked: called chainfunction &gst_base_transform_chain with buffer 0x61200177e2c0, returned ok
0:01:05.835705569 18238 0x60700166d3d0 LOG GST_BUFFER gstbuffer.c:854:gst_buffer_new_allocate: new buffer 0x6120044e8ac0 of size 172 from allocator (nil)
0:01:05.835718298 18238 0x607000932940 DEBUG GST_SCHEDULING gstpad.c:4206:gst_pad_chain_data_unchecked: called chainfunction &gst_base_transform_chain with buffer 0x61200177e2c0, returned ok
0:01:05.835723917 18238 0x60700166d3d0 LOG GST_BUFFER gstbuffer.c:1825:gst_buffer_fill: buffer 0x6120044e8ac0, offset 0, size 172
0:01:05.835773474 18238 0x607000932940 LOG basesrc gstbasesrc.c:2738:gst_base_src_loop: next_ts 99:99:99.999999999 size 0
0:01:05.835651376 18238 0x60400000c890 DEBUG bin gstbin.c:2303:update_degree: change element videoscale17, degree 1->0, linked to videoconvert20
0:01:05.835800134 18238 0x607000932940 DEBUG basesrc gstbasesrc.c:2460:gst_base_src_get_range: calling create offset 18446744073709551615 length 0, time 0
0:01:05.835848726 18238 0x607000932940 DEBUG audiobasesrc gstaudiobasesrc.c:736:gst_audio_base_src_get_offset: at segment 4468 and sample 1429760
0:01:05.835838917 18238 0x60400000c890 DEBUG bin gstbin.c:2186:add_to_queue: adding 'videoscale17' to queue
0:01:05.835878406 18238 0x60700166d3d0 LOG nicesrc gstnicesrc.c:299:gst_nice_src_create: Got buffer, pushing
0:01:05.835870600 18238 0x607000932940 DEBUG audiobasesrc gstaudiobasesrc.c:759:gst_audio_base_src_get_offset: reading from 4468, we are at 4468, sample 1429760
0:01:05.835902938 18238 0x607000932940 DEBUG audiobasesrc gstaudiobasesrc.c:815:gst_audio_base_src_create: reading from sample 1429760 length 640
0:01:05.835907425 18238 0x60700166d3d0 DEBUG GST_CLOCK gstclock.c:1045:gst_clock_get_internal_time: internal time 132:06:01.481172211
0:01:05.835924334 18238 0x607000932940 DEBUG GST_MEMORY gstmemory.c:138:gst_memory_init: new memory 0x6180000a3880, maxsize:647 offset:0 size:640
0:01:05.835931786 18238 0x60700166d3d0 DEBUG GST_CLOCK gstclock.c:1090:gst_clock_get_time: adjusted time 132:06:01.481172211
0:01:05.835947774 18238 0x607000932940 LOG GST_BUFFER gstbuffer.c:798:gst_buffer_new: new 0x6120039f73c0
0:01:05.835955661 18238 0x60700166d3d0 LOG basesrc gstbasesrc.c:2267:gst_base_src_do_sync: created DTS
0:00:44.676193763
0:01:05.835933656 18238 0x60400000c890 INFO GST_STATES gstbin.c:2521:gst_bin_element_set_state: current PLAYING pending VOID_PENDING, desired next PAUSED
0:01:05.835963251 18238 0x607000932940 LOG GST_BUFFER gstbuffer.c:413:_memory_add: buffer 0x6120039f73c0, idx -1, mem 0x6180000a3880
0:01:05.835978970 18238 0x60700166d3d0 LOG basesrc gstbasesrc.c:2277:gst_base_src_do_sync: created PTS
0:00:44.676193763
0:01:05.835989311 18238 0x607000932940 LOG GST_BUFFER gstbuffer.c:854:gst_buffer_new_allocate: new buffer 0x6120039f73c0 of size 640 from allocator (nil)
0:01:05.835998472 18238 0x60700166d3d0 DEBUG basesrc gstbasesrc.c:2315:gst_base_src_do_sync: no sync needed
0:01:05.836024404 18238 0x60700166d3d0 DEBUG basesrc gstbasesrc.c:2524:gst_base_src_get_range: buffer ok
0:01:05.836013480 18238 0x607000932940 LOG GST_BUFFER gstbuffer.c:1720:gst_buffer_map_range: buffer 0x6120039f73c0, idx 0, length -1, flags 0002
0:01:05.836019868 18238 0x60400000c890 DEBUG bin gstbin.c:912:find_message: no message found matching types 00100000
0:01:05.836036973 18238 0x607000932940 LOG GST_BUFFER gstbuffer.c:212:_get_merged_memory: buffer 0x6120039f73c0, idx 0, length 1
0:01:05.836043537 18238 0x60400000c890 DEBUG bin gstbin.c:919:find_message: async-start
0:01:05.836063293 18238 0x607000932940 DEBUG ringbuffer gstaudioringbuffer.c:1740:gst_audio_ring_buffer_read: pointer at 4468, sample 1429760, read from 4468-0, to_read 320, diff 0, segtotal 2, segsize 640
0:01:05.836068377 18238 0x60400000c890 DEBUG bin gstbin.c:2616:gst_bin_element_set_state: setting element videoconvert20 to PAUSED, base_time 132:05:16.804978448
0:01:05.836101407 18238 0x607000932940 DEBUG ringbuffer gstaudioringbuffer.c:1312:wait_segment: waiting..
0:01:05.836098865 18238 0x60400000c890 DEBUG GST_STATES gstelement.c:2570:gst_element_set_state_func: set_state to PAUSED
0:01:05.836074417 18238 0x60700166d3d0 LOG GST_SCHEDULING gstpad.c:3615:do_probe_callbacks: do probes cookie 3003
0:01:05.836120575 18238 0x60400000c890 DEBUG GST_STATES gstelement.c:2595:gst_element_set_state_func: setting target state to PAUSED
0:01:05.836135285 18238 0x60400000c890 DEBUG GST_STATES gstelement.c:2608:gst_element_set_state_func: current PLAYING, old_pending VOID_PENDING, next VOID_PENDING, old return SUCCESS
0:01:05.836158599 18238 0x60400000c890 DEBUG GST_STATES gstelement.c:2642:gst_element_set_state_func: final: setting state from PLAYING to PAUSED
0:01:05.836158913 18238 0x60700166d3d0 LOG GST_SCHEDULING gstpad.c:3511:probe_hook_marshal: hook 1, cookie 3003 with flags 0x00003010 does not match 00001012
0:01:05.836184344 18238 0x60700166d3d0 DEBUG GST_PADS gstpad.c:3696:do_probe_callbacks: data is passed
0:01:05.836179125 18238 0x60400000c890 LOG GST_STATES gstelement.c:2897:gst_element_change_state_func: default handler tries setting state from PLAYING to PAUSED (0023)
0:01:05.836198186 18238 0x60700166d3d0 LOG GST_SCHEDULING gstpad.c:3615:do_probe_callbacks: do probes cookie 3004
0:01:05.836203978 18238 0x60400000c890 DEBUG GST_STATES gstelement.c:2731:gst_element_change_state: element changed state SUCCESS
0:01:05.836215670 18238 0x60400000c890 INFO GST_STATES gstelement.c:2419:gst_element_continue_state: completed state change to PAUSED
0:01:05.836230315 18238 0x60400000c890 INFO GST_STATES gstelement.c:2324:_priv_gst_element_state_changed: notifying about state-changed PLAYING to PAUSED (VOID_PENDING pending)
0:01:05.836255184 18238 0x60400000c890 LOG GST_MESSAGE gstmessage.c:300:gst_message_new_custom: source videoconvert20: creating new message 0x60c0005e2e80 state-changed
0:01:05.836212898 18238 0x60700166d3d0 LOG GST_SCHEDULING gstpad.c:3454:probe_hook_marshal: hook 1, cookie 3004 with flags 0x00003010 matches
0:01:05.836282156 18238 0x60400000c890 DEBUG GST_BUS gstbus.c:317:gst_bus_post: [msg 0x60c0005e2e80] posting on bus state-changed message: 0x60c0005e2e80, time 99:99:99.999999999, seq-num 6126, element 'videoconvert20', GstMessageStateChanged, old-state=(GstState)GST_STATE_PLAYING, new-state=(GstState)GST_STATE_PAUSED, pending-state=(GstState)GST_STATE_VOID_PENDING;
0:01:05.836332716 18238 0x60400119aa10 LOG pulse pulsesink.c:757:gst_pulsering_stream_latency_cb: latency_update, 1491427371715444000, 0:3912256, 0:3848356, 988, 0
0:01:05.836351478 18238 0x60400000c890 DEBUG bin gstbin.c:3734:gst_bin_handle_message_func: [msg 0x60c0005e2e80] handling child videoconvert20 message of type state-changed
0:01:05.836377132 18238 0x60400000c890 DEBUG bin gstbin.c:4071:gst_bin_handle_message_func: posting message upward
0:01:05.836391678 18238 0x60400000c890 DEBUG GST_BUS gstbus.c:317:gst_bus_post: [msg 0x60c0005e2e80] posting on bus state-changed message: 0x60c0005e2e80, time 99:99:99.999999999, seq-num 6126, element 'videoconvert20', GstMessageStateChanged, old-state=(GstState)GST_STATE_PLAYING, new-state=(GstState)GST_STATE_PAUSED, pending-state=(GstState)GST_STATE_VOID_PENDING;
0:01:05.836441043 18238 0x60400000c890 DEBUG bin gstbin.c:3734:gst_bin_handle_message_func: [msg 0x60c0005e2e80] handling child videoconvert20 message of type state-changed
0:01:05.836391511 18238 0x60700166d3d0 LOG GST_BUFFER gstbuffer.c:1720:gst_buffer_map_range: buffer 0x6120044e8ac0, idx 0, length 1, flags 0001
0:01:05.836464864 18238 0x60400000c890 DEBUG bin gstbin.c:4071:gst_bin_handle_message_func: posting message upward
0:01:05.836478639 18238 0x60400000c890 DEBUG GST_BUS gstbus.c:317:gst_bus_post: [msg 0x60c0005e2e80] posting on bus state-changed message: 0x60c0005e2e80, time 99:99:99.999999999, seq-num 6126, element 'videoconvert20', GstMessageStateChanged, old-state=(GstState)GST_STATE_PLAYING, new-state=(GstState)GST_STATE_PAUSED, pending-state=(GstState)GST_STATE_VOID_PENDING;
0:01:05.836468837 18238 0x60700166d3d0 LOG GST_BUFFER gstbuffer.c:212:_get_merged_memory: buffer 0x6120044e8ac0, idx 0, length 1
0:01:05.836527495 18238 0x60400000c890 DEBUG bin gstbin.c:3734:gst_bin_handle_message_func: [msg 0x60c0005e2e80] handling child videoconvert20 message of type state-changed
0:01:05.836551401 18238 0x60400000c890 DEBUG bin gstbin.c:4071:gst_bin_handle_message_func: posting message upward
0:01:05.836567785 18238 0x60400000c890 DEBUG GST_BUS gstbus.c:317:gst_bus_post: [msg 0x60c0005e2e80] posting on bus state-changed message: 0x60c0005e2e80, time 99:99:99.999999999, seq-num 6126, element 'videoconvert20', GstMessageStateChanged, old-state=(GstState)GST_STATE_PLAYING, new-state=(GstState)GST_STATE_PAUSED, pending-state=(GstState)GST_STATE_VOID_PENDING;
0:01:05.836615056 18238 0x60400000c890 DEBUG GST_BUS gstbus.c:356:gst_bus_post: [msg 0x60c0005e2e80] pushing on async queue
0:01:05.836597146 18238 0x60700166d3d0 DEBUG GST_PADS gstpad.c:3499:probe_hook_marshal: probe returned OK
0:01:05.836638142 18238 0x60400000c890 DEBUG GST_BUS gstbus.c:359:gst_bus_post: [msg 0x60c0005e2e80] pushed on async queue
0:01:05.836658315 18238 0x60400000c890 DEBUG GST_BUS gstbus.c:352:gst_bus_post: [msg 0x60c0005e2e80] dropped
0:01:05.836649519 18238 0x60700166d3d0 DEBUG GST_SCHEDULING gstpad.c:4200:gst_pad_chain_data_unchecked: calling chainfunction &gst_funnel_sink_chain with buffer buffer: 0x6120044e8ac0, pts 0:00:44.676193763, dts 0:00:44.676193763, dur 99:99:99.999999999, size 172, offset none, offset_end none, flags 0x0
0:01:05.836670558 18238 0x60400000c890 DEBUG GST_BUS gstbus.c:352:gst_bus_post: [msg 0x60c0005e2e80] dropped
0:01:05.836689083 18238 0x60400000c890 DEBUG GST_BUS gstbus.c:352:gst_bus_post: [msg 0x60c0005e2e80] dropped
0:01:05.836684201 18238 0x60700166d3d0 DEBUG funnel gstfunnel.c:322:gst_funnel_sink_chain_object: received buffer: 0x6120044e8ac0, pts 0:00:44.676193763, dts 0:00:44.676193763, dur 99:99:99.999999999, size 172, offset none, offset_end none, flags 0x0
0:01:05.836702815 18238 0x60400000c890 LOG GST_STATES gstelement.c:2747:gst_element_change_state: exit state change 1
0:01:05.836717467 18238 0x60400000c890 DEBUG GST_STATES gstelement.c:2654:gst_element_set_state_func: returned SUCCESS
0:01:05.836712800 18238 0x60700166d3d0 DEBUG GST_SCHEDULING gstpad.c:4200:gst_pad_chain_data_unchecked: calling chainfunction &gst_proxy_pad_chain_default with buffer buffer: 0x6120044e8ac0, pts 0:00:44.676193763, dts 0:00:44.676193763, dur 99:99:99.999999999, size 172, offset none, offset_end none, flags 0x0
0:01:05.836756466 18238 0x60400000c890 INFO GST_STATES gstbin.c:2969:gst_bin_change_state_func: child 'videoconvert20' changed state to 3(PAUSED) successfully
0:01:05.836803491 18238 0x60400000c890 DEBUG bin gstbin.c:2387:gst_bin_sort_iterator_next: queue head gives videoscale17
0:01:05.836815445 18238 0x60400000c890 DEBUG bin gstbin.c:912:find_message: no message found matching types 00001000
0:01:05.836798349 18238 0x60700166d3d0 DEBUG GST_SCHEDULING gstpad.c:4200:gst_pad_chain_data_unchecked: calling chainfunction &gst_funnel_sink_chain with buffer buffer: 0x6120044e8ac0, pts 0:00:44.676193763, dts 0:00:44.676193763, dur 99:99:99.999999999, size 172, offset none, offset_end none, flags 0x0
0:01:05.836832673 18238 0x60400000c890 DEBUG bin gstbin.c:919:find_message: structure-change
0:01:05.836840311 18238 0x60700166d3d0 DEBUG funnel gstfunnel.c:322:gst_funnel_sink_chain_object: received buffer: 0x6120044e8ac0, pts 0:00:44.676193763, dts 0:00:44.676193763, dur 99:99:99.999999999, size 172, offset none, offset_end none, flags 0x0
0:01:05.836851625 18238 0x60400000c890 DEBUG bin gstbin.c:2326:update_degree: element videoscale17 not linked on any sinkpads
0:01:05.836877084 18238 0x60400000c890 INFO GST_STATES gstbin.c:2521:gst_bin_element_set_state: current PLAYING pending VOID_PENDING, desired next PAUSED
0:01:05.836871426 18238 0x60700166d3d0 DEBUG GST_SCHEDULING gstpad.c:4200:gst_pad_chain_data_unchecked: calling chainfunction &gst_proxy_pad_chain_default with buffer buffer: 0x6120044e8ac0, pts 0:00:44.676193763, dts 0:00:44.676193763, dur 99:99:99.999999999, size 172, offset none, offset_end none, flags 0x0
0:01:05.836898232 18238 0x60400000c890 DEBUG bin gstbin.c:912:find_message: no message found matching types 00100000
0:01:05.836907568 18238 0x60400000c890 DEBUG bin gstbin.c:919:find_message: async-start
0:01:05.836910426 18238 0x60700166d3d0 DEBUG GST_SCHEDULING gstpad.c:4200:gst_pad_chain_data_unchecked: calling chainfunction &gst_srtp_dec_chain_rtp with buffer buffer: 0x6120044e8ac0, pts 0:00:44.676193763, dts 0:00:44.676193763, dur 99:99:99.999999999, size 172, offset none, offset_end none, flags 0x0
0:01:05.836919257 18238 0x60400000c890 DEBUG bin gstbin.c:2616:gst_bin_element_set_state: setting element videoscale17 to PAUSED, base_time 132:05:16.804978448
0:01:05.836945674 18238 0x60400000c890 DEBUG GST_STATES gstelement.c:2570:gst_element_set_state_func: set_state to PAUSED
0:01:05.836940149 18238 0x60700166d3d0 LOG GST_BUFFER gstbuffer.c:1720:gst_buffer_map_range: buffer 0x6120044e8ac0, idx 0, length 1, flags 10001
0:01:05.836956102 18238 0x60400000c890 DEBUG GST_STATES gstelement.c:2595:gst_element_set_state_func: setting target state to PAUSED
0:01:05.836959719 18238 0x60700166d3d0 LOG GST_BUFFER gstbuffer.c:212:_get_merged_memory: buffer 0x6120044e8ac0, idx 0, length 1
0:01:05.836965343 18238 0x60400000c890 DEBUG GST_STATES gstelement.c:2608:gst_element_set_state_func: current PLAYING, old_pending VOID_PENDING, next VOID_PENDING, old return SUCCESS
0:01:05.836989260 18238 0x60400000c890 DEBUG GST_STATES gstelement.c:2642:gst_element_set_state_func: final: setting state from PLAYING to PAUSED
0:01:05.836989253 18238 0x60700166d3d0 DEBUG GST_SCHEDULING gstpad.c:4200:gst_pad_chain_data_unchecked: calling chainfunction &0x7f95fddf0e30 with buffer buffer: 0x6120044e8ac0, pts 0:00:44.676193763, dts 0:00:44.676193763, dur 99:99:99.999999999, size 172, offset none, offset_end none, flags 0x0
0:01:05.837007360 18238 0x60400000c890 LOG GST_STATES gstelement.c:2897:gst_element_change_state_func: default handler tries setting state from PLAYING to PAUSED (0023)
0:01:05.837018277 18238 0x60700166d3d0 LOG rtpsession gstrtpsession.c:1917:gst_rtp_session_chain_recv_rtp: received RTP packet
0:01:05.837021346 18238 0x60400000c890 DEBUG GST_STATES gstelement.c:2731:gst_element_change_state: element changed state SUCCESS
0:01:05.837040243 18238 0x60400000c890 INFO GST_STATES gstelement.c:2419:gst_element_continue_state: completed state change to PAUSED
0:01:05.837035194 18238 0x60700166d3d0 DEBUG GST_CLOCK gstclock.c:1045:gst_clock_get_internal_time: internal time 132:06:01.482300985
0:01:05.837061929 18238 0x60700166d3d0 DEBUG GST_CLOCK gstclock.c:1090:gst_clock_get_time: adjusted time 132:06:01.482300985
0:01:05.837063100 18238 0x60400000c890 INFO GST_STATES gstelement.c:2324:_priv_gst_element_state_changed: notifying about state-changed PLAYING to PAUSED (VOID_PENDING pending)
0:01:05.837092354 18238 0x60400000c890 LOG GST_MESSAGE gstmessage.c:300:gst_message_new_custom: source videoscale17: creating new message 0x60c0005992c0 state-changed
0:01:05.837090856 18238 0x60700166d3d0 LOG GST_BUFFER gstbuffer.c:1720:gst_buffer_map_range: buffer 0x6120044e8ac0, idx 0, length 1, flags 0001
0:01:05.837114743 18238 0x60700166d3d0 LOG GST_BUFFER gstbuffer.c:212:_get_merged_memory: buffer 0x6120044e8ac0, idx 0, length 1
0:01:05.837111711 18238 0x60400000c890 DEBUG GST_BUS gstbus.c:317:gst_bus_post: [msg 0x60c0005992c0] posting on bus state-changed message: 0x60c0005992c0, time 99:99:99.999999999, seq-num 6127, element 'videoscale17', GstMessageStateChanged, old-state=(GstState)GST_STATE_PLAYING, new-state=(GstState)GST_STATE_PAUSED, pending-state=(GstState)GST_STATE_VOID_PENDING;
0:01:05.837138784 18238 0x60700166d3d0 INFO rtpsource rtpsource.c:1147:update_receiver_stats: duplicate or reordered packet (seqnr 51803, expected 51843)
0:01:05.837150903 18238 0x60400000c890 DEBUG bin gstbin.c:3734:gst_bin_handle_message_func: [msg 0x60c0005992c0] handling child videoscale17 message of type state-changed
0:01:05.837156315 18238 0x60700166d3d0 LOG rtpsource rtpsource.c:1158:update_receiver_stats: seq 51803, PC: 951, OC: 152160
0:01:05.837175519 18238 0x60400000c890 DEBUG bin gstbin.c:4071:gst_bin_handle_message_func: posting message upward
0:01:05.837179149 18238 0x60700166d3d0 LOG rtpsource rtpsource.c:938:calculate_jitter: SSRC ad993c43 got payload 96
0:01:05.837185845 18238 0x60400000c890 DEBUG GST_BUS gstbus.c:317:gst_bus_post: [msg 0x60c0005992c0] posting on bus state-changed message: 0x60c0005992c0, time 99:99:99.999999999, seq-num 6127, element 'videoscale17', GstMessageStateChanged, old-state=(GstState)GST_STATE_PLAYING, new-state=(GstState)GST_STATE_PAUSED, pending-state=(GstState)GST_STATE_VOID_PENDING;
0:01:05.837195626 18238 0x60700166d3d0 LOG rtpsource rtpsource.c:971:calculate_jitter: rtparrival 2144457, rtptime 4090953105, clock-rate 48000, diff 36811, jitter: 19043.687500
0:01:05.837225029 18238 0x60700166d3d0 LOG rtpsource rtpsource.c:879:push_packet: pushing new packet
