0:01:05.856005491 18238 0x60400000c890 INFO GST_STATES gstelement.c:2419:gst_element_continue_state: completed state change to READY
0:01:05.856014055 18238 0x60400000c890 INFO GST_STATES gstelement.c:2324:_priv_gst_element_state_changed: notifying about state-changed PAUSED to READY (VOID_PENDING pending)
0:01:05.856028744 18238 0x60400000c890 LOG GST_MESSAGE gstmessage.c:300:gst_message_new_custom: source videoconvert20: creating new message 0x60c000392d40 state-changed
0:01:05.856040888 18238 0x60400000c890 DEBUG GST_BUS gstbus.c:317:gst_bus_post: [msg 0x60c000392d40] posting on bus state-changed message: 0x60c000392d40, time 99:99:99.999999999, seq-num 6132, element 'videoconvert20', GstMessageStateChanged, old-state=(GstState)GST_STATE_PAUSED, new-state=(GstState)GST_STATE_READY, pending-state=(GstState)GST_STATE_VOID_PENDING;
0:01:05.856066854 18238 0x60400000c890 DEBUG bin gstbin.c:3734:gst_bin_handle_message_func: [msg 0x60c000392d40] handling child videoconvert20 message of type state-changed
0:01:05.856079104 18238 0x60400000c890 DEBUG bin gstbin.c:4071:gst_bin_handle_message_func: posting message upward
0:01:05.856086645 18238 0x60400000c890 DEBUG GST_BUS gstbus.c:317:gst_bus_post: [msg 0x60c000392d40] posting on bus state-changed message: 0x60c000392d40, time 99:99:99.999999999, seq-num 6132, element 'videoconvert20', GstMessageStateChanged, old-state=(GstState)GST_STATE_PAUSED, new-state=(GstState)GST_STATE_READY, pending-state=(GstState)GST_STATE_VOID_PENDING;
0:01:05.856111472 18238 0x60400000c890 DEBUG bin gstbin.c:3734:gst_bin_handle_message_func: [msg 0x60c000392d40] handling child videoconvert20 message of type state-changed
0:01:05.856124081 18238 0x60400000c890 DEBUG bin gstbin.c:4071:gst_bin_handle_message_func: posting message upward
0:01:05.856131747 18238 0x60400000c890 DEBUG GST_BUS gstbus.c:317:gst_bus_post: [msg 0x60c000392d40] posting on bus state-changed message: 0x60c000392d40, time 99:99:99.999999999, seq-num 6132, element 'videoconvert20', GstMessageStateChanged, old-state=(GstState)GST_STATE_PAUSED, new-state=(GstState)GST_STATE_READY, pending-state=(GstState)GST_STATE_VOID_PENDING;
0:01:05.856156688 18238 0x60400000c890 DEBUG bin gstbin.c:3734:gst_bin_handle_message_func: [msg 0x60c000392d40] handling child videoconvert20 message of type state-changed
0:01:05.856169426 18238 0x60400000c890 DEBUG bin gstbin.c:4071:gst_bin_handle_message_func: posting message upward
0:01:05.856177189 18238 0x60400000c890 DEBUG GST_BUS gstbus.c:317:gst_bus_post: [msg 0x60c000392d40] posting on bus state-changed message: 0x60c000392d40, time 99:99:99.999999999, seq-num 6132, element 'videoconvert20', GstMessageStateChanged, old-state=(GstState)GST_STATE_PAUSED, new-state=(GstState)GST_STATE_READY, pending-state=(GstState)GST_STATE_VOID_PENDING;
0:01:05.856202276 18238 0x60400000c890 DEBUG GST_BUS gstbus.c:356:gst_bus_post: [msg 0x60c000392d40] pushing on async queue
0:01:05.856213319 18238 0x60400000c890 DEBUG GST_BUS gstbus.c:359:gst_bus_post: [msg 0x60c000392d40] pushed on async queue
0:01:05.856223888 18238 0x60400000c890 DEBUG GST_BUS gstbus.c:352:gst_bus_post: [msg 0x60c000392d40] dropped
0:01:05.856233371 18238 0x60400000c890 DEBUG GST_BUS gstbus.c:352:gst_bus_post: [msg 0x60c000392d40] dropped
0:01:05.856242567 18238 0x60400000c890 DEBUG GST_BUS gstbus.c:352:gst_bus_post: [msg 0x60c000392d40] dropped
0:01:05.856251976 18238 0x60400000c890 LOG GST_STATES gstelement.c:2747:gst_element_change_state: exit state change 1
0:01:05.856260954 18238 0x60400000c890 DEBUG GST_STATES gstelement.c:2654:gst_element_set_state_func: returned SUCCESS
0:01:05.856269734 18238 0x60400000c890 INFO GST_STATES gstbin.c:2969:gst_bin_change_state_func: child 'videoconvert20' changed state to 2(READY) successfully
0:01:05.856283763 18238 0x60400000c890 DEBUG bin gstbin.c:2387:gst_bin_sort_iterator_next: queue head gives videoscale17
0:01:05.856292850 18238 0x60400000c890 DEBUG bin gstbin.c:912:find_message: no message found matching types 00001000
0:01:05.856301760 18238 0x60400000c890 DEBUG bin gstbin.c:919:find_message: structure-change
0:01:05.856311597 18238 0x60400000c890 DEBUG bin gstbin.c:2326:update_degree: element videoscale17 not linked on any sinkpads
0:01:05.856324547 18238 0x60400000c890 INFO GST_STATES gstbin.c:2521:gst_bin_element_set_state: current PAUSED pending VOID_PENDING, desired next READY
0:01:05.856335581 18238 0x60400000c890 DEBUG bin gstbin.c:912:find_message: no message found matching types 00100000
0:01:05.856344766 18238 0x60400000c890 DEBUG bin gstbin.c:919:find_message: async-start
0:01:05.856355232 18238 0x60400000c890 DEBUG bin gstbin.c:2616:gst_bin_element_set_state: setting element videoscale17 to READY, base_time 132:05:16.804978448
0:01:05.856369132 18238 0x60400000c890 DEBUG GST_STATES gstelement.c:2570:gst_element_set_state_func: set_state to READY
0:01:05.856377947 18238 0x60400000c890 DEBUG GST_STATES gstelement.c:2595:gst_element_set_state_func: setting target state to READY
0:01:05.856386090 18238 0x60400000c890 DEBUG GST_STATES gstelement.c:2608:gst_element_set_state_func: current PAUSED, old_pending VOID_PENDING, next VOID_PENDING, old return SUCCESS
0:01:05.856397920 18238 0x60400000c890 DEBUG GST_STATES gstelement.c:2642:gst_element_set_state_func: final: setting state from PAUSED to READY
0:01:05.856409040 18238 0x60400000c890 LOG GST_STATES gstelement.c:2897:gst_element_change_state_func: default handler tries setting state from PAUSED to READY (001a)
0:01:05.856420388 18238 0x60400000c890 DEBUG GST_ELEMENT_PADS gstelement.c:2840:gst_element_pads_activate: deactivate pads
0:01:05.856431902 18238 0x60400000c890 DEBUG GST_PADS gstpad.c:1078:gst_pad_set_active: deactivating pad from push mode
0:01:05.856441399 18238 0x60400000c890 DEBUG GST_PADS gstpad.c:967:pre_activate: setting PAD_MODE NONE, set flushing
0:01:05.856449293 18238 0x60400000c890 DEBUG GST_PADS gstpad.c:1015:post_activate: stopped streaming
0:01:05.856455938 18238 0x60400000c890 LOG GST_EVENT gstevent.c:222:_gst_event_free: freeing event 0x60b0001d25b0 type caps
0:01:05.856468993 18238 0x60400000c890 DEBUG GST_PADS gstpad.c:453:remove_events: notify caps
0:01:05.856477815 18238 0x60400000c890 LOG GST_PROPERTIES gstobject.c:456:gst_object_dispatch_properties_changed: deep notification from src (caps)
0:01:05.856489633 18238 0x60400000c890 LOG GST_PROPERTIES gstobject.c:456:gst_object_dispatch_properties_changed: deep notification from src (caps)
0:01:05.856499834 18238 0x60400000c890 LOG GST_PROPERTIES gstobject.c:456:gst_object_dispatch_properties_changed: deep notification from src (caps)
0:01:05.856509565 18238 0x60400000c890 LOG GST_PROPERTIES gstobject.c:456:gst_object_dispatch_properties_changed: deep notification from src (caps)
0:01:05.856519473 18238 0x60400000c890 DEBUG GST_PADS gstpad.c:1188:activate_mode_internal: deactivated in push mode
0:01:05.856532295 18238 0x60400000c890 DEBUG GST_PADS gstpad.c:1078:gst_pad_set_active: deactivating pad from push mode
0:01:05.856540662 18238 0x60400000c890 DEBUG GST_PADS gstpad.c:967:pre_activate: setting PAD_MODE NONE, set flushing
0:01:05.856552141 18238 0x60400000c890 DEBUG GST_PADS gstpad.c:1015:post_activate: stopped streaming
0:01:05.856565670 18238 0x60400000c890 DEBUG GST_PADS gstpad.c:453:remove_events: notify caps
0:01:05.856580304 18238 0x60400000c890 LOG GST_PROPERTIES gstobject.c:456:gst_object_dispatch_properties_changed: deep notification from sink (caps)
0:01:05.856598849 18238 0x60400000c890 LOG GST_PROPERTIES gstobject.c:456:gst_object_dispatch_properties_changed: deep notification from sink (caps)
0:01:05.856608777 18238 0x60400000c890 LOG GST_PROPERTIES gstobject.c:456:gst_object_dispatch_properties_changed: deep notification from sink (caps)
0:01:05.856618656 18238 0x60400000c890 LOG GST_PROPERTIES gstobject.c:456:gst_object_dispatch_properties_changed: deep notification from sink (caps)
0:01:05.856628760 18238 0x60400000c890 DEBUG GST_PADS gstpad.c:1188:activate_mode_internal: deactivated in push mode
0:01:05.856640242 18238 0x60400000c890 DEBUG GST_ELEMENT_PADS gstelement.c:2859:gst_element_pads_activate: pad deactivation successful
0:01:05.856649595 18238 0x60400000c890 DEBUG GST_STATES gstelement.c:2731:gst_element_change_state: element changed state SUCCESS
0:01:05.856656370 18238 0x60400000c890 INFO GST_STATES gstelement.c:2419:gst_element_continue_state: completed state change to READY
0:01:05.856664468 18238 0x60400000c890 INFO GST_STATES gstelement.c:2324:_priv_gst_element_state_changed: notifying about state-changed PAUSED to READY (VOID_PENDING pending)
0:01:05.856679073 18238 0x60400000c890 LOG GST_MESSAGE gstmessage.c:300:gst_message_new_custom: source videoscale17: creating new message 0x60c000392800 state-changed
0:01:05.856691078 18238 0x60400000c890 DEBUG GST_BUS gstbus.c:317:gst_bus_post: [msg 0x60c000392800] posting on bus state-changed message: 0x60c000392800, time 99:99:99.999999999, seq-num 6133, element 'videoscale17', GstMessageStateChanged, old-state=(GstState)GST_STATE_PAUSED, new-state=(GstState)GST_STATE_READY, pending-state=(GstState)GST_STATE_VOID_PENDING;
0:01:05.856716098 18238 0x60400000c890 DEBUG bin gstbin.c:3734:gst_bin_handle_message_func: [msg 0x60c000392800] handling child videoscale17 message of type state-changed
0:01:05.856727808 18238 0x60400000c890 DEBUG bin gstbin.c:4071:gst_bin_handle_message_func: posting message upward
0:01:05.856741367 18238 0x60400000c890 DEBUG GST_BUS gstbus.c:317:gst_bus_post: [msg 0x60c000392800] posting on bus state-changed message: 0x60c000392800, time 99:99:99.999999999, seq-num 6133, element 'videoscale17', GstMessageStateChanged, old-state=(GstState)GST_STATE_PAUSED, new-state=(GstState)GST_STATE_READY, pending-state=(GstState)GST_STATE_VOID_PENDING;
0:01:05.856766507 18238 0x60400000c890 DEBUG bin gstbin.c:3734:gst_bin_handle_message_func: [msg 0x60c000392800] handling child videoscale17 message of type state-changed
0:01:05.856779001 18238 0x60400000c890 DEBUG bin gstbin.c:4071:gst_bin_handle_message_func: posting message upward
0:01:05.856786552 18238 0x60400000c890 DEBUG GST_BUS gstbus.c:317:gst_bus_post: [msg 0x60c000392800] posting on bus state-changed message: 0x60c000392800, time 99:99:99.999999999, seq-num 6133, element 'videoscale17', GstMessageStateChanged, old-state=(GstState)GST_STATE_PAUSED, new-state=(GstState)GST_STATE_READY, pending-state=(GstState)GST_STATE_VOID_PENDING;
0:01:05.856810237 18238 0x60400000c890 DEBUG bin gstbin.c:3734:gst_bin_handle_message_func: [msg 0x60c000392800] handling child videoscale17 message of type state-changed
0:01:05.856822550 18238 0x60400000c890 DEBUG bin gstbin.c:4071:gst_bin_handle_message_func: posting message upward
0:01:05.856830962 18238 0x60400000c890 DEBUG GST_BUS gstbus.c:317:gst_bus_post: [msg 0x60c000392800] posting on bus state-changed message: 0x60c000392800, time 99:99:99.999999999, seq-num 6133, element 'videoscale17', GstMessageStateChanged, old-state=(GstState)GST_STATE_PAUSED, new-state=(GstState)GST_STATE_READY, pending-state=(GstState)GST_STATE_VOID_PENDING;
0:01:05.856854844 18238 0x60400000c890 DEBUG GST_BUS gstbus.c:356:gst_bus_post: [msg 0x60c000392800] pushing on async queue
0:01:05.856866295 18238 0x60400000c890 DEBUG GST_BUS gstbus.c:359:gst_bus_post: [msg 0x60c000392800] pushed on async queue
0:01:05.856877156 18238 0x60400000c890 DEBUG GST_BUS gstbus.c:352:gst_bus_post: [msg 0x60c000392800] dropped
0:01:05.856886790 18238 0x60400000c890 DEBUG GST_BUS gstbus.c:352:gst_bus_post: [msg 0x60c000392800] dropped
0:01:05.856896283 18238 0x60400000c890 DEBUG GST_BUS gstbus.c:352:gst_bus_post: [msg 0x60c000392800] dropped
0:01:05.856905854 18238 0x60400000c890 LOG GST_STATES gstelement.c:2747:gst_element_change_state: exit state change 1
0:01:05.856914243 18238 0x60400000c890 DEBUG GST_STATES gstelement.c:2654:gst_element_set_state_func: returned SUCCESS
0:01:05.856922566 18238 0x60400000c890 INFO GST_STATES gstbin.c:2969:gst_bin_change_state_func: child 'videoscale17' changed state to 2(READY) successfully
0:01:05.856941983 18238 0x60400000c890 DEBUG bin gstbin.c:2376:gst_bin_sort_iterator_next: queue empty, elements exhausted
0:01:05.856952310 18238 0x60400000c890 DEBUG GST_STATES gstbin.c:3028:gst_bin_change_state_func: iterator done
0:01:05.856961346 18238 0x60400000c890 LOG GST_STATES gstelement.c:2897:gst_element_change_state_func: default handler tries setting state from PAUSED to READY (001a)
0:01:05.856978106 18238 0x60400000c890 DEBUG GST_ELEMENT_PADS gstelement.c:2840:gst_element_pads_activate: deactivate pads
0:01:05.856994711 18238 0x60400000c890 DEBUG GST_PADS gstpad.c:1074:gst_pad_set_active: pad was inactive
0:01:05.857007514 18238 0x60400000c890 DEBUG GST_PADS gstpad.c:1078:gst_pad_set_active: deactivating pad from push mode
0:01:05.857021584 18238 0x60400000c890 DEBUG GST_PADS gstpad.c:967:pre_activate: setting PAD_MODE NONE, set flushing
0:01:05.857033814 18238 0x60400000c890 LOG GST_PADS gstghostpad.c:378:gst_ghost_pad_activate_push_default: deactivate push on send_2_98:sink, proxy internal
0:01:05.857051199 18238 0x60400000c890 DEBUG GST_PADS gstpad.c:967:pre_activate: setting PAD_MODE NONE, set flushing
0:01:05.857062674 18238 0x60400000c890 LOG GST_PADS gstghostpad.c:284:gst_ghost_pad_internal_activate_push_default: deactivate push on sink:proxypad264, we're ok
0:01:05.857088878 18238 0x60400000c890 DEBUG GST_PADS gstpad.c:1207:activate_mode_internal: already deactivated in push mode
0:01:05.857105496 18238 0x60400000c890 DEBUG GST_PADS gstpad.c:1015:post_activate: stopped streaming
0:01:05.857116400 18238 0x60400000c890 DEBUG GST_PADS gstpad.c:453:remove_events: notify caps
0:01:05.857127024 18238 0x60400000c890 LOG GST_PROPERTIES gstobject.c:456:gst_object_dispatch_properties_changed: deep notification from proxypad264 (caps)
0:01:05.857143520 18238 0x60400000c890 LOG GST_PROPERTIES gstobject.c:456:gst_object_dispatch_properties_changed: deep notification from proxypad264 (caps)
0:01:05.857154687 18238 0x60400000c890 LOG GST_PROPERTIES gstobject.c:456:gst_object_dispatch_properties_changed: deep notification from proxypad264 (caps)
0:01:05.857164693 18238 0x60400000c890 LOG GST_PROPERTIES gstobject.c:456:gst_object_dispatch_properties_changed: deep notification from proxypad264 (caps)
0:01:05.857175636 18238 0x60400000c890 DEBUG GST_PADS gstpad.c:1188:activate_mode_internal: deactivated in push mode
0:01:05.857192454 18238 0x60400000c890 DEBUG GST_PADS gstpad.c:1015:post_activate: stopped streaming
0:01:05.857204477 18238 0x60400000c890 DEBUG GST_PADS gstpad.c:453:remove_events: notify caps
0:01:05.857214242 18238 0x60400000c890 LOG GST_PROPERTIES gstobject.c:456:gst_object_dispatch_properties_changed: deep notification from sink (caps)
0:01:05.857230171 18238 0x60400000c890 LOG GST_PROPERTIES gstobject.c:456:gst_object_dispatch_properties_changed: deep notification from sink (caps)
0:01:05.857240216 18238 0x60400000c890 LOG GST_PROPERTIES gstobject.c:456:gst_object_dispatch_properties_changed: deep notification from sink (caps)
0:01:05.857251017 18238 0x60400000c890 DEBUG GST_PADS gstpad.c:1188:activate_mode_internal: deactivated in push mode
0:01:05.857268729 18238 0x60400000c890 DEBUG GST_ELEMENT_PADS gstelement.c:2859:gst_element_pads_activate: pad deactivation successful
0:01:05.857283836 18238 0x60400000c890 DEBUG bin gstbin.c:2418:gst_bin_sort_iterator_free: free
0:01:05.857296711 18238 0x60400000c890 DEBUG bin gstbin.c:3063:gst_bin_change_state_func: no async elements
0:01:05.857307475 18238 0x60400000c890 DEBUG GST_STATES gstbin.c:3097:gst_bin_change_state_func: done changing bin's state from PAUSED to READY, now in PAUSED, ret SUCCESS
0:01:05.857323777 18238 0x60400000c890 DEBUG GST_STATES gstelement.c:2731:gst_element_change_state: element changed state SUCCESS
0:01:05.857334807 18238 0x60400000c890 INFO GST_STATES gstelement.c:2394:gst_element_continue_state: committing state from PAUSED to READY, pending NULL, next NULL
0:01:05.857349742 18238 0x60400000c890 INFO GST_STATES gstelement.c:2324:_priv_gst_element_state_changed: notifying about state-changed PAUSED to READY (NULL pending)
0:01:05.857370255 18238 0x60400000c890 LOG GST_MESSAGE gstmessage.c:300:gst_message_new_custom: source send_2_98: creating new message 0x60c0003ff940 state-changed
0:01:05.857387352 18238 0x60400000c890 DEBUG GST_BUS gstbus.c:317:gst_bus_post: [msg 0x60c0003ff940] posting on bus state-changed message: 0x60c0003ff940, time 99:99:99.999999999, seq-num 6134, element 'send_2_98', GstMessageStateChanged, old-state=(GstState)GST_STATE_PAUSED, new-state=(GstState)GST_STATE_READY, pending-state=(GstState)GST_STATE_NULL;
0:01:05.857421968 18238 0x60400000c890 DEBUG bin gstbin.c:3734:gst_bin_handle_message_func: [msg 0x60c0003ff940] handling child send_2_98 message of type state-changed
0:01:05.857439090 18238 0x60400000c890 DEBUG bin gstbin.c:4071:gst_bin_handle_message_func: posting message upward
0:01:05.857451633 18238 0x60400000c890 DEBUG GST_BUS gstbus.c:317:gst_bus_post: [msg 0x60c0003ff940] posting on bus state-changed message: 0x60c0003ff940, time 99:99:99.999999999, seq-num 6134, element 'send_2_98', GstMessageStateChanged, old-state=(GstState)GST_STATE_PAUSED, new-state=(GstState)GST_STATE_READY, pending-state=(GstState)GST_STATE_NULL;
0:01:05.857484474 18238 0x60400000c890 DEBUG bin gstbin.c:3734:gst_bin_handle_message_func: [msg 0x60c0003ff940] handling child send_2_98 message of type state-changed
0:01:05.857499703 18238 0x60400000c890 DEBUG bin gstbin.c:4071:gst_bin_handle_message_func: posting message upward
0:01:05.857518134 18238 0x60400000c890 DEBUG GST_BUS gstbus.c:317:gst_bus_post: [msg 0x60c0003ff940] posting on bus state-changed message: 0x60c0003ff940, time 99:99:99.999999999, seq-num 6134, element 'send_2_98', GstMessageStateChanged, old-state=(GstState)GST_STATE_PAUSED, new-state=(GstState)GST_STATE_READY, pending-state=(GstState)GST_STATE_NULL;
0:01:05.857545229 18238 0x60400000c890 DEBUG GST_BUS gstbus.c:356:gst_bus_post: [msg 0x60c0003ff940] pushing on async queue
0:01:05.857556877 18238 0x60400000c890 DEBUG GST_BUS gstbus.c:359:gst_bus_post: [msg 0x60c0003ff940] pushed on async queue
0:01:05.857568116 18238 0x60400000c890 DEBUG GST_BUS gstbus.c:352:gst_bus_post: [msg 0x60c0003ff940] dropped
0:01:05.857583358 18238 0x60400000c890 DEBUG GST_BUS gstbus.c:352:gst_bus_post: [msg 0x60c0003ff940] dropped
0:01:05.857598008 18238 0x60400000c890 INFO GST_STATES gstelement.c:2401:gst_element_continue_state: continue state change READY to NULL, final NULL
0:01:05.857613099 18238 0x60400000c890 DEBUG GST_STATES gstbin.c:2869:gst_bin_change_state_func: changing state of children from READY to NULL
0:01:05.857637453 18238 0x60400000c890 DEBUG bin gstbin.c:2917:gst_bin_change_state_func: clearing all cached messages
0:01:05.857655098 18238 0x60400000c890 DEBUG bin gstbin.c:2714:gst_bin_src_pads_activate: deactivate pads
0:01:05.857674405 18238 0x60400000c890 DEBUG GST_PADS gstpad.c:1074:gst_pad_set_active: pad was inactive
0:01:05.857687858 18238 0x60400000c890 DEBUG bin gstbin.c:2722:gst_bin_src_pads_activate: pad deactivation successful
0:01:05.857706178 18238 0x60400000c890 DEBUG bin gstbin.c:2400:gst_bin_sort_iterator_resync: resync
0:01:05.857719544 18238 0x60400000c890 DEBUG bin gstbin.c:912:find_message: no message found matching types 00001000
0:01:05.857738350 18238 0x60400000c890 DEBUG bin gstbin.c:919:find_message: structure-change
0:01:05.857756486 18238 0x60400000c890 DEBUG bin gstbin.c:2326:update_degree: element videoscale17 not linked on any sinkpads
0:01:05.857770994 18238 0x60400000c890 DEBUG bin gstbin.c:912:find_message: no message found matching types 00001000
0:01:05.857779693 18238 0x60400000c890 DEBUG bin gstbin.c:919:find_message: structure-change
0:01:05.857789305 18238 0x60400000c890 DEBUG bin gstbin.c:2303:update_degree: change element videoscale17, degree 0->1, linked to videoconvert20
0:01:05.857810263 18238 0x60400000c890 DEBUG bin gstbin.c:912:find_message: no message found matching types 00001000
0:01:05.857818492 18238 0x60400000c890 DEBUG bin gstbin.c:919:find_message: structure-change
0:01:05.857826897 18238 0x60400000c890 DEBUG bin gstbin.c:2303:update_degree: change element videoconvert20, degree 0->1, linked to fsvideoanyrate19
0:01:05.857839361 18238 0x60400000c890 DEBUG bin gstbin.c:912:find_message: no message found matching types 00001000
0:01:05.857847292 18238 0x60400000c890 DEBUG bin gstbin.c:919:find_message: structure-change
0:01:05.857855242 18238 0x60400000c890 DEBUG bin gstbin.c:2303:update_degree: change element fsvideoanyrate19, degree 0->1, linked to x264enc3
0:01:05.857867416 18238 0x60400000c890 DEBUG bin gstbin.c:912:find_message: no message found matching types 00001000
0:01:05.857875261 18238 0x60400000c890 DEBUG bin gstbin.c:919:find_message: structure-change
0:01:05.857883491 18238 0x60400000c890 DEBUG bin gstbin.c:2303:update_degree: change element x264enc3, degree 0->1, linked to rtph264pay3
0:01:05.857896709 18238 0x60400000c890 DEBUG bin gstbin.c:2372:gst_bin_sort_iterator_next: queue empty, next best: rtph264pay3
0:01:05.857911452 18238 0x60400000c890 DEBUG bin gstbin.c:2387:gst_bin_sort_iterator_next: queue head gives rtph264pay3
0:01:05.857923584 18238 0x60400000c890 DEBUG bin gstbin.c:912:find_message: no message found matching types 00001000
0:01:05.857937732 18238 0x60400000c890 DEBUG bin gstbin.c:919:find_message: structure-change
0:01:05.857952634 18238 0x60400000c890 DEBUG bin gstbin.c:2303:update_degree: change element x264enc3, degree 1->0, linked to rtph264pay3
0:01:05.857968846 18238 0x60400000c890 DEBUG bin gstbin.c:2186:add_to_queue: adding 'x264enc3' to queue
0:01:05.857985623 18238 0x60400000c890 INFO GST_STATES gstbin.c:2521:gst_bin_element_set_state: current READY pending VOID_PENDING, desired next NULL
0:01:05.858003396 18238 0x60400000c890 DEBUG bin gstbin.c:912:find_message: no message found matching types 00100000
0:01:05.858014795 18238 0x60400000c890 DEBUG bin gstbin.c:919:find_message: async-start
0:01:05.858028987 18238 0x60400000c890 DEBUG bin gstbin.c:2616:gst_bin_element_set_state: setting element rtph264pay3 to NULL, base_time 132:05:16.804978448
0:01:05.858054280 18238 0x60400000c890 DEBUG GST_STATES gstelement.c:2570:gst_element_set_state_func: set_state to NULL
0:01:05.858067170 18238 0x60400000c890 DEBUG GST_STATES gstelement.c:2595:gst_element_set_state_func: setting target state to NULL
0:01:05.858080779 18238 0x60400000c890 DEBUG GST_STATES gstelement.c:2608:gst_element_set_state_func: current READY, old_pending VOID_PENDING, next VOID_PENDING, old return SUCCESS
0:01:05.858098173 18238 0x60400000c890 DEBUG GST_STATES gstelement.c:2642:gst_element_set_state_func: final: setting state from READY to NULL
0:01:05.858116061 18238 0x60400000c890 LOG GST_STATES gstelement.c:2897:gst_element_change_state_func: default handler tries setting state from READY to NULL (0011)
0:01:05.858127120 18238 0x60400000c890 DEBUG GST_ELEMENT_PADS gstelement.c:2840:gst_element_pads_activate: deactivate pads
0:01:05.858138485 18238 0x60400000c890 DEBUG GST_PADS gstpad.c:1074:gst_pad_set_active: pad was inactive
0:01:05.858148583 18238 0x60400000c890 DEBUG GST_PADS gstpad.c:1074:gst_pad_set_active: pad was inactive
0:01:05.858157138 18238 0x60400000c890 DEBUG GST_ELEMENT_PADS gstelement.c:2859:gst_element_pads_activate: pad deactivation successful
0:01:05.858166989 18238 0x60400000c890 DEBUG GST_STATES gstelement.c:2731:gst_element_change_state: element changed state SUCCESS
0:01:05.858176960 18238 0x60400000c890 INFO GST_STATES gstelement.c:2419:gst_element_continue_state: completed state change to NULL
0:01:05.858190909 18238 0x60400000c890 INFO GST_STATES gstelement.c:2324:_priv_gst_element_state_changed: notifying about state-changed READY to NULL (VOID_PENDING pending)
0:01:05.858211830 18238 0x60400000c890 LOG GST_MESSAGE gstmessage.c:300:gst_message_new_custom: source rtph264pay3: creating new message 0x60c000443d40 state-changed
0:01:05.858230134 18238 0x60400000c890 DEBUG GST_BUS gstbus.c:317:gst_bus_post: [msg 0x60c000443d40] posting on bus state-changed message: 0x60c000443d40, time 99:99:99.999999999, seq-num 6135, element 'rtph264pay3', GstMessageStateChanged, old-state=(GstState)GST_STATE_READY, new-state=(GstState)GST_STATE_NULL, pending-state=(GstState)GST_STATE_VOID_PENDING;
0:01:05.858263832 18238 0x60400000c890 DEBUG bin gstbin.c:3734:gst_bin_handle_message_func: [msg 0x60c000443d40] handling child rtph264pay3 message of type state-changed
0:01:05.858281504 18238 0x60400000c890 DEBUG bin gstbin.c:4071:gst_bin_handle_message_func: posting message upward
0:01:05.858291568 18238 0x60400000c890 DEBUG GST_BUS gstbus.c:317:gst_bus_post: [msg 0x60c000443d40] posting on bus state-changed message: 0x60c000443d40, time 99:99:99.999999999, seq-num 6135, element 'rtph264pay3', GstMessageStateChanged, old-state=(GstState)GST_STATE_READY, new-state=(GstState)GST_STATE_NULL, pending-state=(GstState)GST_STATE_VOID_PENDING;
0:01:05.858318953 18238 0x60400000c890 DEBUG bin gstbin.c:3734:gst_bin_handle_message_func: [msg 0x60c000443d40] handling child rtph264pay3 message of type state-changed
0:01:05.858332731 18238 0x60400000c890 DEBUG bin gstbin.c:4071:gst_bin_handle_message_func: posting message upward
0:01:05.858341614 18238 0x60400000c890 DEBUG GST_BUS gstbus.c:317:gst_bus_post: [msg 0x60c000443d40] posting on bus state-changed message: 0x60c000443d40, time 99:99:99.999999999, seq-num 6135, element 'rtph264pay3', GstMessageStateChanged, old-state=(GstState)GST_STATE_READY, new-state=(GstState)GST_STATE_NULL, pending-state=(GstState)GST_STATE_VOID_PENDING;
0:01:05.858366396 18238 0x60400000c890 DEBUG bin gstbin.c:3734:gst_bin_handle_message_func: [msg 0x60c000443d40] handling child rtph264pay3 message of type state-changed
0:01:05.858378957 18238 0x60400000c890 DEBUG bin gstbin.c:4071:gst_bin_handle_message_func: posting message upward
0:01:05.858386523 18238 0x60400000c890 DEBUG GST_BUS gstbus.c:317:gst_bus_post: [msg 0x60c000443d40] posting on bus state-changed message: 0x60c000443d40, time 99:99:99.999999999, seq-num 6135, element 'rtph264pay3', GstMessageStateChanged, old-state=(GstState)GST_STATE_READY, new-state=(GstState)GST_STATE_NULL, pending-state=(GstState)GST_STATE_VOID_PENDING;
0:01:05.858409319 18238 0x60400000c890 DEBUG GST_BUS gstbus.c:356:gst_bus_post: [msg 0x60c000443d40] pushing on async queue
0:01:05.858419882 18238 0x60400000c890 DEBUG GST_BUS gstbus.c:359:gst_bus_post: [msg 0x60c000443d40] pushed on async queue
0:01:05.858430149 18238 0x60400000c890 DEBUG GST_BUS gstbus.c:352:gst_bus_post: [msg 0x60c000443d40] dropped
0:01:05.858439924 18238 0x60400000c890 DEBUG GST_BUS gstbus.c:352:gst_bus_post: [msg 0x60c000443d40] dropped
0:01:05.858452939 18238 0x60400000c890 DEBUG GST_BUS gstbus.c:352:gst_bus_post: [msg 0x60c000443d40] dropped
0:01:05.858467619 18238 0x60400000c890 LOG GST_STATES gstelement.c:2747:gst_element_change_state: exit state change 1
0:01:05.858481830 18238 0x60400000c890 DEBUG GST_STATES gstelement.c:2654:gst_element_set_state_func: returned SUCCESS
0:01:05.858495391 18238 0x60400000c890 INFO GST_STATES gstbin.c:2969:gst_bin_change_state_func: child 'rtph264pay3' changed state to 1(NULL) successfully
0:01:05.858512520 18238 0x60400000c890 DEBUG bin gstbin.c:2387:gst_bin_sort_iterator_next: queue head gives x264enc3
0:01:05.858522198 18238 0x60400000c890 DEBUG bin gstbin.c:912:find_message: no message found matching types 00001000
0:01:05.858531131 18238 0x60400000c890 DEBUG bin gstbin.c:919:find_message: structure-change
0:01:05.858541125 18238 0x60400000c890 DEBUG bin gstbin.c:2303:update_degree: change element fsvideoanyrate19, degree 1->0, linked to x264enc3
0:01:05.858554788 18238 0x60400000c890 DEBUG bin gstbin.c:2186:add_to_queue: adding 'fsvideoanyrate19' to queue
0:01:05.858565488 18238 0x60400000c890 INFO GST_STATES gstbin.c:2521:gst_bin_element_set_state: current READY pending VOID_PENDING, desired next NULL
0:01:05.858577331 18238 0x60400000c890 DEBUG bin gstbin.c:912:find_message: no message found matching types 00100000
0:01:05.858585894 18238 0x60400000c890 DEBUG bin gstbin.c:919:find_message: async-start
0:01:05.858594718 18238 0x60400000c890 DEBUG bin gstbin.c:2616:gst_bin_element_set_state: setting element x264enc3 to NULL, base_time 132:05:16.804978448
0:01:05.858608054 18238 0x60400000c890 DEBUG GST_STATES gstelement.c:2570:gst_element_set_state_func: set_state to NULL
0:01:05.858617465 18238 0x60400000c890 DEBUG GST_STATES gstelement.c:2595:gst_element_set_state_func: setting target state to NULL
0:01:05.858625652 18238 0x60400000c890 DEBUG GST_STATES gstelement.c:2608:gst_element_set_state_func: current READY, old_pending VOID_PENDING, next VOID_PENDING, old return SUCCESS
0:01:05.858637875 18238 0x60400000c890 DEBUG GST_STATES gstelement.c:2642:gst_element_set_state_func: final: setting state from READY to NULL
0:01:05.858649816 18238 0x60400000c890 LOG GST_STATES gstelement.c:2897:gst_element_change_state_func: default handler tries setting state from READY to NULL (0011)
0:01:05.858660546 18238 0x60400000c890 DEBUG GST_ELEMENT_PADS gstelement.c:2840:gst_element_pads_activate: deactivate pads
0:01:05.858671404 18238 0x60400000c890 DEBUG GST_PADS gstpad.c:1074:gst_pad_set_active: pad was inactive
0:01:05.858681000 18238 0x60400000c890 DEBUG GST_PADS gstpad.c:1074:gst_pad_set_active: pad was inactive
0:01:05.858693404 18238 0x60400000c890 DEBUG GST_ELEMENT_PADS gstelement.c:2859:gst_element_pads_activate: pad deactivation successful
0:01:05.858708838 18238 0x60400000c890 DEBUG GST_STATES gstelement.c:2731:gst_element_change_state: element changed state SUCCESS
0:01:05.858719523 18238 0x60400000c890 INFO GST_STATES gstelement.c:2419:gst_element_continue_state: completed state change to NULL
0:01:05.858737612 18238 0x60400000c890 INFO GST_STATES gstelement.c:2324:_priv_gst_element_state_changed: notifying about state-changed READY to NULL (VOID_PENDING pending)
0:01:05.858764446 18238 0x60400000c890 LOG GST_MESSAGE gstmessage.c:300:gst_message_new_custom: source x264enc3: creating new message 0x60c0004420c0 state-changed
0:01:05.858785721 18238 0x60400000c890 DEBUG GST_BUS gstbus.c:317:gst_bus_post: [msg 0x60c0004420c0] posting on bus state-changed message: 0x60c0004420c0, time 99:99:99.999999999, seq-num 6136, element 'x264enc3', GstMessageStateChanged, old-state=(GstState)GST_STATE_READY, new-state=(GstState)GST_STATE_NULL, pending-state=(GstState)GST_STATE_VOID_PENDING;
0:01:05.858826001 18238 0x60400000c890 DEBUG bin gstbin.c:3734:gst_bin_handle_message_func: [msg 0x60c0004420c0] handling child x264enc3 message of type state-changed
0:01:05.858845446 18238 0x60400000c890 DEBUG bin gstbin.c:4071:gst_bin_handle_message_func: posting message upward
0:01:05.858857944 18238 0x60400000c890 DEBUG GST_BUS gstbus.c:317:gst_bus_post: [msg 0x60c0004420c0] posting on bus state-changed message: 0x60c0004420c0, time 99:99:99.999999999, seq-num 6136, element 'x264enc3', GstMessageStateChanged, old-state=(GstState)GST_STATE_READY, new-state=(GstState)GST_STATE_NULL, pending-state=(GstState)GST_STATE_VOID_PENDING;
0:01:05.858898435 18238 0x60400000c890 DEBUG bin gstbin.c:3734:gst_bin_handle_message_func: [msg 0x60c0004420c0] handling child x264enc3 message of type state-changed
0:01:05.858918301 18238 0x60400000c890 DEBUG bin gstbin.c:4071:gst_bin_handle_message_func: posting message upward
0:01:05.858930256 18238 0x60400000c890 DEBUG GST_BUS gstbus.c:317:gst_bus_post: [msg 0x60c0004420c0] posting on bus state-changed message: 0x60c0004420c0, time 99:99:99.999999999, seq-num 6136, element 'x264enc3', GstMessageStateChanged, old-state=(GstState)GST_STATE_READY, new-state=(GstState)GST_STATE_NULL, pending-state=(GstState)GST_STATE_VOID_PENDING;
0:01:05.858970478 18238 0x60400000c890 DEBUG bin gstbin.c:3734:gst_bin_handle_message_func: [msg 0x60c0004420c0] handling child x264enc3 message of type state-changed
0:01:05.858990470 18238 0x60400000c890 DEBUG bin gstbin.c:4071:gst_bin_handle_message_func: posting message upward
0:01:05.859007484 18238 0x60400074b990 LOG pulse pulsesrc.c:920:gst_pulsesrc_stream_request_cb: got request for length 640
0:01:05.859002257 18238 0x60400000c890 DEBUG GST_BUS gstbus.c:317:gst_bus_post: [msg 0x60c0004420c0] posting on bus state-changed message: 0x60c0004420c0, time 99:99:99.999999999, seq-num 6136, element 'x264enc3', GstMessageStateChanged, old-state=(GstState)GST_STATE_READY, new-state=(GstState)GST_STATE_NULL, pending-state=(GstState)GST_STATE_VOID_PENDING;
0:01:05.859042907 18238 0x60400000c890 DEBUG GST_BUS gstbus.c:356:gst_bus_post: [msg 0x60c0004420c0] pushing on async queue
0:01:05.859052367 18238 0x607000975990 LOG pulse pulsesrc.c:1121:gst_pulsesrc_read: have data of 640 bytes
0:01:05.859058450 18238 0x60400000c890 DEBUG GST_BUS gstbus.c:359:gst_bus_post: [msg 0x60c0004420c0] pushed on async queue
0:01:05.859075045 18238 0x60400000c890 DEBUG GST_BUS gstbus.c:352:gst_bus_post: [msg 0x60c0004420c0] dropped
0:01:05.859085130 18238 0x60400000c890 DEBUG GST_BUS gstbus.c:352:gst_bus_post: [msg 0x60c0004420c0] dropped
0:01:05.859082901 18238 0x607000975990 LOG audiosrc gstaudiosrc.c:240:audioringbuffer_thread_func: transfered 640 bytes of 640 to segment 0
0:01:05.859094808 18238 0x60400000c890 DEBUG GST_BUS gstbus.c:352:gst_bus_post: [msg 0x60c0004420c0] dropped
0:01:05.859111238 18238 0x60400000c890 LOG GST_STATES gstelement.c:2747:gst_element_change_state: exit state change 1
0:01:05.859108778 18238 0x607000975990 INFO ringbuffer gstaudioringbuffer.c:2033:gst_audio_ring_buffer_set_timestamp: Storing timestamp 99:99:99.999999999 @ 0
0:01:05.859120994 18238 0x60400000c890 DEBUG GST_STATES gstelement.c:2654:gst_element_set_state_func: returned SUCCESS
0:01:05.859133150 18238 0x607000975990 DEBUG ringbuffer gstaudioringbuffer.c:1883:gst_audio_ring_buffer_advance: signal waiter
0:01:05.859134040 18238 0x60400000c890 INFO GST_STATES gstbin.c:2969:gst_bin_change_state_func: child 'x264enc3' changed state to 1(NULL) successfully
0:01:05.859150799 18238 0x60400000c890 DEBUG bin gstbin.c:2387:gst_bin_sort_iterator_next: queue head gives fsvideoanyrate19
0:01:05.859149215 18238 0x607000975990 LOG ringbuffer gstaudioringbuffer.c:1850:gst_audio_ring_buffer_prepare_read: prepare read from segment 1 (real 4471) @0x61a00028cb00
0:01:05.859161305 18238 0x60400000c890 DEBUG bin gstbin.c:912:find_message: no message found matching types 00001000
0:01:05.859171532 18238 0x60400000c890 DEBUG bin gstbin.c:919:find_message: structure-change
0:01:05.859170221 18238 0x607000975990 LOG pulse pulsesrc.c:1106:gst_pulsesrc_read: reading 640 bytes
0:01:05.859184063 18238 0x60400000c890 DEBUG bin gstbin.c:2303:update_degree: change element videoconvert20, degree 1->0, linked to fsvideoanyrate19
0:01:05.859197938 18238 0x60400000c890 DEBUG bin gstbin.c:2186:add_to_queue: adding 'videoconvert20' to queue
0:01:05.859157101 18238 0x607000932940 DEBUG ringbuffer gstaudioringbuffer.c:1740:gst_audio_ring_buffer_read: pointer at 4471, sample 1430400, read from 4470-0, to_read 320, diff 1, segtotal 2, segsize 640
0:01:05.859218899 18238 0x60400000c890 INFO GST_STATES gstbin.c:2521:gst_bin_element_set_state: current READY pending VOID_PENDING, desired next NULL
0:01:05.859232309 18238 0x60400000c890 DEBUG bin gstbin.c:912:find_message: no message found matching types 00100000
0:01:05.859203993 18238 0x607000975990 LOG pulse pulsesrc.c:1106:gst_pulsesrc_read: reading 52 bytes
0:01:05.859242819 18238 0x60400000c890 DEBUG bin gstbin.c:919:find_message: async-start
0:01:05.859257658 18238 0x607000975990 LOG pulse pulsesrc.c:1121:gst_pulsesrc_read: have data of 0 bytes
0:01:05.859237657 18238 0x607000932940 DEBUG ringbuffer gstaudioringbuffer.c:1765:gst_audio_ring_buffer_read: read @0x61a00028c880 seg 0, off 0, sampleslen 320
0:01:05.859276636 18238 0x607000975990 LOG pulse pulsesrc.c:1128:gst_pulsesrc_read: waiting for data
0:01:05.859256526 18238 0x60400000c890 DEBUG bin gstbin.c:2616:gst_bin_element_set_state: setting element fsvideoanyrate19 to NULL, base_time 132:05:16.804978448
0:01:05.859299544 18238 0x60400000c890 DEBUG GST_STATES gstelement.c:2570:gst_element_set_state_func: set_state to NULL
0:01:05.859290655 18238 0x607000932940 INFO ringbuffer gstaudioringbuffer.c:1793:gst_audio_ring_buffer_read: Retrieved timestamp 99:99:99.999999999 @ 0
0:01:05.859319058 18238 0x60400000c890 DEBUG GST_STATES gstelement.c:2595:gst_element_set_state_func: setting target state to NULL
0:01:05.859324843 18238 0x607000932940 DEBUG audiobasesrc gstaudiobasesrc.c:837:gst_audio_base_src_create: read 320 of 320
0:01:05.859334131 18238 0x60400000c890 DEBUG GST_STATES gstelement.c:2608:gst_element_set_state_func: current READY, old_pending VOID_PENDING, next VOID_PENDING, old return SUCCESS
0:01:05.859347575 18238 0x607000932940 DEBUG GST_CLOCK gstclock.c:1045:gst_clock_get_internal_time: internal time 132:06:01.504612908
0:01:05.859354842 18238 0x60400000c890 DEBUG GST_STATES gstelement.c:2642:gst_element_set_state_func: final: setting state from READY to NULL
0:01:05.859370483 18238 0x607000932940 DEBUG GST_CLOCK gstclock.c:1090:gst_clock_get_time: adjusted time 132:06:01.504612908
0:01:05.859373753 18238 0x60400000c890 LOG GST_STATES gstelement.c:2897:gst_element_change_state_func: default handler tries setting state from READY to NULL (0011)
0:01:05.859398168 18238 0x60400000c890 DEBUG GST_ELEMENT_PADS gstelement.c:2840:gst_element_pads_activate: deactivate pads
0:01:05.859391072 18238 0x607000932940 DEBUG audiobasesrc gstaudiobasesrc.c:950:gst_audio_base_src_create: running_time =
0:00:44.699634460 timestamp =
0:00:44.700000000 running_time_segment = 4469 last_written_segment = 4470 segment_skew (running time segment - last_written_segment) = -1 last_read_segment = 4470
0:01:05.859424072 18238 0x60400000c890 DEBUG GST_PADS gstpad.c:1074:gst_pad_set_active: pad was inactive
0:01:05.859423808 18238 0x607000932940 LOG audiobasesrc gstaudiobasesrc.c:1061:gst_audio_base_src_create: Pushed buffer timestamp
0:00:44.700000000
0:01:05.859445456 18238 0x607000932940 DEBUG basesrc gstbasesrc.c:2315:gst_base_src_do_sync: no sync needed
0:01:05.859446393 18238 0x60400000c890 DEBUG GST_PADS gstpad.c:1074:gst_pad_set_active: pad was inactive
0:01:05.859459384 18238 0x607000932940 DEBUG basesrc gstbasesrc.c:2524:gst_base_src_get_range: buffer ok
0:01:05.859469648 18238 0x60400000c890 DEBUG GST_ELEMENT_PADS gstelement.c:2859:gst_element_pads_activate: pad deactivation successful
0:01:05.859474190 18238 0x607000932940 DEBUG GST_SCHEDULING gstpad.c:4200:gst_pad_chain_data_unchecked: calling chainfunction &gst_base_transform_chain with buffer buffer: 0x6120011e6b40, pts 0:00:44.700000000, dts 99:99:99.999999999, dur 0:00:00.010000000, size 640, offset 1430400, offset_end 1430720, flags 0x0
0:01:05.859493324 18238 0x60400000c890 DEBUG GST_STATES gstelement.c:2731:gst_element_change_state: element changed state SUCCESS
0:01:05.859513123 18238 0x60400000c890 INFO GST_STATES gstelement.c:2419:gst_element_continue_state: completed state change to NULL
0:01:05.859510006 18238 0x607000932940 DEBUG basetransform gstbasetransform.c:2036:default_submit_input_buffer: handling buffer 0x6120011e6b40 of size 640, PTS
0:00:44.700000000 and offset 1430400
0:01:05.859535404 18238 0x607000932940 DEBUG basetransform gstbasetransform.c:2153:default_generate_output: calling prepare buffer
0:01:05.859528387 18238 0x60400000c890 INFO GST_STATES gstelement.c:2324:_priv_gst_element_state_changed: notifying about state-changed READY to NULL (VOID_PENDING pending)
0:01:05.859549252 18238 0x607000932940 DEBUG basetransform gstbasetransform.c:2160:default_generate_output: using allocated buffer in 0x6120011e6b40, out 0x6120011e6b40
0:01:05.859557468 18238 0x60400000c890 LOG GST_MESSAGE gstmessage.c:300:gst_message_new_custom: source fsvideoanyrate19: creating new message 0x60c0003fdb40 state-changed
0:01:05.859567880 18238 0x607000932940 DEBUG basetransform gstbasetransform.c:2177:default_generate_output: doing inplace transform
0:01:05.859588476 18238 0x607000932940 DEBUG GST_SCHEDULING gstpad.c:4200:gst_pad_chain_data_unchecked: calling chainfunction &gst_base_transform_chain with buffer buffer: 0x6120011e6b40, pts 0:00:44.700000000, dts 99:99:99.999999999, dur 0:00:00.010000000, size 640, offset 1430400, offset_end 1430720, flags 0x0
0:01:05.859580017 18238 0x60400000c890 DEBUG GST_BUS gstbus.c:317:gst_bus_post: [msg 0x60c0003fdb40] posting on bus state-changed message: 0x60c0003fdb40, time 99:99:99.999999999, seq-num 6137, element 'fsvideoanyrate19', GstMessageStateChanged, old-state=(GstState)GST_STATE_READY, new-state=(GstState)GST_STATE_NULL, pending-state=(GstState)GST_STATE_VOID_PENDING;
0:01:05.859621760 18238 0x607000932940 DEBUG volume gstvolume.c:697:volume_before_transform: sync to
0:00:44.700000000
0:01:05.859626163 18238 0x60400000c890 DEBUG bin gstbin.c:3734:gst_bin_handle_message_func: [msg 0x60c0003fdb40] handling child fsvideoanyrate19 message of type state-changed
0:01:05.859642367 18238 0x607000932940 LOG default gstobject.c:1120:gst_object_sync_values: sync_values
0:01:05.859646480 18238 0x60400000c890 DEBUG bin gstbin.c:4071:gst_bin_handle_message_func: posting message upward
0:01:05.859651829 18238 0x607000932940 DEBUG audio audio.c:108:gst_audio_buffer_clip: timestamp
0:00:44.700000000
0:01:05.859658433 18238 0x60400000c890 DEBUG GST_BUS gstbus.c:317:gst_bus_post: [msg 0x60c0003fdb40] posting on bus state-changed message: 0x60c0003fdb40, time 99:99:99.999999999, seq-num 6137, element 'fsvideoanyrate19', GstMessageStateChanged, old-state=(GstState)GST_STATE_READY, new-state=(GstState)GST_STATE_NULL, pending-state=(GstState)GST_STATE_VOID_PENDING;
0:01:05.859676767 18238 0x607000932940 DEBUG basetransform gstbasetransform.c:2036:default_submit_input_buffer: handling buffer 0x6120011e6b40 of size 640, PTS
0:00:44.700000000 and offset 1430400
0:01:05.859708739 18238 0x607000932940 DEBUG basetransform gstbasetransform.c:2153:default_generate_output: calling prepare buffer
0:01:05.859702634 18238 0x60400000c890 DEBUG bin gstbin.c:3734:gst_bin_handle_message_func: [msg 0x60c0003fdb40] handling child fsvideoanyrate19 message of type state-changed
0:01:05.859722851 18238 0x607000932940 DEBUG basetransform gstbasetransform.c:1650:default_prepare_output_buffer: passthrough: reusing input buffer
0:01:05.859729296 18238 0x60400000c890 DEBUG bin gstbin.c:4071:gst_bin_handle_message_func: posting message upward
0:01:05.859766388 18238 0x60400000c890 DEBUG GST_BUS gstbus.c:317:gst_bus_post: [msg 0x60c0003fdb40] posting on bus state-changed message: 0x60c0003fdb40, time 99:99:99.999999999, seq-num 6137, element 'fsvideoanyrate19', GstMessageStateChanged, old-state=(GstState)GST_STATE_READY, new-state=(GstState)GST_STATE_NULL, pending-state=(GstState)GST_STATE_VOID_PENDING;
0:01:05.859798116 18238 0x607000932940 DEBUG basetransform gstbasetransform.c:2160:default_generate_output: using allocated buffer in 0x6120011e6b40, out 0x6120011e6b40
0:01:05.859810474 18238 0x60400000c890 DEBUG bin gstbin.c:3734:gst_bin_handle_message_func: [msg 0x60c0003fdb40] handling child fsvideoanyrate19 message of type state-changed
0:01:05.859819949 18238 0x607000932940 DEBUG basetransform gstbasetransform.c:2171:default_generate_output: element is in passthrough
0:01:05.859833629 18238 0x60400000c890 DEBUG bin gstbin.c:4071:gst_bin_handle_message_func: posting message upward
0:01:05.859841158 18238 0x607000932940 DEBUG GST_SCHEDULING gstpad.c:4200:gst_pad_chain_data_unchecked: calling chainfunction &gst_proxy_pad_chain_default with buffer buffer: 0x6120011e6b40, pts 0:00:44.700000000, dts 99:99:99.999999999, dur 0:00:00.010000000, size 640, offset 1430400, offset_end 1430720, flags 0x0
0:01:05.859846417 18238 0x60400000c890 DEBUG GST_BUS gstbus.c:317:gst_bus_post: [msg 0x60c0003fdb40] posting on bus state-changed message: 0x60c0003fdb40, time 99:99:99.999999999, seq-num 6137, element 'fsvideoanyrate19', GstMessageStateChanged, old-state=(GstState)GST_STATE_READY, new-state=(GstState)GST_STATE_NULL, pending-state=(GstState)GST_STATE_VOID_PENDING;
0:01:05.859873210 18238 0x607000932940 DEBUG GST_SCHEDULING gstpad.c:4200:gst_pad_chain_data_unchecked: calling chainfunction &gst_proxy_pad_chain_default with buffer buffer: 0x6120011e6b40, pts 0:00:44.700000000, dts 99:99:99.999999999, dur 0:00:00.010000000, size 640, offset 1430400, offset_end 1430720, flags 0x0
0:01:05.859886295 18238 0x60400000c890 DEBUG GST_BUS gstbus.c:356:gst_bus_post: [msg 0x60c0003fdb40] pushing on async queue
0:01:05.859904251 18238 0x60400000c890 DEBUG GST_BUS gstbus.c:359:gst_bus_post: [msg 0x60c0003fdb40] pushed on async queue
0:01:05.859906165 18238 0x607000932940 DEBUG GST_SCHEDULING gstpad.c:4200:gst_pad_chain_data_unchecked: calling chainfunction &gst_tee_chain with buffer buffer: 0x6120011e6b40, pts 0:00:44.700000000, dts 99:99:99.999999999, dur 0:00:00.010000000, size 640, offset 1430400, offset_end 1430720, flags 0x0
0:01:05.859921490 18238 0x60400000c890 DEBUG GST_BUS gstbus.c:352:gst_bus_post: [msg 0x60c0003fdb40] dropped
0:01:05.859940247 18238 0x607000932940 DEBUG tee gsttee.c:777:gst_tee_chain: received buffer 0x6120011e6b40
0:01:05.859943467 18238 0x60400000c890 DEBUG GST_BUS gstbus.c:352:gst_bus_post: [msg 0x60c0003fdb40] dropped
0:01:05.859964694 18238 0x60400000c890 DEBUG GST_BUS gstbus.c:352:gst_bus_post: [msg 0x60c0003fdb40] dropped
0:01:05.859961215 18238 0x607000932940 LOG tee gsttee.c:694:gst_tee_handle_data: Starting to push buffer 0x6120011e6b40
0:01:05.859983715 18238 0x60400000c890 LOG GST_STATES gstelement.c:2747:gst_element_change_state: exit state change 1
0:01:05.859999141 18238 0x60400000c890 DEBUG GST_STATES gstelement.c:2654:gst_element_set_state_func: returned SUCCESS
0:01:05.859989048 18238 0x607000932940 DEBUG GST_SCHEDULING gstpad.c:4200:gst_pad_chain_data_unchecked: calling chainfunction &gst_valve_chain with buffer buffer: 0x6120011e6b40, pts 0:00:44.700000000, dts 99:99:99.999999999, dur 0:00:00.010000000, size 640, offset 1430400, offset_end 1430720, flags 0x0
0:01:05.860020267 18238 0x607000932940 LOG GST_SCHEDULING gstpad.c:4533:gst_pad_push_data: pushing, but it was not linked
0:01:05.860013755 18238 0x60400000c890 INFO GST_STATES gstbin.c:2969:gst_bin_change_state_func: child 'fsvideoanyrate19' changed state to 1(NULL) successfully
0:01:05.860041948 18238 0x60400000c890 DEBUG bin gstbin.c:2387:gst_bin_sort_iterator_next: queue head gives videoconvert20
0:01:05.860036815 18238 0x607000932940 DEBUG GST_SCHEDULING gstpad.c:4206:gst_pad_chain_data_unchecked: called chainfunction &gst_valve_chain with buffer 0x6120011e6b40, returned not-linked
0:01:05.860058902 18238 0x60400000c890 DEBUG bin gstbin.c:912:find_message: no message found matching types 00001000
0:01:05.860066682 18238 0x607000932940 LOG tee gsttee.c:699:gst_tee_handle_data: Pushing item 0x6120011e6b40 yielded result not-linked
0:01:05.860075147 18238 0x60400000c890 DEBUG bin gstbin.c:919:find_message: structure-change
0:01:05.860089505 18238 0x607000932940 LOG tee gsttee.c:694:gst_tee_handle_data: Starting to push buffer 0x6120011e6b40
0:01:05.860095685 18238 0x60400000c890 DEBUG bin gstbin.c:2303:update_degree: change element videoscale17, degree 1->0, linked to videoconvert20
0:01:05.860118496 18238 0x60400000c890 DEBUG bin gstbin.c:2186:add_to_queue: adding 'videoscale17' to queue
0:01:05.860111037 18238 0x607000932940 DEBUG GST_SCHEDULING gstpad.c:4200:gst_pad_chain_data_unchecked: calling chainfunction &gst_valve_chain with buffer buffer: 0x6120011e6b40, pts 0:00:44.700000000, dts 99:99:99.999999999, dur 0:00:00.010000000, size 640, offset 1430400, offset_end 1430720, flags 0x0
0:01:05.860136079 18238 0x60400000c890 INFO GST_STATES gstbin.c:2521:gst_bin_element_set_state: current READY pending VOID_PENDING, desired next NULL
0:01:05.860140586 18238 0x607000932940 DEBUG GST_SCHEDULING gstpad.c:4200:gst_pad_chain_data_unchecked: calling chainfunction &gst_proxy_pad_chain_default with buffer buffer: 0x6120011e6b40, pts 0:00:44.700000000, dts 99:99:99.999999999, dur 0:00:00.010000000, size 640, offset 1430400, offset_end 1430720, flags 0x0
0:01:05.860155797 18238 0x60400000c890 DEBUG bin gstbin.c:912:find_message: no message found matching types 00100000
0:01:05.860171796 18238 0x60400000c890 DEBUG bin gstbin.c:919:find_message: async-start
0:01:05.860174468 18238 0x607000932940 DEBUG GST_SCHEDULING gstpad.c:4200:gst_pad_chain_data_unchecked: calling chainfunction &gst_base_transform_chain with buffer buffer: 0x6120011e6b40, pts 0:00:44.700000000, dts 99:99:99.999999999, dur 0:00:00.010000000, size 640, offset 1430400, offset_end 1430720, flags 0x0
0:01:05.860186524 18238 0x60400000c890 DEBUG bin gstbin.c:2616:gst_bin_element_set_state: setting element videoconvert20 to NULL, base_time 132:05:16.804978448
0:01:05.860202134 18238 0x607000932940 DEBUG audio audio.c:108:gst_audio_buffer_clip: timestamp
0:00:44.700000000
0:01:05.860210163 18238 0x60400000c890 DEBUG GST_STATES gstelement.c:2570:gst_element_set_state_func: set_state to NULL
0:01:05.860230007 18238 0x60400000c890 DEBUG GST_STATES gstelement.c:2595:gst_element_set_state_func: setting target state to NULL
0:01:05.860224933 18238 0x607000932940 DEBUG basetransform gstbasetransform.c:2036:default_submit_input_buffer: handling buffer 0x6120011e6b40 of size 640, PTS
0:00:44.700000000 and offset 1430400
0:01:05.860252459 18238 0x607000932940 DEBUG basetransform gstbasetransform.c:2153:default_generate_output: calling prepare buffer
0:01:05.860244221 18238 0x60400000c890 DEBUG GST_STATES gstelement.c:2608:gst_element_set_state_func: current READY, old_pending VOID_PENDING, next VOID_PENDING, old return SUCCESS
0:01:05.860268278 18238 0x607000932940 DEBUG basetransform gstbasetransform.c:1650:default_prepare_output_buffer: passthrough: reusing input buffer
