0:01:05.865416426 18238 0x60400000c890 INFO GST_STATES gstelement.c:2394:gst_element_continue_state: committing state from PAUSED to READY, pending NULL, next NULL
0:01:05.865428708 18238 0x607000932940 LOG rtpsource rtpsource.c:1312:rtp_source_send_rtp: pushing RTP packet 1146
0:01:05.865448821 18238 0x60400000c890 INFO GST_STATES gstelement.c:2324:_priv_gst_element_state_changed: notifying about state-changed PAUSED to READY (NULL pending)
0:01:05.865422271 18238 0x60700166d3d0 DEBUG GST_MEMORY gstmemory.c:138:gst_memory_init: new memory 0x61300050cf00, maxsize:179 offset:0 size:172
0:01:05.865519540 18238 0x607000932940 LOG rtpsession rtpsession.c:1377:source_push_rtp: source a9eb0eb9 pushed sender RTP packet
0:01:05.865541273 18238 0x60700166d3d0 LOG GST_BUFFER gstbuffer.c:798:gst_buffer_new: new 0x612005191840
0:01:05.865549335 18238 0x607000932940 LOG rtpsession gstrtpsession.c:1367:gst_rtp_session_send_rtp: sending RTP packet
0:01:05.865539801 18238 0x60400000c890 LOG GST_MESSAGE gstmessage.c:300:gst_message_new_custom: source valve_send_2: creating new message 0x60c0006d5b80 state-changed
0:01:05.865554620 18238 0x60700166d3d0 LOG GST_BUFFER gstbuffer.c:413:_memory_add: buffer 0x612005191840, idx -1, mem 0x61300050cf00
0:01:05.865562723 18238 0x607000932940 DEBUG GST_SCHEDULING gstpad.c:4200:gst_pad_chain_data_unchecked: calling chainfunction &gst_srtp_enc_chain_rtp with buffer buffer: 0x612004935c40, pts 0:00:44.679270833, dts 0:00:44.679270833, dur 0:00:00.020000000, size 172, offset none, offset_end none, flags 0x4000
0:01:05.865571323 18238 0x60700166d3d0 LOG GST_BUFFER gstbuffer.c:854:gst_buffer_new_allocate: new buffer 0x612005191840 of size 172 from allocator (nil)
0:01:05.865591162 18238 0x607000932940 DEBUG GST_SCHEDULING gstpad.c:4200:gst_pad_chain_data_unchecked: calling chainfunction &gst_proxy_pad_chain_default with buffer buffer: 0x612004935c40, pts 0:00:44.679270833, dts 0:00:44.679270833, dur 0:00:00.020000000, size 172, offset none, offset_end none, flags 0x4000
0:01:05.865568921 18238 0x60400000c890 DEBUG GST_BUS gstbus.c:317:gst_bus_post: [msg 0x60c0006d5b80] posting on bus state-changed message: 0x60c0006d5b80, time 99:99:99.999999999, seq-num 6144, element 'valve_send_2', GstMessageStateChanged, old-state=(GstState)GST_STATE_PAUSED, new-state=(GstState)GST_STATE_READY, pending-state=(GstState)GST_STATE_NULL;
0:01:05.865604853 18238 0x60700166d3d0 LOG GST_BUFFER gstbuffer.c:1825:gst_buffer_fill: buffer 0x612005191840, offset 0, size 172
0:01:05.865620923 18238 0x607000932940 DEBUG GST_SCHEDULING gstpad.c:4200:gst_pad_chain_data_unchecked: calling chainfunction &gst_tee_chain with buffer buffer: 0x612004935c40, pts 0:00:44.679270833, dts 0:00:44.679270833, dur 0:00:00.020000000, size 172, offset none, offset_end none, flags 0x4000
0:01:05.865631113 18238 0x60400000c890 DEBUG bin gstbin.c:3734:gst_bin_handle_message_func: [msg 0x60c0006d5b80] handling child valve_send_2 message of type state-changed
0:01:05.865649417 18238 0x607000932940 DEBUG tee gsttee.c:777:gst_tee_chain: received buffer 0x612004935c40
0:01:05.865656284 18238 0x60400000c890 DEBUG bin gstbin.c:4071:gst_bin_handle_message_func: posting message upward
0:01:05.865672716 18238 0x60400000c890 DEBUG GST_BUS gstbus.c:317:gst_bus_post: [msg 0x60c0006d5b80] posting on bus state-changed message: 0x60c0006d5b80, time 99:99:99.999999999, seq-num 6144, element 'valve_send_2', GstMessageStateChanged, old-state=(GstState)GST_STATE_PAUSED, new-state=(GstState)GST_STATE_READY, pending-state=(GstState)GST_STATE_NULL;
0:01:05.865742707 18238 0x60700166d3d0 LOG nicesrc gstnicesrc.c:299:gst_nice_src_create: Got buffer, pushing
0:01:05.865668083 18238 0x607000932940 DEBUG GST_SCHEDULING gstpad.c:4200:gst_pad_chain_data_unchecked: calling chainfunction &gst_proxy_pad_chain_default with buffer buffer: 0x612004935c40, pts 0:00:44.679270833, dts 0:00:44.679270833, dur 0:00:00.020000000, size 172, offset none, offset_end none, flags 0x4000
0:01:05.865773392 18238 0x60400000c890 DEBUG bin gstbin.c:3734:gst_bin_handle_message_func: [msg 0x60c0006d5b80] handling child valve_send_2 message of type state-changed
0:01:05.865779855 18238 0x607000932940 DEBUG GST_SCHEDULING gstpad.c:4200:gst_pad_chain_data_unchecked: calling chainfunction &gst_tee_chain with buffer buffer: 0x612004935c40, pts 0:00:44.679270833, dts 0:00:44.679270833, dur 0:00:00.020000000, size 172, offset none, offset_end none, flags 0x4000
0:01:05.865766868 18238 0x60700166d3d0 DEBUG GST_CLOCK gstclock.c:1045:gst_clock_get_internal_time: internal time 132:06:01.511031937
0:01:05.865801924 18238 0x60400000c890 DEBUG bin gstbin.c:4071:gst_bin_handle_message_func: posting message upward
0:01:05.865808866 18238 0x607000932940 DEBUG tee gsttee.c:777:gst_tee_chain: received buffer 0x612004935c40
0:01:05.865816116 18238 0x60700166d3d0 DEBUG GST_CLOCK gstclock.c:1090:gst_clock_get_time: adjusted time 132:06:01.511031937
0:01:05.865826644 18238 0x607000932940 LOG tee gsttee.c:694:gst_tee_handle_data: Starting to push buffer 0x612004935c40
0:01:05.865836856 18238 0x60700166d3d0 LOG basesrc gstbasesrc.c:2267:gst_base_src_do_sync: created DTS
0:00:44.706053489
0:01:05.865822971 18238 0x60400000c890 DEBUG GST_BUS gstbus.c:317:gst_bus_post: [msg 0x60c0006d5b80] posting on bus state-changed message: 0x60c0006d5b80, time 99:99:99.999999999, seq-num 6144, element 'valve_send_2', GstMessageStateChanged, old-state=(GstState)GST_STATE_PAUSED, new-state=(GstState)GST_STATE_READY, pending-state=(GstState)GST_STATE_NULL;
0:01:05.865860536 18238 0x60700166d3d0 LOG basesrc gstbasesrc.c:2277:gst_base_src_do_sync: created PTS
0:00:44.706053489
0:01:05.865869640 18238 0x60400000c890 DEBUG GST_BUS gstbus.c:356:gst_bus_post: [msg 0x60c0006d5b80] pushing on async queue
0:01:05.865884940 18238 0x60700166d3d0 DEBUG basesrc gstbasesrc.c:2315:gst_base_src_do_sync: no sync needed
0:01:05.865892534 18238 0x60400000c890 DEBUG GST_BUS gstbus.c:359:gst_bus_post: [msg 0x60c0006d5b80] pushed on async queue
0:01:05.865899828 18238 0x60700166d3d0 DEBUG basesrc gstbasesrc.c:2524:gst_base_src_get_range: buffer ok
0:01:05.865846709 18238 0x607000932940 DEBUG GST_SCHEDULING gstpad.c:4200:gst_pad_chain_data_unchecked: calling chainfunction &gst_base_sink_chain with buffer buffer: 0x612004935c40, pts 0:00:44.679270833, dts 0:00:44.679270833, dur 0:00:00.020000000, size 172, offset none, offset_end none, flags 0x4000
0:01:05.865915705 18238 0x60400000c890 DEBUG GST_BUS gstbus.c:352:gst_bus_post: [msg 0x60c0006d5b80] dropped
0:01:05.865915848 18238 0x60700166d3d0 LOG GST_SCHEDULING gstpad.c:3615:do_probe_callbacks: do probes cookie 3006
0:01:05.865925328 18238 0x607000932940 DEBUG basesink gstbasesink.c:3360:gst_base_sink_chain_unlocked: got times start: 0:00:44.679270833, end:
0:00:44.699270833
0:01:05.865937857 18238 0x60400000c890 DEBUG GST_BUS gstbus.c:352:gst_bus_post: [msg 0x60c0006d5b80] dropped
0:01:05.865943556 18238 0x60700166d3d0 LOG GST_SCHEDULING gstpad.c:3511:probe_hook_marshal: hook 1, cookie 3006 with flags 0x00003010 does not match 00001012
0:01:05.865957812 18238 0x60400000c890 INFO GST_STATES gstelement.c:2401:gst_element_continue_state: continue state change READY to NULL, final NULL
0:01:05.865954254 18238 0x607000932940 DEBUG basesink gstbasesink.c:1946:gst_base_sink_get_sync_times: got times start: 0:00:44.679270833, stop: 0:00:44.699270833, do_sync 1
0:01:05.865978964 18238 0x60400000c890 LOG GST_STATES gstelement.c:2897:gst_element_change_state_func: default handler tries setting state from READY to NULL (0011)
0:01:05.866004199 18238 0x60400000c890 DEBUG GST_ELEMENT_PADS gstelement.c:2840:gst_element_pads_activate: deactivate pads
0:01:05.866031523 18238 0x60400000c890 DEBUG GST_PADS gstpad.c:1074:gst_pad_set_active: pad was inactive
0:01:05.865990845 18238 0x607000932940 LOG basesink gstbasesink.c:2483:gst_base_sink_do_sync: avg frame diff
0:00:00.020000000
0:01:05.866054346 18238 0x60400000c890 DEBUG GST_PADS gstpad.c:1074:gst_pad_set_active: pad was inactive
0:01:05.866062974 18238 0x607000932940 DEBUG basesink gstbasesink.c:2523:gst_base_sink_do_sync: reset rc_time to time
0:00:44.679270833
0:01:05.866075679 18238 0x60400000c890 DEBUG GST_ELEMENT_PADS gstelement.c:2859:gst_element_pads_activate: pad deactivation successful
0:01:05.866084118 18238 0x607000932940 DEBUG basesink gstbasesink.c:2535:gst_base_sink_do_sync: possibly waiting for clock to reach 0:00:44.679270833, adjusted
0:00:44.679270833
0:01:05.866097434 18238 0x60400000c890 DEBUG GST_STATES gstelement.c:2731:gst_element_change_state: element changed state SUCCESS
0:01:05.866113629 18238 0x607000932940 DEBUG basesink gstbasesink.c:2163:gst_base_sink_wait_clock: sync disabled
0:01:05.866117120 18238 0x60400000c890 INFO GST_STATES gstelement.c:2419:gst_element_continue_state: completed state change to NULL
0:01:05.866126162 18238 0x607000932940 DEBUG basesink gstbasesink.c:2542:gst_base_sink_do_sync: clock returned 4, jitter
0:00:00.000000000
0:01:05.866137702 18238 0x60400000c890 INFO GST_STATES gstelement.c:2324:_priv_gst_element_state_changed: notifying about state-changed READY to NULL (VOID_PENDING pending)
0:01:05.866148339 18238 0x607000932940 DEBUG basesink gstbasesink.c:3468:gst_base_sink_chain_unlocked: rendering object 0x612004935c40
0:01:05.866169763 18238 0x607000932940 DEBUG basesink gstbasesink.c:934:gst_base_sink_set_last_buffer_unlocked: setting last buffer to 0x612004935c40
0:01:05.866171461 18238 0x60400000c890 LOG GST_MESSAGE gstmessage.c:300:gst_message_new_custom: source valve_send_2: creating new message 0x60c0007bce80 state-changed
0:01:05.866191539 18238 0x607000932940 DEBUG basesink gstbasesink.c:3507:gst_base_sink_chain_unlocked: object unref after render 0x612004935c40
0:01:05.866197671 18238 0x60400000c890 DEBUG GST_BUS gstbus.c:317:gst_bus_post: [msg 0x60c0007bce80] posting on bus state-changed message: 0x60c0007bce80, time 99:99:99.999999999, seq-num 6145, element 'valve_send_2', GstMessageStateChanged, old-state=(GstState)GST_STATE_READY, new-state=(GstState)GST_STATE_NULL, pending-state=(GstState)GST_STATE_VOID_PENDING;
0:01:05.866257215 18238 0x607000932940 DEBUG GST_SCHEDULING gstpad.c:4206:gst_pad_chain_data_unchecked: called chainfunction &gst_base_sink_chain with buffer 0x612004935c40, returned ok
0:01:05.866259905 18238 0x60400000c890 DEBUG bin gstbin.c:3734:gst_bin_handle_message_func: [msg 0x60c0007bce80] handling child valve_send_2 message of type state-changed
0:01:05.866281856 18238 0x607000932940 LOG tee gsttee.c:699:gst_tee_handle_data: Pushing item 0x612004935c40 yielded result ok
0:01:05.866288979 18238 0x60400000c890 DEBUG bin gstbin.c:4071:gst_bin_handle_message_func: posting message upward
0:01:05.866304782 18238 0x607000932940 LOG tee gsttee.c:731:gst_tee_handle_data: Replacing ret val -1 with 0
0:01:05.866323438 18238 0x607000932940 LOG tee gsttee.c:694:gst_tee_handle_data: Starting to push buffer 0x612004935c40
0:01:05.866309462 18238 0x60400000c890 DEBUG GST_BUS gstbus.c:317:gst_bus_post: [msg 0x60c0007bce80] posting on bus state-changed message: 0x60c0007bce80, time 99:99:99.999999999, seq-num 6145, element 'valve_send_2', GstMessageStateChanged, old-state=(GstState)GST_STATE_READY, new-state=(GstState)GST_STATE_NULL, pending-state=(GstState)GST_STATE_VOID_PENDING;
0:01:05.866361505 18238 0x60400000c890 DEBUG bin gstbin.c:3734:gst_bin_handle_message_func: [msg 0x60c0007bce80] handling child valve_send_2 message of type state-changed
0:01:05.866386299 18238 0x60400000c890 DEBUG bin gstbin.c:4071:gst_bin_handle_message_func: posting message upward
0:01:05.866344424 18238 0x607000932940 DEBUG GST_SCHEDULING gstpad.c:4200:gst_pad_chain_data_unchecked: calling chainfunction &gst_base_sink_chain with buffer buffer: 0x612004935c40, pts 0:00:44.679270833, dts 0:00:44.679270833, dur 0:00:00.020000000, size 172, offset none, offset_end none, flags 0x4000
0:01:05.866403026 18238 0x60400000c890 DEBUG GST_BUS gstbus.c:317:gst_bus_post: [msg 0x60c0007bce80] posting on bus state-changed message: 0x60c0007bce80, time 99:99:99.999999999, seq-num 6145, element 'valve_send_2', GstMessageStateChanged, old-state=(GstState)GST_STATE_READY, new-state=(GstState)GST_STATE_NULL, pending-state=(GstState)GST_STATE_VOID_PENDING;
0:01:05.866451291 18238 0x60400000c890 DEBUG GST_BUS gstbus.c:356:gst_bus_post: [msg 0x60c0007bce80] pushing on async queue
0:01:05.866473719 18238 0x60400000c890 DEBUG GST_BUS gstbus.c:359:gst_bus_post: [msg 0x60c0007bce80] pushed on async queue
0:01:05.866433438 18238 0x607000932940 DEBUG basesink gstbasesink.c:3360:gst_base_sink_chain_unlocked: got times start: 0:00:44.679270833, end:
0:00:44.699270833
0:01:05.866493590 18238 0x60400000c890 DEBUG GST_BUS gstbus.c:352:gst_bus_post: [msg 0x60c0007bce80] dropped
0:01:05.866518868 18238 0x607000932940 DEBUG basesink gstbasesink.c:1946:gst_base_sink_get_sync_times: got times start: 0:00:44.679270833, stop: 0:00:44.699270833, do_sync 1
0:01:05.866587117 18238 0x607000932940 LOG basesink gstbasesink.c:2483:gst_base_sink_do_sync: avg frame diff
0:00:00.020000000
0:01:05.866634515 18238 0x607000932940 DEBUG basesink gstbasesink.c:2523:gst_base_sink_do_sync: reset rc_time to time
0:00:44.679270833
0:01:05.866583052 18238 0x60400000c890 DEBUG GST_BUS gstbus.c:352:gst_bus_post: [msg 0x60c0007bce80] dropped
0:01:05.866660555 18238 0x607000932940 DEBUG basesink gstbasesink.c:2535:gst_base_sink_do_sync: possibly waiting for clock to reach 0:00:44.679270833, adjusted
0:00:44.679270833
0:01:05.866692541 18238 0x607000932940 DEBUG basesink gstbasesink.c:2163:gst_base_sink_wait_clock: sync disabled
0:01:05.866707020 18238 0x607000932940 DEBUG basesink gstbasesink.c:2542:gst_base_sink_do_sync: clock returned 4, jitter
0:00:00.000000000
0:01:05.866754683 18238 0x607000932940 DEBUG basesink gstbasesink.c:3468:gst_base_sink_chain_unlocked: rendering object 0x612004935c40
0:01:05.866721356 18238 0x60400000c890 LOG GST_STATES gstelement.c:2747:gst_element_change_state: exit state change 1
0:01:05.866777261 18238 0x607000932940 DEBUG basesink gstbasesink.c:934:gst_base_sink_set_last_buffer_unlocked: setting last buffer to 0x612004935c40
0:01:05.866791715 18238 0x607000932940 LOG GST_BUFFER gstbuffer.c:724:_gst_buffer_free: finalize 0x6120017a2a40
0:01:05.866805485 18238 0x607000932940 DEBUG GST_MEMORY gstmemory.c:87:_gst_memory_free: free memory 0x60f0002ebbb0
0:01:05.866824163 18238 0x607000932940 DEBUG GST_MEMORY gstmemory.c:87:_gst_memory_free: free memory 0x621000551500
0:01:05.866845454 18238 0x607000932940 LOG nicesink gstnicesink.c:265:gst_nice_sink_render_buffers: 1 buffers, 2 memories -> to be sent
0:01:05.866816466 18238 0x60400000c890 LOG GST_STATES gstelement.c:2747:gst_element_change_state: exit state change 1
0:01:05.866876887 18238 0x60400000c890 LOG GST_STATES gstelement.c:2747:gst_element_change_state: exit state change 1
0:01:05.866894612 18238 0x60400000c890 DEBUG GST_STATES gstelement.c:2654:gst_element_set_state_func: returned SUCCESS
0:01:05.866940703 18238 0x60400000c890 DEBUG GST_PARENTAGE gstbin.c:1892:gst_bin_remove: removing element valve_send_2 from bin fsrtpconference1
0:01:05.867008688 18238 0x607000932940 DEBUG basesink gstbasesink.c:3507:gst_base_sink_chain_unlocked: object unref after render 0x612004935c40
0:01:05.867029533 18238 0x607000932940 DEBUG GST_SCHEDULING gstpad.c:4206:gst_pad_chain_data_unchecked: called chainfunction &gst_base_sink_chain with buffer 0x612004935c40, returned ok
0:01:05.867015843 18238 0x60400000c890 DEBUG bin gstbin.c:1592:gst_bin_remove_func: element :valve_send_2
0:01:05.867056479 18238 0x607000932940 LOG tee gsttee.c:699:gst_tee_handle_data: Pushing item 0x612004935c40 yielded result ok
0:01:05.867092855 18238 0x607000932940 LOG tee gsttee.c:731:gst_tee_handle_data: Replacing ret val 0 with 0
0:01:05.867111406 18238 0x607000932940 DEBUG tee gsttee.c:781:gst_tee_chain: handled buffer ok
0:01:05.865971976 18238 0x60700166d3d0 DEBUG GST_PADS gstpad.c:3696:do_probe_callbacks: data is passed
0:01:05.867129376 18238 0x607000932940 DEBUG GST_SCHEDULING gstpad.c:4206:gst_pad_chain_data_unchecked: called chainfunction &gst_tee_chain with buffer 0x612004935c40, returned ok
0:01:05.867103460 18238 0x60400000c890 DEBUG bin gstbin.c:1789:gst_bin_remove_func: recalc state preroll: 0, other async: 0, this async 0
0:01:05.867149855 18238 0x60700166d3d0 LOG GST_SCHEDULING gstpad.c:3615:do_probe_callbacks: do probes cookie 3007
0:01:05.867156697 18238 0x607000932940 DEBUG GST_SCHEDULING gstpad.c:4206:gst_pad_chain_data_unchecked: called chainfunction &gst_proxy_pad_chain_default with buffer 0x612004935c40, returned ok
0:01:05.867172243 18238 0x60700166d3d0 LOG GST_SCHEDULING gstpad.c:3454:probe_hook_marshal: hook 1, cookie 3007 with flags 0x00003010 matches
0:01:05.867181546 18238 0x607000932940 DEBUG tee gsttee.c:781:gst_tee_chain: handled buffer ok
0:01:05.867207609 18238 0x607000932940 DEBUG GST_SCHEDULING gstpad.c:4206:gst_pad_chain_data_unchecked: called chainfunction &gst_tee_chain with buffer 0x612004935c40, returned ok
0:01:05.867217218 18238 0x60700166d3d0 LOG GST_BUFFER gstbuffer.c:1720:gst_buffer_map_range: buffer 0x612005191840, idx 0, length 1, flags 0001
0:01:05.867234215 18238 0x607000932940 DEBUG GST_SCHEDULING gstpad.c:4206:gst_pad_chain_data_unchecked: called chainfunction &gst_proxy_pad_chain_default with buffer 0x612004935c40, returned ok
0:01:05.867238879 18238 0x60700166d3d0 LOG GST_BUFFER gstbuffer.c:212:_get_merged_memory: buffer 0x612005191840, idx 0, length 1
0:01:05.867188739 18238 0x60400000c890 DEBUG GST_PARENTAGE gstelement.c:3089:gst_element_set_bus_func: setting bus to (nil)
0:01:05.867292132 18238 0x60400000c890 DEBUG GST_CLOCK gstelement.c:427:gst_element_set_clock: setting clock (nil)
0:01:05.867321450 18238 0x60400000c890 INFO GST_ELEMENT_PADS gstpad.c:2071:gst_pad_unlink: unlinking send_tee_2:src_1(0x6160004137b0) and valve_send_2:sink(0x61600040e3b0)
0:01:05.867360735 18238 0x60400000c890 LOG GST_MESSAGE gstmessage.c:300:gst_message_new_custom: source sink: creating new message 0x60c000683d40 structure-change
0:01:05.867260280 18238 0x607000932940 DEBUG GST_SCHEDULING gstpad.c:4206:gst_pad_chain_data_unchecked: called chainfunction &gst_srtp_enc_chain_rtp with buffer 0x612004935c40, returned ok
0:01:05.867426112 18238 0x60700166d3d0 DEBUG GST_PADS gstpad.c:3499:probe_hook_marshal: probe returned OK
0:01:05.867390912 18238 0x60400000c890 DEBUG GST_BUS gstbus.c:317:gst_bus_post: [msg 0x60c000683d40] posting on bus structure-change message: 0x60c000683d40, time 99:99:99.999999999, seq-num 6146, element 'sink', GstMessageStructureChange, type=(GstStructureChangeType)GST_STRUCTURE_CHANGE_TYPE_PAD_UNLINK, owner=(GstElement)"\(GstTee\)\ send_tee_2", busy=(boolean)true;
0:01:05.867445286 18238 0x60700166d3d0 DEBUG GST_SCHEDULING gstpad.c:4200:gst_pad_chain_data_unchecked: calling chainfunction &gst_funnel_sink_chain with buffer buffer: 0x612005191840, pts 0:00:44.706053489, dts 0:00:44.706053489, dur 99:99:99.999999999, size 172, offset none, offset_end none, flags 0x0
0:01:05.867461402 18238 0x60400000c890 DEBUG bin gstbin.c:3734:gst_bin_handle_message_func: [msg 0x60c000683d40] handling child sink message of type structure-change
0:01:05.867479107 18238 0x60700166d3d0 DEBUG funnel gstfunnel.c:322:gst_funnel_sink_chain_object: received buffer: 0x612005191840, pts 0:00:44.706053489, dts 0:00:44.706053489, dur 99:99:99.999999999, size 172, offset none, offset_end none, flags 0x0
0:01:05.867465010 18238 0x607000932940 DEBUG GST_SCHEDULING gstpad.c:4206:gst_pad_chain_data_unchecked: called chainfunction &0x7f95fddef870 with buffer 0x612004935c40, returned ok
0:01:05.867507312 18238 0x60700166d3d0 DEBUG GST_SCHEDULING gstpad.c:4200:gst_pad_chain_data_unchecked: calling chainfunction &gst_proxy_pad_chain_default with buffer buffer: 0x612005191840, pts 0:00:44.706053489, dts 0:00:44.706053489, dur 99:99:99.999999999, size 172, offset none, offset_end none, flags 0x0
0:01:05.867537226 18238 0x607000932940 DEBUG GST_SCHEDULING gstpad.c:4206:gst_pad_chain_data_unchecked: called chainfunction &gst_proxy_pad_chain_default with buffer 0x612004935c40, returned ok
0:01:05.867495000 18238 0x60400000c890 DEBUG bin gstbin.c:912:find_message: no message found matching types 00001000
0:01:05.867542576 18238 0x60700166d3d0 DEBUG GST_SCHEDULING gstpad.c:4200:gst_pad_chain_data_unchecked: calling chainfunction &gst_funnel_sink_chain with buffer buffer: 0x612005191840, pts 0:00:44.706053489, dts 0:00:44.706053489, dur 99:99:99.999999999, size 172, offset none, offset_end none, flags 0x0
0:01:05.867562710 18238 0x607000932940 DEBUG GST_SCHEDULING gstpad.c:4206:gst_pad_chain_data_unchecked: called chainfunction &gst_rtp_mux_chain with buffer 0x612004935c40, returned ok
0:01:05.867576057 18238 0x60700166d3d0 DEBUG funnel gstfunnel.c:322:gst_funnel_sink_chain_object: received buffer: 0x612005191840, pts 0:00:44.706053489, dts 0:00:44.706053489, dur 99:99:99.999999999, size 172, offset none, offset_end none, flags 0x0
0:01:05.867588014 18238 0x607000932940 DEBUG GST_SCHEDULING gstpad.c:4206:gst_pad_chain_data_unchecked: called chainfunction &gst_base_transform_chain with buffer 0x612004935c40, returned ok
0:01:05.867609892 18238 0x607000932940 DEBUG GST_SCHEDULING gstpad.c:4206:gst_pad_chain_data_unchecked: called chainfunction &gst_proxy_pad_chain_default with buffer 0x612004935c40, returned ok
0:01:05.867634338 18238 0x607000932940 DEBUG GST_SCHEDULING gstpad.c:4206:gst_pad_chain_data_unchecked: called chainfunction &0x7f95fe031ee0 with buffer 0x6120033730c0, returned ok
0:01:05.867627804 18238 0x60400000c890 DEBUG bin gstbin.c:919:find_message: structure-change
0:01:05.867607880 18238 0x60700166d3d0 DEBUG GST_SCHEDULING gstpad.c:4200:gst_pad_chain_data_unchecked: calling chainfunction &gst_proxy_pad_chain_default with buffer buffer: 0x612005191840, pts 0:00:44.706053489, dts 0:00:44.706053489, dur 99:99:99.999999999, size 172, offset none, offset_end none, flags 0x0
0:01:05.867740386 18238 0x60700166d3d0 DEBUG GST_SCHEDULING gstpad.c:4200:gst_pad_chain_data_unchecked: calling chainfunction &gst_srtp_dec_chain_rtp with buffer buffer: 0x612005191840, pts 0:00:44.706053489, dts 0:00:44.706053489, dur 99:99:99.999999999, size 172, offset none, offset_end none, flags 0x0
0:01:05.867730419 18238 0x60400000c890 DEBUG bin gstbin.c:959:bin_replace_message: got new message 0x60c000683d40, structure-change from sink
0:01:05.867775835 18238 0x60700166d3d0 LOG GST_BUFFER gstbuffer.c:1720:gst_buffer_map_range: buffer 0x612005191840, idx 0, length 1, flags 10001
0:01:05.867797421 18238 0x60700166d3d0 LOG GST_BUFFER gstbuffer.c:212:_get_merged_memory: buffer 0x612005191840, idx 0, length 1
0:01:05.867824664 18238 0x60700166d3d0 DEBUG GST_SCHEDULING gstpad.c:4200:gst_pad_chain_data_unchecked: calling chainfunction &0x7f95fddf0e30 with buffer buffer: 0x612005191840, pts 0:00:44.706053489, dts 0:00:44.706053489, dur 99:99:99.999999999, size 172, offset none, offset_end none, flags 0x0
0:01:05.867812361 18238 0x60400000c890 DEBUG GST_BUS gstbus.c:352:gst_bus_post: [msg 0x60c000683d40] dropped
0:01:05.867853818 18238 0x60700166d3d0 LOG rtpsession gstrtpsession.c:1917:gst_rtp_session_chain_recv_rtp: received RTP packet
0:01:05.867867493 18238 0x60700166d3d0 DEBUG GST_CLOCK gstclock.c:1045:gst_clock_get_internal_time: internal time 132:06:01.513132695
0:01:05.867890164 18238 0x60700166d3d0 DEBUG GST_CLOCK gstclock.c:1090:gst_clock_get_time: adjusted time 132:06:01.513132695
0:01:05.867912711 18238 0x60700166d3d0 LOG GST_BUFFER gstbuffer.c:1720:gst_buffer_map_range: buffer 0x612005191840, idx 0, length 1, flags 0001
0:01:05.867864706 18238 0x60400000c890 INFO GST_ELEMENT_PADS gstpad.c:2125:gst_pad_unlink: unlinked send_tee_2:src_1 and valve_send_2:sink
0:01:05.867930160 18238 0x60700166d3d0 LOG GST_BUFFER gstbuffer.c:212:_get_merged_memory: buffer 0x612005191840, idx 0, length 1
0:01:05.867959075 18238 0x60700166d3d0 INFO rtpsource rtpsource.c:1147:update_receiver_stats: duplicate or reordered packet (seqnr 51810, expected 51843)
0:01:05.867975654 18238 0x60700166d3d0 LOG rtpsource rtpsource.c:1158:update_receiver_stats: seq 51810, PC: 952, OC: 152320
0:01:05.867658153 18238 0x607000932940 LOG audioencoder gstaudioencoder.c:1019:gst_audio_encoder_finish_frame: buffer pushed: ok
0:01:05.867989515 18238 0x60700166d3d0 LOG rtpsource rtpsource.c:938:calculate_jitter: SSRC ad993c43 got payload 96
0:01:05.867997378 18238 0x607000932940 LOG GST_BUFFER gstbuffer.c:724:_gst_buffer_free: finalize 0x6120046eea40
0:01:05.867987990 18238 0x60400000c890 LOG GST_MESSAGE gstmessage.c:300:gst_message_new_custom: source sink: creating new message 0x60c000879d00 structure-change
0:01:05.868009301 18238 0x607000932940 DEBUG GST_MEMORY gstmemory.c:87:_gst_memory_free: free memory 0x60d0000744e0
0:01:05.868003087 18238 0x60700166d3d0 LOG rtpsource rtpsource.c:971:calculate_jitter: rtparrival 2145890, rtptime 4090959825, clock-rate 48000, diff 5287, jitter: 18183.875000
0:01:05.868021534 18238 0x607000932940 DEBUG GST_MEMORY gstmemory.c:87:_gst_memory_free: free memory 0x619000881d80
0:01:05.868028869 18238 0x60700166d3d0 LOG rtpsource rtpsource.c:879:push_packet: pushing new packet
0:01:05.868036481 18238 0x607000932940 DEBUG GST_MEMORY gstmemory.c:87:_gst_memory_free: free memory 0x61900102ca80
0:01:05.868036574 18238 0x60700166d3d0 LOG rtpsession rtpsession.c:1389:source_push_rtp: source ad993c43 pushed receiver RTP packet
0:01:05.868052319 18238 0x607000932940 DEBUG GST_MEMORY gstmemory.c:87:_gst_memory_free: free memory 0x60d00015ea90
0:01:05.868061277 18238 0x60700166d3d0 LOG rtpsession gstrtpsession.c:1336:gst_rtp_session_process_rtp: pushing received RTP packet
0:01:05.868065960 18238 0x607000932940 LOG GST_BUFFER gstbuffer.c:724:_gst_buffer_free: finalize 0x6120035a6340
0:01:05.868081870 18238 0x607000932940 DEBUG GST_MEMORY gstmemory.c:87:_gst_memory_free: free memory 0x60d00015eb60
0:01:05.868074802 18238 0x60700166d3d0 DEBUG GST_SCHEDULING gstpad.c:4200:gst_pad_chain_data_unchecked: calling chainfunction &0x7f95fdddb9d0 with buffer buffer: 0x612005191840, pts 0:00:44.706053489, dts 0:00:44.706053489, dur 99:99:99.999999999, size 172, offset none, offset_end none, flags 0x0
0:01:05.868017743 18238 0x60400000c890 DEBUG GST_BUS gstbus.c:317:gst_bus_post: [msg 0x60c000879d00] posting on bus structure-change message: 0x60c000879d00, time 99:99:99.999999999, seq-num 6147, element 'sink', GstMessageStructureChange, type=(GstStructureChangeType)GST_STRUCTURE_CHANGE_TYPE_PAD_UNLINK, owner=(GstElement)"\(GstTee\)\ send_tee_2", busy=(boolean)false;
0:01:05.868106804 18238 0x60700166d3d0 LOG GST_BUFFER gstbuffer.c:1720:gst_buffer_map_range: buffer 0x612005191840, idx 0, length 1, flags 0001
0:01:05.868106962 18238 0x607000932940 LOG audioencoder gstaudioencoder.c:1089:gst_audio_encoder_push_buffers: available: 308, needed: 1920, force: 0
0:01:05.868127425 18238 0x60700166d3d0 LOG GST_BUFFER gstbuffer.c:212:_get_merged_memory: buffer 0x612005191840, idx 0, length 1
0:01:05.868138664 18238 0x607000932940 LOG audioencoder gstaudioencoder.c:1368:gst_audio_encoder_chain: chain leaving
0:01:05.868148983 18238 0x60700166d3d0 DEBUG rtpssrcdemux gstrtpssrcdemux.c:625:gst_rtp_ssrc_demux_chain: received buffer of SSRC ad993c43
0:01:05.868117023 18238 0x60400000c890 DEBUG bin gstbin.c:3734:gst_bin_handle_message_func: [msg 0x60c000879d00] handling child sink message of type structure-change
0:01:05.868155732 18238 0x607000932940 DEBUG GST_SCHEDULING gstpad.c:4206:gst_pad_chain_data_unchecked: called chainfunction &gst_audio_encoder_chain with buffer 0x61200184abc0, returned ok
0:01:05.868169080 18238 0x60700166d3d0 DEBUG GST_SCHEDULING gstpad.c:4200:gst_pad_chain_data_unchecked: calling chainfunction &gst_rtp_jitter_buffer_chain with buffer buffer: 0x612005191840, pts 0:00:44.706053489, dts 0:00:44.706053489, dur 99:99:99.999999999, size 172, offset none, offset_end none, flags 0x0
0:01:05.868187533 18238 0x607000932940 DEBUG GST_SCHEDULING gstpad.c:4206:gst_pad_chain_data_unchecked: called chainfunction &gst_base_transform_chain with buffer 0x61200184abc0, returned ok
0:01:05.868195566 18238 0x60700166d3d0 LOG GST_BUFFER gstbuffer.c:1720:gst_buffer_map_range: buffer 0x612005191840, idx 0, length 1, flags 0001
0:01:05.868204411 18238 0x60400000c890 LOG bin gstbin.c:890:message_check: looking at message 0x60c000683d40: 1
0:01:05.868234476 18238 0x60700166d3d0 LOG GST_BUFFER gstbuffer.c:212:_get_merged_memory: buffer 0x612005191840, idx 0, length 1
0:01:05.868214216 18238 0x607000932940 DEBUG GST_SCHEDULING gstpad.c:4206:gst_pad_chain_data_unchecked: called chainfunction &gst_base_transform_chain with buffer 0x6120011e6b40, returned ok
0:01:05.868264977 18238 0x607000932940 DEBUG GST_SCHEDULING gstpad.c:4206:gst_pad_chain_data_unchecked: called chainfunction &gst_base_transform_chain with buffer 0x6120011e6b40, returned ok
0:01:05.868266291 18238 0x60700166d3d0 DEBUG rtpjitterbuffer gstrtpjitterbuffer.c:2853:gst_rtp_jitter_buffer_chain: Received packet #51810 at time 0:00:44.706053489, discont 0, rtx 0
0:01:05.868237906 18238 0x60400074b990 LOG pulse pulsesrc.c:920:gst_pulsesrc_stream_request_cb: got request for length 640
0:01:05.868253846 18238 0x60400000c890 DEBUG bin gstbin.c:988:bin_remove_messages: deleting message 0x60c000683d40 of type structure-change (types 0x00001000)
0:01:05.868336237 18238 0x60400000c890 LOG GST_MESSAGE gstmessage.c:207:_gst_message_free: finalize message 0x60c000683d40, structure-change from sink
0:01:05.868326697 18238 0x60700166d3d0 LOG rtpjitterbuffer gstrtpjitterbuffer.c:2589:calculate_jitter: dtsdiff
0:00:00.029859726 rtptime 0:00:00.140000000, clock-rate 48000, diff 0:00:00.110140274, jitter:
0:00:00.378830963
0:01:05.868367096 18238 0x60700166d3d0 DEBUG rtpjitterbuffer gstrtpjitterbuffer.c:2950:gst_rtp_jitter_buffer_chain: expected #51843, got #51810, gap of -33
0:01:05.868295725 18238 0x607000932940 DEBUG GST_SCHEDULING gstpad.c:4206:gst_pad_chain_data_unchecked: called chainfunction &gst_proxy_pad_chain_default with buffer 0x6120011e6b40, returned ok
0:01:05.868389392 18238 0x60700166d3d0 DEBUG rtpjitterbuffer gstrtpjitterbuffer.c:2979:gst_rtp_jitter_buffer_chain: Clearing gap packets
0:01:05.868394108 18238 0x607000932940 DEBUG GST_SCHEDULING gstpad.c:4206:gst_pad_chain_data_unchecked: called chainfunction &gst_valve_chain with buffer 0x6120011e6b40, returned ok
0:01:05.868400634 18238 0x60700166d3d0 DEBUG rtpjitterbuffer rtpjitterbuffer.c:785:rtp_jitter_buffer_calculate_pts: extrtp 4090959825, gstrtp 23:40:28.329687500, base 23:40:28.189687500, send_diff
0:00:00.140000000
0:01:05.868412571 18238 0x607000932940 LOG tee gsttee.c:699:gst_tee_handle_data: Pushing item 0x6120011e6b40 yielded result ok
0:01:05.868439990 18238 0x607000932940 LOG tee gsttee.c:731:gst_tee_handle_data: Replacing ret val -1 with 0
0:01:05.868430016 18238 0x60700166d3d0 DEBUG rtpjitterbuffer rtpjitterbuffer.c:563:calculate_skew: time 0:00:44.706053489, base 0:00:44.676193763, recv_diff 0:00:00.029859726, slope 37
0:01:05.868418357 18238 0x607000975990 LOG pulse pulsesrc.c:1121:gst_pulsesrc_read: have data of 640 bytes
0:01:05.868452142 18238 0x607000932940 LOG GST_BUFFER gstbuffer.c:724:_gst_buffer_free: finalize 0x6120011e6b40
0:01:05.868361364 18238 0x60400000c890 LOG GST_MESSAGE gstmessage.c:207:_gst_message_free: finalize message 0x60c000879d00, structure-change from sink
0:01:05.868455385 18238 0x60700166d3d0 DEBUG rtpjitterbuffer rtpjitterbuffer.c:580:calculate_skew: filling 0, delta -110140274
0:01:05.868498797 18238 0x607000932940 DEBUG GST_MEMORY gstmemory.c:87:_gst_memory_free: free memory 0x6180000a4080
0:01:05.868515717 18238 0x607000932940 DEBUG tee gsttee.c:781:gst_tee_chain: handled buffer ok
0:01:05.868510240 18238 0x60700166d3d0 DEBUG rtpjitterbuffer rtpjitterbuffer.c:664:calculate_skew: skew -539687, out
0:00:44.815654076
0:01:05.868542538 18238 0x60700166d3d0 DEBUG rtpjitterbuffer gstrtpjitterbuffer.c:3000:gst_rtp_jitter_buffer_chain: old packet received
0:01:05.868552800 18238 0x60700166d3d0 DEBUG rtpjitterbuffer gstrtpjitterbuffer.c:3164:gst_rtp_jitter_buffer_chain: Packet #51810 too late as #51824 was already popped, dropping
0:01:05.868545738 18238 0x60400000c890 DEBUG GST_BUS gstbus.c:352:gst_bus_post: [msg 0x60c000879d00] dropped
0:01:05.868570866 18238 0x60700166d3d0 LOG GST_BUFFER gstbuffer.c:724:_gst_buffer_free: finalize 0x612005191840
0:01:05.868593564 18238 0x60400000c890 INFO GST_PARENTAGE gstbin.c:1822:gst_bin_remove_func: removed child "valve_send_2"
0:01:05.868592781 18238 0x60700166d3d0 DEBUG GST_MEMORY gstmemory.c:87:_gst_memory_free: free memory 0x61300050cf00
0:01:05.868525093 18238 0x607000975990 LOG audiosrc gstaudiosrc.c:240:audioringbuffer_thread_func: transfered 640 bytes of 640 to segment 1
0:01:05.868635902 18238 0x60700166d3d0 DEBUG GST_SCHEDULING gstpad.c:4206:gst_pad_chain_data_unchecked: called chainfunction &gst_rtp_jitter_buffer_chain with buffer 0x612005191840, returned ok
0:01:05.868644618 18238 0x60400000c890 LOG bin gstbin.c:1508:gst_bin_deep_element_removed_func: emitting deep-element-removed for element which has just been removed from
0:01:05.868589591 18238 0x607000932940 DEBUG GST_SCHEDULING gstpad.c:4206:gst_pad_chain_data_unchecked: called chainfunction &gst_tee_chain with buffer 0x6120011e6b40, returned ok
0:01:05.868669845 18238 0x60700166d3d0 DEBUG GST_SCHEDULING gstpad.c:4206:gst_pad_chain_data_unchecked: called chainfunction &0x7f95fdddb9d0 with buffer 0x612005191840, returned ok
0:01:05.868679273 18238 0x60400000c890 LOG bin gstbin.c:1502:gst_bin_deep_element_removed_func: no parent, reached top-level
0:01:05.868695768 18238 0x60700166d3d0 DEBUG GST_SCHEDULING gstpad.c:4206:gst_pad_chain_data_unchecked: called chainfunction &0x7f95fddf0e30 with buffer 0x612005191840, returned ok
0:01:05.868702082 18238 0x60400000c890 DEBUG GST_STATES gstelement.c:2013:gst_element_set_locked_state: locking state of element send_tee_2
0:01:05.868684957 18238 0x607000932940 DEBUG GST_SCHEDULING gstpad.c:4206:gst_pad_chain_data_unchecked: called chainfunction &gst_proxy_pad_chain_default with buffer 0x6120011e6b40, returned ok
0:01:05.868720345 18238 0x60700166d3d0 DEBUG GST_SCHEDULING gstpad.c:4206:gst_pad_chain_data_unchecked: called chainfunction &gst_srtp_dec_chain_rtp with buffer 0x612005191840, returned ok
0:01:05.868693897 18238 0x607000975990 INFO ringbuffer gstaudioringbuffer.c:2033:gst_audio_ring_buffer_set_timestamp: Storing timestamp 99:99:99.999999999 @ 1
0:01:05.868770089 18238 0x60700166d3d0 DEBUG GST_SCHEDULING gstpad.c:4206:gst_pad_chain_data_unchecked: called chainfunction &gst_proxy_pad_chain_default with buffer 0x612005191840, returned ok
0:01:05.868824703 18238 0x607000975990 LOG ringbuffer gstaudioringbuffer.c:1850:gst_audio_ring_buffer_prepare_read: prepare read from segment 0 (real 4472) @0x61a00028c880
0:01:05.868827379 18238 0x60700166d3d0 LOG funnel gstfunnel.c:343:gst_funnel_sink_chain_object: handled buffer ok
0:01:05.868757684 18238 0x607000932940 DEBUG GST_SCHEDULING gstpad.c:4206:gst_pad_chain_data_unchecked: called chainfunction &gst_proxy_pad_chain_default with buffer 0x6120011e6b40, returned ok
0:01:05.868878330 18238 0x607000975990 LOG pulse pulsesrc.c:1106:gst_pulsesrc_read: reading 640 bytes
0:01:05.868889390 18238 0x60700166d3d0 DEBUG GST_SCHEDULING gstpad.c:4206:gst_pad_chain_data_unchecked: called chainfunction &gst_funnel_sink_chain with buffer 0x612005191840, returned ok
0:01:05.868725585 18238 0x60400000c890 DEBUG GST_STATES gstelement.c:2570:gst_element_set_state_func: set_state to NULL
0:01:05.868918737 18238 0x60700166d3d0 DEBUG GST_SCHEDULING gstpad.c:4206:gst_pad_chain_data_unchecked: called chainfunction &gst_proxy_pad_chain_default with buffer 0x612005191840, returned ok
0:01:05.868945601 18238 0x60700166d3d0 LOG funnel gstfunnel.c:343:gst_funnel_sink_chain_object: handled buffer ok
0:01:05.868952134 18238 0x60400000c890 DEBUG GST_STATES gstelement.c:2595:gst_element_set_state_func: setting target state to NULL
0:01:05.868938199 18238 0x607000932940 DEBUG GST_SCHEDULING gstpad.c:4206:gst_pad_chain_data_unchecked: called chainfunction &gst_base_transform_chain with buffer 0x6120011e6b40, returned ok
0:01:05.868968788 18238 0x60700166d3d0 DEBUG GST_SCHEDULING gstpad.c:4206:gst_pad_chain_data_unchecked: called chainfunction &gst_funnel_sink_chain with buffer 0x612005191840, returned ok
0:01:05.868935433 18238 0x607000975990 LOG pulse pulsesrc.c:1106:gst_pulsesrc_read: reading 52 bytes
0:01:05.868976362 18238 0x60400000c890 DEBUG GST_STATES gstelement.c:2608:gst_element_set_state_func: current PLAYING, old_pending VOID_PENDING, next VOID_PENDING, old return SUCCESS
0:01:05.869014147 18238 0x607000932940 DEBUG GST_SCHEDULING gstpad.c:4206:gst_pad_chain_data_unchecked: called chainfunction &gst_base_transform_chain with buffer 0x6120011e6b40, returned ok
0:01:05.868990213 18238 0x60700166d3d0 LOG GST_SCHEDULING gstpad.c:3615:do_probe_callbacks: do probes cookie 3008
0:01:05.869043834 18238 0x607000932940 LOG basesrc gstbasesrc.c:2738:gst_base_src_loop: next_ts 99:99:99.999999999 size 0
0:01:05.869042498 18238 0x60400000c890 DEBUG GST_STATES gstelement.c:2642:gst_element_set_state_func: intermediate: setting state from PLAYING to PAUSED
0:01:05.869070644 18238 0x607000932940 DEBUG basesrc gstbasesrc.c:2460:gst_base_src_get_range: calling create offset 18446744073709551615 length 0, time 0
0:01:05.869077036 18238 0x60400000c890 LOG GST_STATES gstelement.c:2897:gst_element_change_state_func: default handler tries setting state from PLAYING to PAUSED (0023)
0:01:05.869059093 18238 0x60700166d3d0 LOG GST_SCHEDULING gstpad.c:3511:probe_hook_marshal: hook 1, cookie 3008 with flags 0x00003010 does not match 00001001
0:01:05.869094520 18238 0x607000932940 DEBUG audiobasesrc gstaudiobasesrc.c:736:gst_audio_base_src_get_offset: at segment 4472 and sample 1430720
0:01:05.869029076 18238 0x607000975990 LOG pulse pulsesrc.c:1121:gst_pulsesrc_read: have data of 0 bytes
0:01:05.869103393 18238 0x60400000c890 DEBUG GST_STATES gstelement.c:2731:gst_element_change_state: element changed state SUCCESS
0:01:05.869117079 18238 0x607000932940 DEBUG audiobasesrc gstaudiobasesrc.c:759:gst_audio_base_src_get_offset: reading from 4471, we are at 4472, sample 1430720
0:01:05.869119710 18238 0x60400000c890 INFO GST_STATES gstelement.c:2394:gst_element_continue_state: committing state from PLAYING to PAUSED, pending NULL, next READY
0:01:05.869140878 18238 0x607000975990 LOG pulse pulsesrc.c:1128:gst_pulsesrc_read: waiting for data
0:01:05.869140077 18238 0x607000932940 DEBUG audiobasesrc gstaudiobasesrc.c:815:gst_audio_base_src_create: reading from sample 1430720 length 640
0:01:05.869148025 18238 0x60400000c890 INFO GST_STATES gstelement.c:2324:_priv_gst_element_state_changed: notifying about state-changed PLAYING to PAUSED (NULL pending)
0:01:05.869187177 18238 0x607000932940 DEBUG GST_MEMORY gstmemory.c:138:gst_memory_init: new memory 0x6180000a4480, maxsize:647 offset:0 size:640
0:01:05.869213107 18238 0x607000932940 LOG GST_BUFFER gstbuffer.c:798:gst_buffer_new: new 0x612002c02840
0:01:05.869199952 18238 0x60400000c890 LOG GST_MESSAGE gstmessage.c:300:gst_message_new_custom: source send_tee_2: creating new message 0x60c00094d680 state-changed
0:01:05.869232894 18238 0x607000932940 LOG GST_BUFFER gstbuffer.c:413:_memory_add: buffer 0x612002c02840, idx -1, mem 0x6180000a4480
0:01:05.869251951 18238 0x607000932940 LOG GST_BUFFER gstbuffer.c:854:gst_buffer_new_allocate: new buffer 0x612002c02840 of size 640 from allocator (nil)
0:01:05.869235772 18238 0x60400000c890 DEBUG GST_BUS gstbus.c:317:gst_bus_post: [msg 0x60c00094d680] posting on bus state-changed message: 0x60c00094d680, time 99:99:99.999999999, seq-num 6148, element 'send_tee_2', GstMessageStateChanged, old-state=(GstState)GST_STATE_PLAYING, new-state=(GstState)GST_STATE_PAUSED, pending-state=(GstState)GST_STATE_NULL;
0:01:05.869272718 18238 0x607000932940 LOG GST_BUFFER gstbuffer.c:1720:gst_buffer_map_range: buffer 0x612002c02840, idx 0, length -1, flags 0002
0:01:05.869293158 18238 0x607000932940 LOG GST_BUFFER gstbuffer.c:212:_get_merged_memory: buffer 0x612002c02840, idx 0, length 1
0:01:05.869294033 18238 0x60400000c890 DEBUG bin gstbin.c:3734:gst_bin_handle_message_func: [msg 0x60c00094d680] handling child send_tee_2 message of type state-changed
0:01:05.869323246 18238 0x60400000c890 DEBUG bin gstbin.c:4071:gst_bin_handle_message_func: posting message upward
0:01:05.869318519 18238 0x607000932940 DEBUG ringbuffer gstaudioringbuffer.c:1740:gst_audio_ring_buffer_read: pointer at 4472, sample 1430720, read from 4471-0, to_read 320, diff 1, segtotal 2, segsize 640
0:01:05.869372865 18238 0x607000932940 DEBUG ringbuffer gstaudioringbuffer.c:1765:gst_audio_ring_buffer_read: read @0x61a00028cb00 seg 1, off 0, sampleslen 320
0:01:05.869368488 18238 0x60400000c890 DEBUG GST_BUS gstbus.c:317:gst_bus_post: [msg 0x60c00094d680] posting on bus state-changed message: 0x60c00094d680, time 99:99:99.999999999, seq-num 6148, element 'send_tee_2', GstMessageStateChanged, old-state=(GstState)GST_STATE_PLAYING, new-state=(GstState)GST_STATE_PAUSED, pending-state=(GstState)GST_STATE_NULL;
0:01:05.869319841 18238 0x60700166d3d0 LOG basesrc gstbasesrc.c:2738:gst_base_src_loop: next_ts 99:99:99.999999999 size 4096
0:01:05.869398841 18238 0x607000932940 INFO ringbuffer gstaudioringbuffer.c:1793:gst_audio_ring_buffer_read: Retrieved timestamp 99:99:99.999999999 @ 1
0:01:05.869421897 18238 0x60400000c890 DEBUG bin gstbin.c:3734:gst_bin_handle_message_func: [msg 0x60c00094d680] handling child send_tee_2 message of type state-changed
0:01:05.869434816 18238 0x607000932940 DEBUG audiobasesrc gstaudiobasesrc.c:837:gst_audio_base_src_create: read 320 of 320
0:01:05.869450157 18238 0x60400000c890 DEBUG bin gstbin.c:4071:gst_bin_handle_message_func: posting message upward
0:01:05.869459160 18238 0x607000932940 DEBUG GST_CLOCK gstclock.c:1045:gst_clock_get_internal_time: internal time 132:06:01.514724856
0:01:05.869457928 18238 0x60700166d3d0 DEBUG basesrc gstbasesrc.c:2460:gst_base_src_get_range: calling create offset 18446744073709551615 length 4096, time 0
0:01:05.869481693 18238 0x607000932940 DEBUG GST_CLOCK gstclock.c:1090:gst_clock_get_time: adjusted time 132:06:01.514724856
0:01:05.869466519 18238 0x60400000c890 DEBUG GST_BUS gstbus.c:317:gst_bus_post: [msg 0x60c00094d680] posting on bus state-changed message: 0x60c00094d680, time 99:99:99.999999999, seq-num 6148, element 'send_tee_2', GstMessageStateChanged, old-state=(GstState)GST_STATE_PLAYING, new-state=(GstState)GST_STATE_PAUSED, pending-state=(GstState)GST_STATE_NULL;
0:01:05.869520097 18238 0x60400000c890 DEBUG GST_BUS gstbus.c:356:gst_bus_post: [msg 0x60c00094d680] pushing on async queue
0:01:05.869534746 18238 0x60700166d3d0 LOG nicesrc gstnicesrc.c:278:gst_nice_src_create: create called
0:01:05.869541907 18238 0x60400000c890 DEBUG GST_BUS gstbus.c:359:gst_bus_post: [msg 0x60c00094d680] pushed on async queue
0:01:05.869515500 18238 0x607000932940 DEBUG audiobasesrc gstaudiobasesrc.c:950:gst_audio_base_src_create: running_time =
0:00:44.709746408 timestamp =
0:00:44.710000000 running_time_segment = 4470 last_written_segment = 4471 segment_skew (running time segment - last_written_segment) = -1 last_read_segment = 4471
0:01:05.869585584 18238 0x60400000c890 DEBUG GST_BUS gstbus.c:352:gst_bus_post: [msg 0x60c00094d680] dropped
0:01:05.869607011 18238 0x607000932940 LOG audiobasesrc gstaudiobasesrc.c:1061:gst_audio_base_src_create: Pushed buffer timestamp
0:00:44.710000000
0:01:05.869612692 18238 0x60400000c890 DEBUG GST_BUS gstbus.c:352:gst_bus_post: [msg 0x60c00094d680] dropped
0:01:05.869631045 18238 0x607000932940 DEBUG basesrc gstbasesrc.c:2315:gst_base_src_do_sync: no sync needed
0:01:05.869644335 18238 0x607000932940 DEBUG basesrc gstbasesrc.c:2524:gst_base_src_get_range: buffer ok
0:01:05.869637857 18238 0x60400000c890 INFO GST_STATES gstelement.c:2401:gst_element_continue_state: continue state change PAUSED to READY, final NULL
0:01:05.869654846 18238 0x607000932940 DEBUG GST_SCHEDULING gstpad.c:4200:gst_pad_chain_data_unchecked: calling chainfunction &gst_base_transform_chain with buffer buffer: 0x612002c02840, pts 0:00:44.710000000, dts 99:99:99.999999999, dur 0:00:00.010000000, size 640, offset 1430720, offset_end 1431040, flags 0x0
0:01:05.869686994 18238 0x607000932940 DEBUG basetransform gstbasetransform.c:2036:default_submit_input_buffer: handling buffer 0x612002c02840 of size 640, PTS
0:00:44.710000000 and offset 1430720
0:01:05.869765432 18238 0x60400000c890 LOG GST_STATES gstelement.c:2897:gst_element_change_state_func: default handler tries setting state from PAUSED to READY (001a)
0:01:05.869779360 18238 0x607000932940 DEBUG basetransform gstbasetransform.c:2153:default_generate_output: calling prepare buffer
0:01:05.869798086 18238 0x60400000c890 DEBUG GST_ELEMENT_PADS gstelement.c:2840:gst_element_pads_activate: deactivate pads
0:01:05.869807313 18238 0x607000932940 DEBUG basetransform gstbasetransform.c:2160:default_generate_output: using allocated buffer in 0x612002c02840, out 0x612002c02840
0:01:05.869829983 18238 0x607000932940 DEBUG basetransform gstbasetransform.c:2177:default_generate_output: doing inplace transform
0:01:05.869824341 18238 0x60400000c890 DEBUG GST_PADS gstpad.c:1078:gst_pad_set_active: deactivating pad from push mode
0:01:05.869863608 18238 0x60400000c890 DEBUG GST_PADS gstpad.c:967:pre_activate: setting PAD_MODE NONE, set flushing
0:01:05.869847257 18238 0x607000932940 DEBUG GST_SCHEDULING gstpad.c:4200:gst_pad_chain_data_unchecked: calling chainfunction &gst_base_transform_chain with buffer buffer: 0x612002c02840, pts 0:00:44.710000000, dts 99:99:99.999999999, dur 0:00:00.010000000, size 640, offset 1430720, offset_end 1431040, flags 0x0
0:01:05.869885484 18238 0x60400000c890 DEBUG GST_PADS gstpad.c:1015:post_activate: stopped streaming
0:01:05.869901421 18238 0x60400000c890 DEBUG GST_PADS gstpad.c:453:remove_events: notify caps
0:01:05.869892900 18238 0x607000932940 DEBUG volume gstvolume.c:697:volume_before_transform: sync to
0:00:44.710000000
0:01:05.869918397 18238 0x607000932940 LOG default gstobject.c:1120:gst_object_sync_values: sync_values
0:01:05.869926931 18238 0x60400000c890 LOG GST_PROPERTIES gstobject.c:456:gst_object_dispatch_properties_changed: deep notification from src_0 (caps)
0:01:05.869929181 18238 0x607000932940 DEBUG audio audio.c:108:gst_audio_buffer_clip: timestamp
0:00:44.710000000
0:01:05.869953158 18238 0x60400000c890 LOG GST_PROPERTIES gstobject.c:456:gst_object_dispatch_properties_changed: deep notification from src_0 (caps)
0:01:05.869957285 18238 0x607000932940 DEBUG basetransform gstbasetransform.c:2036:default_submit_input_buffer: handling buffer 0x612002c02840 of size 640, PTS
0:00:44.710000000 and offset 1430720
0:01:05.869973415 18238 0x60400000c890 LOG GST_PROPERTIES gstobject.c:456:gst_object_dispatch_properties_changed: deep notification from src_0 (caps)
0:01:05.869986756 18238 0x607000932940 DEBUG basetransform gstbasetransform.c:2153:default_generate_output: calling prepare buffer
0:01:05.870002737 18238 0x607000932940 DEBUG basetransform gstbasetransform.c:1650:default_prepare_output_buffer: passthrough: reusing input buffer
0:01:05.869995751 18238 0x60400000c890 DEBUG GST_PADS gstpad.c:1188:activate_mode_internal: deactivated in push mode
0:01:05.870017877 18238 0x607000932940 DEBUG basetransform gstbasetransform.c:2160:default_generate_output: using allocated buffer in 0x612002c02840, out 0x612002c02840
0:01:05.870026085 18238 0x60400000c890 DEBUG GST_PADS gstpad.c:1078:gst_pad_set_active: deactivating pad from push mode
0:01:05.870035863 18238 0x607000932940 DEBUG basetransform gstbasetransform.c:2171:default_generate_output: element is in passthrough
0:01:05.870042744 18238 0x60400000c890 DEBUG GST_PADS gstpad.c:967:pre_activate: setting PAD_MODE NONE, set flushing
0:01:05.870052454 18238 0x60400000c890 DEBUG GST_PADS gstpad.c:1015:post_activate: stopped streaming
0:01:05.870066287 18238 0x60400000c890 DEBUG GST_PADS gstpad.c:453:remove_events: notify caps
0:01:05.870052060 18238 0x607000932940 DEBUG GST_SCHEDULING gstpad.c:4200:gst_pad_chain_data_unchecked: calling chainfunction &gst_proxy_pad_chain_default with buffer buffer: 0x612002c02840, pts 0:00:44.710000000, dts 99:99:99.999999999, dur 0:00:00.010000000, size 640, offset 1430720, offset_end 1431040, flags 0x0
0:01:05.870086200 18238 0x607000932940 DEBUG GST_SCHEDULING gstpad.c:4200:gst_pad_chain_data_unchecked: calling chainfunction &gst_proxy_pad_chain_default with buffer buffer: 0x612002c02840, pts 0:00:44.710000000, dts 99:99:99.999999999, dur 0:00:00.010000000, size 640, offset 1430720, offset_end 1431040, flags 0x0
0:01:05.870101550 18238 0x60400000c890 LOG GST_PROPERTIES gstobject.c:456:gst_object_dispatch_properties_changed: deep notification from src_1 (caps)
0:01:05.870123273 18238 0x60400000c890 LOG GST_PROPERTIES gstobject.c:456:gst_object_dispatch_properties_changed: deep notification from src_1 (caps)
0:01:05.870118986 18238 0x607000932940 DEBUG GST_SCHEDULING gstpad.c:4200:gst_pad_chain_data_unchecked: calling chainfunction &gst_tee_chain with buffer buffer: 0x612002c02840, pts 0:00:44.710000000, dts 99:99:99.999999999, dur 0:00:00.010000000, size 640, offset 1430720, offset_end 1431040, flags 0x0
0:01:05.870135617 18238 0x60400000c890 LOG GST_PROPERTIES gstobject.c:456:gst_object_dispatch_properties_changed: deep notification from src_1 (caps)
0:01:05.870153654 18238 0x607000932940 DEBUG tee gsttee.c:777:gst_tee_chain: received buffer 0x612002c02840
0:01:05.870162385 18238 0x60400000c890 DEBUG GST_PADS gstpad.c:1188:activate_mode_internal: deactivated in push mode
0:01:05.870175098 18238 0x607000932940 LOG tee gsttee.c:694:gst_tee_handle_data: Starting to push buffer 0x612002c02840
