0:01:05.807601519 18238 0x60400000c890 DEBUG GST_BUS gstbus.c:317:gst_bus_post: [msg 0x60c0009ac9c0] posting on bus state-changed message: 0x60c0009ac9c0, time 99:99:99.999999999, seq-num 6081, element 'tee7', GstMessageStateChanged, old-state=(GstState)GST_STATE_PAUSED, new-state=(GstState)GST_STATE_READY, pending-state=(GstState)GST_STATE_VOID_PENDING;
0:01:05.807629236 18238 0x60700134f130 DEBUG GST_CLOCK gstsystemclock.c:1004:gst_system_clock_id_unschedule: unscheduling entry 0x60b0009f1030
0:01:05.807649509 18238 0x60400000c890 DEBUG bin gstbin.c:3734:gst_bin_handle_message_func: [msg 0x60c0009ac9c0] handling child tee7 message of type state-changed
0:01:05.807649738 18238 0x607000932940 DEBUG GST_SCHEDULING gstpad.c:4206:gst_pad_chain_data_unchecked: called chainfunction &0x7f95fddef870 with buffer 0x6120027571c0, returned ok
0:01:05.807684387 18238 0x60400000c890 DEBUG bin gstbin.c:4071:gst_bin_handle_message_func: posting message upward
0:01:05.807694907 18238 0x60700134f130 DEBUG GST_CLOCK gstsystemclock.c:1018:gst_system_clock_id_unschedule: entry was BUSY, doing wakeup
0:01:05.807683359 18238 0x607000932940 DEBUG GST_SCHEDULING gstpad.c:4206:gst_pad_chain_data_unchecked: called chainfunction &gst_proxy_pad_chain_default with buffer 0x6120027571c0, returned ok
0:01:05.807774887 18238 0x607000932940 DEBUG GST_SCHEDULING gstpad.c:4206:gst_pad_chain_data_unchecked: called chainfunction &gst_rtp_mux_chain with buffer 0x6120027571c0, returned ok
0:01:05.807754847 18238 0x60700134f130 DEBUG GST_CLOCK gstsystemclock.c:396:gst_system_clock_add_wakeup: writing control
0:01:05.807707228 18238 0x60400000c890 DEBUG GST_BUS gstbus.c:317:gst_bus_post: [msg 0x60c0009ac9c0] posting on bus state-changed message: 0x60c0009ac9c0, time 99:99:99.999999999, seq-num 6081, element 'tee7', GstMessageStateChanged, old-state=(GstState)GST_STATE_PAUSED, new-state=(GstState)GST_STATE_READY, pending-state=(GstState)GST_STATE_VOID_PENDING;
0:01:05.807794997 18238 0x607000932940 DEBUG GST_SCHEDULING gstpad.c:4206:gst_pad_chain_data_unchecked: called chainfunction &gst_base_transform_chain with buffer 0x6120027571c0, returned ok
0:01:05.807801672 18238 0x60700134f130 LOG GST_POLL gstpoll.c:289:raise_wakeup: 0x6070005176e0: raise
0:01:05.807823469 18238 0x607000932940 DEBUG GST_SCHEDULING gstpad.c:4206:gst_pad_chain_data_unchecked: called chainfunction &gst_proxy_pad_chain_default with buffer 0x6120027571c0, returned ok
0:01:05.807822385 18238 0x60400000c890 DEBUG GST_BUS gstbus.c:356:gst_bus_post: [msg 0x60c0009ac9c0] pushing on async queue
0:01:05.807848877 18238 0x607000932940 DEBUG GST_SCHEDULING gstpad.c:4206:gst_pad_chain_data_unchecked: called chainfunction &0x7f95fe031ee0 with buffer 0x612002cd16c0, returned ok
0:01:05.807851754 18238 0x60400000c890 DEBUG GST_BUS gstbus.c:359:gst_bus_post: [msg 0x60c0009ac9c0] pushed on async queue
0:01:05.807876293 18238 0x60700026ab70 DEBUG GST_CLOCK gstsystemclock.c:745:gst_system_clock_id_wait_jitter_unlocked: entry 0x60b00093d930 unlocked, status 3, ret 1
0:01:05.807884726 18238 0x60400000c890 DEBUG GST_BUS gstbus.c:352:gst_bus_post: [msg 0x60c0009ac9c0] dropped
0:01:05.807903412 18238 0x6070001c8f30 DEBUG GST_CLOCK gstsystemclock.c:745:gst_system_clock_id_wait_jitter_unlocked: entry 0x60b0009f1030 unlocked, status 2, ret 1
0:01:05.807914622 18238 0x60400000c890 DEBUG GST_BUS gstbus.c:352:gst_bus_post: [msg 0x60c0009ac9c0] dropped
0:01:05.807935502 18238 0x607000932940 LOG audioencoder gstaudioencoder.c:1019:gst_audio_encoder_finish_frame: buffer pushed: ok
0:01:05.807941814 18238 0x60400000c890 DEBUG GST_BUS gstbus.c:352:gst_bus_post: [msg 0x60c0009ac9c0] dropped
0:01:05.807950169 18238 0x607000932940 LOG GST_BUFFER gstbuffer.c:724:_gst_buffer_free: finalize 0x612002cd25c0
0:01:05.807895395 18238 0x60700178a7d0 DEBUG GST_CLOCK gstsystemclock.c:745:gst_system_clock_id_wait_jitter_unlocked: entry 0x60b0018b5d50 unlocked, status 3, ret 1
0:01:05.807973620 18238 0x607000932940 DEBUG GST_MEMORY gstmemory.c:87:_gst_memory_free: free memory 0x60d00014c3a0
0:01:05.807932266 18238 0x607000071050 DEBUG GST_CLOCK gstsystemclock.c:745:gst_system_clock_id_wait_jitter_unlocked: entry 0x60b002c954a0 unlocked, status 3, ret 1
0:01:05.808021142 18238 0x607000932940 DEBUG GST_MEMORY gstmemory.c:87:_gst_memory_free: free memory 0x6190013a5b80
0:01:05.807976774 18238 0x60400000c890 LOG GST_STATES gstelement.c:2747:gst_element_change_state: exit state change 1
0:01:05.808039584 18238 0x607000932940 DEBUG GST_MEMORY gstmemory.c:87:_gst_memory_free: free memory 0x619000b3b580
0:01:05.808057500 18238 0x607000932940 DEBUG GST_MEMORY gstmemory.c:87:_gst_memory_free: free memory 0x60d00008bf80
0:01:05.808051865 18238 0x60400000c890 DEBUG GST_STATES gstelement.c:2654:gst_element_set_state_func: returned SUCCESS
0:01:05.808076141 18238 0x607000932940 LOG GST_BUFFER gstbuffer.c:724:_gst_buffer_free: finalize 0x612003a74340
0:01:05.808091307 18238 0x607000932940 DEBUG GST_MEMORY gstmemory.c:87:_gst_memory_free: free memory 0x60d000061020
0:01:05.808086707 18238 0x60400000c890 INFO GST_STATES gstbin.c:2969:gst_bin_change_state_func: child 'tee7' changed state to 2(READY) successfully
0:01:05.808038470 18238 0x60700134f130 DEBUG GST_CLOCK gstsystemclock.c:400:gst_system_clock_add_wakeup: wakeup count 1
0:01:05.808112593 18238 0x607000932940 LOG audioencoder gstaudioencoder.c:1089:gst_audio_encoder_push_buffers: available: 308, needed: 1920, force: 0
0:01:05.808139440 18238 0x6070001c8f30 DEBUG GST_CLOCK gstsystemclock.c:377:gst_system_clock_remove_wakeup: reading control
0:01:05.808133691 18238 0x60400000c890 DEBUG bin gstbin.c:2387:gst_bin_sort_iterator_next: queue head gives tee6
0:01:05.808161589 18238 0x6070001c8f30 LOG GST_POLL gstpoll.c:313:release_wakeup: 0x6070005176e0: release
0:01:05.808183405 18238 0x6070001c8f30 DEBUG GST_CLOCK gstsystemclock.c:390:gst_system_clock_remove_wakeup: wakeup count 0
0:01:05.808160071 18238 0x60700134f130 DEBUG rtpjitterbuffer gstrtpjitterbuffer.c:3119:gst_rtp_jitter_buffer_chain: Pushed packet #30695, now 11 packets, head: 1, percent -1
0:01:05.808203445 18238 0x6070001c8f30 DEBUG GST_CLOCK gstclock.c:545:gst_clock_id_wait: done waiting entry 0x60b0009f1030, res: 2 (unscheduled)
0:01:05.808215304 18238 0x60700026ab70 DEBUG GST_CLOCK gstsystemclock.c:766:gst_system_clock_id_wait_jitter_unlocked: entry 0x60b00093d930 needs to be restarted
0:01:05.808271986 18238 0x60700134f130 DEBUG GST_SCHEDULING gstpad.c:4206:gst_pad_chain_data_unchecked: called chainfunction &gst_rtp_jitter_buffer_chain with buffer 0x612001499a40, returned ok
0:01:05.808230299 18238 0x607000071050 DEBUG GST_CLOCK gstsystemclock.c:766:gst_system_clock_id_wait_jitter_unlocked: entry 0x60b002c954a0 needs to be restarted
0:01:05.808301731 18238 0x60700134f130 DEBUG GST_SCHEDULING gstpad.c:4206:gst_pad_chain_data_unchecked: called chainfunction &0x7f95fdddb9d0 with buffer 0x612001499a40, returned ok
0:01:05.808307494 18238 0x60700026ab70 DEBUG GST_CLOCK gstclock.c:1045:gst_clock_get_internal_time: internal time 132:06:01.453571157
0:01:05.808219083 18238 0x60700178a7d0 DEBUG GST_CLOCK gstsystemclock.c:766:gst_system_clock_id_wait_jitter_unlocked: entry 0x60b0018b5d50 needs to be restarted
0:01:05.808228724 18238 0x607000932940 LOG audioencoder gstaudioencoder.c:1368:gst_audio_encoder_chain: chain leaving
0:01:05.808326254 18238 0x60700134f130 DEBUG GST_SCHEDULING gstpad.c:4206:gst_pad_chain_data_unchecked: called chainfunction &0x7f95fddf0e30 with buffer 0x612001499a40, returned ok
0:01:05.808269800 18238 0x607001918f10 DEBUG rtpjitterbuffer gstrtpjitterbuffer.c:4025:gst_rtp_jitter_buffer_loop: waiting event done
0:01:05.808339373 18238 0x607000932940 DEBUG GST_SCHEDULING gstpad.c:4206:gst_pad_chain_data_unchecked: called chainfunction &gst_audio_encoder_chain with buffer 0x6120028dfbc0, returned ok
0:01:05.808374647 18238 0x60700178a7d0 DEBUG GST_CLOCK gstclock.c:1045:gst_clock_get_internal_time: internal time 132:06:01.453639672
0:01:05.808401538 18238 0x60700178a7d0 DEBUG GST_CLOCK gstclock.c:1090:gst_clock_get_time: adjusted time 132:06:01.453639672
0:01:05.808421179 18238 0x60700178a7d0 DEBUG GST_CLOCK gstsystemclock.c:806:gst_system_clock_id_wait_jitter_unlocked: entry 0x60b0018b5d50 restart, diff 330584826
0:01:05.808407954 18238 0x60700026ab70 DEBUG GST_CLOCK gstclock.c:1090:gst_clock_get_time: adjusted time 132:06:01.453639672
0:01:05.808306184 18238 0x607000071050 DEBUG GST_CLOCK gstclock.c:1045:gst_clock_get_internal_time: internal time 132:06:01.453571039
0:01:05.808372981 18238 0x607001918f10 DEBUG rtpjitterbuffer gstrtpjitterbuffer.c:3481:handle_next_buffer: Old packet #30695, next #30701 dropping
0:01:05.808408777 18238 0x607000932940 DEBUG GST_SCHEDULING gstpad.c:4206:gst_pad_chain_data_unchecked: called chainfunction &gst_base_transform_chain with buffer 0x6120028dfbc0, returned ok
0:01:05.808472817 18238 0x607000071050 DEBUG GST_CLOCK gstclock.c:1090:gst_clock_get_time: adjusted time 132:06:01.453639672
0:01:05.808498235 18238 0x607001918f10 LOG GST_BUFFER gstbuffer.c:724:_gst_buffer_free: finalize 0x612001499a40
0:01:05.808348901 18238 0x60700134f130 DEBUG GST_SCHEDULING gstpad.c:4206:gst_pad_chain_data_unchecked: called chainfunction &gst_srtp_dec_chain_rtp with buffer 0x612001499a40, returned ok
0:01:05.808495086 18238 0x607000932940 DEBUG GST_SCHEDULING gstpad.c:4206:gst_pad_chain_data_unchecked: called chainfunction &gst_base_transform_chain with buffer 0x61200178f0c0, returned ok
0:01:05.808473407 18238 0x60700026ab70 DEBUG GST_CLOCK gstsystemclock.c:806:gst_system_clock_id_wait_jitter_unlocked: entry 0x60b00093d930 restart, diff 321252608
0:01:05.808556494 18238 0x607000071050 DEBUG GST_CLOCK gstsystemclock.c:806:gst_system_clock_id_wait_jitter_unlocked: entry 0x60b002c954a0 restart, diff 1604584471
0:01:05.808446512 18238 0x60700178a7d0 DEBUG GST_POLL gstpoll.c:1316:gst_poll_wait: 0x6070005176e0: timeout :0:00:00.330584826
0:01:05.808561860 18238 0x607000932940 DEBUG GST_SCHEDULING gstpad.c:4206:gst_pad_chain_data_unchecked: called chainfunction &gst_base_transform_chain with buffer 0x61200178f0c0, returned ok
0:01:05.808520783 18238 0x607001918f10 DEBUG GST_MEMORY gstmemory.c:87:_gst_memory_free: free memory 0x617000296680
0:01:05.808622370 18238 0x607001918f10 DEBUG rtpjitterbuffer gstrtpjitterbuffer.c:3490:handle_next_buffer: Sequence number GAP detected: expected 30701 instead of 30706 (5 missing)
0:01:05.808648679 18238 0x607001918f10 DEBUG rtpjitterbuffer gstrtpjitterbuffer.c:4025:gst_rtp_jitter_buffer_loop: waiting event
0:01:05.808576054 18238 0x607000071050 DEBUG GST_POLL gstpoll.c:1316:gst_poll_wait: 0x6070005176e0: timeout :0:00:01.604584471
0:01:05.808536263 18238 0x60700134f130 DEBUG GST_SCHEDULING gstpad.c:4206:gst_pad_chain_data_unchecked: called chainfunction &gst_proxy_pad_chain_default with buffer 0x612001499a40, returned ok
0:01:05.808680847 18238 0x6070001c8f30 DEBUG rtpjitterbuffer gstrtpjitterbuffer.c:3990:wait_next_timeout: sync unscheduled
0:01:05.808682965 18238 0x60700134f130 LOG funnel gstfunnel.c:343:gst_funnel_sink_chain_object: handled buffer ok
0:01:05.808697405 18238 0x6070001c8f30 DEBUG GST_CLOCK gstclock.c:350:_gst_clock_id_free: freed entry 0x60b0009f1030
0:01:05.808703364 18238 0x60700134f130 DEBUG GST_SCHEDULING gstpad.c:4206:gst_pad_chain_data_unchecked: called chainfunction &gst_funnel_sink_chain with buffer 0x612001499a40, returned ok
0:01:05.808730930 18238 0x60700134f130 DEBUG GST_SCHEDULING gstpad.c:4206:gst_pad_chain_data_unchecked: called chainfunction &gst_proxy_pad_chain_default with buffer 0x612001499a40, returned ok
0:01:05.808751254 18238 0x6070001c8f30 DEBUG GST_CLOCK gstclock.c:1045:gst_clock_get_internal_time: internal time 132:06:01.453993160
0:01:05.808770057 18238 0x60700134f130 LOG funnel gstfunnel.c:343:gst_funnel_sink_chain_object: handled buffer ok
0:01:05.808795667 18238 0x60700134f130 DEBUG GST_SCHEDULING gstpad.c:4206:gst_pad_chain_data_unchecked: called chainfunction &gst_funnel_sink_chain with buffer 0x612001499a40, returned ok
0:01:05.808796978 18238 0x6070001c8f30 DEBUG GST_CLOCK gstclock.c:1090:gst_clock_get_time: adjusted time 132:06:01.453993160
0:01:05.808811895 18238 0x60700134f130 LOG GST_SCHEDULING gstpad.c:3615:do_probe_callbacks: do probes cookie 2576
0:01:05.808570963 18238 0x60700026ab70 DEBUG GST_POLL gstpoll.c:1316:gst_poll_wait: 0x6070005176e0: timeout :0:00:00.321252608
0:01:05.808834103 18238 0x60700134f130 LOG GST_SCHEDULING gstpad.c:3511:probe_hook_marshal: hook 1, cookie 2576 with flags 0x00003010 does not match 00001001
0:01:05.808842927 18238 0x6070001c8f30 DEBUG rtpjitterbuffer gstrtpjitterbuffer.c:3869:wait_next_timeout: now
0:00:44.649014712
0:01:05.808887306 18238 0x60700134f130 LOG basesrc gstbasesrc.c:2738:gst_base_src_loop: next_ts 99:99:99.999999999 size 4096
0:01:05.808907810 18238 0x60700134f130 DEBUG basesrc gstbasesrc.c:2460:gst_base_src_get_range: calling create offset 18446744073709551615 length 4096, time 0
0:01:05.808898779 18238 0x6070001c8f30 DEBUG rtpjitterbuffer gstrtpjitterbuffer.c:3885:wait_next_timeout: 0, 1, 30704,
0:00:44.873638975 diff:+0:00:00.224624263
0:01:05.808928130 18238 0x60700134f130 LOG nicesrc gstnicesrc.c:278:gst_nice_src_create: create called
0:01:05.808957237 18238 0x60700134f130 LOG nicesrc gstnicesrc.c:299:gst_nice_src_create: Got buffer, pushing
0:01:05.808181397 18238 0x60400000c890 DEBUG bin gstbin.c:912:find_message: no message found matching types 00001000
0:01:05.808950223 18238 0x6070001c8f30 DEBUG rtpjitterbuffer gstrtpjitterbuffer.c:3922:wait_next_timeout: new best 0
0:01:05.808977054 18238 0x60700134f130 DEBUG GST_CLOCK gstclock.c:1045:gst_clock_get_internal_time: internal time 132:06:01.454242151
0:01:05.809002050 18238 0x60700134f130 DEBUG GST_CLOCK gstclock.c:1090:gst_clock_get_time: adjusted time 132:06:01.454242151
0:01:05.808990647 18238 0x60400074b990 LOG pulse pulsesrc.c:920:gst_pulsesrc_stream_request_cb: got request for length 640
0:01:05.808988065 18238 0x6070001c8f30 DEBUG rtpjitterbuffer gstrtpjitterbuffer.c:3885:wait_next_timeout: 1, 1, 30703,
0:00:44.850303121 diff:+0:00:00.201288409
0:01:05.809066129 18238 0x6070001c8f30 DEBUG rtpjitterbuffer gstrtpjitterbuffer.c:3922:wait_next_timeout: new best 1
0:01:05.809087866 18238 0x6070001c8f30 DEBUG rtpjitterbuffer gstrtpjitterbuffer.c:3885:wait_next_timeout: 2, 1, 30705,
0:00:44.896974829 diff:+0:00:00.247960117
0:01:05.809115678 18238 0x6070001c8f30 DEBUG rtpjitterbuffer gstrtpjitterbuffer.c:3885:wait_next_timeout: 3, 1, 30723,
0:00:45.199899520 diff:+0:00:00.550884808
0:01:05.809140055 18238 0x6070001c8f30 DEBUG rtpjitterbuffer gstrtpjitterbuffer.c:3885:wait_next_timeout: 4, 1, 30702,
0:00:44.826967267 diff:+0:00:00.177952555
0:01:05.809169298 18238 0x6070001c8f30 DEBUG rtpjitterbuffer gstrtpjitterbuffer.c:3922:wait_next_timeout: new best 4
0:01:05.809181174 18238 0x6070001c8f30 DEBUG rtpjitterbuffer gstrtpjitterbuffer.c:3885:wait_next_timeout: 5, 1, 30701,
0:00:44.803631413 diff:+0:00:00.154616701
0:01:05.809206934 18238 0x6070001c8f30 DEBUG rtpjitterbuffer gstrtpjitterbuffer.c:3922:wait_next_timeout: new best 5
0:01:05.809216794 18238 0x6070001c8f30 DEBUG rtpjitterbuffer gstrtpjitterbuffer.c:3885:wait_next_timeout: 6, 1, 30708,
0:00:45.080717839 diff:+0:00:00.431703127
0:01:05.809237634 18238 0x6070001c8f30 DEBUG rtpjitterbuffer gstrtpjitterbuffer.c:3885:wait_next_timeout: 7, 1, 30710,
0:00:45.101645663 diff:+0:00:00.452630951
0:01:05.809261779 18238 0x6070001c8f30 DEBUG rtpjitterbuffer gstrtpjitterbuffer.c:3885:wait_next_timeout: 8, 1, 30711,
0:00:45.109203652 diff:+0:00:00.460188940
0:01:05.809283505 18238 0x6070001c8f30 DEBUG rtpjitterbuffer gstrtpjitterbuffer.c:3885:wait_next_timeout: 9, 1, 30712,
0:00:45.116761641 diff:+0:00:00.467746929
0:01:05.809310031 18238 0x6070001c8f30 DEBUG rtpjitterbuffer gstrtpjitterbuffer.c:3885:wait_next_timeout: 10, 1, 30713,
0:00:45.124319630 diff:+0:00:00.475304918
0:01:05.809331157 18238 0x6070001c8f30 DEBUG rtpjitterbuffer gstrtpjitterbuffer.c:3885:wait_next_timeout: 11, 1, 30721,
0:00:45.184783542 diff:+0:00:00.535768830
0:01:05.809352723 18238 0x6070001c8f30 DEBUG rtpjitterbuffer gstrtpjitterbuffer.c:3885:wait_next_timeout: 12, 1, 30715,
0:00:45.139435608 diff:+0:00:00.490420896
0:01:05.809374531 18238 0x6070001c8f30 DEBUG rtpjitterbuffer gstrtpjitterbuffer.c:3885:wait_next_timeout: 13, 1, 30732,
0:00:45.381774103 diff:+0:00:00.732759391
0:01:05.809402004 18238 0x6070001c8f30 DEBUG rtpjitterbuffer gstrtpjitterbuffer.c:3885:wait_next_timeout: 14, 1, 30717,
0:00:45.154551586 diff:+0:00:00.505536874
0:01:05.809428326 18238 0x6070001c8f30 DEBUG rtpjitterbuffer gstrtpjitterbuffer.c:3885:wait_next_timeout: 15, 1, 30733,
0:00:45.381774103 diff:+0:00:00.732759391
0:01:05.809453703 18238 0x6070001c8f30 DEBUG rtpjitterbuffer gstrtpjitterbuffer.c:3885:wait_next_timeout: 16, 1, 30719,
0:00:45.169667564 diff:+0:00:00.520652852
0:01:05.809476000 18238 0x6070001c8f30 DEBUG rtpjitterbuffer gstrtpjitterbuffer.c:3885:wait_next_timeout: 17, 1, 30720,
0:00:45.177225553 diff:+0:00:00.528210841
0:01:05.809498544 18238 0x6070001c8f30 DEBUG rtpjitterbuffer gstrtpjitterbuffer.c:3885:wait_next_timeout: 18, 1, 30725,
0:00:45.231667081 diff:+0:00:00.582652369
0:01:05.809520093 18238 0x6070001c8f30 DEBUG rtpjitterbuffer gstrtpjitterbuffer.c:3885:wait_next_timeout: 19, 1, 30726,
0:00:45.281774101 diff:+0:00:00.632759389
0:01:05.809542771 18238 0x6070001c8f30 DEBUG rtpjitterbuffer gstrtpjitterbuffer.c:3885:wait_next_timeout: 20, 1, 30727,
0:00:45.311795505 diff:+0:00:00.662780793
0:01:05.809567633 18238 0x6070001c8f30 DEBUG rtpjitterbuffer gstrtpjitterbuffer.c:3885:wait_next_timeout: 21, 1, 30728,
0:00:45.341816909 diff:+0:00:00.692802197
0:01:05.809589993 18238 0x6070001c8f30 DEBUG rtpjitterbuffer gstrtpjitterbuffer.c:3885:wait_next_timeout: 22, 1, 30729,
0:00:45.371838313 diff:+0:00:00.722823601
0:01:05.809612132 18238 0x6070001c8f30 DEBUG rtpjitterbuffer gstrtpjitterbuffer.c:3964:wait_next_timeout: sync to timestamp
0:00:44.803631413 with sync time 132:06:01.608609861
0:01:05.809637434 18238 0x6070001c8f30 DEBUG GST_CLOCK gstclock.c:247:gst_clock_entry_new: created entry 0x60b0032eb3b0, time 132:06:01.608609861
0:01:05.809661197 18238 0x6070001c8f30 DEBUG GST_CLOCK gstclock.c:535:gst_clock_id_wait: waiting on clock entry 0x60b0032eb3b0
0:01:05.809675986 18238 0x6070001c8f30 DEBUG GST_CLOCK gstclock.c:1045:gst_clock_get_internal_time: internal time 132:06:01.454942340
0:01:05.809701022 18238 0x6070001c8f30 DEBUG GST_CLOCK gstclock.c:1090:gst_clock_get_time: adjusted time 132:06:01.454942340
0:01:05.809720495 18238 0x6070001c8f30 DEBUG GST_CLOCK gstsystemclock.c:717:gst_system_clock_id_wait_jitter_unlocked: entry 0x60b0032eb3b0 time 132:06:01.608609861 now 132:06:01.454942340 diff (time-now) 153667521
0:01:05.809770803 18238 0x6070001c8f30 DEBUG GST_POLL gstpoll.c:1316:gst_poll_wait: 0x6070005176e0: timeout :0:00:00.153667521
0:01:05.809809445 18238 0x607000975990 LOG pulse pulsesrc.c:1121:gst_pulsesrc_read: have data of 640 bytes
0:01:05.809830702 18238 0x607000975990 LOG audiosrc gstaudiosrc.c:240:audioringbuffer_thread_func: transfered 640 bytes of 640 to segment 1
0:01:05.809852464 18238 0x607000975990 INFO ringbuffer gstaudioringbuffer.c:2033:gst_audio_ring_buffer_set_timestamp: Storing timestamp 99:99:99.999999999 @ 1
0:01:05.809876383 18238 0x607000975990 LOG ringbuffer gstaudioringbuffer.c:1850:gst_audio_ring_buffer_prepare_read: prepare read from segment 0 (real 4466) @0x61a00028c880
0:01:05.809897812 18238 0x607000975990 LOG pulse pulsesrc.c:1106:gst_pulsesrc_read: reading 640 bytes
0:01:05.809928091 18238 0x607000975990 LOG pulse pulsesrc.c:1106:gst_pulsesrc_read: reading 52 bytes
0:01:05.809942057 18238 0x607000975990 LOG pulse pulsesrc.c:1121:gst_pulsesrc_read: have data of 0 bytes
0:01:05.809955660 18238 0x607000975990 LOG pulse pulsesrc.c:1128:gst_pulsesrc_read: waiting for data
0:01:05.809024704 18238 0x60700134f130 LOG basesrc gstbasesrc.c:2267:gst_base_src_do_sync: created DTS
0:00:44.649263703
0:01:05.809979576 18238 0x60400000c890 DEBUG bin gstbin.c:919:find_message: structure-change
0:01:05.810027066 18238 0x60700134f130 LOG basesrc gstbasesrc.c:2277:gst_base_src_do_sync: created PTS
0:00:44.649263703
0:01:05.810031414 18238 0x60400000c890 DEBUG bin gstbin.c:2326:update_degree: element tee6 not linked on any sinkpads
0:01:05.810049587 18238 0x60700134f130 DEBUG basesrc gstbasesrc.c:2315:gst_base_src_do_sync: no sync needed
0:01:05.810062476 18238 0x60700134f130 DEBUG basesrc gstbasesrc.c:2524:gst_base_src_get_range: buffer ok
0:01:05.810055863 18238 0x60400000c890 INFO GST_STATES gstbin.c:2521:gst_bin_element_set_state: current PAUSED pending VOID_PENDING, desired next READY
0:01:05.810073769 18238 0x60700134f130 LOG GST_SCHEDULING gstpad.c:3615:do_probe_callbacks: do probes cookie 2577
0:01:05.810079140 18238 0x60400000c890 DEBUG bin gstbin.c:912:find_message: no message found matching types 00100000
0:01:05.810095328 18238 0x60400000c890 DEBUG bin gstbin.c:919:find_message: async-start
0:01:05.810090209 18238 0x60700134f130 LOG GST_SCHEDULING gstpad.c:3511:probe_hook_marshal: hook 1, cookie 2577 with flags 0x00003010 does not match 00001012
0:01:05.810119701 18238 0x60700134f130 DEBUG GST_PADS gstpad.c:3696:do_probe_callbacks: data is passed
0:01:05.810113053 18238 0x60400000c890 DEBUG bin gstbin.c:2616:gst_bin_element_set_state: setting element tee6 to READY, base_time 132:05:16.804978448
0:01:05.810129657 18238 0x60700134f130 LOG GST_SCHEDULING gstpad.c:3615:do_probe_callbacks: do probes cookie 2578
0:01:05.810137206 18238 0x60400000c890 DEBUG GST_STATES gstelement.c:2570:gst_element_set_state_func: set_state to READY
0:01:05.810144814 18238 0x60700134f130 LOG GST_SCHEDULING gstpad.c:3454:probe_hook_marshal: hook 1, cookie 2578 with flags 0x00003010 matches
0:01:05.810152467 18238 0x60400000c890 DEBUG GST_STATES gstelement.c:2595:gst_element_set_state_func: setting target state to READY
0:01:05.810171829 18238 0x60400000c890 DEBUG GST_STATES gstelement.c:2608:gst_element_set_state_func: current PAUSED, old_pending VOID_PENDING, next VOID_PENDING, old return SUCCESS
0:01:05.810189212 18238 0x60700134f130 DEBUG GST_PADS gstpad.c:3499:probe_hook_marshal: probe returned OK
0:01:05.810193658 18238 0x60400000c890 DEBUG GST_STATES gstelement.c:2642:gst_element_set_state_func: final: setting state from PAUSED to READY
0:01:05.810204726 18238 0x60700134f130 DEBUG GST_SCHEDULING gstpad.c:4200:gst_pad_chain_data_unchecked: calling chainfunction &gst_funnel_sink_chain with buffer buffer: 0x6120017827c0, pts 0:00:44.649263703, dts 0:00:44.649263703, dur 99:99:99.999999999, size 1400, offset none, offset_end none, flags 0x0
0:01:05.810214086 18238 0x60400000c890 LOG GST_STATES gstelement.c:2897:gst_element_change_state_func: default handler tries setting state from PAUSED to READY (001a)
0:01:05.810239124 18238 0x60400000c890 DEBUG GST_ELEMENT_PADS gstelement.c:2840:gst_element_pads_activate: deactivate pads
0:01:05.810234034 18238 0x60700134f130 DEBUG funnel gstfunnel.c:322:gst_funnel_sink_chain_object: received buffer: 0x6120017827c0, pts 0:00:44.649263703, dts 0:00:44.649263703, dur 99:99:99.999999999, size 1400, offset none, offset_end none, flags 0x0
0:01:05.810263558 18238 0x60400000c890 DEBUG GST_PADS gstpad.c:1078:gst_pad_set_active: deactivating pad from push mode
0:01:05.810280166 18238 0x60400000c890 DEBUG GST_PADS gstpad.c:967:pre_activate: setting PAD_MODE NONE, set flushing
0:01:05.810267791 18238 0x60700134f130 DEBUG GST_SCHEDULING gstpad.c:4200:gst_pad_chain_data_unchecked: calling chainfunction &gst_proxy_pad_chain_default with buffer buffer: 0x6120017827c0, pts 0:00:44.649263703, dts 0:00:44.649263703, dur 99:99:99.999999999, size 1400, offset none, offset_end none, flags 0x0
0:01:05.810293034 18238 0x60400000c890 DEBUG GST_PADS gstpad.c:1015:post_activate: stopped streaming
0:01:05.810307653 18238 0x60400000c890 DEBUG GST_PADS gstpad.c:453:remove_events: notify caps
0:01:05.810300553 18238 0x60700134f130 DEBUG GST_SCHEDULING gstpad.c:4200:gst_pad_chain_data_unchecked: calling chainfunction &gst_funnel_sink_chain with buffer buffer: 0x6120017827c0, pts 0:00:44.649263703, dts 0:00:44.649263703, dur 99:99:99.999999999, size 1400, offset none, offset_end none, flags 0x0
0:01:05.810324615 18238 0x60400000c890 LOG GST_PROPERTIES gstobject.c:456:gst_object_dispatch_properties_changed: deep notification from src_0 (caps)
0:01:05.810328158 18238 0x60700134f130 DEBUG funnel gstfunnel.c:322:gst_funnel_sink_chain_object: received buffer: 0x6120017827c0, pts 0:00:44.649263703, dts 0:00:44.649263703, dur 99:99:99.999999999, size 1400, offset none, offset_end none, flags 0x0
0:01:05.810345681 18238 0x60400000c890 LOG GST_PROPERTIES gstobject.c:456:gst_object_dispatch_properties_changed: deep notification from src_0 (caps)
0:01:05.810349834 18238 0x60700134f130 LOG GST_SCHEDULING gstpad.c:3615:do_probe_callbacks: do probes cookie 1852
0:01:05.810367264 18238 0x60400000c890 LOG GST_PROPERTIES gstobject.c:456:gst_object_dispatch_properties_changed: deep notification from src_0 (caps)
0:01:05.810371956 18238 0x60700134f130 LOG GST_SCHEDULING gstpad.c:3511:probe_hook_marshal: hook 1, cookie 1852 with flags 0x00003010 does not match 00001012
0:01:05.810385729 18238 0x60400000c890 LOG GST_PROPERTIES gstobject.c:456:gst_object_dispatch_properties_changed: deep notification from src_0 (caps)
0:01:05.810392964 18238 0x60700134f130 DEBUG GST_PADS gstpad.c:3696:do_probe_callbacks: data is passed
0:01:05.810409932 18238 0x60700134f130 LOG GST_SCHEDULING gstpad.c:3615:do_probe_callbacks: do probes cookie 1853
0:01:05.810405174 18238 0x60400000c890 DEBUG GST_PADS gstpad.c:1188:activate_mode_internal: deactivated in push mode
0:01:05.810424921 18238 0x60700134f130 LOG GST_SCHEDULING gstpad.c:3454:probe_hook_marshal: hook 1, cookie 1853 with flags 0x00003010 matches
0:01:05.810434675 18238 0x60400000c890 DEBUG GST_PADS gstpad.c:1078:gst_pad_set_active: deactivating pad from push mode
0:01:05.810443407 18238 0x60700134f130 LOG GST_BUFFER gstbuffer.c:1720:gst_buffer_map_range: buffer 0x6120017827c0, idx 0, length 1, flags 0001
0:01:05.810450922 18238 0x60400000c890 DEBUG GST_PADS gstpad.c:967:pre_activate: setting PAD_MODE NONE, set flushing
0:01:05.810461667 18238 0x60700134f130 LOG GST_BUFFER gstbuffer.c:212:_get_merged_memory: buffer 0x6120017827c0, idx 0, length 1
0:01:05.810469225 18238 0x60400000c890 DEBUG GST_PADS gstpad.c:1015:post_activate: stopped streaming
0:01:05.810484600 18238 0x60700134f130 DEBUG GST_PADS gstpad.c:3499:probe_hook_marshal: probe returned OK
0:01:05.810487138 18238 0x60400000c890 DEBUG GST_PADS gstpad.c:453:remove_events: notify caps
0:01:05.810499753 18238 0x60700134f130 DEBUG GST_SCHEDULING gstpad.c:4200:gst_pad_chain_data_unchecked: calling chainfunction &gst_proxy_pad_chain_default with buffer buffer: 0x6120017827c0, pts 0:00:44.649263703, dts 0:00:44.649263703, dur 99:99:99.999999999, size 1400, offset none, offset_end none, flags 0x0
0:01:05.810508528 18238 0x60400000c890 LOG GST_PROPERTIES gstobject.c:456:gst_object_dispatch_properties_changed: deep notification from sink (caps)
0:01:05.810528921 18238 0x60400000c890 LOG GST_PROPERTIES gstobject.c:456:gst_object_dispatch_properties_changed: deep notification from sink (caps)
0:01:05.810525191 18238 0x60700134f130 DEBUG GST_SCHEDULING gstpad.c:4200:gst_pad_chain_data_unchecked: calling chainfunction &gst_srtp_dec_chain_rtp with buffer buffer: 0x6120017827c0, pts 0:00:44.649263703, dts 0:00:44.649263703, dur 99:99:99.999999999, size 1400, offset none, offset_end none, flags 0x0
0:01:05.810549809 18238 0x60400000c890 LOG GST_PROPERTIES gstobject.c:456:gst_object_dispatch_properties_changed: deep notification from sink (caps)
0:01:05.810567543 18238 0x60400000c890 LOG GST_PROPERTIES gstobject.c:456:gst_object_dispatch_properties_changed: deep notification from sink (caps)
0:01:05.810586308 18238 0x60400000c890 DEBUG GST_PADS gstpad.c:1188:activate_mode_internal: deactivated in push mode
0:01:05.810547285 18238 0x60700134f130 LOG GST_BUFFER gstbuffer.c:1720:gst_buffer_map_range: buffer 0x6120017827c0, idx 0, length 1, flags 10001
0:01:05.810607404 18238 0x60400000c890 DEBUG GST_ELEMENT_PADS gstelement.c:2859:gst_element_pads_activate: pad deactivation successful
0:01:05.810616647 18238 0x60700134f130 LOG GST_BUFFER gstbuffer.c:212:_get_merged_memory: buffer 0x6120017827c0, idx 0, length 1
0:01:05.810624406 18238 0x60400000c890 DEBUG GST_STATES gstelement.c:2731:gst_element_change_state: element changed state SUCCESS
0:01:05.810641555 18238 0x60400000c890 INFO GST_STATES gstelement.c:2419:gst_element_continue_state: completed state change to READY
0:01:05.810643136 18238 0x60700134f130 DEBUG GST_SCHEDULING gstpad.c:4200:gst_pad_chain_data_unchecked: calling chainfunction &0x7f95fddf0e30 with buffer buffer: 0x6120017827c0, pts 0:00:44.649263703, dts 0:00:44.649263703, dur 99:99:99.999999999, size 1400, offset none, offset_end none, flags 0x0
0:01:05.810656781 18238 0x60400000c890 INFO GST_STATES gstelement.c:2324:_priv_gst_element_state_changed: notifying about state-changed PAUSED to READY (VOID_PENDING pending)
0:01:05.810666758 18238 0x60700134f130 LOG rtpsession gstrtpsession.c:1917:gst_rtp_session_chain_recv_rtp: received RTP packet
0:01:05.810687026 18238 0x60700134f130 DEBUG GST_CLOCK gstclock.c:1045:gst_clock_get_internal_time: internal time 132:06:01.455952635
0:01:05.810686926 18238 0x60400000c890 LOG GST_MESSAGE gstmessage.c:300:gst_message_new_custom: source tee6: creating new message 0x60c0009ace40 state-changed
0:01:05.810702510 18238 0x60700134f130 DEBUG GST_CLOCK gstclock.c:1090:gst_clock_get_time: adjusted time 132:06:01.455952635
0:01:05.810718577 18238 0x60700134f130 LOG GST_BUFFER gstbuffer.c:1720:gst_buffer_map_range: buffer 0x6120017827c0, idx 0, length 1, flags 0001
0:01:05.810730892 18238 0x60700134f130 LOG GST_BUFFER gstbuffer.c:212:_get_merged_memory: buffer 0x6120017827c0, idx 0, length 1
0:01:05.810708587 18238 0x60400000c890 DEBUG GST_BUS gstbus.c:317:gst_bus_post: [msg 0x60c0009ace40] posting on bus state-changed message: 0x60c0009ace40, time 99:99:99.999999999, seq-num 6082, element 'tee6', GstMessageStateChanged, old-state=(GstState)GST_STATE_PAUSED, new-state=(GstState)GST_STATE_READY, pending-state=(GstState)GST_STATE_VOID_PENDING;
0:01:05.810776690 18238 0x60700134f130 INFO rtpsource rtpsource.c:1147:update_receiver_stats: duplicate or reordered packet (seqnr 30676, expected 30735)
0:01:05.810781359 18238 0x60400000c890 DEBUG bin gstbin.c:3734:gst_bin_handle_message_func: [msg 0x60c0009ace40] handling child tee6 message of type state-changed
0:01:05.810793248 18238 0x60700134f130 LOG rtpsource rtpsource.c:1158:update_receiver_stats: seq 30676, PC: 769, OC: 755160
0:01:05.810801521 18238 0x60400000c890 DEBUG bin gstbin.c:4071:gst_bin_handle_message_func: posting message upward
0:01:05.810814904 18238 0x60700134f130 LOG rtpsource rtpsource.c:938:calculate_jitter: SSRC 439a6d76 got payload 98
0:01:05.810829695 18238 0x60700134f130 LOG rtpsource rtpsource.c:971:calculate_jitter: rtparrival 4018433, rtptime 1879785368, clock-rate 90000, diff 27530, jitter: 34739.062500
0:01:05.810817864 18238 0x60400000c890 DEBUG GST_BUS gstbus.c:317:gst_bus_post: [msg 0x60c0009ace40] posting on bus state-changed message: 0x60c0009ace40, time 99:99:99.999999999, seq-num 6082, element 'tee6', GstMessageStateChanged, old-state=(GstState)GST_STATE_PAUSED, new-state=(GstState)GST_STATE_READY, pending-state=(GstState)GST_STATE_VOID_PENDING;
0:01:05.810853351 18238 0x60700134f130 LOG rtpsource rtpsource.c:879:push_packet: pushing new packet
0:01:05.810869993 18238 0x60700134f130 LOG rtpsession rtpsession.c:1389:source_push_rtp: source 439a6d76 pushed receiver RTP packet
0:01:05.810869943 18238 0x60400000c890 DEBUG bin gstbin.c:3734:gst_bin_handle_message_func: [msg 0x60c0009ace40] handling child tee6 message of type state-changed
0:01:05.810885391 18238 0x60700134f130 LOG rtpsession gstrtpsession.c:1336:gst_rtp_session_process_rtp: pushing received RTP packet
0:01:05.810890615 18238 0x60400000c890 DEBUG bin gstbin.c:4071:gst_bin_handle_message_func: posting message upward
0:01:05.810900637 18238 0x60700134f130 DEBUG GST_SCHEDULING gstpad.c:4200:gst_pad_chain_data_unchecked: calling chainfunction &0x7f95fdddb9d0 with buffer buffer: 0x6120017827c0, pts 0:00:44.649263703, dts 0:00:44.649263703, dur 99:99:99.999999999, size 1400, offset none, offset_end none, flags 0x0
0:01:05.810903126 18238 0x60400000c890 DEBUG GST_BUS gstbus.c:317:gst_bus_post: [msg 0x60c0009ace40] posting on bus state-changed message: 0x60c0009ace40, time 99:99:99.999999999, seq-num 6082, element 'tee6', GstMessageStateChanged, old-state=(GstState)GST_STATE_PAUSED, new-state=(GstState)GST_STATE_READY, pending-state=(GstState)GST_STATE_VOID_PENDING;
0:01:05.810932782 18238 0x60700134f130 LOG GST_BUFFER gstbuffer.c:1720:gst_buffer_map_range: buffer 0x6120017827c0, idx 0, length 1, flags 0001
0:01:05.810955268 18238 0x60700134f130 LOG GST_BUFFER gstbuffer.c:212:_get_merged_memory: buffer 0x6120017827c0, idx 0, length 1
0:01:05.810954377 18238 0x60400000c890 DEBUG bin gstbin.c:3734:gst_bin_handle_message_func: [msg 0x60c0009ace40] handling child tee6 message of type state-changed
0:01:05.810978426 18238 0x60700134f130 DEBUG rtpssrcdemux gstrtpssrcdemux.c:625:gst_rtp_ssrc_demux_chain: received buffer of SSRC 439a6d76
0:01:05.810982847 18238 0x60400000c890 DEBUG bin gstbin.c:4071:gst_bin_handle_message_func: posting message upward
0:01:05.810999588 18238 0x60700134f130 DEBUG GST_SCHEDULING gstpad.c:4200:gst_pad_chain_data_unchecked: calling chainfunction &gst_rtp_jitter_buffer_chain with buffer buffer: 0x6120017827c0, pts 0:00:44.649263703, dts 0:00:44.649263703, dur 99:99:99.999999999, size 1400, offset none, offset_end none, flags 0x0
0:01:05.811022535 18238 0x60700134f130 LOG GST_BUFFER gstbuffer.c:1720:gst_buffer_map_range: buffer 0x6120017827c0, idx 0, length 1, flags 0001
0:01:05.810997657 18238 0x60400000c890 DEBUG GST_BUS gstbus.c:317:gst_bus_post: [msg 0x60c0009ace40] posting on bus state-changed message: 0x60c0009ace40, time 99:99:99.999999999, seq-num 6082, element 'tee6', GstMessageStateChanged, old-state=(GstState)GST_STATE_PAUSED, new-state=(GstState)GST_STATE_READY, pending-state=(GstState)GST_STATE_VOID_PENDING;
0:01:05.811038380 18238 0x60700134f130 LOG GST_BUFFER gstbuffer.c:212:_get_merged_memory: buffer 0x6120017827c0, idx 0, length 1
0:01:05.811046777 18238 0x60400000c890 DEBUG GST_BUS gstbus.c:356:gst_bus_post: [msg 0x60c0009ace40] pushing on async queue
0:01:05.811055666 18238 0x60700134f130 DEBUG rtpjitterbuffer gstrtpjitterbuffer.c:2853:gst_rtp_jitter_buffer_chain: Received packet #30676 at time 0:00:44.649263703, discont 0, rtx 0
0:01:05.811064710 18238 0x60400000c890 DEBUG GST_BUS gstbus.c:359:gst_bus_post: [msg 0x60c0009ace40] pushed on async queue
0:01:05.811087580 18238 0x60400000c890 DEBUG GST_BUS gstbus.c:352:gst_bus_post: [msg 0x60c0009ace40] dropped
0:01:05.811105903 18238 0x60400000c890 DEBUG GST_BUS gstbus.c:352:gst_bus_post: [msg 0x60c0009ace40] dropped
0:01:05.811082166 18238 0x60700134f130 LOG rtpjitterbuffer gstrtpjitterbuffer.c:2589:calculate_jitter: dtsdiff
0:00:00.005891960 rtptime 5124095:34:33.409551616, clock-rate 90000, diff 0:00:00.305891960, jitter:
0:00:00.385989197
0:01:05.811121815 18238 0x60400000c890 DEBUG GST_BUS gstbus.c:352:gst_bus_post: [msg 0x60c0009ace40] dropped
0:01:05.811127878 18238 0x60700134f130 DEBUG rtpjitterbuffer gstrtpjitterbuffer.c:2950:gst_rtp_jitter_buffer_chain: expected #30735, got #30676, gap of -59
0:01:05.811137931 18238 0x60400000c890 LOG GST_STATES gstelement.c:2747:gst_element_change_state: exit state change 1
0:01:05.811144719 18238 0x60700134f130 DEBUG rtpjitterbuffer gstrtpjitterbuffer.c:2979:gst_rtp_jitter_buffer_chain: Clearing gap packets
0:01:05.811155077 18238 0x60700134f130 WARN rtpjitterbuffer rtpjitterbuffer.c:746:rtp_jitter_buffer_calculate_pts: backward timestamps at server, schedule resync
0:01:05.811152597 18238 0x60400000c890 DEBUG GST_STATES gstelement.c:2654:gst_element_set_state_func: returned SUCCESS
0:01:05.811166223 18238 0x60700134f130 INFO rtpjitterbuffer rtpjitterbuffer.c:778:rtp_jitter_buffer_calculate_pts: resync to time 0:00:44.649263703, rtptime
5:48:06.504088888
0:01:05.811174403 18238 0x60400000c890 INFO GST_STATES gstbin.c:2969:gst_bin_change_state_func: child 'tee6' changed state to 2(READY) successfully
0:01:05.811186006 18238 0x60700134f130 DEBUG rtpjitterbuffer rtpjitterbuffer.c:785:rtp_jitter_buffer_calculate_pts: extrtp 1879785368, gstrtp 5:48:06.504088888, base 5:48:06.504088888, send_diff
0:00:00.000000000
0:01:05.811205174 18238 0x60400000c890 DEBUG bin gstbin.c:2376:gst_bin_sort_iterator_next: queue empty, elements exhausted
0:01:05.811208760 18238 0x60700134f130 DEBUG rtpjitterbuffer rtpjitterbuffer.c:563:calculate_skew: time 0:00:44.649263703, base 0:00:44.649263703, recv_diff 0:00:00.000000000, slope 8
0:01:05.811222969 18238 0x60400000c890 DEBUG GST_STATES gstbin.c:3028:gst_bin_change_state_func: iterator done
0:01:05.811230220 18238 0x60700134f130 DEBUG rtpjitterbuffer rtpjitterbuffer.c:580:calculate_skew: filling 2, delta 0
0:01:05.811244366 18238 0x60700134f130 DEBUG rtpjitterbuffer rtpjitterbuffer.c:664:calculate_skew: skew -69776261, out
0:00:44.579487442
0:01:05.811261698 18238 0x60700134f130 DEBUG rtpjitterbuffer gstrtpjitterbuffer.c:3000:gst_rtp_jitter_buffer_chain: old packet received
0:01:05.811238459 18238 0x60400000c890 LOG GST_STATES gstelement.c:2897:gst_element_change_state_func: default handler tries setting state from PAUSED to READY (001a)
0:01:05.811272548 18238 0x60700134f130 DEBUG rtpjitterbuffer gstrtpjitterbuffer.c:3164:gst_rtp_jitter_buffer_chain: Packet #30676 too late as #30689 was already popped, dropping
0:01:05.811286749 18238 0x60700134f130 LOG GST_BUFFER gstbuffer.c:724:_gst_buffer_free: finalize 0x6120017827c0
0:01:05.811282067 18238 0x60400000c890 DEBUG GST_ELEMENT_PADS gstelement.c:2840:gst_element_pads_activate: deactivate pads
0:01:05.811299950 18238 0x60700134f130 DEBUG GST_MEMORY gstmemory.c:87:_gst_memory_free: free memory 0x61b000190c80
0:01:05.811317014 18238 0x60400000c890 DEBUG GST_PADS gstpad.c:1078:gst_pad_set_active: deactivating pad from push mode
0:01:05.811320376 18238 0x60700134f130 DEBUG GST_SCHEDULING gstpad.c:4206:gst_pad_chain_data_unchecked: called chainfunction &gst_rtp_jitter_buffer_chain with buffer 0x6120017827c0, returned ok
0:01:05.811344033 18238 0x60400000c890 DEBUG GST_PADS gstpad.c:967:pre_activate: setting PAD_MODE NONE, set flushing
0:01:05.811347941 18238 0x60700134f130 DEBUG GST_SCHEDULING gstpad.c:4206:gst_pad_chain_data_unchecked: called chainfunction &0x7f95fdddb9d0 with buffer 0x6120017827c0, returned ok
0:01:05.811366407 18238 0x60700134f130 DEBUG GST_SCHEDULING gstpad.c:4206:gst_pad_chain_data_unchecked: called chainfunction &0x7f95fddf0e30 with buffer 0x6120017827c0, returned ok
0:01:05.811361005 18238 0x60400000c890 LOG GST_PADS gstghostpad.c:378:gst_ghost_pad_activate_push_default: deactivate push on bin8:sink_1, proxy internal
0:01:05.811394107 18238 0x60400000c890 DEBUG GST_PADS gstpad.c:967:pre_activate: setting PAD_MODE NONE, set flushing
0:01:05.811395494 18238 0x60700134f130 DEBUG GST_SCHEDULING gstpad.c:4206:gst_pad_chain_data_unchecked: called chainfunction &gst_srtp_dec_chain_rtp with buffer 0x6120017827c0, returned ok
0:01:05.811417650 18238 0x60700134f130 DEBUG GST_SCHEDULING gstpad.c:4206:gst_pad_chain_data_unchecked: called chainfunction &gst_proxy_pad_chain_default with buffer 0x6120017827c0, returned ok
0:01:05.811409795 18238 0x60400000c890 LOG GST_PADS gstghostpad.c:284:gst_ghost_pad_internal_activate_push_default: deactivate push on sink_1:proxypad250, we're ok
0:01:05.811439274 18238 0x60700134f130 LOG funnel gstfunnel.c:343:gst_funnel_sink_chain_object: handled buffer ok
0:01:05.811442937 18238 0x60400000c890 DEBUG GST_PADS gstpad.c:1207:activate_mode_internal: already deactivated in push mode
0:01:05.811458808 18238 0x60700134f130 DEBUG GST_SCHEDULING gstpad.c:4206:gst_pad_chain_data_unchecked: called chainfunction &gst_funnel_sink_chain with buffer 0x6120017827c0, returned ok
0:01:05.811468640 18238 0x60400000c890 DEBUG GST_PADS gstpad.c:1015:post_activate: stopped streaming
0:01:05.811479381 18238 0x60700134f130 DEBUG GST_SCHEDULING gstpad.c:4206:gst_pad_chain_data_unchecked: called chainfunction &gst_proxy_pad_chain_default with buffer 0x6120017827c0, returned ok
0:01:05.811487195 18238 0x60400000c890 DEBUG GST_PADS gstpad.c:453:remove_events: notify caps
0:01:05.811511266 18238 0x60400000c890 LOG GST_PROPERTIES gstobject.c:456:gst_object_dispatch_properties_changed: deep notification from proxypad250 (caps)
0:01:05.811538359 18238 0x60400000c890 LOG GST_PROPERTIES gstobject.c:456:gst_object_dispatch_properties_changed: deep notification from proxypad250 (caps)
0:01:05.811557500 18238 0x60400000c890 LOG GST_PROPERTIES gstobject.c:456:gst_object_dispatch_properties_changed: deep notification from proxypad250 (caps)
0:01:05.811564034 18238 0x60700134f130 LOG funnel gstfunnel.c:343:gst_funnel_sink_chain_object: handled buffer ok
0:01:05.811575436 18238 0x60400000c890 LOG GST_PROPERTIES gstobject.c:456:gst_object_dispatch_properties_changed: deep notification from proxypad250 (caps)
0:01:05.811584001 18238 0x60700134f130 DEBUG GST_SCHEDULING gstpad.c:4206:gst_pad_chain_data_unchecked: called chainfunction &gst_funnel_sink_chain with buffer 0x6120017827c0, returned ok
0:01:05.811604926 18238 0x60700134f130 LOG GST_SCHEDULING gstpad.c:3615:do_probe_callbacks: do probes cookie 2579
0:01:05.811595504 18238 0x60400000c890 DEBUG GST_PADS gstpad.c:1188:activate_mode_internal: deactivated in push mode
0:01:05.811620412 18238 0x60700134f130 LOG GST_SCHEDULING gstpad.c:3511:probe_hook_marshal: hook 1, cookie 2579 with flags 0x00003010 does not match 00001001
0:01:05.811627061 18238 0x60400000c890 DEBUG GST_PADS gstpad.c:1015:post_activate: stopped streaming
0:01:05.811648200 18238 0x60400000c890 DEBUG GST_PADS gstpad.c:453:remove_events: notify caps
0:01:05.811643881 18238 0x60700134f130 LOG basesrc gstbasesrc.c:2738:gst_base_src_loop: next_ts 99:99:99.999999999 size 4096
0:01:05.811664991 18238 0x60700134f130 DEBUG basesrc gstbasesrc.c:2460:gst_base_src_get_range: calling create offset 18446744073709551615 length 4096, time 0
0:01:05.811666703 18238 0x60400000c890 LOG GST_PROPERTIES gstobject.c:456:gst_object_dispatch_properties_changed: deep notification from sink_1 (caps)
0:01:05.811681445 18238 0x60700134f130 LOG nicesrc gstnicesrc.c:278:gst_nice_src_create: create called
0:01:05.811692035 18238 0x60400000c890 LOG GST_PROPERTIES gstobject.c:456:gst_object_dispatch_properties_changed: deep notification from sink_1 (caps)
0:01:05.811709819 18238 0x60400000c890 LOG GST_PROPERTIES gstobject.c:456:gst_object_dispatch_properties_changed: deep notification from sink_1 (caps)
0:01:05.811751554 18238 0x60400000c890 DEBUG GST_PADS gstpad.c:1188:activate_mode_internal: deactivated in push mode
0:01:05.808938840 18238 0x607000932940 DEBUG GST_SCHEDULING gstpad.c:4206:gst_pad_chain_data_unchecked: called chainfunction &gst_proxy_pad_chain_default with buffer 0x61200178f0c0, returned ok
0:01:05.811788756 18238 0x60400000c890 DEBUG GST_PADS gstpad.c:1078:gst_pad_set_active: deactivating pad from push mode
0:01:05.811805615 18238 0x60400000c890 DEBUG GST_PADS gstpad.c:967:pre_activate: setting PAD_MODE NONE, set flushing
0:01:05.811798538 18238 0x607000932940 DEBUG GST_SCHEDULING gstpad.c:4206:gst_pad_chain_data_unchecked: called chainfunction &gst_valve_chain with buffer 0x61200178f0c0, returned ok
0:01:05.811818819 18238 0x60400000c890 LOG GST_PADS gstghostpad.c:378:gst_ghost_pad_activate_push_default: deactivate push on bin8:sink_2, proxy internal
0:01:05.811837401 18238 0x60400000c890 DEBUG GST_PADS gstpad.c:967:pre_activate: setting PAD_MODE NONE, set flushing
0:01:05.811830527 18238 0x607000932940 LOG tee gsttee.c:699:gst_tee_handle_data: Pushing item 0x61200178f0c0 yielded result ok
0:01:05.811850489 18238 0x60400000c890 LOG GST_PADS gstghostpad.c:284:gst_ghost_pad_internal_activate_push_default: deactivate push on sink_2:proxypad252, we're ok
0:01:05.811859031 18238 0x607000932940 LOG tee gsttee.c:731:gst_tee_handle_data: Replacing ret val -1 with 0
0:01:05.811868700 18238 0x60400000c890 DEBUG GST_PADS gstpad.c:1207:activate_mode_internal: already deactivated in push mode
0:01:05.811969258 18238 0x607000932940 LOG GST_BUFFER gstbuffer.c:724:_gst_buffer_free: finalize 0x61200178f0c0
0:01:05.811979388 18238 0x60400000c890 DEBUG GST_PADS gstpad.c:1015:post_activate: stopped streaming
0:01:05.811985111 18238 0x607000932940 DEBUG GST_MEMORY gstmemory.c:87:_gst_memory_free: free memory 0x618000050080
0:01:05.811996359 18238 0x60400000c890 DEBUG GST_PADS gstpad.c:453:remove_events: notify caps
0:01:05.812006913 18238 0x607000932940 DEBUG tee gsttee.c:781:gst_tee_chain: handled buffer ok
0:01:05.812012575 18238 0x60400000c890 LOG GST_PROPERTIES gstobject.c:456:gst_object_dispatch_properties_changed: deep notification from proxypad252 (caps)
0:01:05.812023015 18238 0x607000932940 DEBUG GST_SCHEDULING gstpad.c:4206:gst_pad_chain_data_unchecked: called chainfunction &gst_tee_chain with buffer 0x61200178f0c0, returned ok
0:01:05.812034479 18238 0x60400000c890 LOG GST_PROPERTIES gstobject.c:456:gst_object_dispatch_properties_changed: deep notification from proxypad252 (caps)
0:01:05.812048669 18238 0x60400000c890 LOG GST_PROPERTIES gstobject.c:456:gst_object_dispatch_properties_changed: deep notification from proxypad252 (caps)
0:01:05.812045647 18238 0x607000932940 DEBUG GST_SCHEDULING gstpad.c:4206:gst_pad_chain_data_unchecked: called chainfunction &gst_proxy_pad_chain_default with buffer 0x61200178f0c0, returned ok
0:01:05.812059162 18238 0x60400000c890 LOG GST_PROPERTIES gstobject.c:456:gst_object_dispatch_properties_changed: deep notification from proxypad252 (caps)
0:01:05.812069944 18238 0x60400000c890 DEBUG GST_PADS gstpad.c:1188:activate_mode_internal: deactivated in push mode
0:01:05.812068339 18238 0x607000932940 DEBUG GST_SCHEDULING gstpad.c:4206:gst_pad_chain_data_unchecked: called chainfunction &gst_proxy_pad_chain_default with buffer 0x61200178f0c0, returned ok
0:01:05.812081451 18238 0x60400000c890 DEBUG GST_PADS gstpad.c:1015:post_activate: stopped streaming
0:01:05.812089961 18238 0x60400000c890 DEBUG GST_PADS gstpad.c:453:remove_events: notify caps
0:01:05.812091014 18238 0x607000932940 DEBUG GST_SCHEDULING gstpad.c:4206:gst_pad_chain_data_unchecked: called chainfunction &gst_base_transform_chain with buffer 0x61200178f0c0, returned ok
0:01:05.812098943 18238 0x60400000c890 LOG GST_PROPERTIES gstobject.c:456:gst_object_dispatch_properties_changed: deep notification from sink_2 (caps)
0:01:05.812114930 18238 0x60400000c890 LOG GST_PROPERTIES gstobject.c:456:gst_object_dispatch_properties_changed: deep notification from sink_2 (caps)
0:01:05.812113563 18238 0x607000932940 DEBUG GST_SCHEDULING gstpad.c:4206:gst_pad_chain_data_unchecked: called chainfunction &gst_base_transform_chain with buffer 0x61200178f0c0, returned ok
0:01:05.812125105 18238 0x60400000c890 LOG GST_PROPERTIES gstobject.c:456:gst_object_dispatch_properties_changed: deep notification from sink_2 (caps)
0:01:05.812135565 18238 0x60400000c890 DEBUG GST_PADS gstpad.c:1188:activate_mode_internal: deactivated in push mode
0:01:05.812136933 18238 0x607000932940 LOG basesrc gstbasesrc.c:2738:gst_base_src_loop: next_ts 99:99:99.999999999 size 0
0:01:05.812149870 18238 0x60400000c890 DEBUG GST_ELEMENT_PADS gstelement.c:2859:gst_element_pads_activate: pad deactivation successful
0:01:05.812158935 18238 0x607000932940 DEBUG basesrc gstbasesrc.c:2460:gst_base_src_get_range: calling create offset 18446744073709551615 length 0, time 0
0:01:05.812169031 18238 0x60400000c890 DEBUG bin gstbin.c:2418:gst_bin_sort_iterator_free: free
0:01:05.812181442 18238 0x607000932940 DEBUG audiobasesrc gstaudiobasesrc.c:736:gst_audio_base_src_get_offset: at segment 4466 and sample 1428800
0:01:05.812188582 18238 0x60400000c890 DEBUG bin gstbin.c:3063:gst_bin_change_state_func: no async elements
0:01:05.812198113 18238 0x607000932940 DEBUG audiobasesrc gstaudiobasesrc.c:759:gst_audio_base_src_get_offset: reading from 4465, we are at 4466, sample 1428800
0:01:05.812199289 18238 0x60400000c890 DEBUG GST_STATES gstbin.c:3097:gst_bin_change_state_func: done changing bin's state from PAUSED to READY, now in PAUSED, ret SUCCESS
0:01:05.812218187 18238 0x60400000c890 DEBUG GST_STATES gstelement.c:2731:gst_element_change_state: element changed state SUCCESS
0:01:05.812213595 18238 0x607000932940 DEBUG audiobasesrc gstaudiobasesrc.c:815:gst_audio_base_src_create: reading from sample 1428800 length 640
0:01:05.812229306 18238 0x60400000c890 INFO GST_STATES gstelement.c:2394:gst_element_continue_state: committing state from PAUSED to READY, pending NULL, next NULL
0:01:05.812238615 18238 0x607000932940 DEBUG GST_MEMORY gstmemory.c:138:gst_memory_init: new memory 0x61800006e480, maxsize:647 offset:0 size:640
0:01:05.812249763 18238 0x60400000c890 INFO GST_STATES gstelement.c:2324:_priv_gst_element_state_changed: notifying about state-changed PAUSED to READY (NULL pending)
0:01:05.812259232 18238 0x607000932940 LOG GST_BUFFER gstbuffer.c:798:gst_buffer_new: new 0x612001e7c240
0:01:05.812272313 18238 0x607000932940 LOG GST_BUFFER gstbuffer.c:413:_memory_add: buffer 0x612001e7c240, idx -1, mem 0x61800006e480
0:01:05.812273579 18238 0x60400000c890 LOG GST_MESSAGE gstmessage.c:300:gst_message_new_custom: source bin8: creating new message 0x60c000889d80 state-changed
0:01:05.812285884 18238 0x607000932940 LOG GST_BUFFER gstbuffer.c:854:gst_buffer_new_allocate: new buffer 0x612001e7c240 of size 640 from allocator (nil)
