07-06 16:59:00.206 2058 2077 D EGL-MAIN: fail to get drm fd
07-06 16:59:00.209 2058 2077 D EGL-MAIN: pci id for fd 56: 8086:22b1, driver i965
07-06 16:59:00.209 2058 2077 D EGL-MAIN: failed to open /system/lib/dri/i965_dri.so: dlopen failed: library "/system/lib/dri/i965_dri.so" not found
07-06 16:59:00.215 2058 2077 D EGL-MAIN: DRI2: dlopen(/system/vendor/lib/dri/i965_dri.so)
07-06 16:59:00.215 2058 2077 D EGL-MAIN: found extension `DRI_Core'
07-06 16:59:00.215 2058 2077 I EGL-MAIN: found extension DRI_Core version 1
07-06 16:59:00.215 2058 2077 D EGL-MAIN: found extension `DRI_IMAGE_DRIVER'
07-06 16:59:00.215 2058 2077 I EGL-MAIN: found extension DRI_IMAGE_DRIVER version 1
07-06 16:59:00.215 2058 2077 D EGL-MAIN: found extension `DRI_DRI2'
07-06 16:59:00.215 2058 2077 D EGL-MAIN: found extension `DRI_DriverVtable'
07-06 16:59:00.215 2058 2077 D EGL-MAIN: found extension `DRI_ConfigOptions'
07-06 16:59:00.230 2058 2077 D EGL-MAIN: found extension `DRI_TexBuffer'
07-06 16:59:00.230 2058 2077 I EGL-MAIN: found extension DRI_TexBuffer version 3
07-06 16:59:00.230 2058 2077 D EGL-MAIN: found extension `DRI2_Fence'
07-06 16:59:00.230 2058 2077 D EGL-MAIN: found extension `DRI2_Flush'
07-06 16:59:00.230 2058 2077 I EGL-MAIN: found extension DRI2_Flush version 4
07-06 16:59:00.230 2058 2077 D EGL-MAIN: found extension `DRI_IMAGE'
07-06 16:59:00.230 2058 2077 I EGL-MAIN: found extension DRI_IMAGE version 15
07-06 16:59:00.230 2058 2077 D EGL-MAIN: found extension `DRI_RENDERER_QUERY'
07-06 16:59:00.230 2058 2077 D EGL-MAIN: found extension `DRI_CONFIG_QUERY'
07-06 16:59:00.230 2058 2077 D EGL-MAIN: found extension `DRI_Robustness'
07-06 16:59:00.230 2058 2077 D EGL-MAIN: found extension `DRI_TexBuffer'
07-06 16:59:00.230 2058 2077 D EGL-MAIN: found extension `DRI2_Fence'
07-06 16:59:00.230 2058 2077 D EGL-MAIN: found extension `DRI_RENDERER_QUERY'
07-06 16:59:00.230 2058 2077 I EGL-MAIN: found extension DRI_RENDERER_QUERY version 1
07-06 16:59:00.230 2058 2077 D EGL-MAIN: found extension `DRI_Robustness'
07-06 16:59:00.230 2058 2077 I EGL-MAIN: found extension DRI_Robustness version 1
07-06 16:59:00.230 2058 2077 D EGL-MAIN: did not find optional extension DRI2_Interop version 1
07-06 16:59:00.231 2058 2077 D EGL-MAIN: the best driver is DRI2
07-06 16:59:00.231 2058 2077 I OpenGLRenderer: Initialized EGL, version 1.4
07-06 16:59:00.231 2058 2077 D OpenGLRenderer: Swap behavior 2
07-06 16:59:00.234 2057 2057 I app_process32: Mesa warning: couldn't open libtxc_dxtn.so, software DXTn compression/decompression unavailable
07-06 16:59:00.237 300 1532 I TaskWindowPlacerArc: UI scale: using 100.
07-06 16:59:00.324 300 462 I TaskWindowPlacerArc: UI scale: using 100.
07-06 16:59:00.331 300 323 I ActivityManager: Displayed android.camera.cts/android.hardware.camera2.cts.Camera2MultiViewCtsActivity: +259ms
07-06 16:59:00.332 300 314 V InputMethodManagerService: Adding window token: android.os.Binder@bfb30b7
07-06 16:59:00.332 300 311 I TaskWindowPlacerArc: UI scale: using 100.
07-06 16:59:00.335 300 653 I TaskWindowPlacerArc: UI scale: using 100.
07-06 16:59:00.336 300 639 I TaskWindowPlacerArc: UI scale: using 100.
07-06 16:59:00.340 2058 2058 D ViewRootImpl[Camera2MultiViewCtsActivity]: updatePointerIcon called with position out of bounds
07-06 16:59:00.342 654 654 I ArcInputMethod: Starting service... org.chromium.arc.ime.ArcInputMethodService@f692716
07-06 16:59:00.364 2058 2071 I CameraManagerGlobal: Connecting to camera service
07-06 16:59:00.366 29 328 I CameraService: getCameraCharacteristics: Switching to HAL1 shim implementation...
07-06 16:59:00.367 29 328 I CameraService: CameraService::connect call (PID -1 "cameraserver", camera ID 0) for HAL version default and Camera API version 1
07-06 16:59:00.368 29 328 E CameraService: getCameraPriorityFromProcState: Received invalid process state -1 from ActivityManagerService!
07-06 16:59:00.374 36 2090 E WVMExtractor: Failed to open libwvm.so: dlopen failed: library "libwvm.so" not found
07-06 16:59:00.379 26 41 I ArcBridgeService: ArcBridgeHostProxy connection for process 654 established
07-06 16:59:00.393 36 2088 D NuPlayerDriver: notifyListener_l(0xec612180), (1, 0, 0), loop setting(0, 0)
07-06 16:59:00.397 654 2089 I ArcInputMethod: Bridge ready. org.chromium.arc.ime.ArcInputMethodService@f692716
07-06 16:59:00.408 654 2089 I ArcInputMethod: Host init. org.chromium.arc.ime.ArcInputMethodService@f692716
07-06 16:59:00.410 654 2089 I ImeHostWrapper: ImeHost version 5
07-06 16:59:00.411 36 2093 D NuPlayerDriver: notifyListener_l(0xec612240), (1, 0, 0), loop setting(0, 0)
07-06 16:59:00.415 36 2096 E FileSource: Failed to open file '/system/media/audio/ui/VideoStop.ogg'. (No such file or directory)
07-06 16:59:00.415 36 2096 E GenericSource: Failed to create data source!
07-06 16:59:00.415 36 2095 D NuPlayerDriver: notifyListener_l(0xec6122a0), (100, 1, -2147483648), loop setting(0, 0)
07-06 16:59:00.415 29 29 E MediaPlayer: error (1, -2147483648)
07-06 16:59:00.419 29 328 I CameraFlashlight: Opening camera 0
07-06 16:59:00.419 29 328 I CameraHAL: int android::camera_device_open(const hw_module_t *, const char *, hw_device_t **):28: enter
07-06 16:59:00.420 29 328 I CameraHAL: android::ArcCameraDelegate::ArcCameraDelegate(arc::MojoProcessSupport *):131: ArcCameraDelegate initializing
07-06 16:59:00.420 29 61 I CameraHAL: bool android::ArcCameraDelegate::CreateIpcConnectionOnMojoThread():441: CreateIpcConnectionOnMojoThread done
07-06 16:59:00.420 29 328 I CameraHAL: android::ArcCameraDelegate::ArcCameraDelegate(arc::MojoProcessSupport *):133: ArcCameraDelegate initialized
07-06 16:59:00.422 29 61 I CameraHAL: auto android::ArcCameraDelegate::CreateIpcConnectionOnMojoThread()::(anonymous class)::operator()(uint32_t) const:439: Bridge ready (version=0)
07-06 16:59:00.502 29 328 W CameraHAL: int android::CameraClient::cancelPicture():579: not implemented
07-06 16:59:00.504 29 328 I CameraHAL: virtual android::ArcCameraDelegate::~ArcCameraDelegate():137: ~ArcCameraDelegate
07-06 16:59:00.504 29 328 I CameraFlashlight: Destroying camera 0
07-06 16:59:00.504 29 328 I CameraHAL: static int android::CameraClient::closeHwDevice(struct hw_device_t *):407: enter
07-06 16:59:00.506 29 328 I CameraService: disconnect: Disconnected client for camera 0 for PID 29
07-06 16:59:00.506 36 36 D NuPlayerDriver: reset(0xec612180) at state 4
07-06 16:59:00.506 36 36 D NuPlayerDriver: notifyListener_l(0xec612180), (8, 0, 0), loop setting(0, 0)
07-06 16:59:00.507 36 2088 D NuPlayerDriver: notifyResetComplete(0xec612180)
07-06 16:59:00.508 36 427 D NuPlayerDriver: reset(0xec612240) at state 4
07-06 16:59:00.508 36 427 D NuPlayerDriver: notifyListener_l(0xec612240), (8, 0, 0), loop setting(0, 0)
07-06 16:59:00.509 36 2093 D NuPlayerDriver: notifyResetComplete(0xec612240)
07-06 16:59:00.509 36 36 D NuPlayerDriver: reset(0xec6122a0) at state 2
07-06 16:59:00.509 36 36 D NuPlayerDriver: notifyListener_l(0xec6122a0), (8, 0, 0), loop setting(0, 0)
07-06 16:59:00.509 36 2095 D NuPlayerDriver: notifyResetComplete(0xec6122a0)
07-06 16:59:00.514 2058 2071 I Camera : CameraInfo.orientation from HAL is 0
07-06 16:59:00.515 300 673 I TaskWindowPlacerArc: Command came in: 10
07-06 16:59:00.516 300 462 I TaskWindowPlacerArc: UI scale: using 100.
07-06 16:59:00.525 2058 2071 I CameraManager: Using legacy camera HAL.
07-06 16:59:00.527 29 2086 I CameraService: CameraService::connect call (PID -1 "android.camera.cts", camera ID 0) for HAL version default and Camera API version 1
07-06 16:59:00.535 24 24 E ConsumerBase: [Starting android.camera.cts] getOccupancyHistory: ConsumerBase is abandoned!
07-06 16:59:00.535 24 24 W Layer : [Starting android.camera.cts] Failed to obtain occupancy history (-19)
07-06 16:59:00.540 36 2102 D NuPlayerDriver: notifyListener_l(0xec612300), (1, 0, 0), loop setting(0, 0)
07-06 16:59:00.548 36 2104 D NuPlayerDriver: notifyListener_l(0xec612060), (1, 0, 0), loop setting(0, 0)
07-06 16:59:00.550 36 2107 E FileSource: Failed to open file '/system/media/audio/ui/VideoStop.ogg'. (No such file or directory)
07-06 16:59:00.550 36 2107 E GenericSource: Failed to create data source!
07-06 16:59:00.550 36 2106 D NuPlayerDriver: notifyListener_l(0xec6120c0), (100, 1, -2147483648), loop setting(0, 0)
07-06 16:59:00.550 29 328 E MediaPlayer: error (1, -2147483648)
07-06 16:59:00.555 29 2086 I CameraFlashlight: Opening camera 0
07-06 16:59:00.555 29 2086 I CameraHAL: int android::camera_device_open(const hw_module_t *, const char *, hw_device_t **):28: enter
07-06 16:59:00.555 29 2086 I CameraHAL: android::ArcCameraDelegate::ArcCameraDelegate(arc::MojoProcessSupport *):131: ArcCameraDelegate initializing
07-06 16:59:00.557 29 61 I CameraHAL: bool android::ArcCameraDelegate::CreateIpcConnectionOnMojoThread():441: CreateIpcConnectionOnMojoThread done
07-06 16:59:00.559 29 61 I CameraHAL: auto android::ArcCameraDelegate::CreateIpcConnectionOnMojoThread()::(anonymous class)::operator()(uint32_t) const:439: Bridge ready (version=0)
07-06 16:59:00.560 29 2086 I CameraHAL: android::ArcCameraDelegate::ArcCameraDelegate(arc::MojoProcessSupport *):133: ArcCameraDelegate initialized
07-06 16:59:00.568 300 462 I TaskWindowPlacerArc: Command came in: 10
07-06 16:59:00.569 300 314 I TaskWindowPlacerArc: UI scale: using 100.
07-06 16:59:00.570 2058 2071 I Camera : CameraInfo.orientation from HAL is 0
07-06 16:59:00.571 300 667 I TaskWindowPlacerArc: Command came in: 10
07-06 16:59:00.571 300 547 I TaskWindowPlacerArc: UI scale: using 100.
07-06 16:59:00.581 2058 2071 I Camera : CameraInfo.orientation from HAL is 0
07-06 16:59:00.582 300 625 I TaskWindowPlacerArc: Command came in: 10
07-06 16:59:00.583 300 462 I TaskWindowPlacerArc: UI scale: using 100.
07-06 16:59:00.589 2058 2071 I Camera : CameraInfo.orientation from HAL is 0
07-06 16:59:00.590 300 639 I TaskWindowPlacerArc: Command came in: 10
07-06 16:59:00.591 300 625 I TaskWindowPlacerArc: UI scale: using 100.
07-06 16:59:00.601 2058 2071 I CameraDeviceState: Legacy camera service transitioning to state CONFIGURING
07-06 16:59:00.602 2058 2110 I RequestThread-0: Configure outputs: 3 surfaces configured.
07-06 16:59:00.602 2058 2110 D Camera : app passed NULL surface
07-06 16:59:00.607 2057 2057 I app_process32: Mesa warning: couldn't open libtxc_dxtn.so, software DXTn compression/decompression unavailable
07-06 16:59:00.620 2058 2111 D EGL-MAIN: EGL user error 0x3004 (EGL_BAD_ATTRIBUTE) in eglQueryContext
07-06 16:59:00.625 2058 2071 I CameraDeviceState: Legacy camera service transitioning to state IDLE
07-06 16:59:00.630 2058 2071 I RequestQueue: Repeating capture request set.
07-06 16:59:00.632 2058 2110 W LegacyRequestMapper: convertRequestMetadata - control.awbRegions setting is not supported, ignoring value
07-06 16:59:00.633 2058 2110 W LegacyRequestMapper: convertRequestToMetadata - Ignoring android.lens.focusDistance false, only 0.0f is supported
07-06 16:59:00.637 29 29 D CameraHAL: int android::CameraClient::startPreview():458: Starting preview: 1280x720 with 0x47504A4D format.
07-06 16:59:01.006 2058 2111 I CameraDeviceState: Legacy camera service transitioning to state CAPTURING
07-06 16:59:01.019 2057 2057 I app_process32: Mesa: User error: GL_INVALID_OPERATION in glReadPixels(GL_IMPLEMENTATION_COLOR_READ_FORMAT: no GL_READ_BUFFER)
07-06 16:59:01.019 2057 2057 I app_process32: Mesa: User error: GL_INVALID_OPERATION in glReadPixels(no readbuffer)
07-06 16:59:01.019 2058 2111 E CameraDeviceGLThread-0: Received exception on GL render thread:
07-06 16:59:01.019 2058 2111 E CameraDeviceGLThread-0: java.lang.IllegalStateException: glReadPixels: GLES20 error: 0x502
07-06 16:59:01.019 2058 2111 E CameraDeviceGLThread-0: at android.hardware.camera2.legacy.SurfaceTextureRenderer.checkGlError(SurfaceTextureRenderer.java:552)
07-06 16:59:01.019 2058 2111 E CameraDeviceGLThread-0: at android.hardware.camera2.legacy.SurfaceTextureRenderer.drawIntoSurfaces(SurfaceTextureRenderer.java:796)
07-06 16:59:01.019 2058 2111 E CameraDeviceGLThread-0: at android.hardware.camera2.legacy.GLThreadManager$1.handleMessage(GLThreadManager.java:105)
07-06 16:59:01.019 2058 2111 E CameraDeviceGLThread-0: at android.os.Handler.dispatchMessage(Handler.java:98)
07-06 16:59:01.019 2058 2111 E CameraDeviceGLThread-0: at android.os.Looper.loop(Looper.java:154)
07-06 16:59:01.019 2058 2111 E CameraDeviceGLThread-0: at android.os.HandlerThread.run(HandlerThread.java:61)
07-06 16:59:01.019 2058 2111 I CameraDeviceState: Legacy camera service transitioning to state ERROR