--------- beginning of main
08-06 12:39:47.518 2291 2291 W auditd : type=2000 audit(0.0:1): initialized
08-06 12:40:06.928 2291 2291 I auditd : type=1403 audit(0.0:2): policy loaded auid=4294967295 ses=4294967295
08-06 12:40:06.929 1 1 I init : type=1400 audit(0.0:3): avc: denied { open } for path="/selinux_version" dev="tmpfs" ino=5218 scontext=u:r:kernel:s0 tcontext=u:object_r:tmpfs:s0 tclass=file permissive=1
08-06 12:40:06.930 1 1 I init : type=1400 audit(0.0:4): avc: denied { relabelfrom } for name="init" dev="tmpfs" ino=5196 scontext=u:r:kernel:s0 tcontext=u:object_r:tmpfs:s0 tclass=file permissive=1
08-06 12:40:06.937 1 1 I init : type=1400 audit(0.0:5): avc: denied { relabelfrom } for name="property_contexts" dev="tmpfs" ino=5208 scontext=u:r:init:s0 tcontext=u:object_r:tmpfs:s0 tclass=file permissive=1
08-06 12:40:06.986 2268 2268 I ueventd : type=1400 audit(0.0:6): avc: denied { open } for path="/ueventd.rc" dev="tmpfs" ino=5225 scontext=u:r:ueventd:s0 tcontext=u:object_r:tmpfs:s0 tclass=file permissive=1
08-06 12:40:06.996 2268 2268 I ueventd : type=1400 audit(0.0:7): avc: denied { sys_module } for capability=16 scontext=u:r:ueventd:s0 tcontext=u:r:ueventd:s0 tclass=capability permissive=1
08-06 12:40:06.996 2268 2268 I ueventd : type=1400 audit(0.0:8): avc: denied { module_load } for path="/system/lib/modules/4.9.31-android-x86_64/kernel/sound/soundcore.ko" dev="loop1" ino=5357 scontext=u:r:ueventd:s0 tcontext=u:object_r:system_file:s0 tclass=system permissive=1
08-06 12:40:07.020 24 24 I kworker/2:0: type=1400 audit(0.0:9): avc: denied { module_request } for kmod="i915" scontext=u:r:kernel:s0 tcontext=u:r:kernel:s0 tclass=system permissive=1
08-06 12:40:07.020 2270 2270 I modprobe: type=1400 audit(0.0:10): avc: denied { create } for name="__kmsg__" scontext=u:r:init:s0 tcontext=u:object_r:device:s0 tclass=chr_file permissive=1
08-06 12:40:07.021 2270 2270 I modprobe: type=1400 audit(0.0:11): avc: denied { unlink } for name="__kmsg__" dev="tmpfs" ino=6693 scontext=u:r:init:s0 tcontext=u:object_r:device:s0 tclass=chr_file permissive=1
08-06 12:40:09.320 2302 2302 I setprop : type=1400 audit(0.0:33): avc: denied { write } for name="property_service" dev="tmpfs" ino=8699 scontext=u:r:toolbox:s0 tcontext=u:object_r:property_socket:s0 tclass=sock_file permissive=1
08-06 12:40:09.320 2302 2302 I setprop : type=1400 audit(0.0:34): avc: denied { connectto } for path="/dev/socket/property_service" scontext=u:r:toolbox:s0 tcontext=u:r:init:s0 tclass=unix_stream_socket permissive=1
08-06 12:40:09.321 2292 2292 I sh : + '[' -e /vendor/etc/init.sh ']'
08-06 12:40:09.321 2292 2292 I sh : + do_init
08-06 12:40:09.321 2292 2292 I sh : + init_misc
08-06 12:40:09.324 2292 2292 I sh : + cat /sys/class/dmi/id/sys_vendor
08-06 12:40:09.325 2292 2292 I sh : + setprop ro.product.manufacturer LENOVO
08-06 12:40:09.327 2292 2292 I sh : + setprop ro.product.model 20FMS27L0F
08-06 12:40:09.330 2306 2306 I lsusb : type=1400 audit(0.0:35): avc: denied { write } for path="pipe:[7085]" dev="pipefs" ino=7085 scontext=u:r:toolbox:s0 tcontext=u:r:init:s0 tclass=fifo_file permissive=1
08-06 12:40:09.330 2292 2292 I sh : + lsusb
08-06 12:40:09.330 2292 2292 I sh : + grep 1a8d:1000
08-06 12:40:09.332 2306 2306 I lsusb : type=1400 audit(0.0:36): avc: denied { getattr } for path="pipe:[7085]" dev="pipefs" ino=7085 scontext=u:r:toolbox:s0 tcontext=u:r:init:s0 tclass=fifo_file permissive=1
08-06 12:40:09.335 2292 2292 I sh : + '[' -d /sys/devices/system/cpu/cpu0/cpufreq ']'
08-06 12:40:09.335 2292 2292 I sh : + init_hal_audio
08-06 12:40:09.335 2292 2292 I sh : + grep -qi IntelHDMI /proc/asound/card0/id
08-06 12:40:09.337 2293 2293 I sh : type=1400 audit(0.0:37): avc: denied { write } for name="rfkill0" dev="sysfs" ino=14588 scontext=u:r:init:s0 tcontext=u:object_r:sysfs:s0 tclass=dir permissive=1
08-06 12:40:09.337 2293 2293 I sh : type=1400 audit(0.0:38): avc: denied { add_name } for name="state" scontext=u:r:init:s0 tcontext=u:object_r:sysfs:s0 tclass=dir permissive=1
08-06 12:40:09.337 2293 2293 I sh : type=1400 audit(0.0:39): avc: denied { create } for name="state" scontext=u:r:init:s0 tcontext=u:object_r:sysfs:s0 tclass=file permissive=1
08-06 12:40:09.338 2292 2292 I sh : + init_hal_bluetooth
08-06 12:40:09.338 2292 2292 I sh : + cat /sys/class/rfkill/rfkill0/type
08-06 12:40:09.339 2292 2292 I sh : + type=bluetooth
08-06 12:40:09.339 2292 2292 I sh : + '[' bluetooth '=' wlan -o bluetooth '=' bluetooth ']'
08-06 12:40:09.339 2292 2292 I sh : + >/sys/class/rfkill/rfkill0/state
08-06 12:40:09.339 2292 2292 I sh : + echo 1
08-06 12:40:09.339 2292 2292 I sh : + cat /sys/class/rfkill/rfkill1/type
08-06 12:40:09.339 2292 2292 I sh : + type=wlan
08-06 12:40:09.339 2292 2292 I sh : + '[' wlan '=' wlan -o wlan '=' bluetooth ']'
08-06 12:40:09.339 2292 2292 I sh : + >/sys/class/rfkill/rfkill1/state
08-06 12:40:09.339 2292 2292 I sh : + echo 1
08-06 12:40:09.339 2292 2292 I sh : + cat /sys/class/rfkill/rfkill2/type
08-06 12:40:09.340 2292 2292 I sh : + type=bluetooth
08-06 12:40:09.340 2292 2292 I sh : + '[' bluetooth '=' wlan -o bluetooth '=' bluetooth ']'
08-06 12:40:09.340 2292 2292 I sh : + >/sys/class/rfkill/rfkill2/state
08-06 12:40:09.340 2292 2292 I sh : + echo 1
08-06 12:40:09.342 2292 2292 I sh : + cat /sys/class/rfkill/rfkill3/type
08-06 12:40:09.342 2292 2292 I sh : + type=wwan
08-06 12:40:09.342 2292 2292 I sh : + '[' wwan '=' wlan -o wwan '=' bluetooth ']'
08-06 12:40:09.342 2292 2292 I sh : + busybox lsusb -v
08-06 12:40:09.344 2292 2292 I sh : + awk ' /Class:.E0/ { print $9 } '
08-06 12:40:09.348 2292 2292 I sh : + chown 1002.1002 /dev/bus/usb/001/005
08-06 12:40:09.350 2317 2317 I chown : type=1400 audit(0.0:40): avc: denied { getattr } for path="/dev/bus/usb/001/005" dev="tmpfs" ino=6880 scontext=u:r:toolbox:s0 tcontext=u:object_r:usb_device:s0 tclass=chr_file permissive=1
08-06 12:40:09.350 2317 2317 I chown : type=1400 audit(0.0:41): avc: denied { setattr } for name="005" dev="tmpfs" ino=6880 scontext=u:r:toolbox:s0 tcontext=u:object_r:usb_device:s0 tclass=chr_file permissive=1
08-06 12:40:09.350 2317 2317 I chown : type=1400 audit(0.0:42): avc: denied { chown } for capability=0 scontext=u:r:toolbox:s0 tcontext=u:r:toolbox:s0 tclass=capability permissive=1
08-06 12:40:09.351 2292 2292 I sh : + chmod 660 /dev/bus/usb/001/005
08-06 12:40:09.354 2318 2318 I chmod : type=1400 audit(0.0:43): avc: denied { fowner } for capability=3 scontext=u:r:toolbox:s0 tcontext=u:r:toolbox:s0 tclass=capability permissive=1
08-06 12:40:09.354 2318 2318 I chmod : type=1400 audit(0.0:44): avc: denied { fsetid } for capability=4 scontext=u:r:toolbox:s0 tcontext=u:r:toolbox:s0 tclass=capability permissive=1
08-06 12:40:09.355 2292 2292 I sh : + '[' -n ']'
08-06 12:40:09.355 2292 2292 I sh : + dmesg -t
08-06 12:40:09.355 2292 2292 I sh : + grep -qE '8723bs.*BT'
08-06 12:40:09.357 2319 2319 I dmesg : type=1400 audit(0.0:45): avc: denied { syslog_read } for scontext=u:r:toolbox:s0 tcontext=u:r:kernel:s0 tclass=system permissive=1
08-06 12:40:09.359 2322 2322 I head : type=1400 audit(0.0:46): avc: denied { read } for path="pipe:[7139]" dev="pipefs" ino=7139 scontext=u:r:toolbox:s0 tcontext=u:r:init:s0 tclass=fifo_file permissive=1
08-06 12:40:09.359 2292 2292 I sh : + init_hal_camera
08-06 12:40:09.359 2292 2292 I sh : + return
08-06 12:40:09.359 2292 2292 I sh : + init_hal_gps
08-06 12:40:09.359 2292 2292 I sh : + return
08-06 12:40:09.359 2292 2292 I sh : + init_hal_gralloc
08-06 12:40:09.359 2292 2292 I sh : + cat /proc/fb
08-06 12:40:09.359 2292 2292 I sh : + head -1
08-06 12:40:09.363 2292 2292 I sh : + set_property ro.hardware.gralloc drm
08-06 12:40:09.363 2292 2292 I sh : + setprop ro.hardware.gralloc drm
08-06 12:40:09.366 2292 2292 I sh : + '[' -n 2 ']'
08-06 12:40:09.366 2292 2292 I sh : + >>/dev/x86.prop
08-06 12:40:09.366 2292 2292 I sh : + echo 'ro.hardware.gralloc=drm'
08-06 12:40:09.366 2292 2292 I sh : + set_drm_mode
08-06 12:40:09.366 2292 2292 I sh : + '[' -n ']'
08-06 12:40:09.366 2292 2292 I sh : + '[' -n 2 ']'
08-06 12:40:09.366 2292 2292 I sh : + set_property debug.egl.trace error
08-06 12:40:09.366 2292 2292 I sh : + setprop debug.egl.trace error
08-06 12:40:09.369 2292 2292 I sh : + '[' -n 2 ']'
08-06 12:40:09.369 2292 2292 I sh : + >>/dev/x86.prop
08-06 12:40:09.369 2292 2292 I sh : + echo 'debug.egl.trace=error'
08-06 12:40:09.369 2292 2292 I sh : + init_hal_hwcomposer
08-06 12:40:09.369 2292 2292 I sh : + return
08-06 12:40:09.369 2292 2292 I sh : + init_hal_lights
08-06 12:40:09.369 2292 2292 I sh : + chown 1000.1000 /sys/class/backlight/intel_backlight/brightness
08-06 12:40:09.371 2325 2325 I chown : type=1400 audit(0.0:47): avc: denied { setattr } for name="brightness" dev="sysfs" ino=16084 scontext=u:r:toolbox:s0 tcontext=u:object_r:sysfs:s0 tclass=file permissive=1
08-06 12:40:09.372 2292 2292 I sh : + init_hal_power
08-06 12:40:09.372 2292 2292 I sh : + >/sys/class/rtc/rtc0/device/power/wakeup
08-06 12:40:09.372 2292 2292 I sh : + echo disabled
08-06 12:40:09.380 2292 2292 I sh : + init_hal_sensors
08-06 12:40:09.380 2292 2292 I sh : + getprop ro.hardware
08-06 12:40:09.383 2292 2292 I sh : + ro_hardware=android_x86_64
08-06 12:40:09.383 2292 2292 I sh : + '[' -f /system/lib/hw/sensors.android_x86_64.so ']'
08-06 12:40:09.386 2292 2292 I sh : + typeset 'hal_sensors=kbd'
08-06 12:40:09.386 2292 2292 I sh : + typeset 'has_sensors=true'
08-06 12:40:09.386 2292 2292 I sh : + cat /sys/class/dmi/id/uevent
08-06 12:40:09.387 2292 2292 I sh : + 2>/dev/null
08-06 12:40:09.387 2292 2292 I sh : + ls '/sys/bus/iio/devices/iio:device*'
08-06 12:40:09.390 2328 2328 I ls : type=1400 audit(0.0:48): avc: denied { ioctl } for path="pipe:[9218]" dev="pipefs" ino=9218 ioctlcmd=0x5413 scontext=u:r:toolbox:s0 tcontext=u:r:init:s0 tclass=fifo_file permissive=1
08-06 12:40:09.390 2329 2329 I sh : type=1400 audit(0.0:49): avc: denied { execute } for name="busybox" dev="tmpfs" ino=5412 scontext=u:r:init:s0 tcontext=u:object_r:tmpfs:s0 tclass=file permissive=1
08-06 12:40:09.390 2329 2329 I sh : type=1400 audit(0.0:50): avc: denied { execute_no_trans } for path="/bin/busybox" dev="tmpfs" ino=5412 scontext=u:r:init:s0 tcontext=u:object_r:tmpfs:s0 tclass=file permissive=1
08-06 12:40:09.391 2292 2292 I sh : + '[' -n ']'
08-06 12:40:09.391 2292 2292 I sh : + lsmod
08-06 12:40:09.391 2292 2292 I sh : + grep -q lis3lv02d_i2c
08-06 12:40:09.392 2292 2292 I sh : + set_property ro.hardware.sensors kbd
08-06 12:40:09.392 2292 2292 I sh : + setprop ro.hardware.sensors kbd
08-06 12:40:09.395 2292 2292 I sh : + '[' -n 2 ']'
08-06 12:40:09.395 2292 2292 I sh : + >>/dev/x86.prop
08-06 12:40:09.395 2292 2292 I sh : + echo 'ro.hardware.sensors=kbd'
08-06 12:40:09.395 2292 2292 I sh : + '[' kbd '!=' kbd ']'
08-06 12:40:09.395 2292 2292 I sh : + set_property config.override_forced_orient true
08-06 12:40:09.395 2292 2292 I sh : + setprop config.override_forced_orient true
08-06 12:40:09.398 2292 2292 I sh : + '[' -n 2 ']'
08-06 12:40:09.398 2292 2292 I sh : + >>/dev/x86.prop
08-06 12:40:09.398 2292 2292 I sh : + echo 'config.override_forced_orient=true'
08-06 12:40:09.398 2292 2292 I sh : + init_tscal
08-06 12:40:09.398 2292 2292 I sh : + awk '{ print $6 }'
08-06 12:40:09.398 2292 2292 I sh : + lsusb
08-06 12:40:09.402 2292 2292 I sh : + init_ril
08-06 12:40:09.402 2292 2292 I sh : + cat /sys/class/dmi/id/uevent
08-06 12:40:09.402 2292 2292 I sh : + set_property ro.radio.noril yes
08-06 12:40:09.402 2292 2292 I sh : + setprop ro.radio.noril yes
08-06 12:40:09.405 2292 2292 I sh : + '[' -n 2 ']'
08-06 12:40:09.405 2292 2292 I sh : + >>/dev/x86.prop
08-06 12:40:09.405 2292 2292 I sh : + echo 'ro.radio.noril=yes'
08-06 12:40:09.405 2292 2292 I sh : + post_init
08-06 12:40:09.405 2292 2292 I sh : /system/etc/init.sh: post_init: not found
08-06 12:40:09.405 2292 2292 I sh : + return 0
08-06 12:40:09.444 2338 2338 I : debuggerd: starting --------- beginning of system
08-06 12:40:09.583 2339 2339 I vold : Vold 3.0 (the awakening) firing up
08-06 12:40:09.586 2337 2337 I : debuggerd: starting
08-06 12:40:09.589 2339 2339 I vold : type=1400 audit(0.0:51): avc: denied { open } for path="/selinux_version" dev="tmpfs" ino=5218 scontext=u:r:vold:s0 tcontext=u:object_r:tmpfs:s0 tclass=file permissive=1
08-06 12:40:09.590 2339 2339 V vold : Detected support for: exfat ext4 f2fs iso9660 ntfs vfat
08-06 12:40:09.594 2339 2343 V vold : /system/bin/sgdisk
08-06 12:40:09.594 2339 2343 V vold : --android-dump
08-06 12:40:09.594 2339 2343 V vold : /dev/block/vold/disk:8_16
08-06 12:40:09.601 2339 2346 D vold : e4crypt_init_user0
08-06 12:40:09.601 2339 2346 D vold : e4crypt_prepare_user_storage for volume null, user 0, serial 0, flags 1
08-06 12:40:09.601 2339 2346 D vold : Preparing: /data/system/users/0
08-06 12:40:09.601 2339 2346 D vold : Preparing: /data/misc/profiles/cur/0
08-06 12:40:09.601 2339 2346 D vold : Preparing: /data/misc/profiles/cur/0/foreign-dex
08-06 12:40:09.601 2339 2346 D vold : Preparing: /data/system_de/0
08-06 12:40:09.601 2339 2346 D vold : Preparing: /data/misc_de/0
08-06 12:40:09.601 2339 2346 D vold : Preparing: /data/user_de/0
08-06 12:40:09.601 2339 2346 D vold : e4crypt_unlock_user_key 0 serial=0 token_present=0
08-06 12:40:09.601 2339 2346 E vold : Failed to chmod /data/system_ce/0: No such file or directory
08-06 12:40:09.601 2339 2346 E vold : Failed to chmod /data/misc_ce/0: No such file or directory
08-06 12:40:09.601 2339 2346 E vold : Failed to chmod /data/media/0: No such file or directory
08-06 12:40:09.601 1 1 I vdc : 200 2340 Command succeeded
08-06 12:40:09.606 2347 2347 I /system/bin/tzdatacheck: tzdata file /data/misc/zoneinfo/current/tzdata does not exist. No action required.
08-06 12:40:09.607 2349 2349 I init : type=1400 audit(0.0:52): avc: denied { entrypoint } for path="/sbin/healthd" dev="tmpfs" ino=5211 scontext=u:r:healthd:s0 tcontext=u:object_r:tmpfs:s0 tclass=file permissive=1
08-06 12:40:09.607 2349 2349 I healthd : type=1400 audit(0.0:53): avc: denied { execute } for path="/sbin/healthd" dev="tmpfs" ino=5211 scontext=u:r:healthd:s0 tcontext=u:object_r:tmpfs:s0 tclass=file permissive=1
08-06 12:40:09.610 2354 2354 I init : type=1400 audit(0.0:54): avc: denied { entrypoint } for path="/sbin/adbd" dev="tmpfs" ino=5210 scontext=u:r:adbd:s0 tcontext=u:object_r:tmpfs:s0 tclass=file permissive=1
08-06 12:40:09.610 2354 2354 I adbd : type=1400 audit(0.0:55): avc: denied { read execute } for path="/sbin/adbd" dev="tmpfs" ino=5210 scontext=u:r:adbd:s0 tcontext=u:object_r:tmpfs:s0 tclass=file permissive=1
08-06 12:40:09.610 2350 2350 I lowmemorykiller: Using in-kernel low memory killer interface
08-06 12:40:09.610 2339 2343 V vold : DISK mbr
08-06 12:40:09.610 2339 2343 V vold :
08-06 12:40:09.610 2339 2343 V vold : PART 1 0
08-06 12:40:09.610 2339 2343 V vold :
08-06 12:40:09.610 2339 2343 V vold : PART 2 ef
08-06 12:40:09.610 2339 2343 V vold :
08-06 12:40:09.627 2360 2360 I cameraserver: type=1400 audit(0.0:56): avc: denied { getattr } for path="/vendor" dev="tmpfs" ino=5226 scontext=u:r:cameraserver:s0 tcontext=u:object_r:tmpfs:s0 tclass=lnk_file permissive=1
08-06 12:40:09.627 2360 2360 I cameraserver: type=1400 audit(0.0:57): avc: denied { read } for name="vendor" dev="tmpfs" ino=5226 scontext=u:r:cameraserver:s0 tcontext=u:object_r:tmpfs:s0 tclass=lnk_file permissive=1
08-06 12:40:09.628 2364 2364 I mediacodec: type=1400 audit(0.0:58): avc: denied { getattr } for path="/vendor" dev="tmpfs" ino=5226 scontext=u:r:mediacodec:s0 tcontext=u:object_r:tmpfs:s0 tclass=lnk_file permissive=1
08-06 12:40:09.628 2364 2364 I mediacodec: type=1400 audit(0.0:59): avc: denied { read } for name="vendor" dev="tmpfs" ino=5226 scontext=u:r:mediacodec:s0 tcontext=u:object_r:tmpfs:s0 tclass=lnk_file permissive=1
08-06 12:40:09.637 2365 2365 I mediadrmserver: type=1400 audit(0.0:60): avc: denied { getattr } for path="/vendor" dev="tmpfs" ino=5226 scontext=u:r:mediadrmserver:s0 tcontext=u:object_r:tmpfs:s0 tclass=lnk_file permissive=1
08-06 12:40:09.637 2365 2365 I mediadrmserver: type=1400 audit(0.0:61): avc: denied { read } for name="vendor" dev="tmpfs" ino=5226 scontext=u:r:mediadrmserver:s0 tcontext=u:object_r:tmpfs:s0 tclass=lnk_file permissive=1
08-06 12:40:09.637 2359 2359 I audioserver: type=1400 audit(0.0:62): avc: denied { getattr } for path="/vendor" dev="tmpfs" ino=5226 scontext=u:r:audioserver:s0 tcontext=u:object_r:tmpfs:s0 tclass=lnk_file permissive=1
08-06 12:40:09.637 2359 2359 I audioserver: type=1400 audit(0.0:63): avc: denied { read } for name="vendor" dev="tmpfs" ino=5226 scontext=u:r:audioserver:s0 tcontext=u:object_r:tmpfs:s0 tclass=lnk_file permissive=1
08-06 12:40:09.645 2351 2351 I servicemanager: type=1400 audit(0.0:64): avc: denied { open } for path="/selinux_version" dev="tmpfs" ino=5218 scontext=u:r:servicemanager:s0 tcontext=u:object_r:tmpfs:s0 tclass=file permissive=1
08-06 12:40:09.669 2371 2371 I perfprofd: starting Android Wide Profiling daemon
08-06 12:40:09.669 2371 2371 E perfprofd: unable to open configuration file /data/data/com.google.android.gms/files/perfprofd.conf
08-06 12:40:09.669 2371 2371 I perfprofd: random seed set to 3128964500
08-06 12:40:09.674 2362 2362 I : installd firing up
08-06 12:40:09.674 2362 2362 E cutils : Failed to read /data/.layout_version: No such file or directory
08-06 12:40:09.674 2362 2362 D : Assuming that device has multi-user storage layout; upgrade no longer supported
08-06 12:40:09.674 2362 2362 D : Upgrading to /data/misc/user directories
08-06 12:40:09.686 2355 2355 I logcat : type=1400 audit(0.0:65): avc: denied { dac_override } for capability=1 scontext=u:r:logd:s0 tcontext=u:r:logd:s0 tclass=capability permissive=1
08-06 12:40:09.686 2355 2355 I logcat : type=1400 audit(0.0:66): avc: denied { read } for name="/" dev="tmpfs" ino=8654 scontext=u:r:logd:s0 tcontext=u:object_r:system_data_file:s0 tclass=dir permissive=1
08-06 12:40:09.686 2355 2355 I logcat : type=1400 audit(0.0:67): avc: denied { open } for path="/data" dev="tmpfs" ino=8654 scontext=u:r:logd:s0 tcontext=u:object_r:system_data_file:s0 tclass=dir permissive=1
08-06 12:40:09.686 2355 2355 I logcat : type=1400 audit(0.0:68): avc: denied { write } for name="/" dev="tmpfs" ino=8654 scontext=u:r:logd:s0 tcontext=u:object_r:system_data_file:s0 tclass=dir permissive=1
08-06 12:40:09.686 2355 2355 I logcat : type=1400 audit(0.0:69): avc: denied { add_name } for name="log.txt" scontext=u:r:logd:s0 tcontext=u:object_r:system_data_file:s0 tclass=dir permissive=1
08-06 12:40:09.686 2355 2355 I logcat : type=1400 audit(0.0:70): avc: denied { create } for name="log.txt" scontext=u:r:logd:s0 tcontext=u:object_r:system_data_file:s0 tclass=file permissive=1
08-06 12:40:09.686 2355 2355 I logcat : type=1400 audit(0.0:71): avc: denied { append } for path="/data/log.txt" dev="tmpfs" ino=9116 scontext=u:r:logd:s0 tcontext=u:object_r:system_data_file:s0 tclass=file permissive=1
08-06 12:40:09.694 2370 2370 I gatekeeperd: Starting gatekeeperd...
08-06 12:40:09.711 2374 2374 I houdini : found /system/lib/libhoudini.so
08-06 12:40:09.712 2370 2370 W gatekeeperd: falling back to software GateKeeper
08-06 12:40:09.712 2370 2370 I gatekeeperd: cold boot: clearing state
08-06 12:40:09.725 2363 2363 I keystore: Found keymaster0 module Keymaster OpenSSL HAL, version 2
08-06 12:40:09.726 2363 2363 I SoftKeymaster: system/keymaster/soft_keymaster_device.cpp, Line 131: Creating device
08-06 12:40:09.726 2363 2363 D SoftKeymaster: system/keymaster/soft_keymaster_device.cpp, Line 132: Device address: 0x74bba0a3d000
08-06 12:40:09.726 2363 2363 I keystore: Keymaster0 module is software-only. Using SoftKeymasterDevice instead.
08-06 12:40:09.726 2363 2363 I SoftKeymaster: system/keymaster/soft_keymaster_device.cpp, Line 131: Creating device
08-06 12:40:09.726 2363 2363 D SoftKeymaster: system/keymaster/soft_keymaster_device.cpp, Line 132: Device address: 0x74bba0a3d400
08-06 12:40:09.741 2368 2368 I Netd : Netd 1.0 starting
08-06 12:40:09.741 2368 2368 D TetherController: Setting IP forward enable = 0
08-06 12:40:09.745 2379 2379 I houdini : houdini enabled
08-06 12:40:09.754 2381 2381 I houdini : found /system/lib64/libhoudini.so
08-06 12:40:09.757 2382 2382 I houdini : houdini64 enabled
08-06 12:40:09.937 2352 2352 I SurfaceFlinger: SurfaceFlinger is starting
08-06 12:40:09.940 2352 2352 I SurfaceFlinger: SurfaceFlinger's main thread ready to run. Initializing graphics H/W...
08-06 12:40:09.992 2364 2364 I mediacodec: @@@ mediacodecservice starting
08-06 12:40:09.997 2360 2360 I cameraserver: ServiceManager: 0xe9f1af40
08-06 12:40:10.006 2364 2364 W : No seccomp filter defined for this architecture.
08-06 12:40:10.009 2360 2360 I CameraService: CameraService started (pid=2360)
08-06 12:40:10.009 2360 2360 I CameraService: CameraService process starting
08-06 12:40:10.009 2360 2360 W BatteryNotifier: batterystats service unavailable!
08-06 12:40:10.009 2360 2360 W BatteryNotifier: batterystats service unavailable!
08-06 12:40:10.026 2352 2352 D libEGL : loaded /system/lib64/egl/libGLES_mesa.so
08-06 12:40:10.032 2360 2360 D Camera_Factory: CameraFactory::CameraFactory
08-06 12:40:10.032 2360 2360 D Camera_Factory: CameraFactory::parseConfig: configFile = /etc/camera.cfg
08-06 12:40:10.032 2360 2360 D Camera_Factory: /etc/camera.cfg not found, using camera configuration defaults
08-06 12:40:10.032 2360 2360 D Camera_Factory: Found device /dev/video0
08-06 12:40:10.032 2360 2360 D Camera_Factory: CameraFactory::newCameraConfig: 0 -> /dev/video0 (0)
08-06 12:40:10.032 2360 2360 E cutils-trace: Error opening trace file: Permission denied (13)
08-06 12:40:10.032 2360 2360 D Camera_Factory: CameraFactory::get_number_of_cameras
08-06 12:40:10.032 2360 2360 D Camera_Factory: CameraFactory::getCameraNum: 1
08-06 12:40:10.032 2360 2360 I CameraService: Loaded "Camera Module" camera module
08-06 12:40:10.032 2360 2360 D Camera_Factory: CameraFactory::get_number_of_cameras
08-06 12:40:10.032 2360 2360 D Camera_Factory: CameraFactory::getCameraNum: 1
08-06 12:40:10.032 2360 2360 D Camera_Factory: CameraFactory::get_number_of_cameras
08-06 12:40:10.032 2360 2360 D Camera_Factory: CameraFactory::getCameraNum: 1
08-06 12:40:10.032 2360 2360 I CameraFlashlight: Opening camera 0
08-06 12:40:10.032 2360 2360 D Camera_Factory: CameraFactory::get_camera_info
08-06 12:40:10.032 2360 2360 D Camera_Factory: CameraFactory::getCameraInfo: id = 0, info = 0xff8c0f78
08-06 12:40:10.032 2360 2360 D Camera_Factory: CameraFactory::getCameraNum: 1
08-06 12:40:10.032 2360 2360 D CameraHardware: CameraHardware::getCameraInfo
08-06 12:40:10.032 2360 2360 D Camera_Factory: CameraFactory::device_open: name = 0
08-06 12:40:10.032 2360 2360 D Camera_Factory: CameraFactory::cameraDeviceOpen: id = 0
08-06 12:40:10.032 2360 2360 D Camera_Factory: CameraFactory::getCameraNum: 1
08-06 12:40:10.032 2360 2360 D CameraHardware: CameraHardware::PowerOn: Power ON camera.
08-06 12:40:10.032 2360 2360 D CameraHardware: CameraHardware::PowerOn: no power_file set
08-06 12:40:10.032 2360 2360 D CameraHardware: CameraHardware::initDefaultParameters
08-06 12:40:10.056 2352 2352 I GRALLOC-DRM: create intel for driver i915
08-06 12:40:10.099 2359 2359 I : sMaxFastTracks = 8
08-06 12:40:10.099 2359 2359 I audioserver: ServiceManager: 0xecb9af40
08-06 12:40:10.099 2359 2359 W BatteryNotifier: batterystats service unavailable!
08-06 12:40:10.099 2359 2359 I AudioFlinger: Using default 3000 mSec as standby time.
08-06 12:40:10.100 2359 2359 I AudioPolicyService: AudioPolicyService CSTOR in new mode
08-06 12:40:10.116 2366 2366 V MediaUtils: physMem: 4294967295
08-06 12:40:10.116 2366 2366 V MediaUtils: requested limit: 858993440
08-06 12:40:10.116 2366 2366 V MediaUtils: actual limit: 858993440
08-06 12:40:10.116 2366 2366 V MediaUtils: original limits: 4294967295/4294967295
08-06 12:40:10.116 2366 2366 V MediaUtils: new limits: 858993440/4294967295
08-06 12:40:10.117 2366 2366 W /system/bin/mediaextractor: libminijail: allowing syscall: socketcall
08-06 12:40:10.117 2366 2366 W /system/bin/mediaextractor: libminijail: allowing syscall: writev
08-06 12:40:10.117 2366 2366 W /system/bin/mediaextractor: libminijail: allowing syscall: fcntl64
08-06 12:40:10.117 2366 2366 W /system/bin/mediaextractor: libminijail: allowing syscall: clock_gettime
08-06 12:40:10.123 2359 2359 I APM::ConfigParsingUtils: loadAudioPolicyConfig() loaded /system/etc/audio_policy.conf
08-06 12:40:10.128 2360 2360 D V4L2Camera: V4L2Camera::EnumFrameFormats
08-06 12:40:10.128 2360 2360 D V4L2Camera: { pixelformat = 'YUYV', description = 'YUYV 4:2:2' }
08-06 12:40:10.128 2360 2360 D V4L2Camera: V4L2Camera::EnumFrameSizes: pixfmt: 0x56595559
08-06 12:40:10.128 2360 2360 D V4L2Camera: { discrete: width = 640, height = 480 }
08-06 12:40:10.128 2360 2360 D V4L2Camera: V4L2Camera::EnumFrameIntervals: pixfmt: 0x56595559, w:640, h:480
08-06 12:40:10.128 2360 2360 D V4L2Camera: Time interval between frame:
08-06 12:40:10.128 2360 2360 D V4L2Camera: 1/30
08-06 12:40:10.128 2360 2360 D V4L2Camera: 1/15
08-06 12:40:10.128 2360 2360 D V4L2Camera: { discrete: width = 320, height = 180 }
08-06 12:40:10.128 2360 2360 D V4L2Camera: V4L2Camera::EnumFrameIntervals: pixfmt: 0x56595559, w:320, h:180
08-06 12:40:10.128 2360 2360 D V4L2Camera: Time interval between frame:
08-06 12:40:10.128 2360 2360 D V4L2Camera: 1/30
08-06 12:40:10.128 2360 2360 D V4L2Camera: 1/15
08-06 12:40:10.128 2360 2360 D V4L2Camera: { discrete: width = 320, height = 240 }
08-06 12:40:10.128 2360 2360 D V4L2Camera: V4L2Camera::EnumFrameIntervals: pixfmt: 0x56595559, w:320, h:240
08-06 12:40:10.128 2360 2360 D V4L2Camera: Time interval between frame:
08-06 12:40:10.128 2360 2360 D V4L2Camera: 1/30
08-06 12:40:10.128 2360 2360 D V4L2Camera: 1/15
08-06 12:40:10.128 2360 2360 D V4L2Camera: { discrete: width = 352, height = 288 }
08-06 12:40:10.128 2360 2360 D V4L2Camera: V4L2Camera::EnumFrameIntervals: pixfmt: 0x56595559, w:352, h:288
08-06 12:40:10.128 2360 2360 D V4L2Camera: Time interval between frame:
08-06 12:40:10.128 2360 2360 D V4L2Camera: 1/30
08-06 12:40:10.128 2360 2360 D V4L2Camera: 1/15
08-06 12:40:10.128 2360 2360 D V4L2Camera: { discrete: width = 424, height = 240 }
08-06 12:40:10.128 2360 2360 D V4L2Camera: V4L2Camera::EnumFrameIntervals: pixfmt: 0x56595559, w:424, h:240
08-06 12:40:10.128 2360 2360 D V4L2Camera: Time interval between frame:
08-06 12:40:10.128 2360 2360 D V4L2Camera: 1/30
08-06 12:40:10.128 2360 2360 D V4L2Camera: 1/15
08-06 12:40:10.128 2360 2360 D V4L2Camera: { discrete: width = 640, height = 360 }
08-06 12:40:10.128 2360 2360 D V4L2Camera: V4L2Camera::EnumFrameIntervals: pixfmt: 0x56595559, w:640, h:360
08-06 12:40:10.128 2360 2360 D V4L2Camera: Time interval between frame:
08-06 12:40:10.128 2360 2360 D V4L2Camera: 1/30
08-06 12:40:10.128 2360 2360 D V4L2Camera: 1/15
08-06 12:40:10.128 2360 2360 D V4L2Camera: { discrete: width = 848, height = 480 }
08-06 12:40:10.128 2360 2360 D V4L2Camera: V4L2Camera::EnumFrameIntervals: pixfmt: 0x56595559, w:848, h:480
08-06 12:40:10.128 2360 2360 D V4L2Camera: Time interval between frame:
08-06 12:40:10.128 2360 2360 D V4L2Camera: 1/20
08-06 12:40:10.128 2360 2360 D V4L2Camera: { discrete: width = 960, height = 540 }
08-06 12:40:10.128 2360 2360 D V4L2Camera: V4L2Camera::EnumFrameIntervals: pixfmt: 0x56595559, w:960, h:540
08-06 12:40:10.128 2360 2360 D V4L2Camera: Time interval between frame:
08-06 12:40:10.128 2360 2360 D V4L2Camera: 1/15
08-06 12:40:10.128 2360 2360 D V4L2Camera: { discrete: width = 1280, height = 720 }
08-06 12:40:10.128 2360 2360 D V4L2Camera: V4L2Camera::EnumFrameIntervals: pixfmt: 0x56595559, w:1280, h:720
08-06 12:40:10.128 2360 2360 D V4L2Camera: Time interval between frame:
08-06 12:40:10.128 2360 2360 D V4L2Camera: 1/10
08-06 12:40:10.128 2360 2360 D V4L2Camera: { pixelformat = 'MJPG', description = 'Motion-JPEG' }
08-06 12:40:10.128 2360 2360 D V4L2Camera: V4L2Camera::EnumFrameSizes: pixfmt: 0x47504a4d
08-06 12:40:10.128 2360 2360 D V4L2Camera: { discrete: width = 640, height = 480 }
08-06 12:40:10.128 2360 2360 D V4L2Camera: V4L2Camera::EnumFrameIntervals: pixfmt: 0x47504a4d, w:640, h:480
08-06 12:40:10.128 2360 2360 D V4L2Camera: Time interval between frame:
08-06 12:40:10.128 2360 2360 D V4L2Camera: 1/30
08-06 12:40:10.128 2360 2360 D V4L2Camera: 1/15
08-06 12:40:10.128 2360 2360 D V4L2Camera: { discrete: width = 320, height = 180 }
08-06 12:40:10.128 2360 2360 D V4L2Camera: V4L2Camera::EnumFrameIntervals: pixfmt: 0x47504a4d, w:320, h:180
08-06 12:40:10.128 2360 2360 D V4L2Camera: Time interval between frame:
08-06 12:40:10.128 2360 2360 D V4L2Camera: 1/30
08-06 12:40:10.128 2360 2360 D V4L2Camera: 1/15
08-06 12:40:10.128 2360 2360 D V4L2Camera: { discrete: width = 320, height = 240 }
08-06 12:40:10.128 2360 2360 D V4L2Camera: V4L2Camera::EnumFrameIntervals: pixfmt: 0x47504a4d, w:320, h:240
08-06 12:40:10.128 2360 2360 D V4L2Camera: Time interval between frame:
08-06 12:40:10.128 2360 2360 D V4L2Camera: 1/30
08-06 12:40:10.128 2360 2360 D V4L2Camera: 1/15
08-06 12:40:10.128 2360 2360 D V4L2Camera: { discrete: width = 352, height = 288 }
08-06 12:40:10.128 2360 2360 D V4L2Camera: V4L2Camera::EnumFrameIntervals: pixfmt: 0x47504a4d, w:352, h:288
08-06 12:40:10.128 2360 2360 D V4L2Camera: Time interval between frame:
08-06 12:40:10.128 2360 2360 D V4L2Camera: 1/30
08-06 12:40:10.128 2360 2360 D V4L2Camera: 1/15
08-06 12:40:10.128 2360 2360 D V4L2Camera: { discrete: width = 424, height = 240 }
08-06 12:40:10.128 2360 2360 D V4L2Camera: V4L2Camera::EnumFrameIntervals: pixfmt: 0x47504a4d, w:424, h:240
08-06 12:40:10.128 2360 2360 D V4L2Camera: Time interval between frame:
08-06 12:40:10.128 2360 2360 D V4L2Camera: 1/30
08-06 12:40:10.128 2360 2360 D V4L2Camera: 1/15
08-06 12:40:10.128 2360 2360 D V4L2Camera: { discrete: width = 640, height = 360 }
08-06 12:40:10.128 2360 2360 D V4L2Camera: V4L2Camera::EnumFrameIntervals: pixfmt: 0x47504a4d, w:640, h:360
08-06 12:40:10.128 2360 2360 D V4L2Camera: Time interval between frame:
08-06 12:40:10.128 2360 2360 D V4L2Camera: 1/30
08-06 12:40:10.128 2360 2360 D V4L2Camera: 1/15
08-06 12:40:10.128 2360 2360 D V4L2Camera: { discrete: width = 848, height = 480 }
08-06 12:40:10.128 2360 2360 D V4L2Camera: V4L2Camera::EnumFrameIntervals: pixfmt: 0x47504a4d, w:848, h:480
08-06 12:40:10.128 2360 2360 D V4L2Camera: Time interval between frame:
08-06 12:40:10.128 2360 2360 D V4L2Camera: 1/30
08-06 12:40:10.128 2360 2360 D V4L2Camera: 1/15
08-06 12:40:10.128 2360 2360 D V4L2Camera: { discrete: width = 960, height = 540 }
08-06 12:40:10.128 2360 2360 D V4L2Camera: V4L2Camera::EnumFrameIntervals: pixfmt: 0x47504a4d, w:960, h:540
08-06 12:40:10.128 2360 2360 D V4L2Camera: Time interval between frame:
08-06 12:40:10.128 2360 2360 D V4L2Camera: 1/30
08-06 12:40:10.128 2360 2360 D V4L2Camera: 1/15
08-06 12:40:10.128 2360 2360 D V4L2Camera: { discrete: width = 1280, height = 720 }
08-06 12:40:10.128 2360 2360 D V4L2Camera: V4L2Camera::EnumFrameIntervals: pixfmt: 0x47504a4d, w:1280, h:720
08-06 12:40:10.128 2360 2360 D V4L2Camera: Time interval between frame:
08-06 12:40:10.128 2360 2360 D V4L2Camera: 1/30
08-06 12:40:10.128 2360 2360 D V4L2Camera: 1/15
08-06 12:40:10.129 2360 2360 D V4L2Camera: V4L2Camera::getAvailableSizes
08-06 12:40:10.129 2360 2360 D V4L2Camera: V4L2Camera::getAvailableFps
08-06 12:40:10.129 2360 2360 I CameraHardware: Default preview size: (1280 x 720), fps:30
08-06 12:40:10.129 2360 2360 I CameraHardware: All available formats: 176x144,240x160,320x180,320x200,320x240,352x288,424x240,432x320,480x320,640x360,640x480,848x480,960x540,1280x720
08-06 12:40:10.129 2360 2360 I CameraHardware: All available fps: (10,10),(15,15),(20,20),(30,30)
08-06 12:40:10.129 2360 2360 I CameraHardware: Default picture size: (1280 x 720)
08-06 12:40:10.129 2360 2360 D CameraHardware: CameraHardware::setParameters
08-06 12:40:10.129 2360 2360 D CameraHardware: CameraHardware::setParameters: PREVIEW: Size 1280x720, 30 fps, format: yuv422sp
08-06 12:40:10.129 2360 2360 D CameraHardware: CameraHardware::setParameters: PICTURE: Size 1280x720, format: jpeg
08-06 12:40:10.129 2360 2360 D CameraHardware: CameraHardware::setParameters: VIDEO: Size 1280x720, format: yuv420p
08-06 12:40:10.129 2360 2360 D CameraHardware: CameraHardware::initHeapLocked
08-06 12:40:10.129 2360 2360 E CameraHardware: No memory allocator available
08-06 12:40:10.129 2360 2360 D CameraHardware: CameraHardware::setParameters: OK
08-06 12:40:10.129 2360 2360 D CameraHardware: CameraHardware::connectCamera
08-06 12:40:10.129 2360 2360 D CameraHardware: CameraHardware::setCallbacks
08-06 12:40:10.129 2360 2360 D CameraHardware: CameraHardware::getParameters
08-06 12:40:10.129 2360 2360 D CameraHardware: CameraHardware::putParameters
08-06 12:40:10.129 2360 2360 I ServiceManager: Waiting for service SurfaceFlinger...
08-06 12:40:10.130 2366 2366 W /system/bin/mediaextractor: libminijail: logging seccomp filter failures
08-06 12:40:10.140 2352 2352 I EGL-MAIN: found extension DRI_Core version 1
08-06 12:40:10.140 2352 2352 I EGL-MAIN: found extension DRI_DRI2 version 4
08-06 12:40:10.143 2365 2365 I mediaserver: ServiceManager: 0xe649afc0
08-06 12:40:10.143 2367 2367 I mediaserver: ServiceManager: 0xf261afc0
08-06 12:40:10.146 2359 2359 D audio_hw_primary: found audio out at /dev/snd/pcmC0D0p
08-06 12:40:10.146 2359 2359 D audio_hw_primary: card: 0/0 id: ALC293 Analog
08-06 12:40:10.146 2359 2359 D audio_hw_primary: name: ALC293 Analog
08-06 12:40:10.146 2359 2359 D audio_hw_primary: subname: subdevice #0
08-06 12:40:10.146 2359 2359 D audio_hw_primary: stream: 0
08-06 12:40:10.146 2359 2359 D audio_hw_primary: found audio out at /dev/snd/pcmC0D3p
08-06 12:40:10.146 2359 2359 D audio_hw_primary: card: 0/3 id: HDMI 0
08-06 12:40:10.146 2359 2359 D audio_hw_primary: name: HDMI 0
08-06 12:40:10.146 2359 2359 D audio_hw_primary: subname: subdevice #0
08-06 12:40:10.146 2359 2359 D audio_hw_primary: stream: 0
08-06 12:40:10.146 2359 2359 D audio_hw_primary: found audio out at /dev/snd/pcmC0D7p
08-06 12:40:10.146 2359 2359 D audio_hw_primary: card: 0/7 id: HDMI 1
08-06 12:40:10.146 2359 2359 D audio_hw_primary: name: HDMI 1
08-06 12:40:10.146 2359 2359 D audio_hw_primary: subname: subdevice #0
08-06 12:40:10.146 2359 2359 D audio_hw_primary: stream: 0
08-06 12:40:10.146 2359 2359 D audio_hw_primary: ignore pcmC0D7p
08-06 12:40:10.147 2359 2359 D audio_hw_primary: found audio out at /dev/snd/pcmC0D8p
08-06 12:40:10.147 2359 2359 D audio_hw_primary: card: 0/8 id: HDMI 2
08-06 12:40:10.147 2359 2359 D audio_hw_primary: name: HDMI 2
08-06 12:40:10.147 2359 2359 D audio_hw_primary: subname: subdevice #0
08-06 12:40:10.147 2359 2359 D audio_hw_primary: stream: 0
08-06 12:40:10.147 2359 2359 D audio_hw_primary: ignore pcmC0D8p
08-06 12:40:10.147 2359 2359 I audio_hw_primary: choose pcmC0D0p for 0
08-06 12:40:10.147 2359 2359 E audio_hw_primary: Failed to open /system/etc/mixer_paths.xml
08-06 12:40:10.147 2359 2359 I AudioFlinger: loadHwModule() Loaded primary audio interface from Grouper audio HW HAL (audio) handle 10
08-06 12:40:10.147 2359 2359 I AudioFlinger: openOutput(), module 10 Device 2, SamplingRate 48000, Format 0x000001, Channels 3, flags 2
08-06 12:40:10.150 2359 2359 I audio_hw_primary: choose pcmC0D0p for 0
08-06 12:40:10.150 2359 2359 I AudioFlinger: HAL output buffer size 512 frames, normal sink buffer size 1024 frames
08-06 12:40:10.187 2367 2367 W BatteryNotifier: batterystats service unavailable!
08-06 12:40:10.188 2359 2359 W EffectsFactory: loadLibrary() failed to open /system/vendor/lib/soundfx/libswdap.so
08-06 12:40:10.188 2359 2359 W EffectsFactory: loadLibrary() failed to open /system/vendor/lib/soundfx/libhwdap.so
08-06 12:40:10.188 2359 2359 W EffectsFactory: loadEffect() could not get library proxy
08-06 12:40:10.188 2359 2359 I BufferProvider: found effect "Multichannel Downmix To Stereo" from The Android Open Source Project
08-06 12:40:10.188 2359 2359 I AudioFlinger: Using module 10 has the primary audio interface
08-06 12:40:10.188 2359 2502 I AudioFlinger: AudioFlinger's thread 0xec70ccc0 ready to run
08-06 12:40:10.188 2359 2502 W BatteryNotifier: batterystats service unavailable!
08-06 12:40:10.188 2359 2502 W BatteryNotifier: batterystats service unavailable!
08-06 12:40:10.188 2359 2502 W BatteryNotifier: batterystats service unavailable!
08-06 12:40:10.189 2359 2502 W AudioFlinger: no wake lock to update, system not ready yet
08-06 12:40:10.189 2359 2502 E cutils-trace: Error opening trace file: Permission denied (13)
08-06 12:40:10.193 2359 2505 I AudioFlinger: AudioFlinger's thread 0xec303580 ready to run
08-06 12:40:10.202 2359 2359 I bt_a2dp_hw: adev_open: adev_open in A2dp_hw module
08-06 12:40:10.202 2359 2359 I AudioFlinger: loadHwModule() Loaded a2dp audio interface from A2DP Audio HW HAL (audio) handle 18
08-06 12:40:10.208 2352 2352 I EGL-MAIN: found extension DRI_TexBuffer version 3
08-06 12:40:10.208 2352 2352 I EGL-MAIN: found extension DRI2_Flush version 4
08-06 12:40:10.208 2352 2352 I EGL-MAIN: found extension DRI_IMAGE version 15
08-06 12:40:10.208 2352 2352 I EGL-MAIN: found extension DRI2_Fence version 2
08-06 12:40:10.208 2352 2352 I EGL-MAIN: found extension DRI_RENDERER_QUERY version 1
08-06 12:40:10.208 2352 2352 I EGL-MAIN: found extension DRI_CONFIG_QUERY version 1
08-06 12:40:10.208 2352 2352 I EGL-MAIN: found extension DRI_Robustness version 1
08-06 12:40:10.208 2352 2352 I EGL-MAIN: found extension DRI_NoError version 1
08-06 12:40:10.208 2352 2352 D GRALLOC-KMS: supported drm planes and formats
08-06 12:40:10.208 2352 2352 D GRALLOC-KMS: plane id 29
08-06 12:40:10.208 2352 2352 D GRALLOC-KMS: format RG16
08-06 12:40:10.208 2352 2352 D GRALLOC-KMS: format AB24
08-06 12:40:10.208 2352 2352 D GRALLOC-KMS: format AR24
08-06 12:40:10.208 2352 2352 D GRALLOC-KMS: format XB24
08-06 12:40:10.208 2352 2352 D GRALLOC-KMS: format XR24
08-06 12:40:10.208 2352 2352 D GRALLOC-KMS: format YUYV
08-06 12:40:10.208 2352 2352 D GRALLOC-KMS: format YVYU
08-06 12:40:10.208 2352 2352 D GRALLOC-KMS: format UYVY
08-06 12:40:10.208 2352 2352 D GRALLOC-KMS: format VYUY
08-06 12:40:10.208 2352 2352 D GRALLOC-KMS: plane id 33
08-06 12:40:10.208 2352 2352 D GRALLOC-KMS: format RG16
08-06 12:40:10.208 2352 2352 D GRALLOC-KMS: format AB24
08-06 12:40:10.208 2352 2352 D GRALLOC-KMS: format AR24
08-06 12:40:10.208 2352 2352 D GRALLOC-KMS: format XB24
08-06 12:40:10.208 2352 2352 D GRALLOC-KMS: format XR24
08-06 12:40:10.208 2352 2352 D GRALLOC-KMS: format YUYV
08-06 12:40:10.208 2352 2352 D GRALLOC-KMS: format YVYU
08-06 12:40:10.208 2352 2352 D GRALLOC-KMS: format UYVY
08-06 12:40:10.208 2352 2352 D GRALLOC-KMS: format VYUY
08-06 12:40:10.208 2352 2352 D GRALLOC-KMS: plane id 37
08-06 12:40:10.208 2352 2352 D GRALLOC-KMS: format RG16
08-06 12:40:10.208 2352 2352 D GRALLOC-KMS: format AB24
08-06 12:40:10.208 2352 2352 D GRALLOC-KMS: format AR24
08-06 12:40:10.208 2352 2352 D GRALLOC-KMS: format XB24
08-06 12:40:10.208 2352 2352 D GRALLOC-KMS: format XR24
08-06 12:40:10.208 2352 2352 D GRALLOC-KMS: format YUYV
08-06 12:40:10.208 2352 2352 D GRALLOC-KMS: format YVYU
08-06 12:40:10.208 2352 2352 D GRALLOC-KMS: format UYVY
08-06 12:40:10.208 2352 2352 D GRALLOC-KMS: format VYUY
08-06 12:40:10.219 2359 2359 I AudioFlinger: loadHwModule() Loaded usb audio interface from USB audio HW HAL (audio) handle 26
08-06 12:40:10.219 2359 2359 I RadioService: RadioService
08-06 12:40:10.219 2359 2359 I RadioService: onFirstRef
08-06 12:40:10.219 2359 2359 E RadioService: couldn't load radio module radio.primary (No such file or directory)
08-06 12:40:10.219 2359 2359 E SoundTriggerHwService: couldn't load sound trigger module sound_trigger.primary (No such file or directory)
08-06 12:40:10.348 2352 2352 I GRALLOC-KMS: there are 2 modes on connector 0x27, type 14
08-06 12:40:10.348 2352 2352 I GRALLOC-KMS: 1920x1080
08-06 12:40:10.348 2352 2352 I GRALLOC-KMS: 1920x1080
08-06 12:40:10.348 2352 2352 I GRALLOC-KMS: Established mode:
08-06 12:40:10.348 2352 2352 I GRALLOC-KMS: clock: 138700, hdisplay: 1920, hsync_start: 1968, hsync_end: 2000, htotal: 2080, hskew: 0
08-06 12:40:10.348 2352 2352 I GRALLOC-KMS: vdisplay: 1080, vsync_start: 1083, vsync_end: 1088, vtotal: 1111, vscan: 0, vrefresh: 60
08-06 12:40:10.348 2352 2352 I GRALLOC-KMS: flags: 9, type: 72, name 1920x1080
08-06 12:40:10.348 2352 2352 I GRALLOC-KMS: the best mode is 1920x1080
08-06 12:40:10.426 2368 2368 V NatController: runCmd(/system/bin/iptables -w -F natctrl_FORWARD) res=0
08-06 12:40:10.428 2368 2368 V NatController: runCmd(/system/bin/ip6tables -w -F natctrl_FORWARD) res=0
08-06 12:40:10.431 2368 2368 V NatController: runCmd(/system/bin/iptables -w -A natctrl_FORWARD -j DROP) res=0
08-06 12:40:10.434 2368 2368 V NatController: runCmd(/system/bin/iptables -w -t nat -F natctrl_nat_POSTROUTING) res=0
08-06 12:40:10.438 2368 2368 V NatController: runCmd(/system/bin/ip6tables -w -t raw -F natctrl_raw_PREROUTING) res=0
08-06 12:40:10.442 2368 2368 V NatController: runCmd(/system/bin/iptables -w -F natctrl_tether_counters) res=1
08-06 12:40:10.446 2368 2368 V NatController: runCmd(/system/bin/ip6tables -w -F natctrl_tether_counters) res=1
08-06 12:40:10.449 2368 2368 V NatController: runCmd(/system/bin/iptables -w -X natctrl_tether_counters) res=1
08-06 12:40:10.451 2368 2368 V NatController: runCmd(/system/bin/ip6tables -w -X natctrl_tether_counters) res=1
08-06 12:40:10.453 2368 2368 V NatController: runCmd(/system/bin/iptables -w -N natctrl_tether_counters) res=0
08-06 12:40:10.455 2368 2368 V NatController: runCmd(/system/bin/ip6tables -w -N natctrl_tether_counters) res=0
08-06 12:40:10.459 2368 2368 V NatController: runCmd(/system/bin/iptables -w -t mangle -A natctrl_mangle_FORWARD -p tcp --tcp-flags SYN SYN -j TCPMSS --clamp-mss-to-pmtu) res=0
08-06 12:40:10.486 2352 2352 D GRALLOC-KMS: will use flip for fb posting
08-06 12:40:10.486 2352 2352 I GRALLOC-MOD: mode.hdisplay 1920
08-06 12:40:10.486 2352 2352 I GRALLOC-MOD: mode.vdisplay 1080
08-06 12:40:10.486 2352 2352 I GRALLOC-MOD: mode.vrefresh 60.000000
08-06 12:40:10.486 2352 2352 I GRALLOC-MOD: format 0x5
08-06 12:40:10.486 2352 2352 I GRALLOC-MOD: xdpi 157.000000
08-06 12:40:10.486 2352 2352 I GRALLOC-MOD: ydpi 161.000000
08-06 12:40:10.486 2352 2352 E SurfaceFlinger: hwcomposer module not found
08-06 12:40:10.486 2352 2352 I SurfaceFlinger: Trying a simpler query for non-RGBA_8888
08-06 12:40:10.486 2352 2352 I SurfaceFlinger: EGL information: format=0x5
08-06 12:40:10.486 2352 2352 I SurfaceFlinger: vendor : Android
08-06 12:40:10.486 2352 2352 I SurfaceFlinger: version : 1.4 Android META-EGL
08-06 12:40:10.486 2352 2352 I SurfaceFlinger: extensions: EGL_KHR_get_all_proc_addresses EGL_ANDROID_presentation_time EGL_KHR_swap_buffers_with_damage EGL_ANDROID_create_native_client_buffer EGL_ANDROID_front_buffer_auto_refresh EGL_KHR_image_base EGL_KHR_gl_texture_2D_image EGL_KHR_gl_texture_3D_image EGL_KHR_gl_texture_cubemap_image EGL_KHR_gl_renderbuffer_image EGL_KHR_reusable_sync EGL_KHR_fence_sync EGL_KHR_create_context EGL_KHR_config_attribs EGL_KHR_surfaceless_context EGL_EXT_create_context_robustness EGL_ANDROID_image_native_buffer EGL_KHR_wait_sync EGL_ANDROID_recordable EGL_KHR_partial_update EGL_EXT_buffer_age EGL_KHR_create_context_no_error
08-06 12:40:10.486 2352 2352 I SurfaceFlinger: Client API: OpenGL_ES
08-06 12:40:10.486 2352 2352 I SurfaceFlinger: EGLSurface: 8-8-8-8, config=0x72ecce3e49c0
08-06 12:40:10.500 2368 2368 E Netd : /system/bin/iptables-restore failed with res=0, status=256
08-06 12:40:10.503 2368 2368 E Netd : /system/bin/ip6tables-restore failed with res=0, status=256 --------- beginning of crash
08-06 12:40:10.513 2352 2352 F libc : Fatal signal 11 (SIGSEGV), code 1, fault addr 0x42c4 in tid 2352 (surfaceflinger)
08-06 12:40:10.513 2338 2338 W : debuggerd: handling request: pid=2352 uid=0 gid=1003 tid=2352
08-06 12:40:10.517 2607 2607 E : debuggerd: Unable to connect to activity manager (connect failed: No such file or directory)
08-06 12:40:10.534 2609 2609 E ProbeModule: insmod_by_dep: cannot load module: [netdev-dummy0]
08-06 12:40:10.542 2610 2610 E ProbeModule: insmod_by_dep: cannot load module: [dummy0]
08-06 12:40:10.542 2368 2368 E Netd : cannot find interface dummy0
08-06 12:40:10.543 2368 2368 D MDnsDS : MDnsSdListener::Hander starting up
08-06 12:40:10.543 2368 2616 D MDnsDS : MDnsSdListener starting to monitor
08-06 12:40:10.543 2368 2616 D MDnsDS : Going to poll with pollCount 1
08-06 12:40:10.567 2607 2607 F DEBUG : *** *** *** *** *** *** *** *** *** *** *** *** *** *** *** ***
08-06 12:40:10.567 2607 2607 F DEBUG : Build fingerprint: 'Android-x86/android_x86_64/x86_64:7.1.2/NZH54B/utente08042339:eng/test-keys'
08-06 12:40:10.567 2607 2607 F DEBUG : Revision: '0'
08-06 12:40:10.567 2607 2607 F DEBUG : ABI: 'x86_64'
08-06 12:40:10.567 2607 2607 F DEBUG : pid: 2352, tid: 2352, name: surfaceflinger >>> /system/bin/surfaceflinger <<<
08-06 12:40:10.567 2607 2607 F DEBUG : signal 11 (SIGSEGV), code 1 (SEGV_MAPERR), fault addr 0x42c4
08-06 12:40:10.567 2607 2607 F DEBUG : rax 0000000000004200 rbx 000072ecccc31198 rcx 0000000000000009 rdx ffffffffffffffb0
08-06 12:40:10.567 2607 2607 F DEBUG : rsi 0000000000000000 rdi 000072ecce226208
08-06 12:40:10.567 2607 2607 F DEBUG : r8 0000000000000f00 r9 00007ffc53933920 r10 0000000000003000 r11 000072ecccc03318
08-06 12:40:10.567 2607 2607 F DEBUG : r12 000072ecce285838 r13 0000000000000010 r14 000072ecce278600 r15 000072ecce227b70
08-06 12:40:10.567 2607 2607 F DEBUG : cs 0000000000000033 ss 000000000000002b
08-06 12:40:10.567 2607 2607 F DEBUG : rip 000072eccd530588 rbp 0000000000000001 rsp 00007ffc53934300 eflags 0000000000010246
08-06 12:40:10.574 2607 2607 F DEBUG :
08-06 12:40:10.574 2607 2607 F DEBUG : backtrace:
08-06 12:40:10.574 2607 2607 F DEBUG : #00 pc 0000000000088588 /system/lib64/dri/i965_dri.so
08-06 12:40:10.574 2607 2607 F DEBUG : #01 pc 000000000006a5f8 /system/lib64/dri/i965_dri.so
08-06 12:40:10.574 2607 2607 F DEBUG : #02 pc 00000000002e4c48 /system/lib64/dri/i965_dri.so
08-06 12:40:10.574 2607 2607 F DEBUG : #03 pc 0000000000012da4 /system/lib64/egl/libGLES_mesa.so
08-06 12:40:10.574 2607 2607 F DEBUG : #04 pc 0000000000005a14 /system/lib64/egl/libGLES_mesa.so (eglCreateContext+356)
08-06 12:40:10.574 2607 2607 F DEBUG : #05 pc 0000000000015b9d /system/lib64/libEGL.so (eglCreateContext+141)
08-06 12:40:10.574 2607 2607 F DEBUG : #06 pc 000000000003e542 /system/lib64/libsurfaceflinger.so
08-06 12:40:10.574 2607 2607 F DEBUG : #07 pc 0000000000044448 /system/lib64/libsurfaceflinger.so (_ZN7android14SurfaceFlinger4initEv+936)
08-06 12:40:10.574 2607 2607 F DEBUG : #08 pc 000000000000130d /system/bin/surfaceflinger
08-06 12:40:10.574 2607 2607 F DEBUG : #09 pc 000000000001c994 /system/lib64/libc.so (__libc_init+84)
08-06 12:40:10.574 2607 2607 F DEBUG : #10 pc 00000000000011c4 /system/bin/surfaceflinger
08-06 12:40:10.574 2607 2607 F DEBUG : #11 pc 0000000000000000
08-06 12:40:10.588 2338 2338 W : debuggerd: resuming target 2352
08-06 12:40:10.588 2338 2338 E : debuggerd: failed to send signal 18 to target: No such process
08-06 12:40:10.590 2351 2351 I ServiceManager: service 'media.audio_flinger' died
08-06 12:40:10.590 2351 2351 I ServiceManager: service 'media.audio_policy' died
08-06 12:40:10.590 2351 2351 I ServiceManager: service 'media.sound_trigger_hw' died
08-06 12:40:10.590 2351 2351 I ServiceManager: service 'media.radio' died
08-06 12:40:10.599 2351 2351 I ServiceManager: service 'netd' died
08-06 12:40:10.600 2351 2351 I ServiceManager: service 'media.player' died
08-06 12:40:10.600 2351 2351 I ServiceManager: service 'media.resource_manager' died
08-06 12:40:10.612 2349 2349 I healthd : type=1400 audit(0.0:96): avc: denied { wake_alarm } for capability=35 scontext=u:r:healthd:s0 tcontext=u:r:healthd:s0 tclass=capability2 permissive=1
08-06 12:40:10.799 2358 2358 D AndroidRuntime: >>>>>> START com.android.internal.os.ZygoteInit uid 0 <<<<<<
08-06 12:40:10.830 2358 2358 D AndroidRuntime: CheckJNI is ON
08-06 12:40:10.848 2358 2358 I art : option[0]=-Xzygote
08-06 12:40:10.848 2358 2358 I art : option[1]=-Xcheck:jni
08-06 12:40:10.848 2358 2358 I art : option[2]=-Xstacktracefile:/data/anr/traces.txt
08-06 12:40:10.848 2358 2358 I art : option[3]=exit
08-06 12:40:10.848 2358 2358 I art : option[4]=vfprintf
08-06 12:40:10.848 2358 2358 I art : option[5]=sensitiveThread
08-06 12:40:10.848 2358 2358 I art : option[6]=-verbose:gc
08-06 12:40:10.848 2358 2358 I art : option[7]=-Xms16m
08-06 12:40:10.848 2358 2358 I art : option[8]=-Xmx512m
08-06 12:40:10.848 2358 2358 I art : option[9]=-XX:HeapGrowthLimit=192m
08-06 12:40:10.848 2358 2358 I art : option[10]=-XX:HeapMinFree=512k
08-06 12:40:10.848 2358 2358 I art : option[11]=-XX:HeapMaxFree=8m
08-06 12:40:10.848 2358 2358 I art : option[12]=-XX:HeapTargetUtilization=0.75
08-06 12:40:10.848 2358 2358 I art : option[13]=-Xusejit:true
08-06 12:40:10.848 2358 2358 I art : option[14]=-Xjitsaveprofilinginfo
08-06 12:40:10.848 2358 2358 I art : option[15]=-agentlib:jdwp=transport=dt_android_adb,suspend=n,server=y
08-06 12:40:10.848 2358 2358 I art : option[16]=-Xlockprofthreshold:500
08-06 12:40:10.848 2358 2358 I art : option[17]=-Ximage-compiler-option
08-06 12:40:10.848 2358 2358 I art : option[18]=--runtime-arg
08-06 12:40:10.848 2358 2358 I art : option[19]=-Ximage-compiler-option
08-06 12:40:10.848 2358 2358 I art : option[20]=-Xms64m
08-06 12:40:10.848 2358 2358 I art : option[21]=-Ximage-compiler-option
08-06 12:40:10.848 2358 2358 I art : option[22]=--runtime-arg
08-06 12:40:10.848 2358 2358 I art : option[23]=-Ximage-compiler-option
08-06 12:40:10.848 2358 2358 I art : option[24]=-Xmx64m
08-06 12:40:10.848 2358 2358 I art : option[25]=-Ximage-compiler-option
08-06 12:40:10.848 2358 2358 I art : option[26]=--compiler-filter=verify-at-runtime
08-06 12:40:10.848 2358 2358 I art : option[27]=-Ximage-compiler-option
