08-06 12:40:44.557 3635 3635 I art : option[39]=-Ximage-compiler-option
08-06 12:40:44.557 3635 3635 I art : option[40]=--instruction-set-variant=x86_64
08-06 12:40:44.557 3635 3635 I art : option[41]=-Xcompiler-option
08-06 12:40:44.557 3635 3635 I art : option[42]=--instruction-set-variant=x86_64
08-06 12:40:44.557 3635 3635 I art : option[43]=-Ximage-compiler-option
08-06 12:40:44.557 3635 3635 I art : option[44]=--instruction-set-features=default
08-06 12:40:44.557 3635 3635 I art : option[45]=-Xcompiler-option
08-06 12:40:44.557 3635 3635 I art : option[46]=--instruction-set-features=default
08-06 12:40:44.557 3635 3635 I art : option[47]=-Duser.locale=en-US
08-06 12:40:44.557 3635 3635 I art : option[48]=-XX:NativeBridge=libhoudini.so
08-06 12:40:44.557 3635 3635 I art : option[49]=--cpu-abilist=x86_64,arm64-v8a
08-06 12:40:44.557 3635 3635 I art : option[50]=-Xfingerprint:Android-x86/android_x86_64/x86_64:7.1.2/NZH54B/utente08042339:eng/test-keys
08-06 12:40:44.575 3635 3635 D ICU : No timezone override file found: /data/misc/zoneinfo/current/icu/icu_tzdata.dat
08-06 12:40:44.584 3635 3635 E memtrack: Couldn't load memtrack module (No such file or directory)
08-06 12:40:44.584 3635 3635 E android.os.Debug: failed to load memtrack module: -2
08-06 12:40:44.584 3635 3635 I Radio-JNI: register_android_hardware_Radio DONE
08-06 12:40:44.585 3635 3635 I SamplingProfilerIntegration: Profiling disabled.
08-06 12:40:44.585 3635 3635 D Zygote : begin preload
08-06 12:40:44.585 3635 3635 I Zygote : Installing ICU cache reference pinning...
08-06 12:40:44.585 3635 3635 I Zygote : Preloading ICU data...
08-06 12:40:44.589 3635 3635 I Zygote : Preloading classes...
08-06 12:40:44.590 3635 3635 W Zygote : Class not found for preloading: [Landroid.view.Display$ColorTransform;
08-06 12:40:44.614 3635 3635 E Typeface: Error mapping font file /system/fonts/DroidSansFallback.ttf
08-06 12:40:44.644 3635 3635 I art : Thread[1,tid=3635,Native,Thread*=0x7cc7fa295a00,peer=0x12c060d0,"main"] recursive attempt to load library "/system/lib64/libmedia_jni.so"
08-06 12:40:44.644 3635 3635 D MtpDeviceJNI: register_android_mtp_MtpDevice
08-06 12:40:44.644 3635 3635 I art : Thread[1,tid=3635,Native,Thread*=0x7cc7fa295a00,peer=0x12c060d0,"main"] recursive attempt to load library "/system/lib64/libmedia_jni.so"
08-06 12:40:44.644 3635 3635 I art : Thread[1,tid=3635,Native,Thread*=0x7cc7fa295a00,peer=0x12c060d0,"main"] recursive attempt to load library "/system/lib64/libmedia_jni.so"
08-06 12:40:44.684 3640 3640 D GRALLOC-KMS: will use flip for fb posting
08-06 12:40:44.684 3640 3640 I GRALLOC-MOD: mode.hdisplay 1920
08-06 12:40:44.684 3640 3640 I GRALLOC-MOD: mode.vdisplay 1080
08-06 12:40:44.684 3640 3640 I GRALLOC-MOD: mode.vrefresh 60.000000
08-06 12:40:44.684 3640 3640 I GRALLOC-MOD: format 0x5
08-06 12:40:44.684 3640 3640 I GRALLOC-MOD: xdpi 157.000000
08-06 12:40:44.684 3640 3640 I GRALLOC-MOD: ydpi 161.000000
08-06 12:40:44.684 3640 3640 E SurfaceFlinger: hwcomposer module not found
08-06 12:40:44.684 3640 3640 I SurfaceFlinger: Trying a simpler query for non-RGBA_8888
08-06 12:40:44.684 3640 3640 I SurfaceFlinger: EGL information: format=0x5
08-06 12:40:44.684 3640 3640 I SurfaceFlinger: vendor : Android
08-06 12:40:44.684 3640 3640 I SurfaceFlinger: version : 1.4 Android META-EGL
08-06 12:40:44.684 3640 3640 I SurfaceFlinger: extensions: EGL_KHR_get_all_proc_addresses EGL_ANDROID_presentation_time EGL_KHR_swap_buffers_with_damage EGL_ANDROID_create_native_client_buffer EGL_ANDROID_front_buffer_auto_refresh EGL_KHR_image_base EGL_KHR_gl_texture_2D_image EGL_KHR_gl_texture_3D_image EGL_KHR_gl_texture_cubemap_image EGL_KHR_gl_renderbuffer_image EGL_KHR_reusable_sync EGL_KHR_fence_sync EGL_KHR_create_context EGL_KHR_config_attribs EGL_KHR_surfaceless_context EGL_EXT_create_context_robustness EGL_ANDROID_image_native_buffer EGL_KHR_wait_sync EGL_ANDROID_recordable EGL_KHR_partial_update EGL_EXT_buffer_age EGL_KHR_create_context_no_error
08-06 12:40:44.684 3640 3640 I SurfaceFlinger: Client API: OpenGL_ES
08-06 12:40:44.684 3640 3640 I SurfaceFlinger: EGLSurface: 8-8-8-8, config=0x7afa5efe49c0
08-06 12:40:44.686 3640 3640 F libc : Fatal signal 11 (SIGSEGV), code 1, fault addr 0x42c4 in tid 3640 (surfaceflinger)
08-06 12:40:44.686 2338 2338 W : debuggerd: handling request: pid=3640 uid=0 gid=1003 tid=3640
08-06 12:40:44.687 3771 3771 E : debuggerd: Unable to connect to activity manager (connect failed: No such file or directory)
08-06 12:40:44.709 3635 3635 W Zygote : Class not found for preloading: android.view.Display$ColorTransform
08-06 12:40:44.709 3635 3635 W Zygote : Class not found for preloading: android.view.Display$ColorTransform$1
08-06 12:40:44.737 3771 3771 F DEBUG : *** *** *** *** *** *** *** *** *** *** *** *** *** *** *** ***
08-06 12:40:44.737 3771 3771 F DEBUG : Build fingerprint: 'Android-x86/android_x86_64/x86_64:7.1.2/NZH54B/utente08042339:eng/test-keys'
08-06 12:40:44.737 3771 3771 F DEBUG : Revision: '0'
08-06 12:40:44.737 3771 3771 F DEBUG : ABI: 'x86_64'
08-06 12:40:44.737 3771 3771 F DEBUG : pid: 3640, tid: 3640, name: surfaceflinger >>> /system/bin/surfaceflinger <<<
08-06 12:40:44.737 3771 3771 F DEBUG : signal 11 (SIGSEGV), code 1 (SEGV_MAPERR), fault addr 0x42c4
08-06 12:40:44.737 3771 3771 F DEBUG : rax 0000000000004200 rbx 00007afa5d6318d8 rcx 0000000000000009 rdx ffffffffffffffb0
08-06 12:40:44.737 3771 3771 F DEBUG : rsi 0000000000000000 rdi 00007afa5ee26208
08-06 12:40:44.737 3771 3771 F DEBUG : r8 0000000000000f00 r9 00007ffdf9b0ad90 r10 0000000000003000 r11 00007afa5d603318
08-06 12:40:44.737 3771 3771 F DEBUG : r12 00007afa5ee85838 r13 0000000000000010 r14 00007afa5ee77600 r15 00007afa5ee27b70
08-06 12:40:44.737 3771 3771 F DEBUG : cs 0000000000000033 ss 000000000000002b
08-06 12:40:44.737 3771 3771 F DEBUG : rip 00007afa5dfd9588 rbp 0000000000000001 rsp 00007ffdf9b0b770 eflags 0000000000010246
08-06 12:40:44.738 3771 3771 F DEBUG :
08-06 12:40:44.738 3771 3771 F DEBUG : backtrace:
08-06 12:40:44.738 3771 3771 F DEBUG : #00 pc 0000000000088588 /system/lib64/dri/i965_dri.so
08-06 12:40:44.738 3771 3771 F DEBUG : #01 pc 000000000006a5f8 /system/lib64/dri/i965_dri.so
08-06 12:40:44.738 3771 3771 F DEBUG : #02 pc 00000000002e4c48 /system/lib64/dri/i965_dri.so
08-06 12:40:44.738 3771 3771 F DEBUG : #03 pc 0000000000012da4 /system/lib64/egl/libGLES_mesa.so
08-06 12:40:44.738 3771 3771 F DEBUG : #04 pc 0000000000005a14 /system/lib64/egl/libGLES_mesa.so (eglCreateContext+356)
08-06 12:40:44.738 3771 3771 F DEBUG : #05 pc 0000000000015b9d /system/lib64/libEGL.so (eglCreateContext+141)
08-06 12:40:44.738 3771 3771 F DEBUG : #06 pc 000000000003e542 /system/lib64/libsurfaceflinger.so
08-06 12:40:44.738 3771 3771 F DEBUG : #07 pc 0000000000044448 /system/lib64/libsurfaceflinger.so (_ZN7android14SurfaceFlinger4initEv+936)
08-06 12:40:44.738 3771 3771 F DEBUG : #08 pc 000000000000130d /system/bin/surfaceflinger
08-06 12:40:44.738 3771 3771 F DEBUG : #09 pc 000000000001c994 /system/lib64/libc.so (__libc_init+84)
08-06 12:40:44.738 3771 3771 F DEBUG : #10 pc 00000000000011c4 /system/bin/surfaceflinger
08-06 12:40:44.738 3771 3771 F DEBUG : #11 pc 0000000000000000
08-06 12:40:44.761 3635 3635 I System : Loaded time zone names for "" in 7ms (7ms in ICU)
08-06 12:40:44.765 2338 2338 W : debuggerd: resuming target 3640
08-06 12:40:44.780 2351 2351 I ServiceManager: service 'media.audio_flinger' died
08-06 12:40:44.780 2351 2351 I ServiceManager: service 'media.audio_policy' died
08-06 12:40:44.780 2351 2351 I ServiceManager: service 'media.sound_trigger_hw' died
08-06 12:40:44.780 2351 2351 I ServiceManager: service 'media.radio' died
08-06 12:40:44.780 2351 2351 I ServiceManager: service 'media.player' died
08-06 12:40:44.780 2351 2351 I ServiceManager: service 'media.resource_manager' died
08-06 12:40:50.124 3809 3809 I cameraserver: ServiceManager: 0xe6c1af40
08-06 12:40:50.124 3809 3809 I CameraService: CameraService started (pid=3809)
08-06 12:40:50.124 3809 3809 I CameraService: CameraService process starting
08-06 12:40:50.124 3809 3809 W BatteryNotifier: batterystats service unavailable!
08-06 12:40:50.124 3809 3809 W BatteryNotifier: batterystats service unavailable!
08-06 12:40:50.125 3809 3809 D Camera_Factory: CameraFactory::CameraFactory
08-06 12:40:50.125 3809 3809 D Camera_Factory: CameraFactory::parseConfig: configFile = /etc/camera.cfg
08-06 12:40:50.125 3809 3809 D Camera_Factory: /etc/camera.cfg not found, using camera configuration defaults
08-06 12:40:50.125 3809 3809 D Camera_Factory: Found device /dev/video0
08-06 12:40:50.125 3809 3809 D Camera_Factory: CameraFactory::newCameraConfig: 0 -> /dev/video0 (0)
08-06 12:40:50.125 3809 3809 E cutils-trace: Error opening trace file: Permission denied (13)
08-06 12:40:50.125 3809 3809 D Camera_Factory: CameraFactory::get_number_of_cameras
08-06 12:40:50.125 3809 3809 D Camera_Factory: CameraFactory::getCameraNum: 1
08-06 12:40:50.125 3809 3809 I CameraService: Loaded "Camera Module" camera module
08-06 12:40:50.125 3809 3809 D Camera_Factory: CameraFactory::get_number_of_cameras
08-06 12:40:50.125 3809 3809 D Camera_Factory: CameraFactory::getCameraNum: 1
08-06 12:40:50.125 3809 3809 D Camera_Factory: CameraFactory::get_number_of_cameras
08-06 12:40:50.125 3809 3809 D Camera_Factory: CameraFactory::getCameraNum: 1
08-06 12:40:50.125 3809 3809 I CameraFlashlight: Opening camera 0
08-06 12:40:50.125 3809 3809 D Camera_Factory: CameraFactory::get_camera_info
08-06 12:40:50.125 3809 3809 D Camera_Factory: CameraFactory::getCameraInfo: id = 0, info = 0xffdf1538
08-06 12:40:50.125 3809 3809 D Camera_Factory: CameraFactory::getCameraNum: 1
08-06 12:40:50.125 3809 3809 D CameraHardware: CameraHardware::getCameraInfo
08-06 12:40:50.125 3809 3809 D Camera_Factory: CameraFactory::device_open: name = 0
08-06 12:40:50.125 3809 3809 D Camera_Factory: CameraFactory::cameraDeviceOpen: id = 0
08-06 12:40:50.125 3809 3809 D Camera_Factory: CameraFactory::getCameraNum: 1
08-06 12:40:50.125 3809 3809 D CameraHardware: CameraHardware::PowerOn: Power ON camera.
08-06 12:40:50.125 3809 3809 D CameraHardware: CameraHardware::PowerOn: no power_file set
08-06 12:40:50.125 3809 3809 D CameraHardware: CameraHardware::initDefaultParameters
08-06 12:40:50.139 3808 3808 I : sMaxFastTracks = 8
08-06 12:40:50.139 3808 3808 I audioserver: ServiceManager: 0xf061af40
08-06 12:40:50.139 3808 3808 W BatteryNotifier: batterystats service unavailable!
08-06 12:40:50.139 3808 3808 I AudioFlinger: Using default 3000 mSec as standby time.
08-06 12:40:50.139 3808 3808 I AudioPolicyService: AudioPolicyService CSTOR in new mode
08-06 12:40:50.139 3808 3808 I APM::ConfigParsingUtils: loadAudioPolicyConfig() loaded /system/etc/audio_policy.conf
08-06 12:40:50.141 3808 3808 D audio_hw_primary: found audio out at /dev/snd/pcmC0D0p
08-06 12:40:50.141 3808 3808 D audio_hw_primary: card: 0/0 id: ALC293 Analog
08-06 12:40:50.141 3808 3808 D audio_hw_primary: name: ALC293 Analog
08-06 12:40:50.141 3808 3808 D audio_hw_primary: subname: subdevice #0
08-06 12:40:50.141 3808 3808 D audio_hw_primary: stream: 0
08-06 12:40:50.144 3810 3810 I mediaserver: ServiceManager: 0xf501afc0
08-06 12:40:50.144 3810 3810 W BatteryNotifier: batterystats service unavailable!
08-06 12:40:50.146 3808 3808 D audio_hw_primary: found audio out at /dev/snd/pcmC0D3p
08-06 12:40:50.146 3808 3808 D audio_hw_primary: card: 0/3 id: HDMI 0
08-06 12:40:50.146 3808 3808 D audio_hw_primary: name: HDMI 0
08-06 12:40:50.146 3808 3808 D audio_hw_primary: subname: subdevice #0
08-06 12:40:50.146 3808 3808 D audio_hw_primary: stream: 0
08-06 12:40:50.146 3808 3808 D audio_hw_primary: found audio out at /dev/snd/pcmC0D7p
08-06 12:40:50.146 3808 3808 D audio_hw_primary: card: 0/7 id: HDMI 1
08-06 12:40:50.146 3808 3808 D audio_hw_primary: name: HDMI 1
08-06 12:40:50.146 3808 3808 D audio_hw_primary: subname: subdevice #0
08-06 12:40:50.146 3808 3808 D audio_hw_primary: stream: 0
08-06 12:40:50.146 3808 3808 D audio_hw_primary: ignore pcmC0D7p
08-06 12:40:50.147 3808 3808 D audio_hw_primary: found audio out at /dev/snd/pcmC0D8p
08-06 12:40:50.147 3808 3808 D audio_hw_primary: card: 0/8 id: HDMI 2
08-06 12:40:50.147 3808 3808 D audio_hw_primary: name: HDMI 2
08-06 12:40:50.147 3808 3808 D audio_hw_primary: subname: subdevice #0
08-06 12:40:50.147 3808 3808 D audio_hw_primary: stream: 0
08-06 12:40:50.147 3808 3808 D audio_hw_primary: ignore pcmC0D8p
08-06 12:40:50.147 3808 3808 I audio_hw_primary: choose pcmC0D0p for 0
08-06 12:40:50.147 3808 3808 E audio_hw_primary: Failed to open /system/etc/mixer_paths.xml
08-06 12:40:50.147 3808 3808 I AudioFlinger: loadHwModule() Loaded primary audio interface from Grouper audio HW HAL (audio) handle 10
08-06 12:40:50.147 3808 3808 I AudioFlinger: openOutput(), module 10 Device 2, SamplingRate 48000, Format 0x000001, Channels 3, flags 2
08-06 12:40:50.147 3808 3808 I audio_hw_primary: choose pcmC0D0p for 0
08-06 12:40:50.147 3808 3808 I AudioFlinger: HAL output buffer size 512 frames, normal sink buffer size 1024 frames
08-06 12:40:50.147 3808 3808 W EffectsFactory: loadLibrary() failed to open /system/vendor/lib/soundfx/libswdap.so
08-06 12:40:50.147 3808 3808 W EffectsFactory: loadLibrary() failed to open /system/vendor/lib/soundfx/libhwdap.so
08-06 12:40:50.147 3808 3808 W EffectsFactory: loadEffect() could not get library proxy
08-06 12:40:50.147 3808 3808 I BufferProvider: found effect "Multichannel Downmix To Stereo" from The Android Open Source Project
08-06 12:40:50.147 3808 3808 I AudioFlinger: Using module 10 has the primary audio interface
08-06 12:40:50.147 3808 3816 I AudioFlinger: AudioFlinger's thread 0xf018c940 ready to run
08-06 12:40:50.147 3808 3816 W BatteryNotifier: batterystats service unavailable!
08-06 12:40:50.147 3808 3816 W BatteryNotifier: batterystats service unavailable!
08-06 12:40:50.148 3808 3816 W BatteryNotifier: batterystats service unavailable!
08-06 12:40:50.148 3808 3816 W AudioFlinger: no wake lock to update, system not ready yet
08-06 12:40:50.148 3808 3816 E cutils-trace: Error opening trace file: Permission denied (13)
08-06 12:40:50.148 3808 3817 I AudioFlinger: AudioFlinger's thread 0xefd83a80 ready to run
08-06 12:40:50.148 3808 3808 I bt_a2dp_hw: adev_open: adev_open in A2dp_hw module
08-06 12:40:50.148 3808 3808 I AudioFlinger: loadHwModule() Loaded a2dp audio interface from A2DP Audio HW HAL (audio) handle 18
08-06 12:40:50.148 3808 3808 I AudioFlinger: loadHwModule() Loaded usb audio interface from USB audio HW HAL (audio) handle 26
08-06 12:40:50.148 3808 3808 I RadioService: RadioService
08-06 12:40:50.148 3808 3808 I RadioService: onFirstRef
08-06 12:40:50.148 3808 3808 E RadioService: couldn't load radio module radio.primary (No such file or directory)
08-06 12:40:50.148 3808 3808 E SoundTriggerHwService: couldn't load sound trigger module sound_trigger.primary (No such file or directory)
08-06 12:40:50.221 3809 3809 D V4L2Camera: V4L2Camera::EnumFrameFormats
08-06 12:40:50.221 3809 3809 D V4L2Camera: { pixelformat = 'YUYV', description = 'YUYV 4:2:2' }
08-06 12:40:50.221 3809 3809 D V4L2Camera: V4L2Camera::EnumFrameSizes: pixfmt: 0x56595559
08-06 12:40:50.221 3809 3809 D V4L2Camera: { discrete: width = 640, height = 480 }
08-06 12:40:50.221 3809 3809 D V4L2Camera: V4L2Camera::EnumFrameIntervals: pixfmt: 0x56595559, w:640, h:480
08-06 12:40:50.221 3809 3809 D V4L2Camera: Time interval between frame:
08-06 12:40:50.221 3809 3809 D V4L2Camera: 1/30
08-06 12:40:50.221 3809 3809 D V4L2Camera: 1/15
08-06 12:40:50.221 3809 3809 D V4L2Camera: { discrete: width = 320, height = 180 }
08-06 12:40:50.221 3809 3809 D V4L2Camera: V4L2Camera::EnumFrameIntervals: pixfmt: 0x56595559, w:320, h:180
08-06 12:40:50.221 3809 3809 D V4L2Camera: Time interval between frame:
08-06 12:40:50.221 3809 3809 D V4L2Camera: 1/30
08-06 12:40:50.221 3809 3809 D V4L2Camera: 1/15
08-06 12:40:50.221 3809 3809 D V4L2Camera: { discrete: width = 320, height = 240 }
08-06 12:40:50.221 3809 3809 D V4L2Camera: V4L2Camera::EnumFrameIntervals: pixfmt: 0x56595559, w:320, h:240
08-06 12:40:50.221 3809 3809 D V4L2Camera: Time interval between frame:
08-06 12:40:50.221 3809 3809 D V4L2Camera: 1/30
08-06 12:40:50.221 3809 3809 D V4L2Camera: 1/15
08-06 12:40:50.221 3809 3809 D V4L2Camera: { discrete: width = 352, height = 288 }
08-06 12:40:50.221 3809 3809 D V4L2Camera: V4L2Camera::EnumFrameIntervals: pixfmt: 0x56595559, w:352, h:288
08-06 12:40:50.221 3809 3809 D V4L2Camera: Time interval between frame:
08-06 12:40:50.221 3809 3809 D V4L2Camera: 1/30
08-06 12:40:50.221 3809 3809 D V4L2Camera: 1/15
08-06 12:40:50.221 3809 3809 D V4L2Camera: { discrete: width = 424, height = 240 }
08-06 12:40:50.221 3809 3809 D V4L2Camera: V4L2Camera::EnumFrameIntervals: pixfmt: 0x56595559, w:424, h:240
08-06 12:40:50.221 3809 3809 D V4L2Camera: Time interval between frame:
08-06 12:40:50.221 3809 3809 D V4L2Camera: 1/30
08-06 12:40:50.221 3809 3809 D V4L2Camera: 1/15
08-06 12:40:50.221 3809 3809 D V4L2Camera: { discrete: width = 640, height = 360 }
08-06 12:40:50.221 3809 3809 D V4L2Camera: V4L2Camera::EnumFrameIntervals: pixfmt: 0x56595559, w:640, h:360
08-06 12:40:50.221 3809 3809 D V4L2Camera: Time interval between frame:
08-06 12:40:50.221 3809 3809 D V4L2Camera: 1/30
08-06 12:40:50.221 3809 3809 D V4L2Camera: 1/15
08-06 12:40:50.221 3809 3809 D V4L2Camera: { discrete: width = 848, height = 480 }
08-06 12:40:50.221 3809 3809 D V4L2Camera: V4L2Camera::EnumFrameIntervals: pixfmt: 0x56595559, w:848, h:480
08-06 12:40:50.221 3809 3809 D V4L2Camera: Time interval between frame:
08-06 12:40:50.221 3809 3809 D V4L2Camera: 1/20
08-06 12:40:50.221 3809 3809 D V4L2Camera: { discrete: width = 960, height = 540 }
08-06 12:40:50.221 3809 3809 D V4L2Camera: V4L2Camera::EnumFrameIntervals: pixfmt: 0x56595559, w:960, h:540
08-06 12:40:50.221 3809 3809 D V4L2Camera: Time interval between frame:
08-06 12:40:50.221 3809 3809 D V4L2Camera: 1/15
08-06 12:40:50.221 3809 3809 D V4L2Camera: { discrete: width = 1280, height = 720 }
08-06 12:40:50.221 3809 3809 D V4L2Camera: V4L2Camera::EnumFrameIntervals: pixfmt: 0x56595559, w:1280, h:720
08-06 12:40:50.221 3809 3809 D V4L2Camera: Time interval between frame:
08-06 12:40:50.221 3809 3809 D V4L2Camera: 1/10
08-06 12:40:50.221 3809 3809 D V4L2Camera: { pixelformat = 'MJPG', description = 'Motion-JPEG' }
08-06 12:40:50.221 3809 3809 D V4L2Camera: V4L2Camera::EnumFrameSizes: pixfmt: 0x47504a4d
08-06 12:40:50.221 3809 3809 D V4L2Camera: { discrete: width = 640, height = 480 }
08-06 12:40:50.221 3809 3809 D V4L2Camera: V4L2Camera::EnumFrameIntervals: pixfmt: 0x47504a4d, w:640, h:480
08-06 12:40:50.221 3809 3809 D V4L2Camera: Time interval between frame:
08-06 12:40:50.221 3809 3809 D V4L2Camera: 1/30
08-06 12:40:50.221 3809 3809 D V4L2Camera: 1/15
08-06 12:40:50.221 3809 3809 D V4L2Camera: { discrete: width = 320, height = 180 }
08-06 12:40:50.221 3809 3809 D V4L2Camera: V4L2Camera::EnumFrameIntervals: pixfmt: 0x47504a4d, w:320, h:180
08-06 12:40:50.221 3809 3809 D V4L2Camera: Time interval between frame:
08-06 12:40:50.221 3809 3809 D V4L2Camera: 1/30
08-06 12:40:50.221 3809 3809 D V4L2Camera: 1/15
08-06 12:40:50.221 3809 3809 D V4L2Camera: { discrete: width = 320, height = 240 }
08-06 12:40:50.221 3809 3809 D V4L2Camera: V4L2Camera::EnumFrameIntervals: pixfmt: 0x47504a4d, w:320, h:240
08-06 12:40:50.221 3809 3809 D V4L2Camera: Time interval between frame:
08-06 12:40:50.221 3809 3809 D V4L2Camera: 1/30
08-06 12:40:50.221 3809 3809 D V4L2Camera: 1/15
08-06 12:40:50.221 3809 3809 D V4L2Camera: { discrete: width = 352, height = 288 }
08-06 12:40:50.221 3809 3809 D V4L2Camera: V4L2Camera::EnumFrameIntervals: pixfmt: 0x47504a4d, w:352, h:288
08-06 12:40:50.221 3809 3809 D V4L2Camera: Time interval between frame:
08-06 12:40:50.221 3809 3809 D V4L2Camera: 1/30
08-06 12:40:50.221 3809 3809 D V4L2Camera: 1/15
08-06 12:40:50.221 3809 3809 D V4L2Camera: { discrete: width = 424, height = 240 }
08-06 12:40:50.221 3809 3809 D V4L2Camera: V4L2Camera::EnumFrameIntervals: pixfmt: 0x47504a4d, w:424, h:240
08-06 12:40:50.221 3809 3809 D V4L2Camera: Time interval between frame:
08-06 12:40:50.221 3809 3809 D V4L2Camera: 1/30
08-06 12:40:50.221 3809 3809 D V4L2Camera: 1/15
08-06 12:40:50.221 3809 3809 D V4L2Camera: { discrete: width = 640, height = 360 }
08-06 12:40:50.221 3809 3809 D V4L2Camera: V4L2Camera::EnumFrameIntervals: pixfmt: 0x47504a4d, w:640, h:360
08-06 12:40:50.221 3809 3809 D V4L2Camera: Time interval between frame:
08-06 12:40:50.221 3809 3809 D V4L2Camera: 1/30
08-06 12:40:50.221 3809 3809 D V4L2Camera: 1/15
08-06 12:40:50.221 3809 3809 D V4L2Camera: { discrete: width = 848, height = 480 }
08-06 12:40:50.221 3809 3809 D V4L2Camera: V4L2Camera::EnumFrameIntervals: pixfmt: 0x47504a4d, w:848, h:480
08-06 12:40:50.221 3809 3809 D V4L2Camera: Time interval between frame:
08-06 12:40:50.221 3809 3809 D V4L2Camera: 1/30
08-06 12:40:50.221 3809 3809 D V4L2Camera: 1/15
08-06 12:40:50.221 3809 3809 D V4L2Camera: { discrete: width = 960, height = 540 }
08-06 12:40:50.221 3809 3809 D V4L2Camera: V4L2Camera::EnumFrameIntervals: pixfmt: 0x47504a4d, w:960, h:540
08-06 12:40:50.221 3809 3809 D V4L2Camera: Time interval between frame:
08-06 12:40:50.221 3809 3809 D V4L2Camera: 1/30
08-06 12:40:50.221 3809 3809 D V4L2Camera: 1/15
08-06 12:40:50.221 3809 3809 D V4L2Camera: { discrete: width = 1280, height = 720 }
08-06 12:40:50.221 3809 3809 D V4L2Camera: V4L2Camera::EnumFrameIntervals: pixfmt: 0x47504a4d, w:1280, h:720
08-06 12:40:50.221 3809 3809 D V4L2Camera: Time interval between frame:
08-06 12:40:50.221 3809 3809 D V4L2Camera: 1/30
08-06 12:40:50.221 3809 3809 D V4L2Camera: 1/15
08-06 12:40:50.221 3809 3809 D V4L2Camera: V4L2Camera::getAvailableSizes
08-06 12:40:50.221 3809 3809 D V4L2Camera: V4L2Camera::getAvailableFps
08-06 12:40:50.221 3809 3809 I CameraHardware: Default preview size: (1280 x 720), fps:30
08-06 12:40:50.221 3809 3809 I CameraHardware: All available formats: 176x144,240x160,320x180,320x200,320x240,352x288,424x240,432x320,480x320,640x360,640x480,848x480,960x540,1280x720
08-06 12:40:50.221 3809 3809 I CameraHardware: All available fps: (10,10),(15,15),(20,20),(30,30)
08-06 12:40:50.221 3809 3809 I CameraHardware: Default picture size: (1280 x 720)
08-06 12:40:50.222 3809 3809 D CameraHardware: CameraHardware::setParameters
08-06 12:40:50.222 3809 3809 D CameraHardware: CameraHardware::setParameters: PREVIEW: Size 1280x720, 30 fps, format: yuv422sp
08-06 12:40:50.222 3809 3809 D CameraHardware: CameraHardware::setParameters: PICTURE: Size 1280x720, format: jpeg
08-06 12:40:50.222 3809 3809 D CameraHardware: CameraHardware::setParameters: VIDEO: Size 1280x720, format: yuv420p
08-06 12:40:50.222 3809 3809 D CameraHardware: CameraHardware::initHeapLocked
08-06 12:40:50.222 3809 3809 E CameraHardware: No memory allocator available
08-06 12:40:50.222 3809 3809 D CameraHardware: CameraHardware::setParameters: OK
08-06 12:40:50.222 3809 3809 D CameraHardware: CameraHardware::connectCamera
08-06 12:40:50.222 3809 3809 D CameraHardware: CameraHardware::setCallbacks
08-06 12:40:50.222 3809 3809 D CameraHardware: CameraHardware::getParameters
08-06 12:40:50.222 3809 3809 D CameraHardware: CameraHardware::putParameters
08-06 12:40:50.222 3809 3809 I ServiceManager: Waiting for service SurfaceFlinger...
08-06 12:40:51.223 3809 3809 I ServiceManager: Waiting for service SurfaceFlinger...
08-06 12:40:52.223 3809 3809 I ServiceManager: Waiting for service SurfaceFlinger...
08-06 12:40:53.150 3808 3816 W BatteryNotifier: batterystats service unavailable!
08-06 12:40:53.223 3809 3809 I ServiceManager: Waiting for service SurfaceFlinger...
08-06 12:40:54.474 3809 3809 I ServiceManager: Waiting for service SurfaceFlinger...
08-06 12:40:55.475 3809 3809 I ServiceManager: Waiting for service SurfaceFlinger...
08-06 12:40:56.475 3809 3809 I ServiceManager: Waiting for service SurfaceFlinger...
08-06 12:40:57.476 3809 3809 I ServiceManager: Waiting for service SurfaceFlinger...
08-06 12:40:58.727 3809 3809 I ServiceManager: Waiting for service SurfaceFlinger...
08-06 12:40:59.728 3809 3809 I ServiceManager: Waiting for service SurfaceFlinger...
08-06 12:41:00.728 3809 3809 I ServiceManager: Waiting for service SurfaceFlinger...
08-06 12:41:01.729 3809 3809 I ServiceManager: Waiting for service SurfaceFlinger...
08-06 12:41:02.980 3809 3809 I ServiceManager: Waiting for service SurfaceFlinger...
08-06 12:41:03.980 3809 3809 I ServiceManager: Waiting for service SurfaceFlinger...
08-06 12:41:04.981 3809 3809 I ServiceManager: Waiting for service SurfaceFlinger...
08-06 12:41:05.982 3809 3809 I ServiceManager: Waiting for service SurfaceFlinger...
08-06 12:41:07.233 3809 3809 I ServiceManager: Waiting for service SurfaceFlinger...
08-06 12:41:08.233 3809 3809 I ServiceManager: Waiting for service SurfaceFlinger...
08-06 12:41:09.234 3809 3809 I ServiceManager: Waiting for service SurfaceFlinger...
08-06 12:41:10.234 3809 3809 I ServiceManager: Waiting for service SurfaceFlinger...
08-06 12:41:11.486 3809 3809 I ServiceManager: Waiting for service SurfaceFlinger...
08-06 12:41:12.486 3809 3809 I ServiceManager: Waiting for service SurfaceFlinger...
08-06 12:41:13.487 3809 3809 I ServiceManager: Waiting for service SurfaceFlinger...
08-06 12:41:14.487 3809 3809 I ServiceManager: Waiting for service SurfaceFlinger...
08-06 12:41:15.738 3809 3809 I ServiceManager: Waiting for service SurfaceFlinger...
08-06 12:41:16.739 3809 3809 I ServiceManager: Waiting for service SurfaceFlinger...
08-06 12:41:17.740 3809 3809 I ServiceManager: Waiting for service SurfaceFlinger...
08-06 12:41:18.740 3809 3809 I ServiceManager: Waiting for service SurfaceFlinger...
08-06 12:41:19.991 3809 3809 I ServiceManager: Waiting for service SurfaceFlinger...
08-06 12:41:20.992 3809 3809 I ServiceManager: Waiting for service SurfaceFlinger...
08-06 12:41:21.993 3809 3809 I ServiceManager: Waiting for service SurfaceFlinger...
08-06 12:41:22.993 3809 3809 I ServiceManager: Waiting for service SurfaceFlinger...
08-06 12:41:24.244 3809 3809 I ServiceManager: Waiting for service SurfaceFlinger...
08-06 12:41:25.245 3809 3809 I ServiceManager: Waiting for service SurfaceFlinger...
08-06 12:41:26.245 3809 3809 I ServiceManager: Waiting for service SurfaceFlinger...
08-06 12:41:27.246 3809 3809 I ServiceManager: Waiting for service SurfaceFlinger...
08-06 12:41:28.497 3809 3809 I ServiceManager: Waiting for service SurfaceFlinger...
08-06 12:41:29.497 3809 3809 I ServiceManager: Waiting for service SurfaceFlinger...
08-06 12:41:30.498 3809 3809 I ServiceManager: Waiting for service SurfaceFlinger...
08-06 12:41:31.499 3809 3809 I ServiceManager: Waiting for service SurfaceFlinger...
08-06 12:41:32.750 3809 3809 I ServiceManager: Waiting for service SurfaceFlinger...
08-06 12:41:33.750 3809 3809 I ServiceManager: Waiting for service SurfaceFlinger...
08-06 12:41:34.751 3809 3809 I ServiceManager: Waiting for service SurfaceFlinger...
08-06 12:41:35.751 3809 3809 I ServiceManager: Waiting for service SurfaceFlinger...
08-06 12:41:37.003 3809 3809 I ServiceManager: Waiting for service SurfaceFlinger...
08-06 12:41:38.003 3809 3809 I ServiceManager: Waiting for service SurfaceFlinger...
08-06 12:41:39.004 3809 3809 I ServiceManager: Waiting for service SurfaceFlinger...
08-06 12:41:40.004 3809 3809 I ServiceManager: Waiting for service SurfaceFlinger...
08-06 12:41:41.255 3809 3809 I ServiceManager: Waiting for service SurfaceFlinger...
08-06 12:41:42.256 3809 3809 I ServiceManager: Waiting for service SurfaceFlinger...
08-06 12:41:43.257 3809 3809 I ServiceManager: Waiting for service SurfaceFlinger...
08-06 12:41:44.257 3809 3809 I ServiceManager: Waiting for service SurfaceFlinger...
08-06 12:41:45.508 3809 3809 I ServiceManager: Waiting for service SurfaceFlinger...
08-06 12:41:46.509 3809 3809 I ServiceManager: Waiting for service SurfaceFlinger...
08-06 12:41:47.510 3809 3809 I ServiceManager: Waiting for service SurfaceFlinger...
08-06 12:41:48.510 3809 3809 I ServiceManager: Waiting for service SurfaceFlinger...
08-06 12:41:49.761 3809 3809 I ServiceManager: Waiting for service SurfaceFlinger...
08-06 12:41:50.762 3809 3809 I ServiceManager: Waiting for service SurfaceFlinger...
08-06 12:41:51.763 3809 3809 I ServiceManager: Waiting for service SurfaceFlinger...
08-06 12:41:52.763 3809 3809 I ServiceManager: Waiting for service SurfaceFlinger...
08-06 12:41:54.014 3809 3809 I ServiceManager: Waiting for service SurfaceFlinger...
08-06 12:41:55.015 3809 3809 I ServiceManager: Waiting for service SurfaceFlinger...
08-06 12:41:56.015 3809 3809 I ServiceManager: Waiting for service SurfaceFlinger...
08-06 12:41:57.016 3809 3809 I ServiceManager: Waiting for service SurfaceFlinger...
08-06 12:41:58.267 3809 3809 I ServiceManager: Waiting for service SurfaceFlinger...
08-06 12:41:59.268 3809 3809 I ServiceManager: Waiting for service SurfaceFlinger...
08-06 12:42:00.268 3809 3809 I ServiceManager: Waiting for service SurfaceFlinger...
08-06 12:42:01.269 3809 3809 I ServiceManager: Waiting for service SurfaceFlinger...
08-06 12:42:02.520 3809 3809 I ServiceManager: Waiting for service SurfaceFlinger...
08-06 12:42:03.521 3809 3809 I ServiceManager: Waiting for service SurfaceFlinger...
08-06 12:42:04.521 3809 3809 I ServiceManager: Waiting for service SurfaceFlinger...
08-06 12:42:05.522 3809 3809 I ServiceManager: Waiting for service SurfaceFlinger...
08-06 12:42:06.773 3809 3809 I ServiceManager: Waiting for service SurfaceFlinger...
08-06 12:42:07.774 3809 3809 I ServiceManager: Waiting for service SurfaceFlinger...
08-06 12:42:08.774 3809 3809 I ServiceManager: Waiting for service SurfaceFlinger...
08-06 12:42:09.775 3809 3809 I ServiceManager: Waiting for service SurfaceFlinger...
08-06 12:42:11.026 3809 3809 I ServiceManager: Waiting for service SurfaceFlinger...
08-06 12:42:12.027 3809 3809 I ServiceManager: Waiting for service SurfaceFlinger...
08-06 12:42:13.027 3809 3809 I ServiceManager: Waiting for service SurfaceFlinger...
08-06 12:42:14.028 3809 3809 I ServiceManager: Waiting for service SurfaceFlinger...
08-06 12:42:15.279 3809 3809 I ServiceManager: Waiting for service SurfaceFlinger...
08-06 12:42:16.280 3809 3809 I ServiceManager: Waiting for service SurfaceFlinger...
08-06 12:42:17.280 3809 3809 I ServiceManager: Waiting for service SurfaceFlinger...
08-06 12:42:18.281 3809 3809 I ServiceManager: Waiting for service SurfaceFlinger...
08-06 12:42:19.532 3809 3809 I ServiceManager: Waiting for service SurfaceFlinger...
08-06 12:42:20.533 3809 3809 I ServiceManager: Waiting for service SurfaceFlinger...
08-06 12:42:21.533 3809 3809 I ServiceManager: Waiting for service SurfaceFlinger...
08-06 12:42:22.534 3809 3809 I ServiceManager: Waiting for service SurfaceFlinger...
08-06 12:42:23.785 3809 3809 I ServiceManager: Waiting for service SurfaceFlinger...
08-06 12:42:24.786 3809 3809 I ServiceManager: Waiting for service SurfaceFlinger...
08-06 12:42:25.786 3809 3809 I ServiceManager: Waiting for service SurfaceFlinger...
08-06 12:42:26.787 3809 3809 I ServiceManager: Waiting for service SurfaceFlinger...
08-06 12:42:28.038 3809 3809 I ServiceManager: Waiting for service SurfaceFlinger...
08-06 12:42:29.038 3809 3809 I ServiceManager: Waiting for service SurfaceFlinger...
08-06 12:42:30.039 3809 3809 I ServiceManager: Waiting for service SurfaceFlinger...
08-06 12:42:31.040 3809 3809 I ServiceManager: Waiting for service SurfaceFlinger...
08-06 12:42:32.291 3809 3809 I ServiceManager: Waiting for service SurfaceFlinger...
08-06 12:42:33.291 3809 3809 I ServiceManager: Waiting for service SurfaceFlinger...
08-06 12:42:34.292 3809 3809 I ServiceManager: Waiting for service SurfaceFlinger...
08-06 12:42:35.293 3809 3809 I ServiceManager: Waiting for service SurfaceFlinger...
08-06 12:42:36.544 3809 3809 I ServiceManager: Waiting for service SurfaceFlinger...
08-06 12:42:37.544 3809 3809 I ServiceManager: Waiting for service SurfaceFlinger...
08-06 12:42:38.545 3809 3809 I ServiceManager: Waiting for service SurfaceFlinger...
08-06 12:42:39.546 3809 3809 I ServiceManager: Waiting for service SurfaceFlinger...
08-06 12:42:40.797 3809 3809 I ServiceManager: Waiting for service SurfaceFlinger...
08-06 12:42:41.797 3809 3809 I ServiceManager: Waiting for service SurfaceFlinger...
08-06 12:42:42.798 3809 3809 I ServiceManager: Waiting for service SurfaceFlinger...
08-06 12:42:43.799 3809 3809 I ServiceManager: Waiting for service SurfaceFlinger...
08-06 12:42:45.050 3809 3809 I ServiceManager: Waiting for service SurfaceFlinger...
08-06 12:42:46.050 3809 3809 I ServiceManager: Waiting for service SurfaceFlinger...
08-06 12:42:47.051 3809 3809 I ServiceManager: Waiting for service SurfaceFlinger...
08-06 12:42:48.051 3809 3809 I ServiceManager: Waiting for service SurfaceFlinger...
08-06 12:42:49.303 3809 3809 I ServiceManager: Waiting for service SurfaceFlinger...
08-06 12:42:50.303 3809 3809 I ServiceManager: Waiting for service SurfaceFlinger...
08-06 12:42:51.304 3809 3809 I ServiceManager: Waiting for service SurfaceFlinger...
08-06 12:42:52.304 3809 3809 I ServiceManager: Waiting for service SurfaceFlinger...
08-06 12:42:53.556 3809 3809 I ServiceManager: Waiting for service SurfaceFlinger...
08-06 12:42:54.556 3809 3809 I ServiceManager: Waiting for service SurfaceFlinger...
08-06 12:42:55.557 3809 3809 I ServiceManager: Waiting for service SurfaceFlinger...
08-06 12:42:56.557 3809 3809 I ServiceManager: Waiting for service SurfaceFlinger...
08-06 12:42:57.808 3809 3809 I ServiceManager: Waiting for service SurfaceFlinger...
08-06 12:42:58.809 3809 3809 I ServiceManager: Waiting for service SurfaceFlinger...
08-06 12:42:59.810 3809 3809 I ServiceManager: Waiting for service SurfaceFlinger...
08-06 12:43:00.810 3809 3809 I ServiceManager: Waiting for service SurfaceFlinger...
08-06 12:43:02.061 3809 3809 I ServiceManager: Waiting for service SurfaceFlinger...
08-06 12:43:03.062 3809 3809 I ServiceManager: Waiting for service SurfaceFlinger...
08-06 12:43:04.063 3809 3809 I ServiceManager: Waiting for service SurfaceFlinger...
08-06 12:43:05.063 3809 3809 I ServiceManager: Waiting for service SurfaceFlinger...
08-06 12:43:06.314 3809 3809 I ServiceManager: Waiting for service SurfaceFlinger...
08-06 12:43:07.315 3809 3809 I ServiceManager: Waiting for service SurfaceFlinger...
08-06 12:43:08.316 3809 3809 I ServiceManager: Waiting for service SurfaceFlinger...
08-06 12:43:09.316 3809 3809 I ServiceManager: Waiting for service SurfaceFlinger...
08-06 12:43:10.567 3809 3809 I ServiceManager: Waiting for service SurfaceFlinger...
08-06 12:43:11.568 3809 3809 I ServiceManager: Waiting for service SurfaceFlinger...
08-06 12:43:12.569 3809 3809 I ServiceManager: Waiting for service SurfaceFlinger...
08-06 12:43:13.569 3809 3809 I ServiceManager: Waiting for service SurfaceFlinger...
08-06 12:43:14.820 3809 3809 I ServiceManager: Waiting for service SurfaceFlinger...
08-06 12:43:15.821 3809 3809 I ServiceManager: Waiting for service SurfaceFlinger...
08-06 12:43:16.821 3809 3809 I ServiceManager: Waiting for service SurfaceFlinger...
08-06 12:43:17.822 3809 3809 I ServiceManager: Waiting for service SurfaceFlinger...
08-06 12:43:19.073 3809 3809 I ServiceManager: Waiting for service SurfaceFlinger...
08-06 12:43:20.074 3809 3809 I ServiceManager: Waiting for service SurfaceFlinger...
08-06 12:43:21.074 3809 3809 I ServiceManager: Waiting for service SurfaceFlinger...
08-06 12:43:22.075 3809 3809 I ServiceManager: Waiting for service SurfaceFlinger...
08-06 12:43:23.326 3809 3809 I ServiceManager: Waiting for service SurfaceFlinger...
08-06 12:43:24.327 3809 3809 I ServiceManager: Waiting for service SurfaceFlinger...
08-06 12:43:25.327 3809 3809 I ServiceManager: Waiting for service SurfaceFlinger...
08-06 12:43:26.328 3809 3809 I ServiceManager: Waiting for service SurfaceFlinger...
08-06 12:43:27.579 3809 3809 I ServiceManager: Waiting for service SurfaceFlinger...
08-06 12:43:28.580 3809 3809 I ServiceManager: Waiting for service SurfaceFlinger...
08-06 12:43:29.580 3809 3809 I ServiceManager: Waiting for service SurfaceFlinger...
08-06 12:43:30.581 3809 3809 I ServiceManager: Waiting for service SurfaceFlinger...
08-06 12:43:31.832 3809 3809 I ServiceManager: Waiting for service SurfaceFlinger...
08-06 12:43:32.832 3809 3809 I ServiceManager: Waiting for service SurfaceFlinger...
08-06 12:43:33.833 3809 3809 I ServiceManager: Waiting for service SurfaceFlinger...
08-06 12:43:34.834 3809 3809 I ServiceManager: Waiting for service SurfaceFlinger...
08-06 12:43:36.085 3809 3809 I ServiceManager: Waiting for service SurfaceFlinger...
08-06 12:43:37.085 3809 3809 I ServiceManager: Waiting for service SurfaceFlinger...
08-06 12:43:38.086 3809 3809 I ServiceManager: Waiting for service SurfaceFlinger...
08-06 12:43:39.087 3809 3809 I ServiceManager: Waiting for service SurfaceFlinger...
08-06 12:43:40.338 3809 3809 I ServiceManager: Waiting for service SurfaceFlinger...
08-06 12:43:41.338 3809 3809 I ServiceManager: Waiting for service SurfaceFlinger...
08-06 12:43:42.339 3809 3809 I ServiceManager: Waiting for service SurfaceFlinger...
08-06 12:43:43.340 3809 3809 I ServiceManager: Waiting for service SurfaceFlinger...
08-06 12:43:44.591 3809 3809 I ServiceManager: Waiting for service SurfaceFlinger...
08-06 12:43:45.591 3809 3809 I ServiceManager: Waiting for service SurfaceFlinger...
08-06 12:43:46.592 3809 3809 I ServiceManager: Waiting for service SurfaceFlinger...
08-06 12:43:47.593 3809 3809 I ServiceManager: Waiting for service SurfaceFlinger...
08-06 12:43:48.844 3809 3809 I ServiceManager: Waiting for service SurfaceFlinger...
08-06 12:43:49.844 3809 3809 I ServiceManager: Waiting for service SurfaceFlinger...
08-06 12:43:50.845 3809 3809 I ServiceManager: Waiting for service SurfaceFlinger...
08-06 12:43:51.846 3809 3809 I ServiceManager: Waiting for service SurfaceFlinger...
08-06 12:43:53.097 3809 3809 I ServiceManager: Waiting for service SurfaceFlinger...
08-06 12:43:54.097 3809 3809 I ServiceManager: Waiting for service SurfaceFlinger...
08-06 12:43:55.098 3809 3809 I ServiceManager: Waiting for service SurfaceFlinger...
08-06 12:43:56.098 3809 3809 I ServiceManager: Waiting for service SurfaceFlinger...
08-06 12:43:57.349 3809 3809 I ServiceManager: Waiting for service SurfaceFlinger...
08-06 12:43:58.350 3809 3809 I ServiceManager: Waiting for service SurfaceFlinger...
08-06 12:43:59.351 3809 3809 I ServiceManager: Waiting for service SurfaceFlinger...
08-06 12:44:00.351 3809 3809 I ServiceManager: Waiting for service SurfaceFlinger...
08-06 12:44:01.602 3809 3809 I ServiceManager: Waiting for service SurfaceFlinger...
08-06 12:44:02.603 3809 3809 I ServiceManager: Waiting for service SurfaceFlinger...
08-06 12:44:03.603 3809 3809 I ServiceManager: Waiting for service SurfaceFlinger...
08-06 12:44:04.604 3809 3809 I ServiceManager: Waiting for service SurfaceFlinger...
08-06 12:44:05.855 3809 3809 I ServiceManager: Waiting for service SurfaceFlinger...
08-06 12:44:06.856 3809 3809 I ServiceManager: Waiting for service SurfaceFlinger...
08-06 12:44:07.856 3809 3809 I ServiceManager: Waiting for service SurfaceFlinger...
08-06 12:44:08.857 3809 3809 I ServiceManager: Waiting for service SurfaceFlinger...
08-06 12:44:09.293 2339 2343 V vold : /system/bin/sgdisk
08-06 12:44:09.293 2339 2343 V vold : --android-dump
08-06 12:44:09.293 2339 2343 V vold : /dev/block/vold/disk:8_32
08-06 12:44:09.306 2339 2343 V vold : DISK mbr
08-06 12:44:09.306 2339 2343 V vold :
08-06 12:44:09.306 2339 2343 V vold : PART 1 c
08-06 12:44:09.306 2339 2343 V vold :
08-06 12:44:10.108 3809 3809 I ServiceManager: Waiting for service SurfaceFlinger...
08-06 12:44:11.108 3809 3809 I ServiceManager: Waiting for service SurfaceFlinger...
08-06 12:44:12.109 3809 3809 I ServiceManager: Waiting for service SurfaceFlinger...
08-06 12:44:13.110 3809 3809 I ServiceManager: Waiting for service SurfaceFlinger...
08-06 12:44:14.361 3809 3809 I ServiceManager: Waiting for service SurfaceFlinger...
08-06 12:44:15.361 3809 3809 I ServiceManager: Waiting for service SurfaceFlinger...
08-06 12:44:16.362 3809 3809 I ServiceManager: Waiting for service SurfaceFlinger...
08-06 12:44:17.362 3809 3809 I ServiceManager: Waiting for service SurfaceFlinger...
08-06 12:44:18.614 3809 3809 I ServiceManager: Waiting for service SurfaceFlinger...
08-06 12:44:18.898 3825 3825 I mkdir : type=1400 audit(0.0:109): avc: denied { dac_override } for capability=1 scontext=u:r:shell:s0 tcontext=u:r:shell:s0 tclass=capability permissive=1
08-06 12:44:18.898 3825 3825 I mkdir : type=1400 audit(0.0:110): avc: denied { write } for name="/" dev="tmpfs" ino=8654 scontext=u:r:shell:s0 tcontext=u:object_r:system_data_file:s0 tclass=dir permissive=1
08-06 12:44:18.898 3825 3825 I mkdir : type=1400 audit(0.0:111): avc: denied { add_name } for name="x" scontext=u:r:shell:s0 tcontext=u:object_r:system_data_file:s0 tclass=dir permissive=1
08-06 12:44:18.898 3825 3825 I mkdir : type=1400 audit(0.0:112): avc: denied { create } for name="x" scontext=u:r:shell:s0 tcontext=u:object_r:system_data_file:s0 tclass=dir permissive=1
08-06 12:44:19.614 3809 3809 I ServiceManager: Waiting for service SurfaceFlinger...
08-06 12:44:20.615 3809 3809 I ServiceManager: Waiting for service SurfaceFlinger...
08-06 12:44:21.615 3809 3809 I ServiceManager: Waiting for service SurfaceFlinger...
08-06 12:44:22.867 3809 3809 I ServiceManager: Waiting for service SurfaceFlinger...
08-06 12:44:23.867 3809 3809 I ServiceManager: Waiting for service SurfaceFlinger...
08-06 12:44:24.868 3809 3809 I ServiceManager: Waiting for service SurfaceFlinger...
08-06 12:44:25.868 3809 3809 I ServiceManager: Waiting for service SurfaceFlinger...
08-06 12:44:27.119 3809 3809 I ServiceManager: Waiting for service SurfaceFlinger...
08-06 12:44:28.120 3809 3809 I ServiceManager: Waiting for service SurfaceFlinger...
08-06 12:44:29.121 3809 3809 I ServiceManager: Waiting for service SurfaceFlinger...
08-06 12:44:30.121 3809 3809 I ServiceManager: Waiting for service SurfaceFlinger...
08-06 12:44:31.372 3809 3809 I ServiceManager: Waiting for service SurfaceFlinger...
08-06 12:44:32.373 3809 3809 I ServiceManager: Waiting for service SurfaceFlinger...
08-06 12:44:33.374 3809 3809 I ServiceManager: Waiting for service SurfaceFlinger...
08-06 12:44:34.035 2353 2353 I sh : type=1400 audit(0.0:113): avc: denied { read } for name="/" dev="tmpfs" ino=4587 scontext=u:r:shell:s0 tcontext=u:object_r:device:s0 tclass=dir permissive=1
08-06 12:44:34.040 2353 2353 I sh : type=1400 audit(0.0:114): avc: denied { open } for path="/dev" dev="tmpfs" ino=4587 scontext=u:r:shell:s0 tcontext=u:object_r:device:s0 tclass=dir permissive=1
08-06 12:44:34.040 2353 2353 I sh : type=1400 audit(0.0:115): avc: denied { getattr } for path="/dev/block" dev="tmpfs" ino=4789 scontext=u:r:shell:s0 tcontext=u:object_r:block_device:s0 tclass=dir permissive=1
08-06 12:44:34.374 3809 3809 I ServiceManager: Waiting for service SurfaceFlinger...
08-06 12:44:35.625 3809 3809 I ServiceManager: Waiting for service SurfaceFlinger...
08-06 12:44:36.626 3809 3809 I ServiceManager: Waiting for service SurfaceFlinger...
08-06 12:44:37.627 3809 3809 I ServiceManager: Waiting for service SurfaceFlinger...
08-06 12:44:38.627 3809 3809 I ServiceManager: Waiting for service SurfaceFlinger...
08-06 12:44:39.666 3826 3826 I busybox : type=1400 audit(0.0:116): avc: denied { getattr } for path="/dev/block/sdc1" dev="tmpfs" ino=22222 scontext=u:r:shell:s0 tcontext=u:object_r:block_device:s0 tclass=blk_file permissive=1
08-06 12:44:39.666 3826 3826 I busybox : type=1400 audit(0.0:117): avc: denied { mounton } for path="/data/x" dev="tmpfs" ino=23843 scontext=u:r:shell:s0 tcontext=u:object_r:system_data_file:s0 tclass=dir permissive=1
08-06 12:44:39.684 3826 3826 I busybox : type=1400 audit(0.0:118): avc: denied { mount } for name="/" dev="sdc1" ino=1 scontext=u:r:shell:s0 tcontext=u:object_r:vfat:s0 tclass=filesystem permissive=1
08-06 12:44:39.878 3809 3809 I ServiceManager: Waiting for service SurfaceFlinger...
08-06 12:44:40.879 3809 3809 I ServiceManager: Waiting for service SurfaceFlinger...
08-06 12:44:41.880 3809 3809 I ServiceManager: Waiting for service SurfaceFlinger...
08-06 12:44:42.880 3809 3809 I ServiceManager: Waiting for service SurfaceFlinger...
08-06 12:44:44.131 3809 3809 I ServiceManager: Waiting for service SurfaceFlinger...
08-06 12:44:45.132 3809 3809 I ServiceManager: Waiting for service SurfaceFlinger...
08-06 12:44:46.133 3809 3809 I ServiceManager: Waiting for service SurfaceFlinger...
08-06 12:44:47.133 3809 3809 I ServiceManager: Waiting for service SurfaceFlinger...
08-06 12:44:48.384 3809 3809 I ServiceManager: Waiting for service SurfaceFlinger...
08-06 12:44:49.385 3809 3809 I ServiceManager: Waiting for service SurfaceFlinger...
08-06 12:44:50.386 3809 3809 I ServiceManager: Waiting for service SurfaceFlinger...
08-06 12:44:51.386 3809 3809 I ServiceManager: Waiting for service SurfaceFlinger...
08-06 12:44:52.637 3809 3809 I ServiceManager: Waiting for service SurfaceFlinger...
08-06 12:44:53.638 3809 3809 I ServiceManager: Waiting for service SurfaceFlinger...
08-06 12:44:54.638 3809 3809 I ServiceManager: Waiting for service SurfaceFlinger...
08-06 12:44:55.639 3809 3809 I ServiceManager: Waiting for service SurfaceFlinger...
08-06 12:44:56.890 3809 3809 I ServiceManager: Waiting for service SurfaceFlinger...
08-06 12:44:57.891 3809 3809 I ServiceManager: Waiting for service SurfaceFlinger...
08-06 12:44:58.891 3809 3809 I ServiceManager: Waiting for service SurfaceFlinger...
08-06 12:44:59.892 3809 3809 I ServiceManager: Waiting for service SurfaceFlinger...
08-06 12:45:01.143 3809 3809 I ServiceManager: Waiting for service SurfaceFlinger...
08-06 12:45:02.144 3809 3809 I ServiceManager: Waiting for service SurfaceFlinger...
08-06 12:45:03.144 3809 3809 I ServiceManager: Waiting for service SurfaceFlinger...
08-06 12:45:04.145 3809 3809 I ServiceManager: Waiting for service SurfaceFlinger...
08-06 12:45:05.396 3809 3809 I ServiceManager: Waiting for service SurfaceFlinger...
08-06 12:45:06.397 3809 3809 I ServiceManager: Waiting for service SurfaceFlinger...
08-06 12:45:07.397 3809 3809 I ServiceManager: Waiting for service SurfaceFlinger...
08-06 12:45:08.398 3809 3809 I ServiceManager: Waiting for service SurfaceFlinger...
08-06 12:45:09.649 3809 3809 I ServiceManager: Waiting for service SurfaceFlinger...
08-06 12:45:10.650 3809 3809 I ServiceManager: Waiting for service SurfaceFlinger...
08-06 12:45:11.650 3809 3809 I ServiceManager: Waiting for service SurfaceFlinger...
08-06 12:45:12.651 3809 3809 I ServiceManager: Waiting for service SurfaceFlinger...
08-06 12:45:13.297 2353 2353 I sh : type=1400 audit(0.0:119): avc: denied { write } for name="/" dev="sdc1" ino=1 scontext=u:r:shell:s0 tcontext=u:object_r:vfat:s0 tclass=dir permissive=1
08-06 12:45:13.299 2353 2353 I sh : type=1400 audit(0.0:120): avc: denied { add_name } for name="dmesg_i965_segfault.txt" scontext=u:r:shell:s0 tcontext=u:object_r:vfat:s0 tclass=dir permissive=1
08-06 12:45:13.299 2353 2353 I sh : type=1400 audit(0.0:121): avc: denied { create } for name="dmesg_i965_segfault.txt" scontext=u:r:shell:s0 tcontext=u:object_r:vfat:s0 tclass=file permissive=1
08-06 12:45:13.902 3809 3809 I ServiceManager: Waiting for service SurfaceFlinger...
08-06 12:45:14.903 3809 3809 I ServiceManager: Waiting for service SurfaceFlinger...
08-06 12:45:15.903 3809 3809 I ServiceManager: Waiting for service SurfaceFlinger...
08-06 12:45:16.904 3809 3809 I ServiceManager: Waiting for service SurfaceFlinger...
08-06 12:45:18.155 3809 3809 I ServiceManager: Waiting for service SurfaceFlinger...
08-06 12:45:19.155 3809 3809 I ServiceManager: Waiting for service SurfaceFlinger...
08-06 12:45:20.156 3809 3809 I ServiceManager: Waiting for service SurfaceFlinger...
08-06 12:45:21.156 3809 3809 I ServiceManager: Waiting for service SurfaceFlinger...
08-06 12:45:22.407 3809 3809 I ServiceManager: Waiting for service SurfaceFlinger...
08-06 12:45:22.800 2353 2353 I sh : type=1400 audit(0.0:122): avc: denied { getattr } for path="/data/log.txt" dev="tmpfs" ino=9116 scontext=u:r:shell:s0 tcontext=u:object_r:system_data_file:s0 tclass=file permissive=1
08-06 12:45:23.408 3809 3809 I ServiceManager: Waiting for service SurfaceFlinger...
08-06 12:45:24.409 3809 3809 I ServiceManager: Waiting for service SurfaceFlinger...
08-06 12:45:25.409 3809 3809 I ServiceManager: Waiting for service SurfaceFlinger...
08-06 12:45:26.660 3809 3809 I ServiceManager: Waiting for service SurfaceFlinger...
08-06 12:45:27.661 3809 3809 I ServiceManager: Waiting for service SurfaceFlinger...
08-06 12:45:28.661 3809 3809 I ServiceManager: Waiting for service SurfaceFlinger...
08-06 12:45:29.662 3809 3809 I ServiceManager: Waiting for service SurfaceFlinger...
08-06 12:45:30.913 3809 3809 I ServiceManager: Waiting for service SurfaceFlinger...
08-06 12:45:31.913 3809 3809 I ServiceManager: Waiting for service SurfaceFlinger...
08-06 12:45:32.914 3809 3809 I ServiceManager: Waiting for service SurfaceFlinger...
08-06 12:45:33.915 3809 3809 I ServiceManager: Waiting for service SurfaceFlinger...
08-06 12:45:35.166 3809 3809 I ServiceManager: Waiting for service SurfaceFlinger...
08-06 12:45:36.166 3809 3809 I ServiceManager: Waiting for service SurfaceFlinger...
08-06 12:45:37.167 3809 3809 I ServiceManager: Waiting for service SurfaceFlinger...
08-06 12:45:38.167 3809 3809 I ServiceManager: Waiting for service SurfaceFlinger...
08-06 12:45:39.419 3809 3809 I ServiceManager: Waiting for service SurfaceFlinger...
08-06 12:45:40.419 3809 3809 I ServiceManager: Waiting for service SurfaceFlinger...
08-06 12:45:41.420 3809 3809 I ServiceManager: Waiting for service SurfaceFlinger...