--------- beginning of main
08-12 11:47:14.650 2398 2398 W auditd : type=2000 audit(0.0:1): initialized
08-12 11:47:31.278 2398 2398 I auditd : type=1403 audit(0.0:2): policy loaded auid=4294967295 ses=4294967295
08-12 11:47:31.282 1 1 I init : type=1400 audit(0.0:3): avc: denied { open } for path="/selinux_version" dev="tmpfs" ino=9252 scontext=u:r:kernel:s0 tcontext=u:object_r:tmpfs:s0 tclass=file permissive=1
08-12 11:47:31.286 1 1 I init : type=1400 audit(0.0:4): avc: denied { relabelfrom } for name="init" dev="tmpfs" ino=7194 scontext=u:r:kernel:s0 tcontext=u:object_r:tmpfs:s0 tclass=file permissive=1
08-12 11:47:31.297 1 1 I init : type=1400 audit(0.0:5): avc: denied { relabelfrom } for name="property_contexts" dev="tmpfs" ino=9242 scontext=u:r:init:s0 tcontext=u:object_r:tmpfs:s0 tclass=file permissive=1
08-12 11:47:31.389 2382 2382 I ueventd : type=1400 audit(0.0:6): avc: denied { open } for path="/ueventd.rc" dev="tmpfs" ino=9259 scontext=u:r:ueventd:s0 tcontext=u:object_r:tmpfs:s0 tclass=file permissive=1
08-12 11:47:31.413 2382 2382 I ueventd : type=1400 audit(0.0:7): avc: denied { sys_module } for capability=16 scontext=u:r:ueventd:s0 tcontext=u:r:ueventd:s0 tclass=capability permissive=1
08-12 11:47:31.417 2382 2382 I ueventd : type=1400 audit(0.0:8): avc: denied { module_load } for path="/system/lib/modules/4.9.31-android-x86_64/kernel/drivers/i2c/i2c-smbus.ko" dev="loop1" ino=3008 scontext=u:r:ueventd:s0 tcontext=u:object_r:system_file:s0 tclass=system permissive=1
08-12 11:47:31.710 4 4 I kworker/0:0: type=1400 audit(0.0:9): avc: denied { module_request } for kmod=6864617564696F3A7631303032414130317230303130303230306130310A scontext=u:r:kernel:s0 tcontext=u:r:kernel:s0 tclass=system permissive=1
08-12 11:47:31.710 2385 2385 I modprobe: type=1400 audit(0.0:10): avc: denied { create } for name="__kmsg__" scontext=u:r:init:s0 tcontext=u:object_r:device:s0 tclass=chr_file permissive=1
08-12 11:47:31.710 2385 2385 I modprobe: type=1400 audit(0.0:11): avc: denied { unlink } for name="__kmsg__" dev="tmpfs" ino=7290 scontext=u:r:init:s0 tcontext=u:object_r:device:s0 tclass=chr_file permissive=1
08-12 11:47:33.798 0 2399 I sh : + '[' -e /vendor/etc/init.sh ']'
08-12 11:47:33.798 0 2399 I sh : + do_init
08-12 11:47:33.798 0 2399 I sh : + init_misc
08-12 11:47:33.798 0 2399 I sh : + cat /sys/class/dmi/id/sys_vendor
08-12 11:47:33.798 0 2399 I sh : + setprop ro.product.manufacturer 'Sony Corporation'
08-12 11:47:33.803 2399 2399 I sh : + setprop ro.product.model SVE1513Y1ESI
08-12 11:47:33.805 2413 2413 I lsusb : type=1400 audit(0.0:32): avc: denied { write } for path="pipe:[7338]" dev="pipefs" ino=7338 scontext=u:r:toolbox:s0 tcontext=u:r:init:s0 tclass=fifo_file permissive=1
08-12 11:47:33.806 2399 2399 I sh : + lsusb
08-12 11:47:33.806 2399 2399 I sh : + grep 1a8d:1000
08-12 11:47:33.808 2413 2413 I lsusb : type=1400 audit(0.0:33): avc: denied { getattr } for path="pipe:[7338]" dev="pipefs" ino=7338 scontext=u:r:toolbox:s0 tcontext=u:r:init:s0 tclass=fifo_file permissive=1
08-12 11:47:33.816 2399 2399 I sh : + '[' -d /sys/devices/system/cpu/cpu0/cpufreq ']'
08-12 11:47:33.816 2399 2399 I sh : + init_hal_audio
08-12 11:47:33.816 2399 2399 I sh : + grep -qi IntelHDMI /proc/asound/card0/id
08-12 11:47:33.818 2400 2400 I sh : type=1400 audit(0.0:34): avc: denied { write } for name="rfkill0" dev="sysfs" ino=14874 scontext=u:r:init:s0 tcontext=u:object_r:sysfs:s0 tclass=dir permissive=1
08-12 11:47:33.818 2400 2400 I sh : type=1400 audit(0.0:35): avc: denied { add_name } for name="state" scontext=u:r:init:s0 tcontext=u:object_r:sysfs:s0 tclass=dir permissive=1
08-12 11:47:33.818 2400 2400 I sh : type=1400 audit(0.0:36): avc: denied { create } for name="state" scontext=u:r:init:s0 tcontext=u:object_r:sysfs:s0 tclass=file permissive=1
08-12 11:47:33.818 2399 2399 I sh : + init_hal_bluetooth
08-12 11:47:33.818 2399 2399 I sh : + cat /sys/class/rfkill/rfkill0/type
08-12 11:47:33.819 2399 2399 I sh : + type=wlan
08-12 11:47:33.819 2399 2399 I sh : + '[' wlan '=' wlan -o wlan '=' bluetooth ']'
08-12 11:47:33.819 2399 2399 I sh : + >/sys/class/rfkill/rfkill0/state
08-12 11:47:33.819 2399 2399 I sh : + echo 1
08-12 11:47:33.819 2399 2399 I sh : + busybox lsusb -v
08-12 11:47:33.819 2399 2399 I sh : + awk ' /Class:.E0/ { print $9 } '
08-12 11:47:33.822 2399 2399 I sh : + '[' -n ']'
08-12 11:47:33.822 2399 2399 I sh : + dmesg -t
08-12 11:47:33.822 2399 2399 I sh : + grep -qE '8723bs.*BT'
08-12 11:47:33.823 2419 2419 I dmesg : type=1400 audit(0.0:37): avc: denied { syslog_read } for scontext=u:r:toolbox:s0 tcontext=u:r:kernel:s0 tclass=system permissive=1
08-12 11:47:33.825 2422 2422 I head : type=1400 audit(0.0:38): avc: denied { read } for path="pipe:[4856]" dev="pipefs" ino=4856 scontext=u:r:toolbox:s0 tcontext=u:r:init:s0 tclass=fifo_file permissive=1
08-12 11:47:33.825 2399 2399 I sh : + init_hal_camera
08-12 11:47:33.825 2399 2399 I sh : + return
08-12 11:47:33.825 2399 2399 I sh : + init_hal_gps
08-12 11:47:33.825 2399 2399 I sh : + return
08-12 11:47:33.825 2399 2399 I sh : + init_hal_gralloc
08-12 11:47:33.826 2399 2399 I sh : + cat /proc/fb
08-12 11:47:33.826 2399 2399 I sh : + head -1
08-12 11:47:33.829 2399 2399 I sh : + set_property ro.hardware.gralloc drm
08-12 11:47:33.829 2399 2399 I sh : + setprop ro.hardware.gralloc drm
08-12 11:47:33.832 2399 2399 I sh : + '[' -n 2 ']'
08-12 11:47:33.832 2399 2399 I sh : + >>/dev/x86.prop
08-12 11:47:33.832 2399 2399 I sh : + echo 'ro.hardware.gralloc=drm'
08-12 11:47:33.832 2399 2399 I sh : + set_drm_mode
08-12 11:47:33.832 2399 2399 I sh : + '[' -n ']'
08-12 11:47:33.832 2399 2399 I sh : + '[' -n 2 ']'
08-12 11:47:33.832 2399 2399 I sh : + set_property debug.egl.trace error
08-12 11:47:33.832 2399 2399 I sh : + setprop debug.egl.trace error
08-12 11:47:33.835 2399 2399 I sh : + '[' -n 2 ']'
08-12 11:47:33.835 2399 2399 I sh : + >>/dev/x86.prop
08-12 11:47:33.835 2399 2399 I sh : + echo 'debug.egl.trace=error'
08-12 11:47:33.835 2399 2399 I sh : + init_hal_hwcomposer
08-12 11:47:33.835 2399 2399 I sh : + return
08-12 11:47:33.835 2399 2399 I sh : + init_hal_lights
08-12 11:47:33.835 2399 2399 I sh : + chown 1000.1000 /sys/class/backlight/acpi_video0/brightness
08-12 11:47:33.837 2427 2427 I chown : type=1400 audit(0.0:39): avc: denied { setattr } for name="brightness" dev="sysfs" ino=6444 scontext=u:r:toolbox:s0 tcontext=u:object_r:sysfs:s0 tclass=file permissive=1
08-12 11:47:33.837 2427 2427 I chown : type=1400 audit(0.0:40): avc: denied { chown } for capability=0 scontext=u:r:toolbox:s0 tcontext=u:r:toolbox:s0 tclass=capability permissive=1
08-12 11:47:33.838 2399 2399 I sh : + init_hal_power
08-12 11:47:33.838 2399 2399 I sh : + >/sys/class/rtc/rtc0/device/power/wakeup
08-12 11:47:33.838 2399 2399 I sh : + echo disabled
08-12 11:47:33.848 2399 2399 I sh : + init_hal_sensors
08-12 11:47:33.848 2399 2399 I sh : + getprop ro.hardware
08-12 11:47:33.852 2399 2399 I sh : + ro_hardware=android_x86_64
08-12 11:47:33.852 2399 2399 I sh : + '[' -f /system/lib/hw/sensors.android_x86_64.so ']'
08-12 11:47:33.854 2399 2399 I sh : + typeset 'hal_sensors=kbd'
08-12 11:47:33.854 2399 2399 I sh : + typeset 'has_sensors=true'
08-12 11:47:33.854 2399 2399 I sh : + cat /sys/class/dmi/id/uevent
08-12 11:47:33.855 2399 2399 I sh : + 2>/dev/null
08-12 11:47:33.855 2399 2399 I sh : + ls '/sys/bus/iio/devices/iio:device*'
08-12 11:47:33.857 2430 2430 I ls : type=1400 audit(0.0:41): avc: denied { ioctl } for path="pipe:[8816]" dev="pipefs" ino=8816 ioctlcmd=0x5413 scontext=u:r:toolbox:s0 tcontext=u:r:init:s0 tclass=fifo_file permissive=1
08-12 11:47:33.858 2431 2431 I sh : type=1400 audit(0.0:42): avc: denied { execute } for name="busybox" dev="tmpfs" ino=9446 scontext=u:r:init:s0 tcontext=u:object_r:tmpfs:s0 tclass=file permissive=1
08-12 11:47:33.858 2431 2431 I sh : type=1400 audit(0.0:43): avc: denied { execute_no_trans } for path="/bin/busybox" dev="tmpfs" ino=9446 scontext=u:r:init:s0 tcontext=u:object_r:tmpfs:s0 tclass=file permissive=1
08-12 11:47:33.859 2399 2399 I sh : + '[' -n ']'
08-12 11:47:33.859 2399 2399 I sh : + lsmod
08-12 11:47:33.859 2399 2399 I sh : + grep -q lis3lv02d_i2c
08-12 11:47:33.861 2399 2399 I sh : + set_property ro.hardware.sensors kbd
08-12 11:47:33.861 2399 2399 I sh : + setprop ro.hardware.sensors kbd
08-12 11:47:33.864 2399 2399 I sh : + '[' -n 2 ']'
08-12 11:47:33.864 2399 2399 I sh : + >>/dev/x86.prop
08-12 11:47:33.864 2399 2399 I sh : + echo 'ro.hardware.sensors=kbd'
08-12 11:47:33.864 2399 2399 I sh : + '[' kbd '!=' kbd ']'
08-12 11:47:33.864 2399 2399 I sh : + set_property config.override_forced_orient true
08-12 11:47:33.864 2399 2399 I sh : + setprop config.override_forced_orient true
08-12 11:47:33.868 2399 2399 I sh : + '[' -n 2 ']'
08-12 11:47:33.868 2399 2399 I sh : + >>/dev/x86.prop
08-12 11:47:33.868 2399 2399 I sh : + echo 'config.override_forced_orient=true'
08-12 11:47:33.868 2399 2399 I sh : + init_tscal
08-12 11:47:33.868 2399 2399 I sh : + lsusb
08-12 11:47:33.868 2399 2399 I sh : + awk '{ print $6 }'
08-12 11:47:33.872 2399 2399 I sh : + init_ril
08-12 11:47:33.872 2399 2399 I sh : + cat /sys/class/dmi/id/uevent
08-12 11:47:33.872 2399 2399 I sh : + set_property ro.radio.noril yes
08-12 11:47:33.872 2399 2399 I sh : + setprop ro.radio.noril yes
08-12 11:47:33.876 2399 2399 I sh : + '[' -n 2 ']'
08-12 11:47:33.876 2399 2399 I sh : + >>/dev/x86.prop
08-12 11:47:33.876 2399 2399 I sh : + echo 'ro.radio.noril=yes'
08-12 11:47:33.876 2399 2399 I sh : + post_init
08-12 11:47:33.876 2399 2399 I sh : /system/etc/init.sh: post_init: not found
08-12 11:47:33.876 2399 2399 I sh : + return 0
08-12 11:47:33.936 2440 2440 I : debuggerd: starting --------- beginning of system
08-12 11:47:34.101 2441 2441 I vold : Vold 3.0 (the awakening) firing up
08-12 11:47:34.106 2439 2439 I : debuggerd: starting
08-12 11:47:34.108 2441 2441 I vold : type=1400 audit(0.0:44): avc: denied { open } for path="/selinux_version" dev="tmpfs" ino=9252 scontext=u:r:vold:s0 tcontext=u:object_r:tmpfs:s0 tclass=file permissive=1
08-12 11:47:34.109 2441 2441 V vold : Detected support for: exfat ext4 f2fs iso9660 ntfs vfat
08-12 11:47:34.114 2441 2445 V vold : /system/bin/sgdisk
08-12 11:47:34.114 2441 2445 V vold : --android-dump
08-12 11:47:34.114 2441 2445 V vold : /dev/block/vold/disk:8_16
08-12 11:47:34.120 2441 2448 D vold : e4crypt_init_user0
08-12 11:47:34.120 2441 2448 D vold : e4crypt_prepare_user_storage for volume null, user 0, serial 0, flags 1
08-12 11:47:34.120 2441 2448 D vold : Preparing: /data/system/users/0
08-12 11:47:34.120 2441 2448 D vold : Preparing: /data/misc/profiles/cur/0
08-12 11:47:34.120 2441 2448 D vold : Preparing: /data/misc/profiles/cur/0/foreign-dex
08-12 11:47:34.120 2441 2448 D vold : Preparing: /data/system_de/0
08-12 11:47:34.120 2441 2448 D vold : Preparing: /data/misc_de/0
08-12 11:47:34.120 2441 2448 D vold : Preparing: /data/user_de/0
08-12 11:47:34.120 2441 2448 D vold : e4crypt_unlock_user_key 0 serial=0 token_present=0
08-12 11:47:34.120 2441 2448 E vold : Failed to chmod /data/system_ce/0: No such file or directory
08-12 11:47:34.120 2441 2448 E vold : Failed to chmod /data/misc_ce/0: No such file or directory
08-12 11:47:34.120 2441 2448 E vold : Failed to chmod /data/media/0: No such file or directory
08-12 11:47:34.120 1 1 I vdc : 200 2442 Command succeeded
08-12 11:47:34.126 2449 2449 I /system/bin/tzdatacheck: tzdata file /data/misc/zoneinfo/current/tzdata does not exist. No action required.
08-12 11:47:34.127 2451 2451 I init : type=1400 audit(0.0:45): avc: denied { execute } for name="healthd" dev="tmpfs" ino=9245 scontext=u:r:init:s0 tcontext=u:object_r:tmpfs:s0 tclass=file permissive=1
08-12 11:47:34.127 2451 2451 I init : type=1400 audit(0.0:46): avc: denied { entrypoint } for path="/sbin/healthd" dev="tmpfs" ino=9245 scontext=u:r:healthd:s0 tcontext=u:object_r:tmpfs:s0 tclass=file permissive=1
08-12 11:47:34.127 2451 2451 I healthd : type=1400 audit(0.0:47): avc: denied { execute } for path="/sbin/healthd" dev="tmpfs" ino=9245 scontext=u:r:healthd:s0 tcontext=u:object_r:tmpfs:s0 tclass=file permissive=1
08-12 11:47:34.129 2456 2456 I init : type=1400 audit(0.0:48): avc: denied { entrypoint } for path="/sbin/adbd" dev="tmpfs" ino=9244 scontext=u:r:adbd:s0 tcontext=u:object_r:tmpfs:s0 tclass=file permissive=1
08-12 11:47:34.129 2456 2456 I adbd : type=1400 audit(0.0:49): avc: denied { read execute } for path="/sbin/adbd" dev="tmpfs" ino=9244 scontext=u:r:adbd:s0 tcontext=u:object_r:tmpfs:s0 tclass=file permissive=1
08-12 11:47:34.140 2461 2461 I audioserver: type=1400 audit(0.0:50): avc: denied { getattr } for path="/vendor" dev="tmpfs" ino=9260 scontext=u:r:audioserver:s0 tcontext=u:object_r:tmpfs:s0 tclass=lnk_file permissive=1
08-12 11:47:34.140 2461 2461 I audioserver: type=1400 audit(0.0:51): avc: denied { read } for name="vendor" dev="tmpfs" ino=9260 scontext=u:r:audioserver:s0 tcontext=u:object_r:tmpfs:s0 tclass=lnk_file permissive=1
08-12 11:47:34.141 2462 2462 I cameraserver: type=1400 audit(0.0:52): avc: denied { getattr } for path="/vendor" dev="tmpfs" ino=9260 scontext=u:r:cameraserver:s0 tcontext=u:object_r:tmpfs:s0 tclass=lnk_file permissive=1
08-12 11:47:34.141 2462 2462 I cameraserver: type=1400 audit(0.0:53): avc: denied { read } for name="vendor" dev="tmpfs" ino=9260 scontext=u:r:cameraserver:s0 tcontext=u:object_r:tmpfs:s0 tclass=lnk_file permissive=1
08-12 11:47:34.151 2467 2467 I mediacodec: type=1400 audit(0.0:54): avc: denied { getattr } for path="/vendor" dev="tmpfs" ino=9260 scontext=u:r:mediacodec:s0 tcontext=u:object_r:tmpfs:s0 tclass=lnk_file permissive=1
08-12 11:47:34.151 2467 2467 I mediacodec: type=1400 audit(0.0:55): avc: denied { read } for name="vendor" dev="tmpfs" ino=9260 scontext=u:r:mediacodec:s0 tcontext=u:object_r:tmpfs:s0 tclass=lnk_file permissive=1
08-12 11:47:34.151 2469 2469 I mediadrmserver: type=1400 audit(0.0:56): avc: denied { getattr } for path="/vendor" dev="tmpfs" ino=9260 scontext=u:r:mediadrmserver:s0 tcontext=u:object_r:tmpfs:s0 tclass=lnk_file permissive=1
08-12 11:47:34.151 2469 2469 I mediadrmserver: type=1400 audit(0.0:57): avc: denied { read } for name="vendor" dev="tmpfs" ino=9260 scontext=u:r:mediadrmserver:s0 tcontext=u:object_r:tmpfs:s0 tclass=lnk_file permissive=1
08-12 11:47:34.167 2453 2453 I servicemanager: type=1400 audit(0.0:58): avc: denied { open } for path="/selinux_version" dev="tmpfs" ino=9252 scontext=u:r:servicemanager:s0 tcontext=u:object_r:tmpfs:s0 tclass=file permissive=1
08-12 11:47:34.174 2452 2452 I lowmemorykiller: Using in-kernel low memory killer interface
08-12 11:47:34.221 2465 2465 I : installd firing up
08-12 11:47:34.221 2465 2465 E cutils : Failed to read /data/.layout_version: No such file or directory
08-12 11:47:34.221 2465 2465 D : Assuming that device has multi-user storage layout; upgrade no longer supported
08-12 11:47:34.221 2465 2465 D : Upgrading to /data/misc/user directories
08-12 11:47:34.228 2457 2457 I logcat : type=1400 audit(0.0:59): avc: denied { dac_override } for capability=1 scontext=u:r:logd:s0 tcontext=u:r:logd:s0 tclass=capability permissive=1
08-12 11:47:34.228 2457 2457 I logcat : type=1400 audit(0.0:60): avc: denied { read } for name="/" dev="tmpfs" ino=5219 scontext=u:r:logd:s0 tcontext=u:object_r:system_data_file:s0 tclass=dir permissive=1
08-12 11:47:34.228 2457 2457 I logcat : type=1400 audit(0.0:61): avc: denied { open } for path="/data" dev="tmpfs" ino=5219 scontext=u:r:logd:s0 tcontext=u:object_r:system_data_file:s0 tclass=dir permissive=1
08-12 11:47:34.229 2476 2476 I perfprofd: starting Android Wide Profiling daemon
08-12 11:47:34.230 2476 2476 E perfprofd: unable to open configuration file /data/data/com.google.android.gms/files/perfprofd.conf
08-12 11:47:34.230 2476 2476 I perfprofd: random seed set to 3893524509
08-12 11:47:34.228 2457 2457 I logcat : type=1400 audit(0.0:62): avc: denied { write } for name="/" dev="tmpfs" ino=5219 scontext=u:r:logd:s0 tcontext=u:object_r:system_data_file:s0 tclass=dir permissive=1
08-12 11:47:34.228 2457 2457 I logcat : type=1400 audit(0.0:63): avc: denied { add_name } for name="log.txt" scontext=u:r:logd:s0 tcontext=u:object_r:system_data_file:s0 tclass=dir permissive=1
08-12 11:47:34.228 2457 2457 I logcat : type=1400 audit(0.0:64): avc: denied { create } for name="log.txt" scontext=u:r:logd:s0 tcontext=u:object_r:system_data_file:s0 tclass=file permissive=1
08-12 11:47:34.228 2457 2457 I logcat : type=1400 audit(0.0:65): avc: denied { append } for path="/data/log.txt" dev="tmpfs" ino=7441 scontext=u:r:logd:s0 tcontext=u:object_r:system_data_file:s0 tclass=file permissive=1
08-12 11:47:34.248 2478 2478 I houdini : found /system/lib/libhoudini.so
08-12 11:47:34.248 2474 2474 I gatekeeperd: Starting gatekeeperd...
08-12 11:47:34.250 2480 2480 I mount : type=1400 audit(0.0:66): avc: denied { mounton } for path="/proc/sys/fs/binfmt_misc" dev="proc" ino=7451 scontext=u:r:toolbox:s0 tcontext=u:object_r:proc:s0 tclass=dir permissive=1
08-12 11:47:34.250 2480 2480 I mount : type=1400 audit(0.0:67): avc: denied { module_request } for kmod="fs-binfmt_misc" scontext=u:r:toolbox:s0 tcontext=u:r:kernel:s0 tclass=system permissive=1
08-12 11:47:34.250 2481 2481 I modprobe: type=1400 audit(0.0:68): avc: denied { write } for name="kmsg" dev="tmpfs" ino=9642 scontext=u:r:init:s0 tcontext=u:object_r:kmsg_device:s0 tclass=chr_file permissive=1
08-12 11:47:34.256 2481 2481 I modprobe: type=1400 audit(0.0:69): avc: denied { sys_module } for capability=16 scontext=u:r:init:s0 tcontext=u:r:init:s0 tclass=capability permissive=1
08-12 11:47:34.271 2474 2474 W gatekeeperd: falling back to software GateKeeper
08-12 11:47:34.271 2474 2474 I gatekeeperd: cold boot: clearing state
08-12 11:47:34.272 2480 2480 I mount : type=1400 audit(0.0:70): avc: denied { mount } for name="/" dev="binfmt_misc" ino=1 scontext=u:r:toolbox:s0 tcontext=u:object_r:binfmt_miscfs:s0 tclass=filesystem permissive=1
08-12 11:47:34.277 2482 2482 I houdini : houdini enabled
08-12 11:47:34.278 2466 2466 I keystore: Found keymaster0 module Keymaster OpenSSL HAL, version 2
08-12 11:47:34.278 2466 2466 I SoftKeymaster: system/keymaster/soft_keymaster_device.cpp, Line 131: Creating device
08-12 11:47:34.278 2466 2466 D SoftKeymaster: system/keymaster/soft_keymaster_device.cpp, Line 132: Device address: 0x7b0c9403d000
08-12 11:47:34.278 2466 2466 I keystore: Keymaster0 module is software-only. Using SoftKeymasterDevice instead.
08-12 11:47:34.278 2466 2466 I SoftKeymaster: system/keymaster/soft_keymaster_device.cpp, Line 131: Creating device
08-12 11:47:34.278 2466 2466 D SoftKeymaster: system/keymaster/soft_keymaster_device.cpp, Line 132: Device address: 0x7b0c9403d400
08-12 11:47:34.285 2484 2484 I houdini : found /system/lib64/libhoudini.so
08-12 11:47:34.288 2485 2485 I houdini : houdini64 enabled
08-12 11:47:34.302 2441 2445 V vold : DISK mbr
08-12 11:47:34.302 2441 2445 V vold :
08-12 11:47:34.302 2441 2445 V vold : PART 1 0
08-12 11:47:34.302 2441 2445 V vold :
08-12 11:47:34.302 2441 2445 V vold : PART 2 ef
08-12 11:47:34.302 2441 2445 V vold :
08-12 11:47:34.332 2472 2472 I Netd : Netd 1.0 starting
08-12 11:47:34.332 2472 2472 D TetherController: Setting IP forward enable = 0
08-12 11:47:34.341 2441 2445 D vold : Found a CDROM: /sys//devices/pci0000:00/0000:00:1f.2/ata5/host4/target4:0:0/4:0:0:0/block/sr0
08-12 11:47:34.341 2441 2445 W vold : sgdisk failed to scan /dev/block/vold/disk:11_0
08-12 11:47:34.341 2441 2445 V vold : /system/bin/blkid
08-12 11:47:34.341 2441 2445 V vold : -c
08-12 11:47:34.341 2441 2445 V vold : /dev/null
08-12 11:47:34.341 2441 2445 V vold : -s
08-12 11:47:34.341 2441 2445 V vold : TYPE
08-12 11:47:34.341 2441 2445 V vold : -s
08-12 11:47:34.341 2441 2445 V vold : UUID
08-12 11:47:34.341 2441 2445 V vold : -s
08-12 11:47:34.341 2441 2445 V vold : LABEL
08-12 11:47:34.341 2441 2445 V vold : /dev/block/vold/disk:11_0
08-12 11:47:34.486 2441 2445 E vold : Failed to pclose /system/bin/blkid -c /dev/null -s TYPE -s UUID -s LABEL /dev/block/vold/disk:11_0 : No medium found
08-12 11:47:34.486 2441 2445 W vold : blkid failed to identify /dev/block/vold/disk:11_0
08-12 11:47:34.565 2454 2454 I SurfaceFlinger: SurfaceFlinger is starting
08-12 11:47:34.565 2454 2454 I SurfaceFlinger: SurfaceFlinger's main thread ready to run. Initializing graphics H/W...
08-12 11:47:34.626 2467 2467 I mediacodec: @@@ mediacodecservice starting
08-12 11:47:34.636 2462 2462 I cameraserver: ServiceManager: 0xf479af40
08-12 11:47:34.647 2467 2467 W : No seccomp filter defined for this architecture.
08-12 11:47:34.650 2462 2462 I CameraService: CameraService started (pid=2462)
08-12 11:47:34.650 2462 2462 I CameraService: CameraService process starting
08-12 11:47:34.650 2462 2462 W BatteryNotifier: batterystats service unavailable!
08-12 11:47:34.650 2462 2462 W BatteryNotifier: batterystats service unavailable!
08-12 11:47:34.672 2462 2462 D Camera_Factory: CameraFactory::CameraFactory
08-12 11:47:34.672 2462 2462 D Camera_Factory: CameraFactory::parseConfig: configFile = /etc/camera.cfg
08-12 11:47:34.672 2462 2462 D Camera_Factory: /etc/camera.cfg not found, using camera configuration defaults
08-12 11:47:34.672 2462 2462 E cutils-trace: Error opening trace file: Permission denied (13)
08-12 11:47:34.672 2462 2462 D Camera_Factory: CameraFactory::get_number_of_cameras
08-12 11:47:34.672 2462 2462 D Camera_Factory: CameraFactory::getCameraNum: 0
08-12 11:47:34.672 2462 2462 I CameraService: Loaded "Camera Module" camera module
08-12 11:47:34.672 2462 2462 D Camera_Factory: CameraFactory::get_number_of_cameras
08-12 11:47:34.672 2462 2462 D Camera_Factory: CameraFactory::getCameraNum: 0
08-12 11:47:34.672 2462 2462 D Camera_Factory: CameraFactory::get_number_of_cameras
08-12 11:47:34.672 2462 2462 D Camera_Factory: CameraFactory::getCameraNum: 0
08-12 11:47:34.672 2462 2462 I ServiceManager: Waiting for service media.camera.proxy...
08-12 11:47:34.673 2454 2454 D libEGL : loaded /system/lib64/egl/libGLES_mesa.so
08-12 11:47:34.705 2454 2454 I GRALLOC-RADEON: detected chipset 0x6841 family 0x31 (vram size 245MiB, gart size 1021MiB)
08-12 11:47:34.705 2454 2454 I GRALLOC-DRM: create radeon for driver radeon
08-12 11:47:34.711 2461 2461 I : sMaxFastTracks = 8
08-12 11:47:34.711 2461 2461 I audioserver: ServiceManager: 0xef49af40
08-12 11:47:34.711 2461 2461 W BatteryNotifier: batterystats service unavailable!
08-12 11:47:34.711 2461 2461 I AudioFlinger: Using default 3000 mSec as standby time.
08-12 11:47:34.711 2461 2461 I AudioPolicyService: AudioPolicyService CSTOR in new mode
08-12 11:47:34.717 2461 2461 I APM::ConfigParsingUtils: loadAudioPolicyConfig() loaded /system/etc/audio_policy.conf
08-12 11:47:34.752 2461 2461 D audio_hw_primary: found audio out at /dev/snd/pcmC0D0p
08-12 11:47:34.752 2461 2461 D audio_hw_primary: card: 0/0 id: ALC269VC Analog
08-12 11:47:34.752 2461 2461 D audio_hw_primary: name: ALC269VC Analog
08-12 11:47:34.752 2461 2461 D audio_hw_primary: subname: subdevice #0
08-12 11:47:34.752 2461 2461 D audio_hw_primary: stream: 0
08-12 11:47:34.752 2461 2461 D audio_hw_primary: found audio out at /dev/snd/pcmC1D3p
08-12 11:47:34.752 2461 2461 D audio_hw_primary: card: 1/3 id: HDMI 0
08-12 11:47:34.752 2461 2461 D audio_hw_primary: name: HDMI 0
08-12 11:47:34.752 2461 2461 D audio_hw_primary: subname: subdevice #0
08-12 11:47:34.752 2461 2461 D audio_hw_primary: stream: 0
08-12 11:47:34.752 2461 2461 I audio_hw_primary: choose pcmC0D0p for 0
08-12 11:47:34.753 2461 2461 E audio_hw_primary: Failed to open /system/etc/mixer_paths.xml
08-12 11:47:34.753 2461 2461 I AudioFlinger: loadHwModule() Loaded primary audio interface from Grouper audio HW HAL (audio) handle 10
08-12 11:47:34.753 2461 2461 I AudioFlinger: openOutput(), module 10 Device 2, SamplingRate 48000, Format 0x000001, Channels 3, flags 2
08-12 11:47:34.753 2470 2470 V MediaUtils: physMem: 4294967295
08-12 11:47:34.753 2470 2470 V MediaUtils: requested limit: 858993440
08-12 11:47:34.753 2470 2470 V MediaUtils: actual limit: 858993440
08-12 11:47:34.753 2470 2470 V MediaUtils: original limits: 4294967295/4294967295
08-12 11:47:34.753 2470 2470 V MediaUtils: new limits: 858993440/4294967295
08-12 11:47:34.753 2470 2470 W /system/bin/mediaextractor: libminijail: allowing syscall: socketcall
08-12 11:47:34.753 2470 2470 W /system/bin/mediaextractor: libminijail: allowing syscall: writev
08-12 11:47:34.753 2470 2470 W /system/bin/mediaextractor: libminijail: allowing syscall: fcntl64
08-12 11:47:34.753 2470 2470 W /system/bin/mediaextractor: libminijail: allowing syscall: clock_gettime
08-12 11:47:34.757 2461 2461 I audio_hw_primary: choose pcmC0D0p for 0
08-12 11:47:34.757 2461 2461 I AudioFlinger: HAL output buffer size 512 frames, normal sink buffer size 1024 frames
08-12 11:47:34.765 2470 2470 W /system/bin/mediaextractor: libminijail: logging seccomp filter failures
08-12 11:47:34.778 2471 2471 I mediaserver: ServiceManager: 0xee49afc0
08-12 11:47:34.778 2469 2469 I mediaserver: ServiceManager: 0xf561afc0
08-12 11:47:34.814 2461 2461 W EffectsFactory: loadLibrary() failed to open /system/vendor/lib/soundfx/libswdap.so
08-12 11:47:34.814 2461 2461 W EffectsFactory: loadLibrary() failed to open /system/vendor/lib/soundfx/libhwdap.so
08-12 11:47:34.814 2461 2461 W EffectsFactory: loadEffect() could not get library proxy
08-12 11:47:34.814 2461 2461 I BufferProvider: found effect "Multichannel Downmix To Stereo" from The Android Open Source Project
08-12 11:47:34.814 2461 2461 I AudioFlinger: Using module 10 has the primary audio interface
08-12 11:47:34.814 2461 2670 I AudioFlinger: AudioFlinger's thread 0xef003800 ready to run
08-12 11:47:34.814 2461 2670 W BatteryNotifier: batterystats service unavailable!
08-12 11:47:34.814 2461 2670 W BatteryNotifier: batterystats service unavailable!
08-12 11:47:34.814 2461 2670 W BatteryNotifier: batterystats service unavailable!
08-12 11:47:34.814 2461 2670 W AudioFlinger: no wake lock to update, system not ready yet
08-12 11:47:34.814 2461 2670 E cutils-trace: Error opening trace file: Permission denied (13)
08-12 11:47:34.826 2461 2676 I AudioFlinger: AudioFlinger's thread 0xeec833c0 ready to run
08-12 11:47:34.833 2471 2471 W BatteryNotifier: batterystats service unavailable!
08-12 11:47:34.835 2461 2461 I bt_a2dp_hw: adev_open: adev_open in A2dp_hw module
08-12 11:47:34.835 2461 2461 I AudioFlinger: loadHwModule() Loaded a2dp audio interface from A2DP Audio HW HAL (audio) handle 18
08-12 11:47:34.842 2472 2472 V NatController: runCmd(/system/bin/iptables -w -F natctrl_FORWARD) res=0
08-12 11:47:34.844 2472 2472 V NatController: runCmd(/system/bin/ip6tables -w -F natctrl_FORWARD) res=0
08-12 11:47:34.846 2472 2472 V NatController: runCmd(/system/bin/iptables -w -A natctrl_FORWARD -j DROP) res=0
08-12 11:47:34.848 2472 2472 V NatController: runCmd(/system/bin/iptables -w -t nat -F natctrl_nat_POSTROUTING) res=0
08-12 11:47:34.850 2472 2472 V NatController: runCmd(/system/bin/ip6tables -w -t raw -F natctrl_raw_PREROUTING) res=0
08-12 11:47:34.852 2472 2472 V NatController: runCmd(/system/bin/iptables -w -F natctrl_tether_counters) res=1
08-12 11:47:34.852 2461 2461 I AudioFlinger: loadHwModule() Loaded usb audio interface from USB audio HW HAL (audio) handle 26
08-12 11:47:34.852 2461 2461 I RadioService: RadioService
08-12 11:47:34.852 2461 2461 I RadioService: onFirstRef
08-12 11:47:34.852 2461 2461 E RadioService: couldn't load radio module radio.primary (No such file or directory)
08-12 11:47:34.852 2461 2461 E SoundTriggerHwService: couldn't load sound trigger module sound_trigger.primary (No such file or directory)
08-12 11:47:34.854 2472 2472 V NatController: runCmd(/system/bin/ip6tables -w -F natctrl_tether_counters) res=1
08-12 11:47:34.856 2472 2472 V NatController: runCmd(/system/bin/iptables -w -X natctrl_tether_counters) res=1
08-12 11:47:34.858 2472 2472 V NatController: runCmd(/system/bin/ip6tables -w -X natctrl_tether_counters) res=1
08-12 11:47:34.860 2472 2472 V NatController: runCmd(/system/bin/iptables -w -N natctrl_tether_counters) res=0
08-12 11:47:34.862 2472 2472 V NatController: runCmd(/system/bin/ip6tables -w -N natctrl_tether_counters) res=0
08-12 11:47:34.865 2472 2472 V NatController: runCmd(/system/bin/iptables -w -t mangle -A natctrl_mangle_FORWARD -p tcp --tcp-flags SYN SYN -j TCPMSS --clamp-mss-to-pmtu) res=0
08-12 11:47:34.883 2472 2472 E Netd : /system/bin/iptables-restore failed with res=0, status=256
08-12 11:47:34.886 2472 2472 E Netd : /system/bin/ip6tables-restore failed with res=0, status=256
08-12 11:47:34.946 2708 2708 E ProbeModule: insmod_by_dep: cannot load module: [netdev-dummy0]
08-12 11:47:34.955 2709 2709 E ProbeModule: insmod_by_dep: cannot load module: [dummy0]
08-12 11:47:34.956 2472 2472 E Netd : cannot find interface dummy0
08-12 11:47:34.956 2472 2472 D MDnsDS : MDnsSdListener::Hander starting up
08-12 11:47:34.956 2472 2715 D MDnsDS : MDnsSdListener starting to monitor
08-12 11:47:34.956 2472 2715 D MDnsDS : Going to poll with pollCount 1
08-12 11:47:35.344 2453 2453 I ServiceManager: service 'media.audio_flinger' died
08-12 11:47:35.344 2453 2453 I ServiceManager: service 'media.audio_policy' died
08-12 11:47:35.344 2453 2453 I ServiceManager: service 'media.sound_trigger_hw' died
08-12 11:47:35.344 2453 2453 I ServiceManager: service 'media.radio' died
08-12 11:47:35.344 2453 2453 I ServiceManager: service 'netd' died
08-12 11:47:35.344 2453 2453 I ServiceManager: service 'media.player' died
08-12 11:47:35.344 2453 2453 I ServiceManager: service 'media.resource_manager' died
08-12 11:47:35.553 2460 2460 D AndroidRuntime: >>>>>> START com.android.internal.os.ZygoteInit uid 0 <<<<<<
08-12 11:47:35.595 2460 2460 D AndroidRuntime: CheckJNI is ON
08-12 11:47:35.619 2460 2460 I art : option[0]=-Xzygote
08-12 11:47:35.619 2460 2460 I art : option[1]=-Xcheck:jni
08-12 11:47:35.619 2460 2460 I art : option[2]=-Xstacktracefile:/data/anr/traces.txt
08-12 11:47:35.619 2460 2460 I art : option[3]=exit
08-12 11:47:35.619 2460 2460 I art : option[4]=vfprintf
08-12 11:47:35.619 2460 2460 I art : option[5]=sensitiveThread
08-12 11:47:35.619 2460 2460 I art : option[6]=-verbose:gc
08-12 11:47:35.619 2460 2460 I art : option[7]=-Xms16m
08-12 11:47:35.619 2460 2460 I art : option[8]=-Xmx512m
08-12 11:47:35.619 2460 2460 I art : option[9]=-XX:HeapGrowthLimit=192m
08-12 11:47:35.619 2460 2460 I art : option[10]=-XX:HeapMinFree=512k
08-12 11:47:35.619 2460 2460 I art : option[11]=-XX:HeapMaxFree=8m
08-12 11:47:35.619 2460 2460 I art : option[12]=-XX:HeapTargetUtilization=0.75
08-12 11:47:35.619 2460 2460 I art : option[13]=-Xusejit:true
08-12 11:47:35.619 2460 2460 I art : option[14]=-Xjitsaveprofilinginfo
08-12 11:47:35.619 2460 2460 I art : option[15]=-agentlib:jdwp=transport=dt_android_adb,suspend=n,server=y
08-12 11:47:35.619 2460 2460 I art : option[16]=-Xlockprofthreshold:500
08-12 11:47:35.619 2460 2460 I art : option[17]=-Ximage-compiler-option
08-12 11:47:35.619 2460 2460 I art : option[18]=--runtime-arg
08-12 11:47:35.619 2460 2460 I art : option[19]=-Ximage-compiler-option
08-12 11:47:35.619 2460 2460 I art : option[20]=-Xms64m
08-12 11:47:35.619 2460 2460 I art : option[21]=-Ximage-compiler-option
08-12 11:47:35.619 2460 2460 I art : option[22]=--runtime-arg
08-12 11:47:35.619 2460 2460 I art : option[23]=-Ximage-compiler-option
08-12 11:47:35.619 2460 2460 I art : option[24]=-Xmx64m
08-12 11:47:35.619 2460 2460 I art : option[25]=-Ximage-compiler-option
08-12 11:47:35.619 2460 2460 I art : option[26]=--compiler-filter=verify-at-runtime
08-12 11:47:35.619 2460 2460 I art : option[27]=-Ximage-compiler-option
08-12 11:47:35.619 2460 2460 I art : option[28]=--image-classes=/system/etc/preloaded-classes
08-12 11:47:35.619 2460 2460 I art : option[29]=-Ximage-compiler-option
08-12 11:47:35.619 2460 2460 I art : option[30]=--compiled-classes=/system/etc/compiled-classes
08-12 11:47:35.619 2460 2460 I art : option[31]=-Xcompiler-option
08-12 11:47:35.619 2460 2460 I art : option[32]=--runtime-arg
08-12 11:47:35.619 2460 2460 I art : option[33]=-Xcompiler-option
08-12 11:47:35.619 2460 2460 I art : option[34]=-Xms64m
08-12 11:47:35.619 2460 2460 I art : option[35]=-Xcompiler-option
08-12 11:47:35.619 2460 2460 I art : option[36]=--runtime-arg
08-12 11:47:35.619 2460 2460 I art : option[37]=-Xcompiler-option
08-12 11:47:35.619 2460 2460 I art : option[38]=-Xmx512m
08-12 11:47:35.619 2460 2460 I art : option[39]=-Ximage-compiler-option
08-12 11:47:35.619 2460 2460 I art : option[40]=--instruction-set-variant=x86
08-12 11:47:35.619 2460 2460 I art : option[41]=-Xcompiler-option
08-12 11:47:35.619 2460 2460 I art : option[42]=--instruction-set-variant=x86
08-12 11:47:35.619 2460 2460 I art : option[43]=-Ximage-compiler-option
08-12 11:47:35.619 2460 2460 I art : option[44]=--instruction-set-features=default
08-12 11:47:35.619 2460 2460 I art : option[45]=-Xcompiler-option
08-12 11:47:35.619 2460 2460 I art : option[46]=--instruction-set-features=default
08-12 11:47:35.619 2460 2460 I art : option[47]=-Duser.locale=en-US
08-12 11:47:35.619 2460 2460 I art : option[48]=-XX:NativeBridge=libhoudini.so
08-12 11:47:35.619 2460 2460 I art : option[49]=--cpu-abilist=x86,armeabi-v7a,armeabi
08-12 11:47:35.619 2460 2460 I art : option[50]=-Xfingerprint:Android-x86/android_x86_64/x86_64:7.1.2/NZH54D/utente08111621:eng/test-keys
08-12 11:47:35.665 2460 2460 I art : Pruning dalvik-cache since we are relocating an image and will need to recompile
08-12 11:47:35.665 2460 2460 I art : RelocateImage: /system/bin/patchoat --input-image-location=/system/framework/boot.art --output-image-file=/data/dalvik-cache/x86/system@framework@boot.art --instruction-set=x86 --base-offset-delta=8708096
08-12 11:47:36.150 2460 2460 D ICU : No timezone override file found: /data/misc/zoneinfo/current/icu/icu_tzdata.dat
08-12 11:47:36.287 2460 2460 I main : type=1400 audit(0.0:89): avc: denied { mounton } for path="/" dev="tmpfs" ino=6329 scontext=u:r:zygote:s0 tcontext=u:object_r:tmpfs:s0 tclass=dir permissive=1
08-12 11:47:36.484 2460 2460 E memtrack: Couldn't load memtrack module (No such file or directory)
08-12 11:47:36.484 2460 2460 E android.os.Debug: failed to load memtrack module: -2
08-12 11:47:36.485 2460 2460 I Radio-JNI: register_android_hardware_Radio DONE
08-12 11:47:36.516 2460 2460 I SamplingProfilerIntegration: Profiling disabled.
08-12 11:47:36.522 2460 2460 D Zygote : begin preload
08-12 11:47:36.522 2460 2460 I Zygote : Installing ICU cache reference pinning...
08-12 11:47:36.525 2460 2460 I Zygote : Preloading ICU data...
08-12 11:47:36.677 2460 2460 I Zygote : Preloading classes...
08-12 11:47:36.699 2460 2460 W Zygote : Class not found for preloading: [Landroid.view.Display$ColorTransform;
08-12 11:47:37.163 2460 2460 E Typeface: Error mapping font file /system/fonts/DroidSansFallback.ttf
08-12 11:47:37.297 2460 2460 I art : Thread[1,tid=2460,Native,Thread*=0xea78b400,peer=0x12c060d0,"main"] recursive attempt to load library "/system/lib/libmedia_jni.so"
08-12 11:47:37.300 2460 2460 D MtpDeviceJNI: register_android_mtp_MtpDevice
08-12 11:47:37.300 2460 2460 I art : Thread[1,tid=2460,Native,Thread*=0xea78b400,peer=0x12c060d0,"main"] recursive attempt to load library "/system/lib/libmedia_jni.so"
08-12 11:47:37.300 2460 2460 I art : Thread[1,tid=2460,Native,Thread*=0xea78b400,peer=0x12c060d0,"main"] recursive attempt to load library "/system/lib/libmedia_jni.so"
08-12 11:47:37.338 2460 2460 W linker : /system/vendor/lib/libavcodec.so has text relocations. This is wasting memory and prevents security hardening. Please fix.
08-12 11:47:37.356 2460 2460 I main : type=1400 audit(0.0:90): avc: denied { execmod } for path="/system/vendor/lib/libavcodec.so" dev="loop1" ino=6200 scontext=u:r:zygote:s0 tcontext=u:object_r:system_file:s0 tclass=file permissive=1
08-12 11:47:37.361 2460 2460 W linker : /system/vendor/lib/libavutil.so has text relocations. This is wasting memory and prevents security hardening. Please fix.
08-12 11:47:37.361 2460 2460 W linker : /system/vendor/lib/libswresample.so has text relocations. This is wasting memory and prevents security hardening. Please fix.
08-12 11:47:37.460 2460 2460 W Zygote : Class not found for preloading: android.view.Display$ColorTransform
08-12 11:47:37.460 2460 2460 W Zygote : Class not found for preloading: android.view.Display$ColorTransform$1
08-12 11:47:37.530 2460 2460 I System : Loaded time zone names for "" in 16ms (16ms in ICU)
08-12 11:47:37.536 2460 2460 I System : Loaded time zone names for "en_US" in 6ms (6ms in ICU)
08-12 11:47:37.547 2460 2460 I Zygote : ...preloaded 4158 classes in 870ms.
08-12 11:47:37.547 2460 2460 I art : VMRuntime.preloadDexCaches starting
08-12 11:47:37.585 2460 2460 I art : VMRuntime.preloadDexCaches strings total=284489 before=39780 after=39780
08-12 11:47:37.585 2460 2460 I art : VMRuntime.preloadDexCaches types total=23624 before=7881 after=7909
08-12 11:47:37.585 2460 2460 I art : VMRuntime.preloadDexCaches fields total=112317 before=40958 after=41175
08-12 11:47:37.585 2460 2460 I art : VMRuntime.preloadDexCaches methods total=197870 before=82516 after=83082
08-12 11:47:37.585 2460 2460 I art : VMRuntime.preloadDexCaches finished
08-12 11:47:37.585 2460 2460 I Zygote : Preloading resources...
08-12 11:47:37.630 2460 2460 W Resources: Preloaded drawable resource #0x108025c (android:drawable/dialog_background_material) that varies with configuration!!
08-12 11:47:37.637 2460 2460 W Resources: Preloaded color resource #0x10600ea (android:color/material_grey_800) that varies with configuration!!
08-12 11:47:37.637 2460 2460 W Resources: Preloaded drawable resource #0x10802c9 (android:drawable/floating_popup_background_dark) that varies with configuration!!
08-12 11:47:37.670 2460 2460 I Zygote : ...preloaded 114 resources in 84ms.
08-12 11:47:37.671 2460 2460 W Resources: Preloaded color resource #0x1060114 (android:color/background_cache_hint_selector_material_dark) that varies with configuration!!
08-12 11:47:37.672 2460 2460 W Resources: Preloaded color resource #0x1060119 (android:color/btn_default_material_dark) that varies with configuration!!
08-12 11:47:37.672 2460 2460 I Zygote : ...preloaded 41 resources in 2ms.
08-12 11:47:37.673 2460 2460 I Zygote : ...preloaded 2 resource in 1ms.
08-12 11:47:37.679 2460 2460 D libEGL : loaded /system/lib/egl/libGLES_mesa.so
08-12 11:47:37.690 2460 2460 I Zygote : Preloading shared libraries...
08-12 11:47:37.707 2460 2460 I Zygote : Uninstalled ICU cache reference pinning...
08-12 11:47:37.714 2460 2460 I Zygote : Installed AndroidKeyStoreProvider in 7ms.
08-12 11:47:37.721 2460 2460 I Zygote : Warmed up JCA providers in 7ms.
08-12 11:47:37.721 2460 2460 D Zygote : end preload
08-12 11:47:37.721 2460 2460 I art : Starting a blocking GC Explicit
08-12 11:47:37.728 2460 2460 I art : Explicit concurrent mark sweep GC freed 55516(6MB) AllocSpace objects, 133(2MB) LOS objects, 39% free, 2MB/4MB, paused 43us total 7.031ms
08-12 11:47:37.730 2460 2460 I art : Starting a blocking GC Explicit
08-12 11:47:37.733 2460 2460 I art : Explicit concurrent mark sweep GC freed 4872(180KB) AllocSpace objects, 0(0B) LOS objects, 40% free, 2MB/3MB, paused 39us total 3.167ms
08-12 11:47:37.745 2460 2460 I Zygote : Accepting command socket connections
08-12 11:47:37.946 2382 2382 I ueventd : type=1400 audit(0.0:91): avc: denied { sys_module } for capability=16 scontext=u:r:ueventd:s0 tcontext=u:r:ueventd:s0 tclass=capability permissive=1
08-12 11:47:37.946 2382 2382 I ueventd : type=1400 audit(0.0:92): avc: denied { module_load } for path="/system/lib/modules/4.9.31-android-x86_64/kernel/net/bluetooth/bluetooth.ko" dev="loop1" ino=5087 scontext=u:r:ueventd:s0 tcontext=u:object_r:system_file:s0 tclass=system permissive=1
08-12 11:47:38.360 2734 2734 I cameraserver: type=1400 audit(0.0:93): avc: denied { getattr } for path="/vendor" dev="tmpfs" ino=9260 scontext=u:r:cameraserver:s0 tcontext=u:object_r:tmpfs:s0 tclass=lnk_file permissive=1
08-12 11:47:38.360 2733 2733 I audioserver: type=1400 audit(0.0:94): avc: denied { getattr } for path="/vendor" dev="tmpfs" ino=9260 scontext=u:r:audioserver:s0 tcontext=u:object_r:tmpfs:s0 tclass=lnk_file permissive=1
08-12 11:47:38.391 2736 2736 I Netd : Netd 1.0 starting
08-12 11:47:38.391 2736 2736 D TetherController: Setting IP forward enable = 0
08-12 11:47:38.400 2737 2737 I SurfaceFlinger: SurfaceFlinger is starting
08-12 11:47:38.399 2737 2737 I surfaceflinger: type=1400 audit(0.0:95): avc: denied { dac_override } for capability=1 scontext=u:r:surfaceflinger:s0 tcontext=u:r:surfaceflinger:s0 tclass=capability permissive=1
08-12 11:47:38.400 2737 2737 I SurfaceFlinger: SurfaceFlinger's main thread ready to run. Initializing graphics H/W...
08-12 11:47:38.401 2737 2737 D libEGL : loaded /system/lib64/egl/libGLES_mesa.so
08-12 11:47:38.412 2737 2737 I surfaceflinger: type=1400 audit(0.0:96): avc: denied { read write } for name="card0" dev="tmpfs" ino=7305 scontext=u:r:surfaceflinger:s0 tcontext=u:object_r:device:s0 tclass=chr_file permissive=1
08-12 11:47:38.412 2737 2737 I surfaceflinger: type=1400 audit(0.0:97): avc: denied { open } for path="/dev/dri/card0" dev="tmpfs" ino=7305 scontext=u:r:surfaceflinger:s0 tcontext=u:object_r:device:s0 tclass=chr_file permissive=1
08-12 11:47:38.413 2737 2737 I GRALLOC-RADEON: detected chipset 0x6841 family 0x31 (vram size 245MiB, gart size 1021MiB)
08-12 11:47:38.413 2737 2737 I GRALLOC-DRM: create radeon for driver radeon
08-12 11:47:38.412 2737 2737 I surfaceflinger: type=1400 audit(0.0:98): avc: denied { ioctl } for path="/dev/dri/card0" dev="tmpfs" ino=7305 ioctlcmd=0x6400 scontext=u:r:surfaceflinger:s0 tcontext=u:object_r:device:s0 tclass=chr_file permissive=1
08-12 11:47:38.412 2737 2737 I surfaceflinger: type=1400 audit(0.0:99): avc: denied { getattr } for path="/dev/dri/card0" dev="tmpfs" ino=7305 scontext=u:r:surfaceflinger:s0 tcontext=u:object_r:device:s0 tclass=chr_file permissive=1
08-12 11:47:38.412 2737 2737 I surfaceflinger: type=1400 audit(0.0:100): avc: denied { read } for name="dri" dev="tmpfs" ino=7302 scontext=u:r:surfaceflinger:s0 tcontext=u:object_r:device:s0 tclass=dir permissive=1
08-12 11:47:38.412 2737 2737 I surfaceflinger: type=1400 audit(0.0:101): avc: denied { open } for path="/dev/dri" dev="tmpfs" ino=7302 scontext=u:r:surfaceflinger:s0 tcontext=u:object_r:device:s0 tclass=dir permissive=1
08-12 11:47:38.428 2734 2734 I cameraserver: ServiceManager: 0xec21af40
08-12 11:47:38.428 2734 2734 I CameraService: CameraService started (pid=2734)
08-12 11:47:38.428 2734 2734 I CameraService: CameraService process starting
08-12 11:47:38.428 2733 2733 I : sMaxFastTracks = 8
08-12 11:47:38.428 2734 2734 W BatteryNotifier: batterystats service unavailable!
08-12 11:47:38.428 2734 2734 W BatteryNotifier: batterystats service unavailable!
08-12 11:47:38.428 2733 2733 I audioserver: ServiceManager: 0xe801af40
08-12 11:47:38.428 2733 2733 W BatteryNotifier: batterystats service unavailable!
08-12 11:47:38.428 2733 2733 I AudioFlinger: Using default 3000 mSec as standby time.
08-12 11:47:38.429 2733 2733 I AudioPolicyService: AudioPolicyService CSTOR in new mode
08-12 11:47:38.429 2734 2734 D Camera_Factory: CameraFactory::CameraFactory
08-12 11:47:38.429 2734 2734 D Camera_Factory: CameraFactory::parseConfig: configFile = /etc/camera.cfg
08-12 11:47:38.429 2734 2734 D Camera_Factory: /etc/camera.cfg not found, using camera configuration defaults
08-12 11:47:38.429 2734 2734 E cutils-trace: Error opening trace file: Permission denied (13)
08-12 11:47:38.429 2734 2734 D Camera_Factory: CameraFactory::get_number_of_cameras
08-12 11:47:38.429 2734 2734 D Camera_Factory: CameraFactory::getCameraNum: 0
08-12 11:47:38.429 2734 2734 I CameraService: Loaded "Camera Module" camera module
08-12 11:47:38.429 2734 2734 D Camera_Factory: CameraFactory::get_number_of_cameras
08-12 11:47:38.429 2734 2734 D Camera_Factory: CameraFactory::getCameraNum: 0
08-12 11:47:38.429 2734 2734 D Camera_Factory: CameraFactory::get_number_of_cameras
08-12 11:47:38.429 2734 2734 D Camera_Factory: CameraFactory::getCameraNum: 0
08-12 11:47:38.429 2733 2733 I APM::ConfigParsingUtils: loadAudioPolicyConfig() loaded /system/etc/audio_policy.conf
08-12 11:47:38.429 2734 2734 I ServiceManager: Waiting for service media.camera.proxy...
08-12 11:47:38.431 2733 2733 D audio_hw_primary: found audio out at /dev/snd/pcmC0D0p
08-12 11:47:38.431 2733 2733 D audio_hw_primary: card: 0/0 id: ALC269VC Analog
08-12 11:47:38.431 2733 2733 D audio_hw_primary: name: ALC269VC Analog
08-12 11:47:38.431 2733 2733 D audio_hw_primary: subname: subdevice #0
08-12 11:47:38.431 2733 2733 D audio_hw_primary: stream: 0
08-12 11:47:38.431 2733 2733 D audio_hw_primary: found audio out at /dev/snd/pcmC1D3p
08-12 11:47:38.431 2733 2733 D audio_hw_primary: card: 1/3 id: HDMI 0
08-12 11:47:38.431 2733 2733 D audio_hw_primary: name: HDMI 0
08-12 11:47:38.431 2733 2733 D audio_hw_primary: subname: subdevice #0
08-12 11:47:38.431 2733 2733 D audio_hw_primary: stream: 0
08-12 11:47:38.431 2733 2733 I audio_hw_primary: choose pcmC0D0p for 0
08-12 11:47:38.431 2733 2733 E audio_hw_primary: Failed to open /system/etc/mixer_paths.xml
08-12 11:47:38.431 2733 2733 I AudioFlinger: loadHwModule() Loaded primary audio interface from Grouper audio HW HAL (audio) handle 10
08-12 11:47:38.431 2733 2733 I AudioFlinger: openOutput(), module 10 Device 2, SamplingRate 48000, Format 0x000001, Channels 3, flags 2
08-12 11:47:38.431 2733 2733 I audio_hw_primary: choose pcmC0D0p for 0
08-12 11:47:38.431 2733 2733 I AudioFlinger: HAL output buffer size 512 frames, normal sink buffer size 1024 frames
08-12 11:47:38.432 2733 2733 W EffectsFactory: loadLibrary() failed to open /system/vendor/lib/soundfx/libswdap.so
08-12 11:47:38.432 2733 2733 W EffectsFactory: loadLibrary() failed to open /system/vendor/lib/soundfx/libhwdap.so
08-12 11:47:38.432 2733 2733 W EffectsFactory: loadEffect() could not get library proxy
08-12 11:47:38.432 2733 2733 I BufferProvider: found effect "Multichannel Downmix To Stereo" from The Android Open Source Project
08-12 11:47:38.432 2733 2733 I AudioFlinger: Using module 10 has the primary audio interface
08-12 11:47:38.432 2733 2756 I AudioFlinger: AudioFlinger's thread 0xe7b83980 ready to run
08-12 11:47:38.432 2733 2756 W BatteryNotifier: batterystats service unavailable!
08-12 11:47:38.432 2733 2756 W BatteryNotifier: batterystats service unavailable!
08-12 11:47:38.432 2733 2756 W BatteryNotifier: batterystats service unavailable!
08-12 11:47:38.432 2733 2756 W AudioFlinger: no wake lock to update, system not ready yet
08-12 11:47:38.432 2733 2756 E cutils-trace: Error opening trace file: Permission denied (13)
08-12 11:47:38.432 2733 2757 I AudioFlinger: AudioFlinger's thread 0xe7803740 ready to run
08-12 11:47:38.433 2733 2733 I bt_a2dp_hw: adev_open: adev_open in A2dp_hw module
08-12 11:47:38.433 2733 2733 I AudioFlinger: loadHwModule() Loaded a2dp audio interface from A2DP Audio HW HAL (audio) handle 18
08-12 11:47:38.433 2733 2733 I AudioFlinger: loadHwModule() Loaded usb audio interface from USB audio HW HAL (audio) handle 26
08-12 11:47:38.433 2733 2733 I RadioService: RadioService
08-12 11:47:38.433 2733 2733 I RadioService: onFirstRef
08-12 11:47:38.433 2733 2733 E RadioService: couldn't load radio module radio.primary (No such file or directory)
08-12 11:47:38.433 2733 2733 E SoundTriggerHwService: couldn't load sound trigger module sound_trigger.primary (No such file or directory)
08-12 11:47:38.447 2735 2735 I mediaserver: ServiceManager: 0xebe1afc0
08-12 11:47:38.447 2735 2735 W BatteryNotifier: batterystats service unavailable!
08-12 11:47:38.454 2453 2453 I ServiceManager: service 'media.player' died
08-12 11:47:38.454 2453 2453 I ServiceManager: service 'media.resource_manager' died
08-12 11:47:38.455 2453 2453 I ServiceManager: service 'media.audio_flinger' died
08-12 11:47:38.455 2453 2453 I ServiceManager: service 'media.audio_policy' died
08-12 11:47:38.455 2453 2453 I ServiceManager: service 'media.sound_trigger_hw' died
08-12 11:47:38.455 2453 2453 I ServiceManager: service 'media.radio' died
08-12 11:47:43.490 2772 2772 I Netd : Netd 1.0 starting
08-12 11:47:43.490 2772 2772 D TetherController: Setting IP forward enable = 0
08-12 11:47:43.504 2773 2773 I SurfaceFlinger: SurfaceFlinger is starting
08-12 11:47:43.504 2773 2773 I SurfaceFlinger: SurfaceFlinger's main thread ready to run. Initializing graphics H/W...
08-12 11:47:43.506 2773 2773 D libEGL : loaded /system/lib64/egl/libGLES_mesa.so
08-12 11:47:43.525 2773 2773 I GRALLOC-RADEON: detected chipset 0x6841 family 0x31 (vram size 245MiB, gart size 1021MiB)
08-12 11:47:43.525 2773 2773 I GRALLOC-DRM: create radeon for driver radeon
08-12 11:47:43.544 2770 2770 I cameraserver: ServiceManager: 0xed79af40
08-12 11:47:43.545 2770 2770 I CameraService: CameraService started (pid=2770)
08-12 11:47:43.545 2770 2770 I CameraService: CameraService process starting
08-12 11:47:43.545 2770 2770 W BatteryNotifier: batterystats service unavailable!
08-12 11:47:43.545 2770 2770 W BatteryNotifier: batterystats service unavailable!
08-12 11:47:43.545 2770 2770 D Camera_Factory: CameraFactory::CameraFactory
08-12 11:47:43.545 2770 2770 D Camera_Factory: CameraFactory::parseConfig: configFile = /etc/camera.cfg
08-12 11:47:43.545 2770 2770 D Camera_Factory: /etc/camera.cfg not found, using camera configuration defaults
08-12 11:47:43.545 2770 2770 E cutils-trace: Error opening trace file: Permission denied (13)
08-12 11:47:43.545 2770 2770 D Camera_Factory: CameraFactory::get_number_of_cameras
08-12 11:47:43.545 2770 2770 D Camera_Factory: CameraFactory::getCameraNum: 0
08-12 11:47:43.545 2770 2770 I CameraService: Loaded "Camera Module" camera module
08-12 11:47:43.545 2770 2770 D Camera_Factory: CameraFactory::get_number_of_cameras
