--------- beginning of main
08-15 08:11:41.406 2299 2299 W auditd : type=2000 audit(0.0:1): initialized
08-15 08:12:00.517 2299 2299 I auditd : type=1403 audit(0.0:2): policy loaded auid=4294967295 ses=4294967295
08-15 08:12:00.517 1 1 I init : type=1400 audit(0.0:3): avc: denied { open } for path="/selinux_version" dev="tmpfs" ino=1303 scontext=u:r:kernel:s0 tcontext=u:object_r:tmpfs:s0 tclass=file permissive=1
08-15 08:12:00.518 1 1 I init : type=1400 audit(0.0:4): avc: denied { relabelfrom } for name="init" dev="tmpfs" ino=6191 scontext=u:r:kernel:s0 tcontext=u:object_r:tmpfs:s0 tclass=file permissive=1
08-15 08:12:00.520 1 1 I init : type=1400 audit(0.0:5): avc: denied { relabelfrom } for name="property_contexts" dev="tmpfs" ino=1293 scontext=u:r:init:s0 tcontext=u:object_r:tmpfs:s0 tclass=file permissive=1
08-15 08:12:00.554 2276 2276 I ueventd : type=1400 audit(0.0:6): avc: denied { open } for path="/ueventd.rc" dev="tmpfs" ino=1310 scontext=u:r:ueventd:s0 tcontext=u:object_r:tmpfs:s0 tclass=file permissive=1
08-15 08:12:00.565 2276 2276 I ueventd : type=1400 audit(0.0:7): avc: denied { sys_module } for capability=16 scontext=u:r:ueventd:s0 tcontext=u:r:ueventd:s0 tclass=capability permissive=1
08-15 08:12:00.565 2276 2276 I ueventd : type=1400 audit(0.0:8): avc: denied { module_load } for path="/system/lib/modules/4.9.31-android-x86_64/kernel/sound/soundcore.ko" dev="loop1" ino=5360 scontext=u:r:ueventd:s0 tcontext=u:object_r:system_file:s0 tclass=system permissive=1
08-15 08:12:00.597 1116 1116 I kworker/2:2: type=1400 audit(0.0:9): avc: denied { module_request } for kmod="i915" scontext=u:r:kernel:s0 tcontext=u:r:kernel:s0 tclass=system permissive=1
08-15 08:12:00.598 2278 2278 I modprobe: type=1400 audit(0.0:10): avc: denied { create } for name="__kmsg__" scontext=u:r:init:s0 tcontext=u:object_r:device:s0 tclass=chr_file permissive=1
08-15 08:12:00.598 2278 2278 I modprobe: type=1400 audit(0.0:11): avc: denied { unlink } for name="__kmsg__" dev="tmpfs" ino=8120 scontext=u:r:init:s0 tcontext=u:object_r:device:s0 tclass=chr_file permissive=1
08-15 08:12:02.938 2310 2310 I setprop : type=1400 audit(0.0:33): avc: denied { write } for name="property_service" dev="tmpfs" ino=620 scontext=u:r:toolbox:s0 tcontext=u:object_r:property_socket:s0 tclass=sock_file permissive=1
08-15 08:12:02.938 2310 2310 I setprop : type=1400 audit(0.0:34): avc: denied { connectto } for path="/dev/socket/property_service" scontext=u:r:toolbox:s0 tcontext=u:r:init:s0 tclass=unix_stream_socket permissive=1
08-15 08:12:02.939 2300 2300 I sh : + '[' -e /vendor/etc/init.sh ']'
08-15 08:12:02.939 2300 2300 I sh : + do_init
08-15 08:12:02.939 2300 2300 I sh : + init_misc
08-15 08:12:02.939 2300 2300 I sh : + cat /sys/class/dmi/id/sys_vendor
08-15 08:12:02.939 2300 2300 I sh : + setprop ro.product.manufacturer LENOVO
08-15 08:12:02.943 2300 2300 I sh : + setprop ro.product.model 20FMS27L0F
08-15 08:12:02.948 2314 2314 I lsusb : type=1400 audit(0.0:35): avc: denied { write } for path="pipe:[9406]" dev="pipefs" ino=9406 scontext=u:r:toolbox:s0 tcontext=u:r:init:s0 tclass=fifo_file permissive=1
08-15 08:12:02.948 2300 2300 I sh : + lsusb
08-15 08:12:02.948 2300 2300 I sh : + grep 1a8d:1000
08-15 08:12:02.952 2314 2314 I lsusb : type=1400 audit(0.0:36): avc: denied { getattr } for path="pipe:[9406]" dev="pipefs" ino=9406 scontext=u:r:toolbox:s0 tcontext=u:r:init:s0 tclass=fifo_file permissive=1
08-15 08:12:02.953 2300 2300 I sh : + '[' -d /sys/devices/system/cpu/cpu0/cpufreq ']'
08-15 08:12:02.953 2300 2300 I sh : + init_hal_audio
08-15 08:12:02.953 2300 2300 I sh : + grep -qi IntelHDMI /proc/asound/card0/id
08-15 08:12:02.955 2300 2300 I sh : + init_hal_bluetooth
08-15 08:12:02.956 2301 2301 I sh : type=1400 audit(0.0:37): avc: denied { write } for name="rfkill0" dev="sysfs" ino=14782 scontext=u:r:init:s0 tcontext=u:object_r:sysfs:s0 tclass=dir permissive=1
08-15 08:12:02.956 2301 2301 I sh : type=1400 audit(0.0:38): avc: denied { add_name } for name="state" scontext=u:r:init:s0 tcontext=u:object_r:sysfs:s0 tclass=dir permissive=1
08-15 08:12:02.956 2301 2301 I sh : type=1400 audit(0.0:39): avc: denied { create } for name="state" scontext=u:r:init:s0 tcontext=u:object_r:sysfs:s0 tclass=file permissive=1
08-15 08:12:02.957 2300 2300 I sh : + cat /sys/class/rfkill/rfkill0/type
08-15 08:12:02.957 2300 2300 I sh : + type=bluetooth
08-15 08:12:02.957 2300 2300 I sh : + '[' bluetooth '=' wlan -o bluetooth '=' bluetooth ']'
08-15 08:12:02.957 2300 2300 I sh : + >/sys/class/rfkill/rfkill0/state
08-15 08:12:02.957 2300 2300 I sh : + echo 1
08-15 08:12:02.957 2300 2300 I sh : + cat /sys/class/rfkill/rfkill1/type
08-15 08:12:02.957 2300 2300 I sh : + type=wlan
08-15 08:12:02.957 2300 2300 I sh : + '[' wlan '=' wlan -o wlan '=' bluetooth ']'
08-15 08:12:02.957 2300 2300 I sh : + >/sys/class/rfkill/rfkill1/state
08-15 08:12:02.957 2300 2300 I sh : + echo 1
08-15 08:12:02.957 2300 2300 I sh : + cat /sys/class/rfkill/rfkill2/type
08-15 08:12:02.957 2300 2300 I sh : + type=bluetooth
08-15 08:12:02.957 2300 2300 I sh : + '[' bluetooth '=' wlan -o bluetooth '=' bluetooth ']'
08-15 08:12:02.957 2300 2300 I sh : + >/sys/class/rfkill/rfkill2/state
08-15 08:12:02.957 2300 2300 I sh : + echo 1
08-15 08:12:02.958 2300 2300 I sh : + cat /sys/class/rfkill/rfkill3/type
08-15 08:12:02.958 2300 2300 I sh : + type=wwan
08-15 08:12:02.958 2300 2300 I sh : + '[' wwan '=' wlan -o wwan '=' bluetooth ']'
08-15 08:12:02.959 2300 2300 I sh : + busybox lsusb -v
08-15 08:12:02.962 2300 2300 I sh : + awk ' /Class:.E0/ { print $9 } '
08-15 08:12:02.964 2300 2300 I sh : + chown 1002.1002 /dev/bus/usb/001/006
08-15 08:12:02.966 2325 2325 I chown : type=1400 audit(0.0:40): avc: denied { getattr } for path="/dev/bus/usb/001/006" dev="tmpfs" ino=6645 scontext=u:r:toolbox:s0 tcontext=u:object_r:usb_device:s0 tclass=chr_file permissive=1
08-15 08:12:02.966 2325 2325 I chown : type=1400 audit(0.0:41): avc: denied { setattr } for name="006" dev="tmpfs" ino=6645 scontext=u:r:toolbox:s0 tcontext=u:object_r:usb_device:s0 tclass=chr_file permissive=1
08-15 08:12:02.966 2325 2325 I chown : type=1400 audit(0.0:42): avc: denied { chown } for capability=0 scontext=u:r:toolbox:s0 tcontext=u:r:toolbox:s0 tclass=capability permissive=1
08-15 08:12:02.967 2300 2300 I sh : + chmod 660 /dev/bus/usb/001/006
08-15 08:12:02.969 2326 2326 I chmod : type=1400 audit(0.0:43): avc: denied { fowner } for capability=3 scontext=u:r:toolbox:s0 tcontext=u:r:toolbox:s0 tclass=capability permissive=1
08-15 08:12:02.969 2326 2326 I chmod : type=1400 audit(0.0:44): avc: denied { fsetid } for capability=4 scontext=u:r:toolbox:s0 tcontext=u:r:toolbox:s0 tclass=capability permissive=1
08-15 08:12:02.970 2300 2300 I sh : + '[' -n ']'
08-15 08:12:02.970 2300 2300 I sh : + dmesg -t
08-15 08:12:02.970 2300 2300 I sh : + grep -qE '8723bs.*BT'
08-15 08:12:02.973 2327 2327 I dmesg : type=1400 audit(0.0:45): avc: denied { syslog_read } for scontext=u:r:toolbox:s0 tcontext=u:r:kernel:s0 tclass=system permissive=1
08-15 08:12:02.974 2330 2330 I head : type=1400 audit(0.0:46): avc: denied { read } for path="pipe:[8725]" dev="pipefs" ino=8725 scontext=u:r:toolbox:s0 tcontext=u:r:init:s0 tclass=fifo_file permissive=1
08-15 08:12:02.974 2300 2300 I sh : + init_hal_camera
08-15 08:12:02.974 2300 2300 I sh : + return
08-15 08:12:02.974 2300 2300 I sh : + init_hal_gps
08-15 08:12:02.974 2300 2300 I sh : + return
08-15 08:12:02.974 2300 2300 I sh : + init_hal_gralloc
08-15 08:12:02.974 2300 2300 I sh : + cat /proc/fb
08-15 08:12:02.975 2300 2300 I sh : + head -1
08-15 08:12:02.977 2300 2300 I sh : + set_property ro.hardware.gralloc drm
08-15 08:12:02.977 2300 2300 I sh : + setprop ro.hardware.gralloc drm
08-15 08:12:02.980 2300 2300 I sh : + '[' -n 2 ']'
08-15 08:12:02.980 2300 2300 I sh : + >>/dev/x86.prop
08-15 08:12:02.980 2300 2300 I sh : + echo 'ro.hardware.gralloc=drm'
08-15 08:12:02.980 2300 2300 I sh : + set_drm_mode
08-15 08:12:02.980 2300 2300 I sh : + '[' -n ']'
08-15 08:12:02.980 2300 2300 I sh : + '[' -n 2 ']'
08-15 08:12:02.980 2300 2300 I sh : + set_property debug.egl.trace error
08-15 08:12:02.980 2300 2300 I sh : + setprop debug.egl.trace error
08-15 08:12:02.983 2300 2300 I sh : + '[' -n 2 ']'
08-15 08:12:02.983 2300 2300 I sh : + >>/dev/x86.prop
08-15 08:12:02.983 2300 2300 I sh : + echo 'debug.egl.trace=error'
08-15 08:12:02.983 2300 2300 I sh : + init_hal_hwcomposer
08-15 08:12:02.983 2300 2300 I sh : + return
08-15 08:12:02.983 2300 2300 I sh : + init_hal_lights
08-15 08:12:02.983 2300 2300 I sh : + chown 1000.1000 /sys/class/backlight/intel_backlight/brightness
08-15 08:12:02.986 2333 2333 I chown : type=1400 audit(0.0:47): avc: denied { setattr } for name="brightness" dev="sysfs" ino=16278 scontext=u:r:toolbox:s0 tcontext=u:object_r:sysfs:s0 tclass=file permissive=1
08-15 08:12:02.986 2300 2300 I sh : + init_hal_power
08-15 08:12:02.986 2300 2300 I sh : + >/sys/class/rtc/rtc0/device/power/wakeup
08-15 08:12:02.986 2300 2300 I sh : + echo disabled
08-15 08:12:02.991 2300 2300 I sh : + init_hal_sensors
08-15 08:12:02.991 2300 2300 I sh : + getprop ro.hardware
08-15 08:12:02.994 2300 2300 I sh : + ro_hardware=android_x86_64
08-15 08:12:02.994 2300 2300 I sh : + '[' -f /system/lib/hw/sensors.android_x86_64.so ']'
08-15 08:12:02.998 2300 2300 I sh : + typeset 'hal_sensors=kbd'
08-15 08:12:02.998 2300 2300 I sh : + typeset 'has_sensors=true'
08-15 08:12:02.998 2300 2300 I sh : + cat /sys/class/dmi/id/uevent
08-15 08:12:02.998 2300 2300 I sh : + 2>/dev/null
08-15 08:12:02.998 2300 2300 I sh : + ls '/sys/bus/iio/devices/iio:device*'
08-15 08:12:03.000 2336 2336 I ls : type=1400 audit(0.0:48): avc: denied { ioctl } for path="pipe:[9435]" dev="pipefs" ino=9435 ioctlcmd=0x5413 scontext=u:r:toolbox:s0 tcontext=u:r:init:s0 tclass=fifo_file permissive=1
08-15 08:12:03.001 2337 2337 I sh : type=1400 audit(0.0:49): avc: denied { execute } for name="busybox" dev="tmpfs" ino=5957 scontext=u:r:init:s0 tcontext=u:object_r:tmpfs:s0 tclass=file permissive=1
08-15 08:12:03.001 2337 2337 I sh : type=1400 audit(0.0:50): avc: denied { execute_no_trans } for path="/bin/busybox" dev="tmpfs" ino=5957 scontext=u:r:init:s0 tcontext=u:object_r:tmpfs:s0 tclass=file permissive=1
08-15 08:12:03.001 2300 2300 I sh : + '[' -n ']'
08-15 08:12:03.001 2300 2300 I sh : + lsmod
08-15 08:12:03.001 2300 2300 I sh : + grep -q lis3lv02d_i2c
08-15 08:12:03.003 2300 2300 I sh : + set_property ro.hardware.sensors kbd
08-15 08:12:03.003 2300 2300 I sh : + setprop ro.hardware.sensors kbd
08-15 08:12:03.006 2300 2300 I sh : + '[' -n 2 ']'
08-15 08:12:03.006 2300 2300 I sh : + >>/dev/x86.prop
08-15 08:12:03.006 2300 2300 I sh : + echo 'ro.hardware.sensors=kbd'
08-15 08:12:03.006 2300 2300 I sh : + '[' kbd '!=' kbd ']'
08-15 08:12:03.006 2300 2300 I sh : + set_property config.override_forced_orient true
08-15 08:12:03.006 2300 2300 I sh : + setprop config.override_forced_orient true
08-15 08:12:03.010 2300 2300 I sh : + '[' -n 2 ']'
08-15 08:12:03.010 2300 2300 I sh : + >>/dev/x86.prop
08-15 08:12:03.010 2300 2300 I sh : + echo 'config.override_forced_orient=true'
08-15 08:12:03.010 2300 2300 I sh : + init_tscal
08-15 08:12:03.010 2300 2300 I sh : + lsusb
08-15 08:12:03.010 2300 2300 I sh : + awk '{ print $6 }'
08-15 08:12:03.014 2300 2300 I sh : + init_ril
08-15 08:12:03.014 2300 2300 I sh : + cat /sys/class/dmi/id/uevent
08-15 08:12:03.014 2300 2300 I sh : + set_property ro.radio.noril yes
08-15 08:12:03.014 2300 2300 I sh : + setprop ro.radio.noril yes
08-15 08:12:03.018 2300 2300 I sh : + '[' -n 2 ']'
08-15 08:12:03.018 2300 2300 I sh : + >>/dev/x86.prop
08-15 08:12:03.018 2300 2300 I sh : + echo 'ro.radio.noril=yes'
08-15 08:12:03.018 2300 2300 I sh : + post_init
08-15 08:12:03.018 2300 2300 I sh : /system/etc/init.sh: post_init: not found
08-15 08:12:03.018 2300 2300 I sh : + return 0
08-15 08:12:03.080 2346 2346 I : debuggerd: starting
08-15 08:12:03.210 2345 2345 I : debuggerd: starting --------- beginning of system
08-15 08:12:03.213 2347 2347 I vold : Vold 3.0 (the awakening) firing up
08-15 08:12:03.216 2347 2347 I vold : type=1400 audit(0.0:51): avc: denied { open } for path="/selinux_version" dev="tmpfs" ino=1303 scontext=u:r:vold:s0 tcontext=u:object_r:tmpfs:s0 tclass=file permissive=1
08-15 08:12:03.216 2347 2347 V vold : Detected support for: exfat ext4 f2fs iso9660 ntfs vfat
08-15 08:12:03.222 2347 2351 V vold : /system/bin/sgdisk
08-15 08:12:03.222 2347 2351 V vold : --android-dump
08-15 08:12:03.222 2347 2351 V vold : /dev/block/vold/disk:8_16
08-15 08:12:03.230 2347 2353 D vold : e4crypt_init_user0
08-15 08:12:03.230 2347 2353 D vold : e4crypt_prepare_user_storage for volume null, user 0, serial 0, flags 1
08-15 08:12:03.230 2347 2353 D vold : Preparing: /data/system/users/0
08-15 08:12:03.230 2347 2353 D vold : Preparing: /data/misc/profiles/cur/0
08-15 08:12:03.230 2347 2353 D vold : Preparing: /data/misc/profiles/cur/0/foreign-dex
08-15 08:12:03.230 2347 2353 D vold : Preparing: /data/system_de/0
08-15 08:12:03.230 2347 2353 D vold : Preparing: /data/misc_de/0
08-15 08:12:03.230 2347 2353 D vold : Preparing: /data/user_de/0
08-15 08:12:03.230 2347 2353 D vold : e4crypt_unlock_user_key 0 serial=0 token_present=0
08-15 08:12:03.230 2347 2353 E vold : Failed to chmod /data/system_ce/0: No such file or directory
08-15 08:12:03.230 2347 2353 E vold : Failed to chmod /data/misc_ce/0: No such file or directory
08-15 08:12:03.230 2347 2353 E vold : Failed to chmod /data/media/0: No such file or directory
08-15 08:12:03.230 1 1 I vdc : 200 2348 Command succeeded
08-15 08:12:03.235 2355 2355 I /system/bin/tzdatacheck: tzdata file /data/misc/zoneinfo/current/tzdata does not exist. No action required.
08-15 08:12:03.235 2347 2351 V vold : DISK mbr
08-15 08:12:03.235 2347 2351 V vold :
08-15 08:12:03.235 2347 2351 V vold : PART 1 0
08-15 08:12:03.235 2347 2351 V vold :
08-15 08:12:03.235 2347 2351 V vold : PART 2 ef
08-15 08:12:03.235 2347 2351 V vold :
08-15 08:12:03.236 2357 2357 I init : type=1400 audit(0.0:52): avc: denied { entrypoint } for path="/sbin/healthd" dev="tmpfs" ino=1296 scontext=u:r:healthd:s0 tcontext=u:object_r:tmpfs:s0 tclass=file permissive=1
08-15 08:12:03.236 2357 2357 I healthd : type=1400 audit(0.0:53): avc: denied { execute } for path="/sbin/healthd" dev="tmpfs" ino=1296 scontext=u:r:healthd:s0 tcontext=u:object_r:tmpfs:s0 tclass=file permissive=1
08-15 08:12:03.238 2362 2362 I init : type=1400 audit(0.0:54): avc: denied { entrypoint } for path="/sbin/adbd" dev="tmpfs" ino=1295 scontext=u:r:adbd:s0 tcontext=u:object_r:tmpfs:s0 tclass=file permissive=1
08-15 08:12:03.239 2362 2362 I adbd : type=1400 audit(0.0:55): avc: denied { read execute } for path="/sbin/adbd" dev="tmpfs" ino=1295 scontext=u:r:adbd:s0 tcontext=u:object_r:tmpfs:s0 tclass=file permissive=1
08-15 08:12:03.244 2367 2367 I audioserver: type=1400 audit(0.0:56): avc: denied { getattr } for path="/vendor" dev="tmpfs" ino=5770 scontext=u:r:audioserver:s0 tcontext=u:object_r:tmpfs:s0 tclass=lnk_file permissive=1
08-15 08:12:03.244 2367 2367 I audioserver: type=1400 audit(0.0:57): avc: denied { read } for name="vendor" dev="tmpfs" ino=5770 scontext=u:r:audioserver:s0 tcontext=u:object_r:tmpfs:s0 tclass=lnk_file permissive=1
08-15 08:12:03.255 2372 2372 I mediacodec: type=1400 audit(0.0:58): avc: denied { getattr } for path="/vendor" dev="tmpfs" ino=5770 scontext=u:r:mediacodec:s0 tcontext=u:object_r:tmpfs:s0 tclass=lnk_file permissive=1
08-15 08:12:03.255 2372 2372 I mediacodec: type=1400 audit(0.0:59): avc: denied { read } for name="vendor" dev="tmpfs" ino=5770 scontext=u:r:mediacodec:s0 tcontext=u:object_r:tmpfs:s0 tclass=lnk_file permissive=1
08-15 08:12:03.255 2373 2373 I mediadrmserver: type=1400 audit(0.0:60): avc: denied { getattr } for path="/vendor" dev="tmpfs" ino=5770 scontext=u:r:mediadrmserver:s0 tcontext=u:object_r:tmpfs:s0 tclass=lnk_file permissive=1
08-15 08:12:03.255 2373 2373 I mediadrmserver: type=1400 audit(0.0:61): avc: denied { read } for name="vendor" dev="tmpfs" ino=5770 scontext=u:r:mediadrmserver:s0 tcontext=u:object_r:tmpfs:s0 tclass=lnk_file permissive=1
08-15 08:12:03.264 2368 2368 I cameraserver: type=1400 audit(0.0:62): avc: denied { getattr } for path="/vendor" dev="tmpfs" ino=5770 scontext=u:r:cameraserver:s0 tcontext=u:object_r:tmpfs:s0 tclass=lnk_file permissive=1
08-15 08:12:03.264 2368 2368 I cameraserver: type=1400 audit(0.0:63): avc: denied { read } for name="vendor" dev="tmpfs" ino=5770 scontext=u:r:cameraserver:s0 tcontext=u:object_r:tmpfs:s0 tclass=lnk_file permissive=1
08-15 08:12:03.269 2359 2359 I servicemanager: type=1400 audit(0.0:64): avc: denied { open } for path="/selinux_version" dev="tmpfs" ino=1303 scontext=u:r:servicemanager:s0 tcontext=u:object_r:tmpfs:s0 tclass=file permissive=1
08-15 08:12:03.272 2358 2358 I lowmemorykiller: Using in-kernel low memory killer interface
08-15 08:12:03.294 2370 2370 I : installd firing up
08-15 08:12:03.294 2370 2370 E cutils : Failed to read /data/.layout_version: No such file or directory
08-15 08:12:03.294 2370 2370 D : Assuming that device has multi-user storage layout; upgrade no longer supported
08-15 08:12:03.294 2370 2370 D : Upgrading to /data/misc/user directories
08-15 08:12:03.305 2379 2379 I perfprofd: starting Android Wide Profiling daemon
08-15 08:12:03.305 2379 2379 E perfprofd: unable to open configuration file /data/data/com.google.android.gms/files/perfprofd.conf
08-15 08:12:03.305 2379 2379 I perfprofd: random seed set to 3036581357
08-15 08:12:03.315 2363 2363 I logcat : type=1400 audit(0.0:65): avc: denied { dac_override } for capability=1 scontext=u:r:logd:s0 tcontext=u:r:logd:s0 tclass=capability permissive=1
08-15 08:12:03.315 2363 2363 I logcat : type=1400 audit(0.0:66): avc: denied { read } for name="/" dev="tmpfs" ino=561 scontext=u:r:logd:s0 tcontext=u:object_r:system_data_file:s0 tclass=dir permissive=1
08-15 08:12:03.315 2363 2363 I logcat : type=1400 audit(0.0:67): avc: denied { open } for path="/data" dev="tmpfs" ino=561 scontext=u:r:logd:s0 tcontext=u:object_r:system_data_file:s0 tclass=dir permissive=1
08-15 08:12:03.315 2363 2363 I logcat : type=1400 audit(0.0:68): avc: denied { write } for name="/" dev="tmpfs" ino=561 scontext=u:r:logd:s0 tcontext=u:object_r:system_data_file:s0 tclass=dir permissive=1
08-15 08:12:03.315 2363 2363 I logcat : type=1400 audit(0.0:69): avc: denied { add_name } for name="log.txt" scontext=u:r:logd:s0 tcontext=u:object_r:system_data_file:s0 tclass=dir permissive=1
08-15 08:12:03.315 2363 2363 I logcat : type=1400 audit(0.0:70): avc: denied { create } for name="log.txt" scontext=u:r:logd:s0 tcontext=u:object_r:system_data_file:s0 tclass=file permissive=1
08-15 08:12:03.315 2363 2363 I logcat : type=1400 audit(0.0:71): avc: denied { append } for path="/data/log.txt" dev="tmpfs" ino=988 scontext=u:r:logd:s0 tcontext=u:object_r:system_data_file:s0 tclass=file permissive=1
08-15 08:12:03.328 2378 2378 I gatekeeperd: Starting gatekeeperd...
08-15 08:12:03.329 2383 2383 I houdini : found /system/lib/libhoudini.so
08-15 08:12:03.342 2378 2378 W gatekeeperd: falling back to software GateKeeper
08-15 08:12:03.343 2378 2378 I gatekeeperd: cold boot: clearing state
08-15 08:12:03.346 2371 2371 I keystore: Found keymaster0 module Keymaster OpenSSL HAL, version 2
08-15 08:12:03.346 2371 2371 I SoftKeymaster: system/keymaster/soft_keymaster_device.cpp, Line 131: Creating device
08-15 08:12:03.346 2371 2371 D SoftKeymaster: system/keymaster/soft_keymaster_device.cpp, Line 132: Device address: 0x7edb0183d000
08-15 08:12:03.346 2371 2371 I keystore: Keymaster0 module is software-only. Using SoftKeymasterDevice instead.
08-15 08:12:03.346 2371 2371 I SoftKeymaster: system/keymaster/soft_keymaster_device.cpp, Line 131: Creating device
08-15 08:12:03.346 2371 2371 D SoftKeymaster: system/keymaster/soft_keymaster_device.cpp, Line 132: Device address: 0x7edb0183d400
08-15 08:12:03.353 2387 2387 I houdini : houdini enabled
08-15 08:12:03.360 2389 2389 I houdini : found /system/lib64/libhoudini.so
08-15 08:12:03.363 2390 2390 I houdini : houdini64 enabled
08-15 08:12:03.386 2376 2376 I Netd : Netd 1.0 starting
08-15 08:12:03.386 2376 2376 D TetherController: Setting IP forward enable = 0
08-15 08:12:03.606 2360 2360 I SurfaceFlinger: SurfaceFlinger is starting
08-15 08:12:03.608 2360 2360 I SurfaceFlinger: SurfaceFlinger's main thread ready to run. Initializing graphics H/W...
08-15 08:12:03.657 2360 2360 D libEGL : loaded /system/lib64/egl/libGLES_mesa.so
08-15 08:12:03.692 2360 2360 I GRALLOC-DRM: create intel for driver i915
08-15 08:12:03.694 2372 2372 I mediacodec: @@@ mediacodecservice starting
08-15 08:12:03.700 2368 2368 I cameraserver: ServiceManager: 0xe709af40
08-15 08:12:03.705 2372 2372 W : No seccomp filter defined for this architecture.
08-15 08:12:03.707 2368 2368 I CameraService: CameraService started (pid=2368)
08-15 08:12:03.707 2368 2368 I CameraService: CameraService process starting
08-15 08:12:03.707 2368 2368 W BatteryNotifier: batterystats service unavailable!
08-15 08:12:03.707 2368 2368 W BatteryNotifier: batterystats service unavailable!
08-15 08:12:03.729 2368 2368 D Camera_Factory: CameraFactory::CameraFactory
08-15 08:12:03.729 2368 2368 D Camera_Factory: CameraFactory::parseConfig: configFile = /etc/camera.cfg
08-15 08:12:03.729 2368 2368 D Camera_Factory: /etc/camera.cfg not found, using camera configuration defaults
08-15 08:12:03.729 2368 2368 D Camera_Factory: Found device /dev/video0
08-15 08:12:03.729 2368 2368 D Camera_Factory: CameraFactory::newCameraConfig: 0 -> /dev/video0 (0)
08-15 08:12:03.729 2368 2368 E cutils-trace: Error opening trace file: Permission denied (13)
08-15 08:12:03.729 2368 2368 D Camera_Factory: CameraFactory::get_number_of_cameras
08-15 08:12:03.729 2368 2368 D Camera_Factory: CameraFactory::getCameraNum: 1
08-15 08:12:03.729 2368 2368 I CameraService: Loaded "Camera Module" camera module
08-15 08:12:03.729 2368 2368 D Camera_Factory: CameraFactory::get_number_of_cameras
08-15 08:12:03.729 2368 2368 D Camera_Factory: CameraFactory::getCameraNum: 1
08-15 08:12:03.729 2368 2368 D Camera_Factory: CameraFactory::get_number_of_cameras
08-15 08:12:03.729 2368 2368 D Camera_Factory: CameraFactory::getCameraNum: 1
08-15 08:12:03.729 2368 2368 I CameraFlashlight: Opening camera 0
08-15 08:12:03.729 2368 2368 D Camera_Factory: CameraFactory::get_camera_info
08-15 08:12:03.729 2368 2368 D Camera_Factory: CameraFactory::getCameraInfo: id = 0, info = 0xffb2cfa8
08-15 08:12:03.729 2368 2368 D Camera_Factory: CameraFactory::getCameraNum: 1
08-15 08:12:03.729 2368 2368 D CameraHardware: CameraHardware::getCameraInfo
08-15 08:12:03.729 2368 2368 D Camera_Factory: CameraFactory::device_open: name = 0
08-15 08:12:03.729 2368 2368 D Camera_Factory: CameraFactory::cameraDeviceOpen: id = 0
08-15 08:12:03.729 2368 2368 D Camera_Factory: CameraFactory::getCameraNum: 1
08-15 08:12:03.729 2368 2368 D CameraHardware: CameraHardware::PowerOn: Power ON camera.
08-15 08:12:03.729 2368 2368 D CameraHardware: CameraHardware::PowerOn: no power_file set
08-15 08:12:03.729 2368 2368 D CameraHardware: CameraHardware::initDefaultParameters
08-15 08:12:03.749 2367 2367 I : sMaxFastTracks = 8
08-15 08:12:03.749 2367 2367 I audioserver: ServiceManager: 0xf4c1af40
08-15 08:12:03.749 2367 2367 W BatteryNotifier: batterystats service unavailable!
08-15 08:12:03.749 2367 2367 I AudioFlinger: Using default 3000 mSec as standby time.
08-15 08:12:03.750 2367 2367 I AudioPolicyService: AudioPolicyService CSTOR in new mode
08-15 08:12:03.755 2374 2374 V MediaUtils: physMem: 4294967295
08-15 08:12:03.755 2374 2374 V MediaUtils: requested limit: 858993440
08-15 08:12:03.755 2374 2374 V MediaUtils: actual limit: 858993440
08-15 08:12:03.755 2374 2374 V MediaUtils: original limits: 4294967295/4294967295
08-15 08:12:03.755 2374 2374 V MediaUtils: new limits: 858993440/4294967295
08-15 08:12:03.756 2374 2374 W /system/bin/mediaextractor: libminijail: allowing syscall: socketcall
08-15 08:12:03.756 2374 2374 W /system/bin/mediaextractor: libminijail: allowing syscall: writev
08-15 08:12:03.756 2374 2374 W /system/bin/mediaextractor: libminijail: allowing syscall: fcntl64
08-15 08:12:03.756 2374 2374 W /system/bin/mediaextractor: libminijail: allowing syscall: clock_gettime
08-15 08:12:03.764 2374 2374 W /system/bin/mediaextractor: libminijail: logging seccomp filter failures
08-15 08:12:03.771 2367 2367 I APM::ConfigParsingUtils: loadAudioPolicyConfig() loaded /system/etc/audio_policy.conf
08-15 08:12:03.779 2360 2360 I EGL-MAIN: found extension DRI_Core version 1
08-15 08:12:03.779 2360 2360 I EGL-MAIN: found extension DRI_DRI2 version 4
08-15 08:12:03.781 2375 2375 I mediaserver: ServiceManager: 0xe699afc0
08-15 08:12:03.781 2373 2373 I mediaserver: ServiceManager: 0xf171afc0
08-15 08:12:03.788 2367 2367 D audio_hw_primary: found audio out at /dev/snd/pcmC0D0p
08-15 08:12:03.788 2367 2367 D audio_hw_primary: card: 0/0 id: ALC293 Analog
08-15 08:12:03.788 2367 2367 D audio_hw_primary: name: ALC293 Analog
08-15 08:12:03.788 2367 2367 D audio_hw_primary: subname: subdevice #0
08-15 08:12:03.788 2367 2367 D audio_hw_primary: stream: 0
08-15 08:12:03.788 2367 2367 D audio_hw_primary: found audio out at /dev/snd/pcmC0D3p
08-15 08:12:03.788 2367 2367 D audio_hw_primary: card: 0/3 id: HDMI 0
08-15 08:12:03.788 2367 2367 D audio_hw_primary: name: HDMI 0
08-15 08:12:03.788 2367 2367 D audio_hw_primary: subname: subdevice #0
08-15 08:12:03.788 2367 2367 D audio_hw_primary: stream: 0
08-15 08:12:03.789 2367 2367 D audio_hw_primary: found audio out at /dev/snd/pcmC0D7p
08-15 08:12:03.789 2367 2367 D audio_hw_primary: card: 0/7 id: HDMI 1
08-15 08:12:03.789 2367 2367 D audio_hw_primary: name: HDMI 1
08-15 08:12:03.789 2367 2367 D audio_hw_primary: subname: subdevice #0
08-15 08:12:03.789 2367 2367 D audio_hw_primary: stream: 0
08-15 08:12:03.789 2367 2367 D audio_hw_primary: ignore pcmC0D7p
08-15 08:12:03.789 2367 2367 D audio_hw_primary: found audio out at /dev/snd/pcmC0D8p
08-15 08:12:03.789 2367 2367 D audio_hw_primary: card: 0/8 id: HDMI 2
08-15 08:12:03.789 2367 2367 D audio_hw_primary: name: HDMI 2
08-15 08:12:03.789 2367 2367 D audio_hw_primary: subname: subdevice #0
08-15 08:12:03.789 2367 2367 D audio_hw_primary: stream: 0
08-15 08:12:03.789 2367 2367 D audio_hw_primary: ignore pcmC0D8p
08-15 08:12:03.789 2367 2367 I audio_hw_primary: choose pcmC0D0p for 0
08-15 08:12:03.789 2367 2367 E audio_hw_primary: Failed to open /system/etc/mixer_paths.xml
08-15 08:12:03.789 2367 2367 I AudioFlinger: loadHwModule() Loaded primary audio interface from Grouper audio HW HAL (audio) handle 10
08-15 08:12:03.789 2367 2367 I AudioFlinger: openOutput(), module 10 Device 2, SamplingRate 48000, Format 0x000001, Channels 3, flags 2
08-15 08:12:03.794 2367 2367 I audio_hw_primary: choose pcmC0D0p for 0
08-15 08:12:03.794 2367 2367 I AudioFlinger: HAL output buffer size 512 frames, normal sink buffer size 1024 frames
08-15 08:12:03.827 2368 2368 D V4L2Camera: V4L2Camera::EnumFrameFormats
08-15 08:12:03.827 2368 2368 D V4L2Camera: { pixelformat = 'YUYV', description = 'YUYV 4:2:2' }
08-15 08:12:03.827 2368 2368 D V4L2Camera: V4L2Camera::EnumFrameSizes: pixfmt: 0x56595559
08-15 08:12:03.827 2368 2368 D V4L2Camera: { discrete: width = 640, height = 480 }
08-15 08:12:03.827 2368 2368 D V4L2Camera: V4L2Camera::EnumFrameIntervals: pixfmt: 0x56595559, w:640, h:480
08-15 08:12:03.827 2368 2368 D V4L2Camera: Time interval between frame:
08-15 08:12:03.827 2368 2368 D V4L2Camera: 1/30
08-15 08:12:03.827 2368 2368 D V4L2Camera: 1/15
08-15 08:12:03.827 2368 2368 D V4L2Camera: { discrete: width = 320, height = 180 }
08-15 08:12:03.827 2368 2368 D V4L2Camera: V4L2Camera::EnumFrameIntervals: pixfmt: 0x56595559, w:320, h:180
08-15 08:12:03.827 2368 2368 D V4L2Camera: Time interval between frame:
08-15 08:12:03.827 2368 2368 D V4L2Camera: 1/30
08-15 08:12:03.827 2368 2368 D V4L2Camera: 1/15
08-15 08:12:03.827 2368 2368 D V4L2Camera: { discrete: width = 320, height = 240 }
08-15 08:12:03.827 2368 2368 D V4L2Camera: V4L2Camera::EnumFrameIntervals: pixfmt: 0x56595559, w:320, h:240
08-15 08:12:03.827 2368 2368 D V4L2Camera: Time interval between frame:
08-15 08:12:03.827 2368 2368 D V4L2Camera: 1/30
08-15 08:12:03.827 2368 2368 D V4L2Camera: 1/15
08-15 08:12:03.827 2368 2368 D V4L2Camera: { discrete: width = 352, height = 288 }
08-15 08:12:03.827 2368 2368 D V4L2Camera: V4L2Camera::EnumFrameIntervals: pixfmt: 0x56595559, w:352, h:288
08-15 08:12:03.827 2368 2368 D V4L2Camera: Time interval between frame:
08-15 08:12:03.827 2368 2368 D V4L2Camera: 1/30
08-15 08:12:03.827 2368 2368 D V4L2Camera: 1/15
08-15 08:12:03.827 2368 2368 D V4L2Camera: { discrete: width = 424, height = 240 }
08-15 08:12:03.827 2368 2368 D V4L2Camera: V4L2Camera::EnumFrameIntervals: pixfmt: 0x56595559, w:424, h:240
08-15 08:12:03.827 2368 2368 D V4L2Camera: Time interval between frame:
08-15 08:12:03.827 2368 2368 D V4L2Camera: 1/30
08-15 08:12:03.827 2368 2368 D V4L2Camera: 1/15
08-15 08:12:03.827 2368 2368 D V4L2Camera: { discrete: width = 640, height = 360 }
08-15 08:12:03.827 2368 2368 D V4L2Camera: V4L2Camera::EnumFrameIntervals: pixfmt: 0x56595559, w:640, h:360
08-15 08:12:03.827 2368 2368 D V4L2Camera: Time interval between frame:
08-15 08:12:03.827 2368 2368 D V4L2Camera: 1/30
08-15 08:12:03.827 2368 2368 D V4L2Camera: 1/15
08-15 08:12:03.827 2368 2368 D V4L2Camera: { discrete: width = 848, height = 480 }
08-15 08:12:03.827 2368 2368 D V4L2Camera: V4L2Camera::EnumFrameIntervals: pixfmt: 0x56595559, w:848, h:480
08-15 08:12:03.827 2368 2368 D V4L2Camera: Time interval between frame:
08-15 08:12:03.827 2368 2368 D V4L2Camera: 1/20
08-15 08:12:03.827 2368 2368 D V4L2Camera: { discrete: width = 960, height = 540 }
08-15 08:12:03.827 2368 2368 D V4L2Camera: V4L2Camera::EnumFrameIntervals: pixfmt: 0x56595559, w:960, h:540
08-15 08:12:03.827 2368 2368 D V4L2Camera: Time interval between frame:
08-15 08:12:03.827 2368 2368 D V4L2Camera: 1/15
08-15 08:12:03.827 2368 2368 D V4L2Camera: { discrete: width = 1280, height = 720 }
08-15 08:12:03.827 2368 2368 D V4L2Camera: V4L2Camera::EnumFrameIntervals: pixfmt: 0x56595559, w:1280, h:720
08-15 08:12:03.827 2368 2368 D V4L2Camera: Time interval between frame:
08-15 08:12:03.827 2368 2368 D V4L2Camera: 1/10
08-15 08:12:03.827 2368 2368 D V4L2Camera: { pixelformat = 'MJPG', description = 'Motion-JPEG' }
08-15 08:12:03.827 2368 2368 D V4L2Camera: V4L2Camera::EnumFrameSizes: pixfmt: 0x47504a4d
08-15 08:12:03.827 2368 2368 D V4L2Camera: { discrete: width = 640, height = 480 }
08-15 08:12:03.827 2368 2368 D V4L2Camera: V4L2Camera::EnumFrameIntervals: pixfmt: 0x47504a4d, w:640, h:480
08-15 08:12:03.827 2368 2368 D V4L2Camera: Time interval between frame:
08-15 08:12:03.827 2368 2368 D V4L2Camera: 1/30
08-15 08:12:03.827 2368 2368 D V4L2Camera: 1/15
08-15 08:12:03.827 2368 2368 D V4L2Camera: { discrete: width = 320, height = 180 }
08-15 08:12:03.827 2368 2368 D V4L2Camera: V4L2Camera::EnumFrameIntervals: pixfmt: 0x47504a4d, w:320, h:180
08-15 08:12:03.827 2368 2368 D V4L2Camera: Time interval between frame:
08-15 08:12:03.827 2368 2368 D V4L2Camera: 1/30
08-15 08:12:03.827 2368 2368 D V4L2Camera: 1/15
08-15 08:12:03.827 2368 2368 D V4L2Camera: { discrete: width = 320, height = 240 }
08-15 08:12:03.827 2368 2368 D V4L2Camera: V4L2Camera::EnumFrameIntervals: pixfmt: 0x47504a4d, w:320, h:240
08-15 08:12:03.827 2368 2368 D V4L2Camera: Time interval between frame:
08-15 08:12:03.827 2368 2368 D V4L2Camera: 1/30
08-15 08:12:03.827 2368 2368 D V4L2Camera: 1/15
08-15 08:12:03.827 2368 2368 D V4L2Camera: { discrete: width = 352, height = 288 }
08-15 08:12:03.827 2368 2368 D V4L2Camera: V4L2Camera::EnumFrameIntervals: pixfmt: 0x47504a4d, w:352, h:288
08-15 08:12:03.827 2368 2368 D V4L2Camera: Time interval between frame:
08-15 08:12:03.827 2368 2368 D V4L2Camera: 1/30
08-15 08:12:03.827 2368 2368 D V4L2Camera: 1/15
08-15 08:12:03.827 2368 2368 D V4L2Camera: { discrete: width = 424, height = 240 }
08-15 08:12:03.827 2368 2368 D V4L2Camera: V4L2Camera::EnumFrameIntervals: pixfmt: 0x47504a4d, w:424, h:240
08-15 08:12:03.827 2368 2368 D V4L2Camera: Time interval between frame:
08-15 08:12:03.827 2368 2368 D V4L2Camera: 1/30
08-15 08:12:03.827 2368 2368 D V4L2Camera: 1/15
08-15 08:12:03.827 2368 2368 D V4L2Camera: { discrete: width = 640, height = 360 }
08-15 08:12:03.827 2368 2368 D V4L2Camera: V4L2Camera::EnumFrameIntervals: pixfmt: 0x47504a4d, w:640, h:360
08-15 08:12:03.827 2368 2368 D V4L2Camera: Time interval between frame:
08-15 08:12:03.827 2368 2368 D V4L2Camera: 1/30
08-15 08:12:03.827 2368 2368 D V4L2Camera: 1/15
08-15 08:12:03.827 2368 2368 D V4L2Camera: { discrete: width = 848, height = 480 }
08-15 08:12:03.827 2368 2368 D V4L2Camera: V4L2Camera::EnumFrameIntervals: pixfmt: 0x47504a4d, w:848, h:480
08-15 08:12:03.827 2368 2368 D V4L2Camera: Time interval between frame:
08-15 08:12:03.827 2368 2368 D V4L2Camera: 1/30
08-15 08:12:03.827 2368 2368 D V4L2Camera: 1/15
08-15 08:12:03.827 2368 2368 D V4L2Camera: { discrete: width = 960, height = 540 }
08-15 08:12:03.827 2368 2368 D V4L2Camera: V4L2Camera::EnumFrameIntervals: pixfmt: 0x47504a4d, w:960, h:540
08-15 08:12:03.827 2368 2368 D V4L2Camera: Time interval between frame:
08-15 08:12:03.827 2368 2368 D V4L2Camera: 1/30
08-15 08:12:03.827 2368 2368 D V4L2Camera: 1/15
08-15 08:12:03.827 2368 2368 D V4L2Camera: { discrete: width = 1280, height = 720 }
08-15 08:12:03.827 2368 2368 D V4L2Camera: V4L2Camera::EnumFrameIntervals: pixfmt: 0x47504a4d, w:1280, h:720
08-15 08:12:03.827 2368 2368 D V4L2Camera: Time interval between frame:
08-15 08:12:03.827 2368 2368 D V4L2Camera: 1/30
08-15 08:12:03.827 2368 2368 D V4L2Camera: 1/15
08-15 08:12:03.827 2368 2368 D V4L2Camera: V4L2Camera::getAvailableSizes
08-15 08:12:03.827 2368 2368 D V4L2Camera: V4L2Camera::getAvailableFps
08-15 08:12:03.827 2368 2368 I CameraHardware: Default preview size: (1280 x 720), fps:30
08-15 08:12:03.827 2368 2368 I CameraHardware: All available formats: 176x144,240x160,320x180,320x200,320x240,352x288,424x240,432x320,480x320,640x360,640x480,848x480,960x540,1280x720
08-15 08:12:03.827 2368 2368 I CameraHardware: All available fps: (10,10),(15,15),(20,20),(30,30)
08-15 08:12:03.827 2368 2368 I CameraHardware: Default picture size: (1280 x 720)
08-15 08:12:03.827 2368 2368 D CameraHardware: CameraHardware::setParameters
08-15 08:12:03.827 2368 2368 D CameraHardware: CameraHardware::setParameters: PREVIEW: Size 1280x720, 30 fps, format: yuv422sp
08-15 08:12:03.827 2368 2368 D CameraHardware: CameraHardware::setParameters: PICTURE: Size 1280x720, format: jpeg
08-15 08:12:03.827 2368 2368 D CameraHardware: CameraHardware::setParameters: VIDEO: Size 1280x720, format: yuv420p
08-15 08:12:03.827 2368 2368 D CameraHardware: CameraHardware::initHeapLocked
08-15 08:12:03.827 2368 2368 E CameraHardware: No memory allocator available
08-15 08:12:03.827 2368 2368 D CameraHardware: CameraHardware::setParameters: OK
08-15 08:12:03.827 2368 2368 D CameraHardware: CameraHardware::connectCamera
08-15 08:12:03.827 2368 2368 D CameraHardware: CameraHardware::setCallbacks
08-15 08:12:03.827 2368 2368 D CameraHardware: CameraHardware::getParameters
08-15 08:12:03.827 2368 2368 D CameraHardware: CameraHardware::putParameters
08-15 08:12:03.828 2368 2368 I ServiceManager: Waiting for service SurfaceFlinger...
08-15 08:12:03.836 2375 2375 W BatteryNotifier: batterystats service unavailable!
08-15 08:12:03.850 2360 2360 I EGL-MAIN: found extension DRI_TexBuffer version 3
08-15 08:12:03.850 2360 2360 I EGL-MAIN: found extension DRI2_Flush version 4
08-15 08:12:03.850 2360 2360 I EGL-MAIN: found extension DRI_IMAGE version 15
08-15 08:12:03.850 2360 2360 I EGL-MAIN: found extension DRI2_Fence version 2
08-15 08:12:03.850 2360 2360 I EGL-MAIN: found extension DRI_RENDERER_QUERY version 1
08-15 08:12:03.850 2360 2360 I EGL-MAIN: found extension DRI_CONFIG_QUERY version 1
08-15 08:12:03.850 2360 2360 I EGL-MAIN: found extension DRI_Robustness version 1
08-15 08:12:03.850 2360 2360 I EGL-MAIN: found extension DRI_NoError version 1
08-15 08:12:03.851 2360 2360 D GRALLOC-KMS: supported drm planes and formats
08-15 08:12:03.851 2360 2360 D GRALLOC-KMS: plane id 29
08-15 08:12:03.851 2360 2360 D GRALLOC-KMS: format RG16
08-15 08:12:03.851 2360 2360 D GRALLOC-KMS: format AB24
08-15 08:12:03.851 2360 2360 D GRALLOC-KMS: format AR24
08-15 08:12:03.851 2360 2360 D GRALLOC-KMS: format XB24
08-15 08:12:03.851 2360 2360 D GRALLOC-KMS: format XR24
08-15 08:12:03.851 2360 2360 D GRALLOC-KMS: format YUYV
08-15 08:12:03.851 2360 2360 D GRALLOC-KMS: format YVYU
08-15 08:12:03.851 2360 2360 D GRALLOC-KMS: format UYVY
08-15 08:12:03.851 2360 2360 D GRALLOC-KMS: format VYUY
08-15 08:12:03.851 2360 2360 D GRALLOC-KMS: plane id 33
08-15 08:12:03.851 2360 2360 D GRALLOC-KMS: format RG16
08-15 08:12:03.851 2360 2360 D GRALLOC-KMS: format AB24
08-15 08:12:03.851 2360 2360 D GRALLOC-KMS: format AR24
08-15 08:12:03.851 2360 2360 D GRALLOC-KMS: format XB24
08-15 08:12:03.851 2360 2360 D GRALLOC-KMS: format XR24
08-15 08:12:03.851 2360 2360 D GRALLOC-KMS: format YUYV
08-15 08:12:03.851 2360 2360 D GRALLOC-KMS: format YVYU
08-15 08:12:03.851 2360 2360 D GRALLOC-KMS: format UYVY
08-15 08:12:03.851 2360 2360 D GRALLOC-KMS: format VYUY
08-15 08:12:03.851 2360 2360 D GRALLOC-KMS: plane id 37
08-15 08:12:03.851 2360 2360 D GRALLOC-KMS: format RG16
08-15 08:12:03.851 2360 2360 D GRALLOC-KMS: format AB24
08-15 08:12:03.851 2360 2360 D GRALLOC-KMS: format AR24
08-15 08:12:03.851 2360 2360 D GRALLOC-KMS: format XB24
08-15 08:12:03.851 2360 2360 D GRALLOC-KMS: format XR24
08-15 08:12:03.851 2360 2360 D GRALLOC-KMS: format YUYV
08-15 08:12:03.851 2360 2360 D GRALLOC-KMS: format YVYU
08-15 08:12:03.851 2360 2360 D GRALLOC-KMS: format UYVY
08-15 08:12:03.851 2360 2360 D GRALLOC-KMS: format VYUY
08-15 08:12:03.851 2367 2367 W EffectsFactory: loadLibrary() failed to open /system/vendor/lib/soundfx/libswdap.so
08-15 08:12:03.852 2367 2367 W EffectsFactory: loadLibrary() failed to open /system/vendor/lib/soundfx/libhwdap.so
08-15 08:12:03.852 2367 2367 W EffectsFactory: loadEffect() could not get library proxy
08-15 08:12:03.852 2367 2367 I BufferProvider: found effect "Multichannel Downmix To Stereo" from The Android Open Source Project
08-15 08:12:03.852 2367 2367 I AudioFlinger: Using module 10 has the primary audio interface
08-15 08:12:03.852 2367 2520 I AudioFlinger: AudioFlinger's thread 0xf478cd80 ready to run
08-15 08:12:03.852 2367 2520 W BatteryNotifier: batterystats service unavailable!
08-15 08:12:03.852 2367 2520 W BatteryNotifier: batterystats service unavailable!
08-15 08:12:03.852 2367 2520 W BatteryNotifier: batterystats service unavailable!
08-15 08:12:03.852 2367 2520 W AudioFlinger: no wake lock to update, system not ready yet
08-15 08:12:03.852 2367 2520 E cutils-trace: Error opening trace file: Permission denied (13)
08-15 08:12:03.853 2367 2522 I AudioFlinger: AudioFlinger's thread 0xf43834c0 ready to run
08-15 08:12:03.862 2367 2367 I bt_a2dp_hw: adev_open: adev_open in A2dp_hw module
08-15 08:12:03.862 2367 2367 I AudioFlinger: loadHwModule() Loaded a2dp audio interface from A2DP Audio HW HAL (audio) handle 18
08-15 08:12:03.865 2367 2367 I AudioFlinger: loadHwModule() Loaded usb audio interface from USB audio HW HAL (audio) handle 26
08-15 08:12:03.866 2367 2367 I RadioService: RadioService
08-15 08:12:03.866 2367 2367 I RadioService: onFirstRef
08-15 08:12:03.866 2367 2367 E RadioService: couldn't load radio module radio.primary (No such file or directory)
08-15 08:12:03.866 2367 2367 E SoundTriggerHwService: couldn't load sound trigger module sound_trigger.primary (No such file or directory)
08-15 08:12:03.991 2360 2360 I GRALLOC-KMS: there are 2 modes on connector 0x27, type 14
08-15 08:12:03.991 2360 2360 I GRALLOC-KMS: 1920x1080
08-15 08:12:03.991 2360 2360 I GRALLOC-KMS: 1920x1080
08-15 08:12:03.991 2360 2360 I GRALLOC-KMS: Established mode:
08-15 08:12:03.991 2360 2360 I GRALLOC-KMS: clock: 138700, hdisplay: 1920, hsync_start: 1968, hsync_end: 2000, htotal: 2080, hskew: 0
08-15 08:12:03.991 2360 2360 I GRALLOC-KMS: vdisplay: 1080, vsync_start: 1083, vsync_end: 1088, vtotal: 1111, vscan: 0, vrefresh: 60
08-15 08:12:03.991 2360 2360 I GRALLOC-KMS: flags: 9, type: 72, name 1920x1080
08-15 08:12:03.991 2360 2360 I GRALLOC-KMS: the best mode is 1920x1080
08-15 08:12:04.072 2376 2376 V NatController: runCmd(/system/bin/iptables -w -F natctrl_FORWARD) res=0
08-15 08:12:04.078 2376 2376 V NatController: runCmd(/system/bin/ip6tables -w -F natctrl_FORWARD) res=0
08-15 08:12:04.084 2376 2376 V NatController: runCmd(/system/bin/iptables -w -A natctrl_FORWARD -j DROP) res=0
08-15 08:12:04.086 2376 2376 V NatController: runCmd(/system/bin/iptables -w -t nat -F natctrl_nat_POSTROUTING) res=0
08-15 08:12:04.095 2376 2376 V NatController: runCmd(/system/bin/ip6tables -w -t raw -F natctrl_raw_PREROUTING) res=0
08-15 08:12:04.102 2376 2376 V NatController: runCmd(/system/bin/iptables -w -F natctrl_tether_counters) res=1
08-15 08:12:04.104 2376 2376 V NatController: runCmd(/system/bin/ip6tables -w -F natctrl_tether_counters) res=1
08-15 08:12:04.106 2376 2376 V NatController: runCmd(/system/bin/iptables -w -X natctrl_tether_counters) res=1
08-15 08:12:04.108 2376 2376 V NatController: runCmd(/system/bin/ip6tables -w -X natctrl_tether_counters) res=1
08-15 08:12:04.111 2376 2376 V NatController: runCmd(/system/bin/iptables -w -N natctrl_tether_counters) res=0
08-15 08:12:04.114 2376 2376 V NatController: runCmd(/system/bin/ip6tables -w -N natctrl_tether_counters) res=0
08-15 08:12:04.123 2376 2376 V NatController: runCmd(/system/bin/iptables -w -t mangle -A natctrl_mangle_FORWARD -p tcp --tcp-flags SYN SYN -j TCPMSS --clamp-mss-to-pmtu) res=0
08-15 08:12:04.129 2360 2360 D GRALLOC-KMS: will use flip for fb posting
08-15 08:12:04.129 2360 2360 I GRALLOC-MOD: mode.hdisplay 1920
08-15 08:12:04.129 2360 2360 I GRALLOC-MOD: mode.vdisplay 1080
08-15 08:12:04.129 2360 2360 I GRALLOC-MOD: mode.vrefresh 60.000000
08-15 08:12:04.129 2360 2360 I GRALLOC-MOD: format 0x5
08-15 08:12:04.129 2360 2360 I GRALLOC-MOD: xdpi 157.000000
08-15 08:12:04.129 2360 2360 I GRALLOC-MOD: ydpi 161.000000
08-15 08:12:04.129 2360 2360 E SurfaceFlinger: hwcomposer module not found
08-15 08:12:04.129 2360 2360 I SurfaceFlinger: Trying a simpler query for non-RGBA_8888
08-15 08:12:04.129 2360 2360 I SurfaceFlinger: EGL information: format=0x5
08-15 08:12:04.129 2360 2360 I SurfaceFlinger: vendor : Android
08-15 08:12:04.129 2360 2360 I SurfaceFlinger: version : 1.4 Android META-EGL
08-15 08:12:04.129 2360 2360 I SurfaceFlinger: extensions: EGL_KHR_get_all_proc_addresses EGL_ANDROID_presentation_time EGL_KHR_swap_buffers_with_damage EGL_ANDROID_create_native_client_buffer EGL_ANDROID_front_buffer_auto_refresh EGL_KHR_image_base EGL_KHR_gl_texture_2D_image EGL_KHR_gl_texture_3D_image EGL_KHR_gl_texture_cubemap_image EGL_KHR_gl_renderbuffer_image EGL_KHR_reusable_sync EGL_KHR_fence_sync EGL_KHR_create_context EGL_KHR_config_attribs EGL_KHR_surfaceless_context EGL_EXT_create_context_robustness EGL_ANDROID_image_native_buffer EGL_KHR_wait_sync EGL_ANDROID_recordable EGL_KHR_partial_update EGL_EXT_buffer_age EGL_KHR_create_context_no_error
08-15 08:12:04.129 2360 2360 I SurfaceFlinger: Client API: OpenGL_ES
08-15 08:12:04.129 2360 2360 I SurfaceFlinger: EGLSurface: 8-8-8-8, config=0x7aa39c5e49c0
08-15 08:12:04.146 2376 2376 E Netd : /system/bin/iptables-restore failed with res=0, status=256
08-15 08:12:04.149 2376 2376 E Netd : /system/bin/ip6tables-restore failed with res=0, status=256 --------- beginning of crash
08-15 08:12:04.167 2360 2360 F libc : Fatal signal 11 (SIGSEGV), code 1, fault addr 0xc4 in tid 2360 (surfaceflinger)
08-15 08:12:04.167 2346 2346 W : debuggerd: handling request: pid=2360 uid=0 gid=1003 tid=2360
08-15 08:12:04.168 2617 2617 E : debuggerd: Unable to connect to activity manager (connect failed: No such file or directory)
08-15 08:12:04.179 2618 2618 E ProbeModule: insmod_by_dep: cannot load module: [netdev-dummy0]
08-15 08:12:04.190 2619 2619 E ProbeModule: insmod_by_dep: cannot load module: [dummy0]
08-15 08:12:04.190 2376 2376 E Netd : cannot find interface dummy0
08-15 08:12:04.191 2376 2376 D MDnsDS : MDnsSdListener::Hander starting up
08-15 08:12:04.191 2376 2625 D MDnsDS : MDnsSdListener starting to monitor
08-15 08:12:04.191 2376 2625 D MDnsDS : Going to poll with pollCount 1
08-15 08:12:04.218 2617 2617 F DEBUG : *** *** *** *** *** *** *** *** *** *** *** *** *** *** *** ***
08-15 08:12:04.218 2617 2617 F DEBUG : Build fingerprint: 'Android-x86/android_x86_64/x86_64:7.1.2/NZH54D/utente08111621:eng/test-keys'
08-15 08:12:04.218 2617 2617 F DEBUG : Revision: '0'
08-15 08:12:04.218 2617 2617 F DEBUG : ABI: 'x86_64'
08-15 08:12:04.218 2617 2617 F DEBUG : pid: 2360, tid: 2360, name: surfaceflinger >>> /system/bin/surfaceflinger <<<
08-15 08:12:04.218 2617 2617 F DEBUG : signal 11 (SIGSEGV), code 1 (SEGV_MAPERR), fault addr 0xc4
08-15 08:12:04.218 2617 2617 F DEBUG : rax 0000000000000000 rbx 00007aa39ac31298 rcx 0000000000000009 rdx ffffffffffffffb0
08-15 08:12:04.218 2617 2617 F DEBUG : rsi 0000000000000000 rdi 00007aa39c426208
08-15 08:12:04.218 2617 2617 F DEBUG : r8 0000000000000f00 r9 00007ffe93493940 r10 0000000000003000 r11 00007aa39ac03318
08-15 08:12:04.218 2617 2617 F DEBUG : r12 00007aa39c485838 r13 0000000000000010 r14 00007aa39c478600 r15 00007aa39c427b70
08-15 08:12:04.218 2617 2617 F DEBUG : cs 0000000000000033 ss 000000000000002b
08-15 08:12:04.218 2617 2617 F DEBUG : rip 00007aa39b5645a8 rbp 0000000000000001 rsp 00007ffe93494320 eflags 0000000000010246
08-15 08:12:04.220 2617 2617 F DEBUG :
08-15 08:12:04.220 2617 2617 F DEBUG : backtrace:
08-15 08:12:04.220 2617 2617 F DEBUG : #00 pc 00000000000885a8 /system/lib64/dri/i965_dri.so
08-15 08:12:04.220 2617 2617 F DEBUG : #01 pc 000000000006a618 /system/lib64/dri/i965_dri.so
08-15 08:12:04.220 2617 2617 F DEBUG : #02 pc 00000000002e4c98 /system/lib64/dri/i965_dri.so
08-15 08:12:04.220 2617 2617 F DEBUG : #03 pc 0000000000012da4 /system/lib64/egl/libGLES_mesa.so
08-15 08:12:04.220 2617 2617 F DEBUG : #04 pc 0000000000005a14 /system/lib64/egl/libGLES_mesa.so (eglCreateContext+356)
08-15 08:12:04.220 2617 2617 F DEBUG : #05 pc 0000000000015b9d /system/lib64/libEGL.so (eglCreateContext+141)
08-15 08:12:04.220 2617 2617 F DEBUG : #06 pc 000000000003e542 /system/lib64/libsurfaceflinger.so
08-15 08:12:04.220 2617 2617 F DEBUG : #07 pc 0000000000044448 /system/lib64/libsurfaceflinger.so (_ZN7android14SurfaceFlinger4initEv+936)
08-15 08:12:04.220 2617 2617 F DEBUG : #08 pc 000000000000130d /system/bin/surfaceflinger
08-15 08:12:04.220 2617 2617 F DEBUG : #09 pc 000000000001c994 /system/lib64/libc.so (__libc_init+84)
08-15 08:12:04.220 2617 2617 F DEBUG : #10 pc 00000000000011c4 /system/bin/surfaceflinger
08-15 08:12:04.220 2617 2617 F DEBUG : #11 pc 0000000000000000
08-15 08:12:04.230 2346 2346 W : debuggerd: resuming target 2360
08-15 08:12:04.233 2359 2359 I ServiceManager: service 'media.audio_flinger' died
08-15 08:12:04.233 2359 2359 I ServiceManager: service 'media.audio_policy' died
08-15 08:12:04.233 2359 2359 I ServiceManager: service 'media.sound_trigger_hw' died
08-15 08:12:04.233 2359 2359 I ServiceManager: service 'media.radio' died
08-15 08:12:04.238 2359 2359 I ServiceManager: service 'netd' died
08-15 08:12:04.238 2359 2359 I ServiceManager: service 'media.player' died
08-15 08:12:04.238 2359 2359 I ServiceManager: service 'media.resource_manager' died
08-15 08:12:04.238 2357 2357 I healthd : type=1400 audit(0.0:96): avc: denied { wake_alarm } for capability=35 scontext=u:r:healthd:s0 tcontext=u:r:healthd:s0 tclass=capability2 permissive=1
08-15 08:12:04.467 2366 2366 D AndroidRuntime: >>>>>> START com.android.internal.os.ZygoteInit uid 0 <<<<<<
08-15 08:12:04.510 2366 2366 D AndroidRuntime: CheckJNI is ON
08-15 08:12:04.537 2366 2366 I art : option[0]=-Xzygote
08-15 08:12:04.537 2366 2366 I art : option[1]=-Xcheck:jni
08-15 08:12:04.537 2366 2366 I art : option[2]=-Xstacktracefile:/data/anr/traces.txt
08-15 08:12:04.537 2366 2366 I art : option[3]=exit
08-15 08:12:04.537 2366 2366 I art : option[4]=vfprintf
08-15 08:12:04.537 2366 2366 I art : option[5]=sensitiveThread
08-15 08:12:04.537 2366 2366 I art : option[6]=-verbose:gc
08-15 08:12:04.537 2366 2366 I art : option[7]=-Xms16m
08-15 08:12:04.537 2366 2366 I art : option[8]=-Xmx512m
08-15 08:12:04.537 2366 2366 I art : option[9]=-XX:HeapGrowthLimit=192m
08-15 08:12:04.537 2366 2366 I art : option[10]=-XX:HeapMinFree=512k
08-15 08:12:04.537 2366 2366 I art : option[11]=-XX:HeapMaxFree=8m
08-15 08:12:04.537 2366 2366 I art : option[12]=-XX:HeapTargetUtilization=0.75
08-15 08:12:04.537 2366 2366 I art : option[13]=-Xusejit:true
08-15 08:12:04.537 2366 2366 I art : option[14]=-Xjitsaveprofilinginfo
08-15 08:12:04.537 2366 2366 I art : option[15]=-agentlib:jdwp=transport=dt_android_adb,suspend=n,server=y
08-15 08:12:04.537 2366 2366 I art : option[16]=-Xlockprofthreshold:500
08-15 08:12:04.537 2366 2366 I art : option[17]=-Ximage-compiler-option
08-15 08:12:04.537 2366 2366 I art : option[18]=--runtime-arg
08-15 08:12:04.537 2366 2366 I art : option[19]=-Ximage-compiler-option
08-15 08:12:04.537 2366 2366 I art : option[20]=-Xms64m
08-15 08:12:04.537 2366 2366 I art : option[21]=-Ximage-compiler-option
08-15 08:12:04.537 2366 2366 I art : option[22]=--runtime-arg
08-15 08:12:04.537 2366 2366 I art : option[23]=-Ximage-compiler-option
08-15 08:12:04.537 2366 2366 I art : option[24]=-Xmx64m
08-15 08:12:04.537 2366 2366 I art : option[25]=-Ximage-compiler-option
08-15 08:12:04.537 2366 2366 I art : option[26]=--compiler-filter=verify-at-runtime
08-15 08:12:04.537 2366 2366 I art : option[27]=-Ximage-compiler-option
08-15 08:12:04.537 2366 2366 I art : option[28]=--image-classes=/system/etc/preloaded-classes
