01-02 00:06:29.612 2959 2959 W AudioPolicyEffects: Failed to load XML effect configuration, fallback to .conf
01-02 00:06:29.627 2231 2231 W /system/bin/hwservicemanager: getTransport: Cannot find entry android.hardware.soundtrigger@2.0::ISoundTriggerHw/default in either framework or device manifest.
01-02 00:06:29.632 2958 2958 I Zygote : System server process 3007 has been created
01-02 00:06:29.633 2958 2958 I Zygote : Accepting command socket connections
01-02 00:06:29.647 2959 2959 I SoundTriggerHalHidl: getProperties res implementor
01-02 00:06:29.647 2959 2959 I SoundTriggerHalHidl: getProperties ret -19
01-02 00:06:29.647 2959 2959 E SoundTriggerHwService: could not read implementation properties
01-02 00:06:29.664 3000 3000 E crash_dump32: unable to connect to activity manager: No such file or directory
01-02 00:06:29.664 2321 2321 E /system/bin/tombstoned: Tombstone written to: /data/tombstones/tombstone_10
01-02 00:06:29.631 2958 2958 I main : type=1400 audit(0.0:414): avc: denied { dac_read_search } for capability=2 scontext=u:r:zygote:s0 tcontext=u:r:zygote:s0 tclass=capability permissive=1
01-02 00:06:29.646 1160 1160 I loop0 : type=1400 audit(0.0:416): avc: denied { read } for path="/mnt/system.sfs" dev="sdb" ino=1897 scontext=u:r:kernel:s0 tcontext=u:object_r:unlabeled:s0 tclass=file permissive=1
01-02 00:06:29.687 2231 2231 E hw-IPCThreadState: attemptIncStrongHandle(14): Not supported
01-02 00:06:29.687 2231 2231 I chatty : uid=1000(system) hwservicemanage identical 4 lines
01-02 00:06:29.687 2231 2231 E hw-IPCThreadState: attemptIncStrongHandle(14): Not supported
01-02 00:06:29.686 1 1 I init : type=1400 audit(0.0:417): avc: denied { dac_read_search } for capability=2 scontext=u:r:init:s0 tcontext=u:r:init:s0 tclass=capability permissive=1
01-02 00:06:29.707 2974 2974 E ProbeModule: insmod_by_dep: cannot load module: [net-pf-16-proto-5]
01-02 00:06:29.708 2974 2974 W /sbin/modprobe: failed to load net-pf-16-proto-5: Invalid argument
01-02 00:06:29.719 2952 2952 E Netd : Unable to create netlink socket: Protocol not supported
01-02 00:06:29.719 2952 2952 W Netd : Unable to open qlog quota socket, check if xt_quota2 can send via UeventHandler
01-02 00:06:29.720 2230 2230 I ServiceManager: service 'media.sound_trigger_hw' died
01-02 00:06:29.720 2230 2230 I ServiceManager: service 'media.audio_flinger' died
01-02 00:06:29.720 2230 2230 I ServiceManager: service 'media.audio_policy' died
01-02 00:06:29.720 2952 2952 D MDnsDS : MDnsSdListener::Hander starting up
01-02 00:06:29.720 2957 2957 E audio_hw_primary: audio_route_free: invalid audio_route
01-02 00:06:29.720 2952 3024 D MDnsDS : MDnsSdListener starting to monitor
01-02 00:06:29.720 2952 3024 D MDnsDS : Going to poll with pollCount 1
01-02 00:06:29.721 2952 2952 I Netd : Registering NetdNativeService: 0.8ms
01-02 00:06:29.721 2952 2952 I Netd : Starting CommandListener: 0.1ms
01-02 00:06:29.722 2952 2952 I Netd : Registering NetdHwService: 1.2ms
01-02 00:06:29.722 2952 2952 I Netd : Netd started in 1306ms
01-02 00:06:29.727 2230 2230 I ServiceManager: service 'media.camera' died
01-02 00:06:29.732 2230 2230 I ServiceManager: service 'media.player' died
01-02 00:06:29.732 2230 2230 I ServiceManager: service 'media.resource_manager' died
01-02 00:06:29.735 2231 2231 E hw-IPCThreadState: attemptIncStrongHandle(14): Not supported
01-02 00:06:29.735 2230 2230 I ServiceManager: service 'netd' died
01-02 00:06:29.742 2230 2230 I ServiceManager: service 'wificond' died
01-02 00:06:31.699 3031 3031 I busybox : type=1400 audit(0.0:418): avc: denied { mounton } for path="/data/x" dev="tmpfs" ino=19204 scontext=u:r:shell:s0 tcontext=u:object_r:system_data_file:s0 tclass=dir permissive=1
01-02 00:06:31.723 3031 3031 I busybox : type=1400 audit(0.0:419): avc: denied { mount } for name="/" dev="sdg1" ino=1 scontext=u:r:shell:s0 tcontext=u:object_r:vfat:s0 tclass=filesystem permissive=1
01-02 00:06:33.394 1 1 I init : type=1400 audit(0.0:420): avc: denied { create } for name="cgroup.procs" scontext=u:r:init:s0 tcontext=u:object_r:cgroup:s0 tclass=file permissive=1
01-02 00:06:33.423 3032 3032 I Netd : Netd 1.0 starting
01-02 00:06:33.424 3032 3032 D TetherController: Setting IP forward enable = 0
01-02 00:06:33.450 3032 3032 I Netd : Creating child chains: 24.2ms
01-02 00:06:33.450 3032 3032 I Netd : Setting up OEM hooks: 0.1ms
01-02 00:06:33.455 3032 3032 I Netd : Setting up FirewallController hooks: 4.4ms
01-02 00:06:33.459 3032 3032 I Netd : Setting up NatController hooks: 4.1ms
01-02 00:06:33.461 3037 3037 I android.hardwar: type=1400 audit(0.0:423): avc: denied { getattr } for path="/vendor" dev="tmpfs" ino=5475 scontext=u:r:hal_audio_default:s0 tcontext=u:object_r:tmpfs:s0 tclass=lnk_file permissive=1
01-02 00:06:33.463 3032 3032 I Netd : Setting up BandwidthController hooks: 4.1ms
01-02 00:06:33.463 3032 3032 I Netd : Setting up IdletimerController hooks: 0.0ms
01-02 00:06:33.464 3039 3039 I audioserver: type=1400 audit(0.0:424): avc: denied { getattr } for path="/vendor" dev="tmpfs" ino=5475 scontext=u:r:audioserver:s0 tcontext=u:object_r:tmpfs:s0 tclass=lnk_file permissive=1
01-02 00:06:33.464 3039 3039 I audioserver: type=1400 audit(0.0:425): avc: denied { read } for name="vendor" dev="tmpfs" ino=5475 scontext=u:r:audioserver:s0 tcontext=u:object_r:tmpfs:s0 tclass=lnk_file permissive=1
01-02 00:06:33.473 3040 3040 I cameraserver: type=1400 audit(0.0:426): avc: denied { getattr } for path="/vendor" dev="tmpfs" ino=5475 scontext=u:r:cameraserver:s0 tcontext=u:object_r:tmpfs:s0 tclass=lnk_file permissive=1
01-02 00:06:33.473 3040 3040 I cameraserver: type=1400 audit(0.0:427): avc: denied { read } for name="vendor" dev="tmpfs" ino=5475 scontext=u:r:cameraserver:s0 tcontext=u:object_r:tmpfs:s0 tclass=lnk_file permissive=1
01-02 00:06:33.508 3036 3036 I wificond: wificond is starting up...
01-02 00:06:33.532 3032 3032 W IptablesRestoreController: iptables-restore process 3033 terminated status=256
01-02 00:06:33.532 3032 3032 E IptablesRestoreController: iptables error:
01-02 00:06:33.532 3032 3032 E IptablesRestoreController: ------- COMMAND -------
01-02 00:06:33.532 3032 3032 E IptablesRestoreController: *filter
01-02 00:06:33.532 3032 3032 E IptablesRestoreController: -A bw_INPUT -m owner --socket-exists
01-02 00:06:33.532 3032 3032 E IptablesRestoreController: -A bw_OUTPUT -m owner --socket-exists
01-02 00:06:33.532 3032 3032 E IptablesRestoreController: -A bw_costly_shared --jump bw_penalty_box
01-02 00:06:33.532 3032 3032 E IptablesRestoreController: -A bw_penalty_box --jump bw_happy_box
01-02 00:06:33.532 3032 3032 E IptablesRestoreController: -A bw_happy_box --jump bw_data_saver
01-02 00:06:33.532 3032 3032 E IptablesRestoreController: -A bw_data_saver -j RETURN
01-02 00:06:33.532 3032 3032 E IptablesRestoreController: -I bw_happy_box -m owner --uid-owner 0-9999 --jump RETURN
01-02 00:06:33.532 3032 3032 E IptablesRestoreController: COMMIT
01-02 00:06:33.532 3032 3032 E IptablesRestoreController: *raw
01-02 00:06:33.532 3032 3032 E IptablesRestoreController: -A bw_raw_PREROUTING -m owner --socket-exists
01-02 00:06:33.532 3032 3032 E IptablesRestoreController: COMMIT
01-02 00:06:33.532 3032 3032 E IptablesRestoreController: *mangle
01-02 00:06:33.532 3032 3032 E IptablesRestoreController: -A bw_mangle_POSTROUTING -m owner --socket-exists
01-02 00:06:33.532 3032 3032 E IptablesRestoreController: COMMIT
01-02 00:06:33.532 3032 3032 E IptablesRestoreController:
01-02 00:06:33.532 3032 3032 E IptablesRestoreController: ------- ERROR -------
01-02 00:06:33.532 3032 3032 E IptablesRestoreController: iptables-restore: line 174 failed
01-02 00:06:33.532 3032 3032 E IptablesRestoreController: ----------------------
01-02 00:06:33.566 3032 3032 W IptablesRestoreController: iptables-restore process 3034 terminated status=256
01-02 00:06:33.566 3032 3032 E IptablesRestoreController: iptables error:
01-02 00:06:33.566 3032 3032 E IptablesRestoreController: ------- COMMAND -------
01-02 00:06:33.566 3032 3032 E IptablesRestoreController: *filter
01-02 00:06:33.566 3032 3032 E IptablesRestoreController: -A bw_INPUT -m owner --socket-exists
01-02 00:06:33.566 3032 3032 E IptablesRestoreController: -A bw_OUTPUT -m owner --socket-exists
01-02 00:06:33.566 3032 3032 E IptablesRestoreController: -A bw_costly_shared --jump bw_penalty_box
01-02 00:06:33.566 3032 3032 E IptablesRestoreController: -A bw_penalty_box --jump bw_happy_box
01-02 00:06:33.566 3032 3032 E IptablesRestoreController: -A bw_happy_box --jump bw_data_saver
01-02 00:06:33.566 3032 3032 E IptablesRestoreController: -A bw_data_saver -j RETURN
01-02 00:06:33.566 3032 3032 E IptablesRestoreController: -I bw_happy_box -m owner --uid-owner 0-9999 --jump RETURN
01-02 00:06:33.566 3032 3032 E IptablesRestoreController: COMMIT
01-02 00:06:33.566 3032 3032 E IptablesRestoreController: *raw
01-02 00:06:33.566 3032 3032 E IptablesRestoreController: -A bw_raw_PREROUTING -m owner --socket-exists
01-02 00:06:33.566 3032 3032 E IptablesRestoreController: COMMIT
01-02 00:06:33.566 3032 3032 E IptablesRestoreController: *mangle
01-02 00:06:33.566 3032 3032 E IptablesRestoreController: -A bw_mangle_POSTROUTING -m owner --socket-exists
01-02 00:06:33.566 3032 3032 E IptablesRestoreController: COMMIT
01-02 00:06:33.566 3032 3032 E IptablesRestoreController:
01-02 00:06:33.566 3032 3032 E IptablesRestoreController: ------- ERROR -------
01-02 00:06:33.566 3032 3032 E IptablesRestoreController: ip6tables-restore: line 159 failed
01-02 00:06:33.566 3032 3032 E IptablesRestoreController: ----------------------
01-02 00:06:33.566 3032 3032 I Netd : Disabling bandwidth control: 103.1ms
01-02 00:06:33.575 3042 3042 I kworker/u8:4: type=1400 audit(0.0:428): avc: denied { read } for name="modprobe" dev="tmpfs" ino=5464 scontext=u:r:kernel:s0 tcontext=u:object_r:tmpfs:s0 tclass=lnk_file permissive=1
01-02 00:06:33.602 3042 3042 I /sbin/modprobe: Parsing file /system/etc/modules.blacklist...
01-02 00:06:33.612 3042 3042 I /sbin/modprobe: Parsing file /system/lib/modules/4.15.0-rc6-android-x86-g8d051505ee26/modules.alias...
01-02 00:06:33.796 3037 3037 D vndksupport: Loading /vendor/lib/hw/android.hardware.audio@2.0-impl.so from current namespace instead of sphal namespace.
01-02 00:06:33.810 3037 3037 I ServiceManagement: Removing namespace from process name android.hardware.audio@2.0-service to audio@2.0-servi.
01-02 00:06:33.811 3037 3037 I audiohalservice: Registration complete for android.hardware.audio@2.0::IDevicesFactory/default.
01-02 00:06:33.811 3037 3037 D vndksupport: Loading /vendor/lib/hw/android.hardware.audio.effect@2.0-impl.so from current namespace instead of sphal namespace.
01-02 00:06:33.830 3035 3035 I /system/bin/surfaceflinger: android::hardware::configstore::V1_0::ISurfaceFlingerConfigs::maxFrameBufferAcquiredBuffers retrieved: 3
01-02 00:06:33.832 3035 3035 I /system/bin/surfaceflinger: android::hardware::configstore::V1_0::ISurfaceFlingerConfigs::startGraphicsAllocatorService retrieved: 1
01-02 00:06:33.833 3035 3035 D vndksupport: Loading /vendor/lib/hw/android.hardware.graphics.allocator@2.0-impl.so from current namespace instead of sphal namespace.
01-02 00:06:33.833 3035 3035 D vndksupport: Loading /vendor/lib/hw/gralloc.gbm.so from current namespace instead of sphal namespace.
01-02 00:06:33.832 3035 3035 I surfaceflinger: type=1400 audit(0.0:429): avc: denied { read } for name="vendor" dev="tmpfs" ino=5475 scontext=u:r:surfaceflinger:s0 tcontext=u:object_r:tmpfs:s0 tclass=lnk_file permissive=1
01-02 00:06:33.843 3038 3038 D AndroidRuntime: >>>>>> START com.android.internal.os.ZygoteInit uid 0 <<<<<<
01-02 00:06:33.848 3038 3038 I zygote : option[0]=-Xzygote
01-02 00:06:33.848 3038 3038 I zygote : option[1]=-Xcheck:jni
01-02 00:06:33.848 3038 3038 I zygote : option[2]=-Xusetombstonedtraces
01-02 00:06:33.848 3038 3038 I zygote : option[3]=exit
01-02 00:06:33.848 3038 3038 I zygote : option[4]=vfprintf
01-02 00:06:33.848 3038 3038 I zygote : option[5]=sensitiveThread
01-02 00:06:33.848 3038 3038 I zygote : option[6]=-verbose:gc
01-02 00:06:33.848 3038 3038 I zygote : option[7]=-Xms16m
01-02 00:06:33.848 3038 3038 I zygote : option[8]=-Xmx512m
01-02 00:06:33.848 3038 3038 I zygote : option[9]=-XX:HeapGrowthLimit=192m
01-02 00:06:33.848 3038 3038 I zygote : option[10]=-XX:HeapMinFree=512k
01-02 00:06:33.848 3038 3038 I zygote : option[11]=-XX:HeapMaxFree=8m
01-02 00:06:33.848 3038 3038 I zygote : option[12]=-XX:HeapTargetUtilization=0.75
01-02 00:06:33.848 3038 3038 I zygote : option[13]=-Xusejit:true
01-02 00:06:33.848 3038 3038 I zygote : option[14]=-Xjitsaveprofilinginfo
01-02 00:06:33.848 3038 3038 I zygote : option[15]=-agentlib:jdwp=transport=dt_android_adb,suspend=n,server=y
01-02 00:06:33.848 3038 3038 I zygote : option[16]=-Xlockprofthreshold:500
01-02 00:06:33.848 3038 3038 I zygote : option[17]=-Ximage-compiler-option
01-02 00:06:33.848 3038 3038 I zygote : option[18]=--runtime-arg
01-02 00:06:33.848 3038 3038 I zygote : option[19]=-Ximage-compiler-option
01-02 00:06:33.848 3038 3038 I zygote : option[20]=-Xms64m
01-02 00:06:33.848 3038 3038 I zygote : option[21]=-Ximage-compiler-option
01-02 00:06:33.848 3038 3038 I zygote : option[22]=--runtime-arg
01-02 00:06:33.848 3038 3038 I zygote : option[23]=-Ximage-compiler-option
01-02 00:06:33.848 3038 3038 I zygote : option[24]=-Xmx64m
01-02 00:06:33.848 3038 3038 I zygote : option[25]=-Ximage-compiler-option
01-02 00:06:33.848 3038 3038 I zygote : option[26]=--compiler-filter=verify-at-runtime
01-02 00:06:33.848 3038 3038 I zygote : option[27]=-Ximage-compiler-option
01-02 00:06:33.848 3038 3038 I zygote : option[28]=--image-classes=/system/etc/preloaded-classes
01-02 00:06:33.848 3038 3038 I zygote : option[29]=-Ximage-compiler-option
01-02 00:06:33.848 3038 3038 I zygote : option[30]=--compiled-classes=/system/etc/compiled-classes
01-02 00:06:33.848 3038 3038 I zygote : option[31]=-Ximage-compiler-option
01-02 00:06:33.848 3038 3038 I zygote : option[32]=--dirty-image-objects=/system/etc/dirty-image-objects
01-02 00:06:33.848 3038 3038 I zygote : option[33]=-Xcompiler-option
01-02 00:06:33.848 3038 3038 I zygote : option[34]=--runtime-arg
01-02 00:06:33.848 3038 3038 I zygote : option[35]=-Xcompiler-option
01-02 00:06:33.848 3038 3038 I zygote : option[36]=-Xms64m
01-02 00:06:33.848 3038 3038 I zygote : option[37]=-Xcompiler-option
01-02 00:06:33.848 3038 3038 I zygote : option[38]=--runtime-arg
01-02 00:06:33.848 3038 3038 I zygote : option[39]=-Xcompiler-option
01-02 00:06:33.848 3038 3038 I zygote : option[40]=-Xmx512m
01-02 00:06:33.848 3038 3038 I zygote : option[41]=-Ximage-compiler-option
01-02 00:06:33.848 3038 3038 I zygote : option[42]=--instruction-set-variant=x86
01-02 00:06:33.848 3038 3038 I zygote : option[43]=-Xcompiler-option
01-02 00:06:33.848 3038 3038 I zygote : option[44]=--instruction-set-variant=x86
01-02 00:06:33.848 3038 3038 I zygote : option[45]=-Ximage-compiler-option
01-02 00:06:33.848 3038 3038 I zygote : option[46]=--instruction-set-features=default
01-02 00:06:33.848 3038 3038 I zygote : option[47]=-Xcompiler-option
01-02 00:06:33.848 3038 3038 I zygote : option[48]=--instruction-set-features=default
01-02 00:06:33.848 3038 3038 I zygote : option[49]=-Duser.locale=en-US
01-02 00:06:33.848 3038 3038 I zygote : option[50]=-XX:NativeBridge=libhoudini.so
01-02 00:06:33.848 3038 3038 I zygote : option[51]=--cpu-abilist=x86,armeabi-v7a,armeabi
01-02 00:06:33.848 3038 3038 I zygote : option[52]=-Xfingerprint:Android-x86/android_x86/x86:8.1.0/OPM1.171019.011/utente12170902:eng/test-keys
01-02 00:06:33.860 3037 3037 I audiohalservice: Registration complete for android.hardware.audio.effect@2.0::IEffectsFactory/default.
01-02 00:06:33.860 2231 2231 W /system/bin/hwservicemanager: getTransport: Cannot find entry android.hardware.soundtrigger@2.0::ISoundTriggerHw/default in either framework or device manifest.
01-02 00:06:33.860 3037 3037 D vndksupport: Loading /vendor/lib/hw/android.hardware.soundtrigger@2.0-impl.so from current namespace instead of sphal namespace.
01-02 00:06:33.861 3037 3037 E SoundTriggerHalImpl: couldn't load sound trigger module sound_trigger.primary (No such file or directory)
01-02 00:06:33.868 3037 3037 I audiohalservice: Registration complete for android.hardware.soundtrigger@2.0::ISoundTriggerHw/default.
01-02 00:06:33.894 3038 3038 W zygote : Could not reserve sentinel fault page
01-02 00:06:33.936 3035 3035 I SurfaceFlinger: Registration complete for android.hardware.graphics.allocator@2.0::IAllocator/default.
01-02 00:06:33.937 3035 3035 I SurfaceFlinger: SurfaceFlinger is starting
01-02 00:06:33.937 3035 3035 I /system/bin/surfaceflinger: android::hardware::configstore::V1_0::ISurfaceFlingerConfigs::vsyncEventPhaseOffsetNs retrieved: 1000000 (default)
01-02 00:06:33.937 3035 3035 I /system/bin/surfaceflinger: android::hardware::configstore::V1_0::ISurfaceFlingerConfigs::vsyncSfEventPhaseOffsetNs retrieved: 1000000 (default)
01-02 00:06:33.938 3035 3035 I /system/bin/surfaceflinger: android::hardware::configstore::V1_0::ISurfaceFlingerConfigs::maxVirtualDisplaySize retrieved: 0 (default)
01-02 00:06:33.938 3035 3035 I /system/bin/surfaceflinger: android::hardware::configstore::V1_0::ISurfaceFlingerConfigs::hasSyncFramework retrieved: 1
01-02 00:06:33.938 3035 3035 I /system/bin/surfaceflinger: android::hardware::configstore::V1_0::ISurfaceFlingerConfigs::useContextPriority retrieved: 0 (default)
01-02 00:06:33.938 3035 3035 I /system/bin/surfaceflinger: android::hardware::configstore::V1_0::ISurfaceFlingerConfigs::presentTimeOffsetFromVSyncNs retrieved: 0
01-02 00:06:33.938 3035 3035 I /system/bin/surfaceflinger: android::hardware::configstore::V1_0::ISurfaceFlingerConfigs::useHwcForRGBtoYUV retrieved: 0
01-02 00:06:33.938 3035 3035 I /system/bin/surfaceflinger: android::hardware::configstore::V1_0::ISurfaceFlingerConfigs::maxFrameBufferAcquiredBuffers retrieved: 3
01-02 00:06:33.938 3035 3035 I SurfaceFlinger: Enabling HWC virtual displays
01-02 00:06:33.938 3035 3035 I SurfaceFlinger: Disabling Triple Buffering
01-02 00:06:33.938 3035 3035 I SurfaceFlinger: SurfaceFlinger's main thread ready to run. Initializing graphics H/W...
01-02 00:06:33.939 3035 3035 D vndksupport: Loading /vendor/lib/egl/libGLES_mesa.so from current namespace instead of sphal namespace.
01-02 00:06:33.940 3035 3035 D libEGL : loaded /vendor/lib/egl/libGLES_mesa.so
01-02 00:06:34.014 3035 3035 D vndksupport: Loading /vendor/lib/hw/gralloc.gbm.so from current namespace instead of sphal namespace.
01-02 00:06:34.015 3035 3035 I EGL-MAIN: found extension DRI_Core version 2
01-02 00:06:34.015 3035 3035 I EGL-MAIN: found extension DRI_IMAGE_DRIVER version 1
01-02 00:06:34.017 3035 3035 I EGL-MAIN: found extension DRI_TexBuffer version 2
01-02 00:06:34.017 3035 3035 I EGL-MAIN: found extension DRI2_Flush version 4
01-02 00:06:34.017 3035 3035 I EGL-MAIN: found extension DRI_IMAGE version 17
01-02 00:06:34.017 3035 3035 I EGL-MAIN: found extension DRI_RENDERER_QUERY version 1
01-02 00:06:34.017 3035 3035 I EGL-MAIN: found extension DRI_CONFIG_QUERY version 1
01-02 00:06:34.017 3035 3035 I EGL-MAIN: found extension DRI2_Fence version 2
01-02 00:06:34.017 3035 3035 I EGL-MAIN: found extension DRI2_Interop version 1
01-02 00:06:34.017 3035 3035 I EGL-MAIN: found extension DRI_NoError version 1
01-02 00:06:34.017 3035 3035 I EGL-MAIN: found extension DRI_FlushControl version 1
01-02 00:06:34.022 3035 3035 I /system/bin/surfaceflinger: android::hardware::configstore::V1_0::ISurfaceFlingerConfigs::hasWideColorDisplay retrieved: 0
01-02 00:06:34.022 3035 3035 D vndksupport: Loading /vendor/lib/hw/gralloc.gbm.so from current namespace instead of sphal namespace.
01-02 00:06:34.041 3035 3035 D vndksupport: Loading /vendor/lib/hw/hwcomposer.drm.so from current namespace instead of sphal namespace.
01-02 00:06:33.850 3035 3035 I surfaceflinger: type=1400 audit(0.0:430): avc: denied { read } for name="dri" dev="tmpfs" ino=9263 scontext=u:r:surfaceflinger:s0 tcontext=u:object_r:device:s0 tclass=dir permissive=1
01-02 00:06:33.937 3035 3035 I surfaceflinger: type=1400 audit(0.0:432): avc: denied { dac_override } for capability=1 scontext=u:r:surfaceflinger:s0 tcontext=u:r:surfaceflinger:s0 tclass=capability permissive=1
01-02 00:06:34.130 3035 3035 E hwc-drm-plane: Could not get rotation property
01-02 00:06:34.131 3035 3035 I hwc-drm-plane: Could not get alpha property
01-02 00:06:34.135 3042 3042 E ProbeModule: insmod_by_dep: cannot load module: [netdev-dummy0]
01-02 00:06:34.136 3042 3042 W /sbin/modprobe: failed to load netdev-dummy0: Invalid argument
01-02 00:06:34.147 3032 3032 E Netd : cannot find interface dummy0
01-02 00:06:34.148 3032 3032 I Netd : Initializing RouteController: 581.5ms
01-02 00:06:34.155 3057 3057 I /sbin/modprobe: Parsing file /system/etc/modules.blacklist...
01-02 00:06:34.155 3057 3057 I /sbin/modprobe: Parsing file /system/lib/modules/4.15.0-rc6-android-x86-g8d051505ee26/modules.alias...
01-02 00:06:34.167 3038 3038 D Zygote : begin preload
01-02 00:06:34.167 3038 3038 I Zygote : Installing ICU cache reference pinning...
01-02 00:06:34.167 3038 3038 I Zygote : Preloading ICU data...
01-02 00:06:34.177 3038 3038 D Zygote32Timing: BeginIcuCachePinning took to complete: 10ms
01-02 00:06:34.177 3038 3038 I Zygote : Preloading classes...
01-02 00:06:34.208 3066 3066 I crash_dump32: type=1400 audit(0.0:433): avc: denied { getattr } for path="/vendor" dev="tmpfs" ino=5475 scontext=u:r:crash_dump:s0 tcontext=u:object_r:tmpfs:s0 tclass=lnk_file permissive=1
01-02 00:06:34.211 3066 3066 I crash_dump32: type=1400 audit(0.0:434): avc: denied { read } for name="vendor" dev="tmpfs" ino=5475 scontext=u:r:crash_dump:s0 tcontext=u:object_r:tmpfs:s0 tclass=lnk_file permissive=1
01-02 00:06:34.196 3035 3035 E hwc-drm-plane: Could not get rotation property
01-02 00:06:34.197 3035 3035 I hwc-drm-plane: Could not get alpha property
01-02 00:06:34.197 3035 3035 E hwc-drm-plane: Could not get rotation property
01-02 00:06:34.197 3035 3035 I hwc-drm-plane: Could not get alpha property
01-02 00:06:34.197 3035 3035 E hwc-drm-plane: Could not get rotation property
01-02 00:06:34.197 3035 3035 I hwc-drm-plane: Could not get alpha property
01-02 00:06:34.198 3035 3035 E hwc-drm-resources: Could not find a suitable encoder/crtc for display 2
01-02 00:06:34.198 3035 3035 E hwc-drm-resources: Failed CreateDisplayPipe 49 with -19
01-02 00:06:34.198 3035 3035 E hwcomposer-drm: Can't initialize Drm object -19
01-02 00:06:34.202 3035 3035 E SurfaceFlinger: composer device failed to initialize (No such device)
01-02 00:06:34.202 3035 3035 E SurfaceFlinger: ERROR: failed to open framebuffer (Invalid argument), aborting
01-02 00:06:34.202 3035 3035 F libc : Fatal signal 6 (SIGABRT), code -6 in tid 3035 (surfaceflinger), pid 3035 (surfaceflinger)
01-02 00:06:34.229 3067 3067 I crash_dump32: obtaining output fd from tombstoned, type: kDebuggerdTombstone
01-02 00:06:34.229 2321 2321 I /system/bin/tombstoned: received crash request for pid 3035
01-02 00:06:34.229 3067 3067 I crash_dump32: performing dump of process 3035 (target tid = 3035)
01-02 00:06:34.230 3067 3067 F DEBUG : *** *** *** *** *** *** *** *** *** *** *** *** *** *** *** ***
01-02 00:06:34.230 3067 3067 F DEBUG : Build fingerprint: 'Android-x86/android_x86/x86:8.1.0/OPM1.171019.011/utente12170902:eng/test-keys'
01-02 00:06:34.230 3067 3067 F DEBUG : Revision: '0'
01-02 00:06:34.230 3067 3067 F DEBUG : ABI: 'x86'
01-02 00:06:34.230 3067 3067 F DEBUG : pid: 3035, tid: 3035, name: surfaceflinger >>> /system/bin/surfaceflinger <<<
01-02 00:06:34.230 3067 3067 F DEBUG : signal 6 (SIGABRT), code -6 (SI_TKILL), fault addr --------
01-02 00:06:34.230 3067 3067 F DEBUG : eax 00000000 ebx 00000bdb ecx 00000bdb edx 00000006
01-02 00:06:34.230 3067 3067 F DEBUG : esi a87088da edi 00000bdb
01-02 00:06:34.230 3067 3067 F DEBUG : xcs 00000073 xds 0000007b xes 0000007b xfs 00000000 xss 0000007b
01-02 00:06:34.230 3067 3067 F DEBUG : eip a8f4dd91 ebp d1cec9b9 esp bfc550b8 flags 00000286
01-02 00:06:34.257 3067 3067 F DEBUG :
01-02 00:06:34.257 3067 3067 F DEBUG : backtrace:
01-02 00:06:34.257 3067 3067 F DEBUG : #00 pc 00000d91 [vdso:a8f4d000] (__kernel_vsyscall+9)
01-02 00:06:34.257 3067 3067 F DEBUG : #01 pc 0001ee38 /system/lib/libc.so (syscall+40)
01-02 00:06:34.257 3067 3067 F DEBUG : #02 pc 0001f053 /system/lib/libc.so (abort+115)
01-02 00:06:34.257 3067 3067 F DEBUG : #03 pc 00074f97 /system/lib/libsurfaceflinger.so (android::HWComposer::HWComposer(android::sp const&, android::HWComposer::EventHandler&)+1399)
01-02 00:06:34.257 3067 3067 F DEBUG : #04 pc 0005baaa /system/lib/libsurfaceflinger.so (android::SurfaceFlinger::init()+1098)
01-02 00:06:34.257 3067 3067 F DEBUG : #05 pc 00002141 /system/bin/surfaceflinger (main+721)
01-02 00:06:34.257 3067 3067 F DEBUG : #06 pc 000b6a34 /system/lib/libc.so (__libc_init+100)
01-02 00:06:34.257 3067 3067 F DEBUG : #07 pc 00001dcd /system/bin/surfaceflinger (_start_main+80)
01-02 00:06:34.257 3067 3067 F DEBUG : #08 pc 00001dd8 /system/bin/surfaceflinger (_start+10)
01-02 00:06:34.313 3038 3038 E ActivityRecognitionHardware: activity_recognition HAL is deprecated. class_init is effectively a no-op
01-02 00:06:34.324 3038 3038 W Zygote : Class not found for preloading: android.icu.impl.number.Parse
01-02 00:06:34.331 3038 3038 I zygote : Thread[1,tid=3038,Native,Thread*=0xa713e000,peer=0x12c01d00,"main"] recursive attempt to load library "/system/lib/libmedia_jni.so"
01-02 00:06:34.331 3038 3038 D MtpDeviceJNI: register_android_mtp_MtpDevice
01-02 00:06:34.332 3038 3038 I zygote : Thread[1,tid=3038,Native,Thread*=0xa713e000,peer=0x12c01d00,"main"] recursive attempt to load library "/system/lib/libmedia_jni.so"
01-02 00:06:34.332 3038 3038 I zygote : Thread[1,tid=3038,Native,Thread*=0xa713e000,peer=0x12c01d00,"main"] recursive attempt to load library "/system/lib/libmedia_jni.so"
01-02 00:06:34.334 3039 3039 I FastMixerState: sMaxFastTracks = 8
01-02 00:06:34.344 3039 3039 I audioserver: ServiceManager: 0xa721af00
01-02 00:06:34.345 3039 3039 W BatteryNotifier: batterystats service unavailable!
01-02 00:06:34.347 3039 3039 I AudioFlinger: Using default 3000 mSec as standby time.
01-02 00:06:34.348 3039 3039 I APM::ConfigParsingUtils: loadAudioPolicyConfig() loaded /system/etc/audio_policy.conf
01-02 00:06:34.348 3037 3037 I audio@2.0-servi: type=1400 audit(0.0:435): avc: denied { read } for name="vendor" dev="tmpfs" ino=5475 scontext=u:r:hal_audio_default:s0 tcontext=u:object_r:tmpfs:s0 tclass=lnk_file permissive=1
01-02 00:06:34.405 3038 3038 I Zygote : ...preloaded 4715 classes in 228ms.
01-02 00:06:34.405 3038 3038 I zygote : VMRuntime.preloadDexCaches starting
01-02 00:06:34.455 3041 3041 I mediaserver: ServiceManager: 0xaf530880
01-02 00:06:34.456 3041 3041 W BatteryNotifier: batterystats service unavailable!
01-02 00:06:34.460 3040 3040 I cameraserver: ServiceManager: 0xa70b0440
01-02 00:06:34.460 3040 3040 I CameraService: CameraService started (pid=3040)
01-02 00:06:34.460 3040 3040 I CameraService: CameraService process starting
01-02 00:06:34.460 3040 3040 W BatteryNotifier: batterystats service unavailable!
01-02 00:06:34.460 3040 3040 W BatteryNotifier: batterystats service unavailable!
01-02 00:06:34.462 3040 3040 I CameraProviderManager: Connecting to new camera provider: legacy/0, isRemote? 1
01-02 00:06:34.462 3040 3040 I CameraProviderManager: Camera provider legacy/0 ready with 0 camera devices
01-02 00:06:34.466 3040 3078 W CameraProviderManager: addProviderLocked: Camera provider HAL with name 'legacy/0' already registered
01-02 00:06:34.469 3038 3038 I zygote : VMRuntime.preloadDexCaches strings total=313067 before=10351 after=10351
01-02 00:06:34.469 3038 3038 I zygote : VMRuntime.preloadDexCaches types total=26671 before=5500 after=5502
01-02 00:06:34.469 3038 3038 I zygote : VMRuntime.preloadDexCaches fields total=126851 before=5507 after=5537
01-02 00:06:34.469 3038 3038 I zygote : VMRuntime.preloadDexCaches methods total=225392 before=9940 after=9940
01-02 00:06:34.469 3038 3038 I zygote : VMRuntime.preloadDexCaches finished
01-02 00:06:34.469 3038 3038 D Zygote32Timing: PreloadClasses took to complete: 292ms
01-02 00:06:34.482 3081 3081 I main : type=1400 audit(0.0:436): avc: denied { read } for name="vendor" dev="tmpfs" ino=5475 scontext=u:r:zygote:s0 tcontext=u:object_r:tmpfs:s0 tclass=lnk_file permissive=1
01-02 00:06:34.483 3057 3057 E ProbeModule: insmod_by_dep: cannot load module: [net-pf-16-proto-5]
01-02 00:06:34.483 3057 3057 W /sbin/modprobe: failed to load net-pf-16-proto-5: Invalid argument
01-02 00:06:34.486 3081 3081 I idmap : type=1400 audit(0.0:437): avc: denied { getattr } for path="/vendor" dev="tmpfs" ino=5475 scontext=u:r:zygote:s0 tcontext=u:object_r:tmpfs:s0 tclass=lnk_file permissive=1
01-02 00:06:34.495 3032 3032 E Netd : Unable to create netlink socket: Protocol not supported
01-02 00:06:34.495 3032 3032 W Netd : Unable to open qlog quota socket, check if xt_quota2 can send via UeventHandler
01-02 00:06:34.496 3032 3032 D MDnsDS : MDnsSdListener::Hander starting up
01-02 00:06:34.496 3032 3085 D MDnsDS : MDnsSdListener starting to monitor
01-02 00:06:34.496 3032 3085 D MDnsDS : Going to poll with pollCount 1
01-02 00:06:34.496 3032 3032 I Netd : Registering NetdNativeService: 0.5ms
01-02 00:06:34.496 3032 3032 I Netd : Starting CommandListener: 0.1ms
01-02 00:06:34.498 3032 3032 I Netd : Registering NetdHwService: 1.2ms
01-02 00:06:34.498 3032 3032 I Netd : Netd started in 1074ms
01-02 00:06:34.547 3037 3037 D audio_hw_primary: found audio out at /dev/snd/pcmC0D0p
01-02 00:06:34.547 3037 3037 D audio_hw_primary: card: 0/0 id: ALC888 Analog
01-02 00:06:34.547 3037 3037 D audio_hw_primary: name: ALC888 Analog
01-02 00:06:34.547 3037 3037 D audio_hw_primary: subname: subdevice #0
01-02 00:06:34.547 3037 3037 D audio_hw_primary: stream: 0
01-02 00:06:34.547 3037 3037 D audio_hw_primary: found audio out at /dev/snd/pcmC0D1p
01-02 00:06:34.547 3037 3037 D audio_hw_primary: card: 0/1 id: ALC888 Digital
01-02 00:06:34.547 3037 3037 D audio_hw_primary: name: ALC888 Digital
01-02 00:06:34.547 3037 3037 D audio_hw_primary: subname: subdevice #0
01-02 00:06:34.547 3037 3037 D audio_hw_primary: stream: 0
01-02 00:06:34.547 3037 3037 D audio_hw_primary: ignore pcmC0D1p
01-02 00:06:34.549 3038 3038 I Zygote : Preloading resources...
01-02 00:06:34.559 3038 3038 W Resources: Preloaded drawable resource #0x1080264 (android:drawable/dialog_background_material) that varies with configuration!!
01-02 00:06:34.583 3037 3037 D audio_hw_primary: found audio out at /dev/snd/pcmC1D3p
01-02 00:06:34.583 3037 3037 D audio_hw_primary: card: 1/3 id: HDMI 0
01-02 00:06:34.583 3037 3037 D audio_hw_primary: name: HDMI 0
01-02 00:06:34.583 3037 3037 D audio_hw_primary: subname: subdevice #0
01-02 00:06:34.583 3037 3037 D audio_hw_primary: stream: 0
01-02 00:06:34.585 3038 3038 I Zygote : ...preloaded 64 resources in 36ms.
01-02 00:06:34.588 3037 3037 D audio_hw_primary: found audio out at /dev/snd/pcmC1D7p
01-02 00:06:34.588 3037 3037 D audio_hw_primary: card: 1/7 id: HDMI 1
01-02 00:06:34.588 3037 3037 D audio_hw_primary: name: HDMI 1
01-02 00:06:34.588 3037 3037 D audio_hw_primary: subname: subdevice #0
01-02 00:06:34.588 3037 3037 D audio_hw_primary: stream: 0
01-02 00:06:34.588 3037 3037 D audio_hw_primary: ignore pcmC1D7p
01-02 00:06:34.590 3038 3038 W Resources: Preloaded color resource #0x1060053 (android:color/btn_default_material_dark) that varies with configuration!!
01-02 00:06:34.591 3038 3038 I Zygote : ...preloaded 41 resources in 6ms.
01-02 00:06:34.591 3037 3037 I audio_hw_primary: choose pcmC0D0p for 0
01-02 00:06:34.592 3037 3037 E audio_hw_primary: Failed to open /system/etc/mixer_paths.xml
01-02 00:06:34.592 3037 3037 W DeviceHAL: Device 0xb4fbc000 set_master_volume: Function not implemented
01-02 00:06:34.593 3039 3039 I AudioFlinger: loadHwModule() Loaded primary audio interface, handle 10
01-02 00:06:34.593 3039 3039 I AudioFlinger: openOutput() this 0xa7235000, module 10 Device 2, SamplingRate 48000, Format 0x000001, Channels 3, flags 2
01-02 00:06:34.593 3037 3037 I audio_hw_primary: choose pcmC0D0p for 0
01-02 00:06:34.593 3038 3038 I Zygote : ...preloaded 2 resource in 2ms.
01-02 00:06:34.593 3038 3038 D Zygote32Timing: PreloadResources took to complete: 124ms
01-02 00:06:34.593 3038 3038 D vndksupport: Loading /vendor/lib/hw/android.hardware.graphics.mapper@2.0-impl.so from current namespace instead of sphal namespace.
01-02 00:06:34.593 3039 3039 I AudioFlinger: HAL output buffer size 512 frames, normal sink buffer size 1024 frames
01-02 00:06:34.594 3037 3037 E EffectsConfig: Failed to parse /vendor/etc/audio_effects.xml: Tinyxml2 error (3): /vendor/etc/audio_effects.xml (null)
01-02 00:06:34.594 3037 3037 E EffectsFactoryConfigLoader: Failed to parse XML configuration file
01-02 00:06:34.594 3037 3037 W EffectsFactory: Failed to load XML effect configuration, fallback to .conf
01-02 00:06:34.595 3038 3038 D vndksupport: Loading /vendor/lib/egl/libGLES_mesa.so from current namespace instead of sphal namespace.
01-02 00:06:34.596 3039 3039 I BufferProvider: found effect "Multichannel Downmix To Stereo" from The Android Open Source Project
01-02 00:06:34.597 3039 3039 I AudioFlinger: Using module 10 as the primary audio interface
01-02 00:06:34.597 3039 3039 W AudioFlinger: moveEffects() bad srcOutput 0
01-02 00:06:34.598 3038 3038 D libEGL : loaded /vendor/lib/egl/libGLES_mesa.so
01-02 00:06:34.604 3039 3094 I AudioFlinger: AudioFlinger's thread 0xa6983f80 tid=3094 ready to run
01-02 00:06:34.604 3039 3094 W AudioFlinger: no wake lock to update, system not ready yet
01-02 00:06:34.605 3037 3037 W DeviceHAL: Device 0xb4fbc000 set_voice_volume: Function not implemented
01-02 00:06:34.605 3037 3075 W DeviceHAL: Device 0xb4fbc000 open_input_stream: Invalid argument
01-02 00:06:34.606 3039 3094 W AudioFlinger: no wake lock to update, system not ready yet
01-02 00:06:34.610 3067 3067 E crash_dump32: unable to connect to activity manager: No such file or directory
01-02 00:06:34.611 2321 2321 E /system/bin/tombstoned: Tombstone written to: /data/tombstones/tombstone_11
01-02 00:06:34.615 3039 3095 I AudioFlinger: AudioFlinger's thread 0xa6683800 tid=3095 ready to run
01-02 00:06:34.612 1 1 I init : type=1400 audit(0.0:438): avc: denied { dac_read_search } for capability=2 scontext=u:r:init:s0 tcontext=u:r:init:s0 tclass=capability permissive=1
01-02 00:06:34.620 3039 3039 I bt_a2dp_hw: adev_open: adev_open in A2dp_hw module
01-02 00:06:34.620 3039 3039 I AudioFlinger: loadHwModule() Loaded a2dp audio interface, handle 18
01-02 00:06:34.621 3037 3037 D vndksupport: Loading /vendor/lib/hw/audio.usb.default.so from current namespace instead of sphal namespace.
01-02 00:06:34.622 3039 3039 I AudioFlinger: loadHwModule() Loaded usb audio interface, handle 26
01-02 00:06:34.622 3039 3039 E EffectsConfig: Failed to parse /vendor/etc/audio_effects.xml: Tinyxml2 error (3): /vendor/etc/audio_effects.xml (null)
01-02 00:06:34.622 3039 3039 W AudioPolicyEffects: Failed to load XML effect configuration, fallback to .conf
01-02 00:06:34.624 2231 2231 W /system/bin/hwservicemanager: getTransport: Cannot find entry android.hardware.soundtrigger@2.0::ISoundTriggerHw/default in either framework or device manifest.
01-02 00:06:34.624 3039 3039 I SoundTriggerHalHidl: getProperties res implementor
01-02 00:06:34.624 3039 3039 I SoundTriggerHalHidl: getProperties ret -19
01-02 00:06:34.624 3039 3039 E SoundTriggerHwService: could not read implementation properties
01-02 00:06:34.631 3037 3037 E audio_hw_primary: audio_route_free: invalid audio_route
01-02 00:06:34.631 2230 2230 I ServiceManager: service 'media.sound_trigger_hw' died
01-02 00:06:34.631 2230 2230 I ServiceManager: service 'media.audio_flinger' died
01-02 00:06:34.631 2230 2230 I ServiceManager: service 'media.audio_policy' died
01-02 00:06:34.638 2230 2230 I ServiceManager: service 'media.camera' died
01-02 00:06:34.642 2230 2230 I ServiceManager: service 'media.player' died
01-02 00:06:34.643 2230 2230 I ServiceManager: service 'media.resource_manager' died
01-02 00:06:34.648 2230 2230 I ServiceManager: service 'netd' died
01-02 00:06:34.648 2231 2231 E hw-IPCThreadState: attemptIncStrongHandle(20): Not supported
01-02 00:06:34.653 2230 2230 I ServiceManager: service 'wificond' died
01-02 00:06:38.400 3099 3099 I netd : type=1400 audit(0.0:439): avc: denied { getattr } for path="/vendor" dev="tmpfs" ino=5475 scontext=u:r:netd:s0 tcontext=u:object_r:tmpfs:s0 tclass=lnk_file permissive=1
01-02 00:06:38.400 3099 3099 I netd : type=1400 audit(0.0:440): avc: denied { read } for name="vendor" dev="tmpfs" ino=5475 scontext=u:r:netd:s0 tcontext=u:object_r:tmpfs:s0 tclass=lnk_file permissive=1
01-02 00:06:38.429 3099 3099 I Netd : Netd 1.0 starting
01-02 00:06:38.429 3099 3099 D TetherController: Setting IP forward enable = 0
01-02 00:06:38.453 3099 3099 I Netd : Creating child chains: 21.2ms
01-02 00:06:38.453 3099 3099 I Netd : Setting up OEM hooks: 0.1ms
01-02 00:06:38.446 3102 3102 I surfaceflinger: type=1400 audit(0.0:441): avc: denied { getattr } for path="/vendor" dev="tmpfs" ino=5475 scontext=u:r:surfaceflinger:s0 tcontext=u:object_r:tmpfs:s0 tclass=lnk_file permissive=1
01-02 00:06:38.463 3099 3099 I Netd : Setting up FirewallController hooks: 10.3ms
01-02 00:06:38.466 3099 3099 I Netd : Setting up NatController hooks: 2.6ms
01-02 00:06:38.468 3099 3099 I Netd : Setting up BandwidthController hooks: 2.2ms
01-02 00:06:38.468 3099 3099 I Netd : Setting up IdletimerController hooks: 0.1ms
01-02 00:06:38.468 3104 3104 I android.hardwar: type=1400 audit(0.0:442): avc: denied { getattr } for path="/vendor" dev="tmpfs" ino=5475 scontext=u:r:hal_audio_default:s0 tcontext=u:object_r:tmpfs:s0 tclass=lnk_file permissive=1
01-02 00:06:38.471 3103 3103 I wificond: type=1400 audit(0.0:443): avc: denied { getattr } for path="/vendor" dev="tmpfs" ino=5475 scontext=u:r:wificond:s0 tcontext=u:object_r:tmpfs:s0 tclass=lnk_file permissive=1
01-02 00:06:38.471 3103 3103 I wificond: type=1400 audit(0.0:444): avc: denied { read } for name="vendor" dev="tmpfs" ino=5475 scontext=u:r:wificond:s0 tcontext=u:object_r:tmpfs:s0 tclass=lnk_file permissive=1
01-02 00:06:38.474 3108 3108 I mediaserver: type=1400 audit(0.0:445): avc: denied { getattr } for path="/vendor" dev="tmpfs" ino=5475 scontext=u:r:mediaserver:s0 tcontext=u:object_r:tmpfs:s0 tclass=lnk_file permissive=1
01-02 00:06:38.474 3108 3108 I mediaserver: type=1400 audit(0.0:446): avc: denied { read } for name="vendor" dev="tmpfs" ino=5475 scontext=u:r:mediaserver:s0 tcontext=u:object_r:tmpfs:s0 tclass=lnk_file permissive=1
01-02 00:06:38.512 3099 3099 W IptablesRestoreController: iptables-restore process 3100 terminated status=256
01-02 00:06:38.512 3099 3099 E IptablesRestoreController: iptables error:
01-02 00:06:38.512 3099 3099 E IptablesRestoreController: ------- COMMAND -------
01-02 00:06:38.512 3099 3099 E IptablesRestoreController: *filter
01-02 00:06:38.512 3099 3099 E IptablesRestoreController: -A bw_INPUT -m owner --socket-exists
01-02 00:06:38.512 3099 3099 E IptablesRestoreController: -A bw_OUTPUT -m owner --socket-exists
01-02 00:06:38.512 3099 3099 E IptablesRestoreController: -A bw_costly_shared --jump bw_penalty_box
01-02 00:06:38.512 3099 3099 E IptablesRestoreController: -A bw_penalty_box --jump bw_happy_box
01-02 00:06:38.512 3099 3099 E IptablesRestoreController: -A bw_happy_box --jump bw_data_saver
01-02 00:06:38.512 3099 3099 E IptablesRestoreController: -A bw_data_saver -j RETURN
01-02 00:06:38.512 3099 3099 E IptablesRestoreController: -I bw_happy_box -m owner --uid-owner 0-9999 --jump RETURN
01-02 00:06:38.512 3099 3099 E IptablesRestoreController: COMMIT
01-02 00:06:38.512 3099 3099 E IptablesRestoreController: *raw
01-02 00:06:38.512 3099 3099 E IptablesRestoreController: -A bw_raw_PREROUTING -m owner --socket-exists
01-02 00:06:38.512 3099 3099 E IptablesRestoreController: COMMIT
01-02 00:06:38.512 3099 3099 E IptablesRestoreController: *mangle
01-02 00:06:38.512 3099 3099 E IptablesRestoreController: -A bw_mangle_POSTROUTING -m owner --socket-exists
01-02 00:06:38.512 3099 3099 E IptablesRestoreController: COMMIT
01-02 00:06:38.512 3099 3099 E IptablesRestoreController:
01-02 00:06:38.512 3099 3099 E IptablesRestoreController: ------- ERROR -------
01-02 00:06:38.512 3099 3099 E IptablesRestoreController: iptables-restore: line 174 failed
01-02 00:06:38.512 3099 3099 E IptablesRestoreController: ----------------------
01-02 00:06:38.553 3099 3099 W IptablesRestoreController: iptables-restore process 3101 terminated status=256
01-02 00:06:38.553 3099 3099 E IptablesRestoreController: iptables error:
01-02 00:06:38.553 3099 3099 E IptablesRestoreController: ------- COMMAND -------
01-02 00:06:38.553 3099 3099 E IptablesRestoreController: *filter
01-02 00:06:38.553 3099 3099 E IptablesRestoreController: -A bw_INPUT -m owner --socket-exists
01-02 00:06:38.553 3099 3099 E IptablesRestoreController: -A bw_OUTPUT -m owner --socket-exists
01-02 00:06:38.553 3099 3099 E IptablesRestoreController: -A bw_costly_shared --jump bw_penalty_box
01-02 00:06:38.553 3099 3099 E IptablesRestoreController: -A bw_penalty_box --jump bw_happy_box
01-02 00:06:38.553 3099 3099 E IptablesRestoreController: -A bw_happy_box --jump bw_data_saver
01-02 00:06:38.553 3099 3099 E IptablesRestoreController: -A bw_data_saver -j RETURN
01-02 00:06:38.553 3099 3099 E IptablesRestoreController: -I bw_happy_box -m owner --uid-owner 0-9999 --jump RETURN
01-02 00:06:38.553 3099 3099 E IptablesRestoreController: COMMIT
01-02 00:06:38.553 3099 3099 E IptablesRestoreController: *raw
01-02 00:06:38.553 3099 3099 E IptablesRestoreController: -A bw_raw_PREROUTING -m owner --socket-exists
01-02 00:06:38.553 3099 3099 E IptablesRestoreController: COMMIT
01-02 00:06:38.553 3099 3099 E IptablesRestoreController: *mangle
01-02 00:06:38.553 3099 3099 E IptablesRestoreController: -A bw_mangle_POSTROUTING -m owner --socket-exists
01-02 00:06:38.553 3099 3099 E IptablesRestoreController: COMMIT
01-02 00:06:38.553 3099 3099 E IptablesRestoreController:
01-02 00:06:38.553 3099 3099 E IptablesRestoreController: ------- ERROR -------
01-02 00:06:38.553 3099 3099 E IptablesRestoreController: ip6tables-restore: line 159 failed
01-02 00:06:38.553 3099 3099 E IptablesRestoreController: ----------------------
01-02 00:06:38.553 3099 3099 I Netd : Disabling bandwidth control: 85.2ms
01-02 00:06:38.566 3109 3109 I kworker/u8:4: type=1400 audit(0.0:447): avc: denied { read } for name="modprobe" dev="tmpfs" ino=5464 scontext=u:r:kernel:s0 tcontext=u:object_r:tmpfs:s0 tclass=lnk_file permissive=1
01-02 00:06:38.595 3103 3103 I wificond: wificond is starting up...
01-02 00:06:38.632 3109 3109 I /sbin/modprobe: Parsing file /system/etc/modules.blacklist...
01-02 00:06:38.640 3109 3109 I /sbin/modprobe: Parsing file /system/lib/modules/4.15.0-rc6-android-x86-g8d051505ee26/modules.alias...
01-02 00:06:38.724 3104 3104 D vndksupport: Loading /vendor/lib/hw/android.hardware.audio@2.0-impl.so from current namespace instead of sphal namespace.
01-02 00:06:38.743 3104 3104 I ServiceManagement: Removing namespace from process name android.hardware.audio@2.0-service to audio@2.0-servi.
01-02 00:06:38.743 3104 3104 I audiohalservice: Registration complete for android.hardware.audio@2.0::IDevicesFactory/default.
01-02 00:06:38.744 3104 3104 D vndksupport: Loading /vendor/lib/hw/android.hardware.audio.effect@2.0-impl.so from current namespace instead of sphal namespace.
01-02 00:06:38.785 3104 3104 I audiohalservice: Registration complete for android.hardware.audio.effect@2.0::IEffectsFactory/default.
01-02 00:06:38.785 2231 2231 W /system/bin/hwservicemanager: getTransport: Cannot find entry android.hardware.soundtrigger@2.0::ISoundTriggerHw/default in either framework or device manifest.
01-02 00:06:38.785 3104 3104 D vndksupport: Loading /vendor/lib/hw/android.hardware.soundtrigger@2.0-impl.so from current namespace instead of sphal namespace.
01-02 00:06:38.786 3104 3104 E SoundTriggerHalImpl: couldn't load sound trigger module sound_trigger.primary (No such file or directory)
01-02 00:06:38.787 3104 3104 I audiohalservice: Registration complete for android.hardware.soundtrigger@2.0::ISoundTriggerHw/default.
01-02 00:06:38.822 3102 3102 I /system/bin/surfaceflinger: android::hardware::configstore::V1_0::ISurfaceFlingerConfigs::maxFrameBufferAcquiredBuffers retrieved: 3
01-02 00:06:38.824 3102 3102 I /system/bin/surfaceflinger: android::hardware::configstore::V1_0::ISurfaceFlingerConfigs::startGraphicsAllocatorService retrieved: 1
01-02 00:06:38.824 3102 3102 D vndksupport: Loading /vendor/lib/hw/android.hardware.graphics.allocator@2.0-impl.so from current namespace instead of sphal namespace.
01-02 00:06:38.825 3102 3102 D vndksupport: Loading /vendor/lib/hw/gralloc.gbm.so from current namespace instead of sphal namespace.
01-02 00:06:38.825 3102 3102 I surfaceflinger: type=1400 audit(0.0:448): avc: denied { read write } for name="renderD128" dev="tmpfs" ino=9264 scontext=u:r:surfaceflinger:s0 tcontext=u:object_r:device:s0 tclass=chr_file permissive=1
01-02 00:06:38.825 3102 3102 I surfaceflinger: type=1400 audit(0.0:449): avc: denied { open } for path="/dev/dri/renderD128" dev="tmpfs" ino=9264 scontext=u:r:surfaceflinger:s0 tcontext=u:object_r:device:s0 tclass=chr_file permissive=1
01-02 00:06:38.825 3102 3102 I surfaceflinger: type=1400 audit(0.0:450): avc: denied { getattr } for path="/dev/dri/renderD128" dev="tmpfs" ino=9264 scontext=u:r:surfaceflinger:s0 tcontext=u:object_r:device:s0 tclass=chr_file permissive=1
01-02 00:06:38.843 3105 3105 D AndroidRuntime: >>>>>> START com.android.internal.os.ZygoteInit uid 0 <<<<<<
01-02 00:06:38.844 3102 3102 I surfaceflinger: type=1400 audit(0.0:451): avc: denied { ioctl } for path="/dev/dri/renderD128" dev="tmpfs" ino=9264 ioctlcmd=0x6440 scontext=u:r:surfaceflinger:s0 tcontext=u:object_r:device:s0 tclass=chr_file permissive=1
01-02 00:06:38.847 3105 3105 I zygote : option[0]=-Xzygote
01-02 00:06:38.848 3105 3105 I zygote : option[1]=-Xcheck:jni
01-02 00:06:38.848 3105 3105 I zygote : option[2]=-Xusetombstonedtraces
01-02 00:06:38.848 3105 3105 I zygote : option[3]=exit
01-02 00:06:38.848 3105 3105 I zygote : option[4]=vfprintf
01-02 00:06:38.848 3105 3105 I zygote : option[5]=sensitiveThread
01-02 00:06:38.848 3105 3105 I zygote : option[6]=-verbose:gc
01-02 00:06:38.848 3105 3105 I zygote : option[7]=-Xms16m
01-02 00:06:38.848 3105 3105 I zygote : option[8]=-Xmx512m
01-02 00:06:38.848 3105 3105 I zygote : option[9]=-XX:HeapGrowthLimit=192m
01-02 00:06:38.848 3105 3105 I zygote : option[10]=-XX:HeapMinFree=512k
01-02 00:06:38.848 3105 3105 I zygote : option[11]=-XX:HeapMaxFree=8m
01-02 00:06:38.848 3105 3105 I zygote : option[12]=-XX:HeapTargetUtilization=0.75
01-02 00:06:38.848 3105 3105 I zygote : option[13]=-Xusejit:true
01-02 00:06:38.848 3105 3105 I zygote : option[14]=-Xjitsaveprofilinginfo
01-02 00:06:38.848 3105 3105 I zygote : option[15]=-agentlib:jdwp=transport=dt_android_adb,suspend=n,server=y
01-02 00:06:38.848 3105 3105 I zygote : option[16]=-Xlockprofthreshold:500
01-02 00:06:38.848 3105 3105 I zygote : option[17]=-Ximage-compiler-option
01-02 00:06:38.848 3105 3105 I zygote : option[18]=--runtime-arg
01-02 00:06:38.848 3105 3105 I zygote : option[19]=-Ximage-compiler-option
01-02 00:06:38.848 3105 3105 I zygote : option[20]=-Xms64m
01-02 00:06:38.848 3105 3105 I zygote : option[21]=-Ximage-compiler-option
01-02 00:06:38.848 3105 3105 I zygote : option[22]=--runtime-arg
01-02 00:06:38.848 3105 3105 I zygote : option[23]=-Ximage-compiler-option
01-02 00:06:38.848 3105 3105 I zygote : option[24]=-Xmx64m
01-02 00:06:38.848 3105 3105 I zygote : option[25]=-Ximage-compiler-option
01-02 00:06:38.848 3105 3105 I zygote : option[26]=--compiler-filter=verify-at-runtime
01-02 00:06:38.848 3105 3105 I zygote : option[27]=-Ximage-compiler-option
01-02 00:06:38.848 3105 3105 I zygote : option[28]=--image-classes=/system/etc/preloaded-classes
01-02 00:06:38.848 3105 3105 I zygote : option[29]=-Ximage-compiler-option
01-02 00:06:38.848 3105 3105 I zygote : option[30]=--compiled-classes=/system/etc/compiled-classes
01-02 00:06:38.848 3105 3105 I zygote : option[31]=-Ximage-compiler-option
01-02 00:06:38.848 3105 3105 I zygote : option[32]=--dirty-image-objects=/system/etc/dirty-image-objects
01-02 00:06:38.848 3105 3105 I zygote : option[33]=-Xcompiler-option
01-02 00:06:38.848 3105 3105 I zygote : option[34]=--runtime-arg
01-02 00:06:38.848 3105 3105 I zygote : option[35]=-Xcompiler-option
01-02 00:06:38.848 3105 3105 I zygote : option[36]=-Xms64m
01-02 00:06:38.848 3105 3105 I zygote : option[37]=-Xcompiler-option
01-02 00:06:38.848 3105 3105 I zygote : option[38]=--runtime-arg
01-02 00:06:38.848 3105 3105 I zygote : option[39]=-Xcompiler-option
01-02 00:06:38.848 3105 3105 I zygote : option[40]=-Xmx512m
01-02 00:06:38.848 3105 3105 I zygote : option[41]=-Ximage-compiler-option
01-02 00:06:38.848 3105 3105 I zygote : option[42]=--instruction-set-variant=x86
01-02 00:06:38.848 3105 3105 I zygote : option[43]=-Xcompiler-option
01-02 00:06:38.848 3105 3105 I zygote : option[44]=--instruction-set-variant=x86
01-02 00:06:38.848 3105 3105 I zygote : option[45]=-Ximage-compiler-option
01-02 00:06:38.848 3105 3105 I zygote : option[46]=--instruction-set-features=default
01-02 00:06:38.848 3105 3105 I zygote : option[47]=-Xcompiler-option
01-02 00:06:38.848 3105 3105 I zygote : option[48]=--instruction-set-features=default
01-02 00:06:38.848 3105 3105 I zygote : option[49]=-Duser.locale=en-US
01-02 00:06:38.848 3105 3105 I zygote : option[50]=-XX:NativeBridge=libhoudini.so
01-02 00:06:38.848 3105 3105 I zygote : option[51]=--cpu-abilist=x86,armeabi-v7a,armeabi
