--------- beginning of main
01-02 00:05:37.699 2230 2230 I SELinux : SELinux: Loaded service_contexts from:
01-02 00:05:37.711 2230 2230 I SELinux : /plat_service_contexts
01-02 00:05:37.711 2230 2230 I SELinux : /nonplat_service_contexts
01-02 00:05:37.714 2232 2232 I SELinux : SELinux: Loaded service_contexts from:
01-02 00:05:37.715 2232 2232 I SELinux : /vndservice_contexts
01-02 00:05:08.039 2229 2229 W auditd : type=2000 audit(0.0:1): state=initialized audit_enabled=0 res=1
01-02 00:05:36.290 2229 2229 I auditd : type=1403 audit(0.0:2): policy loaded auid=4294967295 ses=4294967295
01-02 00:05:36.290 1 1 I init : type=1400 audit(0.0:3): avc: denied { getattr } for path="/plat_file_contexts" dev="tmpfs" ino=5453 scontext=u:r:kernel:s0 tcontext=u:object_r:tmpfs:s0 tclass=file permissive=1
01-02 00:05:36.290 1 1 I init : type=1400 audit(0.0:4): avc: denied { read } for name="plat_file_contexts" dev="tmpfs" ino=5453 scontext=u:r:kernel:s0 tcontext=u:object_r:tmpfs:s0 tclass=file permissive=1
01-02 00:05:36.290 1 1 I init : type=1400 audit(0.0:5): avc: denied { open } for path="/plat_file_contexts" dev="tmpfs" ino=5453 scontext=u:r:kernel:s0 tcontext=u:object_r:tmpfs:s0 tclass=file permissive=1
01-02 00:05:36.292 1 1 I init : type=1400 audit(0.0:6): avc: denied { map } for path="/plat_file_contexts" dev="tmpfs" ino=5453 scontext=u:r:kernel:s0 tcontext=u:object_r:tmpfs:s0 tclass=file permissive=1
01-02 00:05:36.292 1 1 I init : type=1400 audit(0.0:7): avc: denied { relabelfrom } for name="init" dev="tmpfs" ino=5433 scontext=u:r:kernel:s0 tcontext=u:object_r:tmpfs:s0 tclass=file permissive=1
01-02 00:05:36.294 1 1 I init : type=1400 audit(0.0:8): avc: denied { getattr } for path="/plat_property_contexts" dev="tmpfs" ino=5455 scontext=u:r:init:s0 tcontext=u:object_r:tmpfs:s0 tclass=file permissive=1
01-02 00:05:36.297 1 1 I init : type=1400 audit(0.0:9): avc: denied { map } for path="/plat_file_contexts" dev="tmpfs" ino=5453 scontext=u:r:init:s0 tcontext=u:object_r:tmpfs:s0 tclass=file permissive=1
01-02 00:05:36.300 1 1 I init : type=1400 audit(0.0:10): avc: denied { relabelfrom } for name="plat_file_contexts" dev="tmpfs" ino=5453 scontext=u:r:init:s0 tcontext=u:object_r:tmpfs:s0 tclass=file permissive=1
01-02 00:05:36.305 1160 1160 I loop0 : type=1400 audit(0.0:11): avc: denied { read } for path="/mnt/system.sfs" dev="sdb" ino=1897 scontext=u:r:kernel:s0 tcontext=u:object_r:unlabeled:s0 tclass=file permissive=1
01-02 00:05:37.782 2241 2241 I cat : type=1400 audit(0.0:44): avc: denied { read } for name="cmdline" dev="proc" ino=4026532013 scontext=u:r:toolbox:s0 tcontext=u:object_r:proc:s0 tclass=file permissive=1
01-02 00:05:37.782 2241 2241 I cat : type=1400 audit(0.0:45): avc: denied { open } for path="/proc/cmdline" dev="proc" ino=4026532013 scontext=u:r:toolbox:s0 tcontext=u:object_r:proc:s0 tclass=file permissive=1
01-02 00:05:37.797 2242 2242 I setprop : type=1400 audit(0.0:46): avc: denied { write } for name="property_service" dev="tmpfs" ino=6429 scontext=u:r:toolbox:s0 tcontext=u:object_r:property_socket:s0 tclass=sock_file permissive=1
01-02 00:05:37.797 2242 2242 I setprop : type=1400 audit(0.0:47): avc: denied { connectto } for path="/dev/socket/property_service" scontext=u:r:toolbox:s0 tcontext=u:r:init:s0 tclass=unix_stream_socket permissive=1
01-02 00:05:37.801 2233 2233 I sh : + hw_sh=/vendor/etc/init.sh
01-02 00:05:37.801 2233 2233 I sh : + '[' -e /vendor/etc/init.sh ']'
01-02 00:05:37.801 2233 2233 I sh : + do_init
01-02 00:05:37.801 2233 2233 I sh : + init_misc
01-02 00:05:37.801 2233 2233 I sh : + cat /sys/class/dmi/id/sys_vendor
01-02 00:05:37.815 2233 2233 I sh : + setprop ro.product.manufacturer 'Packard Bell BV'
01-02 00:05:37.832 2233 2233 I sh : + setprop ro.product.model RC415
01-02 00:05:37.846 2233 2233 I sh : + lsusb
01-02 00:05:37.849 2233 2233 I sh : + grep 1a8d:1000
01-02 00:05:37.863 2248 2248 I lsusb : type=1400 audit(0.0:48): avc: denied { read } for name="devices" dev="sysfs" ino=3900 scontext=u:r:toolbox:s0 tcontext=u:object_r:sysfs:s0 tclass=dir permissive=1
01-02 00:05:37.863 2248 2248 I lsusb : type=1400 audit(0.0:49): avc: denied { open } for path="/sys/bus/usb/devices" dev="sysfs" ino=3900 scontext=u:r:toolbox:s0 tcontext=u:object_r:sysfs:s0 tclass=dir permissive=1
01-02 00:05:37.863 2248 2248 I lsusb : type=1400 audit(0.0:50): avc: denied { getattr } for path="/sys/devices/pci0000:00/0000:00:13.3/usb5/uevent" dev="sysfs" ino=9779 scontext=u:r:toolbox:s0 tcontext=u:object_r:sysfs:s0 tclass=file permissive=1
01-02 00:05:37.863 2248 2248 I lsusb : type=1400 audit(0.0:51): avc: denied { getattr } for path="pipe:[6643]" dev="pipefs" ino=6643 scontext=u:r:toolbox:s0 tcontext=u:r:init:s0 tclass=fifo_file permissive=1
01-02 00:05:37.865 2250 2250 I sh : type=1400 audit(0.0:52): avc: denied { execute_no_trans } for path="/init" dev="tmpfs" ino=5433 scontext=u:r:init:s0 tcontext=u:object_r:init_exec:s0 tclass=file permissive=1
01-02 00:05:37.866 2233 2233 I sh : + '[' -d /sys/devices/system/cpu/cpu0/cpufreq ']'
01-02 00:05:37.866 2233 2233 I sh : + modprobe acpi-cpufreq
01-02 00:05:37.869 2233 2233 I sh : SELinux: Loaded file_contexts
01-02 00:05:37.869 2250 2250 I modprobe: Parsing file /system/etc/modules.blacklist...
01-02 00:05:37.869 2250 2250 I modprobe: Parsing file /system/lib/modules/4.15.0-rc6-android-x86-g8d051505ee26/modules.alias...
01-02 00:05:37.893 2231 2231 E hwservicemanager: BINDER_SET_INHERIT_FIFO_PRIO failed with error -1
01-02 00:05:37.974 2250 2250 E ProbeModule: finit_module for "/system/lib/modules/4.15.0-rc6-android-x86-g8d051505ee26/kernel/drivers/cpufreq/acpi-cpufreq.ko" failed: No such device
01-02 00:05:37.975 2250 2250 W modprobe: failed to load acpi-cpufreq: No such device
01-02 00:05:37.986 2233 2233 I sh : + mount
01-02 00:05:37.987 2233 2233 I sh : + grep '/data '
01-02 00:05:37.990 2233 2233 I sh : + grep -qE 'tmpfs|9p'
01-02 00:05:37.997 2251 2251 I mount : type=1400 audit(0.0:53): avc: denied { getattr } for path="/cache" dev="tmpfs" ino=9211 scontext=u:r:toolbox:s0 tcontext=u:object_r:cache_file:s0 tclass=dir permissive=1
01-02 00:05:37.997 2251 2251 I mount : type=1400 audit(0.0:54): avc: denied { getattr } for path="/storage" dev="tmpfs" ino=9170 scontext=u:r:toolbox:s0 tcontext=u:object_r:storage_file:s0 tclass=dir permissive=1
01-02 00:05:37.997 2251 2251 I mount : type=1400 audit(0.0:55): avc: denied { read } for name="/" dev="tmpfs" ino=1842 scontext=u:r:toolbox:s0 tcontext=u:object_r:tmpfs:s0 tclass=dir permissive=1
01-02 00:05:37.997 2251 2251 I mount : type=1400 audit(0.0:56): avc: denied { open } for path="/" dev="tmpfs" ino=1842 scontext=u:r:toolbox:s0 tcontext=u:object_r:tmpfs:s0 tclass=dir permissive=1
01-02 00:05:37.997 2251 2251 I mount : type=1400 audit(0.0:57): avc: denied { read } for name="/" dev="tmpfs" ino=6367 scontext=u:r:toolbox:s0 tcontext=u:object_r:device:s0 tclass=dir permissive=1
01-02 00:05:37.997 2251 2251 I mount : type=1400 audit(0.0:58): avc: denied { open } for path="/dev" dev="tmpfs" ino=6367 scontext=u:r:toolbox:s0 tcontext=u:object_r:device:s0 tclass=dir permissive=1
01-02 00:05:37.999 2233 2233 I sh : + '[' 0 -ne 0 ']'
01-02 00:05:37.999 2233 2233 I sh : + init_hal_audio
01-02 00:05:37.999 2233 2233 I sh : + grep -qi IntelHDMI /proc/asound/card0/id
01-02 00:05:38.006 2233 2233 I sh : + init_hal_bluetooth
01-02 00:05:38.006 2233 2233 I sh : + cat /sys/class/rfkill/rfkill0/type
01-02 00:05:38.015 2234 2234 I sh : type=1400 audit(0.0:59): avc: denied { add_name } for name="state" scontext=u:r:init:s0 tcontext=u:object_r:sysfs:s0 tclass=dir permissive=1
01-02 00:05:38.015 2234 2234 I sh : type=1400 audit(0.0:60): avc: denied { create } for name="state" scontext=u:r:init:s0 tcontext=u:object_r:sysfs:s0 tclass=file permissive=1
01-02 00:05:38.015 2233 2233 I sh : + type=wlan
01-02 00:05:38.015 2233 2233 I sh : + '[' wlan '=' wlan -o wlan '=' bluetooth ']'
01-02 00:05:38.015 2233 2233 I sh : + >/sys/class/rfkill/rfkill0/state
01-02 00:05:38.016 2233 2233 I sh : + echo 1
01-02 00:05:38.016 2233 2233 I sh : + busybox lsusb -v
01-02 00:05:38.017 2233 2233 I sh : + awk ' /Class:.E0/ { print $9 } '
01-02 00:05:38.025 2233 2233 I sh : + '[' -n ']'
01-02 00:05:38.026 2233 2233 I sh : + dmesg -t
01-02 00:05:38.026 2233 2233 I sh : + grep -qE '8723bs.*BT'
01-02 00:05:38.034 2258 2258 I dmesg : type=1400 audit(0.0:61): avc: denied { ioctl } for path="pipe:[9443]" dev="pipefs" ino=9443 ioctlcmd=0x5401 scontext=u:r:toolbox:s0 tcontext=u:r:init:s0 tclass=fifo_file permissive=1
01-02 00:05:38.034 2258 2258 I dmesg : type=1400 audit(0.0:62): avc: denied { read } for name="kmsg" dev="tmpfs" ino=6370 scontext=u:r:toolbox:s0 tcontext=u:object_r:kmsg_device:s0 tclass=chr_file permissive=1
01-02 00:05:38.034 2258 2258 I dmesg : type=1400 audit(0.0:63): avc: denied { open } for path="/dev/kmsg" dev="tmpfs" ino=6370 scontext=u:r:toolbox:s0 tcontext=u:object_r:kmsg_device:s0 tclass=chr_file permissive=1
01-02 00:05:38.034 2258 2258 I dmesg : type=1400 audit(0.0:64): avc: denied { syslog_read } for scontext=u:r:toolbox:s0 tcontext=u:r:kernel:s0 tclass=system permissive=1
01-02 00:05:38.042 2233 2233 I sh : + init_hal_camera
01-02 00:05:38.043 2261 2261 I head : type=1400 audit(0.0:65): avc: denied { read } for path="pipe:[6715]" dev="pipefs" ino=6715 scontext=u:r:toolbox:s0 tcontext=u:r:init:s0 tclass=fifo_file permissive=1
01-02 00:05:38.043 2233 2233 I sh : + return
01-02 00:05:38.043 2233 2233 I sh : + init_hal_gps
01-02 00:05:38.043 2233 2233 I sh : + return
01-02 00:05:38.043 2233 2233 I sh : + init_hal_gralloc
01-02 00:05:38.043 2233 2233 I sh : + cat /proc/fb
01-02 00:05:38.043 2233 2233 I sh : + head -1
01-02 00:05:38.053 2233 2233 I sh : + '[' 1 '==' 1 ']'
01-02 00:05:38.053 2233 2233 I sh : + set_property ro.hardware.hwcomposer drm
01-02 00:05:38.053 2233 2233 I sh : + setprop ro.hardware.hwcomposer drm
01-02 00:05:38.063 2233 2233 I sh : + '[' -n 2 ']'
01-02 00:05:38.063 2233 2233 I sh : + >>/dev/x86.prop
01-02 00:05:38.063 2233 2233 I sh : + echo 'ro.hardware.hwcomposer=drm'
01-02 00:05:38.063 2233 2233 I sh : + set_property ro.hardware.gralloc gbm
01-02 00:05:38.063 2233 2233 I sh : + setprop ro.hardware.gralloc gbm
01-02 00:05:38.072 2233 2233 I sh : + '[' -n 2 ']'
01-02 00:05:38.072 2233 2233 I sh : + >>/dev/x86.prop
01-02 00:05:38.072 2233 2233 I sh : + echo 'ro.hardware.gralloc=gbm'
01-02 00:05:38.072 2233 2233 I sh : + '[' -n 2 ']'
01-02 00:05:38.072 2233 2233 I sh : + set_property debug.egl.trace error
01-02 00:05:38.072 2233 2233 I sh : + setprop debug.egl.trace error
01-02 00:05:38.082 2233 2233 I sh : + '[' -n 2 ']'
01-02 00:05:38.082 2233 2233 I sh : + >>/dev/x86.prop
01-02 00:05:38.082 2233 2233 I sh : + echo 'debug.egl.trace=error'
01-02 00:05:38.082 2233 2233 I sh : + init_hal_hwcomposer
01-02 00:05:38.082 2233 2233 I sh : + return
01-02 00:05:38.082 2233 2233 I sh : + init_hal_lights
01-02 00:05:38.082 2233 2233 I sh : + chown 1000.1000 '/sys/class/backlight/*/brightness'
01-02 00:05:38.091 2233 2233 I sh : chown: /sys/class/backlight/*/brightness: No such file or directory
01-02 00:05:38.092 2233 2233 I sh : + init_hal_power
01-02 00:05:38.092 2233 2233 I sh : + >/sys/class/rtc/rtc0/device/power/wakeup
01-02 00:05:38.092 2233 2233 I sh : + echo disabled
01-02 00:05:38.092 2233 2233 I sh : + init_hal_sensors
01-02 00:05:38.092 2233 2233 I sh : + getprop ro.hardware
01-02 00:05:38.101 2233 2233 I sh : + ro_hardware=android_x86
01-02 00:05:38.102 2233 2233 I sh : + '[' -f /system/lib/hw/sensors.android_x86.so ']'
01-02 00:05:38.102 2233 2233 I sh : + typeset 'hal_sensors=kbd'
01-02 00:05:38.102 2233 2233 I sh : + typeset 'has_sensors=true'
01-02 00:05:38.103 2233 2233 I sh : + cat /sys/class/dmi/id/uevent
01-02 00:05:38.112 2233 2233 I sh : + has_sensors=false
01-02 00:05:38.113 2233 2233 I sh : + 2>/dev/null
01-02 00:05:38.113 2233 2233 I sh : + ls '/sys/bus/iio/devices/iio:device*'
01-02 00:05:38.122 2269 2269 I sh : type=1400 audit(0.0:66): avc: denied { getattr } for path="/bin/busybox" dev="tmpfs" ino=5665 scontext=u:r:init:s0 tcontext=u:object_r:tmpfs:s0 tclass=file permissive=1
01-02 00:05:38.122 2269 2269 I sh : type=1400 audit(0.0:67): avc: denied { execute } for name="busybox" dev="tmpfs" ino=5665 scontext=u:r:init:s0 tcontext=u:object_r:tmpfs:s0 tclass=file permissive=1
01-02 00:05:38.122 2269 2269 I sh : type=1400 audit(0.0:68): avc: denied { execute_no_trans } for path="/bin/busybox" dev="tmpfs" ino=5665 scontext=u:r:init:s0 tcontext=u:object_r:tmpfs:s0 tclass=file permissive=1
01-02 00:05:38.122 2269 2269 I lsmod : type=1400 audit(0.0:69): avc: denied { map } for path="/bin/busybox" dev="tmpfs" ino=5665 scontext=u:r:init:s0 tcontext=u:object_r:tmpfs:s0 tclass=file permissive=1
01-02 00:05:38.122 2233 2233 I sh : + '[' -n ']'
01-02 00:05:38.123 2233 2233 I sh : + lsmod
01-02 00:05:38.123 2233 2233 I sh : + grep -q lis3lv02d_i2c
01-02 00:05:38.124 2269 2269 I lsmod : type=1400 audit(0.0:70): avc: denied { getattr } for path="/proc/modules" dev="proc" ino=4026532052 scontext=u:r:init:s0 tcontext=u:object_r:proc_modules:s0 tclass=file permissive=1
01-02 00:05:38.130 2233 2233 I sh : + set_property ro.hardware.sensors kbd
01-02 00:05:38.130 2233 2233 I sh : + setprop ro.hardware.sensors kbd
01-02 00:05:38.140 2233 2233 I sh : + '[' -n 2 ']'
01-02 00:05:38.140 2233 2233 I sh : + >>/dev/x86.prop
01-02 00:05:38.140 2233 2233 I sh : + echo 'ro.hardware.sensors=kbd'
01-02 00:05:38.140 2233 2233 I sh : + '[' kbd '!=' kbd ']'
01-02 00:05:38.140 2233 2233 I sh : + set_property config.override_forced_orient false
01-02 00:05:38.140 2233 2233 I sh : + setprop config.override_forced_orient false
01-02 00:05:38.149 2233 2233 I sh : + '[' -n 2 ']'
01-02 00:05:38.149 2233 2233 I sh : + >>/dev/x86.prop
01-02 00:05:38.149 2233 2233 I sh : + echo 'config.override_forced_orient=false'
01-02 00:05:38.149 2233 2233 I sh : + init_tscal
01-02 00:05:38.150 2233 2233 I sh : + lsusb
01-02 00:05:38.150 2233 2233 I sh : + awk '{ print $6 }'
01-02 00:05:38.161 2233 2233 I sh : + init_ril
01-02 00:05:38.161 2233 2233 I sh : + cat /sys/class/dmi/id/uevent
01-02 00:05:38.171 2233 2233 I sh : + set_property ro.radio.noril yes
01-02 00:05:38.171 2233 2233 I sh : + setprop ro.radio.noril yes
01-02 00:05:38.180 2233 2233 I sh : + '[' -n 2 ']'
01-02 00:05:38.180 2233 2233 I sh : + >>/dev/x86.prop
01-02 00:05:38.180 2233 2233 I sh : + echo 'ro.radio.noril=yes'
01-02 00:05:38.180 2233 2233 I sh : + post_init
01-02 00:05:38.181 2233 2233 I sh : /system/etc/init.sh[479]: post_init: not found
01-02 00:05:38.181 2233 2233 I sh : + return 0
01-02 00:05:38.193 1160 1160 I loop0 : type=1400 audit(0.0:71): avc: denied { read } for path="/mnt/system.sfs" dev="sdb" ino=1897 scontext=u:r:kernel:s0 tcontext=u:object_r:unlabeled:s0 tclass=file permissive=1
01-02 00:05:38.198 2278 2278 I vdc : type=1400 audit(0.0:72): avc: denied { getattr } for path="/vendor" dev="tmpfs" ino=5475 scontext=u:r:vdc:s0 tcontext=u:object_r:tmpfs:s0 tclass=lnk_file permissive=1
01-02 00:05:38.198 2278 2278 I vdc : type=1400 audit(0.0:73): avc: denied { read } for name="vendor" dev="tmpfs" ino=5475 scontext=u:r:vdc:s0 tcontext=u:object_r:tmpfs:s0 tclass=lnk_file permissive=1
01-02 00:05:38.199 2277 2277 I vold : type=1400 audit(0.0:74): avc: denied { getattr } for path="/vendor" dev="tmpfs" ino=5475 scontext=u:r:vold:s0 tcontext=u:object_r:tmpfs:s0 tclass=lnk_file permissive=1
01-02 00:05:38.199 2277 2277 I vold : type=1400 audit(0.0:75): avc: denied { read } for name="vendor" dev="tmpfs" ino=5475 scontext=u:r:vold:s0 tcontext=u:object_r:tmpfs:s0 tclass=lnk_file permissive=1 --------- beginning of system
01-02 00:05:38.311 2277 2277 I vold : Vold 3.0 (the awakening) firing up
01-02 00:05:38.311 2277 2277 V vold : Detected support for: exfat ext4 f2fs iso9660 ntfs vfat
01-02 00:05:38.317 2277 2277 I vold : type=1400 audit(0.0:76): avc: denied { read } for name="fstab.android_x86" dev="tmpfs" ino=5432 scontext=u:r:vold:s0 tcontext=u:object_r:tmpfs:s0 tclass=file permissive=1
01-02 00:05:38.317 2277 2277 I vold : type=1400 audit(0.0:77): avc: denied { open } for path="/fstab.android_x86" dev="tmpfs" ino=5432 scontext=u:r:vold:s0 tcontext=u:object_r:tmpfs:s0 tclass=file permissive=1
01-02 00:05:38.317 2277 2277 I vold : type=1400 audit(0.0:78): avc: denied { getattr } for path="/fstab.android_x86" dev="tmpfs" ino=5432 scontext=u:r:vold:s0 tcontext=u:object_r:tmpfs:s0 tclass=file permissive=1
01-02 00:05:38.318 2277 2277 I vold : [libfs_mgr]fs_mgr_read_fstab_dt(): failed to read fstab from dt
01-02 00:05:38.327 2277 2277 I vold : type=1400 audit(0.0:79): avc: denied { dac_read_search } for capability=2 scontext=u:r:vold:s0 tcontext=u:r:vold:s0 tclass=capability permissive=1
01-02 00:05:38.328 2277 2281 D vold : e4crypt_init_user0
01-02 00:05:38.328 2277 2281 D vold : e4crypt_prepare_user_storage for volume null, user 0, serial 0, flags 1
01-02 00:05:38.328 2277 2281 D vold : Preparing: /data/system/users/0
01-02 00:05:38.328 2277 2281 D vold : Preparing: /data/misc/profiles/cur/0
01-02 00:05:38.328 2277 2281 D vold : Preparing: /data/system_de/0
01-02 00:05:38.328 2277 2281 D vold : Preparing: /data/misc_de/0
01-02 00:05:38.328 2277 2281 D vold : Preparing: /data/user_de/0
01-02 00:05:38.328 2277 2281 D vold : e4crypt_unlock_user_key 0 serial=0 token_present=0
01-02 00:05:38.328 2277 2281 E vold : Failed to chmod /data/system_ce/0: No such file or directory
01-02 00:05:38.328 2277 2281 E vold : Failed to chmod /data/misc_ce/0: No such file or directory
01-02 00:05:38.328 2277 2281 E vold : Failed to chmod /data/media/0: No such file or directory
01-02 00:05:38.336 2282 2282 I tzdatacheck: type=1400 audit(0.0:80): avc: denied { getattr } for path="/vendor" dev="tmpfs" ino=5475 scontext=u:r:tzdatacheck:s0 tcontext=u:object_r:tmpfs:s0 tclass=lnk_file permissive=1
01-02 00:05:38.336 2282 2282 I tzdatacheck: type=1400 audit(0.0:81): avc: denied { read } for name="vendor" dev="tmpfs" ino=5475 scontext=u:r:tzdatacheck:s0 tcontext=u:object_r:tmpfs:s0 tclass=lnk_file permissive=1
01-02 00:05:38.342 2277 2279 V vold : /system/bin/sgdisk
01-02 00:05:38.342 2277 2279 V vold : --android-dump
01-02 00:05:38.342 2277 2279 V vold : /dev/block/vold/disk:8,80
01-02 00:05:38.344 2282 2282 I /system/bin/tzdatacheck: timezone distro dir /data/misc/zoneinfo/current does not exist. No action required.
01-02 00:05:38.353 2286 2286 I logd : type=1400 audit(0.0:82): avc: denied { getattr } for path="/vendor" dev="tmpfs" ino=5475 scontext=u:r:logd:s0 tcontext=u:object_r:tmpfs:s0 tclass=lnk_file permissive=1
01-02 00:05:38.399 2277 2279 E vold : Failed to pclose /system/bin/sgdisk --android-dump /dev/block/vold/disk:8,80 : No medium found
01-02 00:05:38.399 2277 2279 W vold : sgdisk failed to scan /dev/block/vold/disk:8,80
01-02 00:05:38.399 2277 2279 V vold : /system/bin/blkid
01-02 00:05:38.399 2277 2279 V vold : -c
01-02 00:05:38.399 2277 2279 V vold : /dev/null
01-02 00:05:38.399 2277 2279 V vold : -s
01-02 00:05:38.399 2277 2279 V vold : TYPE
01-02 00:05:38.399 2277 2279 V vold : -s
01-02 00:05:38.399 2277 2279 V vold : UUID
01-02 00:05:38.399 2277 2279 V vold : -s
01-02 00:05:38.399 2277 2279 V vold : LABEL
01-02 00:05:38.399 2277 2279 V vold : /dev/block/vold/disk:8,80
01-02 00:05:38.459 2287 2287 I ServiceManagement: Removing namespace from process name android.hidl.allocator@1.0-service to allocator@1.0-s.
01-02 00:05:38.601 2324 2324 I houdini : found /system/lib/libhoudini.so
01-02 00:05:38.727 2299 2299 I lowmemorykiller: No kernel memory.pressure_level support (errno=2)
01-02 00:05:38.727 2299 2299 I lowmemorykiller: No kernel memory.pressure_level support (errno=2)
01-02 00:05:38.727 2299 2299 E lowmemorykiller: Kernel does not support memory pressure events or in-kernel low memory killer
01-02 00:05:38.753 2321 2321 I /system/bin/tombstoned: tombstoned successfully initialized
01-02 00:05:38.834 2289 2289 I ServiceManagement: Removing namespace from process name android.hardware.bluetooth@1.0-service.btlinux to bluetooth@1.0-s.
01-02 00:05:38.861 2296 2296 I ServiceManagement: Removing namespace from process name android.hardware.usb@1.0-service to usb@1.0-service.
01-02 00:05:38.873 2293 2293 I ServiceManagement: Removing namespace from process name android.hardware.dumpstate@1.0-service to dumpstate@1.0-s.
01-02 00:05:38.877 2309 2309 I installd: installd firing up
01-02 00:05:38.877 2309 2309 E cutils : Failed to read /data/.layout_version: No such file or directory
01-02 00:05:38.877 2309 2309 D installd: Assuming that device has multi-user storage layout; upgrade no longer supported
01-02 00:05:38.877 2309 2309 D installd: Upgrading to /data/misc/user directories
01-02 00:05:38.884 2292 2292 W /vendor/bin/hw/android.hardware.configstore@1.0-service: Could not find seccomp policy file at: /vendor/etc/seccomp_policy/configstore@1.0.policy
01-02 00:05:38.884 2292 2292 I ServiceManagement: Removing namespace from process name android.hardware.configstore@1.0-service to configstore@1.0.
01-02 00:05:38.898 2329 2329 I houdini : houdini enabled
01-02 00:05:38.926 2316 2328 I /system/bin/storaged: storaged: Start
01-02 00:05:38.967 2320 2320 I gatekeeperd: Starting gatekeeperd...
01-02 00:05:39.081 2294 2294 D vndksupport: Loading /vendor/lib/hw/android.hardware.light@2.0-impl.so from current namespace instead of sphal namespace.
01-02 00:05:39.082 2231 2231 E SELinux : avc: denied { add } for interface=android.hardware.bluetooth::IBluetoothHci pid=2289 scontext=u:r:init:s0 tcontext=u:object_r:hal_bluetooth_hwservice:s0 tclass=hwservice_manager permissive=1
01-02 00:05:39.079 2231 2231 I hwservicemanage: type=1400 audit(0.0:187): avc: denied { call } for scontext=u:r:hwservicemanager:s0 tcontext=u:r:init:s0 tclass=binder permissive=1
01-02 00:05:39.079 2294 2294 I android.hardwar: type=1400 audit(0.0:188): avc: denied { read } for name="vendor" dev="tmpfs" ino=5475 scontext=u:r:hal_light_default:s0 tcontext=u:object_r:tmpfs:s0 tclass=lnk_file permissive=1
01-02 00:05:39.081 2231 2231 I hwservicemanage: type=1400 audit(0.0:189): avc: denied { search } for name="2289" dev="proc" ino=9721 scontext=u:r:hwservicemanager:s0 tcontext=u:r:init:s0 tclass=dir permissive=1
01-02 00:05:39.081 2231 2231 I hwservicemanage: type=1400 audit(0.0:190): avc: denied { read } for name="current" dev="proc" ino=10429 scontext=u:r:hwservicemanager:s0 tcontext=u:r:init:s0 tclass=file permissive=1
01-02 00:05:39.081 2231 2231 I hwservicemanage: type=1400 audit(0.0:191): avc: denied { open } for path="/proc/2289/attr/current" dev="proc" ino=10429 scontext=u:r:hwservicemanager:s0 tcontext=u:r:init:s0 tclass=file permissive=1
01-02 00:05:39.081 2231 2231 I hwservicemanage: type=1400 audit(0.0:192): avc: denied { getattr } for scontext=u:r:hwservicemanager:s0 tcontext=u:r:init:s0 tclass=process permissive=1
01-02 00:05:39.081 2231 2231 I hwservicemanage: type=1400 audit(0.0:193): avc: denied { map } for path="/dev/event-log-tags" dev="tmpfs" ino=9212 scontext=u:r:hwservicemanager:s0 tcontext=u:object_r:runtime_event_log_tags_file:s0 tclass=file permissive=1
01-02 00:05:39.083 2231 2231 E SELinux : avc: denied { add } for interface=android.hidl.base::IBase pid=2289 scontext=u:r:init:s0 tcontext=u:object_r:hidl_base_hwservice:s0 tclass=hwservice_manager permissive=1
01-02 00:05:39.083 2295 2295 I android.hardwar: type=1400 audit(0.0:194): avc: denied { read } for name="vendor" dev="tmpfs" ino=5475 scontext=u:r:hal_power_default:s0 tcontext=u:object_r:tmpfs:s0 tclass=lnk_file permissive=1
01-02 00:05:39.084 2295 2295 D vndksupport: Loading /vendor/lib/hw/android.hardware.power@1.0-impl.so from current namespace instead of sphal namespace.
01-02 00:05:39.084 2296 2296 I android.hardware.usb@1.0-service: USB HAL Ready.
01-02 00:05:39.086 2231 2231 W /system/bin/hwservicemanager: getTransport: Cannot find entry android.hardware.health@1.0::IHealth/default in either framework or device manifest.
01-02 00:05:39.087 2231 2231 W /system/bin/hwservicemanager: getTransport: Cannot find entry android.hardware.gatekeeper@1.0::IGatekeeper/default in either framework or device manifest.
01-02 00:05:39.087 2298 2298 D vndksupport: Loading /vendor/lib/hw/android.hardware.health@1.0-impl.so from current namespace instead of sphal namespace.
01-02 00:05:39.086 2298 2298 I healthd : type=1400 audit(0.0:195): avc: denied { read } for name="vendor" dev="tmpfs" ino=5475 scontext=u:r:healthd:s0 tcontext=u:object_r:tmpfs:s0 tclass=lnk_file permissive=1
01-02 00:05:39.088 2320 2320 W gatekeeperd: falling back to software GateKeeper
01-02 00:05:39.086 2320 2320 I gatekeeperd: type=1400 audit(0.0:196): avc: denied { read } for name="vendor" dev="tmpfs" ino=5475 scontext=u:r:gatekeeperd:s0 tcontext=u:object_r:tmpfs:s0 tclass=lnk_file permissive=1
01-02 00:05:39.154 2298 2298 I healthd : type=1400 audit(0.0:197): avc: denied { wake_alarm } for capability=35 scontext=u:r:healthd:s0 tcontext=u:r:healthd:s0 tclass=capability2 permissive=1
01-02 00:05:39.210 2231 2231 W /system/bin/hwservicemanager: getTransport: Cannot find entry android.hardware.thermal@1.1::IThermal/default in either framework or device manifest.
01-02 00:05:39.209 2301 2301 I thermalserviced: type=1400 audit(0.0:198): avc: denied { read } for name="vendor" dev="tmpfs" ino=5475 scontext=u:r:thermalserviced:s0 tcontext=u:object_r:tmpfs:s0 tclass=lnk_file permissive=1
01-02 00:05:39.211 2301 2301 W thermalserviced: Unable to get Thermal HAL V1.1, vendor thermal event notification not available
01-02 00:05:39.218 2295 2295 I ServiceManagement: Removing namespace from process name android.hardware.power@1.0-service to power@1.0-servi.
01-02 00:05:39.218 2295 2295 I android.hardware.power@1.0-service: Registration complete for android.hardware.power@1.0::IPower/default.
01-02 00:05:39.218 2294 2294 I android.hardwar: type=1400 audit(0.0:199): avc: denied { read } for name="backlight" dev="sysfs" ino=292 scontext=u:r:hal_light_default:s0 tcontext=u:object_r:sysfs:s0 tclass=dir permissive=1
01-02 00:05:39.219 2294 2294 E lights : Unable to detect max_brightness. Try to set backlight.max_brightness_file
01-02 00:05:39.219 2294 2294 E light : light_open lights backlight failed: -22
01-02 00:05:39.219 2294 2294 E light : Light passthrough failed to load legacy HAL.
01-02 00:05:39.219 2294 2294 E light : light_open lights keyboard failed: -22
01-02 00:05:39.219 2294 2294 E light : Light passthrough failed to load legacy HAL.
01-02 00:05:39.220 2294 2294 E light : light_open lights buttons failed: -22
01-02 00:05:39.220 2294 2294 E light : Light passthrough failed to load legacy HAL.
01-02 00:05:39.220 2294 2294 E light : light_open lights battery failed: -22
01-02 00:05:39.220 2294 2294 E light : Light passthrough failed to load legacy HAL.
01-02 00:05:39.220 2294 2294 E light : light_open lights notifications failed: -22
01-02 00:05:39.220 2294 2294 E light : Light passthrough failed to load legacy HAL.
01-02 00:05:39.220 2294 2294 E light : light_open lights attention failed: -22
01-02 00:05:39.220 2294 2294 E light : Light passthrough failed to load legacy HAL.
01-02 00:05:39.220 2294 2294 E light : light_open lights bluetooth failed: -22
01-02 00:05:39.220 2294 2294 E light : Light passthrough failed to load legacy HAL.
01-02 00:05:39.220 2294 2294 E light : light_open lights wifi failed: -22
01-02 00:05:39.220 2294 2294 E light : Light passthrough failed to load legacy HAL.
01-02 00:05:39.220 2294 2294 I light : Could not open any lights.
01-02 00:05:39.221 2294 2294 I ServiceManagement: Removing namespace from process name android.hardware.light@2.0-service to light@2.0-servi.
01-02 00:05:39.222 2294 2294 I android.hardware.light@2.0-service: Registration complete for android.hardware.light@2.0::ILight/default.
01-02 00:05:39.278 2291 2291 D android.hardware.cas@1.0-service: android.hardware.cas@1.0-service starting...
01-02 00:05:39.278 2291 2291 I ServiceManagement: Removing namespace from process name android.hardware.cas@1.0-service to cas@1.0-service.
01-02 00:05:39.287 2277 2279 E vold : Failed to pclose /system/bin/blkid -c /dev/null -s TYPE -s UUID -s LABEL /dev/block/vold/disk:8,80 : No medium found
01-02 00:05:39.287 2277 2279 W vold : blkid failed to identify /dev/block/vold/disk:8,80
01-02 00:05:39.312 2277 2279 V vold : /system/bin/sgdisk
01-02 00:05:39.312 2277 2279 V vold : --android-dump
01-02 00:05:39.312 2277 2279 V vold : /dev/block/vold/disk:8,48
01-02 00:05:39.313 2334 2334 I sh : type=1400 audit(0.0:202): avc: denied { getattr } for path="/vendor" dev="tmpfs" ino=5475 scontext=u:r:vold:s0 tcontext=u:object_r:tmpfs:s0 tclass=lnk_file permissive=1
01-02 00:05:39.327 2334 2334 I sgdisk : type=1400 audit(0.0:204): avc: denied { getattr } for path="/vendor" dev="tmpfs" ino=5475 scontext=u:r:sgdisk:s0 tcontext=u:object_r:tmpfs:s0 tclass=lnk_file permissive=1
01-02 00:05:39.344 2317 2317 I wificond: wificond is starting up...
01-02 00:05:39.349 2277 2279 E vold : Failed to pclose /system/bin/sgdisk --android-dump /dev/block/vold/disk:8,48 : No medium found
01-02 00:05:39.349 2277 2279 W vold : sgdisk failed to scan /dev/block/vold/disk:8,48
01-02 00:05:39.349 2277 2279 V vold : /system/bin/blkid
01-02 00:05:39.349 2277 2279 V vold : -c
01-02 00:05:39.349 2277 2279 V vold : /dev/null
01-02 00:05:39.349 2277 2279 V vold : -s
01-02 00:05:39.349 2277 2279 V vold : TYPE
01-02 00:05:39.349 2277 2279 V vold : -s
01-02 00:05:39.349 2277 2279 V vold : UUID
01-02 00:05:39.349 2277 2279 V vold : -s
01-02 00:05:39.349 2277 2279 V vold : LABEL
01-02 00:05:39.349 1160 1160 I loop0 : type=1400 audit(0.0:206): avc: denied { read } for path="/mnt/system.sfs" dev="sdb" ino=1897 scontext=u:r:kernel:s0 tcontext=u:object_r:unlabeled:s0 tclass=file permissive=1
01-02 00:05:39.349 2277 2279 V vold : /dev/block/vold/disk:8,48
01-02 00:05:39.387 2277 2279 E vold : Failed to pclose /system/bin/blkid -c /dev/null -s TYPE -s UUID -s LABEL /dev/block/vold/disk:8,48 : No medium found
01-02 00:05:39.387 2277 2279 W vold : blkid failed to identify /dev/block/vold/disk:8,48
01-02 00:05:39.388 2277 2279 V vold : /system/bin/sgdisk
01-02 00:05:39.388 2277 2279 V vold : --android-dump
01-02 00:05:39.388 2277 2279 V vold : /dev/block/vold/disk:8,16
01-02 00:05:39.447 2277 2279 V vold : DISK mbr
01-02 00:05:39.447 2277 2279 V vold :
01-02 00:05:39.447 2277 2279 V vold : PART 1 0
01-02 00:05:39.447 2277 2279 V vold :
01-02 00:05:39.447 2277 2279 V vold : PART 2 ef
01-02 00:05:39.447 2277 2279 V vold :
01-02 00:05:39.468 2277 2279 V vold : /system/bin/sgdisk
01-02 00:05:39.468 2277 2279 V vold : --android-dump
01-02 00:05:39.468 2277 2279 V vold : /dev/block/vold/disk:8,64
01-02 00:05:39.502 2284 2284 I Netd : Netd 1.0 starting
01-02 00:05:39.503 2284 2284 D TetherController: Setting IP forward enable = 0
01-02 00:05:39.536 2277 2279 E vold : Failed to pclose /system/bin/sgdisk --android-dump /dev/block/vold/disk:8,64 : No medium found
01-02 00:05:39.536 2277 2279 W vold : sgdisk failed to scan /dev/block/vold/disk:8,64
01-02 00:05:39.536 2277 2279 V vold : /system/bin/blkid
01-02 00:05:39.536 2277 2279 V vold : -c
01-02 00:05:39.536 2277 2279 V vold : /dev/null
01-02 00:05:39.536 2277 2279 V vold : -s
01-02 00:05:39.536 2277 2279 V vold : TYPE
01-02 00:05:39.536 2277 2279 V vold : -s
01-02 00:05:39.536 2277 2279 V vold : UUID
01-02 00:05:39.536 2277 2279 V vold : -s
01-02 00:05:39.536 2277 2279 V vold : LABEL
01-02 00:05:39.536 2277 2279 V vold : /dev/block/vold/disk:8,64
01-02 00:05:39.546 2231 2231 W /system/bin/hwservicemanager: getTransport: Cannot find entry android.hardware.keymaster@3.0::IKeymasterDevice/default in either framework or device manifest.
01-02 00:05:39.547 2310 2310 D vndksupport: Loading /vendor/lib/hw/android.hardware.keymaster@3.0-impl.so from current namespace instead of sphal namespace.
01-02 00:05:39.576 2290 2290 I android.hardware.camera.provider@2.4-service: Camera provider Service is starting.
01-02 00:05:39.578 2290 2290 D vndksupport: Loading /vendor/lib/hw/android.hardware.camera.provider@2.4-impl.so from current namespace instead of sphal namespace.
01-02 00:05:39.581 2277 2279 E vold : Failed to pclose /system/bin/blkid -c /dev/null -s TYPE -s UUID -s LABEL /dev/block/vold/disk:8,64 : No medium found
01-02 00:05:39.581 2277 2279 W vold : blkid failed to identify /dev/block/vold/disk:8,64
01-02 00:05:39.601 2277 2279 V vold : /system/bin/sgdisk
01-02 00:05:39.601 2277 2279 V vold : --android-dump
01-02 00:05:39.601 2277 2279 V vold : /dev/block/vold/disk:8,32
01-02 00:05:39.627 2277 2279 E vold : Failed to pclose /system/bin/sgdisk --android-dump /dev/block/vold/disk:8,32 : No medium found
01-02 00:05:39.627 2277 2279 W vold : sgdisk failed to scan /dev/block/vold/disk:8,32
01-02 00:05:39.627 2277 2279 V vold : /system/bin/blkid
01-02 00:05:39.627 2277 2279 V vold : -c
01-02 00:05:39.627 2277 2279 V vold : /dev/null
01-02 00:05:39.627 2277 2279 V vold : -s
01-02 00:05:39.627 2277 2279 V vold : TYPE
01-02 00:05:39.627 2277 2279 V vold : -s
01-02 00:05:39.627 2277 2279 V vold : UUID
01-02 00:05:39.627 2277 2279 V vold : -s
01-02 00:05:39.627 2277 2279 V vold : LABEL
01-02 00:05:39.627 2277 2279 V vold : /dev/block/vold/disk:8,32
01-02 00:05:39.632 2310 2310 I android.hardware.keymaster@3.0-impl: Fetching keymaster device name default
01-02 00:05:39.653 2277 2279 E vold : Failed to pclose /system/bin/blkid -c /dev/null -s TYPE -s UUID -s LABEL /dev/block/vold/disk:8,32 : No medium found
01-02 00:05:39.653 2277 2279 W vold : blkid failed to identify /dev/block/vold/disk:8,32
01-02 00:05:39.653 2277 2279 D vold : Disk at 8:80 changed
01-02 00:05:39.662 2277 2279 V vold : /system/bin/sgdisk
01-02 00:05:39.662 2277 2279 V vold : --android-dump
01-02 00:05:39.662 2277 2279 V vold : /dev/block/vold/disk:8,80
01-02 00:05:39.690 2310 2310 I android.hardware.keymaster@3.0-impl: Found keymaster0 module Keymaster OpenSSL HAL, version 2
01-02 00:05:39.690 2310 2310 I android.hardware.keymaster@3.0-impl: Keymaster0 module is software-only. Using SoftKeymasterDevice instead.
01-02 00:05:39.691 2277 2279 E vold : Failed to pclose /system/bin/sgdisk --android-dump /dev/block/vold/disk:8,80 : No medium found
01-02 00:05:39.691 2277 2279 W vold : sgdisk failed to scan /dev/block/vold/disk:8,80
01-02 00:05:39.691 2277 2279 V vold : /system/bin/blkid
01-02 00:05:39.691 2277 2279 V vold : -c
01-02 00:05:39.691 2277 2279 V vold : /dev/null
01-02 00:05:39.691 2277 2279 V vold : -s
01-02 00:05:39.691 2277 2279 V vold : TYPE
01-02 00:05:39.691 2277 2279 V vold : -s
01-02 00:05:39.691 2277 2279 V vold : UUID
01-02 00:05:39.691 2277 2279 V vold : -s
01-02 00:05:39.691 2277 2279 V vold : LABEL
01-02 00:05:39.691 2277 2279 V vold : /dev/block/vold/disk:8,80
01-02 00:05:39.710 2311 2311 I mediaserver: ServiceManager: 0xb44b0440
01-02 00:05:39.741 2277 2279 E vold : Failed to pclose /system/bin/blkid -c /dev/null -s TYPE -s UUID -s LABEL /dev/block/vold/disk:8,80 : No medium found
01-02 00:05:39.741 2277 2279 W vold : blkid failed to identify /dev/block/vold/disk:8,80
01-02 00:05:39.741 2277 2279 D vold : Disk at 8:48 changed
01-02 00:05:39.750 2277 2279 V vold : /system/bin/sgdisk
01-02 00:05:39.750 2277 2279 V vold : --android-dump
01-02 00:05:39.750 2277 2279 V vold : /dev/block/vold/disk:8,48
01-02 00:05:39.754 2284 2284 I Netd : Creating child chains: 248.0ms
01-02 00:05:39.754 2284 2284 I Netd : Setting up OEM hooks: 0.3ms
01-02 00:05:39.758 2284 2284 I Netd : Setting up FirewallController hooks: 3.5ms
01-02 00:05:39.760 2284 2284 I Netd : Setting up NatController hooks: 2.3ms
01-02 00:05:39.762 2284 2284 I Netd : Setting up BandwidthController hooks: 2.4ms
01-02 00:05:39.762 2284 2284 I Netd : Setting up IdletimerController hooks: 0.1ms
01-02 00:05:39.766 2284 2284 W IptablesRestoreController: iptables-restore process 2338 terminated status=256
01-02 00:05:39.766 2284 2284 E IptablesRestoreController: iptables error:
01-02 00:05:39.766 2284 2284 E IptablesRestoreController: ------- COMMAND -------
01-02 00:05:39.766 2284 2284 E IptablesRestoreController: *filter
01-02 00:05:39.766 2284 2284 E IptablesRestoreController: -A bw_INPUT -m owner --socket-exists
01-02 00:05:39.766 2284 2284 E IptablesRestoreController: -A bw_OUTPUT -m owner --socket-exists
01-02 00:05:39.766 2284 2284 E IptablesRestoreController: -A bw_costly_shared --jump bw_penalty_box
01-02 00:05:39.766 2284 2284 E IptablesRestoreController: -A bw_penalty_box --jump bw_happy_box
01-02 00:05:39.766 2284 2284 E IptablesRestoreController: -A bw_happy_box --jump bw_data_saver
01-02 00:05:39.766 2284 2284 E IptablesRestoreController: -A bw_data_saver -j RETURN
01-02 00:05:39.766 2284 2284 E IptablesRestoreController: -I bw_happy_box -m owner --uid-owner 0-9999 --jump RETURN
01-02 00:05:39.766 2284 2284 E IptablesRestoreController: COMMIT
01-02 00:05:39.766 2284 2284 E IptablesRestoreController: *raw
01-02 00:05:39.766 2284 2284 E IptablesRestoreController: -A bw_raw_PREROUTING -m owner --socket-exists
01-02 00:05:39.766 2284 2284 E IptablesRestoreController: COMMIT
01-02 00:05:39.766 2284 2284 E IptablesRestoreController: *mangle
01-02 00:05:39.766 2284 2284 E IptablesRestoreController: -A bw_mangle_POSTROUTING -m owner --socket-exists
01-02 00:05:39.766 2284 2284 E IptablesRestoreController: COMMIT
01-02 00:05:39.766 2284 2284 E IptablesRestoreController:
01-02 00:05:39.766 2284 2284 E IptablesRestoreController: ------- ERROR -------
01-02 00:05:39.766 2284 2284 E IptablesRestoreController: iptables-restore: line 181 failed
01-02 00:05:39.766 2284 2284 E IptablesRestoreController: ----------------------
01-02 00:05:39.768 2284 2284 W IptablesRestoreController: iptables-restore process 2339 terminated status=256
01-02 00:05:39.768 2284 2284 E IptablesRestoreController: iptables error:
01-02 00:05:39.768 2284 2284 E IptablesRestoreController: ------- COMMAND -------
01-02 00:05:39.768 2284 2284 E IptablesRestoreController: *filter
01-02 00:05:39.768 2284 2284 E IptablesRestoreController: -A bw_INPUT -m owner --socket-exists
01-02 00:05:39.768 2284 2284 E IptablesRestoreController: -A bw_OUTPUT -m owner --socket-exists
01-02 00:05:39.768 2284 2284 E IptablesRestoreController: -A bw_costly_shared --jump bw_penalty_box
01-02 00:05:39.768 2284 2284 E IptablesRestoreController: -A bw_penalty_box --jump bw_happy_box
01-02 00:05:39.768 2284 2284 E IptablesRestoreController: -A bw_happy_box --jump bw_data_saver
01-02 00:05:39.768 2284 2284 E IptablesRestoreController: -A bw_data_saver -j RETURN
01-02 00:05:39.768 2284 2284 E IptablesRestoreController: -I bw_happy_box -m owner --uid-owner 0-9999 --jump RETURN
01-02 00:05:39.768 2284 2284 E IptablesRestoreController: COMMIT
01-02 00:05:39.768 2284 2284 E IptablesRestoreController: *raw
01-02 00:05:39.768 2284 2284 E IptablesRestoreController: -A bw_raw_PREROUTING -m owner --socket-exists
01-02 00:05:39.768 2284 2284 E IptablesRestoreController: COMMIT
01-02 00:05:39.768 2284 2284 E IptablesRestoreController: *mangle
01-02 00:05:39.768 2284 2284 E IptablesRestoreController: -A bw_mangle_POSTROUTING -m owner --socket-exists
01-02 00:05:39.768 2284 2284 E IptablesRestoreController: COMMIT
01-02 00:05:39.768 2284 2284 E IptablesRestoreController:
01-02 00:05:39.768 2284 2284 E IptablesRestoreController: ------- ERROR -------
01-02 00:05:39.768 2284 2284 E IptablesRestoreController: ip6tables-restore: line 166 failed
01-02 00:05:39.768 2284 2284 E IptablesRestoreController: ----------------------
01-02 00:05:39.768 2284 2284 I Netd : Disabling bandwidth control: 5.4ms
01-02 00:05:39.799 2352 2352 I /sbin/modprobe: Parsing file /system/etc/modules.blacklist...
01-02 00:05:39.799 2352 2352 I /sbin/modprobe: Parsing file /system/lib/modules/4.15.0-rc6-android-x86-g8d051505ee26/modules.alias...
01-02 00:05:39.814 2277 2279 E vold : Failed to pclose /system/bin/sgdisk --android-dump /dev/block/vold/disk:8,48 : No medium found
01-02 00:05:39.814 2277 2279 W vold : sgdisk failed to scan /dev/block/vold/disk:8,48
01-02 00:05:39.814 2277 2279 V vold : /system/bin/blkid
01-02 00:05:39.814 2277 2279 V vold : -c
01-02 00:05:39.814 2277 2279 V vold : /dev/null
01-02 00:05:39.814 2277 2279 V vold : -s
01-02 00:05:39.814 2277 2279 V vold : TYPE
01-02 00:05:39.814 2277 2279 V vold : -s
01-02 00:05:39.814 2277 2279 V vold : UUID
01-02 00:05:39.814 2277 2279 V vold : -s
01-02 00:05:39.814 2277 2279 V vold : LABEL
01-02 00:05:39.814 2277 2279 V vold : /dev/block/vold/disk:8,48
01-02 00:05:39.909 2277 2279 E vold : Failed to pclose /system/bin/blkid -c /dev/null -s TYPE -s UUID -s LABEL /dev/block/vold/disk:8,48 : No medium found
01-02 00:05:39.909 2277 2279 W vold : blkid failed to identify /dev/block/vold/disk:8,48
01-02 00:05:39.909 2277 2279 D vold : Disk at 8:64 changed
01-02 00:05:39.910 2297 2297 I android.hardware.wifi@1.0-service: Wifi Hal is booting up...
01-02 00:05:39.918 2277 2279 V vold : /system/bin/sgdisk
01-02 00:05:39.918 2277 2279 V vold : --android-dump
01-02 00:05:39.918 2277 2279 V vold : /dev/block/vold/disk:8,64
01-02 00:05:40.083 2277 2279 E vold : Failed to pclose /system/bin/sgdisk --android-dump /dev/block/vold/disk:8,64 : No medium found
01-02 00:05:40.083 2277 2279 W vold : sgdisk failed to scan /dev/block/vold/disk:8,64
01-02 00:05:40.083 2277 2279 V vold : /system/bin/blkid
01-02 00:05:40.083 2277 2279 V vold : -c
01-02 00:05:40.083 2277 2279 V vold : /dev/null
01-02 00:05:40.083 2277 2279 V vold : -s
01-02 00:05:40.083 2277 2279 V vold : TYPE
01-02 00:05:40.083 2277 2279 V vold : -s
01-02 00:05:40.083 2277 2279 V vold : UUID
01-02 00:05:40.083 2277 2279 V vold : -s
01-02 00:05:40.083 2277 2279 V vold : LABEL
01-02 00:05:40.083 2277 2279 V vold : /dev/block/vold/disk:8,64
01-02 00:05:40.239 2290 2290 D Camera_Factory: CameraFactory::CameraFactory
01-02 00:05:40.239 2290 2290 D Camera_Factory: CameraFactory::parseConfig: configFile = /etc/camera.cfg
01-02 00:05:40.240 2290 2290 D Camera_Factory: /etc/camera.cfg not found, using camera configuration defaults
01-02 00:05:40.240 2290 2290 D Camera_Factory: CameraFactory::get_number_of_cameras
01-02 00:05:40.240 2290 2290 D Camera_Factory: CameraFactory::getCameraNum: 0
01-02 00:05:40.240 2290 2290 I CamProvider@2.4-impl: Loaded "Camera Module" camera module
01-02 00:05:40.240 2290 2290 I CamProvider@2.4-impl: setUpVendorTags: No vendor tags defined for this device.
01-02 00:05:40.240 2290 2290 D Camera_Factory: CameraFactory::get_number_of_cameras
01-02 00:05:40.240 2290 2290 D Camera_Factory: CameraFactory::getCameraNum: 0
01-02 00:05:40.240 2290 2290 I ServiceManagement: Removing namespace from process name android.hardware.camera.provider@2.4-service to provider@2.4-se.
01-02 00:05:40.241 2290 2290 I android.hardware.camera.provider@2.4-service: Registration complete for android.hardware.camera.provider@2.4::ICameraProvider/legacy/0.
01-02 00:05:40.238 2290 2290 I android.hardwar: type=1400 audit(0.0:221): avc: denied { read } for name="etc" dev="tmpfs" ino=5431 scontext=u:r:hal_camera_default:s0 tcontext=u:object_r:tmpfs:s0 tclass=lnk_file permissive=1
01-02 00:05:40.336 2318 2318 I /vendor/bin/hw/android.hardware.media.omx@1.0-service: mediacodecservice starting
01-02 00:05:40.336 2318 2318 W /vendor/bin/hw/android.hardware.media.omx@1.0-service: No seccomp policy defined for this architecture.
01-02 00:05:40.340 2277 2279 E vold : Failed to pclose /system/bin/blkid -c /dev/null -s TYPE -s UUID -s LABEL /dev/block/vold/disk:8,64 : No medium found
01-02 00:05:40.340 2277 2279 W vold : blkid failed to identify /dev/block/vold/disk:8,64
01-02 00:05:40.340 2277 2279 D vold : Disk at 8:32 changed
01-02 00:05:40.349 2277 2279 V vold : /system/bin/sgdisk
01-02 00:05:40.349 2277 2279 V vold : --android-dump
01-02 00:05:40.349 2277 2279 V vold : /dev/block/vold/disk:8,32
01-02 00:05:40.380 2318 2318 I android.hardwar: type=1400 audit(0.0:222): avc: denied { read } for name="vendor" dev="tmpfs" ino=5475 scontext=u:r:mediacodec:s0 tcontext=u:object_r:tmpfs:s0 tclass=lnk_file permissive=1
01-02 00:05:40.412 2318 2318 W MediaCodecsXmlParser: unable to open media codecs configuration xml file: /data/misc/media/media_codecs_profiling_results.xml
01-02 00:05:40.412 2318 2318 W MediaCodecsXmlParser: parseTopLevelXMLFile(/data/misc/media/media_codecs_profiling_results.xml) failed
01-02 00:05:40.431 2318 2318 I ServiceManagement: Removing namespace from process name android.hardware.media.omx@1.0-service to omx@1.0-service.
01-02 00:05:40.434 2318 2318 W MediaCodecsXmlParser: unable to open media codecs configuration xml file: /data/misc/media/media_codecs_profiling_results.xml
01-02 00:05:40.434 2318 2318 W MediaCodecsXmlParser: parseTopLevelXMLFile(/data/misc/media/media_codecs_profiling_results.xml) failed
01-02 00:05:40.434 2318 2318 I ServiceManagement: Removing namespace from process name android.hardware.media.omx@1.0-service to omx@1.0-service.
01-02 00:05:40.435 2318 2318 I /vendor/bin/hw/android.hardware.media.omx@1.0-service: Treble OMX service created.
01-02 00:05:40.452 2356 2356 I sgdisk : type=1400 audit(0.0:223): avc: denied { getattr } for path="/vendor" dev="tmpfs" ino=5475 scontext=u:r:sgdisk:s0 tcontext=u:object_r:tmpfs:s0 tclass=lnk_file permissive=1
01-02 00:05:40.452 2356 2356 I sgdisk : type=1400 audit(0.0:224): avc: denied { read } for name="vendor" dev="tmpfs" ino=5475 scontext=u:r:sgdisk:s0 tcontext=u:object_r:tmpfs:s0 tclass=lnk_file permissive=1
01-02 00:05:40.488 2288 2288 D vndksupport: Loading /vendor/lib/hw/android.hardware.audio@2.0-impl.so from current namespace instead of sphal namespace.
01-02 00:05:40.486 1160 1160 I loop0 : type=1400 audit(0.0:225): avc: denied { read } for path="/mnt/system.sfs" dev="sdb" ino=1897 scontext=u:r:kernel:s0 tcontext=u:object_r:unlabeled:s0 tclass=file permissive=1
01-02 00:05:40.486 2288 2288 I android.hardwar: type=1400 audit(0.0:226): avc: denied { read } for name="vendor" dev="tmpfs" ino=5475 scontext=u:r:hal_audio_default:s0 tcontext=u:object_r:tmpfs:s0 tclass=lnk_file permissive=1
01-02 00:05:40.496 2300 2300 I /system/bin/surfaceflinger: android::hardware::configstore::V1_0::ISurfaceFlingerConfigs::maxFrameBufferAcquiredBuffers retrieved: 3
01-02 00:05:40.517 2300 2300 I /system/bin/surfaceflinger: android::hardware::configstore::V1_0::ISurfaceFlingerConfigs::startGraphicsAllocatorService retrieved: 1
01-02 00:05:40.519 2300 2300 D vndksupport: Loading /vendor/lib/hw/android.hardware.graphics.allocator@2.0-impl.so from current namespace instead of sphal namespace.
01-02 00:05:40.517 2300 2300 I surfaceflinger: type=1400 audit(0.0:227): avc: denied { read } for name="vendor" dev="tmpfs" ino=5475 scontext=u:r:surfaceflinger:s0 tcontext=u:object_r:tmpfs:s0 tclass=lnk_file permissive=1
01-02 00:05:40.521 2277 2279 E vold : Failed to pclose /system/bin/sgdisk --android-dump /dev/block/vold/disk:8,32 : No medium found
01-02 00:05:40.521 2277 2279 W vold : sgdisk failed to scan /dev/block/vold/disk:8,32
01-02 00:05:40.521 2277 2279 V vold : /system/bin/blkid
01-02 00:05:40.521 2277 2279 V vold : -c
01-02 00:05:40.521 2277 2279 V vold : /dev/null
01-02 00:05:40.521 2277 2279 V vold : -s
01-02 00:05:40.521 2277 2279 V vold : TYPE
01-02 00:05:40.521 2277 2279 V vold : -s
01-02 00:05:40.521 2277 2279 V vold : UUID
01-02 00:05:40.521 2277 2279 V vold : -s
01-02 00:05:40.521 2277 2279 V vold : LABEL
01-02 00:05:40.521 2277 2279 V vold : /dev/block/vold/disk:8,32
01-02 00:05:40.531 2300 2300 D vndksupport: Loading /vendor/lib/hw/gralloc.gbm.so from current namespace instead of sphal namespace.
01-02 00:05:40.536 2288 2288 I ServiceManagement: Removing namespace from process name android.hardware.audio@2.0-service to audio@2.0-servi.
01-02 00:05:40.541 2288 2288 I audiohalservice: Registration complete for android.hardware.audio@2.0::IDevicesFactory/default.
01-02 00:05:40.542 2288 2288 D vndksupport: Loading /vendor/lib/hw/android.hardware.audio.effect@2.0-impl.so from current namespace instead of sphal namespace.
01-02 00:05:40.567 2300 2300 I surfaceflinger: type=1400 audit(0.0:228): avc: denied { read write } for name="renderD128" dev="tmpfs" ino=9264 scontext=u:r:surfaceflinger:s0 tcontext=u:object_r:device:s0 tclass=chr_file permissive=1
01-02 00:05:40.567 2300 2300 I surfaceflinger: type=1400 audit(0.0:229): avc: denied { open } for path="/dev/dri/renderD128" dev="tmpfs" ino=9264 scontext=u:r:surfaceflinger:s0 tcontext=u:object_r:device:s0 tclass=chr_file permissive=1
01-02 00:05:40.567 2300 2300 I surfaceflinger: type=1400 audit(0.0:230): avc: denied { getattr } for path="/dev/dri/renderD128" dev="tmpfs" ino=9264 scontext=u:r:surfaceflinger:s0 tcontext=u:object_r:device:s0 tclass=chr_file permissive=1
01-02 00:05:40.568 2300 2300 I surfaceflinger: type=1400 audit(0.0:231): avc: denied { read } for name="dri" dev="tmpfs" ino=9263 scontext=u:r:surfaceflinger:s0 tcontext=u:object_r:device:s0 tclass=dir permissive=1
01-02 00:05:40.568 2300 2300 I surfaceflinger: type=1400 audit(0.0:232): avc: denied { open } for path="/dev/dri" dev="tmpfs" ino=9263 scontext=u:r:surfaceflinger:s0 tcontext=u:object_r:device:s0 tclass=dir permissive=1
01-02 00:05:40.568 2300 2300 I surfaceflinger: type=1400 audit(0.0:233): avc: denied { ioctl } for path="/dev/dri/renderD128" dev="tmpfs" ino=9264 ioctlcmd=0x6440 scontext=u:r:surfaceflinger:s0 tcontext=u:object_r:device:s0 tclass=chr_file permissive=1
01-02 00:05:40.576 2285 2285 D AndroidRuntime: >>>>>> START com.android.internal.os.ZygoteInit uid 0 <<<<<<
01-02 00:05:40.613 2352 2352 E ProbeModule: insmod_by_dep: cannot load module: [netdev-dummy0]
01-02 00:05:40.613 2352 2352 W /sbin/modprobe: failed to load netdev-dummy0: Invalid argument
01-02 00:05:40.634 2277 2279 E vold : Failed to pclose /system/bin/blkid -c /dev/null -s TYPE -s UUID -s LABEL /dev/block/vold/disk:8,32 : No medium found
01-02 00:05:40.634 2277 2279 W vold : blkid failed to identify /dev/block/vold/disk:8,32
