01-02 00:06:23.831 2904 2904 I zygote : option[35]=-Xcompiler-option
01-02 00:06:23.831 2904 2904 I zygote : option[36]=-Xms64m
01-02 00:06:23.831 2904 2904 I zygote : option[37]=-Xcompiler-option
01-02 00:06:23.831 2904 2904 I zygote : option[38]=--runtime-arg
01-02 00:06:23.831 2904 2904 I zygote : option[39]=-Xcompiler-option
01-02 00:06:23.831 2904 2904 I zygote : option[40]=-Xmx512m
01-02 00:06:23.831 2904 2904 I zygote : option[41]=-Ximage-compiler-option
01-02 00:06:23.831 2904 2904 I zygote : option[42]=--instruction-set-variant=x86
01-02 00:06:23.831 2904 2904 I zygote : option[43]=-Xcompiler-option
01-02 00:06:23.831 2904 2904 I zygote : option[44]=--instruction-set-variant=x86
01-02 00:06:23.831 2904 2904 I zygote : option[45]=-Ximage-compiler-option
01-02 00:06:23.831 2904 2904 I zygote : option[46]=--instruction-set-features=default
01-02 00:06:23.831 2904 2904 I zygote : option[47]=-Xcompiler-option
01-02 00:06:23.831 2904 2904 I zygote : option[48]=--instruction-set-features=default
01-02 00:06:23.831 2904 2904 I zygote : option[49]=-Duser.locale=en-US
01-02 00:06:23.831 2904 2904 I zygote : option[50]=-XX:NativeBridge=libhoudini.so
01-02 00:06:23.831 2904 2904 I zygote : option[51]=--cpu-abilist=x86,armeabi-v7a,armeabi
01-02 00:06:23.831 2904 2904 I zygote : option[52]=-Xfingerprint:Android-x86/android_x86/x86:8.1.0/OPM1.171019.011/utente12170902:eng/test-keys
01-02 00:06:23.834 2904 2904 W zygote : Could not reserve sentinel fault page
01-02 00:06:23.873 2903 2903 D vndksupport: Loading /vendor/lib/hw/android.hardware.audio@2.0-impl.so from current namespace instead of sphal namespace.
01-02 00:06:23.888 2903 2903 I ServiceManagement: Removing namespace from process name android.hardware.audio@2.0-service to audio@2.0-servi.
01-02 00:06:23.889 2903 2903 I audiohalservice: Registration complete for android.hardware.audio@2.0::IDevicesFactory/default.
01-02 00:06:23.889 2903 2903 D vndksupport: Loading /vendor/lib/hw/android.hardware.audio.effect@2.0-impl.so from current namespace instead of sphal namespace.
01-02 00:06:23.894 2901 2901 I /system/bin/surfaceflinger: android::hardware::configstore::V1_0::ISurfaceFlingerConfigs::maxFrameBufferAcquiredBuffers retrieved: 3
01-02 00:06:23.912 2901 2901 I /system/bin/surfaceflinger: android::hardware::configstore::V1_0::ISurfaceFlingerConfigs::startGraphicsAllocatorService retrieved: 1
01-02 00:06:23.912 2901 2901 D vndksupport: Loading /vendor/lib/hw/android.hardware.graphics.allocator@2.0-impl.so from current namespace instead of sphal namespace.
01-02 00:06:23.913 2901 2901 D vndksupport: Loading /vendor/lib/hw/gralloc.gbm.so from current namespace instead of sphal namespace.
01-02 00:06:23.938 2903 2903 I audiohalservice: Registration complete for android.hardware.audio.effect@2.0::IEffectsFactory/default.
01-02 00:06:23.938 2231 2231 W /system/bin/hwservicemanager: getTransport: Cannot find entry android.hardware.soundtrigger@2.0::ISoundTriggerHw/default in either framework or device manifest.
01-02 00:06:23.938 2903 2903 D vndksupport: Loading /vendor/lib/hw/android.hardware.soundtrigger@2.0-impl.so from current namespace instead of sphal namespace.
01-02 00:06:23.939 2903 2903 E SoundTriggerHalImpl: couldn't load sound trigger module sound_trigger.primary (No such file or directory)
01-02 00:06:23.940 2903 2903 I audiohalservice: Registration complete for android.hardware.soundtrigger@2.0::ISoundTriggerHw/default.
01-02 00:06:24.036 2901 2901 I SurfaceFlinger: Registration complete for android.hardware.graphics.allocator@2.0::IAllocator/default.
01-02 00:06:24.037 2901 2901 I SurfaceFlinger: SurfaceFlinger is starting
01-02 00:06:24.037 2904 2904 D Zygote : begin preload
01-02 00:06:24.037 2904 2904 I Zygote : Installing ICU cache reference pinning...
01-02 00:06:24.037 2904 2904 I Zygote : Preloading ICU data...
01-02 00:06:24.037 2901 2901 I /system/bin/surfaceflinger: android::hardware::configstore::V1_0::ISurfaceFlingerConfigs::vsyncEventPhaseOffsetNs retrieved: 1000000 (default)
01-02 00:06:24.037 2901 2901 I /system/bin/surfaceflinger: android::hardware::configstore::V1_0::ISurfaceFlingerConfigs::vsyncSfEventPhaseOffsetNs retrieved: 1000000 (default)
01-02 00:06:24.038 2901 2901 I /system/bin/surfaceflinger: android::hardware::configstore::V1_0::ISurfaceFlingerConfigs::maxVirtualDisplaySize retrieved: 0 (default)
01-02 00:06:24.038 2901 2901 I /system/bin/surfaceflinger: android::hardware::configstore::V1_0::ISurfaceFlingerConfigs::hasSyncFramework retrieved: 1
01-02 00:06:24.038 2901 2901 I /system/bin/surfaceflinger: android::hardware::configstore::V1_0::ISurfaceFlingerConfigs::useContextPriority retrieved: 0 (default)
01-02 00:06:24.038 2901 2901 I /system/bin/surfaceflinger: android::hardware::configstore::V1_0::ISurfaceFlingerConfigs::presentTimeOffsetFromVSyncNs retrieved: 0
01-02 00:06:24.038 2901 2901 I /system/bin/surfaceflinger: android::hardware::configstore::V1_0::ISurfaceFlingerConfigs::useHwcForRGBtoYUV retrieved: 0
01-02 00:06:24.038 2901 2901 I /system/bin/surfaceflinger: android::hardware::configstore::V1_0::ISurfaceFlingerConfigs::maxFrameBufferAcquiredBuffers retrieved: 3
01-02 00:06:24.038 2901 2901 I SurfaceFlinger: Enabling HWC virtual displays
01-02 00:06:24.038 2901 2901 I SurfaceFlinger: Disabling Triple Buffering
01-02 00:06:24.038 2901 2901 I SurfaceFlinger: SurfaceFlinger's main thread ready to run. Initializing graphics H/W...
01-02 00:06:24.039 2901 2901 D vndksupport: Loading /vendor/lib/egl/libGLES_mesa.so from current namespace instead of sphal namespace.
01-02 00:06:24.040 2901 2901 D libEGL : loaded /vendor/lib/egl/libGLES_mesa.so
01-02 00:06:24.051 2904 2904 D Zygote32Timing: BeginIcuCachePinning took to complete: 14ms
01-02 00:06:24.051 2904 2904 I Zygote : Preloading classes...
01-02 00:06:24.164 2901 2901 D vndksupport: Loading /vendor/lib/hw/gralloc.gbm.so from current namespace instead of sphal namespace.
01-02 00:06:24.165 2901 2901 I EGL-MAIN: found extension DRI_Core version 2
01-02 00:06:24.165 2901 2901 I EGL-MAIN: found extension DRI_IMAGE_DRIVER version 1
01-02 00:06:24.166 2901 2901 I EGL-MAIN: found extension DRI_TexBuffer version 2
01-02 00:06:24.166 2901 2901 I EGL-MAIN: found extension DRI2_Flush version 4
01-02 00:06:24.166 2901 2901 I EGL-MAIN: found extension DRI_IMAGE version 17
01-02 00:06:24.166 2901 2901 I EGL-MAIN: found extension DRI_RENDERER_QUERY version 1
01-02 00:06:24.166 2901 2901 I EGL-MAIN: found extension DRI_CONFIG_QUERY version 1
01-02 00:06:24.166 2901 2901 I EGL-MAIN: found extension DRI2_Fence version 2
01-02 00:06:24.167 2901 2901 I EGL-MAIN: found extension DRI2_Interop version 1
01-02 00:06:24.167 2901 2901 I EGL-MAIN: found extension DRI_NoError version 1
01-02 00:06:24.167 2901 2901 I EGL-MAIN: found extension DRI_FlushControl version 1
01-02 00:06:24.179 2901 2901 I /system/bin/surfaceflinger: android::hardware::configstore::V1_0::ISurfaceFlingerConfigs::hasWideColorDisplay retrieved: 0
01-02 00:06:24.180 2901 2901 D vndksupport: Loading /vendor/lib/hw/gralloc.gbm.so from current namespace instead of sphal namespace.
01-02 00:06:24.181 2901 2901 D vndksupport: Loading /vendor/lib/hw/hwcomposer.drm.so from current namespace instead of sphal namespace.
01-02 00:06:24.182 2904 2904 E ActivityRecognitionHardware: activity_recognition HAL is deprecated. class_init is effectively a no-op
01-02 00:06:24.193 2904 2904 W Zygote : Class not found for preloading: android.icu.impl.number.Parse
01-02 00:06:24.199 2904 2904 I zygote : Thread[1,tid=2904,Native,Thread*=0xab33e000,peer=0x12c01d00,"main"] recursive attempt to load library "/system/lib/libmedia_jni.so"
01-02 00:06:24.200 2904 2904 D MtpDeviceJNI: register_android_mtp_MtpDevice
01-02 00:06:24.200 2904 2904 I zygote : Thread[1,tid=2904,Native,Thread*=0xab33e000,peer=0x12c01d00,"main"] recursive attempt to load library "/system/lib/libmedia_jni.so"
01-02 00:06:24.200 2904 2904 I zygote : Thread[1,tid=2904,Native,Thread*=0xab33e000,peer=0x12c01d00,"main"] recursive attempt to load library "/system/lib/libmedia_jni.so"
01-02 00:06:24.221 2906 2906 I cameraserver: ServiceManager: 0xa79b0440
01-02 00:06:24.221 2906 2906 I CameraService: CameraService started (pid=2906)
01-02 00:06:24.221 2906 2906 I CameraService: CameraService process starting
01-02 00:06:24.221 2906 2906 W BatteryNotifier: batterystats service unavailable!
01-02 00:06:24.222 2906 2906 W BatteryNotifier: batterystats service unavailable!
01-02 00:06:24.224 2906 2906 I CameraProviderManager: Connecting to new camera provider: legacy/0, isRemote? 1
01-02 00:06:24.225 2906 2906 I CameraProviderManager: Camera provider legacy/0 ready with 0 camera devices
01-02 00:06:24.244 2906 2921 W CameraProviderManager: addProviderLocked: Camera provider HAL with name 'legacy/0' already registered
01-02 00:06:24.269 2904 2904 I Zygote : ...preloaded 4715 classes in 217ms.
01-02 00:06:24.269 2904 2904 I zygote : VMRuntime.preloadDexCaches starting
01-02 00:06:24.272 2901 2901 E hwc-drm-plane: Could not get rotation property
01-02 00:06:24.273 2901 2901 I hwc-drm-plane: Could not get alpha property
01-02 00:06:24.273 2901 2901 E hwc-drm-plane: Could not get rotation property
01-02 00:06:24.273 2901 2901 I hwc-drm-plane: Could not get alpha property
01-02 00:06:24.273 2901 2901 E hwc-drm-plane: Could not get rotation property
01-02 00:06:24.273 2901 2901 I hwc-drm-plane: Could not get alpha property
01-02 00:06:24.276 2901 2901 E hwc-drm-plane: Could not get rotation property
01-02 00:06:24.276 2901 2901 I hwc-drm-plane: Could not get alpha property
01-02 00:06:24.276 2901 2901 E hwc-drm-resources: Could not find a suitable encoder/crtc for display 2
01-02 00:06:24.276 2901 2901 E hwc-drm-resources: Failed CreateDisplayPipe 49 with -19
01-02 00:06:24.276 2901 2901 E hwcomposer-drm: Can't initialize Drm object -19
01-02 00:06:24.277 2901 2901 E SurfaceFlinger: composer device failed to initialize (No such device)
01-02 00:06:24.277 2901 2901 E SurfaceFlinger: ERROR: failed to open framebuffer (Invalid argument), aborting
01-02 00:06:24.277 2901 2901 F libc : Fatal signal 6 (SIGABRT), code -6 in tid 2901 (surfaceflinger), pid 2901 (surfaceflinger)
01-02 00:06:24.306 2933 2933 I crash_dump32: obtaining output fd from tombstoned, type: kDebuggerdTombstone
01-02 00:06:24.306 2321 2321 I /system/bin/tombstoned: received crash request for pid 2901
01-02 00:06:24.306 2933 2933 I crash_dump32: performing dump of process 2901 (target tid = 2901)
01-02 00:06:24.306 2933 2933 F DEBUG : *** *** *** *** *** *** *** *** *** *** *** *** *** *** *** ***
01-02 00:06:24.306 2933 2933 F DEBUG : Build fingerprint: 'Android-x86/android_x86/x86:8.1.0/OPM1.171019.011/utente12170902:eng/test-keys'
01-02 00:06:24.306 2933 2933 F DEBUG : Revision: '0'
01-02 00:06:24.306 2933 2933 F DEBUG : ABI: 'x86'
01-02 00:06:24.307 2933 2933 F DEBUG : pid: 2901, tid: 2901, name: surfaceflinger >>> /system/bin/surfaceflinger <<<
01-02 00:06:24.307 2933 2933 F DEBUG : signal 6 (SIGABRT), code -6 (SI_TKILL), fault addr --------
01-02 00:06:24.307 2933 2933 F DEBUG : eax 00000000 ebx 00000b55 ecx 00000b55 edx 00000006
01-02 00:06:24.307 2933 2933 F DEBUG : esi b68ee8da edi 00000b55
01-02 00:06:24.307 2933 2933 F DEBUG : xcs 00000073 xds 0000007b xes 0000007b xfs 00000000 xss 0000007b
01-02 00:06:24.307 2933 2933 F DEBUG : eip b7576d91 ebp a7f36100 esp bfe7fde8 flags 00000286
01-02 00:06:24.319 2933 2933 F DEBUG :
01-02 00:06:24.319 2933 2933 F DEBUG : backtrace:
01-02 00:06:24.320 2933 2933 F DEBUG : #00 pc 00000d91 [vdso:b7576000] (__kernel_vsyscall+9)
01-02 00:06:24.320 2933 2933 F DEBUG : #01 pc 0001ee38 /system/lib/libc.so (syscall+40)
01-02 00:06:24.320 2933 2933 F DEBUG : #02 pc 0001f053 /system/lib/libc.so (abort+115)
01-02 00:06:24.320 2933 2933 F DEBUG : #03 pc 00074f97 /system/lib/libsurfaceflinger.so (android::HWComposer::HWComposer(android::sp const&, android::HWComposer::EventHandler&)+1399)
01-02 00:06:24.320 2933 2933 F DEBUG : #04 pc 0005baaa /system/lib/libsurfaceflinger.so (android::SurfaceFlinger::init()+1098)
01-02 00:06:24.320 2933 2933 F DEBUG : #05 pc 00002141 /system/bin/surfaceflinger (main+721)
01-02 00:06:24.320 2933 2933 F DEBUG : #06 pc 000b6a34 /system/lib/libc.so (__libc_init+100)
01-02 00:06:24.320 2933 2933 F DEBUG : #07 pc 00001dcd /system/bin/surfaceflinger (_start_main+80)
01-02 00:06:24.320 2933 2933 F DEBUG : #08 pc 00001dd8 /system/bin/surfaceflinger (_start+10)
01-02 00:06:24.333 2904 2904 I zygote : VMRuntime.preloadDexCaches strings total=313067 before=10351 after=10351
01-02 00:06:24.333 2904 2904 I zygote : VMRuntime.preloadDexCaches types total=26671 before=5500 after=5502
01-02 00:06:24.333 2904 2904 I zygote : VMRuntime.preloadDexCaches fields total=126851 before=5507 after=5537
01-02 00:06:24.333 2904 2904 I zygote : VMRuntime.preloadDexCaches methods total=225392 before=9940 after=9940
01-02 00:06:24.333 2904 2904 I zygote : VMRuntime.preloadDexCaches finished
01-02 00:06:24.333 2904 2904 D Zygote32Timing: PreloadClasses took to complete: 283ms
01-02 00:06:24.377 2908 2908 E ProbeModule: insmod_by_dep: cannot load module: [netdev-dummy0]
01-02 00:06:24.378 2908 2908 W /sbin/modprobe: failed to load netdev-dummy0: Invalid argument
01-02 00:06:24.397 2904 2904 I Zygote : Preloading resources...
01-02 00:06:24.407 2904 2904 W Resources: Preloaded drawable resource #0x1080264 (android:drawable/dialog_background_material) that varies with configuration!!
01-02 00:06:24.417 2898 2898 E Netd : cannot find interface dummy0
01-02 00:06:24.418 2898 2898 I Netd : Initializing RouteController: 828.5ms
01-02 00:06:24.434 2904 2904 I Zygote : ...preloaded 64 resources in 37ms.
01-02 00:06:24.440 2904 2904 W Resources: Preloaded color resource #0x1060053 (android:color/btn_default_material_dark) that varies with configuration!!
01-02 00:06:24.441 2904 2904 I Zygote : ...preloaded 41 resources in 7ms.
01-02 00:06:24.443 2904 2904 I Zygote : ...preloaded 2 resource in 2ms.
01-02 00:06:24.443 2904 2904 D Zygote32Timing: PreloadResources took to complete: 109ms
01-02 00:06:24.443 2904 2904 D vndksupport: Loading /vendor/lib/hw/android.hardware.graphics.mapper@2.0-impl.so from current namespace instead of sphal namespace.
01-02 00:06:24.444 2904 2904 D vndksupport: Loading /vendor/lib/egl/libGLES_mesa.so from current namespace instead of sphal namespace.
01-02 00:06:24.446 2904 2904 D libEGL : loaded /vendor/lib/egl/libGLES_mesa.so
01-02 00:06:24.478 2938 2938 I /sbin/modprobe: Parsing file /system/etc/modules.blacklist...
01-02 00:06:24.479 2938 2938 I /sbin/modprobe: Parsing file /system/lib/modules/4.15.0-rc6-android-x86-g8d051505ee26/modules.alias...
01-02 00:06:24.507 2905 2905 I FastMixerState: sMaxFastTracks = 8
01-02 00:06:24.514 2905 2905 I audioserver: ServiceManager: 0xb081af00
01-02 00:06:24.515 2905 2905 W BatteryNotifier: batterystats service unavailable!
01-02 00:06:24.516 2905 2905 I AudioFlinger: Using default 3000 mSec as standby time.
01-02 00:06:24.517 2905 2905 I APM::ConfigParsingUtils: loadAudioPolicyConfig() loaded /system/etc/audio_policy.conf
01-02 00:06:24.521 2904 2904 I Zygote : Preloading shared libraries...
01-02 00:06:24.535 2904 2904 I Zygote : Uninstalled ICU cache reference pinning...
01-02 00:06:24.536 2904 2904 I Zygote : Installed AndroidKeyStoreProvider in 1ms.
01-02 00:06:24.545 2907 2907 I mediaserver: ServiceManager: 0xb0d30880
01-02 00:06:24.546 2907 2907 W BatteryNotifier: batterystats service unavailable!
01-02 00:06:24.548 2904 2904 I Zygote : Warmed up JCA providers in 12ms.
01-02 00:06:24.548 2904 2904 D Zygote : end preload
01-02 00:06:24.548 2904 2904 D Zygote32Timing: ZygotePreload took to complete: 511ms
01-02 00:06:24.556 2933 2933 E crash_dump32: unable to connect to activity manager: No such file or directory
01-02 00:06:24.557 2321 2321 E /system/bin/tombstoned: Tombstone written to: /data/tombstones/tombstone_09
01-02 00:06:24.566 2231 2231 E hw-IPCThreadState: attemptIncStrongHandle(17): Not supported
01-02 00:06:24.566 2231 2231 I chatty : uid=1000(system) hwservicemanage identical 4 lines
01-02 00:06:24.566 2231 2231 E hw-IPCThreadState: attemptIncStrongHandle(17): Not supported
01-02 00:06:24.037 2901 2901 I surfaceflinger: type=1400 audit(0.0:389): avc: denied { dac_override } for capability=1 scontext=u:r:surfaceflinger:s0 tcontext=u:r:surfaceflinger:s0 tclass=capability permissive=1
01-02 00:06:24.287 2932 2932 I crash_dump32: type=1400 audit(0.0:390): avc: denied { getattr } for path="/vendor" dev="tmpfs" ino=5475 scontext=u:r:crash_dump:s0 tcontext=u:object_r:tmpfs:s0 tclass=lnk_file permissive=1
01-02 00:06:24.287 2932 2932 I crash_dump32: type=1400 audit(0.0:391): avc: denied { read } for name="vendor" dev="tmpfs" ino=5475 scontext=u:r:crash_dump:s0 tcontext=u:object_r:tmpfs:s0 tclass=lnk_file permissive=1
01-02 00:06:24.516 2905 2905 I audioserver: type=1400 audit(0.0:392): avc: denied { read } for name="vendor" dev="tmpfs" ino=5475 scontext=u:r:audioserver:s0 tcontext=u:object_r:tmpfs:s0 tclass=lnk_file permissive=1
01-02 00:06:24.626 2230 2230 I ServiceManager: service 'media.player' died
01-02 00:06:24.627 2230 2230 I ServiceManager: service 'media.resource_manager' died
01-02 00:06:24.627 2230 2230 I ServiceManager: service 'media.camera' died
01-02 00:06:24.627 2230 2230 I ServiceManager: service 'media.audio_flinger' died
01-02 00:06:24.635 2938 2938 E ProbeModule: insmod_by_dep: cannot load module: [net-pf-16-proto-5]
01-02 00:06:24.635 2938 2938 W /sbin/modprobe: failed to load net-pf-16-proto-5: Invalid argument
01-02 00:06:24.637 2230 2230 I ServiceManager: service 'wificond' died
01-02 00:06:28.388 1 1 I init : type=1400 audit(0.0:393): avc: denied { create } for name="cgroup.procs" scontext=u:r:init:s0 tcontext=u:object_r:cgroup:s0 tclass=file permissive=1
01-02 00:06:28.416 2952 2952 I Netd : Netd 1.0 starting
01-02 00:06:28.416 2952 2952 D TetherController: Setting IP forward enable = 0
01-02 00:06:28.432 2955 2955 I surfaceflinger: type=1400 audit(0.0:394): avc: denied { getattr } for path="/vendor" dev="tmpfs" ino=5475 scontext=u:r:surfaceflinger:s0 tcontext=u:object_r:tmpfs:s0 tclass=lnk_file permissive=1
01-02 00:06:28.432 2955 2955 I surfaceflinger: type=1400 audit(0.0:395): avc: denied { read } for name="vendor" dev="tmpfs" ino=5475 scontext=u:r:surfaceflinger:s0 tcontext=u:object_r:tmpfs:s0 tclass=lnk_file permissive=1
01-02 00:06:28.442 2952 2952 I Netd : Creating child chains: 22.9ms
01-02 00:06:28.442 2952 2952 I Netd : Setting up OEM hooks: 0.1ms
01-02 00:06:28.445 2952 2952 I Netd : Setting up FirewallController hooks: 3.1ms
01-02 00:06:28.453 2952 2952 I Netd : Setting up NatController hooks: 7.9ms
01-02 00:06:28.454 2956 2956 I wificond: type=1400 audit(0.0:396): avc: denied { getattr } for path="/vendor" dev="tmpfs" ino=5475 scontext=u:r:wificond:s0 tcontext=u:object_r:tmpfs:s0 tclass=lnk_file permissive=1
01-02 00:06:28.454 2956 2956 I wificond: type=1400 audit(0.0:397): avc: denied { read } for name="vendor" dev="tmpfs" ino=5475 scontext=u:r:wificond:s0 tcontext=u:object_r:tmpfs:s0 tclass=lnk_file permissive=1
01-02 00:06:28.457 2952 2952 I Netd : Setting up BandwidthController hooks: 4.2ms
01-02 00:06:28.457 2952 2952 I Netd : Setting up IdletimerController hooks: 0.1ms
01-02 00:06:28.457 2959 2959 I audioserver: type=1400 audit(0.0:398): avc: denied { getattr } for path="/vendor" dev="tmpfs" ino=5475 scontext=u:r:audioserver:s0 tcontext=u:object_r:tmpfs:s0 tclass=lnk_file permissive=1
01-02 00:06:28.466 2960 2960 I cameraserver: type=1400 audit(0.0:399): avc: denied { getattr } for path="/vendor" dev="tmpfs" ino=5475 scontext=u:r:cameraserver:s0 tcontext=u:object_r:tmpfs:s0 tclass=lnk_file permissive=1
01-02 00:06:28.466 2960 2960 I cameraserver: type=1400 audit(0.0:400): avc: denied { read } for name="vendor" dev="tmpfs" ino=5475 scontext=u:r:cameraserver:s0 tcontext=u:object_r:tmpfs:s0 tclass=lnk_file permissive=1
01-02 00:06:28.469 2961 2961 I mediaserver: type=1400 audit(0.0:401): avc: denied { getattr } for path="/vendor" dev="tmpfs" ino=5475 scontext=u:r:mediaserver:s0 tcontext=u:object_r:tmpfs:s0 tclass=lnk_file permissive=1
01-02 00:06:28.469 2961 2961 I mediaserver: type=1400 audit(0.0:402): avc: denied { read } for name="vendor" dev="tmpfs" ino=5475 scontext=u:r:mediaserver:s0 tcontext=u:object_r:tmpfs:s0 tclass=lnk_file permissive=1
01-02 00:06:28.477 2958 2958 I app_process: type=1400 audit(0.0:403): avc: denied { getattr } for path="/vendor" dev="tmpfs" ino=5475 scontext=u:r:zygote:s0 tcontext=u:object_r:tmpfs:s0 tclass=lnk_file permissive=1
01-02 00:06:28.477 2958 2958 I app_process: type=1400 audit(0.0:404): avc: denied { read } for name="vendor" dev="tmpfs" ino=5475 scontext=u:r:zygote:s0 tcontext=u:object_r:tmpfs:s0 tclass=lnk_file permissive=1
01-02 00:06:28.502 2956 2956 I wificond: wificond is starting up...
01-02 00:06:28.520 2952 2952 W IptablesRestoreController: iptables-restore process 2953 terminated status=256
01-02 00:06:28.520 2952 2952 E IptablesRestoreController: iptables error:
01-02 00:06:28.520 2952 2952 E IptablesRestoreController: ------- COMMAND -------
01-02 00:06:28.520 2952 2952 E IptablesRestoreController: *filter
01-02 00:06:28.520 2952 2952 E IptablesRestoreController: -A bw_INPUT -m owner --socket-exists
01-02 00:06:28.520 2952 2952 E IptablesRestoreController: -A bw_OUTPUT -m owner --socket-exists
01-02 00:06:28.520 2952 2952 E IptablesRestoreController: -A bw_costly_shared --jump bw_penalty_box
01-02 00:06:28.520 2952 2952 E IptablesRestoreController: -A bw_penalty_box --jump bw_happy_box
01-02 00:06:28.520 2952 2952 E IptablesRestoreController: -A bw_happy_box --jump bw_data_saver
01-02 00:06:28.520 2952 2952 E IptablesRestoreController: -A bw_data_saver -j RETURN
01-02 00:06:28.520 2952 2952 E IptablesRestoreController: -I bw_happy_box -m owner --uid-owner 0-9999 --jump RETURN
01-02 00:06:28.520 2952 2952 E IptablesRestoreController: COMMIT
01-02 00:06:28.520 2952 2952 E IptablesRestoreController: *raw
01-02 00:06:28.520 2952 2952 E IptablesRestoreController: -A bw_raw_PREROUTING -m owner --socket-exists
01-02 00:06:28.520 2952 2952 E IptablesRestoreController: COMMIT
01-02 00:06:28.520 2952 2952 E IptablesRestoreController: *mangle
01-02 00:06:28.520 2952 2952 E IptablesRestoreController: -A bw_mangle_POSTROUTING -m owner --socket-exists
01-02 00:06:28.520 2952 2952 E IptablesRestoreController: COMMIT
01-02 00:06:28.520 2952 2952 E IptablesRestoreController:
01-02 00:06:28.520 2952 2952 E IptablesRestoreController: ------- ERROR -------
01-02 00:06:28.520 2952 2952 E IptablesRestoreController: iptables-restore: line 174 failed
01-02 00:06:28.520 2952 2952 E IptablesRestoreController: ----------------------
01-02 00:06:28.551 2952 2952 W IptablesRestoreController: iptables-restore process 2954 terminated status=256
01-02 00:06:28.551 2952 2952 E IptablesRestoreController: iptables error:
01-02 00:06:28.551 2952 2952 E IptablesRestoreController: ------- COMMAND -------
01-02 00:06:28.551 2952 2952 E IptablesRestoreController: *filter
01-02 00:06:28.551 2952 2952 E IptablesRestoreController: -A bw_INPUT -m owner --socket-exists
01-02 00:06:28.551 2952 2952 E IptablesRestoreController: -A bw_OUTPUT -m owner --socket-exists
01-02 00:06:28.551 2952 2952 E IptablesRestoreController: -A bw_costly_shared --jump bw_penalty_box
01-02 00:06:28.551 2952 2952 E IptablesRestoreController: -A bw_penalty_box --jump bw_happy_box
01-02 00:06:28.551 2952 2952 E IptablesRestoreController: -A bw_happy_box --jump bw_data_saver
01-02 00:06:28.551 2952 2952 E IptablesRestoreController: -A bw_data_saver -j RETURN
01-02 00:06:28.551 2952 2952 E IptablesRestoreController: -I bw_happy_box -m owner --uid-owner 0-9999 --jump RETURN
01-02 00:06:28.551 2952 2952 E IptablesRestoreController: COMMIT
01-02 00:06:28.551 2952 2952 E IptablesRestoreController: *raw
01-02 00:06:28.551 2952 2952 E IptablesRestoreController: -A bw_raw_PREROUTING -m owner --socket-exists
01-02 00:06:28.551 2952 2952 E IptablesRestoreController: COMMIT
01-02 00:06:28.551 2952 2952 E IptablesRestoreController: *mangle
01-02 00:06:28.551 2952 2952 E IptablesRestoreController: -A bw_mangle_POSTROUTING -m owner --socket-exists
01-02 00:06:28.551 2952 2952 E IptablesRestoreController: COMMIT
01-02 00:06:28.551 2952 2952 E IptablesRestoreController:
01-02 00:06:28.551 2952 2952 E IptablesRestoreController: ------- ERROR -------
01-02 00:06:28.551 2952 2952 E IptablesRestoreController: ip6tables-restore: line 159 failed
01-02 00:06:28.551 2952 2952 E IptablesRestoreController: ----------------------
01-02 00:06:28.551 2952 2952 I Netd : Disabling bandwidth control: 93.9ms
01-02 00:06:28.592 2962 2962 I /sbin/modprobe: Parsing file /system/etc/modules.blacklist...
01-02 00:06:28.592 2962 2962 I /sbin/modprobe: Parsing file /system/lib/modules/4.15.0-rc6-android-x86-g8d051505ee26/modules.alias...
01-02 00:06:28.772 2957 2957 I android.hardwar: type=1400 audit(0.0:405): avc: denied { read } for name="vendor" dev="tmpfs" ino=5475 scontext=u:r:hal_audio_default:s0 tcontext=u:object_r:tmpfs:s0 tclass=lnk_file permissive=1
01-02 00:06:28.774 2957 2957 D vndksupport: Loading /vendor/lib/hw/android.hardware.audio@2.0-impl.so from current namespace instead of sphal namespace.
01-02 00:06:28.795 2957 2957 I ServiceManagement: Removing namespace from process name android.hardware.audio@2.0-service to audio@2.0-servi.
01-02 00:06:28.796 2957 2957 I audiohalservice: Registration complete for android.hardware.audio@2.0::IDevicesFactory/default.
01-02 00:06:28.796 2957 2957 D vndksupport: Loading /vendor/lib/hw/android.hardware.audio.effect@2.0-impl.so from current namespace instead of sphal namespace.
01-02 00:06:28.832 2955 2955 I /system/bin/surfaceflinger: android::hardware::configstore::V1_0::ISurfaceFlingerConfigs::maxFrameBufferAcquiredBuffers retrieved: 3
01-02 00:06:28.834 2955 2955 I /system/bin/surfaceflinger: android::hardware::configstore::V1_0::ISurfaceFlingerConfigs::startGraphicsAllocatorService retrieved: 1
01-02 00:06:28.834 2955 2955 D vndksupport: Loading /vendor/lib/hw/android.hardware.graphics.allocator@2.0-impl.so from current namespace instead of sphal namespace.
01-02 00:06:28.835 2955 2955 D vndksupport: Loading /vendor/lib/hw/gralloc.gbm.so from current namespace instead of sphal namespace.
01-02 00:06:28.835 2955 2955 I surfaceflinger: type=1400 audit(0.0:406): avc: denied { read write } for name="renderD128" dev="tmpfs" ino=9264 scontext=u:r:surfaceflinger:s0 tcontext=u:object_r:device:s0 tclass=chr_file permissive=1
01-02 00:06:28.835 2955 2955 I surfaceflinger: type=1400 audit(0.0:407): avc: denied { open } for path="/dev/dri/renderD128" dev="tmpfs" ino=9264 scontext=u:r:surfaceflinger:s0 tcontext=u:object_r:device:s0 tclass=chr_file permissive=1
01-02 00:06:28.835 2955 2955 I surfaceflinger: type=1400 audit(0.0:408): avc: denied { getattr } for path="/dev/dri/renderD128" dev="tmpfs" ino=9264 scontext=u:r:surfaceflinger:s0 tcontext=u:object_r:device:s0 tclass=chr_file permissive=1
01-02 00:06:28.835 2955 2955 I surfaceflinger: type=1400 audit(0.0:409): avc: denied { read } for name="dri" dev="tmpfs" ino=9263 scontext=u:r:surfaceflinger:s0 tcontext=u:object_r:device:s0 tclass=dir permissive=1
01-02 00:06:28.835 2955 2955 I surfaceflinger: type=1400 audit(0.0:410): avc: denied { open } for path="/dev/dri" dev="tmpfs" ino=9263 scontext=u:r:surfaceflinger:s0 tcontext=u:object_r:device:s0 tclass=dir permissive=1
01-02 00:06:28.844 2958 2958 D AndroidRuntime: >>>>>> START com.android.internal.os.ZygoteInit uid 0 <<<<<<
01-02 00:06:28.849 2958 2958 I zygote : option[0]=-Xzygote
01-02 00:06:28.849 2958 2958 I zygote : option[1]=-Xcheck:jni
01-02 00:06:28.849 2958 2958 I zygote : option[2]=-Xusetombstonedtraces
01-02 00:06:28.849 2958 2958 I zygote : option[3]=exit
01-02 00:06:28.849 2958 2958 I zygote : option[4]=vfprintf
01-02 00:06:28.849 2958 2958 I zygote : option[5]=sensitiveThread
01-02 00:06:28.849 2958 2958 I zygote : option[6]=-verbose:gc
01-02 00:06:28.849 2958 2958 I zygote : option[7]=-Xms16m
01-02 00:06:28.849 2958 2958 I zygote : option[8]=-Xmx512m
01-02 00:06:28.849 2958 2958 I zygote : option[9]=-XX:HeapGrowthLimit=192m
01-02 00:06:28.849 2958 2958 I zygote : option[10]=-XX:HeapMinFree=512k
01-02 00:06:28.849 2958 2958 I zygote : option[11]=-XX:HeapMaxFree=8m
01-02 00:06:28.849 2958 2958 I zygote : option[12]=-XX:HeapTargetUtilization=0.75
01-02 00:06:28.849 2958 2958 I zygote : option[13]=-Xusejit:true
01-02 00:06:28.849 2958 2958 I zygote : option[14]=-Xjitsaveprofilinginfo
01-02 00:06:28.849 2958 2958 I zygote : option[15]=-agentlib:jdwp=transport=dt_android_adb,suspend=n,server=y
01-02 00:06:28.849 2958 2958 I zygote : option[16]=-Xlockprofthreshold:500
01-02 00:06:28.849 2958 2958 I zygote : option[17]=-Ximage-compiler-option
01-02 00:06:28.849 2958 2958 I zygote : option[18]=--runtime-arg
01-02 00:06:28.849 2958 2958 I zygote : option[19]=-Ximage-compiler-option
01-02 00:06:28.849 2958 2958 I zygote : option[20]=-Xms64m
01-02 00:06:28.849 2958 2958 I zygote : option[21]=-Ximage-compiler-option
01-02 00:06:28.849 2958 2958 I zygote : option[22]=--runtime-arg
01-02 00:06:28.849 2958 2958 I zygote : option[23]=-Ximage-compiler-option
01-02 00:06:28.849 2958 2958 I zygote : option[24]=-Xmx64m
01-02 00:06:28.849 2958 2958 I zygote : option[25]=-Ximage-compiler-option
01-02 00:06:28.849 2958 2958 I zygote : option[26]=--compiler-filter=verify-at-runtime
01-02 00:06:28.849 2958 2958 I zygote : option[27]=-Ximage-compiler-option
01-02 00:06:28.849 2958 2958 I zygote : option[28]=--image-classes=/system/etc/preloaded-classes
01-02 00:06:28.849 2958 2958 I zygote : option[29]=-Ximage-compiler-option
01-02 00:06:28.849 2958 2958 I zygote : option[30]=--compiled-classes=/system/etc/compiled-classes
01-02 00:06:28.849 2958 2958 I zygote : option[31]=-Ximage-compiler-option
01-02 00:06:28.849 2958 2958 I zygote : option[32]=--dirty-image-objects=/system/etc/dirty-image-objects
01-02 00:06:28.849 2958 2958 I zygote : option[33]=-Xcompiler-option
01-02 00:06:28.849 2958 2958 I zygote : option[34]=--runtime-arg
01-02 00:06:28.849 2958 2958 I zygote : option[35]=-Xcompiler-option
01-02 00:06:28.849 2958 2958 I zygote : option[36]=-Xms64m
01-02 00:06:28.849 2958 2958 I zygote : option[37]=-Xcompiler-option
01-02 00:06:28.849 2958 2958 I zygote : option[38]=--runtime-arg
01-02 00:06:28.849 2958 2958 I zygote : option[39]=-Xcompiler-option
01-02 00:06:28.849 2958 2958 I zygote : option[40]=-Xmx512m
01-02 00:06:28.849 2958 2958 I zygote : option[41]=-Ximage-compiler-option
01-02 00:06:28.849 2958 2958 I zygote : option[42]=--instruction-set-variant=x86
01-02 00:06:28.849 2958 2958 I zygote : option[43]=-Xcompiler-option
01-02 00:06:28.849 2958 2958 I zygote : option[44]=--instruction-set-variant=x86
01-02 00:06:28.849 2958 2958 I zygote : option[45]=-Ximage-compiler-option
01-02 00:06:28.849 2958 2958 I zygote : option[46]=--instruction-set-features=default
01-02 00:06:28.849 2958 2958 I zygote : option[47]=-Xcompiler-option
01-02 00:06:28.849 2958 2958 I zygote : option[48]=--instruction-set-features=default
01-02 00:06:28.849 2958 2958 I zygote : option[49]=-Duser.locale=en-US
01-02 00:06:28.849 2958 2958 I zygote : option[50]=-XX:NativeBridge=libhoudini.so
01-02 00:06:28.849 2958 2958 I zygote : option[51]=--cpu-abilist=x86,armeabi-v7a,armeabi
01-02 00:06:28.849 2958 2958 I zygote : option[52]=-Xfingerprint:Android-x86/android_x86/x86:8.1.0/OPM1.171019.011/utente12170902:eng/test-keys
01-02 00:06:28.852 2958 2958 W zygote : Could not reserve sentinel fault page
01-02 00:06:28.950 2960 2960 I cameraserver: ServiceManager: 0xad8b0440
01-02 00:06:28.951 2960 2960 I CameraService: CameraService started (pid=2960)
01-02 00:06:28.951 2960 2960 I CameraService: CameraService process starting
01-02 00:06:28.951 2960 2960 W BatteryNotifier: batterystats service unavailable!
01-02 00:06:28.951 2960 2960 W BatteryNotifier: batterystats service unavailable!
01-02 00:06:28.952 2960 2960 I CameraProviderManager: Connecting to new camera provider: legacy/0, isRemote? 1
01-02 00:06:28.952 2960 2960 I CameraProviderManager: Camera provider legacy/0 ready with 0 camera devices
01-02 00:06:28.954 2960 2963 W CameraProviderManager: addProviderLocked: Camera provider HAL with name 'legacy/0' already registered
01-02 00:06:28.968 2955 2955 I surfaceflinger: type=1400 audit(0.0:411): avc: denied { ioctl } for path="/dev/dri/renderD128" dev="tmpfs" ino=9264 ioctlcmd=0x6440 scontext=u:r:surfaceflinger:s0 tcontext=u:object_r:device:s0 tclass=chr_file permissive=1
01-02 00:06:29.004 2958 2958 D Zygote : begin preload
01-02 00:06:29.004 2958 2958 I Zygote : Installing ICU cache reference pinning...
01-02 00:06:29.004 2958 2958 I Zygote : Preloading ICU data...
01-02 00:06:29.005 2957 2957 I audiohalservice: Registration complete for android.hardware.audio.effect@2.0::IEffectsFactory/default.
01-02 00:06:29.005 2231 2231 W /system/bin/hwservicemanager: getTransport: Cannot find entry android.hardware.soundtrigger@2.0::ISoundTriggerHw/default in either framework or device manifest.
01-02 00:06:29.005 2957 2957 D vndksupport: Loading /vendor/lib/hw/android.hardware.soundtrigger@2.0-impl.so from current namespace instead of sphal namespace.
01-02 00:06:29.006 2957 2957 E SoundTriggerHalImpl: couldn't load sound trigger module sound_trigger.primary (No such file or directory)
01-02 00:06:29.007 2957 2957 I audiohalservice: Registration complete for android.hardware.soundtrigger@2.0::ISoundTriggerHw/default.
01-02 00:06:29.013 2958 2958 D Zygote32Timing: BeginIcuCachePinning took to complete: 9ms
01-02 00:06:29.013 2958 2958 I Zygote : Preloading classes...
01-02 00:06:29.146 2958 2958 E ActivityRecognitionHardware: activity_recognition HAL is deprecated. class_init is effectively a no-op
01-02 00:06:29.158 2958 2958 W Zygote : Class not found for preloading: android.icu.impl.number.Parse
01-02 00:06:29.165 2958 2958 I zygote : Thread[1,tid=2958,Native,Thread*=0xa44be000,peer=0x12c01d00,"main"] recursive attempt to load library "/system/lib/libmedia_jni.so"
01-02 00:06:29.165 2958 2958 D MtpDeviceJNI: register_android_mtp_MtpDevice
01-02 00:06:29.165 2958 2958 I zygote : Thread[1,tid=2958,Native,Thread*=0xa44be000,peer=0x12c01d00,"main"] recursive attempt to load library "/system/lib/libmedia_jni.so"
01-02 00:06:29.166 2958 2958 I zygote : Thread[1,tid=2958,Native,Thread*=0xa44be000,peer=0x12c01d00,"main"] recursive attempt to load library "/system/lib/libmedia_jni.so"
01-02 00:06:29.191 2962 2962 E ProbeModule: insmod_by_dep: cannot load module: [netdev-dummy0]
01-02 00:06:29.191 2962 2962 W /sbin/modprobe: failed to load netdev-dummy0: Invalid argument
01-02 00:06:29.240 2958 2958 I Zygote : ...preloaded 4715 classes in 226ms.
01-02 00:06:29.240 2958 2958 I zygote : VMRuntime.preloadDexCaches starting
01-02 00:06:29.243 2952 2952 E Netd : cannot find interface dummy0
01-02 00:06:29.244 2955 2955 I SurfaceFlinger: Registration complete for android.hardware.graphics.allocator@2.0::IAllocator/default.
01-02 00:06:29.245 2955 2955 I SurfaceFlinger: SurfaceFlinger is starting
01-02 00:06:29.249 2952 2952 I Netd : Initializing RouteController: 698.3ms
01-02 00:06:29.250 2955 2955 I /system/bin/surfaceflinger: android::hardware::configstore::V1_0::ISurfaceFlingerConfigs::vsyncEventPhaseOffsetNs retrieved: 1000000 (default)
01-02 00:06:29.250 2955 2955 I /system/bin/surfaceflinger: android::hardware::configstore::V1_0::ISurfaceFlingerConfigs::vsyncSfEventPhaseOffsetNs retrieved: 1000000 (default)
01-02 00:06:29.250 2955 2955 I /system/bin/surfaceflinger: android::hardware::configstore::V1_0::ISurfaceFlingerConfigs::maxVirtualDisplaySize retrieved: 0 (default)
01-02 00:06:29.253 2955 2955 I /system/bin/surfaceflinger: android::hardware::configstore::V1_0::ISurfaceFlingerConfigs::hasSyncFramework retrieved: 1
01-02 00:06:29.253 2955 2955 I /system/bin/surfaceflinger: android::hardware::configstore::V1_0::ISurfaceFlingerConfigs::useContextPriority retrieved: 0 (default)
01-02 00:06:29.253 2955 2955 I /system/bin/surfaceflinger: android::hardware::configstore::V1_0::ISurfaceFlingerConfigs::presentTimeOffsetFromVSyncNs retrieved: 0
01-02 00:06:29.253 2955 2955 I /system/bin/surfaceflinger: android::hardware::configstore::V1_0::ISurfaceFlingerConfigs::useHwcForRGBtoYUV retrieved: 0
01-02 00:06:29.253 2955 2955 I /system/bin/surfaceflinger: android::hardware::configstore::V1_0::ISurfaceFlingerConfigs::maxFrameBufferAcquiredBuffers retrieved: 3
01-02 00:06:29.254 2955 2955 I SurfaceFlinger: Enabling HWC virtual displays
01-02 00:06:29.254 2955 2955 I SurfaceFlinger: Disabling Triple Buffering
01-02 00:06:29.254 2955 2955 I SurfaceFlinger: SurfaceFlinger's main thread ready to run. Initializing graphics H/W...
01-02 00:06:29.254 2955 2955 D vndksupport: Loading /vendor/lib/egl/libGLES_mesa.so from current namespace instead of sphal namespace.
01-02 00:06:29.255 2955 2955 D libEGL : loaded /vendor/lib/egl/libGLES_mesa.so
01-02 00:06:29.307 2959 2959 I FastMixerState: sMaxFastTracks = 8
01-02 00:06:29.310 2958 2958 I zygote : VMRuntime.preloadDexCaches strings total=313067 before=10351 after=10351
01-02 00:06:29.310 2958 2958 I zygote : VMRuntime.preloadDexCaches types total=26671 before=5500 after=5502
01-02 00:06:29.310 2958 2958 I zygote : VMRuntime.preloadDexCaches fields total=126851 before=5507 after=5537
01-02 00:06:29.310 2958 2958 I zygote : VMRuntime.preloadDexCaches methods total=225392 before=9940 after=9940
01-02 00:06:29.310 2958 2958 I zygote : VMRuntime.preloadDexCaches finished
01-02 00:06:29.310 2958 2958 D Zygote32Timing: PreloadClasses took to complete: 298ms
01-02 00:06:29.315 2974 2974 I /sbin/modprobe: Parsing file /system/etc/modules.blacklist...
01-02 00:06:29.332 2959 2959 I audioserver: ServiceManager: 0xb2d9af00
01-02 00:06:29.333 2959 2959 W BatteryNotifier: batterystats service unavailable!
01-02 00:06:29.337 2959 2959 I AudioFlinger: Using default 3000 mSec as standby time.
01-02 00:06:29.337 2959 2959 I APM::ConfigParsingUtils: loadAudioPolicyConfig() loaded /system/etc/audio_policy.conf
01-02 00:06:29.352 2974 2974 I /sbin/modprobe: Parsing file /system/lib/modules/4.15.0-rc6-android-x86-g8d051505ee26/modules.alias...
01-02 00:06:29.358 2955 2955 D vndksupport: Loading /vendor/lib/hw/gralloc.gbm.so from current namespace instead of sphal namespace.
01-02 00:06:29.359 2955 2955 I EGL-MAIN: found extension DRI_Core version 2
01-02 00:06:29.359 2955 2955 I EGL-MAIN: found extension DRI_IMAGE_DRIVER version 1
01-02 00:06:29.360 2955 2955 I EGL-MAIN: found extension DRI_TexBuffer version 2
01-02 00:06:29.360 2955 2955 I EGL-MAIN: found extension DRI2_Flush version 4
01-02 00:06:29.360 2955 2955 I EGL-MAIN: found extension DRI_IMAGE version 17
01-02 00:06:29.360 2955 2955 I EGL-MAIN: found extension DRI_RENDERER_QUERY version 1
01-02 00:06:29.360 2955 2955 I EGL-MAIN: found extension DRI_CONFIG_QUERY version 1
01-02 00:06:29.360 2955 2955 I EGL-MAIN: found extension DRI2_Fence version 2
01-02 00:06:29.360 2955 2955 I EGL-MAIN: found extension DRI2_Interop version 1
01-02 00:06:29.360 2955 2955 I EGL-MAIN: found extension DRI_NoError version 1
01-02 00:06:29.360 2955 2955 I EGL-MAIN: found extension DRI_FlushControl version 1
01-02 00:06:29.367 2955 2955 I /system/bin/surfaceflinger: android::hardware::configstore::V1_0::ISurfaceFlingerConfigs::hasWideColorDisplay retrieved: 0
01-02 00:06:29.368 2955 2955 D vndksupport: Loading /vendor/lib/hw/gralloc.gbm.so from current namespace instead of sphal namespace.
01-02 00:06:29.368 2955 2955 D vndksupport: Loading /vendor/lib/hw/hwcomposer.drm.so from current namespace instead of sphal namespace.
01-02 00:06:29.376 2958 2958 I Zygote : Preloading resources...
01-02 00:06:29.387 2958 2958 W Resources: Preloaded drawable resource #0x1080264 (android:drawable/dialog_background_material) that varies with configuration!!
01-02 00:06:29.409 2958 2958 I Zygote : ...preloaded 64 resources in 33ms.
01-02 00:06:29.415 2958 2958 W Resources: Preloaded color resource #0x1060053 (android:color/btn_default_material_dark) that varies with configuration!!
01-02 00:06:29.416 2958 2958 I Zygote : ...preloaded 41 resources in 7ms.
01-02 00:06:29.417 2958 2958 I Zygote : ...preloaded 2 resource in 1ms.
01-02 00:06:29.417 2958 2958 D Zygote32Timing: PreloadResources took to complete: 106ms
01-02 00:06:29.417 2958 2958 D vndksupport: Loading /vendor/lib/hw/android.hardware.graphics.mapper@2.0-impl.so from current namespace instead of sphal namespace.
01-02 00:06:29.419 2958 2958 D vndksupport: Loading /vendor/lib/egl/libGLES_mesa.so from current namespace instead of sphal namespace.
01-02 00:06:29.421 2958 2958 D libEGL : loaded /vendor/lib/egl/libGLES_mesa.so
01-02 00:06:29.441 2955 2955 E hwc-drm-plane: Could not get rotation property
01-02 00:06:29.441 2955 2955 I hwc-drm-plane: Could not get alpha property
01-02 00:06:29.442 2955 2955 E hwc-drm-plane: Could not get rotation property
01-02 00:06:29.442 2955 2955 I hwc-drm-plane: Could not get alpha property
01-02 00:06:29.442 2955 2955 E hwc-drm-plane: Could not get rotation property
01-02 00:06:29.442 2955 2955 I hwc-drm-plane: Could not get alpha property
01-02 00:06:29.443 2955 2955 E hwc-drm-plane: Could not get rotation property
01-02 00:06:29.443 2955 2955 I hwc-drm-plane: Could not get alpha property
01-02 00:06:29.443 2955 2955 E hwc-drm-resources: Could not find a suitable encoder/crtc for display 2
01-02 00:06:29.443 2955 2955 E hwc-drm-resources: Failed CreateDisplayPipe 49 with -19
01-02 00:06:29.443 2955 2955 E hwcomposer-drm: Can't initialize Drm object -19
01-02 00:06:29.445 2955 2955 E SurfaceFlinger: composer device failed to initialize (No such device)
01-02 00:06:29.445 2955 2955 E SurfaceFlinger: ERROR: failed to open framebuffer (Invalid argument), aborting
01-02 00:06:29.445 2955 2955 F libc : Fatal signal 6 (SIGABRT), code -6 in tid 2955 (surfaceflinger), pid 2955 (surfaceflinger)
01-02 00:06:29.488 3000 3000 I crash_dump32: obtaining output fd from tombstoned, type: kDebuggerdTombstone
01-02 00:06:29.489 2321 2321 I /system/bin/tombstoned: received crash request for pid 2955
01-02 00:06:29.489 3000 3000 I crash_dump32: performing dump of process 2955 (target tid = 2955)
01-02 00:06:29.489 3000 3000 F DEBUG : *** *** *** *** *** *** *** *** *** *** *** *** *** *** *** ***
01-02 00:06:29.489 3000 3000 F DEBUG : Build fingerprint: 'Android-x86/android_x86/x86:8.1.0/OPM1.171019.011/utente12170902:eng/test-keys'
01-02 00:06:29.489 3000 3000 F DEBUG : Revision: '0'
01-02 00:06:29.489 3000 3000 F DEBUG : ABI: 'x86'
01-02 00:06:29.489 3000 3000 F DEBUG : pid: 2955, tid: 2955, name: surfaceflinger >>> /system/bin/surfaceflinger <<<
01-02 00:06:29.489 3000 3000 F DEBUG : signal 6 (SIGABRT), code -6 (SI_TKILL), fault addr --------
01-02 00:06:29.489 3000 3000 F DEBUG : eax 00000000 ebx 00000b8b ecx 00000b8b edx 00000006
01-02 00:06:29.489 3000 3000 F DEBUG : esi b6a5c8da edi 00000b8b
01-02 00:06:29.489 3000 3000 F DEBUG : xcs 00000073 xds 0000007b xes 0000007b xfs 00000000 xss 0000007b
01-02 00:06:29.489 3000 3000 F DEBUG : eip b6dc6d91 ebp ec1204f4 esp bfae76f8 flags 00000286
01-02 00:06:29.495 2958 2958 I Zygote : Preloading shared libraries...
01-02 00:06:29.508 2958 2958 I Zygote : Uninstalled ICU cache reference pinning...
01-02 00:06:29.509 2958 2958 I Zygote : Installed AndroidKeyStoreProvider in 1ms.
01-02 00:06:29.514 3000 3000 F DEBUG :
01-02 00:06:29.514 3000 3000 F DEBUG : backtrace:
01-02 00:06:29.514 3000 3000 F DEBUG : #00 pc 00000d91 [vdso:b6dc6000] (__kernel_vsyscall+9)
01-02 00:06:29.514 3000 3000 F DEBUG : #01 pc 0001ee38 /system/lib/libc.so (syscall+40)
01-02 00:06:29.514 3000 3000 F DEBUG : #02 pc 0001f053 /system/lib/libc.so (abort+115)
01-02 00:06:29.514 3000 3000 F DEBUG : #03 pc 00074f97 /system/lib/libsurfaceflinger.so (android::HWComposer::HWComposer(android::sp const&, android::HWComposer::EventHandler&)+1399)
01-02 00:06:29.514 3000 3000 F DEBUG : #04 pc 0005baaa /system/lib/libsurfaceflinger.so (android::SurfaceFlinger::init()+1098)
01-02 00:06:29.514 3000 3000 F DEBUG : #05 pc 00002141 /system/bin/surfaceflinger (main+721)
01-02 00:06:29.514 3000 3000 F DEBUG : #06 pc 000b6a34 /system/lib/libc.so (__libc_init+100)
01-02 00:06:29.514 3000 3000 F DEBUG : #07 pc 00001dcd /system/bin/surfaceflinger (_start_main+80)
01-02 00:06:29.514 3000 3000 F DEBUG : #08 pc 00001dd8 /system/bin/surfaceflinger (_start+10)
01-02 00:06:29.521 2958 2958 I Zygote : Warmed up JCA providers in 12ms.
01-02 00:06:29.521 2958 2958 D Zygote : end preload
01-02 00:06:29.521 2958 2958 D Zygote32Timing: ZygotePreload took to complete: 517ms
01-02 00:06:29.528 2957 2957 D audio_hw_primary: found audio out at /dev/snd/pcmC0D0p
01-02 00:06:29.528 2957 2957 D audio_hw_primary: card: 0/0 id: ALC888 Analog
01-02 00:06:29.528 2957 2957 D audio_hw_primary: name: ALC888 Analog
01-02 00:06:29.528 2957 2957 D audio_hw_primary: subname: subdevice #0
01-02 00:06:29.528 2957 2957 D audio_hw_primary: stream: 0
01-02 00:06:29.528 2957 2957 D audio_hw_primary: found audio out at /dev/snd/pcmC0D1p
01-02 00:06:29.528 2957 2957 D audio_hw_primary: card: 0/1 id: ALC888 Digital
01-02 00:06:29.528 2957 2957 D audio_hw_primary: name: ALC888 Digital
01-02 00:06:29.528 2957 2957 D audio_hw_primary: subname: subdevice #0
01-02 00:06:29.528 2957 2957 D audio_hw_primary: stream: 0
01-02 00:06:29.528 2957 2957 D audio_hw_primary: ignore pcmC0D1p
01-02 00:06:29.538 2958 2958 I zygote : Explicit concurrent copying GC freed 29278(2MB) AllocSpace objects, 23(432KB) LOS objects, 50% free, 1512KB/2MB, paused 41us total 16.767ms
01-02 00:06:29.558 2957 2957 D audio_hw_primary: found audio out at /dev/snd/pcmC1D3p
01-02 00:06:29.558 2957 2957 D audio_hw_primary: card: 1/3 id: HDMI 0
01-02 00:06:29.558 2957 2957 D audio_hw_primary: name: HDMI 0
01-02 00:06:29.558 2957 2957 D audio_hw_primary: subname: subdevice #0
01-02 00:06:29.558 2957 2957 D audio_hw_primary: stream: 0
01-02 00:06:29.561 2958 2958 I zygote : Explicit concurrent copying GC freed 5477(200KB) AllocSpace objects, 0(0B) LOS objects, 53% free, 1344KB/2MB, paused 29us total 11.459ms
01-02 00:06:29.561 2958 2958 D Zygote32Timing: PostZygoteInitGC took to complete: 40ms
01-02 00:06:29.561 2958 2958 D Zygote32Timing: ZygoteInit took to complete: 558ms
01-02 00:06:29.568 2957 2957 D audio_hw_primary: found audio out at /dev/snd/pcmC1D7p
01-02 00:06:29.568 2957 2957 D audio_hw_primary: card: 1/7 id: HDMI 1
01-02 00:06:29.568 2957 2957 D audio_hw_primary: name: HDMI 1
01-02 00:06:29.568 2957 2957 D audio_hw_primary: subname: subdevice #0
01-02 00:06:29.568 2957 2957 D audio_hw_primary: stream: 0
01-02 00:06:29.568 2957 2957 D audio_hw_primary: ignore pcmC1D7p
01-02 00:06:29.240 2955 2955 I surfaceflinger: type=1400 audit(0.0:412): avc: denied { map } for path="/dev/dri/renderD128" dev="tmpfs" ino=9264 scontext=u:r:surfaceflinger:s0 tcontext=u:object_r:device:s0 tclass=chr_file permissive=1
01-02 00:06:29.579 2957 2957 I audio_hw_primary: choose pcmC0D0p for 0
01-02 00:06:29.579 2957 2957 E audio_hw_primary: Failed to open /system/etc/mixer_paths.xml
01-02 00:06:29.580 2957 2957 W DeviceHAL: Device 0xb5a3c000 set_master_volume: Function not implemented
01-02 00:06:29.580 2959 2959 I AudioFlinger: loadHwModule() Loaded primary audio interface, handle 10
01-02 00:06:29.580 2959 2959 I AudioFlinger: openOutput() this 0xb2db5000, module 10 Device 2, SamplingRate 48000, Format 0x000001, Channels 3, flags 2
01-02 00:06:29.580 2957 2957 I audio_hw_primary: choose pcmC0D0p for 0
01-02 00:06:29.580 2959 2959 I AudioFlinger: HAL output buffer size 512 frames, normal sink buffer size 1024 frames
01-02 00:06:29.581 2957 2957 E EffectsConfig: Failed to parse /vendor/etc/audio_effects.xml: Tinyxml2 error (3): /vendor/etc/audio_effects.xml (null)
01-02 00:06:29.581 2957 2957 E EffectsFactoryConfigLoader: Failed to parse XML configuration file
01-02 00:06:29.581 2957 2957 W EffectsFactory: Failed to load XML effect configuration, fallback to .conf
01-02 00:06:29.583 2959 2959 I BufferProvider: found effect "Multichannel Downmix To Stereo" from The Android Open Source Project
01-02 00:06:29.584 2959 2959 I AudioFlinger: Using module 10 as the primary audio interface
01-02 00:06:29.584 2959 2959 W AudioFlinger: moveEffects() bad srcOutput 0
01-02 00:06:29.585 2961 2961 I mediaserver: ServiceManager: 0xa5430880
01-02 00:06:29.586 2961 2961 W BatteryNotifier: batterystats service unavailable!
01-02 00:06:29.560 2958 2958 I main : type=1400 audit(0.0:413): avc: denied { mounton } for path="/" dev="tmpfs" ino=1842 scontext=u:r:zygote:s0 tcontext=u:object_r:tmpfs:s0 tclass=dir permissive=1
01-02 00:06:29.591 2958 2958 I : seccomp disabled by setenforce 0
01-02 00:06:29.591 2959 3003 I AudioFlinger: AudioFlinger's thread 0xb2503c80 tid=3003 ready to run
01-02 00:06:29.591 2959 3003 W AudioFlinger: no wake lock to update, system not ready yet
01-02 00:06:29.605 2959 3003 W AudioFlinger: no wake lock to update, system not ready yet
01-02 00:06:29.605 2957 2985 W DeviceHAL: Device 0xb5a3c000 set_voice_volume: Function not implemented
01-02 00:06:29.605 2957 2957 W DeviceHAL: Device 0xb5a3c000 open_input_stream: Invalid argument
01-02 00:06:29.607 2959 3006 I AudioFlinger: AudioFlinger's thread 0xb2203800 tid=3006 ready to run
01-02 00:06:29.610 2959 2959 I bt_a2dp_hw: adev_open: adev_open in A2dp_hw module
01-02 00:06:29.610 2959 2959 I AudioFlinger: loadHwModule() Loaded a2dp audio interface, handle 18
01-02 00:06:29.610 2957 2957 D vndksupport: Loading /vendor/lib/hw/audio.usb.default.so from current namespace instead of sphal namespace.
01-02 00:06:29.611 2959 2959 I AudioFlinger: loadHwModule() Loaded usb audio interface, handle 26
01-02 00:06:29.612 2959 2959 E EffectsConfig: Failed to parse /vendor/etc/audio_effects.xml: Tinyxml2 error (3): /vendor/etc/audio_effects.xml (null)
