01-02 00:07:10.505 3202 3202 I EGL-MAIN: found extension DRI2_Interop version 1
01-02 00:07:10.505 3202 3202 I EGL-MAIN: found extension DRI_NoError version 1
01-02 00:07:10.505 3202 3202 I EGL-MAIN: found extension DRI_FlushControl version 1
01-02 00:07:10.509 3202 3202 I /system/bin/surfaceflinger: android::hardware::configstore::V1_0::ISurfaceFlingerConfigs::hasWideColorDisplay retrieved: 0
01-02 00:07:10.510 3202 3202 D vndksupport: Loading /vendor/lib/hw/gralloc.gbm.so from current namespace instead of sphal namespace.
01-02 00:07:10.510 3202 3202 D vndksupport: Loading /vendor/lib/hw/hwcomposer.drm.so from current namespace instead of sphal namespace.
01-02 00:07:09.910 1 1 I init : type=1400 audit(0.0:472): avc: denied { create } for name="cgroup.procs" scontext=u:r:init:s0 tcontext=u:object_r:cgroup:s0 tclass=file permissive=1
01-02 00:07:10.622 3202 3202 E hwc-drm-plane: Could not get rotation property
01-02 00:07:10.623 3202 3202 I hwc-drm-plane: Could not get alpha property
01-02 00:07:10.623 3202 3202 E hwc-drm-plane: Could not get rotation property
01-02 00:07:10.623 3202 3202 I hwc-drm-plane: Could not get alpha property
01-02 00:07:10.623 3202 3202 E hwc-drm-plane: Could not get rotation property
01-02 00:07:10.623 3202 3202 I hwc-drm-plane: Could not get alpha property
01-02 00:07:10.624 3202 3202 E hwc-drm-plane: Could not get rotation property
01-02 00:07:10.624 3202 3202 I hwc-drm-plane: Could not get alpha property
01-02 00:07:10.624 3202 3202 E hwc-drm-resources: Could not find a suitable encoder/crtc for display 2
01-02 00:07:10.624 3202 3202 E hwc-drm-resources: Failed CreateDisplayPipe 49 with -19
01-02 00:07:10.624 3202 3202 E hwcomposer-drm: Can't initialize Drm object -19
01-02 00:07:10.628 3202 3202 E SurfaceFlinger: composer device failed to initialize (No such device)
01-02 00:07:10.628 3202 3202 E SurfaceFlinger: ERROR: failed to open framebuffer (Invalid argument), aborting
01-02 00:07:10.628 3202 3202 F libc : Fatal signal 6 (SIGABRT), code -6 in tid 3202 (surfaceflinger), pid 3202 (surfaceflinger)
01-02 00:07:10.686 3229 3229 I crash_dump32: obtaining output fd from tombstoned, type: kDebuggerdTombstone
01-02 00:07:09.922 3198 3198 I audioserver: type=1400 audit(0.0:474): avc: denied { getattr } for path="/vendor" dev="tmpfs" ino=5475 scontext=u:r:audioserver:s0 tcontext=u:object_r:tmpfs:s0 tclass=lnk_file permissive=1
01-02 00:07:09.922 3197 3197 I app_process: type=1400 audit(0.0:473): avc: denied { getattr } for path="/vendor" dev="tmpfs" ino=5475 scontext=u:r:zygote:s0 tcontext=u:object_r:tmpfs:s0 tclass=lnk_file permissive=1
01-02 00:07:09.922 3197 3197 I app_process: type=1400 audit(0.0:475): avc: denied { read } for name="vendor" dev="tmpfs" ino=5475 scontext=u:r:zygote:s0 tcontext=u:object_r:tmpfs:s0 tclass=lnk_file permissive=1
01-02 00:07:09.922 3198 3198 I audioserver: type=1400 audit(0.0:476): avc: denied { read } for name="vendor" dev="tmpfs" ino=5475 scontext=u:r:audioserver:s0 tcontext=u:object_r:tmpfs:s0 tclass=lnk_file permissive=1
01-02 00:07:09.926 3203 3203 I wificond: type=1400 audit(0.0:477): avc: denied { getattr } for path="/vendor" dev="tmpfs" ino=5475 scontext=u:r:wificond:s0 tcontext=u:object_r:tmpfs:s0 tclass=lnk_file permissive=1
01-02 00:07:09.926 3203 3203 I wificond: type=1400 audit(0.0:478): avc: denied { read } for name="vendor" dev="tmpfs" ino=5475 scontext=u:r:wificond:s0 tcontext=u:object_r:tmpfs:s0 tclass=lnk_file permissive=1
01-02 00:07:09.932 3201 3201 I netd : type=1400 audit(0.0:479): avc: denied { getattr } for path="/vendor" dev="tmpfs" ino=5475 scontext=u:r:netd:s0 tcontext=u:object_r:tmpfs:s0 tclass=lnk_file permissive=1
01-02 00:07:09.932 3201 3201 I netd : type=1400 audit(0.0:480): avc: denied { read } for name="vendor" dev="tmpfs" ino=5475 scontext=u:r:netd:s0 tcontext=u:object_r:tmpfs:s0 tclass=lnk_file permissive=1
01-02 00:07:10.695 2321 2321 I /system/bin/tombstoned: received crash request for pid 3202
01-02 00:07:10.695 3229 3229 I crash_dump32: performing dump of process 3202 (target tid = 3202)
01-02 00:07:10.695 3229 3229 F DEBUG : *** *** *** *** *** *** *** *** *** *** *** *** *** *** *** ***
01-02 00:07:10.695 3229 3229 F DEBUG : Build fingerprint: 'Android-x86/android_x86/x86:8.1.0/OPM1.171019.011/utente12170902:eng/test-keys'
01-02 00:07:10.695 3229 3229 F DEBUG : Revision: '0'
01-02 00:07:10.695 3229 3229 F DEBUG : ABI: 'x86'
01-02 00:07:10.695 3229 3229 F DEBUG : pid: 3202, tid: 3202, name: surfaceflinger >>> /system/bin/surfaceflinger <<<
01-02 00:07:10.695 3229 3229 F DEBUG : signal 6 (SIGABRT), code -6 (SI_TKILL), fault addr --------
01-02 00:07:10.695 3229 3229 F DEBUG : eax 00000000 ebx 00000c82 ecx 00000c82 edx 00000006
01-02 00:07:10.695 3229 3229 F DEBUG : esi aebec8da edi 00000c82
01-02 00:07:10.695 3229 3229 F DEBUG : xcs 00000073 xds 0000007b xes 0000007b xfs 00000000 xss 0000007b
01-02 00:07:10.695 3229 3229 F DEBUG : eip afe20d91 ebp 3527b653 esp bff51858 flags 00000286
01-02 00:07:10.708 3229 3229 F DEBUG :
01-02 00:07:10.708 3229 3229 F DEBUG : backtrace:
01-02 00:07:10.708 3229 3229 F DEBUG : #00 pc 00000d91 [vdso:afe20000] (__kernel_vsyscall+9)
01-02 00:07:10.708 3229 3229 F DEBUG : #01 pc 0001ee38 /system/lib/libc.so (syscall+40)
01-02 00:07:10.708 3229 3229 F DEBUG : #02 pc 0001f053 /system/lib/libc.so (abort+115)
01-02 00:07:10.708 3229 3229 F DEBUG : #03 pc 00074f97 /system/lib/libsurfaceflinger.so (android::HWComposer::HWComposer(android::sp const&, android::HWComposer::EventHandler&)+1399)
01-02 00:07:10.708 3229 3229 F DEBUG : #04 pc 0005baaa /system/lib/libsurfaceflinger.so (android::SurfaceFlinger::init()+1098)
01-02 00:07:10.708 3229 3229 F DEBUG : #05 pc 00002141 /system/bin/surfaceflinger (main+721)
01-02 00:07:10.708 3229 3229 F DEBUG : #06 pc 000b6a34 /system/lib/libc.so (__libc_init+100)
01-02 00:07:10.708 3229 3229 F DEBUG : #07 pc 00001dcd /system/bin/surfaceflinger (_start_main+80)
01-02 00:07:10.708 3229 3229 F DEBUG : #08 pc 00001dd8 /system/bin/surfaceflinger (_start+10)
01-02 00:07:10.717 3197 3197 D Zygote : begin preload
01-02 00:07:10.717 3197 3197 I Zygote : Installing ICU cache reference pinning...
01-02 00:07:10.717 3197 3197 I Zygote : Preloading ICU data...
01-02 00:07:10.726 3197 3197 D Zygote32Timing: BeginIcuCachePinning took to complete: 8ms
01-02 00:07:10.726 3197 3197 I Zygote : Preloading classes...
01-02 00:07:09.935 3202 3202 I surfaceflinger: type=1400 audit(0.0:481): avc: denied { getattr } for path="/vendor" dev="tmpfs" ino=5475 scontext=u:r:surfaceflinger:s0 tcontext=u:object_r:tmpfs:s0 tclass=lnk_file permissive=1
01-02 00:07:09.935 3202 3202 I surfaceflinger: type=1400 audit(0.0:482): avc: denied { read } for name="vendor" dev="tmpfs" ino=5475 scontext=u:r:surfaceflinger:s0 tcontext=u:object_r:tmpfs:s0 tclass=lnk_file permissive=1
01-02 00:07:09.938 3199 3199 I cameraserver: type=1400 audit(0.0:483): avc: denied { getattr } for path="/vendor" dev="tmpfs" ino=5475 scontext=u:r:cameraserver:s0 tcontext=u:object_r:tmpfs:s0 tclass=lnk_file permissive=1
01-02 00:07:09.939 3199 3199 I cameraserver: type=1400 audit(0.0:484): avc: denied { read } for name="vendor" dev="tmpfs" ino=5475 scontext=u:r:cameraserver:s0 tcontext=u:object_r:tmpfs:s0 tclass=lnk_file permissive=1
01-02 00:07:10.028 3200 3200 I mediaserver: type=1400 audit(0.0:485): avc: denied { getattr } for path="/vendor" dev="tmpfs" ino=5475 scontext=u:r:mediaserver:s0 tcontext=u:object_r:tmpfs:s0 tclass=lnk_file permissive=1
01-02 00:07:10.028 3200 3200 I mediaserver: type=1400 audit(0.0:486): avc: denied { read } for name="vendor" dev="tmpfs" ino=5475 scontext=u:r:mediaserver:s0 tcontext=u:object_r:tmpfs:s0 tclass=lnk_file permissive=1
01-02 00:07:10.274 3207 3207 I kworker/u8:4: type=1400 audit(0.0:487): avc: denied { read } for name="modprobe" dev="tmpfs" ino=5464 scontext=u:r:kernel:s0 tcontext=u:object_r:tmpfs:s0 tclass=lnk_file permissive=1
01-02 00:07:10.301 3202 3202 I surfaceflinger: type=1400 audit(0.0:488): avc: denied { read write } for name="renderD128" dev="tmpfs" ino=9264 scontext=u:r:surfaceflinger:s0 tcontext=u:object_r:device:s0 tclass=chr_file permissive=1
01-02 00:07:10.301 3202 3202 I surfaceflinger: type=1400 audit(0.0:489): avc: denied { open } for path="/dev/dri/renderD128" dev="tmpfs" ino=9264 scontext=u:r:surfaceflinger:s0 tcontext=u:object_r:device:s0 tclass=chr_file permissive=1
01-02 00:07:10.302 3202 3202 I surfaceflinger: type=1400 audit(0.0:490): avc: denied { getattr } for path="/dev/dri/renderD128" dev="tmpfs" ino=9264 scontext=u:r:surfaceflinger:s0 tcontext=u:object_r:device:s0 tclass=chr_file permissive=1
01-02 00:07:10.302 3202 3202 I surfaceflinger: type=1400 audit(0.0:491): avc: denied { read } for name="dri" dev="tmpfs" ino=9263 scontext=u:r:surfaceflinger:s0 tcontext=u:object_r:device:s0 tclass=dir permissive=1
01-02 00:07:10.302 3202 3202 I surfaceflinger: type=1400 audit(0.0:492): avc: denied { open } for path="/dev/dri" dev="tmpfs" ino=9263 scontext=u:r:surfaceflinger:s0 tcontext=u:object_r:device:s0 tclass=dir permissive=1
01-02 00:07:10.302 3202 3202 I surfaceflinger: type=1400 audit(0.0:493): avc: denied { ioctl } for path="/dev/dri/renderD128" dev="tmpfs" ino=9264 ioctlcmd=0x6440 scontext=u:r:surfaceflinger:s0 tcontext=u:object_r:device:s0 tclass=chr_file permissive=1
01-02 00:07:10.410 3202 3202 I surfaceflinger: type=1400 audit(0.0:494): avc: denied { map } for path="/dev/dri/renderD128" dev="tmpfs" ino=9264 scontext=u:r:surfaceflinger:s0 tcontext=u:object_r:device:s0 tclass=chr_file permissive=1
01-02 00:07:10.419 3202 3202 I surfaceflinger: type=1400 audit(0.0:495): avc: denied { dac_override } for capability=1 scontext=u:r:surfaceflinger:s0 tcontext=u:r:surfaceflinger:s0 tclass=capability permissive=1
01-02 00:07:10.673 3224 3224 I crash_dump32: type=1400 audit(0.0:496): avc: denied { getattr } for path="/vendor" dev="tmpfs" ino=5475 scontext=u:r:crash_dump:s0 tcontext=u:object_r:tmpfs:s0 tclass=lnk_file permissive=1
01-02 00:07:10.673 3224 3224 I crash_dump32: type=1400 audit(0.0:497): avc: denied { read } for name="vendor" dev="tmpfs" ino=5475 scontext=u:r:crash_dump:s0 tcontext=u:object_r:tmpfs:s0 tclass=lnk_file permissive=1
01-02 00:07:10.780 3207 3207 E ProbeModule: insmod_by_dep: cannot load module: [netdev-dummy0]
01-02 00:07:10.780 3207 3207 W /sbin/modprobe: failed to load netdev-dummy0: Invalid argument
01-02 00:07:10.783 3198 3198 I FastMixerState: sMaxFastTracks = 8
01-02 00:07:10.795 3198 3198 I audioserver: ServiceManager: 0xb4c9af00
01-02 00:07:10.796 3198 3198 W BatteryNotifier: batterystats service unavailable!
01-02 00:07:10.798 3198 3198 I AudioFlinger: Using default 3000 mSec as standby time.
01-02 00:07:10.805 3198 3198 I APM::ConfigParsingUtils: loadAudioPolicyConfig() loaded /system/etc/audio_policy.conf
01-02 00:07:10.803 3198 3198 I audioserver: type=1400 audit(0.0:498): avc: denied { read } for name="vendor" dev="tmpfs" ino=5475 scontext=u:r:audioserver:s0 tcontext=u:object_r:tmpfs:s0 tclass=lnk_file permissive=1
01-02 00:07:10.814 3199 3199 I cameraserver: ServiceManager: 0xb4630440
01-02 00:07:10.814 3199 3199 I CameraService: CameraService started (pid=3199)
01-02 00:07:10.814 3199 3199 I CameraService: CameraService process starting
01-02 00:07:10.814 3199 3199 W BatteryNotifier: batterystats service unavailable!
01-02 00:07:10.815 3199 3199 W BatteryNotifier: batterystats service unavailable!
01-02 00:07:10.817 3199 3199 I CameraProviderManager: Connecting to new camera provider: legacy/0, isRemote? 1
01-02 00:07:10.819 3199 3199 I CameraProviderManager: Camera provider legacy/0 ready with 0 camera devices
01-02 00:07:10.819 3199 3239 W CameraProviderManager: addProviderLocked: Camera provider HAL with name 'legacy/0' already registered
01-02 00:07:10.832 3201 3201 E Netd : cannot find interface dummy0
01-02 00:07:10.832 3201 3201 I Netd : Initializing RouteController: 570.5ms
01-02 00:07:10.868 3197 3197 E ActivityRecognitionHardware: activity_recognition HAL is deprecated. class_init is effectively a no-op
01-02 00:07:10.871 3246 3246 I /sbin/modprobe: Parsing file /system/etc/modules.blacklist...
01-02 00:07:10.872 3246 3246 I /sbin/modprobe: Parsing file /system/lib/modules/4.15.0-rc6-android-x86-g8d051505ee26/modules.alias...
01-02 00:07:10.881 3197 3197 W Zygote : Class not found for preloading: android.icu.impl.number.Parse
01-02 00:07:10.889 3197 3197 I zygote : Thread[1,tid=3197,Native,Thread*=0xa6fbe000,peer=0x12c01d00,"main"] recursive attempt to load library "/system/lib/libmedia_jni.so"
01-02 00:07:10.889 3197 3197 D MtpDeviceJNI: register_android_mtp_MtpDevice
01-02 00:07:10.890 3197 3197 I zygote : Thread[1,tid=3197,Native,Thread*=0xa6fbe000,peer=0x12c01d00,"main"] recursive attempt to load library "/system/lib/libmedia_jni.so"
01-02 00:07:10.890 3197 3197 I zygote : Thread[1,tid=3197,Native,Thread*=0xa6fbe000,peer=0x12c01d00,"main"] recursive attempt to load library "/system/lib/libmedia_jni.so"
01-02 00:07:10.899 3200 3200 I mediaserver: ServiceManager: 0xaf3b0880
01-02 00:07:10.901 3200 3200 W BatteryNotifier: batterystats service unavailable!
01-02 00:07:10.919 3229 3229 E crash_dump32: unable to connect to activity manager: No such file or directory
01-02 00:07:10.919 2321 2321 E /system/bin/tombstoned: Tombstone written to: /data/tombstones/tombstone_13
01-02 00:07:10.962 3197 3197 I Zygote : ...preloaded 4715 classes in 236ms.
01-02 00:07:10.962 3197 3197 I zygote : VMRuntime.preloadDexCaches starting
01-02 00:07:10.980 3204 3231 D audio_hw_primary: found audio out at /dev/snd/pcmC0D0p
01-02 00:07:10.980 3204 3231 D audio_hw_primary: card: 0/0 id: ALC888 Analog
01-02 00:07:10.980 3204 3231 D audio_hw_primary: name: ALC888 Analog
01-02 00:07:10.980 3204 3231 D audio_hw_primary: subname: subdevice #0
01-02 00:07:10.980 3204 3231 D audio_hw_primary: stream: 0
01-02 00:07:10.981 3204 3231 D audio_hw_primary: found audio out at /dev/snd/pcmC0D1p
01-02 00:07:10.981 3204 3231 D audio_hw_primary: card: 0/1 id: ALC888 Digital
01-02 00:07:10.981 3204 3231 D audio_hw_primary: name: ALC888 Digital
01-02 00:07:10.981 3204 3231 D audio_hw_primary: subname: subdevice #0
01-02 00:07:10.981 3204 3231 D audio_hw_primary: stream: 0
01-02 00:07:10.981 3204 3231 D audio_hw_primary: ignore pcmC0D1p
01-02 00:07:10.996 3204 3231 D audio_hw_primary: found audio out at /dev/snd/pcmC1D3p
01-02 00:07:10.996 3204 3231 D audio_hw_primary: card: 1/3 id: HDMI 0
01-02 00:07:10.996 3204 3231 D audio_hw_primary: name: HDMI 0
01-02 00:07:10.996 3204 3231 D audio_hw_primary: subname: subdevice #0
01-02 00:07:10.996 3204 3231 D audio_hw_primary: stream: 0
01-02 00:07:11.000 3204 3231 D audio_hw_primary: found audio out at /dev/snd/pcmC1D7p
01-02 00:07:11.000 3204 3231 D audio_hw_primary: card: 1/7 id: HDMI 1
01-02 00:07:11.000 3204 3231 D audio_hw_primary: name: HDMI 1
01-02 00:07:11.000 3204 3231 D audio_hw_primary: subname: subdevice #0
01-02 00:07:11.000 3204 3231 D audio_hw_primary: stream: 0
01-02 00:07:11.000 3204 3231 D audio_hw_primary: ignore pcmC1D7p
01-02 00:07:11.004 3204 3231 I audio_hw_primary: choose pcmC0D0p for 0
01-02 00:07:11.005 3204 3231 E audio_hw_primary: Failed to open /system/etc/mixer_paths.xml
01-02 00:07:11.005 3204 3231 W DeviceHAL: Device 0xac58c000 set_master_volume: Function not implemented
01-02 00:07:11.006 3198 3198 I AudioFlinger: loadHwModule() Loaded primary audio interface, handle 10
01-02 00:07:11.006 3198 3198 I AudioFlinger: openOutput() this 0xb4cb5000, module 10 Device 2, SamplingRate 48000, Format 0x000001, Channels 3, flags 2
01-02 00:07:11.006 3204 3231 I audio_hw_primary: choose pcmC0D0p for 0
01-02 00:07:11.006 3198 3198 I AudioFlinger: HAL output buffer size 512 frames, normal sink buffer size 1024 frames
01-02 00:07:11.007 3204 3231 E EffectsConfig: Failed to parse /vendor/etc/audio_effects.xml: Tinyxml2 error (3): /vendor/etc/audio_effects.xml (null)
01-02 00:07:11.007 3204 3231 E EffectsFactoryConfigLoader: Failed to parse XML configuration file
01-02 00:07:11.007 3204 3231 W EffectsFactory: Failed to load XML effect configuration, fallback to .conf
01-02 00:07:11.009 3198 3198 I BufferProvider: found effect "Multichannel Downmix To Stereo" from The Android Open Source Project
01-02 00:07:11.010 3198 3198 I AudioFlinger: Using module 10 as the primary audio interface
01-02 00:07:11.010 3198 3198 W AudioFlinger: moveEffects() bad srcOutput 0
01-02 00:07:11.016 3198 3252 I AudioFlinger: AudioFlinger's thread 0xb4403780 tid=3252 ready to run
01-02 00:07:11.016 3198 3252 W AudioFlinger: no wake lock to update, system not ready yet
01-02 00:07:11.016 3204 3231 W DeviceHAL: Device 0xac58c000 set_voice_volume: Function not implemented
01-02 00:07:11.017 3204 3231 W DeviceHAL: Device 0xac58c000 open_input_stream: Invalid argument
01-02 00:07:11.018 3198 3252 W AudioFlinger: no wake lock to update, system not ready yet
01-02 00:07:11.018 3198 3253 I AudioFlinger: AudioFlinger's thread 0xb4103600 tid=3253 ready to run
01-02 00:07:11.022 3198 3198 I bt_a2dp_hw: adev_open: adev_open in A2dp_hw module
01-02 00:07:11.022 3198 3198 I AudioFlinger: loadHwModule() Loaded a2dp audio interface, handle 18
01-02 00:07:11.022 3204 3250 D vndksupport: Loading /vendor/lib/hw/audio.usb.default.so from current namespace instead of sphal namespace.
01-02 00:07:11.027 3198 3198 I AudioFlinger: loadHwModule() Loaded usb audio interface, handle 26
01-02 00:07:11.027 3198 3198 E EffectsConfig: Failed to parse /vendor/etc/audio_effects.xml: Tinyxml2 error (3): /vendor/etc/audio_effects.xml (null)
01-02 00:07:11.027 3198 3198 W AudioPolicyEffects: Failed to load XML effect configuration, fallback to .conf
01-02 00:07:11.029 3197 3197 I zygote : VMRuntime.preloadDexCaches strings total=313067 before=10351 after=10351
01-02 00:07:11.029 3197 3197 I zygote : VMRuntime.preloadDexCaches types total=26671 before=5500 after=5502
01-02 00:07:11.029 3197 3197 I zygote : VMRuntime.preloadDexCaches fields total=126851 before=5507 after=5537
01-02 00:07:11.029 3197 3197 I zygote : VMRuntime.preloadDexCaches methods total=225392 before=9940 after=9940
01-02 00:07:11.029 3197 3197 I zygote : VMRuntime.preloadDexCaches finished
01-02 00:07:11.029 3197 3197 D Zygote32Timing: PreloadClasses took to complete: 303ms
01-02 00:07:11.039 2231 2231 W /system/bin/hwservicemanager: getTransport: Cannot find entry android.hardware.soundtrigger@2.0::ISoundTriggerHw/default in either framework or device manifest.
01-02 00:07:11.040 3198 3198 I SoundTriggerHalHidl: getProperties res implementor
01-02 00:07:11.040 3198 3198 I SoundTriggerHalHidl: getProperties ret -19
01-02 00:07:11.040 3198 3198 E SoundTriggerHwService: could not read implementation properties
01-02 00:07:11.098 3197 3197 I Zygote : Preloading resources...
01-02 00:07:11.108 3197 3197 W Resources: Preloaded drawable resource #0x1080264 (android:drawable/dialog_background_material) that varies with configuration!!
01-02 00:07:11.132 3197 3197 I Zygote : ...preloaded 64 resources in 34ms.
01-02 00:07:11.139 3197 3197 W Resources: Preloaded color resource #0x1060053 (android:color/btn_default_material_dark) that varies with configuration!!
01-02 00:07:11.140 3197 3197 I Zygote : ...preloaded 41 resources in 8ms.
01-02 00:07:11.141 3197 3197 I Zygote : ...preloaded 2 resource in 2ms.
01-02 00:07:11.142 3197 3197 D Zygote32Timing: PreloadResources took to complete: 113ms
01-02 00:07:11.142 3197 3197 D vndksupport: Loading /vendor/lib/hw/android.hardware.graphics.mapper@2.0-impl.so from current namespace instead of sphal namespace.
01-02 00:07:11.146 3246 3246 E ProbeModule: insmod_by_dep: cannot load module: [net-pf-16-proto-5]
01-02 00:07:11.146 3246 3246 W /sbin/modprobe: failed to load net-pf-16-proto-5: Invalid argument
01-02 00:07:11.148 3197 3197 D vndksupport: Loading /vendor/lib/egl/libGLES_mesa.so from current namespace instead of sphal namespace.
01-02 00:07:11.150 3197 3197 D libEGL : loaded /vendor/lib/egl/libGLES_mesa.so
01-02 00:07:11.210 3201 3201 E Netd : Unable to create netlink socket: Protocol not supported
01-02 00:07:11.211 3201 3201 W Netd : Unable to open qlog quota socket, check if xt_quota2 can send via UeventHandler
01-02 00:07:11.211 3201 3201 D MDnsDS : MDnsSdListener::Hander starting up
01-02 00:07:11.212 3201 3201 I Netd : Registering NetdNativeService: 0.8ms
01-02 00:07:11.212 3201 3201 I Netd : Starting CommandListener: 0.1ms
01-02 00:07:11.215 3201 3258 D MDnsDS : MDnsSdListener starting to monitor
01-02 00:07:11.215 3201 3258 D MDnsDS : Going to poll with pollCount 1
01-02 00:07:11.224 3197 3197 I Zygote : Preloading shared libraries...
01-02 00:07:11.226 3201 3201 I Netd : Registering NetdHwService: 13.7ms
01-02 00:07:11.226 3201 3201 I Netd : Netd started in 1122ms
01-02 00:07:11.236 3197 3197 I Zygote : Uninstalled ICU cache reference pinning...
01-02 00:07:11.237 3197 3197 I Zygote : Installed AndroidKeyStoreProvider in 1ms.
01-02 00:07:11.249 3197 3197 I Zygote : Warmed up JCA providers in 12ms.
01-02 00:07:11.249 3197 3197 D Zygote : end preload
01-02 00:07:11.249 3197 3197 D Zygote32Timing: ZygotePreload took to complete: 532ms
01-02 00:07:11.266 3197 3197 I zygote : Explicit concurrent copying GC freed 29278(2MB) AllocSpace objects, 23(432KB) LOS objects, 50% free, 1512KB/2MB, paused 41us total 16.517ms
01-02 00:07:11.279 3197 3197 I main : type=1400 audit(0.0:499): avc: denied { mounton } for path="/" dev="tmpfs" ino=1842 scontext=u:r:zygote:s0 tcontext=u:object_r:tmpfs:s0 tclass=dir permissive=1
01-02 00:07:11.280 3197 3197 I zygote : Explicit concurrent copying GC freed 5477(200KB) AllocSpace objects, 0(0B) LOS objects, 53% free, 1344KB/2MB, paused 24us total 11.073ms
01-02 00:07:11.280 3197 3197 D Zygote32Timing: PostZygoteInitGC took to complete: 31ms
01-02 00:07:11.280 3197 3197 D Zygote32Timing: ZygoteInit took to complete: 563ms
01-02 00:07:11.283 3197 3197 I : seccomp disabled by setenforce 0
01-02 00:07:11.323 3197 3197 I main : type=1400 audit(0.0:500): avc: denied { dac_read_search } for capability=2 scontext=u:r:zygote:s0 tcontext=u:r:zygote:s0 tclass=capability permissive=1
01-02 00:07:11.324 3197 3197 I Zygote : System server process 3265 has been created
01-02 00:07:11.326 3197 3197 I Zygote : Accepting command socket connections
01-02 00:07:11.394 3265 3265 I zygote : The ClassLoaderContext is a special shared library.
01-02 00:07:11.407 3265 3265 I SystemServer: InitBeforeStartServices
01-02 00:07:11.408 3265 3265 I SystemServer: Entered the Android system server!
01-02 00:07:11.512 3265 3265 D SystemServerTiming: InitBeforeStartServices took to complete: 106ms
01-02 00:07:11.513 3265 3265 I SystemServer: StartServices
01-02 00:07:11.513 3265 3265 I SystemServer: Reading configuration...
01-02 00:07:11.513 3265 3265 I SystemServer: ReadingSystemConfig
01-02 00:07:11.513 3265 3265 D SystemServerTiming: ReadingSystemConfig took to complete: 0ms
01-02 00:07:11.513 3265 3265 I SystemServer: StartInstaller
01-02 00:07:11.513 3265 3265 I SystemServiceManager: Starting com.android.server.pm.Installer
01-02 00:07:11.514 3265 3278 D SystemServerInitThreadPool: Started executing ReadingSystemConfig
01-02 00:07:11.514 3265 3265 D SystemServerTiming: StartInstaller took to complete: 2ms
01-02 00:07:11.515 3265 3265 I SystemServer: DeviceIdentifiersPolicyService
01-02 00:07:11.515 3265 3265 I SystemServiceManager: Starting com.android.server.os.DeviceIdentifiersPolicyService
01-02 00:07:11.515 3265 3265 D SystemServerTiming: DeviceIdentifiersPolicyService took to complete: 0ms
01-02 00:07:11.515 3265 3265 I SystemServer: StartActivityManager
01-02 00:07:11.515 3265 3265 I SystemServiceManager: Starting com.android.server.am.ActivityManagerService$Lifecycle
01-02 00:07:11.530 3265 3265 I ActivityManager: Memory class: 192
01-02 00:07:11.540 3265 3278 D SystemServerInitThreadPool: Finished executing ReadingSystemConfig
01-02 00:07:11.401 3265 3265 I chatty : uid=1000 system_server identical 2 lines
01-02 00:07:11.405 3265 3265 I zygote : The ClassLoaderContext is a special shared library.
01-02 00:07:11.539 3265 3265 I system-server-i: type=1400 audit(0.0:501): avc: denied { read } for name="vendor" dev="tmpfs" ino=5475 scontext=u:r:system_server:s0 tcontext=u:object_r:tmpfs:s0 tclass=lnk_file permissive=1
01-02 00:07:11.553 3265 3265 D BatteryStatsImpl: Reading daily items from /data/system/batterystats-daily.xml
01-02 00:07:11.562 3265 3283 E BluetoothAdapter: Bluetooth binder is null
01-02 00:07:11.564 3265 3283 E BatteryExternalStatsWorker: no controller energy info supplied for telephony
01-02 00:07:11.564 3265 3283 E KernelUidCpuTimeReader: Failed to read uid_cputime: /proc/uid_cputime/show_uid_stat (No such file or directory)
01-02 00:07:11.565 3265 3283 E KernelUidCpuFreqTimeReader: Failed to read /proc/uid_time_in_state: java.io.FileNotFoundException: /proc/uid_time_in_state (No such file or directory)
01-02 00:07:11.565 3265 3283 E KernelCpuSpeedReader: Failed to read cpu-freq: /sys/devices/system/cpu/cpu0/cpufreq/stats/time_in_state (No such file or directory)
01-02 00:07:11.566 3265 3283 W KernelMemoryBandwidthStats: No kernel memory bandwidth stats available
01-02 00:07:11.570 3265 3283 I PowerManagerService-JNI: Loaded power HAL service
01-02 00:07:11.612 2231 2231 W /system/bin/hwservicemanager: getTransport: Cannot find entry android.hardware.memtrack@1.0::IMemtrack/default in either framework or device manifest.
01-02 00:07:11.613 3265 3265 E memtrack: Couldn't load memtrack module
01-02 00:07:11.613 3265 3265 W android.os.Debug: failed to get memory consumption info: -1
01-02 00:07:11.613 3265 3265 I AppOps : No existing app ops /data/system/appops.xml; starting empty
01-02 00:07:11.616 3265 3265 I IntentFirewall: Read new rules (A:0 B:0 S:0)
01-02 00:07:11.619 3265 3265 W system_server: Failed to remove /acct/uid_1040/pid_2312: Device or resource busy
01-02 00:07:11.619 3265 3265 W system_server: Failed to remove /acct/uid_1040: Permission denied
01-02 00:07:11.619 3265 3265 W system_server: Failed to remove /acct/uid_1002/pid_2289: Device or resource busy
01-02 00:07:11.619 3265 3265 W system_server: Failed to remove /acct/uid_1002: Permission denied
01-02 00:07:11.619 3265 3265 W system_server: Failed to remove /acct/uid_1020/pid_2343: Device or resource busy
01-02 00:07:11.619 3265 3265 W system_server: Failed to remove /acct/uid_1020: Permission denied
01-02 00:07:11.619 3265 3265 W system_server: Failed to remove /acct/uid_1010/pid_3203: Device or resource busy
01-02 00:07:11.619 3265 3265 W system_server: Failed to remove /acct/uid_1010/pid_2297: Device or resource busy
01-02 00:07:11.619 3265 3265 W system_server: Failed to remove /acct/uid_1010: Permission denied
01-02 00:07:11.619 3265 3265 W system_server: Failed to remove /acct/uid_1000/pid_2287: Device or resource busy
01-02 00:07:11.619 3265 3265 W system_server: Failed to remove /acct/uid_1000/pid_2295: Device or resource busy
01-02 00:07:11.619 3265 3265 W system_server: Failed to remove /acct/uid_1000/pid_2293: Device or resource busy
01-02 00:07:11.619 3265 3265 W system_server: Failed to remove /acct/uid_1000/pid_2231: Device or resource busy
01-02 00:07:11.619 3265 3265 W system_server: Failed to remove /acct/uid_1000/pid_2296: Device or resource busy
01-02 00:07:11.619 3265 3265 W system_server: Failed to remove /acct/uid_1000/pid_2294: Device or resource busy
01-02 00:07:11.619 3265 3265 W system_server: Failed to remove /acct/uid_1000/pid_2320: Device or resource busy
01-02 00:07:11.619 3265 3265 W system_server: Failed to remove /acct/uid_1000/pid_2292: Device or resource busy
01-02 00:07:11.619 3265 3265 W system_server: Failed to remove /acct/uid_1000/pid_2232: Device or resource busy
01-02 00:07:11.619 3265 3265 W system_server: Failed to remove /acct/uid_1000/pid_2230: Device or resource busy
01-02 00:07:11.619 3265 3265 W system_server: Failed to remove /acct/uid_1000: Permission denied
01-02 00:07:11.619 3265 3265 W system_server: Failed to remove /acct/uid_1019/pid_2308: Device or resource busy
01-02 00:07:11.619 3265 3265 W system_server: Failed to remove /acct/uid_1019: Permission denied
01-02 00:07:11.619 3265 3265 W system_server: Failed to remove /acct/uid_1047/pid_2290: Device or resource busy
01-02 00:07:11.619 3265 3265 W system_server: Failed to remove /acct/uid_1047/pid_3199: Device or resource busy
01-02 00:07:11.619 3265 3265 W system_server: Failed to remove /acct/uid_1047: Permission denied
01-02 00:07:11.619 3265 3265 W system_server: Failed to remove /acct/uid_1017/pid_2310: Device or resource busy
01-02 00:07:11.619 3265 3265 W system_server: Failed to remove /acct/uid_1017: Permission denied
01-02 00:07:11.619 3265 3265 W system_server: Failed to remove /acct/uid_1013/pid_2311: Device or resource busy
01-02 00:07:11.619 3265 3265 W system_server: Failed to remove /acct/uid_1013/pid_2291: Device or resource busy
01-02 00:07:11.619 3265 3265 W system_server: Failed to remove /acct/uid_1013/pid_2314: Device or resource busy
01-02 00:07:11.619 3265 3265 W system_server: Failed to remove /acct/uid_1013/pid_3200: Device or resource busy
01-02 00:07:11.620 3265 3265 W system_server: Failed to remove /acct/uid_1013: Permission denied
01-02 00:07:11.620 3265 3265 W system_server: Failed to remove /acct/uid_1041/pid_3198: Device or resource busy
01-02 00:07:11.620 3265 3265 W system_server: Failed to remove /acct/uid_1041/pid_3204: Device or resource busy
01-02 00:07:11.620 3265 3265 W system_server: Failed to remove /acct/uid_1041: Permission denied
01-02 00:07:11.620 3265 3265 W system_server: Failed to remove /acct/uid_1001/pid_2319: Device or resource busy
01-02 00:07:11.620 3265 3265 W system_server: Failed to remove /acct/uid_1001: Permission denied
01-02 00:07:11.620 3265 3265 W system_server: Failed to remove /acct/uid_1058/pid_2321: Device or resource busy
01-02 00:07:11.620 3265 3265 W system_server: Failed to remove /acct/uid_1058: Permission denied
01-02 00:07:11.620 3265 3265 W system_server: Failed to remove /acct/uid_1046/pid_2318: Device or resource busy
01-02 00:07:11.620 3265 3265 W system_server: Failed to remove /acct/uid_1046: Permission denied
01-02 00:07:11.620 3265 3265 W system_server: Failed to remove /acct/uid_1036/pid_2229: Device or resource busy
01-02 00:07:11.620 3265 3265 W system_server: Failed to remove /acct/uid_1036: Permission denied
01-02 00:07:11.620 3265 3265 W system_server: Failed to remove /acct/uid_0/pid_2220: Device or resource busy
01-02 00:07:11.620 3265 3265 W system_server: Failed to remove /acct/uid_0/pid_2277: Device or resource busy
01-02 00:07:11.620 3265 3265 W system_server: Failed to remove /acct/uid_0/pid_2303: Device or resource busy
01-02 00:07:11.620 3265 3265 W system_server: Failed to remove /acct/uid_0/pid_3201: Device or resource busy
01-02 00:07:11.620 3265 3265 W system_server: Failed to remove /acct/uid_0/pid_2301: Device or resource busy
01-02 00:07:11.620 3265 3265 W system_server: Failed to remove /acct/uid_0/pid_2298: Device or resource busy
01-02 00:07:11.620 3265 3265 W system_server: Failed to remove /acct/uid_0/pid_2316: Device or resource busy
01-02 00:07:11.620 3265 3265 W system_server: Failed to remove /acct/uid_0/pid_2304: Device or resource busy
01-02 00:07:11.620 3265 3265 W system_server: Failed to remove /acct/uid_0/pid_3202: Device or resource busy
01-02 00:07:11.620 3265 3265 W system_server: Failed to remove /acct/uid_0/pid_2302: Device or resource busy
01-02 00:07:11.620 3265 3265 W system_server: Failed to remove /acct/uid_0/pid_2309: Device or resource busy
01-02 00:07:11.620 3265 3265 W system_server: Failed to remove /acct/uid_0/pid_2299: Device or resource busy
01-02 00:07:11.620 3265 3265 W system_server: Failed to remove /acct/uid_0/pid_3197: Device or resource busy
01-02 00:07:11.620 3265 3265 W system_server: Failed to remove /acct/uid_0: Permission denied
01-02 00:07:11.623 3265 3265 D AppOps : AppOpsService published
01-02 00:07:11.623 3265 3265 D SystemServerTiming: StartActivityManager took to complete: 108ms
01-02 00:07:11.623 3265 3265 I SystemServer: StartPowerManager
01-02 00:07:11.624 3265 3265 I SystemServiceManager: Starting com.android.server.power.PowerManagerService
01-02 00:07:11.635 3265 3265 I system_server: type=1400 audit(0.0:502): avc: denied { write } for name="uinput" dev="tmpfs" ino=9085 scontext=u:r:system_server:s0 tcontext=u:object_r:uhid_device:s0 tclass=chr_file permissive=1
01-02 00:07:11.635 3265 3265 I system_server: type=1400 audit(0.0:503): avc: denied { open } for path="/dev/uinput" dev="tmpfs" ino=9085 scontext=u:r:system_server:s0 tcontext=u:object_r:uhid_device:s0 tclass=chr_file permissive=1
01-02 00:07:11.635 3265 3265 I system_server: type=1400 audit(0.0:504): avc: denied { ioctl } for path="/dev/uinput" dev="tmpfs" ino=9085 ioctlcmd=0x5564 scontext=u:r:system_server:s0 tcontext=u:object_r:uhid_device:s0 tclass=chr_file permissive=1
01-02 00:07:11.635 2220 2220 I ueventd : type=1400 audit(0.0:505): avc: denied { module_load } for path="/system/lib/modules/4.15.0-rc6-android-x86-g8d051505ee26/kernel/drivers/macintosh/mac_hid.ko" dev="loop0" ino=3852 scontext=u:r:ueventd:s0 tcontext=u:object_r:system_file:s0 tclass=system permissive=1
01-02 00:07:11.695 3265 3265 I libsuspend: Selected wakeup count
01-02 00:07:11.695 2295 2295 I power@1.0-servi: type=1400 audit(0.0:506): avc: denied { write } for name="online" dev="sysfs" ino=407 scontext=u:r:hal_power_default:s0 tcontext=u:object_r:sysfs_devices_system_cpu:s0 tclass=file permissive=1
01-02 00:07:11.697 3265 3265 D SystemServerTiming: StartPowerManager took to complete: 73ms
01-02 00:07:11.697 3265 3265 I SystemServer: InitPowerManagement
01-02 00:07:11.698 3265 3265 D SystemServerTiming: InitPowerManagement took to complete: 1ms
01-02 00:07:11.698 3265 3265 I SystemServer: StartRecoverySystemService
01-02 00:07:11.698 3265 3265 I SystemServiceManager: Starting com.android.server.RecoverySystemService
01-02 00:07:11.702 3265 3265 D SystemServerTiming: StartRecoverySystemService took to complete: 4ms
01-02 00:07:11.702 3265 3265 V RescueParty: Disabled because of eng build
01-02 00:07:11.702 3265 3265 I SystemServer: StartLightsService
01-02 00:07:11.703 3265 3265 I SystemServiceManager: Starting com.android.server.lights.LightsService
01-02 00:07:11.703 3265 3265 D SystemServerTiming: StartLightsService took to complete: 1ms
01-02 00:07:11.703 3265 3265 I SystemServer: StartDisplayManager
01-02 00:07:11.703 3265 3265 I SystemServiceManager: Starting com.android.server.display.DisplayManagerService
01-02 00:07:11.704 3265 3287 I ServiceManager: Waiting for service SurfaceFlinger...
01-02 00:07:11.705 3265 3265 D SystemServerTiming: StartDisplayManager took to complete: 2ms
01-02 00:07:11.705 3265 3265 I SystemServer: WaitForDisplay
01-02 00:07:11.705 3265 3265 I SystemServiceManager: Starting phase 100
01-02 00:07:11.799 3265 3290 I libsuspend: open event0(Power Button) ok fd=60
01-02 00:07:11.869 3265 3290 I libsuspend: open event1(Power Button) ok fd=61
01-02 00:07:12.704 3265 3287 I ServiceManager: Waiting for service SurfaceFlinger...