01-02 00:05:40.644 2288 2288 I audiohalservice: Registration complete for android.hardware.audio.effect@2.0::IEffectsFactory/default.
01-02 00:05:40.644 2231 2231 W /system/bin/hwservicemanager: getTransport: Cannot find entry android.hardware.soundtrigger@2.0::ISoundTriggerHw/default in either framework or device manifest.
01-02 00:05:40.645 2288 2288 D vndksupport: Loading /vendor/lib/hw/android.hardware.soundtrigger@2.0-impl.so from current namespace instead of sphal namespace.
01-02 00:05:40.652 2288 2288 E SoundTriggerHalImpl: couldn't load sound trigger module sound_trigger.primary (No such file or directory)
01-02 00:05:40.657 2288 2288 I audiohalservice: Registration complete for android.hardware.soundtrigger@2.0::ISoundTriggerHw/default.
01-02 00:05:40.701 2284 2284 E Netd : cannot find interface dummy0
01-02 00:05:40.701 2284 2284 I Netd : Initializing RouteController: 933.3ms
01-02 00:05:40.708 2364 2364 I kworker/u8:4: type=1400 audit(0.0:234): avc: denied { read } for name="modprobe" dev="tmpfs" ino=5464 scontext=u:r:kernel:s0 tcontext=u:object_r:tmpfs:s0 tclass=lnk_file permissive=1
01-02 00:05:40.728 2364 2364 I /sbin/modprobe: Parsing file /system/etc/modules.blacklist...
01-02 00:05:40.728 2364 2364 I /sbin/modprobe: Parsing file /system/lib/modules/4.15.0-rc6-android-x86-g8d051505ee26/modules.alias...
01-02 00:05:40.782 2285 2285 I zygote : option[0]=-Xzygote
01-02 00:05:40.782 2285 2285 I zygote : option[1]=-Xcheck:jni
01-02 00:05:40.782 2285 2285 I zygote : option[2]=-Xusetombstonedtraces
01-02 00:05:40.782 2285 2285 I zygote : option[3]=exit
01-02 00:05:40.782 2285 2285 I zygote : option[4]=vfprintf
01-02 00:05:40.782 2285 2285 I zygote : option[5]=sensitiveThread
01-02 00:05:40.782 2285 2285 I zygote : option[6]=-verbose:gc
01-02 00:05:40.782 2285 2285 I zygote : option[7]=-Xms16m
01-02 00:05:40.782 2285 2285 I zygote : option[8]=-Xmx512m
01-02 00:05:40.782 2285 2285 I zygote : option[9]=-XX:HeapGrowthLimit=192m
01-02 00:05:40.782 2285 2285 I zygote : option[10]=-XX:HeapMinFree=512k
01-02 00:05:40.782 2285 2285 I zygote : option[11]=-XX:HeapMaxFree=8m
01-02 00:05:40.782 2285 2285 I zygote : option[12]=-XX:HeapTargetUtilization=0.75
01-02 00:05:40.782 2285 2285 I zygote : option[13]=-Xusejit:true
01-02 00:05:40.782 2285 2285 I zygote : option[14]=-Xjitsaveprofilinginfo
01-02 00:05:40.782 2285 2285 I zygote : option[15]=-agentlib:jdwp=transport=dt_android_adb,suspend=n,server=y
01-02 00:05:40.782 2285 2285 I zygote : option[16]=-Xlockprofthreshold:500
01-02 00:05:40.782 2285 2285 I zygote : option[17]=-Ximage-compiler-option
01-02 00:05:40.782 2285 2285 I zygote : option[18]=--runtime-arg
01-02 00:05:40.782 2285 2285 I zygote : option[19]=-Ximage-compiler-option
01-02 00:05:40.782 2285 2285 I zygote : option[20]=-Xms64m
01-02 00:05:40.782 2285 2285 I zygote : option[21]=-Ximage-compiler-option
01-02 00:05:40.782 2285 2285 I zygote : option[22]=--runtime-arg
01-02 00:05:40.782 2285 2285 I zygote : option[23]=-Ximage-compiler-option
01-02 00:05:40.782 2285 2285 I zygote : option[24]=-Xmx64m
01-02 00:05:40.783 2285 2285 I zygote : option[25]=-Ximage-compiler-option
01-02 00:05:40.783 2285 2285 I zygote : option[26]=--compiler-filter=verify-at-runtime
01-02 00:05:40.783 2285 2285 I zygote : option[27]=-Ximage-compiler-option
01-02 00:05:40.783 2285 2285 I zygote : option[28]=--image-classes=/system/etc/preloaded-classes
01-02 00:05:40.783 2285 2285 I zygote : option[29]=-Ximage-compiler-option
01-02 00:05:40.783 2285 2285 I zygote : option[30]=--compiled-classes=/system/etc/compiled-classes
01-02 00:05:40.783 2285 2285 I zygote : option[31]=-Ximage-compiler-option
01-02 00:05:40.783 2285 2285 I zygote : option[32]=--dirty-image-objects=/system/etc/dirty-image-objects
01-02 00:05:40.783 2285 2285 I zygote : option[33]=-Xcompiler-option
01-02 00:05:40.783 2285 2285 I zygote : option[34]=--runtime-arg
01-02 00:05:40.783 2285 2285 I zygote : option[35]=-Xcompiler-option
01-02 00:05:40.783 2285 2285 I zygote : option[36]=-Xms64m
01-02 00:05:40.783 2285 2285 I zygote : option[37]=-Xcompiler-option
01-02 00:05:40.783 2285 2285 I zygote : option[38]=--runtime-arg
01-02 00:05:40.783 2285 2285 I zygote : option[39]=-Xcompiler-option
01-02 00:05:40.783 2285 2285 I zygote : option[40]=-Xmx512m
01-02 00:05:40.783 2285 2285 I zygote : option[41]=-Ximage-compiler-option
01-02 00:05:40.783 2285 2285 I zygote : option[42]=--instruction-set-variant=x86
01-02 00:05:40.783 2285 2285 I zygote : option[43]=-Xcompiler-option
01-02 00:05:40.783 2285 2285 I zygote : option[44]=--instruction-set-variant=x86
01-02 00:05:40.783 2285 2285 I zygote : option[45]=-Ximage-compiler-option
01-02 00:05:40.783 2285 2285 I zygote : option[46]=--instruction-set-features=default
01-02 00:05:40.783 2285 2285 I zygote : option[47]=-Xcompiler-option
01-02 00:05:40.783 2285 2285 I zygote : option[48]=--instruction-set-features=default
01-02 00:05:40.783 2285 2285 I zygote : option[49]=-Duser.locale=en-US
01-02 00:05:40.783 2285 2285 I zygote : option[50]=-XX:NativeBridge=libhoudini.so
01-02 00:05:40.783 2285 2285 I zygote : option[51]=--cpu-abilist=x86,armeabi-v7a,armeabi
01-02 00:05:40.783 2285 2285 I zygote : option[52]=-Xfingerprint:Android-x86/android_x86/x86:8.1.0/OPM1.171019.011/utente12170902:eng/test-keys
01-02 00:05:40.811 2314 2314 I mediametrics: ServiceManager: 0xaccb0480
01-02 00:05:40.811 2314 2314 D MediaAnalyticsService: MediaAnalyticsService created
01-02 00:05:40.811 2314 2314 D MediaAnalyticsService: MediaAnalyticsService::newSummarizerSet
01-02 00:05:40.853 2285 2285 W zygote : Could not reserve sentinel fault page
01-02 00:05:40.877 2285 2285 I zygote : Pruning dalvik-cache since we are relocating an image and will need to recompile
01-02 00:05:40.877 2285 2285 I zygote : RelocateImage: /system/bin/patchoat --input-image-location=/system/framework/boot.art --output-image-file=/data/dalvik-cache/x86/system@framework@boot.art --instruction-set=x86 --base-offset-delta=6520832
01-02 00:05:40.886 2367 2367 I patchoat: type=1400 audit(0.0:235): avc: denied { getattr } for path="/vendor" dev="tmpfs" ino=5475 scontext=u:r:zygote:s0 tcontext=u:object_r:tmpfs:s0 tclass=lnk_file permissive=1
01-02 00:05:40.886 2367 2367 I patchoat: type=1400 audit(0.0:236): avc: denied { read } for name="vendor" dev="tmpfs" ino=5475 scontext=u:r:zygote:s0 tcontext=u:object_r:tmpfs:s0 tclass=lnk_file permissive=1
01-02 00:05:40.899 2367 2367 W patchoat: Could not reserve sentinel fault page
01-02 00:05:40.949 2306 2306 I FastMixerState: sMaxFastTracks = 8
01-02 00:05:40.951 2306 2306 I audioserver: ServiceManager: 0xa981af00
01-02 00:05:40.952 2306 2306 W BatteryNotifier: batterystats service unavailable!
01-02 00:05:40.954 2306 2306 I AudioFlinger: Using default 3000 mSec as standby time.
01-02 00:05:40.976 2306 2306 I audioserver: type=1400 audit(0.0:237): avc: denied { read } for name="vendor" dev="tmpfs" ino=5475 scontext=u:r:audioserver:s0 tcontext=u:object_r:tmpfs:s0 tclass=lnk_file permissive=1
01-02 00:05:40.989 2306 2306 I APM::ConfigParsingUtils: loadAudioPolicyConfig() loaded /system/etc/audio_policy.conf
01-02 00:05:40.998 2315 2315 I mediaserver: ServiceManager: 0xb34b0880
01-02 00:05:41.056 2364 2364 E ProbeModule: insmod_by_dep: cannot load module: [net-pf-16-proto-5]
01-02 00:05:41.056 2364 2364 W /sbin/modprobe: failed to load net-pf-16-proto-5: Invalid argument
01-02 00:05:41.070 2312 2312 V MediaUtils: physMem: 2115571712
01-02 00:05:41.070 2312 2312 V MediaUtils: requested limit: 423114340
01-02 00:05:41.070 2312 2312 V MediaUtils: cfi shadow size: 32768
01-02 00:05:41.070 2312 2312 V MediaUtils: actual limit: 423147108
01-02 00:05:41.070 2312 2312 V MediaUtils: original limits: 4294967295/4294967295
01-02 00:05:41.070 2312 2312 V MediaUtils: new limits: 423147108/4294967295
01-02 00:05:41.070 2312 2312 D vndksupport: Loading libutils.so from current namespace instead of sphal namespace.
01-02 00:05:41.071 2284 2284 E Netd : Unable to create netlink socket: Protocol not supported
01-02 00:05:41.071 2284 2284 W Netd : Unable to open qlog quota socket, check if xt_quota2 can send via UeventHandler
01-02 00:05:41.071 2284 2284 D MDnsDS : MDnsSdListener::Hander starting up
01-02 00:05:41.072 2284 2284 I Netd : Registering NetdNativeService: 0.6ms
01-02 00:05:41.072 2284 2284 I Netd : Starting CommandListener: 0.1ms
01-02 00:05:41.074 2284 2284 I Netd : Registering NetdHwService: 1.4ms
01-02 00:05:41.074 2284 2284 I Netd : Netd started in 1571ms
01-02 00:05:41.076 2307 2307 I cameraserver: ServiceManager: 0xa6830440
01-02 00:05:41.076 2284 2379 D MDnsDS : MDnsSdListener starting to monitor
01-02 00:05:41.076 2284 2379 D MDnsDS : Going to poll with pollCount 1
01-02 00:05:41.086 2312 2312 I mediaextractor: type=1400 audit(0.0:238): avc: denied { read } for name="vendor" dev="tmpfs" ino=5475 scontext=u:r:mediaextractor:s0 tcontext=u:object_r:tmpfs:s0 tclass=lnk_file permissive=1
01-02 00:05:41.087 2312 2312 W /system/bin/mediaextractor: Could not read additional policy file '/vendor/etc/seccomp_policy/mediaextractor.policy'
01-02 00:05:41.088 2312 2312 W /system/bin/mediaextractor: libminijail[2312]: allowing syscall: socketcall
01-02 00:05:41.088 2312 2312 W /system/bin/mediaextractor: libminijail[2312]: allowing syscall: writev
01-02 00:05:41.088 2312 2312 W /system/bin/mediaextractor: libminijail[2312]: allowing syscall: fcntl64
01-02 00:05:41.088 2312 2312 W /system/bin/mediaextractor: libminijail[2312]: allowing syscall: clock_gettime
01-02 00:05:41.088 2312 2312 W /system/bin/mediaextractor: libminijail[2312]: logging seccomp filter failures
01-02 00:05:41.122 2307 2307 I CameraService: CameraService started (pid=2307)
01-02 00:05:41.122 2307 2307 I CameraService: CameraService process starting
01-02 00:05:41.122 2307 2307 W BatteryNotifier: batterystats service unavailable!
01-02 00:05:41.122 2307 2307 W BatteryNotifier: batterystats service unavailable!
01-02 00:05:41.124 2307 2307 I CameraProviderManager: Connecting to new camera provider: legacy/0, isRemote? 1
01-02 00:05:41.125 2307 2307 I CameraProviderManager: Camera provider legacy/0 ready with 0 camera devices
01-02 00:05:41.125 2307 2386 W CameraProviderManager: addProviderLocked: Camera provider HAL with name 'legacy/0' already registered
01-02 00:05:41.191 2288 2368 D audio_hw_primary: found audio out at /dev/snd/pcmC0D0p
01-02 00:05:41.191 2288 2368 D audio_hw_primary: card: 0/0 id: ALC888 Analog
01-02 00:05:41.191 2288 2368 D audio_hw_primary: name: ALC888 Analog
01-02 00:05:41.191 2288 2368 D audio_hw_primary: subname: subdevice #0
01-02 00:05:41.191 2288 2368 D audio_hw_primary: stream: 0
01-02 00:05:41.192 2288 2368 D audio_hw_primary: found audio out at /dev/snd/pcmC0D1p
01-02 00:05:41.192 2288 2368 D audio_hw_primary: card: 0/1 id: ALC888 Digital
01-02 00:05:41.192 2288 2368 D audio_hw_primary: name: ALC888 Digital
01-02 00:05:41.192 2288 2368 D audio_hw_primary: subname: subdevice #0
01-02 00:05:41.192 2288 2368 D audio_hw_primary: stream: 0
01-02 00:05:41.192 2288 2368 D audio_hw_primary: ignore pcmC0D1p
01-02 00:05:41.208 2288 2368 D audio_hw_primary: found audio out at /dev/snd/pcmC1D3p
01-02 00:05:41.208 2288 2368 D audio_hw_primary: card: 1/3 id: HDMI 0
01-02 00:05:41.208 2288 2368 D audio_hw_primary: name: HDMI 0
01-02 00:05:41.208 2288 2368 D audio_hw_primary: subname: subdevice #0
01-02 00:05:41.208 2288 2368 D audio_hw_primary: stream: 0
01-02 00:05:41.213 2288 2368 D audio_hw_primary: found audio out at /dev/snd/pcmC1D7p
01-02 00:05:41.213 2288 2368 D audio_hw_primary: card: 1/7 id: HDMI 1
01-02 00:05:41.213 2288 2368 D audio_hw_primary: name: HDMI 1
01-02 00:05:41.213 2288 2368 D audio_hw_primary: subname: subdevice #0
01-02 00:05:41.213 2288 2368 D audio_hw_primary: stream: 0
01-02 00:05:41.213 2288 2368 D audio_hw_primary: ignore pcmC1D7p
01-02 00:05:41.216 2288 2368 I audio_hw_primary: choose pcmC0D0p for 0
01-02 00:05:41.217 2288 2368 E audio_hw_primary: Failed to open /system/etc/mixer_paths.xml
01-02 00:05:41.218 2288 2288 W DeviceHAL: Device 0xa978c000 set_master_volume: Function not implemented
01-02 00:05:41.218 2306 2306 I AudioFlinger: loadHwModule() Loaded primary audio interface, handle 10
01-02 00:05:41.218 2306 2306 I AudioFlinger: openOutput() this 0xa9835000, module 10 Device 2, SamplingRate 48000, Format 0x000001, Channels 3, flags 2
01-02 00:05:41.218 2288 2288 I audio_hw_primary: choose pcmC0D0p for 0
01-02 00:05:41.230 2315 2315 W BatteryNotifier: batterystats service unavailable!
01-02 00:05:41.230 2306 2306 I AudioFlinger: HAL output buffer size 512 frames, normal sink buffer size 1024 frames
01-02 00:05:41.232 2288 2288 E EffectsConfig: Failed to parse /vendor/etc/audio_effects.xml: Tinyxml2 error (3): /vendor/etc/audio_effects.xml (null)
01-02 00:05:41.232 2288 2288 E EffectsFactoryConfigLoader: Failed to parse XML configuration file
01-02 00:05:41.232 2288 2288 W EffectsFactory: Failed to load XML effect configuration, fallback to .conf
01-02 00:05:41.300 2306 2306 I BufferProvider: found effect "Multichannel Downmix To Stereo" from The Android Open Source Project
01-02 00:05:41.301 2306 2306 I AudioFlinger: Using module 10 as the primary audio interface
01-02 00:05:41.301 2306 2306 W AudioFlinger: moveEffects() bad srcOutput 0
01-02 00:05:41.302 2306 2395 I AudioFlinger: AudioFlinger's thread 0xa8f83c00 tid=2395 ready to run
01-02 00:05:41.302 2306 2395 W AudioFlinger: no wake lock to update, system not ready yet
01-02 00:05:41.303 2306 2395 W AudioFlinger: no wake lock to update, system not ready yet
01-02 00:05:41.303 2288 2288 W DeviceHAL: Device 0xa978c000 set_voice_volume: Function not implemented
01-02 00:05:41.303 2288 2288 W DeviceHAL: Device 0xa978c000 open_input_stream: Invalid argument
01-02 00:05:41.304 2306 2396 I AudioFlinger: AudioFlinger's thread 0xa8c83f40 tid=2396 ready to run
01-02 00:05:41.304 2306 2306 I audioserver: type=1400 audit(0.0:239): avc: denied { read } for name="vendor" dev="tmpfs" ino=5475 scontext=u:r:audioserver:s0 tcontext=u:object_r:tmpfs:s0 tclass=lnk_file permissive=1
01-02 00:05:41.419 2306 2306 I bt_a2dp_hw: adev_open: adev_open in A2dp_hw module
01-02 00:05:41.419 2306 2306 I AudioFlinger: loadHwModule() Loaded a2dp audio interface, handle 18
01-02 00:05:41.420 2288 2392 D vndksupport: Loading /vendor/lib/hw/audio.usb.default.so from current namespace instead of sphal namespace.
01-02 00:05:41.450 2306 2306 I AudioFlinger: loadHwModule() Loaded usb audio interface, handle 26
01-02 00:05:41.451 2306 2306 E EffectsConfig: Failed to parse /vendor/etc/audio_effects.xml: Tinyxml2 error (3): /vendor/etc/audio_effects.xml (null)
01-02 00:05:41.451 2306 2306 W AudioPolicyEffects: Failed to load XML effect configuration, fallback to .conf
01-02 00:05:41.452 2231 2231 W /system/bin/hwservicemanager: getTransport: Cannot find entry android.hardware.soundtrigger@2.0::ISoundTriggerHw/default in either framework or device manifest.
01-02 00:05:41.452 2306 2306 I SoundTriggerHalHidl: getProperties res implementor
01-02 00:05:41.452 2306 2306 I SoundTriggerHalHidl: getProperties ret -19
01-02 00:05:41.452 2306 2306 E SoundTriggerHwService: could not read implementation properties
01-02 00:05:42.280 2300 2300 I surfaceflinger: type=1400 audit(0.0:240): avc: denied { read } for name="etc" dev="tmpfs" ino=5431 scontext=u:r:surfaceflinger:s0 tcontext=u:object_r:tmpfs:s0 tclass=lnk_file permissive=1
01-02 00:05:42.366 2300 2300 I surfaceflinger: type=1400 audit(0.0:241): avc: denied { map } for path="/dev/dri/renderD128" dev="tmpfs" ino=9264 scontext=u:r:surfaceflinger:s0 tcontext=u:object_r:device:s0 tclass=chr_file permissive=1
01-02 00:05:42.433 2231 2231 E SELinux : avc: denied { add } for interface=android.hardware.graphics.allocator::IAllocator pid=2300 scontext=u:r:surfaceflinger:s0 tcontext=u:object_r:hal_graphics_allocator_hwservice:s0 tclass=hwservice_manager permissive=1
01-02 00:05:42.434 2300 2300 I SurfaceFlinger: Registration complete for android.hardware.graphics.allocator@2.0::IAllocator/default.
01-02 00:05:42.437 2300 2300 I surfaceflinger: type=1400 audit(0.0:242): avc: denied { dac_override } for capability=1 scontext=u:r:surfaceflinger:s0 tcontext=u:r:surfaceflinger:s0 tclass=capability permissive=1
01-02 00:05:42.439 2300 2300 I SurfaceFlinger: SurfaceFlinger is starting
01-02 00:05:42.440 2300 2300 I /system/bin/surfaceflinger: android::hardware::configstore::V1_0::ISurfaceFlingerConfigs::vsyncEventPhaseOffsetNs retrieved: 1000000 (default)
01-02 00:05:42.440 2300 2300 I /system/bin/surfaceflinger: android::hardware::configstore::V1_0::ISurfaceFlingerConfigs::vsyncSfEventPhaseOffsetNs retrieved: 1000000 (default)
01-02 00:05:42.440 2300 2300 I /system/bin/surfaceflinger: android::hardware::configstore::V1_0::ISurfaceFlingerConfigs::maxVirtualDisplaySize retrieved: 0 (default)
01-02 00:05:42.440 2300 2300 I /system/bin/surfaceflinger: android::hardware::configstore::V1_0::ISurfaceFlingerConfigs::hasSyncFramework retrieved: 1
01-02 00:05:42.440 2300 2300 I /system/bin/surfaceflinger: android::hardware::configstore::V1_0::ISurfaceFlingerConfigs::useContextPriority retrieved: 0 (default)
01-02 00:05:42.441 2300 2300 I /system/bin/surfaceflinger: android::hardware::configstore::V1_0::ISurfaceFlingerConfigs::presentTimeOffsetFromVSyncNs retrieved: 0
01-02 00:05:42.441 2300 2300 I /system/bin/surfaceflinger: android::hardware::configstore::V1_0::ISurfaceFlingerConfigs::useHwcForRGBtoYUV retrieved: 0
01-02 00:05:42.441 2300 2300 I /system/bin/surfaceflinger: android::hardware::configstore::V1_0::ISurfaceFlingerConfigs::maxFrameBufferAcquiredBuffers retrieved: 3
01-02 00:05:42.441 2300 2300 I SurfaceFlinger: Enabling HWC virtual displays
01-02 00:05:42.441 2300 2300 I SurfaceFlinger: Disabling Triple Buffering
01-02 00:05:42.442 2300 2300 I SurfaceFlinger: SurfaceFlinger's main thread ready to run. Initializing graphics H/W...
01-02 00:05:42.450 2300 2300 D vndksupport: Loading /vendor/lib/egl/libGLES_mesa.so from current namespace instead of sphal namespace.
01-02 00:05:42.467 2300 2300 D libEGL : loaded /vendor/lib/egl/libGLES_mesa.so
01-02 00:05:42.546 2300 2300 D vndksupport: Loading /vendor/lib/hw/gralloc.gbm.so from current namespace instead of sphal namespace.
01-02 00:05:42.548 2300 2300 I EGL-MAIN: found extension DRI_Core version 2
01-02 00:05:42.548 2300 2300 I EGL-MAIN: found extension DRI_IMAGE_DRIVER version 1
01-02 00:05:42.551 2300 2300 I EGL-MAIN: found extension DRI_TexBuffer version 2
01-02 00:05:42.551 2300 2300 I EGL-MAIN: found extension DRI2_Flush version 4
01-02 00:05:42.551 2300 2300 I EGL-MAIN: found extension DRI_IMAGE version 17
01-02 00:05:42.551 2300 2300 I EGL-MAIN: found extension DRI_RENDERER_QUERY version 1
01-02 00:05:42.551 2300 2300 I EGL-MAIN: found extension DRI_CONFIG_QUERY version 1
01-02 00:05:42.551 2300 2300 I EGL-MAIN: found extension DRI2_Fence version 2
01-02 00:05:42.551 2300 2300 I EGL-MAIN: found extension DRI2_Interop version 1
01-02 00:05:42.551 2300 2300 I EGL-MAIN: found extension DRI_NoError version 1
01-02 00:05:42.551 2300 2300 I EGL-MAIN: found extension DRI_FlushControl version 1
01-02 00:05:42.556 2300 2300 I /system/bin/surfaceflinger: android::hardware::configstore::V1_0::ISurfaceFlingerConfigs::hasWideColorDisplay retrieved: 0
01-02 00:05:42.561 2300 2300 D vndksupport: Loading /vendor/lib/hw/gralloc.gbm.so from current namespace instead of sphal namespace.
01-02 00:05:42.562 2300 2300 D vndksupport: Loading /vendor/lib/hw/hwcomposer.drm.so from current namespace instead of sphal namespace.
01-02 00:05:42.626 2300 2300 E hwc-drm-plane: Could not get rotation property
01-02 00:05:42.626 2300 2300 I hwc-drm-plane: Could not get alpha property
01-02 00:05:42.627 2300 2300 E hwc-drm-plane: Could not get rotation property
01-02 00:05:42.627 2300 2300 I hwc-drm-plane: Could not get alpha property
01-02 00:05:42.627 2300 2300 E hwc-drm-plane: Could not get rotation property
01-02 00:05:42.627 2300 2300 I hwc-drm-plane: Could not get alpha property
01-02 00:05:42.628 2300 2300 E hwc-drm-plane: Could not get rotation property
01-02 00:05:42.628 2300 2300 I hwc-drm-plane: Could not get alpha property
01-02 00:05:42.628 2300 2300 E hwc-drm-resources: Could not find a suitable encoder/crtc for display 2
01-02 00:05:42.628 2300 2300 E hwc-drm-resources: Failed CreateDisplayPipe 49 with -19
01-02 00:05:42.628 2300 2300 E hwcomposer-drm: Can't initialize Drm object -19
01-02 00:05:42.629 2300 2300 E SurfaceFlinger: composer device failed to initialize (No such device)
01-02 00:05:42.629 2300 2300 E SurfaceFlinger: ERROR: failed to open framebuffer (Invalid argument), aborting --------- beginning of crash
01-02 00:05:42.629 2300 2300 F libc : Fatal signal 6 (SIGABRT), code -6 in tid 2300 (surfaceflinger), pid 2300 (surfaceflinger)
01-02 00:05:42.646 2413 2413 I crash_dump32: type=1400 audit(0.0:243): avc: denied { getattr } for path="/vendor" dev="tmpfs" ino=5475 scontext=u:r:crash_dump:s0 tcontext=u:object_r:tmpfs:s0 tclass=lnk_file permissive=1
01-02 00:05:42.646 2413 2413 I crash_dump32: type=1400 audit(0.0:244): avc: denied { read } for name="vendor" dev="tmpfs" ino=5475 scontext=u:r:crash_dump:s0 tcontext=u:object_r:tmpfs:s0 tclass=lnk_file permissive=1
01-02 00:05:42.661 2414 2414 I crash_dump32: obtaining output fd from tombstoned, type: kDebuggerdTombstone
01-02 00:05:42.661 2321 2321 I /system/bin/tombstoned: received crash request for pid 2300
01-02 00:05:42.661 2414 2414 I crash_dump32: performing dump of process 2300 (target tid = 2300)
01-02 00:05:42.661 2414 2414 F DEBUG : *** *** *** *** *** *** *** *** *** *** *** *** *** *** *** ***
01-02 00:05:42.661 2414 2414 F DEBUG : Build fingerprint: 'Android-x86/android_x86/x86:8.1.0/OPM1.171019.011/utente12170902:eng/test-keys'
01-02 00:05:42.662 2414 2414 F DEBUG : Revision: '0'
01-02 00:05:42.662 2414 2414 F DEBUG : ABI: 'x86'
01-02 00:05:42.662 2414 2414 F DEBUG : pid: 2300, tid: 2300, name: surfaceflinger >>> /system/bin/surfaceflinger <<<
01-02 00:05:42.662 2414 2414 F DEBUG : signal 6 (SIGABRT), code -6 (SI_TKILL), fault addr --------
01-02 00:05:42.662 2414 2414 F DEBUG : eax 00000000 ebx 000008fc ecx 000008fc edx 00000006
01-02 00:05:42.662 2414 2414 F DEBUG : esi ac6748da edi 000008fc
01-02 00:05:42.662 2414 2414 F DEBUG : xcs 00000073 xds 0000007b xes 0000007b xfs 00000000 xss 0000007b
01-02 00:05:42.662 2414 2414 F DEBUG : eip accc7d91 ebp cbdceab3 esp bfa70b48 flags 00000286
01-02 00:05:42.676 2414 2414 F DEBUG :
01-02 00:05:42.676 2414 2414 F DEBUG : backtrace:
01-02 00:05:42.676 2414 2414 F DEBUG : #00 pc 00000d91 [vdso:accc7000] (__kernel_vsyscall+9)
01-02 00:05:42.676 2414 2414 F DEBUG : #01 pc 0001ee38 /system/lib/libc.so (syscall+40)
01-02 00:05:42.676 2414 2414 F DEBUG : #02 pc 0001f053 /system/lib/libc.so (abort+115)
01-02 00:05:42.676 2414 2414 F DEBUG : #03 pc 00074f97 /system/lib/libsurfaceflinger.so (android::HWComposer::HWComposer(android::sp const&, android::HWComposer::EventHandler&)+1399)
01-02 00:05:42.676 2414 2414 F DEBUG : #04 pc 0005baaa /system/lib/libsurfaceflinger.so (android::SurfaceFlinger::init()+1098)
01-02 00:05:42.676 2414 2414 F DEBUG : #05 pc 00002141 /system/bin/surfaceflinger (main+721)
01-02 00:05:42.676 2414 2414 F DEBUG : #06 pc 000b6a34 /system/lib/libc.so (__libc_init+100)
01-02 00:05:42.676 2414 2414 F DEBUG : #07 pc 00001dcd /system/bin/surfaceflinger (_start_main+80)
01-02 00:05:42.676 2414 2414 F DEBUG : #08 pc 00001dd8 /system/bin/surfaceflinger (_start+10)
01-02 00:05:42.730 2414 2414 E crash_dump32: unable to connect to activity manager: No such file or directory
01-02 00:05:42.730 2321 2321 E /system/bin/tombstoned: Tombstone written to: /data/tombstones/tombstone_00
01-02 00:05:42.749 2231 2231 E hw-IPCThreadState: attemptIncStrongHandle(20): Not supported
01-02 00:05:42.749 2231 2231 I chatty : uid=1000(system) hwservicemanage identical 4 lines
01-02 00:05:42.749 2231 2231 E hw-IPCThreadState: attemptIncStrongHandle(20): Not supported
01-02 00:05:42.751 1 1 I init : type=1400 audit(0.0:245): avc: denied { dac_read_search } for capability=2 scontext=u:r:init:s0 tcontext=u:r:init:s0 tclass=capability permissive=1
01-02 00:05:42.774 2230 2230 I ServiceManager: service 'media.sound_trigger_hw' died
01-02 00:05:42.774 2230 2230 I ServiceManager: service 'media.audio_flinger' died
01-02 00:05:42.774 2230 2230 I ServiceManager: service 'media.audio_policy' died
01-02 00:05:42.774 2288 2392 E audio_hw_primary: audio_route_free: invalid audio_route
01-02 00:05:42.779 2230 2230 I ServiceManager: service 'media.camera' died
01-02 00:05:42.783 2230 2230 I ServiceManager: service 'media.player' died
01-02 00:05:42.784 2230 2230 I ServiceManager: service 'media.resource_manager' died
01-02 00:05:42.789 2230 2230 I ServiceManager: service 'netd' died
01-02 00:05:42.794 2230 2230 I ServiceManager: service 'wificond' died
01-02 00:05:43.347 1 1 I init : type=1400 audit(0.0:246): avc: denied { create } for name="cgroup.procs" scontext=u:r:init:s0 tcontext=u:object_r:cgroup:s0 tclass=file permissive=1
01-02 00:05:43.350 2420 2420 I netd : type=1400 audit(0.0:247): avc: denied { getattr } for path="/vendor" dev="tmpfs" ino=5475 scontext=u:r:netd:s0 tcontext=u:object_r:tmpfs:s0 tclass=lnk_file permissive=1
01-02 00:05:43.359 2421 2421 I app_process: type=1400 audit(0.0:249): avc: denied { getattr } for path="/vendor" dev="tmpfs" ino=5475 scontext=u:r:zygote:s0 tcontext=u:object_r:tmpfs:s0 tclass=lnk_file permissive=1
01-02 00:05:43.431 2427 2427 I wificond: type=1400 audit(0.0:251): avc: denied { getattr } for path="/vendor" dev="tmpfs" ino=5475 scontext=u:r:wificond:s0 tcontext=u:object_r:tmpfs:s0 tclass=lnk_file permissive=1
01-02 00:05:43.431 2427 2427 I wificond: type=1400 audit(0.0:252): avc: denied { read } for name="vendor" dev="tmpfs" ino=5475 scontext=u:r:wificond:s0 tcontext=u:object_r:tmpfs:s0 tclass=lnk_file permissive=1
01-02 00:05:43.437 2424 2424 I audioserver: type=1400 audit(0.0:253): avc: denied { getattr } for path="/vendor" dev="tmpfs" ino=5475 scontext=u:r:audioserver:s0 tcontext=u:object_r:tmpfs:s0 tclass=lnk_file permissive=1
01-02 00:05:43.439 2426 2426 I mediaserver: type=1400 audit(0.0:254): avc: denied { getattr } for path="/vendor" dev="tmpfs" ino=5475 scontext=u:r:mediaserver:s0 tcontext=u:object_r:tmpfs:s0 tclass=lnk_file permissive=1
01-02 00:05:43.439 2426 2426 I mediaserver: type=1400 audit(0.0:255): avc: denied { read } for name="vendor" dev="tmpfs" ino=5475 scontext=u:r:mediaserver:s0 tcontext=u:object_r:tmpfs:s0 tclass=lnk_file permissive=1
01-02 00:05:43.441 2423 2423 I surfaceflinger: type=1400 audit(0.0:256): avc: denied { getattr } for path="/vendor" dev="tmpfs" ino=5475 scontext=u:r:surfaceflinger:s0 tcontext=u:object_r:tmpfs:s0 tclass=lnk_file permissive=1
01-02 00:05:43.443 2422 2422 I android.hardwar: type=1400 audit(0.0:257): avc: denied { getattr } for path="/vendor" dev="tmpfs" ino=5475 scontext=u:r:hal_audio_default:s0 tcontext=u:object_r:tmpfs:s0 tclass=lnk_file permissive=1
01-02 00:05:43.443 2425 2425 I cameraserver: type=1400 audit(0.0:258): avc: denied { getattr } for path="/vendor" dev="tmpfs" ino=5475 scontext=u:r:cameraserver:s0 tcontext=u:object_r:tmpfs:s0 tclass=lnk_file permissive=1
01-02 00:05:43.443 2425 2425 I cameraserver: type=1400 audit(0.0:259): avc: denied { read } for name="vendor" dev="tmpfs" ino=5475 scontext=u:r:cameraserver:s0 tcontext=u:object_r:tmpfs:s0 tclass=lnk_file permissive=1
01-02 00:05:43.555 2420 2420 I Netd : Netd 1.0 starting
01-02 00:05:43.555 2420 2420 D TetherController: Setting IP forward enable = 0
01-02 00:05:43.600 2427 2427 I wificond: wificond is starting up...
01-02 00:05:43.679 2420 2420 I Netd : Creating child chains: 109.0ms
01-02 00:05:43.679 2420 2420 I Netd : Setting up OEM hooks: 0.1ms
01-02 00:05:43.693 2420 2420 I Netd : Setting up FirewallController hooks: 14.8ms
01-02 00:05:43.695 2420 2420 I Netd : Setting up NatController hooks: 2.0ms
01-02 00:05:43.701 2420 2420 I Netd : Setting up BandwidthController hooks: 5.5ms
01-02 00:05:43.701 2420 2420 I Netd : Setting up IdletimerController hooks: 0.0ms
01-02 00:05:43.713 2420 2420 W IptablesRestoreController: iptables-restore process 2428 terminated status=256
01-02 00:05:43.713 2420 2420 E IptablesRestoreController: iptables error:
01-02 00:05:43.713 2420 2420 E IptablesRestoreController: ------- COMMAND -------
01-02 00:05:43.713 2420 2420 E IptablesRestoreController: *filter
01-02 00:05:43.713 2420 2420 E IptablesRestoreController: -A bw_INPUT -m owner --socket-exists
01-02 00:05:43.713 2420 2420 E IptablesRestoreController: -A bw_OUTPUT -m owner --socket-exists
01-02 00:05:43.713 2420 2420 E IptablesRestoreController: -A bw_costly_shared --jump bw_penalty_box
01-02 00:05:43.713 2420 2420 E IptablesRestoreController: -A bw_penalty_box --jump bw_happy_box
01-02 00:05:43.713 2420 2420 E IptablesRestoreController: -A bw_happy_box --jump bw_data_saver
01-02 00:05:43.713 2420 2420 E IptablesRestoreController: -A bw_data_saver -j RETURN
01-02 00:05:43.713 2420 2420 E IptablesRestoreController: -I bw_happy_box -m owner --uid-owner 0-9999 --jump RETURN
01-02 00:05:43.713 2420 2420 E IptablesRestoreController: COMMIT
01-02 00:05:43.713 2420 2420 E IptablesRestoreController: *raw
01-02 00:05:43.713 2420 2420 E IptablesRestoreController: -A bw_raw_PREROUTING -m owner --socket-exists
01-02 00:05:43.713 2420 2420 E IptablesRestoreController: COMMIT
01-02 00:05:43.713 2420 2420 E IptablesRestoreController: *mangle
01-02 00:05:43.713 2420 2420 E IptablesRestoreController: -A bw_mangle_POSTROUTING -m owner --socket-exists
01-02 00:05:43.713 2420 2420 E IptablesRestoreController: COMMIT
01-02 00:05:43.713 2420 2420 E IptablesRestoreController:
01-02 00:05:43.713 2420 2420 E IptablesRestoreController: ------- ERROR -------
01-02 00:05:43.713 2420 2420 E IptablesRestoreController: iptables-restore: line 174 failed
01-02 00:05:43.713 2420 2420 E IptablesRestoreController: ----------------------
01-02 00:05:43.716 2420 2420 W IptablesRestoreController: iptables-restore process 2429 terminated status=256
01-02 00:05:43.716 2420 2420 E IptablesRestoreController: iptables error:
01-02 00:05:43.716 2420 2420 E IptablesRestoreController: ------- COMMAND -------
01-02 00:05:43.716 2420 2420 E IptablesRestoreController: *filter
01-02 00:05:43.716 2420 2420 E IptablesRestoreController: -A bw_INPUT -m owner --socket-exists
01-02 00:05:43.716 2420 2420 E IptablesRestoreController: -A bw_OUTPUT -m owner --socket-exists
01-02 00:05:43.716 2420 2420 E IptablesRestoreController: -A bw_costly_shared --jump bw_penalty_box
01-02 00:05:43.716 2420 2420 E IptablesRestoreController: -A bw_penalty_box --jump bw_happy_box
01-02 00:05:43.716 2420 2420 E IptablesRestoreController: -A bw_happy_box --jump bw_data_saver
01-02 00:05:43.716 2420 2420 E IptablesRestoreController: -A bw_data_saver -j RETURN
01-02 00:05:43.716 2420 2420 E IptablesRestoreController: -I bw_happy_box -m owner --uid-owner 0-9999 --jump RETURN
01-02 00:05:43.716 2420 2420 E IptablesRestoreController: COMMIT
01-02 00:05:43.716 2420 2420 E IptablesRestoreController: *raw
01-02 00:05:43.716 2420 2420 E IptablesRestoreController: -A bw_raw_PREROUTING -m owner --socket-exists
01-02 00:05:43.716 2420 2420 E IptablesRestoreController: COMMIT
01-02 00:05:43.716 2420 2420 E IptablesRestoreController: *mangle
01-02 00:05:43.716 2420 2420 E IptablesRestoreController: -A bw_mangle_POSTROUTING -m owner --socket-exists
01-02 00:05:43.716 2420 2420 E IptablesRestoreController: COMMIT
01-02 00:05:43.716 2420 2420 E IptablesRestoreController:
01-02 00:05:43.716 2420 2420 E IptablesRestoreController: ------- ERROR -------
01-02 00:05:43.716 2420 2420 E IptablesRestoreController: ip6tables-restore: line 159 failed
01-02 00:05:43.716 2420 2420 E IptablesRestoreController: ----------------------
01-02 00:05:43.716 2420 2420 I Netd : Disabling bandwidth control: 14.9ms
01-02 00:05:43.732 2421 2421 D AndroidRuntime: >>>>>> START com.android.internal.os.ZygoteInit uid 0 <<<<<<
01-02 00:05:43.737 2421 2421 I zygote : option[0]=-Xzygote
01-02 00:05:43.737 2421 2421 I zygote : option[1]=-Xcheck:jni
01-02 00:05:43.737 2421 2421 I zygote : option[2]=-Xusetombstonedtraces
01-02 00:05:43.737 2421 2421 I zygote : option[3]=exit
01-02 00:05:43.737 2421 2421 I zygote : option[4]=vfprintf
01-02 00:05:43.737 2421 2421 I zygote : option[5]=sensitiveThread
01-02 00:05:43.737 2421 2421 I zygote : option[6]=-verbose:gc
01-02 00:05:43.737 2421 2421 I zygote : option[7]=-Xms16m
01-02 00:05:43.737 2421 2421 I zygote : option[8]=-Xmx512m
01-02 00:05:43.737 2421 2421 I zygote : option[9]=-XX:HeapGrowthLimit=192m
01-02 00:05:43.737 2421 2421 I zygote : option[10]=-XX:HeapMinFree=512k
01-02 00:05:43.737 2421 2421 I zygote : option[11]=-XX:HeapMaxFree=8m
01-02 00:05:43.737 2421 2421 I zygote : option[12]=-XX:HeapTargetUtilization=0.75
01-02 00:05:43.737 2421 2421 I zygote : option[13]=-Xusejit:true
01-02 00:05:43.737 2421 2421 I zygote : option[14]=-Xjitsaveprofilinginfo
01-02 00:05:43.737 2421 2421 I zygote : option[15]=-agentlib:jdwp=transport=dt_android_adb,suspend=n,server=y
01-02 00:05:43.737 2421 2421 I zygote : option[16]=-Xlockprofthreshold:500
01-02 00:05:43.737 2421 2421 I zygote : option[17]=-Ximage-compiler-option
01-02 00:05:43.737 2421 2421 I zygote : option[18]=--runtime-arg
01-02 00:05:43.737 2421 2421 I zygote : option[19]=-Ximage-compiler-option
01-02 00:05:43.737 2421 2421 I zygote : option[20]=-Xms64m
01-02 00:05:43.737 2421 2421 I zygote : option[21]=-Ximage-compiler-option
01-02 00:05:43.737 2421 2421 I zygote : option[22]=--runtime-arg
01-02 00:05:43.737 2421 2421 I zygote : option[23]=-Ximage-compiler-option
01-02 00:05:43.737 2421 2421 I zygote : option[24]=-Xmx64m
01-02 00:05:43.737 2421 2421 I zygote : option[25]=-Ximage-compiler-option
01-02 00:05:43.737 2421 2421 I zygote : option[26]=--compiler-filter=verify-at-runtime
01-02 00:05:43.737 2421 2421 I zygote : option[27]=-Ximage-compiler-option
01-02 00:05:43.737 2421 2421 I zygote : option[28]=--image-classes=/system/etc/preloaded-classes
01-02 00:05:43.737 2421 2421 I zygote : option[29]=-Ximage-compiler-option
01-02 00:05:43.737 2421 2421 I zygote : option[30]=--compiled-classes=/system/etc/compiled-classes
01-02 00:05:43.737 2421 2421 I zygote : option[31]=-Ximage-compiler-option
01-02 00:05:43.737 2421 2421 I zygote : option[32]=--dirty-image-objects=/system/etc/dirty-image-objects
01-02 00:05:43.737 2421 2421 I zygote : option[33]=-Xcompiler-option
01-02 00:05:43.737 2421 2421 I zygote : option[34]=--runtime-arg
01-02 00:05:43.737 2421 2421 I zygote : option[35]=-Xcompiler-option
01-02 00:05:43.737 2421 2421 I zygote : option[36]=-Xms64m
01-02 00:05:43.737 2421 2421 I zygote : option[37]=-Xcompiler-option
01-02 00:05:43.737 2421 2421 I zygote : option[38]=--runtime-arg
01-02 00:05:43.737 2421 2421 I zygote : option[39]=-Xcompiler-option
01-02 00:05:43.737 2421 2421 I zygote : option[40]=-Xmx512m
01-02 00:05:43.737 2421 2421 I zygote : option[41]=-Ximage-compiler-option
01-02 00:05:43.737 2421 2421 I zygote : option[42]=--instruction-set-variant=x86
01-02 00:05:43.737 2421 2421 I zygote : option[43]=-Xcompiler-option
01-02 00:05:43.737 2421 2421 I zygote : option[44]=--instruction-set-variant=x86
01-02 00:05:43.737 2421 2421 I zygote : option[45]=-Ximage-compiler-option
01-02 00:05:43.737 2421 2421 I zygote : option[46]=--instruction-set-features=default
01-02 00:05:43.737 2421 2421 I zygote : option[47]=-Xcompiler-option
01-02 00:05:43.737 2421 2421 I zygote : option[48]=--instruction-set-features=default
01-02 00:05:43.737 2421 2421 I zygote : option[49]=-Duser.locale=en-US
01-02 00:05:43.737 2421 2421 I zygote : option[50]=-XX:NativeBridge=libhoudini.so
01-02 00:05:43.737 2421 2421 I zygote : option[51]=--cpu-abilist=x86,armeabi-v7a,armeabi
01-02 00:05:43.737 2421 2421 I zygote : option[52]=-Xfingerprint:Android-x86/android_x86/x86:8.1.0/OPM1.171019.011/utente12170902:eng/test-keys
01-02 00:05:43.722 2430 2430 I /sbin/modprobe: Parsing file /system/etc/modules.blacklist...
01-02 00:05:43.739 2430 2430 I /sbin/modprobe: Parsing file /system/lib/modules/4.15.0-rc6-android-x86-g8d051505ee26/modules.alias...
01-02 00:05:43.741 2421 2421 W zygote : Could not reserve sentinel fault page
01-02 00:05:43.759 2422 2422 D vndksupport: Loading /vendor/lib/hw/android.hardware.audio@2.0-impl.so from current namespace instead of sphal namespace.
01-02 00:05:43.777 2422 2422 I ServiceManagement: Removing namespace from process name android.hardware.audio@2.0-service to audio@2.0-servi.
01-02 00:05:43.778 2422 2422 I audiohalservice: Registration complete for android.hardware.audio@2.0::IDevicesFactory/default.
01-02 00:05:43.779 2422 2422 D vndksupport: Loading /vendor/lib/hw/android.hardware.audio.effect@2.0-impl.so from current namespace instead of sphal namespace.
01-02 00:05:43.821 2422 2422 I audiohalservice: Registration complete for android.hardware.audio.effect@2.0::IEffectsFactory/default.
01-02 00:05:43.821 2231 2231 W /system/bin/hwservicemanager: getTransport: Cannot find entry android.hardware.soundtrigger@2.0::ISoundTriggerHw/default in either framework or device manifest.
01-02 00:05:43.821 2422 2422 D vndksupport: Loading /vendor/lib/hw/android.hardware.soundtrigger@2.0-impl.so from current namespace instead of sphal namespace.
01-02 00:05:43.822 2422 2422 E SoundTriggerHalImpl: couldn't load sound trigger module sound_trigger.primary (No such file or directory)
01-02 00:05:43.823 2422 2422 I audiohalservice: Registration complete for android.hardware.soundtrigger@2.0::ISoundTriggerHw/default.
01-02 00:05:43.845 1160 1160 I loop0 : type=1400 audit(0.0:260): avc: denied { read } for path="/mnt/system.sfs" dev="sdb" ino=1897 scontext=u:r:kernel:s0 tcontext=u:object_r:unlabeled:s0 tclass=file permissive=1
01-02 00:05:43.862 2423 2423 I /system/bin/surfaceflinger: android::hardware::configstore::V1_0::ISurfaceFlingerConfigs::maxFrameBufferAcquiredBuffers retrieved: 3
01-02 00:05:43.866 2423 2423 I /system/bin/surfaceflinger: android::hardware::configstore::V1_0::ISurfaceFlingerConfigs::startGraphicsAllocatorService retrieved: 1
01-02 00:05:43.867 2423 2423 D vndksupport: Loading /vendor/lib/hw/android.hardware.graphics.allocator@2.0-impl.so from current namespace instead of sphal namespace.
01-02 00:05:43.876 2423 2423 I surfaceflinger: type=1400 audit(0.0:261): avc: denied { read write } for name="renderD128" dev="tmpfs" ino=9264 scontext=u:r:surfaceflinger:s0 tcontext=u:object_r:device:s0 tclass=chr_file permissive=1
01-02 00:05:43.876 2423 2423 I surfaceflinger: type=1400 audit(0.0:262): avc: denied { open } for path="/dev/dri/renderD128" dev="tmpfs" ino=9264 scontext=u:r:surfaceflinger:s0 tcontext=u:object_r:device:s0 tclass=chr_file permissive=1
01-02 00:05:43.876 2423 2423 I surfaceflinger: type=1400 audit(0.0:263): avc: denied { getattr } for path="/dev/dri/renderD128" dev="tmpfs" ino=9264 scontext=u:r:surfaceflinger:s0 tcontext=u:object_r:device:s0 tclass=chr_file permissive=1
01-02 00:05:43.876 2423 2423 I surfaceflinger: type=1400 audit(0.0:264): avc: denied { read } for name="dri" dev="tmpfs" ino=9263 scontext=u:r:surfaceflinger:s0 tcontext=u:object_r:device:s0 tclass=dir permissive=1
01-02 00:05:43.876 2423 2423 I surfaceflinger: type=1400 audit(0.0:265): avc: denied { open } for path="/dev/dri" dev="tmpfs" ino=9263 scontext=u:r:surfaceflinger:s0 tcontext=u:object_r:device:s0 tclass=dir permissive=1
01-02 00:05:43.876 2423 2423 D vndksupport: Loading /vendor/lib/hw/gralloc.gbm.so from current namespace instead of sphal namespace.
01-02 00:05:43.881 2423 2423 I surfaceflinger: type=1400 audit(0.0:266): avc: denied { ioctl } for path="/dev/dri/renderD128" dev="tmpfs" ino=9264 ioctlcmd=0x6440 scontext=u:r:surfaceflinger:s0 tcontext=u:object_r:device:s0 tclass=chr_file permissive=1
01-02 00:05:44.128 2430 2430 E ProbeModule: insmod_by_dep: cannot load module: [netdev-dummy0]
01-02 00:05:44.136 2430 2430 W /sbin/modprobe: failed to load netdev-dummy0: Invalid argument
01-02 00:05:44.137 2423 2423 I surfaceflinger: type=1400 audit(0.0:267): avc: denied { map } for path="/dev/dri/renderD128" dev="tmpfs" ino=9264 scontext=u:r:surfaceflinger:s0 tcontext=u:object_r:device:s0 tclass=chr_file permissive=1
01-02 00:05:44.142 2425 2425 I cameraserver: ServiceManager: 0xaad30440
01-02 00:05:44.142 2425 2425 I CameraService: CameraService started (pid=2425)
01-02 00:05:44.142 2425 2425 I CameraService: CameraService process starting
01-02 00:05:44.142 2425 2425 W BatteryNotifier: batterystats service unavailable!
01-02 00:05:44.143 2425 2425 W BatteryNotifier: batterystats service unavailable!
01-02 00:05:44.144 2425 2425 I CameraProviderManager: Connecting to new camera provider: legacy/0, isRemote? 1
01-02 00:05:44.145 2425 2425 I CameraProviderManager: Camera provider legacy/0 ready with 0 camera devices
01-02 00:05:44.146 2425 2435 W CameraProviderManager: addProviderLocked: Camera provider HAL with name 'legacy/0' already registered
01-02 00:05:44.150 2423 2423 I SurfaceFlinger: Registration complete for android.hardware.graphics.allocator@2.0::IAllocator/default.
01-02 00:05:44.151 2423 2423 I SurfaceFlinger: SurfaceFlinger is starting
01-02 00:05:44.151 2423 2423 I /system/bin/surfaceflinger: android::hardware::configstore::V1_0::ISurfaceFlingerConfigs::vsyncEventPhaseOffsetNs retrieved: 1000000 (default)
01-02 00:05:44.162 2423 2423 I /system/bin/surfaceflinger: android::hardware::configstore::V1_0::ISurfaceFlingerConfigs::vsyncSfEventPhaseOffsetNs retrieved: 1000000 (default)
01-02 00:05:44.163 2423 2423 I /system/bin/surfaceflinger: android::hardware::configstore::V1_0::ISurfaceFlingerConfigs::maxVirtualDisplaySize retrieved: 0 (default)
01-02 00:05:44.163 2423 2423 I /system/bin/surfaceflinger: android::hardware::configstore::V1_0::ISurfaceFlingerConfigs::hasSyncFramework retrieved: 1
01-02 00:05:44.163 2423 2423 I /system/bin/surfaceflinger: android::hardware::configstore::V1_0::ISurfaceFlingerConfigs::useContextPriority retrieved: 0 (default)
01-02 00:05:44.163 2423 2423 I /system/bin/surfaceflinger: android::hardware::configstore::V1_0::ISurfaceFlingerConfigs::presentTimeOffsetFromVSyncNs retrieved: 0
01-02 00:05:44.164 2423 2423 I /system/bin/surfaceflinger: android::hardware::configstore::V1_0::ISurfaceFlingerConfigs::useHwcForRGBtoYUV retrieved: 0
01-02 00:05:44.164 2423 2423 I /system/bin/surfaceflinger: android::hardware::configstore::V1_0::ISurfaceFlingerConfigs::maxFrameBufferAcquiredBuffers retrieved: 3
01-02 00:05:44.164 2423 2423 I SurfaceFlinger: Enabling HWC virtual displays
01-02 00:05:44.164 2423 2423 I SurfaceFlinger: Disabling Triple Buffering
01-02 00:05:44.165 2423 2423 I SurfaceFlinger: SurfaceFlinger's main thread ready to run. Initializing graphics H/W...
01-02 00:05:44.169 2423 2423 D vndksupport: Loading /vendor/lib/egl/libGLES_mesa.so from current namespace instead of sphal namespace.
01-02 00:05:44.171 2423 2423 D libEGL : loaded /vendor/lib/egl/libGLES_mesa.so
01-02 00:05:44.195 2424 2424 I FastMixerState: sMaxFastTracks = 8
01-02 00:05:44.197 2424 2424 I audioserver: ServiceManager: 0xa781af00
01-02 00:05:44.198 2424 2424 W BatteryNotifier: batterystats service unavailable!
01-02 00:05:44.201 2424 2424 I AudioFlinger: Using default 3000 mSec as standby time.
01-02 00:05:44.201 2424 2424 I APM::ConfigParsingUtils: loadAudioPolicyConfig() loaded /system/etc/audio_policy.conf
01-02 00:05:44.204 2422 2422 D audio_hw_primary: found audio out at /dev/snd/pcmC0D0p
01-02 00:05:44.204 2422 2422 D audio_hw_primary: card: 0/0 id: ALC888 Analog
01-02 00:05:44.204 2422 2422 D audio_hw_primary: name: ALC888 Analog
01-02 00:05:44.204 2422 2422 D audio_hw_primary: subname: subdevice #0
01-02 00:05:44.204 2422 2422 D audio_hw_primary: stream: 0
01-02 00:05:44.204 2422 2422 D audio_hw_primary: found audio out at /dev/snd/pcmC0D1p
01-02 00:05:44.204 2422 2422 D audio_hw_primary: card: 0/1 id: ALC888 Digital
01-02 00:05:44.204 2422 2422 D audio_hw_primary: name: ALC888 Digital
01-02 00:05:44.204 2422 2422 D audio_hw_primary: subname: subdevice #0
01-02 00:05:44.204 2422 2422 D audio_hw_primary: stream: 0
01-02 00:05:44.204 2422 2422 D audio_hw_primary: ignore pcmC0D1p
01-02 00:05:44.204 2422 2422 D audio_hw_primary: found audio out at /dev/snd/pcmC1D3p
01-02 00:05:44.204 2422 2422 D audio_hw_primary: card: 1/3 id: HDMI 0
01-02 00:05:44.204 2422 2422 D audio_hw_primary: name: HDMI 0
01-02 00:05:44.204 2422 2422 D audio_hw_primary: subname: subdevice #0
01-02 00:05:44.204 2422 2422 D audio_hw_primary: stream: 0
01-02 00:05:44.208 2422 2422 D audio_hw_primary: found audio out at /dev/snd/pcmC1D7p
01-02 00:05:44.208 2422 2422 D audio_hw_primary: card: 1/7 id: HDMI 1
01-02 00:05:44.208 2422 2422 D audio_hw_primary: name: HDMI 1
01-02 00:05:44.208 2422 2422 D audio_hw_primary: subname: subdevice #0
01-02 00:05:44.208 2422 2422 D audio_hw_primary: stream: 0
01-02 00:05:44.208 2422 2422 D audio_hw_primary: ignore pcmC1D7p
01-02 00:05:44.211 2422 2422 I audio_hw_primary: choose pcmC0D0p for 0
01-02 00:05:44.212 2422 2422 E audio_hw_primary: Failed to open /system/etc/mixer_paths.xml
01-02 00:05:44.213 2422 2422 W DeviceHAL: Device 0xa93bc000 set_master_volume: Function not implemented
01-02 00:05:44.213 2424 2424 I AudioFlinger: loadHwModule() Loaded primary audio interface, handle 10
01-02 00:05:44.213 2424 2424 I AudioFlinger: openOutput() this 0xa7835000, module 10 Device 2, SamplingRate 48000, Format 0x000001, Channels 3, flags 2
01-02 00:05:44.213 2422 2422 I audio_hw_primary: choose pcmC0D0p for 0
01-02 00:05:44.213 2424 2424 I AudioFlinger: HAL output buffer size 512 frames, normal sink buffer size 1024 frames
01-02 00:05:44.214 2422 2422 E EffectsConfig: Failed to parse /vendor/etc/audio_effects.xml: Tinyxml2 error (3): /vendor/etc/audio_effects.xml (null)
01-02 00:05:44.214 2422 2422 E EffectsFactoryConfigLoader: Failed to parse XML configuration file
01-02 00:05:44.214 2422 2422 W EffectsFactory: Failed to load XML effect configuration, fallback to .conf
01-02 00:05:44.231 2424 2424 I BufferProvider: found effect "Multichannel Downmix To Stereo" from The Android Open Source Project
01-02 00:05:44.232 2424 2424 I AudioFlinger: Using module 10 as the primary audio interface
01-02 00:05:44.233 2424 2424 W AudioFlinger: moveEffects() bad srcOutput 0
01-02 00:05:44.233 2420 2420 E Netd : cannot find interface dummy0
01-02 00:05:44.233 2420 2420 I Netd : Initializing RouteController: 517.0ms
01-02 00:05:44.233 2455 2455 I kworker/u8:4: type=1400 audit(0.0:268): avc: denied { read } for name="modprobe" dev="tmpfs" ino=5464 scontext=u:r:kernel:s0 tcontext=u:object_r:tmpfs:s0 tclass=lnk_file permissive=1
01-02 00:05:44.239 2424 2451 I AudioFlinger: AudioFlinger's thread 0xa70039c0 tid=2451 ready to run
01-02 00:05:44.239 2424 2451 W AudioFlinger: no wake lock to update, system not ready yet
01-02 00:05:44.240 2422 2422 W DeviceHAL: Device 0xa93bc000 set_voice_volume: Function not implemented
01-02 00:05:44.241 2422 2422 W DeviceHAL: Device 0xa93bc000 open_input_stream: Invalid argument
01-02 00:05:44.242 2424 2451 W AudioFlinger: no wake lock to update, system not ready yet
01-02 00:05:44.246 2424 2456 I AudioFlinger: AudioFlinger's thread 0xa6c83940 tid=2456 ready to run
01-02 00:05:44.252 2424 2424 I bt_a2dp_hw: adev_open: adev_open in A2dp_hw module
01-02 00:05:44.252 2424 2424 I AudioFlinger: loadHwModule() Loaded a2dp audio interface, handle 18
01-02 00:05:44.252 2422 2449 D vndksupport: Loading /vendor/lib/hw/audio.usb.default.so from current namespace instead of sphal namespace.
01-02 00:05:44.254 2424 2424 I AudioFlinger: loadHwModule() Loaded usb audio interface, handle 26
01-02 00:05:44.254 2424 2424 E EffectsConfig: Failed to parse /vendor/etc/audio_effects.xml: Tinyxml2 error (3): /vendor/etc/audio_effects.xml (null)
01-02 00:05:44.254 2424 2424 W AudioPolicyEffects: Failed to load XML effect configuration, fallback to .conf
01-02 00:05:44.254 2231 2231 W /system/bin/hwservicemanager: getTransport: Cannot find entry android.hardware.soundtrigger@2.0::ISoundTriggerHw/default in either framework or device manifest.
01-02 00:05:44.255 2424 2424 I SoundTriggerHalHidl: getProperties res implementor
01-02 00:05:44.255 2424 2424 I SoundTriggerHalHidl: getProperties ret -19
01-02 00:05:44.255 2424 2424 E SoundTriggerHwService: could not read implementation properties
01-02 00:05:44.257 2455 2455 I /sbin/modprobe: Parsing file /system/etc/modules.blacklist...
01-02 00:05:44.257 2455 2455 I /sbin/modprobe: Parsing file /system/lib/modules/4.15.0-rc6-android-x86-g8d051505ee26/modules.alias...
01-02 00:05:44.283 2423 2423 D vndksupport: Loading /vendor/lib/hw/gralloc.gbm.so from current namespace instead of sphal namespace.
01-02 00:05:44.287 2423 2423 I EGL-MAIN: found extension DRI_Core version 2
01-02 00:05:44.287 2423 2423 I EGL-MAIN: found extension DRI_IMAGE_DRIVER version 1
01-02 00:05:44.289 2423 2423 I EGL-MAIN: found extension DRI_TexBuffer version 2
01-02 00:05:44.289 2423 2423 I EGL-MAIN: found extension DRI2_Flush version 4
01-02 00:05:44.289 2423 2423 I EGL-MAIN: found extension DRI_IMAGE version 17
01-02 00:05:44.289 2423 2423 I EGL-MAIN: found extension DRI_RENDERER_QUERY version 1
01-02 00:05:44.289 2423 2423 I EGL-MAIN: found extension DRI_CONFIG_QUERY version 1
01-02 00:05:44.289 2423 2423 I EGL-MAIN: found extension DRI2_Fence version 2
01-02 00:05:44.289 2423 2423 I EGL-MAIN: found extension DRI2_Interop version 1
01-02 00:05:44.289 2423 2423 I EGL-MAIN: found extension DRI_NoError version 1
01-02 00:05:44.289 2423 2423 I EGL-MAIN: found extension DRI_FlushControl version 1
01-02 00:05:44.293 2423 2423 I /system/bin/surfaceflinger: android::hardware::configstore::V1_0::ISurfaceFlingerConfigs::hasWideColorDisplay retrieved: 0
01-02 00:05:44.293 2423 2423 D vndksupport: Loading /vendor/lib/hw/gralloc.gbm.so from current namespace instead of sphal namespace.
