01-02 00:06:38.848 3105 3105 I zygote : option[52]=-Xfingerprint:Android-x86/android_x86/x86:8.1.0/OPM1.171019.011/utente12170902:eng/test-keys
01-02 00:06:38.852 3105 3105 W zygote : Could not reserve sentinel fault page
01-02 00:06:38.852 3105 3105 W zygote : Incomplete boot detected. Pruning dalvik cache
01-02 00:06:38.854 3105 3105 I zygote : Pruning dalvik-cache since we are relocating an image and will need to recompile
01-02 00:06:38.854 3105 3105 I zygote : RelocateImage: /system/bin/patchoat --input-image-location=/system/framework/boot.art --output-image-file=/data/dalvik-cache/x86/system@framework@boot.art --instruction-set=x86 --base-offset-delta=-14512128
01-02 00:06:38.870 3110 3110 W patchoat: Could not reserve sentinel fault page
01-02 00:06:39.152 3105 3105 D Zygote : begin preload
01-02 00:06:39.152 3105 3105 I Zygote : Installing ICU cache reference pinning...
01-02 00:06:39.152 3105 3105 I Zygote : Preloading ICU data...
01-02 00:06:39.161 3105 3105 D Zygote32Timing: BeginIcuCachePinning took to complete: 9ms
01-02 00:06:39.161 3105 3105 I Zygote : Preloading classes...
01-02 00:06:39.194 3109 3109 E ProbeModule: insmod_by_dep: cannot load module: [netdev-dummy0]
01-02 00:06:39.194 3109 3109 W /sbin/modprobe: failed to load netdev-dummy0: Invalid argument
01-02 00:06:39.200 3102 3102 I surfaceflinger: type=1400 audit(0.0:452): avc: denied { map } for path="/dev/dri/renderD128" dev="tmpfs" ino=9264 scontext=u:r:surfaceflinger:s0 tcontext=u:object_r:device:s0 tclass=chr_file permissive=1
01-02 00:06:39.214 3102 3102 I SurfaceFlinger: Registration complete for android.hardware.graphics.allocator@2.0::IAllocator/default.
01-02 00:06:39.215 3102 3102 I SurfaceFlinger: SurfaceFlinger is starting
01-02 00:06:39.220 3102 3102 I /system/bin/surfaceflinger: android::hardware::configstore::V1_0::ISurfaceFlingerConfigs::vsyncEventPhaseOffsetNs retrieved: 1000000 (default)
01-02 00:06:39.226 3102 3102 I /system/bin/surfaceflinger: android::hardware::configstore::V1_0::ISurfaceFlingerConfigs::vsyncSfEventPhaseOffsetNs retrieved: 1000000 (default)
01-02 00:06:39.231 3106 3106 I FastMixerState: sMaxFastTracks = 8
01-02 00:06:39.233 3102 3102 I /system/bin/surfaceflinger: android::hardware::configstore::V1_0::ISurfaceFlingerConfigs::maxVirtualDisplaySize retrieved: 0 (default)
01-02 00:06:39.233 3102 3102 I /system/bin/surfaceflinger: android::hardware::configstore::V1_0::ISurfaceFlingerConfigs::hasSyncFramework retrieved: 1
01-02 00:06:39.233 3102 3102 I /system/bin/surfaceflinger: android::hardware::configstore::V1_0::ISurfaceFlingerConfigs::useContextPriority retrieved: 0 (default)
01-02 00:06:39.233 3102 3102 I /system/bin/surfaceflinger: android::hardware::configstore::V1_0::ISurfaceFlingerConfigs::presentTimeOffsetFromVSyncNs retrieved: 0
01-02 00:06:39.233 3102 3102 I /system/bin/surfaceflinger: android::hardware::configstore::V1_0::ISurfaceFlingerConfigs::useHwcForRGBtoYUV retrieved: 0
01-02 00:06:39.233 3102 3102 I /system/bin/surfaceflinger: android::hardware::configstore::V1_0::ISurfaceFlingerConfigs::maxFrameBufferAcquiredBuffers retrieved: 3
01-02 00:06:39.233 3102 3102 I SurfaceFlinger: Enabling HWC virtual displays
01-02 00:06:39.233 3102 3102 I SurfaceFlinger: Disabling Triple Buffering
01-02 00:06:39.233 3102 3102 I SurfaceFlinger: SurfaceFlinger's main thread ready to run. Initializing graphics H/W...
01-02 00:06:39.234 3102 3102 D vndksupport: Loading /vendor/lib/egl/libGLES_mesa.so from current namespace instead of sphal namespace.
01-02 00:06:39.235 3102 3102 D libEGL : loaded /vendor/lib/egl/libGLES_mesa.so
01-02 00:06:39.267 3099 3099 E Netd : cannot find interface dummy0
01-02 00:06:39.267 3099 3099 I Netd : Initializing RouteController: 713.9ms
01-02 00:06:39.267 3106 3106 I audioserver: ServiceManager: 0xabe9af00
01-02 00:06:39.268 3106 3106 W BatteryNotifier: batterystats service unavailable!
01-02 00:06:39.270 3106 3106 I AudioFlinger: Using default 3000 mSec as standby time.
01-02 00:06:39.270 3106 3106 I APM::ConfigParsingUtils: loadAudioPolicyConfig() loaded /system/etc/audio_policy.conf
01-02 00:06:39.298 3105 3105 E ActivityRecognitionHardware: activity_recognition HAL is deprecated. class_init is effectively a no-op
01-02 00:06:39.310 3105 3105 W Zygote : Class not found for preloading: android.icu.impl.number.Parse
01-02 00:06:39.316 3105 3105 I zygote : Thread[1,tid=3105,Native,Thread*=0xa514d000,peer=0x12c01d00,"main"] recursive attempt to load library "/system/lib/libmedia_jni.so"
01-02 00:06:39.316 3105 3105 D MtpDeviceJNI: register_android_mtp_MtpDevice
01-02 00:06:39.317 3105 3105 I zygote : Thread[1,tid=3105,Native,Thread*=0xa514d000,peer=0x12c01d00,"main"] recursive attempt to load library "/system/lib/libmedia_jni.so"
01-02 00:06:39.317 3105 3105 I zygote : Thread[1,tid=3105,Native,Thread*=0xa514d000,peer=0x12c01d00,"main"] recursive attempt to load library "/system/lib/libmedia_jni.so"
01-02 00:06:39.350 3102 3102 D vndksupport: Loading /vendor/lib/hw/gralloc.gbm.so from current namespace instead of sphal namespace.
01-02 00:06:39.352 3102 3102 I EGL-MAIN: found extension DRI_Core version 2
01-02 00:06:39.352 3102 3102 I EGL-MAIN: found extension DRI_IMAGE_DRIVER version 1
01-02 00:06:39.354 3121 3121 I /sbin/modprobe: Parsing file /system/etc/modules.blacklist...
01-02 00:06:39.354 3121 3121 I /sbin/modprobe: Parsing file /system/lib/modules/4.15.0-rc6-android-x86-g8d051505ee26/modules.alias...
01-02 00:06:39.355 3102 3102 I EGL-MAIN: found extension DRI_TexBuffer version 2
01-02 00:06:39.355 3102 3102 I EGL-MAIN: found extension DRI2_Flush version 4
01-02 00:06:39.355 3102 3102 I EGL-MAIN: found extension DRI_IMAGE version 17
01-02 00:06:39.355 3102 3102 I EGL-MAIN: found extension DRI_RENDERER_QUERY version 1
01-02 00:06:39.355 3102 3102 I EGL-MAIN: found extension DRI_CONFIG_QUERY version 1
01-02 00:06:39.355 3102 3102 I EGL-MAIN: found extension DRI2_Fence version 2
01-02 00:06:39.355 3102 3102 I EGL-MAIN: found extension DRI2_Interop version 1
01-02 00:06:39.355 3102 3102 I EGL-MAIN: found extension DRI_NoError version 1
01-02 00:06:39.355 3102 3102 I EGL-MAIN: found extension DRI_FlushControl version 1
01-02 00:06:39.361 3102 3102 I /system/bin/surfaceflinger: android::hardware::configstore::V1_0::ISurfaceFlingerConfigs::hasWideColorDisplay retrieved: 0
01-02 00:06:39.362 3102 3102 D vndksupport: Loading /vendor/lib/hw/gralloc.gbm.so from current namespace instead of sphal namespace.
01-02 00:06:39.362 3102 3102 D vndksupport: Loading /vendor/lib/hw/hwcomposer.drm.so from current namespace instead of sphal namespace.
01-02 00:06:39.386 3105 3105 I Zygote : ...preloaded 4715 classes in 225ms.
01-02 00:06:39.386 3105 3105 I zygote : VMRuntime.preloadDexCaches starting
01-02 00:06:39.449 3105 3105 I zygote : VMRuntime.preloadDexCaches strings total=313067 before=10351 after=10351
01-02 00:06:39.449 3105 3105 I zygote : VMRuntime.preloadDexCaches types total=26671 before=5500 after=5502
01-02 00:06:39.449 3105 3105 I zygote : VMRuntime.preloadDexCaches fields total=126851 before=5507 after=5537
01-02 00:06:39.449 3105 3105 I zygote : VMRuntime.preloadDexCaches methods total=225392 before=9940 after=9940
01-02 00:06:39.449 3105 3105 I zygote : VMRuntime.preloadDexCaches finished
01-02 00:06:39.449 3105 3105 D Zygote32Timing: PreloadClasses took to complete: 288ms
01-02 00:06:39.502 3102 3102 E hwc-drm-plane: Could not get rotation property
01-02 00:06:39.503 3102 3102 I hwc-drm-plane: Could not get alpha property
01-02 00:06:39.503 3102 3102 E hwc-drm-plane: Could not get rotation property
01-02 00:06:39.503 3102 3102 I hwc-drm-plane: Could not get alpha property
01-02 00:06:39.503 3102 3102 E hwc-drm-plane: Could not get rotation property
01-02 00:06:39.509 3102 3102 I hwc-drm-plane: Could not get alpha property
01-02 00:06:39.510 3102 3102 E hwc-drm-plane: Could not get rotation property
01-02 00:06:39.510 3102 3102 I hwc-drm-plane: Could not get alpha property
01-02 00:06:39.510 3102 3102 E hwc-drm-resources: Could not find a suitable encoder/crtc for display 2
01-02 00:06:39.510 3102 3102 E hwc-drm-resources: Failed CreateDisplayPipe 49 with -19
01-02 00:06:39.510 3102 3102 E hwcomposer-drm: Can't initialize Drm object -19
01-02 00:06:39.515 3105 3105 I Zygote : Preloading resources...
01-02 00:06:39.525 3105 3105 W Resources: Preloaded drawable resource #0x1080264 (android:drawable/dialog_background_material) that varies with configuration!!
01-02 00:06:39.548 3121 3121 E ProbeModule: insmod_by_dep: cannot load module: [net-pf-16-proto-5]
01-02 00:06:39.548 3121 3121 W /sbin/modprobe: failed to load net-pf-16-proto-5: Invalid argument
01-02 00:06:39.549 3105 3105 I Zygote : ...preloaded 64 resources in 34ms.
01-02 00:06:39.553 3104 3104 D audio_hw_primary: found audio out at /dev/snd/pcmC0D0p
01-02 00:06:39.553 3104 3104 D audio_hw_primary: card: 0/0 id: ALC888 Analog
01-02 00:06:39.553 3104 3104 D audio_hw_primary: name: ALC888 Analog
01-02 00:06:39.553 3104 3104 D audio_hw_primary: subname: subdevice #0
01-02 00:06:39.553 3104 3104 D audio_hw_primary: stream: 0
01-02 00:06:39.553 3104 3104 D audio_hw_primary: found audio out at /dev/snd/pcmC0D1p
01-02 00:06:39.553 3104 3104 D audio_hw_primary: card: 0/1 id: ALC888 Digital
01-02 00:06:39.553 3104 3104 D audio_hw_primary: name: ALC888 Digital
01-02 00:06:39.553 3104 3104 D audio_hw_primary: subname: subdevice #0
01-02 00:06:39.553 3104 3104 D audio_hw_primary: stream: 0
01-02 00:06:39.553 3104 3104 D audio_hw_primary: ignore pcmC0D1p
01-02 00:06:39.554 3105 3105 W Resources: Preloaded color resource #0x1060053 (android:color/btn_default_material_dark) that varies with configuration!!
01-02 00:06:39.555 3102 3102 E SurfaceFlinger: composer device failed to initialize (No such device)
01-02 00:06:39.555 3102 3102 E SurfaceFlinger: ERROR: failed to open framebuffer (Invalid argument), aborting
01-02 00:06:39.555 3102 3102 F libc : Fatal signal 6 (SIGABRT), code -6 in tid 3102 (surfaceflinger), pid 3102 (surfaceflinger)
01-02 00:06:39.556 3105 3105 I Zygote : ...preloaded 41 resources in 7ms.
01-02 00:06:39.557 3105 3105 I Zygote : ...preloaded 2 resource in 2ms.
01-02 00:06:39.558 3105 3105 D Zygote32Timing: PreloadResources took to complete: 109ms
01-02 00:06:39.558 3105 3105 D vndksupport: Loading /vendor/lib/hw/android.hardware.graphics.mapper@2.0-impl.so from current namespace instead of sphal namespace.
01-02 00:06:39.559 3105 3105 D vndksupport: Loading /vendor/lib/egl/libGLES_mesa.so from current namespace instead of sphal namespace.
01-02 00:06:39.562 3105 3105 D libEGL : loaded /vendor/lib/egl/libGLES_mesa.so
01-02 00:06:39.568 3104 3104 D audio_hw_primary: found audio out at /dev/snd/pcmC1D3p
01-02 00:06:39.568 3104 3104 D audio_hw_primary: card: 1/3 id: HDMI 0
01-02 00:06:39.568 3104 3104 D audio_hw_primary: name: HDMI 0
01-02 00:06:39.568 3104 3104 D audio_hw_primary: subname: subdevice #0
01-02 00:06:39.568 3104 3104 D audio_hw_primary: stream: 0
01-02 00:06:39.572 3104 3104 D audio_hw_primary: found audio out at /dev/snd/pcmC1D7p
01-02 00:06:39.572 3104 3104 D audio_hw_primary: card: 1/7 id: HDMI 1
01-02 00:06:39.572 3104 3104 D audio_hw_primary: name: HDMI 1
01-02 00:06:39.572 3104 3104 D audio_hw_primary: subname: subdevice #0
01-02 00:06:39.572 3104 3104 D audio_hw_primary: stream: 0
01-02 00:06:39.573 3104 3104 D audio_hw_primary: ignore pcmC1D7p
01-02 00:06:39.576 3104 3104 I audio_hw_primary: choose pcmC0D0p for 0
01-02 00:06:39.577 3104 3104 E audio_hw_primary: Failed to open /system/etc/mixer_paths.xml
01-02 00:06:39.577 3104 3104 W DeviceHAL: Device 0xaad3c000 set_master_volume: Function not implemented
01-02 00:06:39.577 3106 3106 I AudioFlinger: loadHwModule() Loaded primary audio interface, handle 10
01-02 00:06:39.577 3106 3106 I AudioFlinger: openOutput() this 0xabeb5000, module 10 Device 2, SamplingRate 48000, Format 0x000001, Channels 3, flags 2
01-02 00:06:39.577 3104 3104 I audio_hw_primary: choose pcmC0D0p for 0
01-02 00:06:39.578 3106 3106 I AudioFlinger: HAL output buffer size 512 frames, normal sink buffer size 1024 frames
01-02 00:06:39.579 3104 3104 E EffectsConfig: Failed to parse /vendor/etc/audio_effects.xml: Tinyxml2 error (3): /vendor/etc/audio_effects.xml (null)
01-02 00:06:39.579 3104 3104 E EffectsFactoryConfigLoader: Failed to parse XML configuration file
01-02 00:06:39.579 3104 3104 W EffectsFactory: Failed to load XML effect configuration, fallback to .conf
01-02 00:06:39.580 3106 3106 I BufferProvider: found effect "Multichannel Downmix To Stereo" from The Android Open Source Project
01-02 00:06:39.581 3106 3106 I AudioFlinger: Using module 10 as the primary audio interface
01-02 00:06:39.581 3106 3106 W AudioFlinger: moveEffects() bad srcOutput 0
01-02 00:06:39.582 3099 3099 E Netd : Unable to create netlink socket: Protocol not supported
01-02 00:06:39.582 3099 3099 W Netd : Unable to open qlog quota socket, check if xt_quota2 can send via UeventHandler
01-02 00:06:39.583 3106 3146 I AudioFlinger: AudioFlinger's thread 0xab683c00 tid=3146 ready to run
01-02 00:06:39.583 3106 3146 W AudioFlinger: no wake lock to update, system not ready yet
01-02 00:06:39.583 3099 3099 D MDnsDS : MDnsSdListener::Hander starting up
01-02 00:06:39.583 3104 3104 W DeviceHAL: Device 0xaad3c000 set_voice_volume: Function not implemented
01-02 00:06:39.584 3104 3129 W DeviceHAL: Device 0xaad3c000 open_input_stream: Invalid argument
01-02 00:06:39.585 3106 3146 W AudioFlinger: no wake lock to update, system not ready yet
01-02 00:06:39.614 3099 3099 I Netd : Registering NetdNativeService: 30.4ms
01-02 00:06:39.614 3099 3099 I Netd : Starting CommandListener: 0.1ms
01-02 00:06:39.615 3099 3099 I Netd : Registering NetdHwService: 1.1ms
01-02 00:06:39.615 3099 3099 I Netd : Netd started in 1186ms
01-02 00:06:39.627 3106 3153 I AudioFlinger: AudioFlinger's thread 0xab383ac0 tid=3153 ready to run
01-02 00:06:39.631 3106 3106 I bt_a2dp_hw: adev_open: adev_open in A2dp_hw module
01-02 00:06:39.631 3106 3106 I AudioFlinger: loadHwModule() Loaded a2dp audio interface, handle 18
01-02 00:06:39.631 3104 3104 D vndksupport: Loading /vendor/lib/hw/audio.usb.default.so from current namespace instead of sphal namespace.
01-02 00:06:39.632 3106 3106 I AudioFlinger: loadHwModule() Loaded usb audio interface, handle 26
01-02 00:06:39.632 3106 3106 E EffectsConfig: Failed to parse /vendor/etc/audio_effects.xml: Tinyxml2 error (3): /vendor/etc/audio_effects.xml (null)
01-02 00:06:39.632 3106 3106 W AudioPolicyEffects: Failed to load XML effect configuration, fallback to .conf
01-02 00:06:39.633 2231 2231 W /system/bin/hwservicemanager: getTransport: Cannot find entry android.hardware.soundtrigger@2.0::ISoundTriggerHw/default in either framework or device manifest.
01-02 00:06:39.633 3106 3106 I SoundTriggerHalHidl: getProperties res implementor
01-02 00:06:39.633 3106 3106 I SoundTriggerHalHidl: getProperties ret -19
01-02 00:06:39.633 3106 3106 E SoundTriggerHwService: could not read implementation properties
01-02 00:06:39.634 3099 3150 D MDnsDS : MDnsSdListener starting to monitor
01-02 00:06:39.634 3099 3150 D MDnsDS : Going to poll with pollCount 1
01-02 00:06:39.640 3157 3157 I crash_dump32: obtaining output fd from tombstoned, type: kDebuggerdTombstone
01-02 00:06:39.640 2321 2321 I /system/bin/tombstoned: received crash request for pid 3102
01-02 00:06:39.641 3157 3157 I crash_dump32: performing dump of process 3102 (target tid = 3102)
01-02 00:06:39.641 3157 3157 F DEBUG : *** *** *** *** *** *** *** *** *** *** *** *** *** *** *** ***
01-02 00:06:39.641 3157 3157 F DEBUG : Build fingerprint: 'Android-x86/android_x86/x86:8.1.0/OPM1.171019.011/utente12170902:eng/test-keys'
01-02 00:06:39.641 3157 3157 F DEBUG : Revision: '0'
01-02 00:06:39.641 3157 3157 F DEBUG : ABI: 'x86'
01-02 00:06:39.641 3157 3157 F DEBUG : pid: 3102, tid: 3102, name: surfaceflinger >>> /system/bin/surfaceflinger <<<
01-02 00:06:39.641 3157 3157 F DEBUG : signal 6 (SIGABRT), code -6 (SI_TKILL), fault addr --------
01-02 00:06:39.641 3157 3157 F DEBUG : eax 00000000 ebx 00000c1e ecx 00000c1e edx 00000006
01-02 00:06:39.641 3157 3157 F DEBUG : esi b69ed8da edi 00000c1e
01-02 00:06:39.641 3157 3157 F DEBUG : xcs 00000073 xds 0000007b xes 0000007b xfs 00000000 xss 0000007b
01-02 00:06:39.641 3157 3157 F DEBUG : eip b6e35d91 ebp b1891cc9 esp bfd80f08 flags 00000286
01-02 00:06:39.655 3105 3105 I Zygote : Preloading shared libraries...
01-02 00:06:39.659 3157 3157 F DEBUG :
01-02 00:06:39.659 3157 3157 F DEBUG : backtrace:
01-02 00:06:39.659 3157 3157 F DEBUG : #00 pc 00000d91 [vdso:b6e35000] (__kernel_vsyscall+9)
01-02 00:06:39.659 3157 3157 F DEBUG : #01 pc 0001ee38 /system/lib/libc.so (syscall+40)
01-02 00:06:39.659 3157 3157 F DEBUG : #02 pc 0001f053 /system/lib/libc.so (abort+115)
01-02 00:06:39.659 3157 3157 F DEBUG : #03 pc 00074f97 /system/lib/libsurfaceflinger.so (android::HWComposer::HWComposer(android::sp const&, android::HWComposer::EventHandler&)+1399)
01-02 00:06:39.659 3157 3157 F DEBUG : #04 pc 0005baaa /system/lib/libsurfaceflinger.so (android::SurfaceFlinger::init()+1098)
01-02 00:06:39.659 3157 3157 F DEBUG : #05 pc 00002141 /system/bin/surfaceflinger (main+721)
01-02 00:06:39.659 3157 3157 F DEBUG : #06 pc 000b6a34 /system/lib/libc.so (__libc_init+100)
01-02 00:06:39.659 3157 3157 F DEBUG : #07 pc 00001dcd /system/bin/surfaceflinger (_start_main+80)
01-02 00:06:39.659 3157 3157 F DEBUG : #08 pc 00001dd8 /system/bin/surfaceflinger (_start+10)
01-02 00:06:39.668 3105 3105 I Zygote : Uninstalled ICU cache reference pinning...
01-02 00:06:39.669 3105 3105 I Zygote : Installed AndroidKeyStoreProvider in 1ms.
01-02 00:06:39.681 3105 3105 I Zygote : Warmed up JCA providers in 12ms.
01-02 00:06:39.681 3105 3105 D Zygote : end preload
01-02 00:06:39.681 3105 3105 D Zygote32Timing: ZygotePreload took to complete: 529ms
01-02 00:06:39.688 3108 3108 I mediaserver: ServiceManager: 0xab530880
01-02 00:06:39.689 3108 3108 W BatteryNotifier: batterystats service unavailable!
01-02 00:06:39.695 3107 3107 I cameraserver: ServiceManager: 0xa9e30440
01-02 00:06:39.695 3107 3107 I CameraService: CameraService started (pid=3107)
01-02 00:06:39.695 3107 3107 I CameraService: CameraService process starting
01-02 00:06:39.695 3107 3107 W BatteryNotifier: batterystats service unavailable!
01-02 00:06:39.695 3107 3107 W BatteryNotifier: batterystats service unavailable!
01-02 00:06:39.698 3107 3107 I CameraProviderManager: Connecting to new camera provider: legacy/0, isRemote? 1
01-02 00:06:39.698 3107 3107 I CameraProviderManager: Camera provider legacy/0 ready with 0 camera devices
01-02 00:06:39.699 3107 3159 W CameraProviderManager: addProviderLocked: Camera provider HAL with name 'legacy/0' already registered
01-02 00:06:39.699 3105 3105 I zygote : Explicit concurrent copying GC freed 29278(2MB) AllocSpace objects, 23(432KB) LOS objects, 50% free, 1512KB/2MB, paused 39us total 18.161ms
01-02 00:06:39.714 3105 3105 I zygote : Explicit concurrent copying GC freed 5477(200KB) AllocSpace objects, 0(0B) LOS objects, 53% free, 1344KB/2MB, paused 27us total 11.607ms
01-02 00:06:39.715 3105 3105 D Zygote32Timing: PostZygoteInitGC took to complete: 34ms
01-02 00:06:39.715 3105 3105 D Zygote32Timing: ZygoteInit took to complete: 563ms
01-02 00:06:39.726 3105 3105 I : seccomp disabled by setenforce 0
01-02 00:06:39.743 3157 3157 E crash_dump32: unable to connect to activity manager: No such file or directory
01-02 00:06:39.745 2321 2321 E /system/bin/tombstoned: Tombstone written to: /data/tombstones/tombstone_12
01-02 00:06:39.765 3105 3105 I Zygote : System server process 3167 has been created
01-02 00:06:39.766 3105 3105 I Zygote : Accepting command socket connections
01-02 00:06:39.714 3105 3105 I main : type=1400 audit(0.0:453): avc: denied { mounton } for path="/" dev="tmpfs" ino=1842 scontext=u:r:zygote:s0 tcontext=u:object_r:tmpfs:s0 tclass=dir permissive=1
01-02 00:06:39.764 3105 3105 I main : type=1400 audit(0.0:454): avc: denied { dac_read_search } for capability=2 scontext=u:r:zygote:s0 tcontext=u:r:zygote:s0 tclass=capability permissive=1
01-02 00:06:39.925 1160 1160 I loop0 : type=1400 audit(0.0:455): avc: denied { read } for path="/mnt/system.sfs" dev="sdb" ino=1897 scontext=u:r:kernel:s0 tcontext=u:object_r:unlabeled:s0 tclass=file permissive=1
01-02 00:06:40.120 3167 3167 I zygote : The ClassLoaderContext is a special shared library.
01-02 00:06:40.300 3167 3167 I SystemServer: InitBeforeStartServices
01-02 00:06:40.300 3167 3167 W SystemServer: Timezone not set; setting to GMT.
01-02 00:06:40.302 3167 3167 I SystemServer: Entered the Android system server!
01-02 00:06:40.648 3167 3167 D SystemServerTiming: InitBeforeStartServices took to complete: 348ms
01-02 00:06:40.648 3167 3167 I SystemServer: StartServices
01-02 00:06:40.648 3167 3167 I SystemServer: Reading configuration...
01-02 00:06:40.648 3167 3167 I SystemServer: ReadingSystemConfig
01-02 00:06:40.649 3167 3167 D SystemServerTiming: ReadingSystemConfig took to complete: 1ms
01-02 00:06:40.649 3167 3167 I SystemServer: StartInstaller
01-02 00:06:40.649 3167 3167 I SystemServiceManager: Starting com.android.server.pm.Installer
01-02 00:06:40.676 3167 3181 D SystemServerInitThreadPool: Started executing ReadingSystemConfig
01-02 00:06:40.677 3167 3167 D SystemServerTiming: StartInstaller took to complete: 29ms
01-02 00:06:40.677 3167 3167 I SystemServer: DeviceIdentifiersPolicyService
01-02 00:06:40.678 3167 3167 I SystemServiceManager: Starting com.android.server.os.DeviceIdentifiersPolicyService
01-02 00:06:40.679 3167 3167 D SystemServerTiming: DeviceIdentifiersPolicyService took to complete: 1ms
01-02 00:06:40.679 3167 3167 I SystemServer: StartActivityManager
01-02 00:06:40.679 3167 3167 I SystemServiceManager: Starting com.android.server.am.ActivityManagerService$Lifecycle
01-02 00:06:40.148 3167 3167 I chatty : uid=1000 system_server identical 2 lines
01-02 00:06:40.162 3167 3167 I zygote : The ClassLoaderContext is a special shared library.
01-02 00:06:40.774 3167 3167 I system-server-i: type=1400 audit(0.0:456): avc: denied { read } for name="vendor" dev="tmpfs" ino=5475 scontext=u:r:system_server:s0 tcontext=u:object_r:tmpfs:s0 tclass=lnk_file permissive=1
01-02 00:06:40.775 3167 3181 D SystemServerInitThreadPool: Finished executing ReadingSystemConfig
01-02 00:06:40.789 3167 3167 I ActivityManager: Memory class: 192
01-02 00:06:40.865 3167 3167 D BatteryStatsImpl: Reading daily items from /data/system/batterystats-daily.xml
01-02 00:06:40.883 3167 3186 E BluetoothAdapter: Bluetooth binder is null
01-02 00:06:40.895 3167 3186 E BatteryExternalStatsWorker: no controller energy info supplied for telephony
01-02 00:06:40.895 3167 3186 E KernelUidCpuTimeReader: Failed to read uid_cputime: /proc/uid_cputime/show_uid_stat (No such file or directory)
01-02 00:06:40.895 3167 3186 E KernelUidCpuFreqTimeReader: Failed to read /proc/uid_time_in_state: java.io.FileNotFoundException: /proc/uid_time_in_state (No such file or directory)
01-02 00:06:40.896 3167 3186 E KernelCpuSpeedReader: Failed to read cpu-freq: /sys/devices/system/cpu/cpu0/cpufreq/stats/time_in_state (No such file or directory)
01-02 00:06:40.897 3167 3186 W KernelMemoryBandwidthStats: No kernel memory bandwidth stats available
01-02 00:06:40.902 3167 3186 I PowerManagerService-JNI: Loaded power HAL service
01-02 00:06:40.963 2231 2231 W /system/bin/hwservicemanager: getTransport: Cannot find entry android.hardware.memtrack@1.0::IMemtrack/default in either framework or device manifest.
01-02 00:06:40.968 3167 3167 E memtrack: Couldn't load memtrack module
01-02 00:06:40.968 3167 3167 W android.os.Debug: failed to get memory consumption info: -1
01-02 00:06:40.971 3167 3167 I AppOps : No existing app ops /data/system/appops.xml; starting empty
01-02 00:06:40.993 3167 3167 I IntentFirewall: Read new rules (A:0 B:0 S:0)
01-02 00:06:41.012 3167 3167 W system_server: Failed to remove /acct/uid_1040/pid_2312: Device or resource busy
01-02 00:06:41.012 3167 3167 W system_server: Failed to remove /acct/uid_1040: Permission denied
01-02 00:06:41.012 3167 3167 W system_server: Failed to remove /acct/uid_1002/pid_2289: Device or resource busy
01-02 00:06:41.012 3167 3167 W system_server: Failed to remove /acct/uid_1002: Permission denied
01-02 00:06:41.012 3167 3167 W system_server: Failed to remove /acct/uid_1020/pid_2343: Device or resource busy
01-02 00:06:41.012 3167 3167 W system_server: Failed to remove /acct/uid_1020: Permission denied
01-02 00:06:41.012 3167 3167 W system_server: Failed to remove /acct/uid_1010/pid_3103: Device or resource busy
01-02 00:06:41.012 3167 3167 W system_server: Failed to remove /acct/uid_1010/pid_2297: Device or resource busy
01-02 00:06:41.012 3167 3167 W system_server: Failed to remove /acct/uid_1010: Permission denied
01-02 00:06:41.012 3167 3167 W system_server: Failed to remove /acct/uid_1000/pid_2287: Device or resource busy
01-02 00:06:41.012 3167 3167 W system_server: Failed to remove /acct/uid_1000/pid_2295: Device or resource busy
01-02 00:06:41.012 3167 3167 W system_server: Failed to remove /acct/uid_1000/pid_2293: Device or resource busy
01-02 00:06:41.012 3167 3167 W system_server: Failed to remove /acct/uid_1000/pid_2231: Device or resource busy
01-02 00:06:41.012 3167 3167 W system_server: Failed to remove /acct/uid_1000/pid_2296: Device or resource busy
01-02 00:06:41.012 3167 3167 W system_server: Failed to remove /acct/uid_1000/pid_2294: Device or resource busy
01-02 00:06:41.012 3167 3167 W system_server: Failed to remove /acct/uid_1000/pid_2320: Device or resource busy
01-02 00:06:41.012 3167 3167 W system_server: Failed to remove /acct/uid_1000/pid_2292: Device or resource busy
01-02 00:06:41.013 3167 3167 W system_server: Failed to remove /acct/uid_1000/pid_2232: Device or resource busy
01-02 00:06:41.013 3167 3167 W system_server: Failed to remove /acct/uid_1000/pid_2230: Device or resource busy
01-02 00:06:41.013 3167 3167 W system_server: Failed to remove /acct/uid_1000: Permission denied
01-02 00:06:41.013 3167 3167 W system_server: Failed to remove /acct/uid_1019/pid_2308: Device or resource busy
01-02 00:06:41.013 3167 3167 W system_server: Failed to remove /acct/uid_1019: Permission denied
01-02 00:06:41.013 3167 3167 W system_server: Failed to remove /acct/uid_1047/pid_3107: Device or resource busy
01-02 00:06:41.013 3167 3167 W system_server: Failed to remove /acct/uid_1047/pid_2290: Device or resource busy
01-02 00:06:41.013 3167 3167 W system_server: Failed to remove /acct/uid_1047: Permission denied
01-02 00:06:41.013 3167 3167 W system_server: Failed to remove /acct/uid_1017/pid_2310: Device or resource busy
01-02 00:06:41.013 3167 3167 W system_server: Failed to remove /acct/uid_1017: Permission denied
01-02 00:06:41.013 3167 3167 W system_server: Failed to remove /acct/uid_1013/pid_2311: Device or resource busy
01-02 00:06:41.013 3167 3167 W system_server: Failed to remove /acct/uid_1013/pid_2291: Device or resource busy
01-02 00:06:41.013 3167 3167 W system_server: Failed to remove /acct/uid_1013/pid_2314: Device or resource busy
01-02 00:06:41.013 3167 3167 W system_server: Failed to remove /acct/uid_1013/pid_3108: Device or resource busy
01-02 00:06:41.013 3167 3167 W system_server: Failed to remove /acct/uid_1013: Permission denied
01-02 00:06:41.014 3167 3167 W system_server: Failed to remove /acct/uid_1041/pid_3106: Device or resource busy
01-02 00:06:41.014 3167 3167 W system_server: Failed to remove /acct/uid_1041/pid_3104: Device or resource busy
01-02 00:06:41.014 3167 3167 W system_server: Failed to remove /acct/uid_1041: Permission denied
01-02 00:06:41.014 3167 3167 W system_server: Failed to remove /acct/uid_1001/pid_2319: Device or resource busy
01-02 00:06:41.014 3167 3167 W system_server: Failed to remove /acct/uid_1001: Permission denied
01-02 00:06:41.014 3167 3167 W system_server: Failed to remove /acct/uid_1058/pid_2321: Device or resource busy
01-02 00:06:41.014 3167 3167 W system_server: Failed to remove /acct/uid_1058: Permission denied
01-02 00:06:41.014 3167 3167 W system_server: Failed to remove /acct/uid_1046/pid_2318: Device or resource busy
01-02 00:06:41.014 3167 3167 W system_server: Failed to remove /acct/uid_1046: Permission denied
01-02 00:06:41.014 3167 3167 W system_server: Failed to remove /acct/uid_1036/pid_2229: Device or resource busy
01-02 00:06:41.014 3167 3167 W system_server: Failed to remove /acct/uid_1036: Permission denied
01-02 00:06:41.014 3167 3167 W system_server: Failed to remove /acct/uid_0/pid_2220: Device or resource busy
01-02 00:06:41.014 3167 3167 W system_server: Failed to remove /acct/uid_0/pid_2277: Device or resource busy
01-02 00:06:41.014 3167 3167 W system_server: Failed to remove /acct/uid_0/pid_2303: Device or resource busy
01-02 00:06:41.014 3167 3167 W system_server: Failed to remove /acct/uid_0/pid_3099: Device or resource busy
01-02 00:06:41.014 3167 3167 W system_server: Failed to remove /acct/uid_0/pid_2301: Device or resource busy
01-02 00:06:41.014 3167 3167 W system_server: Failed to remove /acct/uid_0/pid_3105: Device or resource busy
01-02 00:06:41.014 3167 3167 W system_server: Failed to remove /acct/uid_0/pid_2298: Device or resource busy
01-02 00:06:41.014 3167 3167 W system_server: Failed to remove /acct/uid_0/pid_2316: Device or resource busy
01-02 00:06:41.014 3167 3167 W system_server: Failed to remove /acct/uid_0/pid_2304: Device or resource busy
01-02 00:06:41.014 3167 3167 W system_server: Failed to remove /acct/uid_0/pid_2302: Device or resource busy
01-02 00:06:41.014 3167 3167 W system_server: Failed to remove /acct/uid_0/pid_2309: Device or resource busy
01-02 00:06:41.014 3167 3167 W system_server: Failed to remove /acct/uid_0/pid_2299: Device or resource busy
01-02 00:06:41.014 3167 3167 W system_server: Failed to remove /acct/uid_0/pid_3102: Device or resource busy
01-02 00:06:41.014 3167 3167 W system_server: Failed to remove /acct/uid_0: Permission denied
01-02 00:06:41.015 3167 3167 D AppOps : AppOpsService published
01-02 00:06:41.021 3167 3167 D SystemServerTiming: StartActivityManager took to complete: 343ms
01-02 00:06:41.022 3167 3167 I SystemServer: StartPowerManager
01-02 00:06:41.022 3167 3167 I SystemServiceManager: Starting com.android.server.power.PowerManagerService
01-02 00:06:41.064 3167 3167 I libsuspend: Selected wakeup count
01-02 00:06:41.062 3167 3167 I system_server: type=1400 audit(0.0:457): avc: denied { write } for name="uinput" dev="tmpfs" ino=9085 scontext=u:r:system_server:s0 tcontext=u:object_r:uhid_device:s0 tclass=chr_file permissive=1
01-02 00:06:41.062 3167 3167 I system_server: type=1400 audit(0.0:458): avc: denied { open } for path="/dev/uinput" dev="tmpfs" ino=9085 scontext=u:r:system_server:s0 tcontext=u:object_r:uhid_device:s0 tclass=chr_file permissive=1
01-02 00:06:41.062 3167 3167 I system_server: type=1400 audit(0.0:459): avc: denied { ioctl } for path="/dev/uinput" dev="tmpfs" ino=9085 ioctlcmd=0x5564 scontext=u:r:system_server:s0 tcontext=u:object_r:uhid_device:s0 tclass=chr_file permissive=1
01-02 00:06:41.064 2220 2220 I ueventd : type=1400 audit(0.0:460): avc: denied { sys_module } for capability=16 scontext=u:r:ueventd:s0 tcontext=u:r:ueventd:s0 tclass=capability permissive=1
01-02 00:06:41.065 2295 2295 I power@1.0-servi: type=1400 audit(0.0:462): avc: denied { read } for name="u:object_r:wifi_prop:s0" dev="tmpfs" ino=6379 scontext=u:r:hal_power_default:s0 tcontext=u:object_r:wifi_prop:s0 tclass=file permissive=1
01-02 00:06:41.065 2295 2295 I power@1.0-servi: type=1400 audit(0.0:463): avc: denied { open } for path="/dev/__properties__/u:object_r:wifi_prop:s0" dev="tmpfs" ino=6379 scontext=u:r:hal_power_default:s0 tcontext=u:object_r:wifi_prop:s0 tclass=file permissive=1
01-02 00:06:41.065 2295 2295 I power@1.0-servi: type=1400 audit(0.0:464): avc: denied { getattr } for path="/dev/__properties__/u:object_r:wifi_prop:s0" dev="tmpfs" ino=6379 scontext=u:r:hal_power_default:s0 tcontext=u:object_r:wifi_prop:s0 tclass=file permissive=1
01-02 00:06:41.065 2295 2295 I power@1.0-servi: type=1400 audit(0.0:465): avc: denied { map } for path="/dev/__properties__/u:object_r:wifi_prop:s0" dev="tmpfs" ino=6379 scontext=u:r:hal_power_default:s0 tcontext=u:object_r:wifi_prop:s0 tclass=file permissive=1
01-02 00:06:41.069 3167 3167 D SystemServerTiming: StartPowerManager took to complete: 48ms
01-02 00:06:41.070 3167 3167 I SystemServer: InitPowerManagement
01-02 00:06:41.072 3167 3167 D SystemServerTiming: InitPowerManagement took to complete: 2ms
01-02 00:06:41.072 3167 3167 I SystemServer: StartRecoverySystemService
01-02 00:06:41.072 3167 3167 I SystemServiceManager: Starting com.android.server.RecoverySystemService
01-02 00:06:41.073 3167 3167 D SystemServerTiming: StartRecoverySystemService took to complete: 1ms
01-02 00:06:41.073 3167 3167 V RescueParty: Disabled because of eng build
01-02 00:06:41.073 3167 3167 I SystemServer: StartLightsService
01-02 00:06:41.073 3167 3167 I SystemServiceManager: Starting com.android.server.lights.LightsService
01-02 00:06:41.074 3167 3167 D SystemServerTiming: StartLightsService took to complete: 0ms
01-02 00:06:41.074 3167 3167 I SystemServer: StartDisplayManager
01-02 00:06:41.074 3167 3167 I SystemServiceManager: Starting com.android.server.display.DisplayManagerService
01-02 00:06:41.075 3167 3190 I ServiceManager: Waiting for service SurfaceFlinger...
01-02 00:06:41.075 3167 3167 D SystemServerTiming: StartDisplayManager took to complete: 1ms
01-02 00:06:41.075 3167 3167 I SystemServer: WaitForDisplay
01-02 00:06:41.075 3167 3167 I SystemServiceManager: Starting phase 100
01-02 00:06:41.065 2295 2295 I power@1.0-servi: type=1400 audit(0.0:466): avc: denied { write } for name="online" dev="sysfs" ino=407 scontext=u:r:hal_power_default:s0 tcontext=u:object_r:sysfs_devices_system_cpu:s0 tclass=file permissive=1
01-02 00:06:41.087 1160 1160 I loop0 : type=1400 audit(0.0:467): avc: denied { read } for path="/mnt/system.sfs" dev="sdb" ino=1897 scontext=u:r:kernel:s0 tcontext=u:object_r:unlabeled:s0 tclass=file permissive=1
01-02 00:06:41.173 3167 3193 I libsuspend: open event0(Power Button) ok fd=60
01-02 00:06:41.241 3167 3193 I libsuspend: open event1(Power Button) ok fd=61
01-02 00:06:42.075 3167 3190 I ServiceManager: Waiting for service SurfaceFlinger...
01-02 00:06:50.576 3167 3190 I chatty : uid=1000(system) android.display identical 8 lines
01-02 00:06:51.576 3167 3190 I ServiceManager: Waiting for service SurfaceFlinger...
01-02 00:06:52.017 2302 2302 I sh : type=1400 audit(0.0:468): avc: denied { dac_read_search } for capability=2 scontext=u:r:shell:s0 tcontext=u:r:shell:s0 tclass=capability permissive=1
01-02 00:06:52.577 3167 3190 I ServiceManager: Waiting for service SurfaceFlinger...
01-02 00:07:08.579 3167 3190 I chatty : uid=1000 system_server identical 15 lines
01-02 00:07:09.579 3167 3190 I ServiceManager: Waiting for service SurfaceFlinger...
01-02 00:07:09.768 1 1 I init : type=1400 audit(0.0:471): avc: denied { dac_read_search } for capability=2 scontext=u:r:init:s0 tcontext=u:r:init:s0 tclass=capability permissive=1
01-02 00:07:09.843 2230 2230 I ServiceManager: service 'device_identifiers' died
01-02 00:07:09.843 2230 2230 I ServiceManager: service 'batterystats' died
01-02 00:07:09.843 2230 2230 I ServiceManager: service 'appops' died
01-02 00:07:09.843 2230 2230 I ServiceManager: service 'power' died
01-02 00:07:09.843 2230 2230 I ServiceManager: service 'recovery' died
01-02 00:07:09.843 2230 2230 I ServiceManager: service 'display' died
01-02 00:07:09.875 2230 2230 I ServiceManager: service 'media.sound_trigger_hw' died
01-02 00:07:09.875 2230 2230 I ServiceManager: service 'media.audio_flinger' died
01-02 00:07:09.875 2230 2230 I ServiceManager: service 'media.audio_policy' died
01-02 00:07:09.875 3104 3104 E audio_hw_primary: audio_route_free: invalid audio_route
01-02 00:07:09.881 2230 2230 I ServiceManager: service 'media.camera' died
01-02 00:07:09.886 2230 2230 I ServiceManager: service 'media.player' died
01-02 00:07:09.887 2230 2230 I ServiceManager: service 'media.resource_manager' died
01-02 00:07:09.893 2230 2230 I ServiceManager: service 'netd' died
01-02 00:07:09.893 2231 2231 E hw-IPCThreadState: attemptIncStrongHandle(16): Not supported
01-02 00:07:09.900 2230 2230 I ServiceManager: service 'wificond' died
01-02 00:07:10.071 3203 3203 I wificond: wificond is starting up...
01-02 00:07:10.103 3201 3201 I Netd : Netd 1.0 starting
01-02 00:07:10.103 3201 3201 D TetherController: Setting IP forward enable = 0
01-02 00:07:10.207 3204 3204 D vndksupport: Loading /vendor/lib/hw/android.hardware.audio@2.0-impl.so from current namespace instead of sphal namespace.
01-02 00:07:10.228 3201 3201 I Netd : Creating child chains: 111.4ms
01-02 00:07:10.228 3201 3201 I Netd : Setting up OEM hooks: 0.1ms
01-02 00:07:10.233 3204 3204 I ServiceManagement: Removing namespace from process name android.hardware.audio@2.0-service to audio@2.0-servi.
01-02 00:07:10.233 3204 3204 I audiohalservice: Registration complete for android.hardware.audio@2.0::IDevicesFactory/default.
01-02 00:07:10.234 3204 3204 D vndksupport: Loading /vendor/lib/hw/android.hardware.audio.effect@2.0-impl.so from current namespace instead of sphal namespace.
01-02 00:07:10.241 3201 3201 I Netd : Setting up FirewallController hooks: 13.8ms
01-02 00:07:10.245 3201 3201 I Netd : Setting up NatController hooks: 3.8ms
01-02 00:07:10.249 3201 3201 I Netd : Setting up BandwidthController hooks: 3.7ms
01-02 00:07:10.249 3201 3201 I Netd : Setting up IdletimerController hooks: 0.0ms
01-02 00:07:10.260 3201 3201 W IptablesRestoreController: iptables-restore process 3205 terminated status=256
01-02 00:07:10.260 3201 3201 E IptablesRestoreController: iptables error:
01-02 00:07:10.260 3201 3201 E IptablesRestoreController: ------- COMMAND -------
01-02 00:07:10.260 3201 3201 E IptablesRestoreController: *filter
01-02 00:07:10.260 3201 3201 E IptablesRestoreController: -A bw_INPUT -m owner --socket-exists
01-02 00:07:10.260 3201 3201 E IptablesRestoreController: -A bw_OUTPUT -m owner --socket-exists
01-02 00:07:10.260 3201 3201 E IptablesRestoreController: -A bw_costly_shared --jump bw_penalty_box
01-02 00:07:10.260 3201 3201 E IptablesRestoreController: -A bw_penalty_box --jump bw_happy_box
01-02 00:07:10.260 3201 3201 E IptablesRestoreController: -A bw_happy_box --jump bw_data_saver
01-02 00:07:10.260 3201 3201 E IptablesRestoreController: -A bw_data_saver -j RETURN
01-02 00:07:10.260 3201 3201 E IptablesRestoreController: -I bw_happy_box -m owner --uid-owner 0-9999 --jump RETURN
01-02 00:07:10.260 3201 3201 E IptablesRestoreController: COMMIT
01-02 00:07:10.260 3201 3201 E IptablesRestoreController: *raw
01-02 00:07:10.260 3201 3201 E IptablesRestoreController: -A bw_raw_PREROUTING -m owner --socket-exists
01-02 00:07:10.260 3201 3201 E IptablesRestoreController: COMMIT
01-02 00:07:10.260 3201 3201 E IptablesRestoreController: *mangle
01-02 00:07:10.260 3201 3201 E IptablesRestoreController: -A bw_mangle_POSTROUTING -m owner --socket-exists
01-02 00:07:10.260 3201 3201 E IptablesRestoreController: COMMIT
01-02 00:07:10.260 3201 3201 E IptablesRestoreController:
01-02 00:07:10.260 3201 3201 E IptablesRestoreController: ------- ERROR -------
01-02 00:07:10.260 3201 3201 E IptablesRestoreController: iptables-restore: line 174 failed
01-02 00:07:10.260 3201 3201 E IptablesRestoreController: ----------------------
01-02 00:07:10.262 3201 3201 W IptablesRestoreController: iptables-restore process 3206 terminated status=256
01-02 00:07:10.262 3201 3201 E IptablesRestoreController: iptables error:
01-02 00:07:10.262 3201 3201 E IptablesRestoreController: ------- COMMAND -------
01-02 00:07:10.262 3201 3201 E IptablesRestoreController: *filter
01-02 00:07:10.262 3201 3201 E IptablesRestoreController: -A bw_INPUT -m owner --socket-exists
01-02 00:07:10.262 3201 3201 E IptablesRestoreController: -A bw_OUTPUT -m owner --socket-exists
01-02 00:07:10.262 3201 3201 E IptablesRestoreController: -A bw_costly_shared --jump bw_penalty_box
01-02 00:07:10.262 3201 3201 E IptablesRestoreController: -A bw_penalty_box --jump bw_happy_box
01-02 00:07:10.262 3201 3201 E IptablesRestoreController: -A bw_happy_box --jump bw_data_saver
01-02 00:07:10.262 3201 3201 E IptablesRestoreController: -A bw_data_saver -j RETURN
01-02 00:07:10.262 3201 3201 E IptablesRestoreController: -I bw_happy_box -m owner --uid-owner 0-9999 --jump RETURN
01-02 00:07:10.262 3201 3201 E IptablesRestoreController: COMMIT
01-02 00:07:10.262 3201 3201 E IptablesRestoreController: *raw
01-02 00:07:10.262 3201 3201 E IptablesRestoreController: -A bw_raw_PREROUTING -m owner --socket-exists
01-02 00:07:10.262 3201 3201 E IptablesRestoreController: COMMIT
01-02 00:07:10.262 3201 3201 E IptablesRestoreController: *mangle
01-02 00:07:10.262 3201 3201 E IptablesRestoreController: -A bw_mangle_POSTROUTING -m owner --socket-exists
01-02 00:07:10.262 3201 3201 E IptablesRestoreController: COMMIT
01-02 00:07:10.262 3201 3201 E IptablesRestoreController:
01-02 00:07:10.262 3201 3201 E IptablesRestoreController: ------- ERROR -------
01-02 00:07:10.262 3201 3201 E IptablesRestoreController: ip6tables-restore: line 159 failed
01-02 00:07:10.262 3201 3201 E IptablesRestoreController: ----------------------
01-02 00:07:10.262 3201 3201 I Netd : Disabling bandwidth control: 12.8ms
01-02 00:07:10.284 3204 3204 I audiohalservice: Registration complete for android.hardware.audio.effect@2.0::IEffectsFactory/default.
01-02 00:07:10.284 2231 2231 W /system/bin/hwservicemanager: getTransport: Cannot find entry android.hardware.soundtrigger@2.0::ISoundTriggerHw/default in either framework or device manifest.
01-02 00:07:10.284 3204 3204 D vndksupport: Loading /vendor/lib/hw/android.hardware.soundtrigger@2.0-impl.so from current namespace instead of sphal namespace.
01-02 00:07:10.285 3204 3204 E SoundTriggerHalImpl: couldn't load sound trigger module sound_trigger.primary (No such file or directory)
01-02 00:07:10.286 3204 3204 I audiohalservice: Registration complete for android.hardware.soundtrigger@2.0::ISoundTriggerHw/default.
01-02 00:07:10.290 3207 3207 I /sbin/modprobe: Parsing file /system/etc/modules.blacklist...
01-02 00:07:10.290 3207 3207 I /sbin/modprobe: Parsing file /system/lib/modules/4.15.0-rc6-android-x86-g8d051505ee26/modules.alias...
01-02 00:07:10.295 3197 3197 D AndroidRuntime: >>>>>> START com.android.internal.os.ZygoteInit uid 0 <<<<<<
01-02 00:07:10.298 3202 3202 I /system/bin/surfaceflinger: android::hardware::configstore::V1_0::ISurfaceFlingerConfigs::maxFrameBufferAcquiredBuffers retrieved: 3
01-02 00:07:10.300 3202 3202 I /system/bin/surfaceflinger: android::hardware::configstore::V1_0::ISurfaceFlingerConfigs::startGraphicsAllocatorService retrieved: 1
01-02 00:07:10.301 3202 3202 D vndksupport: Loading /vendor/lib/hw/android.hardware.graphics.allocator@2.0-impl.so from current namespace instead of sphal namespace.
01-02 00:07:10.301 3197 3197 I zygote : option[0]=-Xzygote
01-02 00:07:10.301 3197 3197 I zygote : option[1]=-Xcheck:jni
01-02 00:07:10.301 3197 3197 I zygote : option[2]=-Xusetombstonedtraces
01-02 00:07:10.301 3197 3197 I zygote : option[3]=exit
01-02 00:07:10.301 3197 3197 I zygote : option[4]=vfprintf
01-02 00:07:10.301 3197 3197 I zygote : option[5]=sensitiveThread
01-02 00:07:10.301 3197 3197 I zygote : option[6]=-verbose:gc
01-02 00:07:10.301 3197 3197 I zygote : option[7]=-Xms16m
01-02 00:07:10.301 3197 3197 I zygote : option[8]=-Xmx512m
01-02 00:07:10.301 3197 3197 I zygote : option[9]=-XX:HeapGrowthLimit=192m
01-02 00:07:10.301 3197 3197 I zygote : option[10]=-XX:HeapMinFree=512k
01-02 00:07:10.301 3197 3197 I zygote : option[11]=-XX:HeapMaxFree=8m
01-02 00:07:10.301 3197 3197 I zygote : option[12]=-XX:HeapTargetUtilization=0.75
01-02 00:07:10.301 3197 3197 I zygote : option[13]=-Xusejit:true
01-02 00:07:10.301 3197 3197 I zygote : option[14]=-Xjitsaveprofilinginfo
01-02 00:07:10.301 3197 3197 I zygote : option[15]=-agentlib:jdwp=transport=dt_android_adb,suspend=n,server=y
01-02 00:07:10.301 3197 3197 I zygote : option[16]=-Xlockprofthreshold:500
01-02 00:07:10.301 3197 3197 I zygote : option[17]=-Ximage-compiler-option
01-02 00:07:10.301 3197 3197 I zygote : option[18]=--runtime-arg
01-02 00:07:10.301 3197 3197 I zygote : option[19]=-Ximage-compiler-option
01-02 00:07:10.301 3197 3197 I zygote : option[20]=-Xms64m
01-02 00:07:10.301 3197 3197 I zygote : option[21]=-Ximage-compiler-option
01-02 00:07:10.301 3197 3197 I zygote : option[22]=--runtime-arg
01-02 00:07:10.301 3197 3197 I zygote : option[23]=-Ximage-compiler-option
01-02 00:07:10.301 3197 3197 I zygote : option[24]=-Xmx64m
01-02 00:07:10.301 3197 3197 I zygote : option[25]=-Ximage-compiler-option
01-02 00:07:10.301 3197 3197 I zygote : option[26]=--compiler-filter=verify-at-runtime
01-02 00:07:10.301 3197 3197 I zygote : option[27]=-Ximage-compiler-option
01-02 00:07:10.301 3197 3197 I zygote : option[28]=--image-classes=/system/etc/preloaded-classes
01-02 00:07:10.301 3197 3197 I zygote : option[29]=-Ximage-compiler-option
01-02 00:07:10.301 3197 3197 I zygote : option[30]=--compiled-classes=/system/etc/compiled-classes
01-02 00:07:10.301 3197 3197 I zygote : option[31]=-Ximage-compiler-option
01-02 00:07:10.301 3197 3197 I zygote : option[32]=--dirty-image-objects=/system/etc/dirty-image-objects
01-02 00:07:10.301 3197 3197 I zygote : option[33]=-Xcompiler-option
01-02 00:07:10.301 3197 3197 I zygote : option[34]=--runtime-arg
01-02 00:07:10.301 3197 3197 I zygote : option[35]=-Xcompiler-option
01-02 00:07:10.301 3197 3197 I zygote : option[36]=-Xms64m
01-02 00:07:10.301 3197 3197 I zygote : option[37]=-Xcompiler-option
01-02 00:07:10.301 3197 3197 I zygote : option[38]=--runtime-arg
01-02 00:07:10.301 3197 3197 I zygote : option[39]=-Xcompiler-option
01-02 00:07:10.301 3197 3197 I zygote : option[40]=-Xmx512m
01-02 00:07:10.301 3197 3197 I zygote : option[41]=-Ximage-compiler-option
01-02 00:07:10.301 3197 3197 I zygote : option[42]=--instruction-set-variant=x86
01-02 00:07:10.301 3197 3197 I zygote : option[43]=-Xcompiler-option
01-02 00:07:10.301 3197 3197 I zygote : option[44]=--instruction-set-variant=x86
01-02 00:07:10.301 3197 3197 I zygote : option[45]=-Ximage-compiler-option
01-02 00:07:10.301 3197 3197 I zygote : option[46]=--instruction-set-features=default
01-02 00:07:10.301 3197 3197 I zygote : option[47]=-Xcompiler-option
01-02 00:07:10.301 3197 3197 I zygote : option[48]=--instruction-set-features=default
01-02 00:07:10.301 3197 3197 I zygote : option[49]=-Duser.locale=en-US
01-02 00:07:10.301 3197 3197 I zygote : option[50]=-XX:NativeBridge=libhoudini.so
01-02 00:07:10.301 3197 3197 I zygote : option[51]=--cpu-abilist=x86,armeabi-v7a,armeabi
01-02 00:07:10.301 3197 3197 I zygote : option[52]=-Xfingerprint:Android-x86/android_x86/x86:8.1.0/OPM1.171019.011/utente12170902:eng/test-keys
01-02 00:07:10.301 3202 3202 D vndksupport: Loading /vendor/lib/hw/gralloc.gbm.so from current namespace instead of sphal namespace.
01-02 00:07:10.304 3197 3197 W zygote : Could not reserve sentinel fault page
01-02 00:07:10.415 3202 3202 I SurfaceFlinger: Registration complete for android.hardware.graphics.allocator@2.0::IAllocator/default.
01-02 00:07:10.416 3202 3202 I SurfaceFlinger: SurfaceFlinger is starting
01-02 00:07:10.416 3202 3202 I /system/bin/surfaceflinger: android::hardware::configstore::V1_0::ISurfaceFlingerConfigs::vsyncEventPhaseOffsetNs retrieved: 1000000 (default)
01-02 00:07:10.416 3202 3202 I /system/bin/surfaceflinger: android::hardware::configstore::V1_0::ISurfaceFlingerConfigs::vsyncSfEventPhaseOffsetNs retrieved: 1000000 (default)
01-02 00:07:10.419 3202 3202 I /system/bin/surfaceflinger: android::hardware::configstore::V1_0::ISurfaceFlingerConfigs::maxVirtualDisplaySize retrieved: 0 (default)
01-02 00:07:10.420 3202 3202 I /system/bin/surfaceflinger: android::hardware::configstore::V1_0::ISurfaceFlingerConfigs::hasSyncFramework retrieved: 1
01-02 00:07:10.420 3202 3202 I /system/bin/surfaceflinger: android::hardware::configstore::V1_0::ISurfaceFlingerConfigs::useContextPriority retrieved: 0 (default)
01-02 00:07:10.420 3202 3202 I /system/bin/surfaceflinger: android::hardware::configstore::V1_0::ISurfaceFlingerConfigs::presentTimeOffsetFromVSyncNs retrieved: 0
01-02 00:07:10.420 3202 3202 I /system/bin/surfaceflinger: android::hardware::configstore::V1_0::ISurfaceFlingerConfigs::useHwcForRGBtoYUV retrieved: 0
01-02 00:07:10.420 3202 3202 I /system/bin/surfaceflinger: android::hardware::configstore::V1_0::ISurfaceFlingerConfigs::maxFrameBufferAcquiredBuffers retrieved: 3
01-02 00:07:10.420 3202 3202 I SurfaceFlinger: Enabling HWC virtual displays
01-02 00:07:10.420 3202 3202 I SurfaceFlinger: Disabling Triple Buffering
01-02 00:07:10.420 3202 3202 I SurfaceFlinger: SurfaceFlinger's main thread ready to run. Initializing graphics H/W...
01-02 00:07:10.420 3202 3202 D vndksupport: Loading /vendor/lib/egl/libGLES_mesa.so from current namespace instead of sphal namespace.
01-02 00:07:10.422 3202 3202 D libEGL : loaded /vendor/lib/egl/libGLES_mesa.so
01-02 00:07:10.503 3202 3202 D vndksupport: Loading /vendor/lib/hw/gralloc.gbm.so from current namespace instead of sphal namespace.
01-02 00:07:10.504 3202 3202 I EGL-MAIN: found extension DRI_Core version 2
01-02 00:07:10.504 3202 3202 I EGL-MAIN: found extension DRI_IMAGE_DRIVER version 1
01-02 00:07:10.505 3202 3202 I EGL-MAIN: found extension DRI_TexBuffer version 2
01-02 00:07:10.505 3202 3202 I EGL-MAIN: found extension DRI2_Flush version 4
01-02 00:07:10.505 3202 3202 I EGL-MAIN: found extension DRI_IMAGE version 17
01-02 00:07:10.505 3202 3202 I EGL-MAIN: found extension DRI_RENDERER_QUERY version 1
01-02 00:07:10.505 3202 3202 I EGL-MAIN: found extension DRI_CONFIG_QUERY version 1
01-02 00:07:10.505 3202 3202 I EGL-MAIN: found extension DRI2_Fence version 2
