01-15 16:11:28.238 3358 3358 E TelephonyProvider: dbh.selectConflictingRow: Expected 1 but found 0 matching rows found for cv protocol=IPV4V6 mnc=350 roaming_protocol=IPV4V6 mvno_match_data=nemont sub_id=-1 name=Nemont IMS numeric=311350 mvno_type=spn mcc=311 type=ims,ia bearer_bitmask=8192 apn=VZWIMS
01-15 16:11:28.238 3358 3358 E TelephonyProvider: dbh.selectConflictingRow: Expected 1 but found 0 matching rows found for cv protocol=IPV4V6 mnc=350 roaming_protocol=IPV4V6 mvno_match_data=nemont sub_id=-1 name=Nemont FOTA numeric=311350 mvno_type=spn mcc=311 type=fota bearer_bitmask=8192 apn=VZWADMIN
01-15 16:11:28.239 3358 3358 E TelephonyProvider: dbh.selectConflictingRow: Expected 1 but found 0 matching rows found for cv mnc=350 mmsc=http://mms.nemont.mobi/mms/ mmsport= mvno_match_data=nemont sub_id=-1 numeric=311350 mcc=311 type=default,mms,dun,supl protocol=IPV4V6 roaming_protocol=IPV4V6 name=Nemont mvno_type=spn bearer_bitmask=8192 apn=VZWINTERNET mmsproxy=
01-15 16:11:28.240 3358 3358 E TelephonyProvider: dbh.selectConflictingRow: Expected 1 but found 0 matching rows found for cv mnc=390 mmsc=http://mms.vtext.com/servlets/mms sub_id=-1 max_conns=1023 max_conns_time=300 numeric=311390 mcc=311 type=default,dun modem_cognitive=true protocol=IPV4V6 roaming_protocol=IPV4V6 profile_id=0 name=Ericsson Test-SIM Internet bearer_bitmask=4096 apn=VZWINTERNET
01-15 16:11:28.240 3358 3358 E TelephonyProvider: dbh.selectConflictingRow: Expected 1 but found 0 matching rows found for cv mnc=390 sub_id=-1 max_conns=1023 max_conns_time=300 numeric=311390 mcc=311 type=fota modem_cognitive=true protocol=IPV4V6 roaming_protocol=IPV4V6 profile_id=3 name=Ericsson Test-SIM FOTA bearer_bitmask=4096 apn=VZWADMIN
01-15 16:11:28.242 3358 3358 E TelephonyProvider: dbh.selectConflictingRow: Expected 1 but found 0 matching rows found for cv mnc=390 sub_id=-1 max_conns=1023 max_conns_time=300 numeric=311390 mcc=311 type=ims,ia modem_cognitive=true protocol=IPV4V6 roaming_protocol=IPV4V6 profile_id=2 name=Ericsson Test-SIM IMS bearer_bitmask=4096 apn=VZWIMS
01-15 16:11:28.243 3438 3438 I sh : + cat /proc/asound/card0/id
01-15 16:11:28.243 3358 3358 E TelephonyProvider: dbh.selectConflictingRow: Expected 1 but found 0 matching rows found for cv mnc=390 mmsc=http://mms.vtext.com/servlets/mms sub_id=-1 max_conns=1023 max_conns_time=300 numeric=311390 mcc=311 type=cbs,mms modem_cognitive=true protocol=IPV4V6 roaming_protocol=IPV4V6 profile_id=4 name=Ericsson Test-SIM CBS bearer_bitmask=4096 apn=VZWAPP
01-15 16:11:28.244 3358 3358 E TelephonyProvider: dbh.selectConflictingRow: Expected 1 but found 0 matching rows found for cv protocol=IPV4V6 mnc=410 roaming_protocol=IPV4V6 mvno_match_data=chatmobrsa2 sub_id=-1 name=Chatmobrsa2 IMS numeric=311410 mvno_type=spn mcc=311 type=ims,ia bearer_bitmask=8192 apn=VZWIMS
01-15 16:11:28.245 3358 3358 E TelephonyProvider: dbh.selectConflictingRow: Expected 1 but found 0 matching rows found for cv protocol=IPV4V6 mnc=410 roaming_protocol=IPV4V6 mvno_match_data=chatmobrsa2 sub_id=-1 name=Chatmobrsa2 FOTA numeric=311410 mvno_type=spn mcc=311 type=fota bearer_bitmask=8192 apn=VZWADMIN
01-15 16:11:28.245 3358 3358 E TelephonyProvider: dbh.selectConflictingRow: Expected 1 but found 0 matching rows found for cv mnc=410 mmsc=http://mmsc.hawkeyeswitch.net/mms/ mmsport=80 mvno_match_data=chatmobrsa2 sub_id=-1 numeric=311410 mcc=311 type=default,mms,dun,supl protocol=IPV4V6 roaming_protocol=IPV4V6 name=Chatmobrsa2 mvno_type=spn bearer_bitmask=8192 apn=VZWINTERNET mmsproxy=
01-15 16:11:28.246 3358 3358 E TelephonyProvider: dbh.selectConflictingRow: Expected 1 but found 0 matching rows found for cv protocol=IPV4V6 mnc=420 roaming_protocol=IPV4V6 mvno_match_data=northwestcell sub_id=-1 name=NW IMS numeric=311420 mvno_type=spn mcc=311 type=ims,ia bearer_bitmask=8192 apn=VZWIMS
01-15 16:11:28.246 3358 3358 E TelephonyProvider: dbh.selectConflictingRow: Expected 1 but found 0 matching rows found for cv protocol=IPV4V6 mnc=420 roaming_protocol=IPV4V6 mvno_match_data=northwestcell sub_id=-1 name=NW FOTA numeric=311420 mvno_type=spn mcc=311 type=fota bearer_bitmask=8192 apn=VZWADMIN
01-15 16:11:28.247 3358 3358 E TelephonyProvider: dbh.selectConflictingRow: Expected 1 but found 0 matching rows found for cv mnc=420 mmsc=http://mms.nwmcell.com/mms/ mmsport= mvno_match_data=northwestcell sub_id=-1 numeric=311420 mcc=311 type=default,mms,dun,supl protocol=IPV4V6 roaming_protocol=IPV4V6 name=Northwestcell mvno_type=spn bearer_bitmask=8192 apn=VZWINTERNET mmsproxy=
01-15 16:11:28.248 3358 3358 E TelephonyProvider: dbh.selectConflictingRow: Expected 1 but found 0 matching rows found for cv protocol=IPV4V6 mnc=430 roaming_protocol=IPV4V6 mvno_match_data=chatmobrsa1 sub_id=-1 name=Chatmobrsa1 IMS numeric=311430 mvno_type=spn mcc=311 type=ims,ia bearer_bitmask=8192 apn=VZWIMS
01-15 16:11:28.248 3438 3438 I sh : + f=/system/etc/alsa/PCH.state
01-15 16:11:28.248 3438 3438 I sh : + '[' -e /system/etc/alsa/PCH.state ']'
01-15 16:11:28.248 3438 3438 I sh : + alsa_ctl init 0
01-15 16:11:28.248 3358 3358 E TelephonyProvider: dbh.selectConflictingRow: Expected 1 but found 0 matching rows found for cv protocol=IPV4V6 mnc=430 roaming_protocol=IPV4V6 mvno_match_data=chatmobrsa1 sub_id=-1 name=Chatmobrsa1 FOTA numeric=311430 mvno_type=spn mcc=311 type=fota bearer_bitmask=8192 apn=VZWADMIN
01-15 16:11:28.249 3358 3358 E TelephonyProvider: dbh.selectConflictingRow: Expected 1 but found 0 matching rows found for cv mnc=430 mmsc=http://mmsc.hawkeyeswitch.net/mms/ mmsport=80 mvno_match_data=chatmobrsa1 sub_id=-1 numeric=311430 mcc=311 type=default,mms,dun,supl protocol=IPV4V6 roaming_protocol=IPV4V6 name=Chatmobrsa1 mvno_type=spn bearer_bitmask=8192 apn=VZWINTERNET mmsproxy=
01-15 16:11:28.250 3358 3358 E TelephonyProvider: dbh.selectConflictingRow: Expected 1 but found 0 matching rows found for cv protocol=IPV4V6 mnc=440 roaming_protocol=IPV4V6 mvno_match_data=bluegrass sub_id=-1 name=Bluegrass IMS numeric=311440 mvno_type=spn mcc=311 type=ims,ia bearer_bitmask=8192 apn=VZWIMS
01-15 16:11:28.250 3358 3358 E TelephonyProvider: dbh.selectConflictingRow: Expected 1 but found 0 matching rows found for cv protocol=IPV4V6 mnc=440 roaming_protocol=IPV4V6 mvno_match_data=bluegrass sub_id=-1 name=Bluegrass FOTA numeric=311440 mvno_type=spn mcc=311 type=fota bearer_bitmask=8192 apn=VZWADMIN
01-15 16:11:28.251 3358 3358 E TelephonyProvider: dbh.selectConflictingRow: Expected 1 but found 0 matching rows found for cv mnc=440 mmsc=http://mms.iot1.com/bluegrass/mms.php mmsport= mvno_match_data=bluegrass sub_id=-1 numeric=311440 mcc=311 type=default,mms,dun,supl protocol=IPV4V6 roaming_protocol=IPV4V6 name=Bluegrass mvno_type=spn bearer_bitmask=8192 apn=VZWINTERNET mmsproxy=
01-15 16:11:28.252 3358 3358 E TelephonyProvider: dbh.selectConflictingRow: Expected 1 but found 0 matching rows found for cv protocol=IPV4V6 mnc=450 roaming_protocol=IPV4V6 mvno_match_data=ptci sub_id=-1 name=Ptci IMS numeric=311450 mvno_type=spn mcc=311 type=ims,ia bearer_bitmask=8192 apn=VZWIMS
01-15 16:11:28.252 3358 3358 E TelephonyProvider: dbh.selectConflictingRow: Expected 1 but found 0 matching rows found for cv protocol=IPV4V6 mnc=450 roaming_protocol=IPV4V6 mvno_match_data=ptci sub_id=-1 name=Ptci FOTA numeric=311450 mvno_type=spn mcc=311 type=fota bearer_bitmask=8192 apn=VZWADMIN
01-15 16:11:28.253 3358 3358 E TelephonyProvider: dbh.selectConflictingRow: Expected 1 but found 0 matching rows found for cv mnc=450 mmsc=http://mmsc.ptci.net mmsport=6672 mvno_match_data=ptci sub_id=-1 numeric=311450 mcc=311 type=default,mms,dun,supl protocol=IPV4V6 roaming_protocol=IPV4V6 name=Ptci mvno_type=spn bearer_bitmask=8192 apn=VZWINTERNET mmsproxy=
01-15 16:11:28.255 3358 3358 E TelephonyProvider: dbh.selectConflictingRow: Expected 1 but found 0 matching rows found for cv protocol=IPV4V6 mnc=580 mmsc=http://mmsc1.uscc.net/mmsc/MMS roaming_protocol=IPV4V6 sub_id=-1 name=U.S. Cellular numeric=311580 mcc=311 type=default,mms,dun,hipri,fota bearer_bitmask=8192 apn=usccinternet mtu=1422
01-15 16:11:28.256 3358 3358 E TelephonyProvider: dbh.selectConflictingRow: Expected 1 but found 0 matching rows found for cv protocol=IPV4V6 mnc=581 mmsc=http://mmsc1.uscc.net/mmsc/MMS roaming_protocol=IPV4V6 sub_id=-1 name=U.S. Cellular numeric=311581 mcc=311 type=default,mms,dun,hipri,fota bearer_bitmask=8192 apn=usccinternet mtu=1422
01-15 16:11:28.257 3358 3358 E TelephonyProvider: dbh.selectConflictingRow: Expected 1 but found 0 matching rows found for cv protocol=IPV4V6 mnc=582 mmsc=http://mmsc1.uscc.net/mmsc/MMS roaming_protocol=IPV4V6 sub_id=-1 name=U.S. Cellular numeric=311582 mcc=311 type=default,mms,dun,hipri,fota bearer_bitmask=8192 apn=usccinternet mtu=1422
01-15 16:11:28.259 3358 3358 E TelephonyProvider: dbh.selectConflictingRow: Expected 1 but found 0 matching rows found for cv protocol=IPV4V6 mnc=583 mmsc=http://mmsc1.uscc.net/mmsc/MMS roaming_protocol=IPV4V6 sub_id=-1 name=U.S. Cellular numeric=311583 mcc=311 type=default,mms,dun,hipri,fota bearer_bitmask=8192 apn=usccinternet mtu=1422
01-15 16:11:28.259 3358 3358 E TelephonyProvider: dbh.selectConflictingRow: Expected 1 but found 0 matching rows found for cv protocol=IPV4V6 mnc=584 mmsc=http://mmsc1.uscc.net/mmsc/MMS roaming_protocol=IPV4V6 sub_id=-1 name=U.S. Cellular numeric=311584 mcc=311 type=default,mms,dun,hipri,fota bearer_bitmask=8192 apn=usccinternet mtu=1422
01-15 16:11:28.260 3358 3358 E TelephonyProvider: dbh.selectConflictingRow: Expected 1 but found 0 matching rows found for cv protocol=IPV4V6 mnc=585 mmsc=http://mmsc1.uscc.net/mmsc/MMS roaming_protocol=IPV4V6 sub_id=-1 name=U.S. Cellular numeric=311585 mcc=311 type=default,mms,dun,hipri,fota bearer_bitmask=8192 apn=usccinternet mtu=1422
01-15 16:11:28.265 3358 3358 E TelephonyProvider: dbh.selectConflictingRow: Expected 1 but found 0 matching rows found for cv protocol=IPV4V6 mnc=586 mmsc=http://mmsc1.uscc.net/mmsc/MMS roaming_protocol=IPV4V6 sub_id=-1 name=U.S. Cellular numeric=311586 mcc=311 type=default,mms,dun,hipri,fota bearer_bitmask=8192 apn=usccinternet mtu=1422
01-15 16:11:28.266 3358 3358 E TelephonyProvider: dbh.selectConflictingRow: Expected 1 but found 0 matching rows found for cv protocol=IPV4V6 mnc=587 mmsc=http://mmsc1.uscc.net/mmsc/MMS roaming_protocol=IPV4V6 sub_id=-1 name=U.S. Cellular numeric=311587 mcc=311 type=default,mms,dun,hipri,fota bearer_bitmask=8192 apn=usccinternet mtu=1422
01-15 16:11:28.266 3481 3481 W zygote : Unexpected CPU variant for X86 using defaults: x86_64
01-15 16:11:28.266 3358 3358 E TelephonyProvider: dbh.selectConflictingRow: Expected 1 but found 0 matching rows found for cv protocol=IPV4V6 mnc=588 mmsc=http://mmsc1.uscc.net/mmsc/MMS roaming_protocol=IPV4V6 sub_id=-1 name=U.S. Cellular numeric=311588 mcc=311 type=default,mms,dun,hipri,fota bearer_bitmask=8192 apn=usccinternet mtu=1422
01-15 16:11:28.267 3358 3358 E TelephonyProvider: dbh.selectConflictingRow: Expected 1 but found 0 matching rows found for cv protocol=IPV4V6 mnc=589 mmsc=http://mmsc1.uscc.net/mmsc/MMS roaming_protocol=IPV4V6 sub_id=-1 name=U.S. Cellular numeric=311589 mcc=311 type=default,mms,dun,hipri,fota bearer_bitmask=8192 apn=usccinternet mtu=1422
01-15 16:11:28.269 3358 3358 E TelephonyProvider: dbh.selectConflictingRow: Expected 1 but found 0 matching rows found for cv protocol=IPV4V6 mnc=590 roaming_protocol=IPV4V6 mvno_match_data=gsc sub_id=-1 name=Gsc IMS numeric=311590 mvno_type=spn mcc=311 type=ims,ia bearer_bitmask=8192 apn=VZWIMS
01-15 16:11:28.270 3358 3358 E TelephonyProvider: dbh.selectConflictingRow: Expected 1 but found 0 matching rows found for cv protocol=IPV4V6 mnc=590 roaming_protocol=IPV4V6 mvno_match_data=gsc sub_id=-1 name=Gsc FOTA numeric=311590 mvno_type=spn mcc=311 type=fota bearer_bitmask=8192 apn=VZWADMIN
01-15 16:11:28.270 3358 3358 E TelephonyProvider: dbh.selectConflictingRow: Expected 1 but found 0 matching rows found for cv mnc=590 mmsc=http://mmsc1.gscdata.com mmsport= mvno_match_data=gsc sub_id=-1 numeric=311590 mcc=311 type=default,mms,dun,supl protocol=IPV4V6 roaming_protocol=IPV4V6 name=Gsc mvno_type=spn bearer_bitmask=8192 apn=VZWINTERNET mmsproxy=
01-15 16:11:28.271 3358 3358 E TelephonyProvider: dbh.selectConflictingRow: Expected 1 but found 0 matching rows found for cv protocol=IPV4V6 mnc=600 roaming_protocol=IPV4V6 mvno_match_data=cox sub_id=-1 name=Cox IMS numeric=311600 mvno_type=spn mcc=311 type=ims,ia bearer_bitmask=8192 apn=VZWIMS
01-15 16:11:28.272 3358 3358 E TelephonyProvider: dbh.selectConflictingRow: Expected 1 but found 0 matching rows found for cv protocol=IPV4V6 mnc=600 roaming_protocol=IPV4V6 mvno_match_data=cox sub_id=-1 name=Cox FOTA numeric=311600 mvno_type=spn mcc=311 type=fota bearer_bitmask=8192 apn=VZWADMIN
01-15 16:11:28.272 3358 3358 E TelephonyProvider: dbh.selectConflictingRow: Expected 1 but found 0 matching rows found for cv mnc=600 mmsc=http://mms.cox.net/cox/mms.php mmsport= mvno_match_data=cox sub_id=-1 numeric=311600 mcc=311 type=default,mms,dun,supl protocol=IPV4V6 roaming_protocol=IPV4V6 name=Cox mvno_type=spn bearer_bitmask=8192 apn=VZWINTERNET mmsproxy=
01-15 16:11:28.273 2484 2499 I ActivityManager: Start proc 3481:com.google.android.googlequicksearchbox:interactor/u0a37 for service com.google.android.googlequicksearchbox/com.google.android.voiceinteraction.GsaVoiceInteractionService
01-15 16:11:28.273 2484 2499 W SystemServiceManager: Service com.android.server.voiceinteraction.VoiceInteractionManagerService took 70 ms in onUnlockUser
01-15 16:11:28.273 3358 3358 E TelephonyProvider: dbh.selectConflictingRow: Expected 1 but found 0 matching rows found for cv protocol=IPV4V6 mnc=610 roaming_protocol=IPV4V6 mvno_match_data=srtcomm sub_id=-1 name=Srtcomm IMS numeric=311610 mvno_type=spn mcc=311 type=ims,ia bearer_bitmask=8192 apn=VZWIMS
01-15 16:11:28.273 3358 3358 E TelephonyProvider: dbh.selectConflictingRow: Expected 1 but found 0 matching rows found for cv protocol=IPV4V6 mnc=610 roaming_protocol=IPV4V6 mvno_match_data=srtcomm sub_id=-1 name=Srtcomm FOTA numeric=311610 mvno_type=spn mcc=311 type=fota bearer_bitmask=8192 apn=VZWADMIN
01-15 16:11:28.274 3358 3358 E TelephonyProvider: dbh.selectConflictingRow: Expected 1 but found 0 matching rows found for cv mnc=610 mmsc=http://mms.iot1.com/srt/mms.php mmsport=9201 mvno_match_data=srtcomm sub_id=-1 numeric=311610 mcc=311 type=default,mms,dun,supl protocol=IPV4V6 roaming_protocol=IPV4V6 name=Srtcomm mvno_type=spn bearer_bitmask=8192 apn=VZWINTERNET mmsproxy=mms.iot1.com
01-15 16:11:28.276 3358 3358 E TelephonyProvider: dbh.selectConflictingRow: Expected 1 but found 0 matching rows found for cv protocol=IPV4V6 mnc=650 roaming_protocol=IPV4V6 mvno_match_data=unitedwireless sub_id=-1 name=United IMS numeric=311650 mvno_type=spn mcc=311 type=ims,ia bearer_bitmask=8192 apn=VZWIMS
01-15 16:11:28.277 3358 3358 E TelephonyProvider: dbh.selectConflictingRow: Expected 1 but found 0 matching rows found for cv protocol=IPV4V6 mnc=650 roaming_protocol=IPV4V6 mvno_match_data=unitedwireless sub_id=-1 name=United FOTA numeric=311650 mvno_type=spn mcc=311 type=fota bearer_bitmask=8192 apn=VZWADMIN
01-15 16:11:28.277 3358 3358 E TelephonyProvider: dbh.selectConflictingRow: Expected 1 but found 0 matching rows found for cv mnc=650 mmsc=http://mms.unitedwireless.com/united/mms.php mmsport= mvno_match_data=unitedwireless sub_id=-1 numeric=311650 mcc=311 type=default,mms,dun,supl protocol=IPV4V6 roaming_protocol=IPV4V6 name=Unitedwireless mvno_type=spn bearer_bitmask=8192 apn=VZWINTERNET mmsproxy=
01-15 16:11:28.278 3358 3358 E TelephonyProvider: dbh.selectConflictingRow: Expected 1 but found 0 matching rows found for cv protocol=IPV4V6 mnc=670 roaming_protocol=IPV4V6 mvno_match_data=pinebelt sub_id=-1 name=Pinebelt IMS numeric=311670 mvno_type=spn mcc=311 type=ims,ia bearer_bitmask=8192 apn=VZWIMS
01-15 16:11:28.278 3358 3358 E TelephonyProvider: dbh.selectConflictingRow: Expected 1 but found 0 matching rows found for cv protocol=IPV4V6 mnc=670 roaming_protocol=IPV4V6 mvno_match_data=pinebelt sub_id=-1 name=Pinebelt FOTA numeric=311670 mvno_type=spn mcc=311 type=fota bearer_bitmask=8192 apn=VZWADMIN
01-15 16:11:28.279 3358 3358 E TelephonyProvider: dbh.selectConflictingRow: Expected 1 but found 0 matching rows found for cv mnc=670 mmsc=http://mmsc.pinebelt.csky.us:6672/ mmsport= mvno_match_data=pinebelt sub_id=-1 numeric=311670 mcc=311 type=default,mms,dun,supl protocol=IPV4V6 roaming_protocol=IPV4V6 name=Pinebelt mvno_type=spn bearer_bitmask=8192 apn=VZWINTERNET mmsproxy=
01-15 16:11:28.280 3358 3358 E TelephonyProvider: dbh.selectConflictingRow: Expected 1 but found 0 matching rows found for cv protocol=IPV4V6 mnc=920 roaming_protocol=IPV4V6 mvno_match_data=charitonvalley sub_id=-1 name=Chariton IMS numeric=311920 mvno_type=spn mcc=311 type=ims,ia bearer_bitmask=8192 apn=VZWIMS
01-15 16:11:28.280 3358 3358 E TelephonyProvider: dbh.selectConflictingRow: Expected 1 but found 0 matching rows found for cv protocol=IPV4V6 mnc=920 roaming_protocol=IPV4V6 mvno_match_data=charitonvalley sub_id=-1 name=Chariton FOTA numeric=311920 mvno_type=spn mcc=311 type=fota bearer_bitmask=8192 apn=VZWADMIN
01-15 16:11:28.281 3358 3358 E TelephonyProvider: dbh.selectConflictingRow: Expected 1 but found 0 matching rows found for cv mnc=920 mmsc=http://mms.cvalley.net mmsport=80 mvno_match_data=charitonvalley sub_id=-1 numeric=311920 mcc=311 type=default,mms,dun,supl protocol=IPV4V6 roaming_protocol=IPV4V6 name=Chariton valley mvno_type=spn bearer_bitmask=8192 apn=VZWINTERNET mmsproxy=
01-15 16:11:28.282 2484 2499 D AutofillManagerServiceImpl: Reset component for user 0
01-15 16:11:28.282 2484 2499 D AutofillManagerServiceImpl: Reset component for user 0
01-15 16:11:28.282 2484 2499 I ActivityManager: Loading recents for user 0 into memory.
01-15 16:11:28.282 2484 2500 D AutofillUI: destroySaveUiUiThread(): already destroyed
01-15 16:11:28.284 3358 3358 E TelephonyProvider: dbh.selectConflictingRow: Expected 1 but found 0 matching rows found for cv protocol=IPV4V6 mnc=040 roaming_protocol=IPV4V6 mvno_match_data=custer sub_id=-1 name=Custer IMS numeric=312040 mvno_type=spn mcc=312 type=ims,ia bearer_bitmask=8192 apn=VZWIMS
01-15 16:11:28.284 3358 3358 E TelephonyProvider: dbh.selectConflictingRow: Expected 1 but found 0 matching rows found for cv protocol=IPV4V6 mnc=040 roaming_protocol=IPV4V6 mvno_match_data=custer sub_id=-1 name=Custer FOTA numeric=312040 mvno_type=spn mcc=312 type=fota bearer_bitmask=8192 apn=VZWADMIN
01-15 16:11:28.286 3358 3358 E TelephonyProvider: dbh.selectConflictingRow: Expected 1 but found 0 matching rows found for cv mnc=040 mmsc=http://mms.rinawireless.com mmsport= mvno_match_data=custer sub_id=-1 numeric=312040 mcc=312 type=default,mms,dun,supl protocol=IPV4V6 roaming_protocol=IPV4V6 name=Custer mvno_type=spn bearer_bitmask=8192 apn=VZWINTERNET mmsproxy=
01-15 16:11:28.286 2484 3496 W ResourceType: No known package when getting value for resource number 0x7f08012f
01-15 16:11:28.286 2484 3496 W ResourceType: No known package when getting value for resource number 0x7f120e2b
01-15 16:11:28.286 2484 3496 W ResourceType: No known package when getting value for resource number 0x7f08012e
01-15 16:11:28.286 2484 3496 W ResourceType: No known package when getting value for resource number 0x7f1203e1
01-15 16:11:28.286 2484 3496 W ResourceType: No known package when getting value for resource number 0x7f08012d
01-15 16:11:28.286 2484 3496 W ResourceType: No known package when getting value for resource number 0x7f1208a3
01-15 16:11:28.287 3358 3358 E TelephonyProvider: dbh.selectConflictingRow: Expected 1 but found 0 matching rows found for cv protocol=IPV4V6 mnc=160 roaming_protocol=IPV4V6 mvno_match_data=chatmobility sub_id=-1 name=Chatmobility IMS numeric=312160 mvno_type=spn mcc=312 type=ims,ia bearer_bitmask=8192 apn=VZWIMS
01-15 16:11:28.288 3358 3358 E TelephonyProvider: dbh.selectConflictingRow: Expected 1 but found 0 matching rows found for cv protocol=IPV4V6 mnc=160 roaming_protocol=IPV4V6 mvno_match_data=chatmobility sub_id=-1 name=chatmobility FOTA numeric=312160 mvno_type=spn mcc=312 type=fota bearer_bitmask=8192 apn=VZWADMIN
01-15 16:11:28.288 3497 3497 W zygote64: Unexpected CPU variant for X86 using defaults: x86_64
01-15 16:11:28.288 3358 3358 E TelephonyProvider: dbh.selectConflictingRow: Expected 1 but found 0 matching rows found for cv mnc=160 mmsc=http://mms.chatmobility.com/mms/ mmsport=80 mvno_match_data=chatmobility sub_id=-1 numeric=312160 mcc=312 type=default,mms,dun,supl protocol=IPV4V6 roaming_protocol=IPV4V6 name=chatmobility mvno_type=spn bearer_bitmask=8192 apn=VZWINTERNET mmsproxy=
01-15 16:11:28.289 3358 3358 E TelephonyProvider: dbh.selectConflictingRow: Expected 1 but found 0 matching rows found for cv server=* mnc=420 mmsc=http://mms.ntwls.net/nex-tech/mms.php mmsport= sub_id=-1 numeric=312420 mcc=312 type=admin,fota,ota protocol=IP name=NexTech Ota bearer_bitmask=4096 apn=admin.lte.ntwls.com mmsproxy=
01-15 16:11:28.289 3358 3358 E TelephonyProvider: dbh.selectConflictingRow: Expected 1 but found 0 matching rows found for cv server=* mnc=420 mmsc=http://mms.ntwls.net/nex-tech/mms.php mmsport= sub_id=-1 numeric=312420 mcc=312 type=dun,pam protocol=IPV4V6 name=NexTech Tether bearer_bitmask=4096 apn=modem.lte.ntwls.com mmsproxy=
01-15 16:11:28.290 3358 3358 E TelephonyProvider: dbh.selectConflictingRow: Expected 1 but found 0 matching rows found for cv protocol=IPV4V6 mnc=000 roaming_protocol=IPV4V6 mvno_match_data=openmobile sub_id=-1 name=Openmobile IMS numeric=330000 mvno_type=spn mcc=330 type=ims,ia bearer_bitmask=8192 apn=VZWIMS
01-15 16:11:28.291 3358 3358 E TelephonyProvider: dbh.selectConflictingRow: Expected 1 but found 0 matching rows found for cv protocol=IPV4V6 mnc=000 roaming_protocol=IPV4V6 mvno_match_data=openmobile sub_id=-1 name=Openmobile FOTA numeric=330000 mvno_type=spn mcc=330 type=fota bearer_bitmask=8192 apn=VZWADMIN
01-15 16:11:28.291 3358 3358 E TelephonyProvider: dbh.selectConflictingRow: Expected 1 but found 0 matching rows found for cv mnc=000 mmsc=http://mms.openmobilepr.com:1981/ mmsport= mvno_match_data=openmobile sub_id=-1 numeric=330000 mcc=330 type=default,mms,dun,supl protocol=IPV4V6 roaming_protocol=IPV4V6 name=Openmobile mvno_type=spn bearer_bitmask=8192 apn=VZWINTERNET mmsproxy=
01-15 16:11:28.291 3358 3358 E TelephonyProvider: dbh.selectConflictingRow: Expected 1 but found 0 matching rows found for cv mnc=110 sub_id=-1 name=Puerto Rico:Claro:Banda Ancha numeric=330110 mcc=330 type=dun bearer_bitmask=0 apn=lte.claropr.com authtype=1
01-15 16:11:28.293 2484 2499 I ActivityManager: Start proc 3497:org.android_x86.analytics/u0a3 for added application org.android_x86.analytics
01-15 16:11:28.294 3358 3358 E TelephonyProvider: dbh.selectConflictingRow: Expected 1 but found 0 matching rows found for cv password= mnc=180 sub_id=-1 name=Lime Internet Postpaid numeric=338180 mcc=338 type=default,supl bearer_bitmask=0 user= apn=internet authtype=1
01-15 16:11:28.294 3358 3358 E TelephonyProvider: dbh.selectConflictingRow: Expected 1 but found 0 matching rows found for cv mnc=180 mmsc=http://mmsc mmsport=8799 sub_id=-1 numeric=338180 mcc=338 type=mms authtype=1 password= name=Lime Postpaid MMS bearer_bitmask=0 user= apn=multimedia mmsproxy=10.20.5.34
01-15 16:11:28.295 3358 3358 E TelephonyProvider: dbh.selectConflictingRow: Expected 1 but found 0 matching rows found for cv mnc=600 mmsc=http://www.time4lime.com/ sub_id=-1 name=Barbado:Lime:Modem numeric=342600 mcc=342 type=dun bearer_bitmask=0 apn=internet authtype=1
01-15 16:11:28.296 3358 3358 E TelephonyProvider: dbh.selectConflictingRow: Expected 1 but found 0 matching rows found for cv mnc=920 mmsc=http://www.time4lime.com/ sub_id=-1 name=Antigua:Lime:Modem numeric=344920 mcc=344 type=dun bearer_bitmask=0 apn=internet authtype=1
01-15 16:11:28.296 3358 3358 E TelephonyProvider: dbh.selectConflictingRow: Expected 1 but found 0 matching rows found for cv mnc=140 mmsc=http://www.time4lime.com/ sub_id=-1 name=Cayman Islands:Lime:Modem numeric=346140 mcc=346 type=dun bearer_bitmask=0 apn=internet authtype=1
01-15 16:11:28.298 3358 3358 E TelephonyProvider: dbh.selectConflictingRow: Expected 1 but found 0 matching rows found for cv mnc=170 mmsc=http://www.time4lime.com/ sub_id=-1 name=Bvi:Lime:Modem numeric=348170 mcc=348 type=dun bearer_bitmask=0 apn=internet authtype=1
01-15 16:11:28.298 3358 3358 E TelephonyProvider: dbh.selectConflictingRow: Expected 1 but found 0 matching rows found for cv mnc=110 mmsc=http://www.time4lime.com/ sub_id=-1 name=Grenada:Lime:Modem numeric=352110 mcc=352 type=dun bearer_bitmask=0 apn=internet authtype=1
01-15 16:11:28.299 3358 3358 E TelephonyProvider: dbh.selectConflictingRow: Expected 1 but found 0 matching rows found for cv mnc=860 mmsc=http://www.time4lime.com/ sub_id=-1 name=Monserrat:Lime:Modem numeric=354860 mcc=354 type=dun bearer_bitmask=0 apn=internet authtype=1
01-15 16:11:28.299 3358 3358 E TelephonyProvider: dbh.selectConflictingRow: Expected 1 but found 0 matching rows found for cv mnc=110 mmsc=http://www.time4lime.com/ sub_id=-1 name=St Kitts And Nevis:Lime:Modem numeric=356110 mcc=356 type=dun bearer_bitmask=0 apn=internet authtype=1
01-15 16:11:28.300 3358 3358 E TelephonyProvider: dbh.selectConflictingRow: Expected 1 but found 0 matching rows found for cv mnc=110 mmsc=http://www.time4lime.com/ sub_id=-1 name=St Lucia:Lime:Modem numeric=358110 mcc=358 type=dun bearer_bitmask=0 apn=internet authtype=1
01-15 16:11:28.301 3358 3358 E TelephonyProvider: dbh.selectConflictingRow: Expected 1 but found 0 matching rows found for cv mnc=110 mmsc=http://www.time4lime.com/ sub_id=-1 name=St Vincent:Lime:Modem numeric=360110 mcc=360 type=dun bearer_bitmask=0 apn=internet authtype=1
01-15 16:11:28.302 3358 3358 E TelephonyProvider: dbh.selectConflictingRow: Expected 1 but found 0 matching rows found for cv mnc=840 mmsc=http://www.time4lime.com/ sub_id=-1 name=Anguilla:Lime:Modem numeric=365840 mcc=365 type=dun bearer_bitmask=0 apn=internet authtype=1
01-15 16:11:28.303 3358 3358 E TelephonyProvider: dbh.selectConflictingRow: Expected 1 but found 0 matching rows found for cv mnc=110 mmsc=http://www.time4lime.com/ sub_id=-1 name=Dominica:Lime:Modem numeric=366110 mcc=366 type=dun bearer_bitmask=0 apn=internet authtype=1
01-15 16:11:28.303 3438 3438 I sh : Found hardware: "HDA-Intel" "Realtek ALC293" "HDA:10ec0293,17aa5053,00100003 HDA:80862809,80860101,00100000" "0x17aa" "0x5053"
01-15 16:11:28.303 3438 3438 I sh : Hardware is initialized using a generic method
01-15 16:11:28.308 3438 3438 I sh : + alsa_amixer -c 0 set Master on
01-15 16:11:28.317 2484 2499 I ActivityManager: User 0 state changed from RUNNING_UNLOCKING to RUNNING_UNLOCKED
01-15 16:11:28.317 2484 2499 I PreBootBroadcaster: Pre-boot of {com.android.managedprovisioning/com.android.managedprovisioning.ota.PreBootListener} for user 0
01-15 16:11:28.318 2368 2368 E lowmemorykiller: Error opening /dev/memcg/apps/uid_10037/pid_3481/memory.soft_limit_in_bytes; errno=2
01-15 16:11:28.321 3438 3438 I sh : Simple mixer control 'Master',0
01-15 16:11:28.321 3438 3438 I sh : Capabilities: pvolume pvolume-joined pswitch pswitch-joined penum
01-15 16:11:28.321 3438 3438 I sh : Playback channels: Mono
01-15 16:11:28.321 3438 3438 I sh : Limits: Playback 0 - 87
01-15 16:11:28.321 3438 3438 I sh : Mono: Playback 60 [69%] [-20.25dB] [on]
01-15 16:11:28.321 3438 3438 I sh : + alsa_amixer -c 0 set Master 100%
01-15 16:11:28.326 3438 3438 I sh : Simple mixer control 'Master',0
01-15 16:11:28.326 3438 3438 I sh : Capabilities: pvolume pvolume-joined pswitch pswitch-joined penum
01-15 16:11:28.326 3438 3438 I sh : Playback channels: Mono
01-15 16:11:28.326 3438 3438 I sh : Limits: Playback 0 - 87
01-15 16:11:28.326 3438 3438 I sh : Mono: Playback 87 [100%] [0.00dB] [on]
01-15 16:11:28.326 3438 3438 I sh : + alsa_amixer -c 0 set Headphone on
01-15 16:11:28.328 2368 2368 E lowmemorykiller: Error opening /dev/memcg/apps/uid_10003/pid_3497/memory.soft_limit_in_bytes; errno=2
01-15 16:11:28.330 2484 2500 W TelecomManager: Telecom Service not found.
01-15 16:11:28.331 3390 3390 D FallbackHome: User unlocked and real home found; let's go!
01-15 16:11:28.332 3438 3438 I sh : Simple mixer control 'Headphone',0
01-15 16:11:28.332 3438 3438 I sh : Capabilities: pvolume pswitch penum
01-15 16:11:28.332 3438 3438 I sh : Playback channels: Front Left - Front Right
01-15 16:11:28.332 3438 3438 I sh : Limits: Playback 0 - 87
01-15 16:11:28.332 3438 3438 I sh : Mono:
01-15 16:11:28.332 3438 3438 I sh : Front Left: Playback 87 [100%] [0.00dB] [on]
01-15 16:11:28.332 3438 3438 I sh : Front Right: Playback 87 [100%] [0.00dB] [on]
01-15 16:11:28.332 3438 3438 I sh : + alsa_amixer -c 0 set Headphone 100%
01-15 16:11:28.334 2484 2484 V NotificationListeners: enabling notification listener for 0: ComponentInfo{com.android.launcher3/com.android.launcher3.notification.NotificationListener}
01-15 16:11:28.335 2484 3413 I ActivityManager: START u0 {act=android.intent.action.MAIN cat=[android.intent.category.HOME] flg=0x10000100 cmp=com.google.android.setupwizard/.SetupWizardActivity} from uid 0
01-15 16:11:28.338 2484 3496 W ResourceType: No known package when getting value for resource number 0x7f020078
01-15 16:11:28.338 2484 3496 W ResourceType: No known package when getting value for resource number 0x7f09024c
01-15 16:11:28.339 2484 3496 W ResourceType: No known package when getting value for resource number 0x7f020066
01-15 16:11:28.339 2484 3496 W ResourceType: No known package when getting value for resource number 0x7f0e0065
01-15 16:11:28.340 3438 3438 I sh : Simple mixer control 'Headphone',0
01-15 16:11:28.340 3438 3438 I sh : Capabilities: pvolume pswitch penum
01-15 16:11:28.340 3438 3438 I sh : Playback channels: Front Left - Front Right
01-15 16:11:28.340 3438 3438 I sh : Limits: Playback 0 - 87
01-15 16:11:28.340 3438 3438 I sh : Mono:
01-15 16:11:28.340 3438 3438 I sh : Front Left: Playback 87 [100%] [0.00dB] [on]
01-15 16:11:28.340 3438 3438 I sh : Front Right: Playback 87 [100%] [0.00dB] [on]
01-15 16:11:28.341 3438 3438 I sh : + alsa_amixer -c 0 set Speaker 100%
01-15 16:11:28.345 3438 3438 I sh : Simple mixer control 'Speaker',0
01-15 16:11:28.345 3438 3438 I sh : Capabilities: pvolume pswitch penum
01-15 16:11:28.345 3438 3438 I sh : Playback channels: Front Left - Front Right
01-15 16:11:28.345 3438 3438 I sh : Limits: Playback 0 - 87
01-15 16:11:28.345 3438 3438 I sh : Mono:
01-15 16:11:28.345 3438 3438 I sh : Front Left: Playback 87 [100%] [0.00dB] [on]
01-15 16:11:28.345 3438 3438 I sh : Front Right: Playback 87 [100%] [0.00dB] [on]
01-15 16:11:28.345 3438 3438 I sh : + alsa_amixer -c 0 set Capture 100%
01-15 16:11:28.349 3438 3438 I sh : Simple mixer control 'Capture',0
01-15 16:11:28.349 3438 3438 I sh : Capabilities: cvolume cswitch penum
01-15 16:11:28.349 3438 3438 I sh : Capture channels: Front Left - Front Right
01-15 16:11:28.349 3438 3438 I sh : Limits: Capture 0 - 63
01-15 16:11:28.349 3438 3438 I sh : Front Left: Capture 63 [100%] [30.00dB] [on]
01-15 16:11:28.349 3438 3438 I sh : Front Right: Capture 63 [100%] [30.00dB] [on]
01-15 16:11:28.349 3438 3438 I sh : + alsa_amixer -c 0 set Capture cap
01-15 16:11:28.352 3438 3438 I sh : Simple mixer control 'Capture',0
01-15 16:11:28.352 3438 3438 I sh : Capabilities: cvolume cswitch penum
01-15 16:11:28.352 3438 3438 I sh : Capture channels: Front Left - Front Right
01-15 16:11:28.352 3438 3438 I sh : Limits: Capture 0 - 63
01-15 16:11:28.352 3438 3438 I sh : Front Left: Capture 63 [100%] [30.00dB] [on]
01-15 16:11:28.352 3438 3438 I sh : Front Right: Capture 63 [100%] [30.00dB] [on]
01-15 16:11:28.353 3438 3438 I sh : + alsa_amixer -c 0 set PCM 100 unmute
01-15 16:11:28.357 3438 3438 I sh : amixer: Unable to find simple control 'PCM',0
01-15 16:11:28.357 3438 3438 I sh :
01-15 16:11:28.358 3438 3438 I sh : + alsa_amixer -c 0 set SPO unmute
01-15 16:11:28.361 3438 3438 I sh : amixer: Unable to find simple control 'SPO',0
01-15 16:11:28.361 3438 3438 I sh :
01-15 16:11:28.362 3438 3438 I sh : + alsa_amixer -c 0 set IEC958 on
01-15 16:11:28.367 3438 3438 I sh : Simple mixer control 'IEC958',0
01-15 16:11:28.367 3438 3438 I sh : Capabilities: pswitch pswitch-joined penum
01-15 16:11:28.367 3438 3438 I sh : Playback channels: Mono
01-15 16:11:28.367 3438 3438 I sh : Mono: Playback [on]
01-15 16:11:28.367 3438 3438 I sh : + alsa_amixer -c 0 set 'Mic Boost' 3
01-15 16:11:28.372 3438 3438 I sh : Simple mixer control 'Mic Boost',0
01-15 16:11:28.372 3438 3438 I sh : Capabilities: volume penum
01-15 16:11:28.372 3438 3438 I sh : Playback channels: Front Left - Front Right
01-15 16:11:28.372 3438 3438 I sh : Capture channels: Front Left - Front Right
01-15 16:11:28.372 3438 3438 I sh : Limits: 0 - 3
01-15 16:11:28.372 3438 3438 I sh : Front Left: 3 [100%] [30.00dB]
01-15 16:11:28.372 3438 3438 I sh : Front Right: 3 [100%] [30.00dB]
01-15 16:11:28.372 3438 3438 I sh : + alsa_amixer -c 0 set 'Internal Mic Boost' 3
01-15 16:11:28.377 3438 3438 I sh : Simple mixer control 'Internal Mic Boost',0
01-15 16:11:28.377 3438 3438 I sh : Capabilities: volume penum
01-15 16:11:28.377 3438 3438 I sh : Playback channels: Front Left - Front Right
01-15 16:11:28.377 3438 3438 I sh : Capture channels: Front Left - Front Right
01-15 16:11:28.377 3438 3438 I sh : Limits: 0 - 3
01-15 16:11:28.377 3438 3438 I sh : Front Left: 3 [100%] [30.00dB]
01-15 16:11:28.377 3438 3438 I sh : Front Right: 3 [100%] [30.00dB]
01-15 16:11:28.377 3438 3438 I sh : + post_bootcomplete
01-15 16:11:28.378 3438 3438 I sh : /system/etc/init.sh[479]: post_bootcomplete: not found
01-15 16:11:28.378 3438 3438 I sh : + return 0
01-15 16:11:28.403 3528 3528 I bootstat: Service started: /system/bin/bootstat --record_boot_complete
01-15 16:11:28.403 3528 3528 E bootstat: Failed to read /data/misc/bootstat/last_boot_time_utc: No such file or directory
01-15 16:11:28.403 3528 3528 E bootstat: Failed to parse boot time record: /data/misc/bootstat/last_boot_time_utc
01-15 16:11:28.403 3528 3528 E bootstat: Failed to read /data/misc/bootstat/build_date: No such file or directory
01-15 16:11:28.403 3528 3528 E bootstat: Failed to parse boot time record: /data/misc/bootstat/build_date
01-15 16:11:28.403 3528 3528 E bootstat: Failed to read /data/misc/bootstat/post_decrypt_time_elapsed: No such file or directory
01-15 16:11:28.403 3528 3528 E bootstat: Failed to parse boot time record: /data/misc/bootstat/post_decrypt_time_elapsed
01-15 16:11:28.404 3358 3358 E TelephonyProvider: dbh.selectConflictingRow: Expected 1 but found 0 matching rows found for cv mnc=40 sub_id=-1 name=Korek 9494 numeric=41840 mcc=418 type=default,supl bearer_bitmask=0 apn=internet.korek.com
01-15 16:11:28.406 3529 3529 I bootstat: Service started: /system/bin/bootstat --record_boot_reason
01-15 16:11:28.407 3529 3529 I bootstat: Unknown boot reason:
01-15 16:11:28.411 3530 3530 I bootstat: Service started: /system/bin/bootstat --record_time_since_factory_reset
01-15 16:11:28.411 3530 3530 E bootstat: Failed to read /data/misc/bootstat/factory_reset: No such file or directory
01-15 16:11:28.411 3530 3530 E bootstat: Failed to parse boot time record: /data/misc/bootstat/factory_reset
01-15 16:11:28.415 3531 3531 I bootstat: Service started: /system/bin/bootstat -l
01-15 16:11:28.422 3358 3358 E TelephonyProvider: dbh.selectConflictingRow: Expected 1 but found 0 matching rows found for cv mnc=07 mmsc=http://mms mmsport=8080 sub_id=-1 numeric=45207 mcc=452 type=mms authtype=2 password=mms name=Gmobile MMS bearer_bitmask=0 user=mms apn=mms mmsproxy=10.16.70.199
01-15 16:11:28.425 3358 3358 E TelephonyProvider: dbh.selectConflictingRow: Expected 1 but found 0 matching rows found for cv mnc=00 mmsc=http://192.168.58.171:8002 mmsport=8080 sub_id=-1 name=one2free numeric=45400 mcc=454 type=default,supl,mms bearer_bitmask=0 apn=mobile mmsproxy=192.168.59.51 authtype=3
01-15 16:11:28.425 3358 3358 E TelephonyProvider: dbh.selectConflictingRow: Expected 1 but found 0 matching rows found for cv mnc=02 mmsc=http://192.168.58.171:8002 mmsport=8080 sub_id=-1 name=one2free numeric=45402 mcc=454 type=default,supl,mms bearer_bitmask=0 apn=mobile mmsproxy=192.168.59.51 authtype=3
01-15 16:11:28.427 3358 3358 E TelephonyProvider: dbh.selectConflictingRow: Expected 1 but found 0 matching rows found for cv mnc=18 mmsc=http://192.168.58.171:8002 mmsport=8080 sub_id=-1 name=one2free numeric=45418 mcc=454 type=default,supl,mms bearer_bitmask=0 apn=mobile mmsproxy=192.168.59.51 authtype=3
01-15 16:11:28.445 3358 3358 E TelephonyProvider: dbh.selectConflictingRow: Expected 1 but found 0 matching rows found for cv password=3gprs mnc=89 sub_id=-1 name=3GPRS numeric=51089 mcc=510 type=default,supl bearer_bitmask=0 user=3gprs apn=3gprs authtype=1
01-15 16:11:28.446 3358 3358 E TelephonyProvider: dbh.selectConflictingRow: Expected 1 but found 0 matching rows found for cv mnc=05 sub_id=-1 name=Sun Streaming numeric=51505 mcc=515 type=default,supl bearer_bitmask=0 apn=minternet
01-15 16:11:28.450 3358 3358 E TelephonyProvider: dbh.selectConflictingRow: Expected 1 but found 0 matching rows found for cv mnc=05 mvno_match_data=53005204 sub_id=-1 name=Data numeric=53005 mvno_type=imsi mcc=530 type=default,supl bearer_bitmask=0 apn=wapaccess.co.nz
01-15 16:11:28.488 3533 3533 W zygote64: Unexpected CPU variant for X86 using defaults: x86_64
01-15 16:11:28.492 3358 3358 E TelephonyProvider: dbh.selectConflictingRow: Expected 1 but found 0 matching rows found for cv password=sercomtel mnc=15 sub_id=-1 name=Sercomtel:Modem numeric=72415 mcc=724 type=dun bearer_bitmask=0 user=sercomtel apn=sercomtel.com.br authtype=1
01-15 16:11:28.494 3358 3358 E TelephonyProvider: dbh.selectConflictingRow: Expected 1 but found 0 matching rows found for cv password=1212 mnc=32 sub_id=-1 name=CTBC:Modem:1 numeric=72432 mcc=724 type=dun bearer_bitmask=0 user=CTBC apn=ctbc.br authtype=1
01-15 16:11:28.494 3358 3358 E TelephonyProvider: dbh.selectConflictingRow: Expected 1 but found 0 matching rows found for cv password=1212 mnc=33 sub_id=-1 name=CTBC:Modem:2 numeric=72433 mcc=724 type=dun bearer_bitmask=0 user=CTBC apn=ctbc.br authtype=1
01-15 16:11:28.495 3358 3358 E TelephonyProvider: dbh.selectConflictingRow: Expected 1 but found 0 matching rows found for cv password=1212 mnc=34 sub_id=-1 name=CTBC:Modem:3 numeric=72434 mcc=724 type=dun bearer_bitmask=0 user=CTBC apn=ctbc.br authtype=1
01-15 16:11:28.495 2484 3413 I ActivityManager: Start proc 3533:com.google.android.setupwizard/u0a30 for activity com.google.android.setupwizard/.SetupWizardActivity
01-15 16:11:28.498 2484 2484 W zygote64: Long monitor contention with owner Binder:2484_2 (2496) at boolean com.android.server.am.ActivityManagerService.finishActivity(android.os.IBinder, int, android.content.Intent, int)(ActivityManagerService.java:5034) waiters=2 in android.content.IIntentSender com.android.server.am.ActivityManagerService.getIntentSender(int, java.lang.String, android.os.IBinder, java.lang.String, int, android.content.Intent[], java.lang.String[], int, android.os.Bundle, int) for 164ms
01-15 16:11:28.498 2484 2484 V NotificationListeners: binding: Intent { act=android.service.notification.NotificationListenerService cmp=com.android.launcher3/.notification.NotificationListener (has extras) }
01-15 16:11:28.499 2484 2500 W Looper : Dispatch took 169ms on android.ui, h=Handler (com.android.server.policy.PhoneWindowManager$PolicyHandler) {f914b5d} cb=android.database.ContentObserver$NotificationRunnable@cc19cd2 msg=0
01-15 16:11:28.499 2484 2499 W zygote64: Long monitor contention with owner Binder:2484_9 (3413) at void com.android.server.am.ActivityManagerService.activityPaused(android.os.IBinder)(ActivityManagerService.java:7438) waiters=3 in void com.android.server.am.TaskChangeNotificationController$MainHandler.handleMessage(android.os.Message) for 164ms
01-15 16:11:28.501 3358 3358 E TelephonyProvider: dbh.selectConflictingRow: Expected 1 but found 0 matching rows found for cv password=entelpcs mnc=10 sub_id=-1 name=Internet Movil numeric=73010 mcc=730 type=default,supl bearer_bitmask=0 user=entelpcs apn=bam.entelpcs.cl authtype=1
01-15 16:11:28.502 3358 3358 E TelephonyProvider: dbh.selectConflictingRow: Expected 1 but found 0 matching rows found for cv mnc=10 mmsc=http://mmsc.entelpcs.cl mmsport=8080 sub_id=-1 numeric=73010 mcc=730 type=mms authtype=1 password=entelpcs name=MMS Entel PCS bearer_bitmask=0 user=entelpcs apn=mms.entelpcs.cl mmsproxy=10.99.0.10
01-15 16:11:28.503 3547 3547 W zygote64: Unexpected CPU variant for X86 using defaults: x86_64
01-15 16:11:28.503 3358 3358 E TelephonyProvider: dbh.selectConflictingRow: Expected 1 but found 0 matching rows found for cv mnc=103 mvno_match_data=ETB MOVI sub_id=-1 numeric=732103 mcc=732 type=default,dun authtype=0 password=etb name=Internet ETB mvno_type=spn bearer_bitmask=0 user=etb apn=moviletb.net.co
01-15 16:11:28.509 2484 2484 I ActivityManager: Start proc 3547:com.android.launcher3/u0a25 for service com.android.launcher3/.notification.NotificationListener
01-15 16:11:28.509 2484 2484 I AccountManagerService: User 0 is unlocked - opening CE database
01-15 16:11:28.509 2368 2368 E lowmemorykiller: Error opening /dev/memcg/apps/uid_10015/pid_3433/memory.soft_limit_in_bytes; errno=2
01-15 16:11:28.509 2484 3159 W SchedPolicy: add_tid_to_cgroup failed to write '3433' (Permission denied); fd=25
01-15 16:11:28.510 2484 3406 W zygote64: Long monitor contention with owner Binder:2484_9 (3413) at void com.android.server.am.ActivityManagerService.activityPaused(android.os.IBinder)(ActivityManagerService.java:7438) waiters=4 in java.lang.String com.android.server.am.ActivityManagerService.checkContentProviderAccess(java.lang.String, int) for 174ms
01-15 16:11:28.510 2368 2368 E lowmemorykiller: Error opening /dev/memcg/apps/uid_1000/pid_3390/memory.soft_limit_in_bytes; errno=2
01-15 16:11:28.510 2484 2484 I AccountsDb: Creating CE database /data/system_ce/0/accounts_ce.db
01-15 16:11:28.517 3563 3563 W zygote64: Unexpected CPU variant for X86 using defaults: x86_64
01-15 16:11:28.518 3358 3358 E TelephonyProvider: dbh.selectConflictingRow: Expected 1 but found 0 matching rows found for cv mnc=07 sub_id=-1 name=Orange net KE numeric=63907 mcc=639 type=default bearer_bitmask=0 apn=bew.orange.co.ke
01-15 16:11:28.518 3358 3358 E TelephonyProvider: dbh.selectConflictingRow: Expected 1 but found 0 matching rows found for cv password=orange mnc=00 sub_id=-1 name=Orange RE numeric=64700 mcc=647 type=default bearer_bitmask=0 user=orange apn=orangerun
01-15 16:11:28.520 2484 3496 W ResourceType: No known package when getting value for resource number 0x7f0200f8
01-15 16:11:28.521 2484 3496 W ResourceType: No known package when getting value for resource number 0x7f13032b
01-15 16:11:28.521 2484 3311 I ActivityManager: Start proc 3563:com.android.keychain/1000 for service com.android.keychain/.KeyChainService
01-15 16:11:28.523 2484 2496 W SchedPolicy: add_tid_to_cgroup failed to write '3533' (Permission denied); fd=27
01-15 16:11:28.523 2368 2368 E lowmemorykiller: Error opening /dev/memcg/apps/uid_10030/pid_3533/memory.soft_limit_in_bytes; errno=2
01-15 16:11:28.531 2368 2368 E lowmemorykiller: Error opening /dev/memcg/apps/uid_1000/pid_3563/memory.soft_limit_in_bytes; errno=2
01-15 16:11:28.532 2368 2368 E lowmemorykiller: Error opening /dev/memcg/apps/uid_10025/pid_3547/memory.soft_limit_in_bytes; errno=2
01-15 16:11:28.532 2368 2368 E lowmemorykiller: Error opening /dev/memcg/apps/uid_10015/pid_3433/memory.soft_limit_in_bytes; errno=2
01-15 16:11:28.532 2368 2368 E lowmemorykiller: Error opening /dev/memcg/apps/uid_1000/pid_3372/memory.soft_limit_in_bytes; errno=2
01-15 16:11:28.541 3358 3358 D TelephonyProvider: Checksum for /system/etc/apns-conf.xml is 506528575
01-15 16:11:28.544 3358 3358 D TelephonyProvider: dbh.onCreate:- db=SQLiteDatabase: /data/user_de/0/com.android.providers.telephony/databases/telephony.db
01-15 16:11:28.545 3358 3358 D TelephonyProvider: dbh.onOpen: ok, queried table=siminfo
01-15 16:11:28.545 3358 3358 D TelephonyProvider: dbh.onOpen: ok, queried table=carriers
01-15 16:11:28.546 3358 3358 D TelephonyProvider: onCreate: build id changed from to OPM1.171019.011
01-15 16:11:28.546 3358 3358 D TelephonyProvider: No APNs in OEM image = /oem/telephony/apns-conf.xml Load APNs from system image
01-15 16:11:28.546 3358 3358 D TelephonyProvider: No APNs in OEM image = /data/misc/apns-conf.xml Load APNs from system image
01-15 16:11:28.562 3358 3358 D TelephonyProvider: Checksum for /system/etc/apns-conf.xml is 506528575
01-15 16:11:28.562 3358 3358 D TelephonyProvider: newChecksum: 506528575
01-15 16:11:28.562 3358 3358 D TelephonyProvider: oldChecksum: 506528575
01-15 16:11:28.562 3358 3358 D TelephonyProvider: Skipping apn db update since apn-conf has not changed.
01-15 16:11:28.562 2484 2484 D BackupTransportManager: Bound to transport: android/com.android.internal.backup.LocalTransportService
01-15 16:11:28.563 3460 3460 I AlarmClock: AlarmInitReceiver android.intent.action.LOCKED_BOOT_COMPLETED
01-15 16:11:28.565 3590 3590 W zygote64: Unexpected CPU variant for X86 using defaults: x86_64
01-15 16:11:28.566 2484 2504 W AppWidgetServiceImpl: Failed to read state: java.io.FileNotFoundException: /data/system/users/0/appwidgets.xml (No such file or directory)
01-15 16:11:28.566 2484 2504 V AppWidgetServiceImpl: Upgrading widget database from 0 to 1
01-15 16:11:28.566 2484 2504 I AppWidgetServiceImpl: Async processing of onUserUnlocked u0 took 363 ms
01-15 16:11:28.567 3358 3358 D CarrierProvider: onCreate
01-15 16:11:28.570 3460 3603 I AlarmClock: Fixing alarm instances
01-15 16:11:28.572 3460 3603 I AlarmClock: Alarms Table created
01-15 16:11:28.572 3460 3603 I AlarmClock: Instance table created
01-15 16:11:28.572 3460 3603 I AlarmClock: Inserting default alarms
01-15 16:11:28.572 2484 3413 I ActivityManager: Start proc 3590:com.google.android.gms.persistent/u0a18 for service com.google.android.gms/.auth.frp.FrpService
01-15 16:11:28.572 2368 2368 E lowmemorykiller: Error opening /dev/memcg/apps/uid_1000/pid_3563/memory.soft_limit_in_bytes; errno=2
01-15 16:11:28.574 2368 2368 E lowmemorykiller: Error opening /dev/memcg/apps/uid_10018/pid_3590/memory.soft_limit_in_bytes; errno=2
01-15 16:11:28.575 2368 2368 E lowmemorykiller: Error opening /dev/memcg/apps/uid_1000/pid_3563/memory.soft_limit_in_bytes; errno=2
01-15 16:11:28.579 2484 3496 W ResourceType: No known package when getting value for resource number 0x7f07008c
01-15 16:11:28.579 2484 3496 W ResourceType: No known package when getting value for resource number 0x7f0f0061
01-15 16:11:28.579 2368 2368 E lowmemorykiller: Error opening /dev/memcg/apps/uid_1000/pid_3563/memory.soft_limit_in_bytes; errno=2
01-15 16:11:28.580 2368 2368 E lowmemorykiller: Error opening /dev/memcg/apps/uid_10015/pid_3433/memory.soft_limit_in_bytes; errno=2
01-15 16:11:28.580 2368 2368 E lowmemorykiller: Error opening /dev/memcg/apps/uid_1000/pid_3372/memory.soft_limit_in_bytes; errno=2
01-15 16:11:28.580 3460 3603 V AlarmClock: AlarmInitReceiver finished
01-15 16:11:28.583 3590 3590 I zygote64: The ClassLoaderContext is a special shared library.
01-15 16:11:28.584 3612 3612 W zygote64: Unexpected CPU variant for X86 using defaults: x86_64
01-15 16:11:28.591 2484 3413 I ActivityManager: Start proc 3612:com.google.android.youtube/u0a75 for broadcast com.google.android.youtube/com.google.android.libraries.youtube.mdx.background.MdxBackgroundScanBootReceiver
01-15 16:11:28.591 3481 3481 I InteractorInitializer: Initialized process com.google.android.googlequicksearchbox:interactor
01-15 16:11:28.591 2368 2368 E lowmemorykiller: Error opening /dev/memcg/apps/uid_10053/pid_3460/memory.soft_limit_in_bytes; errno=2
01-15 16:11:28.591 2368 2368 E lowmemorykiller: Error opening /dev/memcg/apps/uid_1000/pid_3372/memory.soft_limit_in_bytes; errno=2
01-15 16:11:28.592 2484 3159 W SchedPolicy: add_tid_to_cgroup failed to write '3612' (Permission denied); fd=25
01-15 16:11:28.592 2368 2368 E lowmemorykiller: Error opening /dev/memcg/apps/uid_10075/pid_3612/memory.soft_limit_in_bytes; errno=2
01-15 16:11:28.593 2368 2368 E lowmemorykiller: Error opening /dev/memcg/apps/uid_10025/pid_3547/memory.soft_limit_in_bytes; errno=2
01-15 16:11:28.612 3533 3533 I SetupWizard.SetupWizardActivity: DEVICE_PROVISIONED=false USER_SETUP_COMPLETE=false
01-15 16:11:28.612 3533 3533 I SetupWizard.SetupWizardActivity: Early exit: provisioningMode=DISABLED
01-15 16:11:28.616 3626 3626 W zygote64: Unexpected CPU variant for X86 using defaults: x86_64
01-15 16:11:28.624 2484 3311 I ActivityManager: Start proc 3626:com.google.process.gapps/u0a18 for content provider com.google.android.gsf/.settings.GoogleSettingsProvider
01-15 16:11:28.624 2368 2368 E lowmemorykiller: Error opening /dev/memcg/apps/uid_10018/pid_3626/memory.soft_limit_in_bytes; errno=2
01-15 16:11:28.633 2484 3496 W ResourceType: No known package when getting value for resource number 0x7f0202f5
01-15 16:11:28.633 2484 3496 W ResourceType: No known package when getting value for resource number 0x7f120509
01-15 16:11:28.633 2484 3496 W ResourceType: No known package when getting value for resource number 0x7f0202f6
01-15 16:11:28.633 2484 3496 W ResourceType: No known package when getting value for resource number 0x7f120558
01-15 16:11:28.633 2484 3496 W ResourceType: No known package when getting value for resource number 0x7f0202f7
01-15 16:11:28.633 2484 3496 W ResourceType: No known package when getting value for resource number 0x7f120574
01-15 16:11:28.637 3626 3626 I GservicesProvider: Gservices pushing to system: true; secure/global: true
01-15 16:11:28.655 3590 3590 I LoadedApk: No resource references to update in package FFFFFFFFFFFFFFFFFFFFFF
01-15 16:11:28.663 3612 3653 W YouTube : Fetching the Gservices key 'failsafe_maxnumbercrash_12_15' before the end of the bulk initialization
