01-15 16:11:33.014 3590 4068 W PhenotypeFlagCommitter: at com.google.android.location.internal.AnalyticsSamplerChimeraReceiver.a(:com.google.android.gms:1)
01-15 16:11:33.014 3590 4068 W PhenotypeFlagCommitter: at com.google.android.location.internal.LocationPersistentInitIntentOperation.onHandleIntent(:com.google.android.gms:1)
01-15 16:11:33.014 3590 4068 W PhenotypeFlagCommitter: at com.google.android.chimera.IntentOperation.onHandleIntent(:com.google.android.gms:1)
01-15 16:11:33.014 3590 4068 W PhenotypeFlagCommitter: at byo.run(:com.google.android.gms:9)
01-15 16:11:33.014 3590 4068 W PhenotypeFlagCommitter: at byl.run(:com.google.android.gms:10)
01-15 16:11:33.014 3590 4068 W PhenotypeFlagCommitter: at java.util.concurrent.ThreadPoolExecutor.runWorker(ThreadPoolExecutor.java:1162)
01-15 16:11:33.014 3590 4068 W PhenotypeFlagCommitter: at java.util.concurrent.ThreadPoolExecutor$Worker.run(ThreadPoolExecutor.java:636)
01-15 16:11:33.014 3590 4068 W PhenotypeFlagCommitter: at java.lang.Thread.run(Thread.java:764)
01-15 16:11:33.014 3590 4068 W PhenotypeFlagCommitter: Caused by: khc
01-15 16:11:33.014 3590 4068 W PhenotypeFlagCommitter: at kmp.a(:com.google.android.gms:1)
01-15 16:11:33.014 3590 4068 W PhenotypeFlagCommitter: at ylt.d(:com.google.android.gms:1)
01-15 16:11:33.014 3590 4068 W PhenotypeFlagCommitter: at yob.b(:com.google.android.gms:3)
01-15 16:11:33.014 3590 4068 W PhenotypeFlagCommitter: at ynz.a(:com.google.android.gms:3)
01-15 16:11:33.014 3590 4068 W PhenotypeFlagCommitter: at ynz.a(:com.google.android.gms:34)
01-15 16:11:33.014 3590 4068 W PhenotypeFlagCommitter: at ldm.run(:com.google.android.gms:14)
01-15 16:11:33.014 3590 4068 W PhenotypeFlagCommitter: at lhb.run(:com.google.android.gms:24)
01-15 16:11:33.014 3590 4068 W PhenotypeFlagCommitter: at java.util.concurrent.ThreadPoolExecutor.runWorker(ThreadPoolExecutor.java:1162)
01-15 16:11:33.014 3590 4068 W PhenotypeFlagCommitter: at java.util.concurrent.ThreadPoolExecutor$Worker.run(ThreadPoolExecutor.java:636)
01-15 16:11:33.014 3590 4068 W PhenotypeFlagCommitter: at lmc.run(:com.google.android.gms:0)
01-15 16:11:33.014 3590 4068 W PhenotypeFlagCommitter: ... 1 more
01-15 16:11:33.015 2368 2368 E lowmemorykiller: Error opening /dev/memcg/apps/uid_10028/pid_4018/memory.soft_limit_in_bytes; errno=2
01-15 16:11:33.016 4018 4087 I zygote64: Deoptimizing java.lang.String com.google.android.flib.log.a.a(java.lang.String, java.lang.Object[]) due to JIT inline cache
01-15 16:11:33.016 4018 4087 I PlayCommon: [124] com.google.android.play.a.g.e(220): Preparing logs for uploading
01-15 16:11:33.017 2368 2368 E lowmemorykiller: Error opening /dev/memcg/apps/uid_10065/pid_4453/memory.soft_limit_in_bytes; errno=2
01-15 16:11:33.017 2368 2368 E lowmemorykiller: Error opening /dev/memcg/apps/uid_10022/pid_4521/memory.soft_limit_in_bytes; errno=2
01-15 16:11:33.017 2368 2368 E lowmemorykiller: Error opening /dev/memcg/apps/uid_10033/pid_4394/memory.soft_limit_in_bytes; errno=2
01-15 16:11:33.017 2368 2368 E lowmemorykiller: Error opening /dev/memcg/apps/uid_10011/pid_3826/memory.soft_limit_in_bytes; errno=2
01-15 16:11:33.017 2368 2368 E lowmemorykiller: Error opening /dev/memcg/apps/uid_10016/pid_4172/memory.soft_limit_in_bytes; errno=2
01-15 16:11:33.017 2368 2368 E lowmemorykiller: Error opening /dev/memcg/apps/uid_10046/pid_4204/memory.soft_limit_in_bytes; errno=2
01-15 16:11:33.017 2368 2368 E lowmemorykiller: Error opening /dev/memcg/apps/uid_10037/pid_3732/memory.soft_limit_in_bytes; errno=2
01-15 16:11:33.017 2368 2368 E lowmemorykiller: Error opening /dev/memcg/apps/uid_10054/pid_4503/memory.soft_limit_in_bytes; errno=2
01-15 16:11:33.017 2368 2368 E lowmemorykiller: Error opening /dev/memcg/apps/uid_10018/pid_3590/memory.soft_limit_in_bytes; errno=2
01-15 16:11:33.018 2368 2368 E lowmemorykiller: Error opening /dev/memcg/apps/uid_10033/pid_4394/memory.soft_limit_in_bytes; errno=2
01-15 16:11:33.018 2368 2368 E lowmemorykiller: Error opening /dev/memcg/apps/uid_10011/pid_3826/memory.soft_limit_in_bytes; errno=2
01-15 16:11:33.018 2368 2368 E lowmemorykiller: Error opening /dev/memcg/apps/uid_10026/pid_4377/memory.soft_limit_in_bytes; errno=2
01-15 16:11:33.018 2368 2368 E lowmemorykiller: Error opening /dev/memcg/apps/uid_10016/pid_4172/memory.soft_limit_in_bytes; errno=2
01-15 16:11:33.018 2368 2368 E lowmemorykiller: Error opening /dev/memcg/apps/uid_10053/pid_3460/memory.soft_limit_in_bytes; errno=2
01-15 16:11:33.018 2368 2368 E lowmemorykiller: Error opening /dev/memcg/apps/uid_10009/pid_4295/memory.soft_limit_in_bytes; errno=2
01-15 16:11:33.018 2368 2368 E lowmemorykiller: Error opening /dev/memcg/apps/uid_10018/pid_4604/memory.soft_limit_in_bytes; errno=2
01-15 16:11:33.022 3713 4106 I Wear_Controller: onStartup - Wear is not available on this device.
01-15 16:11:33.024 2368 2368 E lowmemorykiller: Error opening /dev/memcg/apps/uid_10011/pid_3826/memory.soft_limit_in_bytes; errno=2
01-15 16:11:33.025 3590 4321 I HeterodyneSyncScheduler: Scheduling Phenotype for a PhenotypeSyncImmediately(6, com.google.android.location) one off with window [1, 2] in seconds
01-15 16:11:33.030 4018 4087 W PlayCommon: [124] com.google.android.play.a.g.a(482): No account for auth token provided
01-15 16:11:33.030 4018 4087 I PlayCommon: [124] com.google.android.play.a.g.a(329): Connecting to server: https://play.googleapis.com/play/log?format=raw&proto_v2=true
01-15 16:11:33.044 2368 2368 E lowmemorykiller: Error opening /dev/memcg/apps/uid_10018/pid_3590/memory.soft_limit_in_bytes; errno=2
01-15 16:11:33.045 4018 4087 E PlayCommon: [124] com.google.android.play.a.g.a(359): Failed to connect to server: java.net.UnknownHostException: Unable to resolve host "play.googleapis.com": No address associated with hostname
01-15 16:11:33.046 2368 2368 E lowmemorykiller: Error opening /dev/memcg/apps/uid_10018/pid_3590/memory.soft_limit_in_bytes; errno=2
01-15 16:11:33.046 2368 2368 E lowmemorykiller: Error opening /dev/memcg/apps/uid_10028/pid_4018/memory.soft_limit_in_bytes; errno=2
01-15 16:11:33.048 3590 4068 I GCoreUlr: Starting service, intent=Intent { act=com.google.android.location.reporting.ACTION_UPDATE_WORLD cmp=com.google.android.gms/com.google.android.location.reporting.service.DispatchingService (has extras) }, extras=Bundle[{receiverAction=android.intent.action.BOOT_COMPLETED}]
01-15 16:11:33.049 2368 2368 E lowmemorykiller: Error opening /dev/memcg/apps/uid_10018/pid_3590/memory.soft_limit_in_bytes; errno=2
01-15 16:11:33.049 2368 2368 E lowmemorykiller: Error opening /dev/memcg/apps/uid_10011/pid_3826/memory.soft_limit_in_bytes; errno=2
01-15 16:11:33.053 3590 3595 I zygote64: Do full code cache collection, code=126KB, data=88KB
01-15 16:11:33.054 2368 2368 E lowmemorykiller: Error opening /dev/memcg/apps/uid_10028/pid_4018/memory.soft_limit_in_bytes; errno=2
01-15 16:11:33.054 2368 2368 E lowmemorykiller: Error opening /dev/memcg/apps/uid_10061/pid_4556/memory.soft_limit_in_bytes; errno=2
01-15 16:11:33.054 2368 2368 E lowmemorykiller: Error opening /dev/memcg/apps/uid_10026/pid_4377/memory.soft_limit_in_bytes; errno=2
01-15 16:11:33.054 2368 2368 E lowmemorykiller: Error opening /dev/memcg/apps/uid_10009/pid_4295/memory.soft_limit_in_bytes; errno=2
01-15 16:11:33.056 3590 3595 I zygote64: After code cache collection, code=65KB, data=40KB
01-15 16:11:33.065 2484 3160 D PackageManager: Ephemeral installer not found with new action; try old one
01-15 16:11:33.065 2484 3160 D PackageManager: Clear ephemeral installer activity
01-15 16:11:33.065 3713 4696 I SystemUpdateTask: cancelUpdate (empty URL)
01-15 16:11:33.065 3713 4696 I CmaSystemUpdateService: active receiver: disabled
01-15 16:11:33.065 2484 3160 D PackageManager: Ephemeral installer not found with new action; try old one
01-15 16:11:33.065 2484 3160 D PackageManager: Clear ephemeral installer activity
01-15 16:11:33.065 2484 3996 D PackageManager: Ephemeral installer not found with new action; try old one
01-15 16:11:33.065 2484 3996 D PackageManager: Clear ephemeral installer activity
01-15 16:11:33.074 1 1 I init : type=1400 audit(0.0:541): avc: denied { dac_read_search } for capability=2 scontext=u:r:init:s0 tcontext=u:r:init:s0 tclass=capability permissive=1
01-15 16:11:33.078 3713 3931 E Icing : Opening file /data/data/com.google.android.gms/files/AppDataSearch/main/cur/compact_status for read failed: No such file or directory
01-15 16:11:33.078 3713 3931 E Icing : city name for address is empty or is not existed.
01-15 16:11:33.078 3713 3931 W Icing : street name for address is empty or is not existed.
01-15 16:11:33.079 3713 3931 W Icing : transportation_script_path is empty
01-15 16:11:33.086 4698 4698 I uncrypt : type=1400 audit(0.0:543): avc: denied { getattr } for path="/vendor" dev="tmpfs" ino=7264 scontext=u:r:uncrypt:s0 tcontext=u:object_r:tmpfs:s0 tclass=lnk_file permissive=1
01-15 16:11:33.090 4698 4698 I /system/bin/uncrypt: [libfs_mgr]fs_mgr_read_fstab_dt(): failed to read fstab from dt
01-15 16:11:33.089 4698 4698 I uncrypt : type=1400 audit(0.0:545): avc: denied { read } for name="fstab.android_x86_64" dev="tmpfs" ino=7229 scontext=u:r:uncrypt:s0 tcontext=u:object_r:tmpfs:s0 tclass=file permissive=1
01-15 16:11:33.091 3713 3931 W Icing : Words file does not exist!
01-15 16:11:33.091 3713 3931 W Icing : WordsMap was not properly initialized
01-15 16:11:33.104 2484 3407 W SchedPolicy: add_tid_to_cgroup failed to write '3626' (Permission denied); fd=25
01-15 16:11:33.104 2368 2368 E lowmemorykiller: Error opening /dev/memcg/apps/uid_10018/pid_3626/memory.soft_limit_in_bytes; errno=2
01-15 16:11:33.105 2368 2368 E lowmemorykiller: Error opening /dev/memcg/apps/uid_10018/pid_3590/memory.soft_limit_in_bytes; errno=2
01-15 16:11:33.106 2368 2368 E lowmemorykiller: Error opening /dev/memcg/apps/uid_10018/pid_3713/memory.soft_limit_in_bytes; errno=2
01-15 16:11:33.106 2368 2368 E lowmemorykiller: Error opening /dev/memcg/apps/uid_10018/pid_3626/memory.soft_limit_in_bytes; errno=2
01-15 16:11:33.106 2484 3407 W SchedPolicy: add_tid_to_cgroup failed to write '3626' (Permission denied); fd=3
01-15 16:11:33.106 2368 2368 E lowmemorykiller: Error opening /dev/memcg/apps/uid_10018/pid_3590/memory.soft_limit_in_bytes; errno=2
01-15 16:11:33.106 2368 2368 E lowmemorykiller: Error opening /dev/memcg/apps/uid_10018/pid_3626/memory.soft_limit_in_bytes; errno=2
01-15 16:11:33.108 3713 3931 I Icing : MaintenanceDriver: Registering all GCM Tasks.
01-15 16:11:33.108 2368 2368 E lowmemorykiller: Error opening /dev/memcg/apps/uid_10018/pid_3590/memory.soft_limit_in_bytes; errno=2
01-15 16:11:33.110 2368 2368 E lowmemorykiller: Error opening /dev/memcg/apps/uid_10018/pid_3626/memory.soft_limit_in_bytes; errno=2
01-15 16:11:33.110 3590 3985 I GCoreUlr: WorldUpdater received intent Intent { act=com.google.android.location.reporting.ACTION_UPDATE_WORLD cmp=com.google.android.gms/com.google.android.location.reporting.service.DispatchingService (has extras) } with receiverAction android.intent.action.BOOT_COMPLETED
01-15 16:11:33.112 2368 2368 E lowmemorykiller: Error opening /dev/memcg/apps/uid_10018/pid_3590/memory.soft_limit_in_bytes; errno=2
01-15 16:11:33.112 2368 2368 E lowmemorykiller: Error opening /dev/memcg/apps/uid_10018/pid_3713/memory.soft_limit_in_bytes; errno=2
01-15 16:11:33.113 2368 2368 E lowmemorykiller: Error opening /dev/memcg/apps/uid_10018/pid_3590/memory.soft_limit_in_bytes; errno=2
01-15 16:11:33.113 2368 2368 E lowmemorykiller: Error opening /dev/memcg/apps/uid_10018/pid_3626/memory.soft_limit_in_bytes; errno=2
01-15 16:11:33.113 2368 2368 E lowmemorykiller: Error opening /dev/memcg/apps/uid_10018/pid_3626/memory.soft_limit_in_bytes; errno=2
01-15 16:11:33.113 2368 2368 E lowmemorykiller: Error opening /dev/memcg/apps/uid_10018/pid_3713/memory.soft_limit_in_bytes; errno=2
01-15 16:11:33.114 2484 3407 W SchedPolicy: add_tid_to_cgroup failed to write '3626' (Permission denied); fd=25
01-15 16:11:33.114 2368 2368 E lowmemorykiller: Error opening /dev/memcg/apps/uid_10018/pid_3626/memory.soft_limit_in_bytes; errno=2
01-15 16:11:33.114 3590 4321 I HeterodyneSyncScheduler: Scheduling Phenotype for a PhenotypeSyncImmediately(6, com.google.android.gms.walletp2p) one off with window [1, 2] in seconds
01-15 16:11:33.114 2368 2368 E lowmemorykiller: Error opening /dev/memcg/apps/uid_10018/pid_3713/memory.soft_limit_in_bytes; errno=2
01-15 16:11:33.114 2368 2368 E lowmemorykiller: Error opening /dev/memcg/apps/uid_10011/pid_3826/memory.soft_limit_in_bytes; errno=2
01-15 16:11:33.125 2484 3159 D PackageManager: Ephemeral installer not found with new action; try old one
01-15 16:11:33.125 2484 3159 D PackageManager: Clear ephemeral installer activity
01-15 16:11:33.126 2484 3159 I WifiService: isScanAlwaysAvailable uid=10018
01-15 16:11:33.127 2368 2368 E lowmemorykiller: Error opening /dev/memcg/apps/uid_10018/pid_3713/memory.soft_limit_in_bytes; errno=2
01-15 16:11:33.128 2484 4452 I WifiService: getWifiEnabledState uid=10018
01-15 16:11:33.129 2484 3407 W SchedPolicy: add_tid_to_cgroup failed to write '3626' (Permission denied); fd=3
01-15 16:11:33.129 2368 2368 E lowmemorykiller: Error opening /dev/memcg/apps/uid_10018/pid_3626/memory.soft_limit_in_bytes; errno=2
01-15 16:11:33.129 3713 3931 I Icing : updateResources: need to parse sca{com.google.android.gms}
01-15 16:11:33.131 2484 3407 W SchedPolicy: add_tid_to_cgroup failed to write '3626' (Permission denied); fd=25
01-15 16:11:33.131 2368 2368 E lowmemorykiller: Error opening /dev/memcg/apps/uid_10018/pid_3626/memory.soft_limit_in_bytes; errno=2
01-15 16:11:33.131 2368 2368 E lowmemorykiller: Error opening /dev/memcg/apps/uid_10011/pid_3826/memory.soft_limit_in_bytes; errno=2
01-15 16:11:33.133 2484 3159 W SchedPolicy: add_tid_to_cgroup failed to write '3626' (Permission denied); fd=3
01-15 16:11:33.133 2368 2368 E lowmemorykiller: Error opening /dev/memcg/apps/uid_10018/pid_3626/memory.soft_limit_in_bytes; errno=2
01-15 16:11:33.136 3590 3985 I GCoreUlr: WorldUpdater:android.intent.action.BOOT_COMPLETED: Ensuring that reporting is stopped because of reasons: (no Google accounts)
01-15 16:11:33.136 2368 2368 E lowmemorykiller: Error opening /dev/memcg/apps/uid_10018/pid_3626/memory.soft_limit_in_bytes; errno=2
01-15 16:11:33.136 2484 3159 W SchedPolicy: add_tid_to_cgroup failed to write '3626' (Permission denied); fd=25
01-15 16:11:33.136 2484 4499 W SchedPolicy: add_tid_to_cgroup failed to write '3626' (Permission denied); fd=3
01-15 16:11:33.136 2368 2368 E lowmemorykiller: Error opening /dev/memcg/apps/uid_10018/pid_3626/memory.soft_limit_in_bytes; errno=2
01-15 16:11:33.149 3590 3985 I GCoreUlr: Unbound from all location providers
01-15 16:11:33.149 3590 3985 I GCoreUlr: Place inference reporting - stop
01-15 16:11:33.153 2368 2368 E lowmemorykiller: Error opening /dev/memcg/apps/uid_10018/pid_3590/memory.soft_limit_in_bytes; errno=2
01-15 16:11:33.154 3590 3590 I GCoreUlr: DispatchingService.onDestroy()
01-15 16:11:33.156 3590 3590 I GCoreUlr: Stopping handler for UlrDispSvcFast
01-15 16:11:33.158 3590 3590 I GCoreUlr: Unbound from all location providers
01-15 16:11:33.158 3590 3590 I GCoreUlr: Place inference reporting - stop
01-15 16:11:33.165 2368 2368 E lowmemorykiller: Error opening /dev/memcg/apps/uid_10018/pid_3713/memory.soft_limit_in_bytes; errno=2
01-15 16:11:33.166 2368 2368 E lowmemorykiller: Error opening /dev/memcg/apps/uid_10018/pid_3590/memory.soft_limit_in_bytes; errno=2
01-15 16:11:33.167 2368 2368 E lowmemorykiller: Error opening /dev/memcg/apps/uid_10018/pid_3626/memory.soft_limit_in_bytes; errno=2
01-15 16:11:33.167 2484 4527 W SchedPolicy: add_tid_to_cgroup failed to write '3626' (Permission denied); fd=25
01-15 16:11:33.167 2368 2368 E lowmemorykiller: Error opening /dev/memcg/apps/uid_10018/pid_3713/memory.soft_limit_in_bytes; errno=2
01-15 16:11:33.167 2368 2368 E lowmemorykiller: Error opening /dev/memcg/apps/uid_10011/pid_3826/memory.soft_limit_in_bytes; errno=2
01-15 16:11:33.167 2368 2368 E lowmemorykiller: Error opening /dev/memcg/apps/uid_10018/pid_3626/memory.soft_limit_in_bytes; errno=2
01-15 16:11:33.167 2484 2496 W SchedPolicy: add_tid_to_cgroup failed to write '3626' (Permission denied); fd=3
01-15 16:11:33.168 2484 4527 W SchedPolicy: add_tid_to_cgroup failed to write '3626' (Permission denied); fd=25
01-15 16:11:33.168 2368 2368 E lowmemorykiller: Error opening /dev/memcg/apps/uid_10018/pid_3626/memory.soft_limit_in_bytes; errno=2
01-15 16:11:33.176 4640 4695 W dex2oat : Class aiv failed lock verification and will run slower.
01-15 16:11:33.176 4640 4695 W dex2oat : Common causes for lock verification issues are non-optimized dex code
01-15 16:11:33.176 4640 4695 W dex2oat : and incorrect proguard optimizations.
01-15 16:11:33.259 3713 4045 I Publisher: Triggered Adaptive Discovery
01-15 16:11:33.259 2484 4527 I WifiService: getWifiEnabledState uid=10018
01-15 16:11:33.259 3713 4045 I Publisher: Exiting Adaptive Discovery. Current BSSID is NULL.
01-15 16:11:33.285 2484 4527 W SchedPolicy: add_tid_to_cgroup failed to write '3626' (Permission denied); fd=3
01-15 16:11:33.285 2368 2368 E lowmemorykiller: Error opening /dev/memcg/apps/uid_10018/pid_3626/memory.soft_limit_in_bytes; errno=2
01-15 16:11:33.292 2484 4527 W SchedPolicy: add_tid_to_cgroup failed to write '3626' (Permission denied); fd=25
01-15 16:11:33.292 2484 4527 W SchedPolicy: add_tid_to_cgroup failed to write '3626' (Permission denied); fd=3
01-15 16:11:33.294 2484 4527 W SchedPolicy: add_tid_to_cgroup failed to write '3626' (Permission denied); fd=25
01-15 16:11:33.294 2484 4527 W SchedPolicy: add_tid_to_cgroup failed to write '3626' (Permission denied); fd=3
01-15 16:11:33.295 2484 4527 W SchedPolicy: add_tid_to_cgroup failed to write '3626' (Permission denied); fd=25
01-15 16:11:33.297 2484 2496 W SchedPolicy: add_tid_to_cgroup failed to write '3626' (Permission denied); fd=3
01-15 16:11:33.298 2484 4527 W SchedPolicy: add_tid_to_cgroup failed to write '3626' (Permission denied); fd=25
01-15 16:11:33.317 2484 4527 W SchedPolicy: add_tid_to_cgroup failed to write '3626' (Permission denied); fd=3
01-15 16:11:33.319 2484 2496 W SchedPolicy: add_tid_to_cgroup failed to write '3626' (Permission denied); fd=25
01-15 16:11:33.320 2484 3311 W SchedPolicy: add_tid_to_cgroup failed to write '3626' (Permission denied); fd=3
01-15 16:11:33.319 2368 2368 I chatty : uid=0(root) /system/bin/lmkd identical 9 lines
01-15 16:11:33.320 2368 2368 E lowmemorykiller: Error opening /dev/memcg/apps/uid_10018/pid_3626/memory.soft_limit_in_bytes; errno=2
01-15 16:11:33.322 3713 3931 I Icing : Internal init done: storage state 0
01-15 16:11:33.322 2368 2368 E lowmemorykiller: Error opening /dev/memcg/apps/uid_10018/pid_3626/memory.soft_limit_in_bytes; errno=2
01-15 16:11:33.322 2484 3311 W SchedPolicy: add_tid_to_cgroup failed to write '3626' (Permission denied); fd=25
01-15 16:11:33.322 3713 3931 I Icing : Post-init done
01-15 16:11:33.322 2368 2368 E lowmemorykiller: Error opening /dev/memcg/apps/uid_10018/pid_3713/memory.soft_limit_in_bytes; errno=2
01-15 16:11:33.323 2368 2368 E lowmemorykiller: Error opening /dev/memcg/apps/uid_10011/pid_3826/memory.soft_limit_in_bytes; errno=2
01-15 16:11:33.323 3713 3931 I Icing : Indexing 052CEB6C6BABF7C1C137CEBA1CF312D6926FBE4E from com.google.android.gms
01-15 16:11:33.328 2368 2368 E lowmemorykiller: Error opening /dev/memcg/apps/uid_10018/pid_3713/memory.soft_limit_in_bytes; errno=2
01-15 16:11:33.337 2484 4527 W SchedPolicy: add_tid_to_cgroup failed to write '3626' (Permission denied); fd=3
01-15 16:11:33.337 2368 2368 E lowmemorykiller: Error opening /dev/memcg/apps/uid_10018/pid_3626/memory.soft_limit_in_bytes; errno=2
01-15 16:11:33.339 2484 3311 W SchedPolicy: add_tid_to_cgroup failed to write '3626' (Permission denied); fd=25
01-15 16:11:33.343 2484 3311 W SchedPolicy: add_tid_to_cgroup failed to write '3626' (Permission denied); fd=3
01-15 16:11:33.349 2484 3311 W SchedPolicy: add_tid_to_cgroup failed to write '3626' (Permission denied); fd=25
01-15 16:11:33.343 2368 2368 I chatty : uid=0(root) /system/bin/lmkd identical 2 lines
01-15 16:11:33.349 2368 2368 E lowmemorykiller: Error opening /dev/memcg/apps/uid_10018/pid_3626/memory.soft_limit_in_bytes; errno=2
01-15 16:11:33.353 3713 3931 I Icing : Indexing done 052CEB6C6BABF7C1C137CEBA1CF312D6926FBE4E
01-15 16:11:33.354 2484 3311 W SchedPolicy: add_tid_to_cgroup failed to write '3626' (Permission denied); fd=3
01-15 16:11:33.354 2368 2368 E lowmemorykiller: Error opening /dev/memcg/apps/uid_10018/pid_3626/memory.soft_limit_in_bytes; errno=2
01-15 16:11:33.357 2484 4527 W SchedPolicy: add_tid_to_cgroup failed to write '3626' (Permission denied); fd=25
01-15 16:11:33.357 2368 2368 E lowmemorykiller: Error opening /dev/memcg/apps/uid_10018/pid_3626/memory.soft_limit_in_bytes; errno=2
01-15 16:11:33.358 3713 4600 I Icing : Query from com.google.android.gms package restrict com.google.android.gms start 0 num 100
01-15 16:11:33.358 3713 3931 I Icing : Indexing 2F65BE48791353D00E141556BFE76E2687DE020F from com.google.android.gms
01-15 16:11:33.364 2484 4527 W SchedPolicy: add_tid_to_cgroup failed to write '3626' (Permission denied); fd=3
01-15 16:11:33.364 2368 2368 E lowmemorykiller: Error opening /dev/memcg/apps/uid_10018/pid_3626/memory.soft_limit_in_bytes; errno=2
01-15 16:11:33.376 2484 4527 W SchedPolicy: add_tid_to_cgroup failed to write '3626' (Permission denied); fd=25
01-15 16:11:33.377 2484 3311 W SchedPolicy: add_tid_to_cgroup failed to write '3626' (Permission denied); fd=3
01-15 16:11:33.379 2484 4527 W SchedPolicy: add_tid_to_cgroup failed to write '3626' (Permission denied); fd=25
01-15 16:11:33.379 2484 3311 W SchedPolicy: add_tid_to_cgroup failed to write '3626' (Permission denied); fd=3
01-15 16:11:33.380 2484 3311 W SchedPolicy: add_tid_to_cgroup failed to write '3626' (Permission denied); fd=25
01-15 16:11:33.380 2484 4527 W SchedPolicy: add_tid_to_cgroup failed to write '3626' (Permission denied); fd=3
01-15 16:11:33.382 2484 2496 W SchedPolicy: add_tid_to_cgroup failed to write '3626' (Permission denied); fd=25
01-15 16:11:33.382 2484 2496 W SchedPolicy: add_tid_to_cgroup failed to write '3626' (Permission denied); fd=3
01-15 16:11:33.384 2484 2496 W SchedPolicy: add_tid_to_cgroup failed to write '3626' (Permission denied); fd=25
01-15 16:11:33.384 2484 2496 W SchedPolicy: add_tid_to_cgroup failed to write '3626' (Permission denied); fd=3
01-15 16:11:33.387 2484 3311 W SchedPolicy: add_tid_to_cgroup failed to write '3626' (Permission denied); fd=25
01-15 16:11:33.387 2484 3996 W SchedPolicy: add_tid_to_cgroup failed to write '3626' (Permission denied); fd=3
01-15 16:11:33.387 2368 2368 I chatty : uid=0(root) /system/bin/lmkd identical 11 lines
01-15 16:11:33.387 2368 2368 E lowmemorykiller: Error opening /dev/memcg/apps/uid_10018/pid_3626/memory.soft_limit_in_bytes; errno=2
01-15 16:11:33.389 4640 4640 I dex2oat : dex2oat took 605.356ms (585.872ms cpu) (threads: 4) arena alloc=39KB (40200B) java alloc=2MB (2392648B) native alloc=2MB (2935528B) free=2MB (2307352B)
01-15 16:11:33.397 2484 4527 W SchedPolicy: add_tid_to_cgroup failed to write '3626' (Permission denied); fd=25
01-15 16:11:33.397 2368 2368 E lowmemorykiller: Error opening /dev/memcg/apps/uid_10018/pid_3626/memory.soft_limit_in_bytes; errno=2
01-15 16:11:33.397 2484 3996 W SchedPolicy: add_tid_to_cgroup failed to write '3626' (Permission denied); fd=3
01-15 16:11:33.397 2368 2368 E lowmemorykiller: Error opening /dev/memcg/apps/uid_10018/pid_3626/memory.soft_limit_in_bytes; errno=2
01-15 16:11:33.397 3713 4132 I zygote64: The ClassLoaderContext is a special shared library.
01-15 16:11:33.398 2484 2496 W SchedPolicy: add_tid_to_cgroup failed to write '3626' (Permission denied); fd=25
01-15 16:11:33.398 2368 2368 E lowmemorykiller: Error opening /dev/memcg/apps/uid_10018/pid_3626/memory.soft_limit_in_bytes; errno=2
01-15 16:11:33.401 2484 4527 W SchedPolicy: add_tid_to_cgroup failed to write '3626' (Permission denied); fd=3
01-15 16:11:33.403 2484 2496 W SchedPolicy: add_tid_to_cgroup failed to write '3626' (Permission denied); fd=25
01-15 16:11:33.403 2484 3996 W SchedPolicy: add_tid_to_cgroup failed to write '3626' (Permission denied); fd=3
01-15 16:11:33.405 2484 3311 W SchedPolicy: add_tid_to_cgroup failed to write '3626' (Permission denied); fd=25
01-15 16:11:33.403 2368 2368 I chatty : uid=0(root) /system/bin/lmkd identical 3 lines
01-15 16:11:33.405 2368 2368 E lowmemorykiller: Error opening /dev/memcg/apps/uid_10018/pid_3626/memory.soft_limit_in_bytes; errno=2
01-15 16:11:33.405 3713 4600 E Icing : No scoring data for corpus [1]
01-15 16:11:33.414 2368 2368 E lowmemorykiller: Error opening /dev/memcg/apps/uid_10018/pid_3626/memory.soft_limit_in_bytes; errno=2
01-15 16:11:33.415 2484 3311 W SchedPolicy: add_tid_to_cgroup failed to write '3626' (Permission denied); fd=3
01-15 16:11:33.417 2484 3996 W SchedPolicy: add_tid_to_cgroup failed to write '3626' (Permission denied); fd=25
01-15 16:11:33.417 2368 2368 E lowmemorykiller: Error opening /dev/memcg/apps/uid_10018/pid_3626/memory.soft_limit_in_bytes; errno=2
01-15 16:11:33.418 4704 4704 W dex2oat : Unexpected CPU variant for X86 using defaults: x86_64
01-15 16:11:33.418 4704 4704 I dex2oat : The ClassLoaderContext is a special shared library.
01-15 16:11:33.418 4704 4704 I dex2oat : /system/bin/dex2oat --dex-file=/data/user_de/0/com.google.android.gms/app_chimera/m/00000004/DynamiteModulesD_GmsCore_prodmnc_alldpi_release.apk --output-vdex-fd=44 --oat-fd=92 --oat-location=/data/user_de/0/com.google.android.gms/app_chimera/m/00000004/oat/x86_64/DynamiteModulesD_GmsCore_prodmnc_alldpi_release.odex --compiler-filter=quicken --class-loader-context=&
01-15 16:11:33.520 4704 4704 I dex2oat : dex2oat took 102.149ms (140.794ms cpu) (threads: 4) arena alloc=17KB (17640B) java alloc=400KB (409768B) native alloc=1352KB (1384504B) free=2MB (2809800B)
01-15 16:11:33.522 3713 4132 I zygote64: The ClassLoaderContext is a special shared library.
01-15 16:11:33.539 4710 4710 W dex2oat : Unexpected CPU variant for X86 using defaults: x86_64
01-15 16:11:33.539 4710 4710 I dex2oat : The ClassLoaderContext is a special shared library.
01-15 16:11:33.539 4710 4710 I dex2oat : /system/bin/dex2oat --dex-file=/data/user_de/0/com.google.android.gms/app_chimera/m/00000005/GoogleCertificates_GmsCore_prodmnc_alldpi_release.apk --output-vdex-fd=44 --oat-fd=92 --oat-location=/data/user_de/0/com.google.android.gms/app_chimera/m/00000005/oat/x86_64/GoogleCertificates_GmsCore_prodmnc_alldpi_release.odex --compiler-filter=quicken --class-loader-context=&
01-15 16:11:33.574 2484 2484 I android.display: type=1400 audit(0.0:548): avc: denied { ioctl } for path="/dev/dri/card0" dev="tmpfs" ino=8777 ioctlcmd=0x640b scontext=u:r:system_server:s0 tcontext=u:object_r:device:s0 tclass=chr_file permissive=1
01-15 16:11:33.574 2484 2484 I android.display: type=1400 audit(0.0:549): avc: denied { map } for path=2F69393135202864656C6574656429 dev="tmpfs" ino=73893 scontext=u:r:system_server:s0 tcontext=u:object_r:surfaceflinger_tmpfs:s0 tclass=file permissive=1
01-15 16:11:33.574 2484 2484 I android.display: type=1400 audit(0.0:550): avc: denied { read write } for path=2F69393135202864656C6574656429 dev="tmpfs" ino=73893 scontext=u:r:system_server:s0 tcontext=u:object_r:surfaceflinger_tmpfs:s0 tclass=file permissive=1
01-15 16:11:33.608 4710 4710 I dex2oat : dex2oat took 69.984ms (78.644ms cpu) (threads: 4) arena alloc=562KB (576440B) java alloc=537KB (550768B) native alloc=1359KB (1392008B) free=2MB (2278008B)
01-15 16:11:33.610 3713 4132 I zygote64: The ClassLoaderContext is a special shared library.
01-15 16:11:33.615 2484 3311 W SchedPolicy: add_tid_to_cgroup failed to write '3626' (Permission denied); fd=3
01-15 16:11:33.615 2368 2368 E lowmemorykiller: Error opening /dev/memcg/apps/uid_10018/pid_3626/memory.soft_limit_in_bytes; errno=2
01-15 16:11:33.620 2484 3311 W SchedPolicy: add_tid_to_cgroup failed to write '3626' (Permission denied); fd=25
01-15 16:11:33.624 2484 3311 W SchedPolicy: add_tid_to_cgroup failed to write '3626' (Permission denied); fd=3
01-15 16:11:33.626 2484 3311 W SchedPolicy: add_tid_to_cgroup failed to write '3626' (Permission denied); fd=25
01-15 16:11:33.626 2484 3996 W SchedPolicy: add_tid_to_cgroup failed to write '3626' (Permission denied); fd=3
01-15 16:11:33.628 2484 3996 W SchedPolicy: add_tid_to_cgroup failed to write '3626' (Permission denied); fd=25
01-15 16:11:33.628 2484 3996 W SchedPolicy: add_tid_to_cgroup failed to write '3626' (Permission denied); fd=3
01-15 16:11:33.630 2484 3996 W SchedPolicy: add_tid_to_cgroup failed to write '3626' (Permission denied); fd=25
01-15 16:11:33.630 2484 3311 W SchedPolicy: add_tid_to_cgroup failed to write '3626' (Permission denied); fd=3
01-15 16:11:33.634 2484 3311 W SchedPolicy: add_tid_to_cgroup failed to write '3626' (Permission denied); fd=25
01-15 16:11:33.634 2484 3996 W SchedPolicy: add_tid_to_cgroup failed to write '3626' (Permission denied); fd=3
01-15 16:11:33.636 2484 3996 W SchedPolicy: add_tid_to_cgroup failed to write '3626' (Permission denied); fd=25
01-15 16:11:33.639 2484 3996 W SchedPolicy: add_tid_to_cgroup failed to write '3626' (Permission denied); fd=3
01-15 16:11:33.647 2484 3996 W SchedPolicy: add_tid_to_cgroup failed to write '3626' (Permission denied); fd=25
01-15 16:11:33.640 2368 2368 I chatty : uid=0(root) /system/bin/lmkd identical 12 lines
01-15 16:11:33.647 2368 2368 E lowmemorykiller: Error opening /dev/memcg/apps/uid_10018/pid_3626/memory.soft_limit_in_bytes; errno=2
01-15 16:11:33.678 3713 3718 I zygote64: Do partial code cache collection, code=115KB, data=78KB
01-15 16:11:33.680 3713 3718 I zygote64: After code cache collection, code=111KB, data=76KB
01-15 16:11:33.680 3713 3718 I zygote64: Increasing code cache capacity to 512KB
01-15 16:11:33.737 2368 2368 E lowmemorykiller: Error opening /dev/memcg/apps/uid_10018/pid_3713/memory.soft_limit_in_bytes; errno=2
01-15 16:11:33.761 2368 2368 I chatty : uid=0(root) /system/bin/lmkd identical 22 lines
01-15 16:11:33.761 2368 2368 E lowmemorykiller: Error opening /dev/memcg/apps/uid_10018/pid_3713/memory.soft_limit_in_bytes; errno=2
01-15 16:11:33.762 3713 3994 W zygote64: Long monitor contention with owner [byl] processing com.google.android.gms.chimera.container.FileApkIntentOperation for action com.google.android.gms.chimera.container.STAGE_MODULE_APKS (3998) at android.content.IContentProvider android.app.ActivityThread.acquireExistingProvider(android.content.Context, java.lang.String, int, boolean)(ActivityThread.java:5923) waiters=0 in void byo.run() for 3.332s
01-15 16:11:33.769 2368 2368 E lowmemorykiller: Error opening /dev/memcg/apps/uid_10018/pid_3713/memory.soft_limit_in_bytes; errno=2
01-15 16:11:33.770 2484 3996 W SchedPolicy: add_tid_to_cgroup failed to write '3626' (Permission denied); fd=3
01-15 16:11:33.770 2368 2368 E lowmemorykiller: Error opening /dev/memcg/apps/uid_10018/pid_3626/memory.soft_limit_in_bytes; errno=2
01-15 16:11:33.773 3713 3994 W ChmraDebugLogger: Suspected failure status/reason: [1] dynamite
01-15 16:11:33.801 2484 2496 W SchedPolicy: add_tid_to_cgroup failed to write '3626' (Permission denied); fd=25
01-15 16:11:33.801 2368 2368 E lowmemorykiller: Error opening /dev/memcg/apps/uid_10018/pid_3626/memory.soft_limit_in_bytes; errno=2
01-15 16:11:33.840 2368 2368 E lowmemorykiller: Error opening /dev/memcg/apps/uid_10018/pid_3713/memory.soft_limit_in_bytes; errno=2
01-15 16:11:33.859 3713 3994 W ChmraDebugLogger: Suspected failure status/reason: [40] 1ff
01-15 16:11:33.860 2368 2368 E lowmemorykiller: Error opening /dev/memcg/apps/uid_10018/pid_3713/memory.soft_limit_in_bytes; errno=2
01-15 16:11:33.922 2368 2368 E lowmemorykiller: Error opening /dev/memcg/apps/uid_10018/pid_3713/memory.soft_limit_in_bytes; errno=2
01-15 16:11:33.946 3713 3931 I Icing : Indexing 9455347343E497070870F6A026A589A315E712A3 from com.google.android.gms
01-15 16:11:33.949 3713 3931 I Icing : Indexing done 9455347343E497070870F6A026A589A315E712A3
01-15 16:11:33.949 3713 3931 I Icing : Indexing 39BC130042D288F6D282A3EE7C6A3138C7CC9839 from com.google.android.gms
01-15 16:11:33.956 3713 3931 I Icing : Indexing done 39BC130042D288F6D282A3EE7C6A3138C7CC9839
01-15 16:11:33.958 3713 3931 I Icing : Indexing 26B0F8CB55853CD539F4C816F74F24172DB61C91 from com.google.android.gms
01-15 16:11:33.960 3713 3931 I Icing : Indexing done 26B0F8CB55853CD539F4C816F74F24172DB61C91
01-15 16:11:33.960 2368 2368 E lowmemorykiller: Error opening /dev/memcg/apps/uid_10018/pid_3713/memory.soft_limit_in_bytes; errno=2
01-15 16:11:33.960 3713 3931 I Icing : Indexing 39832A488053E4895AE925BA72228B587E36F592 from com.google.android.gms
01-15 16:11:33.961 2368 2368 E lowmemorykiller: Error opening /dev/memcg/apps/uid_10018/pid_3713/memory.soft_limit_in_bytes; errno=2
01-15 16:11:33.962 3713 3931 I Icing : Indexing done 39832A488053E4895AE925BA72228B587E36F592
01-15 16:11:33.962 3713 3931 I Icing : Indexing 1992EF6ACEA454C82BE0F06EFE401D1BFBD840EA from com.google.android.gms
01-15 16:11:33.963 2484 4527 W SchedPolicy: add_tid_to_cgroup failed to write '3626' (Permission denied); fd=3
01-15 16:11:33.963 2368 2368 E lowmemorykiller: Error opening /dev/memcg/apps/uid_10018/pid_3626/memory.soft_limit_in_bytes; errno=2
01-15 16:11:33.965 2484 4527 W SchedPolicy: add_tid_to_cgroup failed to write '3626' (Permission denied); fd=25
01-15 16:11:33.965 2368 2368 E lowmemorykiller: Error opening /dev/memcg/apps/uid_10018/pid_3626/memory.soft_limit_in_bytes; errno=2
01-15 16:11:33.968 3713 3931 I Icing : Indexing done 1992EF6ACEA454C82BE0F06EFE401D1BFBD840EA
01-15 16:11:33.969 2368 2368 E lowmemorykiller: Error opening /dev/memcg/apps/uid_10018/pid_3626/memory.soft_limit_in_bytes; errno=2
01-15 16:11:33.969 2484 4527 W SchedPolicy: add_tid_to_cgroup failed to write '3626' (Permission denied); fd=3
01-15 16:11:33.970 2484 4527 W SchedPolicy: add_tid_to_cgroup failed to write '3626' (Permission denied); fd=25
01-15 16:11:33.970 2368 2368 E lowmemorykiller: Error opening /dev/memcg/apps/uid_10018/pid_3626/memory.soft_limit_in_bytes; errno=2
01-15 16:11:33.979 2368 2368 E lowmemorykiller: Error opening /dev/memcg/apps/uid_10018/pid_3590/memory.soft_limit_in_bytes; errno=2
01-15 16:11:33.985 2368 2368 E lowmemorykiller: Error opening /dev/memcg/apps/uid_10018/pid_3590/memory.soft_limit_in_bytes; errno=2
01-15 16:11:33.987 2368 2368 E lowmemorykiller: Error opening /dev/memcg/apps/uid_10018/pid_3626/memory.soft_limit_in_bytes; errno=2
01-15 16:11:33.987 2484 4527 W SchedPolicy: add_tid_to_cgroup failed to write '3626' (Permission denied); fd=3
01-15 16:11:33.988 2484 4527 W SchedPolicy: add_tid_to_cgroup failed to write '3626' (Permission denied); fd=25
01-15 16:11:33.988 2368 2368 E lowmemorykiller: Error opening /dev/memcg/apps/uid_10018/pid_3626/memory.soft_limit_in_bytes; errno=2
01-15 16:11:33.989 2368 2368 E lowmemorykiller: Error opening /dev/memcg/apps/uid_10018/pid_3713/memory.soft_limit_in_bytes; errno=2
01-15 16:11:33.989 2368 2368 E lowmemorykiller: Error opening /dev/memcg/apps/uid_10011/pid_3826/memory.soft_limit_in_bytes; errno=2
01-15 16:11:33.989 4018 4018 W Finsky : [2] com.google.android.finsky.application.FinskyAppImpl.ap(1090): No account configured on this device.
01-15 16:11:33.999 2368 2368 E lowmemorykiller: Error opening /dev/memcg/apps/uid_10018/pid_3590/memory.soft_limit_in_bytes; errno=2
01-15 16:11:33.999 2368 2368 E lowmemorykiller: Error opening /dev/memcg/apps/uid_10018/pid_3590/memory.soft_limit_in_bytes; errno=2
01-15 16:11:34.001 2368 2368 E lowmemorykiller: Error opening /dev/memcg/apps/uid_10018/pid_3626/memory.soft_limit_in_bytes; errno=2
01-15 16:11:34.001 2484 4527 W SchedPolicy: add_tid_to_cgroup failed to write '3626' (Permission denied); fd=3
01-15 16:11:34.002 2484 4527 W SchedPolicy: add_tid_to_cgroup failed to write '3626' (Permission denied); fd=25
01-15 16:11:34.002 2368 2368 E lowmemorykiller: Error opening /dev/memcg/apps/uid_10018/pid_3626/memory.soft_limit_in_bytes; errno=2
01-15 16:11:34.002 3713 3931 I Icing : Usage reports 0 indexed 0 rejected 0 imm upload false
01-15 16:11:34.004 2368 2368 E lowmemorykiller: Error opening /dev/memcg/apps/uid_10018/pid_3590/memory.soft_limit_in_bytes; errno=2
01-15 16:11:34.004 2368 2368 E lowmemorykiller: Error opening /dev/memcg/apps/uid_10018/pid_3590/memory.soft_limit_in_bytes; errno=2
01-15 16:11:34.005 3713 3931 I Icing : Usage reports 0 indexed 0 rejected 0 imm upload false
01-15 16:11:34.005 2484 4527 W SchedPolicy: add_tid_to_cgroup failed to write '3626' (Permission denied); fd=3
01-15 16:11:34.005 2368 2368 E lowmemorykiller: Error opening /dev/memcg/apps/uid_10018/pid_3626/memory.soft_limit_in_bytes; errno=2
01-15 16:11:34.006 2484 4527 W SchedPolicy: add_tid_to_cgroup failed to write '3626' (Permission denied); fd=25
01-15 16:11:34.006 2368 2368 E lowmemorykiller: Error opening /dev/memcg/apps/uid_10018/pid_3626/memory.soft_limit_in_bytes; errno=2
01-15 16:11:34.008 2368 2368 E lowmemorykiller: Error opening /dev/memcg/apps/uid_10018/pid_3590/memory.soft_limit_in_bytes; errno=2
01-15 16:11:34.008 2368 2368 E lowmemorykiller: Error opening /dev/memcg/apps/uid_10018/pid_3590/memory.soft_limit_in_bytes; errno=2
01-15 16:11:34.009 3713 3931 I Icing : Usage reports 0 indexed 0 rejected 0 imm upload false
01-15 16:11:34.011 2368 2368 E lowmemorykiller: Error opening /dev/memcg/apps/uid_10018/pid_3590/memory.soft_limit_in_bytes; errno=2
01-15 16:11:34.011 2368 2368 E lowmemorykiller: Error opening /dev/memcg/apps/uid_10018/pid_3590/memory.soft_limit_in_bytes; errno=2
01-15 16:11:34.012 3713 3931 I Icing : Usage reports 0 indexed 0 rejected 0 imm upload false
01-15 16:11:34.021 3713 3931 I Icing : Indexing done 2F65BE48791353D00E141556BFE76E2687DE020F
01-15 16:11:34.076 4698 4698 I /system/bin/uncrypt: [libfs_mgr]fs_mgr_read_fstab_dt(): failed to read fstab from dt
01-15 16:11:34.076 4698 4698 E /system/bin/uncrypt: failed to clear bootloader message: failed to find /misc partition
01-15 16:11:34.077 4698 4698 I /system/bin/uncrypt: received 0, exiting now
01-15 16:11:34.077 2484 3160 E RecoverySystemService: uncrypt failed with status: -1
01-15 16:11:34.079 3713 4696 E SystemUpdateService: Failed to call RecoverySystem.cancelScheduledUpdate
01-15 16:11:34.079 3713 4696 E SystemUpdateService: java.lang.reflect.InvocationTargetException
01-15 16:11:34.079 3713 4696 E SystemUpdateService: at java.lang.reflect.Method.invoke(Native Method)
01-15 16:11:34.079 3713 4696 E SystemUpdateService: at wrt.c(:com.google.android.gms:1)
01-15 16:11:34.079 3713 4696 E SystemUpdateService: at aeyr.d(:com.google.android.gms:0)
01-15 16:11:34.079 3713 4696 E SystemUpdateService: at aeyr.p(:com.google.android.gms:4)
01-15 16:11:34.079 3713 4696 E SystemUpdateService: at aeyr.a(:com.google.android.gms:119)
01-15 16:11:34.079 3713 4696 E SystemUpdateService: at aeyr.doInBackground(:com.google.android.gms:1)
01-15 16:11:34.079 3713 4696 E SystemUpdateService: at android.os.AsyncTask$2.call(AsyncTask.java:333)
01-15 16:11:34.079 3713 4696 E SystemUpdateService: at java.util.concurrent.FutureTask.run(FutureTask.java:266)
01-15 16:11:34.079 3713 4696 E SystemUpdateService: at java.lang.Thread.run(Thread.java:764)
01-15 16:11:34.079 3713 4696 E SystemUpdateService: Caused by: java.io.IOException: cancel scheduled update failed
01-15 16:11:34.079 3713 4696 E SystemUpdateService: at android.os.RecoverySystem.cancelScheduledUpdate(RecoverySystem.java:668)
01-15 16:11:34.079 3713 4696 E SystemUpdateService: ... 9 more
01-15 16:11:34.080 3713 4696 E SystemUpdateTask: exception trying to cancel scheduled update
01-15 16:11:34.080 3713 4696 E SystemUpdateTask: java.io.IOException: Failed to invoke RecoverySystem.cancelScheduledUpdate
01-15 16:11:34.080 3713 4696 E SystemUpdateTask: at wrt.c(:com.google.android.gms:3)
01-15 16:11:34.080 3713 4696 E SystemUpdateTask: at aeyr.d(:com.google.android.gms:0)
01-15 16:11:34.080 3713 4696 E SystemUpdateTask: at aeyr.p(:com.google.android.gms:4)
01-15 16:11:34.080 3713 4696 E SystemUpdateTask: at aeyr.a(:com.google.android.gms:119)
01-15 16:11:34.080 3713 4696 E SystemUpdateTask: at aeyr.doInBackground(:com.google.android.gms:1)
01-15 16:11:34.080 3713 4696 E SystemUpdateTask: at android.os.AsyncTask$2.call(AsyncTask.java:333)
01-15 16:11:34.080 3713 4696 E SystemUpdateTask: at java.util.concurrent.FutureTask.run(FutureTask.java:266)
01-15 16:11:34.080 3713 4696 E SystemUpdateTask: at java.lang.Thread.run(Thread.java:764)
01-15 16:11:34.085 2368 2368 E lowmemorykiller: Error opening /dev/memcg/apps/uid_10018/pid_3713/memory.soft_limit_in_bytes; errno=2
01-15 16:11:34.103 2484 3160 I PackageManager: Adding preferred activity com.android.launcher3/.Launcher for user 0:
01-15 16:11:34.086 2368 2368 E lowmemorykiller: Error opening /dev/memcg/apps/uid_10018/pid_3713/memory.soft_limit_in_bytes; errno=2
01-15 16:11:34.103 2484 3160 I PackageManager: Action: "android.intent.action.MAIN"
01-15 16:11:34.103 2484 3160 I PackageManager: Category: "android.intent.category.HOME"
01-15 16:11:34.103 2484 3160 I PackageManager: Category: "android.intent.category.DEFAULT"
01-15 16:11:34.103 2484 3160 I ActivityManager: START u0 {act=android.intent.action.MAIN cat=[android.intent.category.HOME] flg=0x13000100 cmp=com.android.launcher3/.Launcher} from uid 0
01-15 16:11:34.118 2484 2528 W System : ClassLoader referenced unknown path:
01-15 16:11:34.181 2368 2368 E lowmemorykiller: Error opening /dev/memcg/apps/uid_10025/pid_3547/memory.soft_limit_in_bytes; errno=2
01-15 16:11:34.182 2484 2496 W SchedPolicy: add_tid_to_cgroup failed to write '3547' (Permission denied); fd=27
01-15 16:11:34.182 2368 2368 E lowmemorykiller: Error opening /dev/memcg/apps/uid_1000/pid_3683/memory.soft_limit_in_bytes; errno=2
01-15 16:11:34.182 2484 2484 I Binder:2484_2: type=1400 audit(0.0:551): avc: denied { write } for name="timerslack_ns" dev="proc" ino=62692 scontext=u:r:system_server:s0 tcontext=u:r:system_app:s0 tclass=file permissive=1
01-15 16:11:34.183 2368 2368 E lowmemorykiller: Error opening /dev/memcg/apps/uid_10015/pid_3433/memory.soft_limit_in_bytes; errno=2
01-15 16:11:34.183 2368 2368 E lowmemorykiller: Error opening /dev/memcg/apps/uid_10018/pid_3713/memory.soft_limit_in_bytes; errno=2
01-15 16:11:34.200 2484 2499 I ActivityManager: Killing 3533:com.google.android.setupwizard/u0a30 (adj 906): empty #17
01-15 16:11:34.200 2368 2368 E lowmemorykiller: Error opening /dev/memcg/apps/uid_10030/pid_3533/memory.soft_limit_in_bytes; errno=2
01-15 16:11:34.202 2484 2501 W system_server: kill(-3533, 9) failed: No such process
01-15 16:11:34.245 2369 3429 D PermissionCache: checking android.permission.READ_FRAME_BUFFER for uid=1000 => granted (1242 us)
01-15 16:11:34.247 2484 2501 W system_server: kill(-3533, 9) failed: No such process
01-15 16:11:34.247 2484 2501 I system_server: Successfully killed process cgroup uid 10030 pid 3533 in 45ms
01-15 16:11:34.262 2484 2484 I android.anim: type=1400 audit(0.0:552): avc: denied { read } for name="vendor" dev="tmpfs" ino=7264 scontext=u:r:system_server:s0 tcontext=u:object_r:tmpfs:s0 tclass=lnk_file permissive=1
01-15 16:11:34.263 2484 2528 D vndksupport: Loading /vendor/lib64/hw/android.hardware.graphics.allocator@2.0-impl.so from current namespace instead of sphal namespace.
01-15 16:11:34.264 2484 2528 D vndksupport: Loading /vendor/lib64/hw/gralloc.drm.so from current namespace instead of sphal namespace.
01-15 16:11:34.270 2369 2369 I surfaceflinger: type=1400 audit(0.0:553): avc: denied { map } for path=2F69393135202864656C6574656429 dev="tmpfs" ino=70640 scontext=u:r:surfaceflinger:s0 tcontext=u:object_r:surfaceflinger_tmpfs:s0 tclass=file permissive=1
01-15 16:11:34.354 2484 3160 W WallpaperManagerService: Cannot extract colors because wallpaper could not be read.
01-15 16:11:34.355 3547 3547 V Launcher: LauncherAppState initiated
01-15 16:11:34.509 3713 4050 I CastNearbyRequest: [FilterRequest] Http request sent to url: https://cast.google.com/cast/nearby/search
01-15 16:11:34.510 3713 4050 W CastNearbyRequest: [FilterRequest] Exception sending HTTP request to https://cast.google.com/cast/nearby/search
01-15 16:11:34.549 3547 3547 W System : ClassLoader referenced unknown path:
01-15 16:11:34.565 2484 2541 I InputDispatcher: Dropping event because there is no touchable window at (1246, 956).
01-15 16:11:34.573 2484 2541 I InputDispatcher: Dropping event because there is no touchable window at (1245, 956).
01-15 16:11:34.581 2484 2541 I InputDispatcher: Dropping event because there is no touchable window at (1244, 956).
01-15 16:11:34.589 2484 2541 I InputDispatcher: Dropping event because there is no touchable window at (1243, 956).
01-15 16:11:34.597 2484 2541 I InputDispatcher: Dropping event because there is no touchable window at (1241, 956).
01-15 16:11:34.601 3547 4722 D OpenGLRenderer: HWUI GL Pipeline
01-15 16:11:34.604 3547 3611 V GridSizeMigrationTask: Workspace migration completed in 9
01-15 16:11:34.604 3547 3611 D LoaderTask: loadWorkspace: loading default favorites
01-15 16:11:34.605 2484 2541 I InputDispatcher: Dropping event because there is no touchable window at (1239, 956).
01-15 16:11:34.609 2484 3160 D AutofillManagerServiceImpl: Reset component for user 0
01-15 16:11:34.612 3547 3611 D LauncherProvider: loading default workspace
01-15 16:11:34.613 2484 2541 I InputDispatcher: Dropping event because there is no touchable window at (1237, 956).
01-15 16:11:34.619 3547 3611 W DefaultLayoutParser: No preference or single system activity found for Intent { act=android.intent.action.MAIN cat=[android.intent.category.APP_MESSAGING] }
01-15 16:11:34.619 3547 4722 D vndksupport: Loading /vendor/lib64/hw/gralloc.drm.so from current namespace instead of sphal namespace.
01-15 16:11:34.620 3547 3611 W DefaultLayoutParser: No preference or single system activity found for Intent { act=android.intent.action.VIEW dat=sms: }
01-15 16:11:34.622 3547 4722 I GRALLOC-DRM: create intel for driver i915
01-15 16:11:34.624 3547 4722 I EGL-MAIN: found extension DRI_Core version 2
01-15 16:11:34.624 3547 4722 I EGL-MAIN: found extension DRI_DRI2 version 4
01-15 16:11:34.624 3547 3611 W DefaultLayoutParser: No preference or single system activity found for Intent { act=android.intent.action.VIEW dat=smsto: }
01-15 16:11:34.625 3547 3611 W DefaultLayoutParser: No preference or single system activity found for Intent { act=android.intent.action.VIEW dat=mms: }
01-15 16:11:34.625 3547 3611 W DefaultLayoutParser: No preference or single system activity found for Intent { act=android.intent.action.VIEW dat=mmsto: }
01-15 16:11:34.626 3547 3611 W DefaultLayoutParser: No preference or single system activity found for Intent { act=android.intent.action.MAIN cat=[android.intent.category.APP_EMAIL] }
01-15 16:11:34.626 3547 3547 W View : requestLayout() improperly called by com.android.launcher3.graphics.GradientView{c471725 V.ED..... ......I. 0,0-0,0 #7f0b0033 app:id/gradient_bg} during layout: running second layout pass
01-15 16:11:34.630 3547 4722 I EGL-MAIN: found extension DRI_TexBuffer version 3
01-15 16:11:34.630 3547 4722 I EGL-MAIN: found extension DRI2_Flush version 4
01-15 16:11:34.630 3547 4722 I EGL-MAIN: found extension DRI_IMAGE version 16
01-15 16:11:34.630 3547 4722 I EGL-MAIN: found extension DRI2_Fence version 2
01-15 16:11:34.630 3547 4722 I EGL-MAIN: found extension DRI_RENDERER_QUERY version 1
01-15 16:11:34.630 3547 4722 I EGL-MAIN: found extension DRI_CONFIG_QUERY version 1
01-15 16:11:34.630 3547 4722 I EGL-MAIN: found extension DRI_FlushControl version 1
01-15 16:11:34.630 3547 4722 I EGL-MAIN: found extension DRI_Robustness version 1
01-15 16:11:34.630 3547 4722 I EGL-MAIN: found extension DRI_NoError version 1
01-15 16:11:34.630 3547 4722 I com.android.launcher3: android::hardware::configstore::V1_0::ISurfaceFlingerConfigs::hasWideColorDisplay retrieved: 0
01-15 16:11:34.631 3547 4722 I OpenGLRenderer: Initialized EGL, version 1.4
01-15 16:11:34.631 3547 4722 D OpenGLRenderer: Swap behavior 2
01-15 16:11:34.631 3547 3547 I RenderThread: type=1400 audit(0.0:554): avc: denied { map } for path=2F69393135202864656C6574656429 dev="tmpfs" ino=73443 scontext=u:r:priv_app:s0:c512,c768 tcontext=u:object_r:priv_app_tmpfs:s0:c512,c768 tclass=file permissive=1
01-15 16:11:34.642 3547 4722 D vndksupport: Loading /vendor/lib64/hw/android.hardware.graphics.mapper@2.0-impl.so from current namespace instead of sphal namespace.
01-15 16:11:34.643 3547 4722 D vndksupport: Loading /vendor/lib64/hw/gralloc.drm.so from current namespace instead of sphal namespace.
01-15 16:11:34.655 2484 2506 I ActivityManager: Displayed com.android.launcher3/.Launcher: +546ms (total +6s166ms)
01-15 16:11:34.674 2368 2368 E lowmemorykiller: Error opening /dev/memcg/apps/uid_10015/pid_3433/memory.soft_limit_in_bytes; errno=2
01-15 16:11:34.674 2484 3160 W SchedPolicy: add_tid_to_cgroup failed to write '3433' (Permission denied); fd=25
01-15 16:11:34.674 2368 2368 E lowmemorykiller: Error opening /dev/memcg/apps/uid_1000/pid_3683/memory.soft_limit_in_bytes; errno=2
01-15 16:11:34.674 2368 2368 E lowmemorykiller: Error opening /dev/memcg/apps/uid_10059/pid_4323/memory.soft_limit_in_bytes; errno=2
01-15 16:11:34.674 2484 3160 I ActivityManager: Killing 3460:com.android.deskclock/u0a53 (adj 906): empty #17
01-15 16:11:34.674 2368 2368 E lowmemorykiller: Error opening /dev/memcg/apps/uid_10075/pid_3612/memory.soft_limit_in_bytes; errno=2
01-15 16:11:34.674 2368 2368 E lowmemorykiller: Error opening /dev/memcg/apps/uid_10006/pid_4417/memory.soft_limit_in_bytes; errno=2
01-15 16:11:34.674 2368 2368 E lowmemorykiller: Error opening /dev/memcg/apps/uid_10033/pid_4394/memory.soft_limit_in_bytes; errno=2
01-15 16:11:34.674 2368 2368 E lowmemorykiller: Error opening /dev/memcg/apps/uid_10016/pid_4172/memory.soft_limit_in_bytes; errno=2
