01-15 16:11:28.062 2484 2506 W ActivityManager: Unable to mark boot complete for abi: armeabi-v7a (android.os.ServiceSpecificException: Failed to unlink /data//dalvik-cache/arm/.booting (code 2))
01-15 16:11:28.062 2484 2506 I SystemServiceManager: Starting phase 1000
01-15 16:11:28.074 2484 2506 I ActivityManager: Start proc 3433:android.ext.services/u0a15 for on-hold
01-15 16:11:28.074 2484 2506 D ActivityManager: Finishing user boot 0
01-15 16:11:28.075 2484 2506 I ActivityManager: User 0 state changed from BOOTING to RUNNING_LOCKED
01-15 16:11:28.075 2484 2506 D StorageManagerService: Setting property: sys.user.0.ce_available=true
01-15 16:11:28.074 1 1 I init : type=1400 audit(0.0:367): avc: denied { dac_read_search } for capability=2 scontext=u:r:init:s0 tcontext=u:r:init:s0 tclass=capability permissive=1
01-15 16:11:28.075 1 1 I init : type=1400 audit(0.0:368): avc: denied { create } for name="cgroup.procs" scontext=u:r:init:s0 tcontext=u:object_r:cgroup:s0 tclass=file permissive=1
01-15 16:11:28.075 2484 2506 I ActivityManager: User 0 state changed from RUNNING_LOCKED to RUNNING_UNLOCKING
01-15 16:11:28.075 2484 2506 D CryptdConnector: SND -> {3 cryptfs prepare_user_storage ! 0 0 2}
01-15 16:11:28.076 2343 2348 D vold : e4crypt_prepare_user_storage for volume null, user 0, serial 0, flags 2
01-15 16:11:28.076 2343 2348 D vold : Preparing: /data/system_ce/0
01-15 16:11:28.076 2343 2348 D vold : Preparing: /data/misc_ce/0
01-15 16:11:28.076 2343 2348 D vold : Preparing: /data/media/0
01-15 16:11:28.076 2343 2348 D vold : Preparing: /data/data
01-15 16:11:28.075 2343 2343 I vold : type=1400 audit(0.0:369): avc: denied { dac_read_search } for capability=2 scontext=u:r:vold:s0 tcontext=u:r:vold:s0 tclass=capability permissive=1
01-15 16:11:28.075 3433 3433 I main : type=1400 audit(0.0:370): avc: denied { dac_read_search } for capability=2 scontext=u:r:zygote:s0 tcontext=u:r:zygote:s0 tclass=capability permissive=1
01-15 16:11:28.075 3433 3433 I main : type=1400 audit(0.0:371): avc: denied { create } for name="cgroup.procs" scontext=u:r:zygote:s0 tcontext=u:object_r:cgroup:s0 tclass=file permissive=1
01-15 16:11:28.076 2484 2545 D CryptdConnector: RCV <- {200 3 Command succeeded}
01-15 16:11:28.076 2484 2506 V UserDataPreparer: Found /data/user/0 with serial number 0
01-15 16:11:28.076 2484 2506 V UserDataPreparer: Found /data/system_ce/0 with serial number -1
01-15 16:11:28.076 2484 2506 D UserDataPreparer: Serial number missing on /data/system_ce/0; assuming current is valid
01-15 16:11:28.077 2484 2506 V PackageManager: reconcileAppsData for null u0 0x2 migrateAppData=true
01-15 16:11:28.077 3433 3433 W zygote64: Unexpected CPU variant for X86 using defaults: x86_64
01-15 16:11:28.077 2378 2378 I Binder:2378_3: type=1400 audit(0.0:372): avc: denied { dac_read_search } for capability=2 scontext=u:r:installd:s0 tcontext=u:r:installd:s0 tclass=capability permissive=1
01-15 16:11:28.080 3438 3438 I init : type=1400 audit(0.0:373): avc: denied { execute_no_trans } for path="/system/bin/logwrapper" dev="loop0" ino=278 scontext=u:r:init:s0 tcontext=u:object_r:system_file:s0 tclass=file permissive=1
01-15 16:11:28.088 3358 3358 E TelephonyProvider: dbh.selectConflictingRow: Expected 1 but found 0 matching rows found for cv protocol=IPV4V6 mnc=000 roaming_protocol=IPV4V6 mvno_match_data=bluewire sub_id=-1 name=Bluewire IMS numeric=310000 mvno_type=spn mcc=310 type=ims,ia bearer_bitmask=8192 apn=VZWIMS
01-15 16:11:28.091 3358 3358 E TelephonyProvider: dbh.selectConflictingRow: Expected 1 but found 0 matching rows found for cv protocol=IPV4V6 mnc=000 roaming_protocol=IPV4V6 mvno_match_data=bluewire sub_id=-1 name=Bluewire FOTA numeric=310000 mvno_type=spn mcc=310 type=fota bearer_bitmask=8192 apn=VZWADMIN
01-15 16:11:28.094 3448 3448 I logwrapper: type=1400 audit(0.0:374): avc: denied { execute_no_trans } for path="/system/bin/sh" dev="loop0" ino=378 scontext=u:r:init:s0 tcontext=u:object_r:shell_exec:s0 tclass=file permissive=1
01-15 16:11:28.096 3358 3358 E TelephonyProvider: dbh.selectConflictingRow: Expected 1 but found 0 matching rows found for cv mnc=000 mmsc=http://mms.blueunlimited.com mmsport=8514 mvno_match_data=bluewire sub_id=-1 numeric=310000 mcc=310 type=default,mms,dun,supl protocol=IPV4V6 roaming_protocol=IPV4V6 name=Bluewire mvno_type=spn bearer_bitmask=8192 apn=VZWINTERNET mmsproxy=
01-15 16:11:28.103 3358 3358 E TelephonyProvider: dbh.selectConflictingRow: Expected 1 but found 0 matching rows found for cv protocol=IPV4V6 mnc=000 roaming_protocol=IPV4V6 mvno_match_data=flatwire sub_id=-1 name=Flatwire IMS numeric=310000 mvno_type=spn mcc=310 type=ims,ia bearer_bitmask=8192 apn=VZWIMS
01-15 16:11:28.106 3358 3358 E TelephonyProvider: dbh.selectConflictingRow: Expected 1 but found 0 matching rows found for cv protocol=IPV4V6 mnc=000 roaming_protocol=IPV4V6 mvno_match_data=flatwire sub_id=-1 name=Flatwire FOTA numeric=310000 mvno_type=spn mcc=310 type=fota bearer_bitmask=8192 apn=VZWADMIN
01-15 16:11:28.107 3358 3358 E TelephonyProvider: dbh.selectConflictingRow: Expected 1 but found 0 matching rows found for cv mnc=000 mmsc=http://mmsc.cleartalk.csky.us/ mmsport= mvno_match_data=flatwire sub_id=-1 numeric=310000 mcc=310 type=default,mms,dun,supl protocol=IPV4V6 roaming_protocol=IPV4V6 name=Flatwire mvno_type=spn bearer_bitmask=8192 apn=VZWINTERNET mmsproxy=
01-15 16:11:28.109 3448 3448 I sh : type=1400 audit(0.0:375): avc: denied { ioctl } for path="/dev/pts/0" dev="devpts" ino=3 ioctlcmd=0x5401 scontext=u:r:init:s0 tcontext=u:object_r:devpts:s0 tclass=chr_file permissive=1
01-15 16:11:28.109 3358 3358 E TelephonyProvider: dbh.selectConflictingRow: Expected 1 but found 0 matching rows found for cv protocol=IPV4V6 mnc=000 roaming_protocol=IPV4V6 mvno_match_data=mobipcs sub_id=-1 name=Mobipcs IMS numeric=310000 mvno_type=spn mcc=310 type=ims,ia bearer_bitmask=8192 apn=VZWIMS
01-15 16:11:28.110 3358 3358 E TelephonyProvider: dbh.selectConflictingRow: Expected 1 but found 0 matching rows found for cv protocol=IPV4V6 mnc=000 roaming_protocol=IPV4V6 mvno_match_data=mobipcs sub_id=-1 name=Mobipcs FOTA numeric=310000 mvno_type=spn mcc=310 type=fota bearer_bitmask=8192 apn=VZWADMIN
01-15 16:11:28.111 3358 3358 E TelephonyProvider: dbh.selectConflictingRow: Expected 1 but found 0 matching rows found for cv mnc=000 mmsc=http://mms.mobipcs.com mmsport= mvno_match_data=mobipcs sub_id=-1 numeric=310000 mcc=310 type=default,mms,dun,supl protocol=IPV4V6 roaming_protocol=IPV4V6 name=Mobipcs mvno_type=spn bearer_bitmask=8192 apn=VZWINTERNET mmsproxy=
01-15 16:11:28.113 3358 3358 E TelephonyProvider: dbh.selectConflictingRow: Expected 1 but found 0 matching rows found for cv protocol=IPV4V6 mnc=000 roaming_protocol=IPV4V6 mvno_match_data=mobilenation sub_id=-1 name=Mobilenation IMS numeric=310000 mvno_type=spn mcc=310 type=ims,ia bearer_bitmask=8192 apn=VZWIMS
01-15 16:11:28.113 3358 3358 E TelephonyProvider: dbh.selectConflictingRow: Expected 1 but found 0 matching rows found for cv protocol=IPV4V6 mnc=000 roaming_protocol=IPV4V6 mvno_match_data=mobilenation sub_id=-1 name=Mobilenation FOTA numeric=310000 mvno_type=spn mcc=310 type=fota bearer_bitmask=8192 apn=VZWADMIN
01-15 16:11:28.115 3358 3358 E TelephonyProvider: dbh.selectConflictingRow: Expected 1 but found 0 matching rows found for cv mnc=000 mmsc=http://mms.mymn3g.net mmsport=8081 mvno_match_data=mobilenation sub_id=-1 numeric=310000 mcc=310 type=default,mms,dun,supl protocol=IPV4V6 roaming_protocol=IPV4V6 name=Mobilenation mvno_type=spn bearer_bitmask=8192 apn=VZWINTERNET mmsproxy=mms.mymn3g.net
01-15 16:11:28.116 3358 3358 E TelephonyProvider: dbh.selectConflictingRow: Expected 1 but found 0 matching rows found for cv protocol=IPV4V6 mnc=000 roaming_protocol=IPV4V6 mvno_match_data=mohave sub_id=-1 name=Mohave IMS numeric=310000 mvno_type=spn mcc=310 type=ims,ia bearer_bitmask=8192 apn=VZWIMS
01-15 16:11:28.117 3358 3358 E TelephonyProvider: dbh.selectConflictingRow: Expected 1 but found 0 matching rows found for cv protocol=IPV4V6 mnc=000 roaming_protocol=IPV4V6 mvno_match_data=mohave sub_id=-1 name=Mohave FOTA numeric=310000 mvno_type=spn mcc=310 type=fota bearer_bitmask=8192 apn=VZWADMIN
01-15 16:11:28.118 3358 3358 E TelephonyProvider: dbh.selectConflictingRow: Expected 1 but found 0 matching rows found for cv mnc=000 mmsc=http://mms.mohavewireless.com mmsport= mvno_match_data=mohave sub_id=-1 numeric=310000 mcc=310 type=default,mms,dun,supl protocol=IPV4V6 roaming_protocol=IPV4V6 name=Mohave mvno_type=spn bearer_bitmask=8192 apn=VZWINTERNET mmsproxy=
01-15 16:11:28.119 3358 3358 E TelephonyProvider: dbh.selectConflictingRow: Expected 1 but found 0 matching rows found for cv protocol=IPV4V6 mnc=000 roaming_protocol=IPV4V6 mvno_match_data=Peopleswire sub_id=-1 name=Peopleswire IMS numeric=310000 mvno_type=spn mcc=310 type=ims,ia bearer_bitmask=8192 apn=VZWIMS
01-15 16:11:28.120 3358 3358 E TelephonyProvider: dbh.selectConflictingRow: Expected 1 but found 0 matching rows found for cv protocol=IPV4V6 mnc=000 roaming_protocol=IPV4V6 mvno_match_data=peopleswire sub_id=-1 name=peopleswire FOTA numeric=310000 mvno_type=spn mcc=310 type=fota bearer_bitmask=8192 apn=VZWADMIN
01-15 16:11:28.121 3358 3358 E TelephonyProvider: dbh.selectConflictingRow: Expected 1 but found 0 matching rows found for cv mnc=000 mmsc=http://172.16.16.130/mms/ mmsport=80 mvno_match_data=Peopleswire sub_id=-1 numeric=310000 mcc=310 type=default,mms,dun,supl protocol=IPV4V6 roaming_protocol=IPV4V6 name=Peopleswire mvno_type=spn bearer_bitmask=8192 apn=VZWINTERNET mmsproxy=
01-15 16:11:28.123 3358 3358 E TelephonyProvider: dbh.selectConflictingRow: Expected 1 but found 0 matching rows found for cv protocol=IPV4V6 mnc=000 roaming_protocol=IPV4V6 mvno_match_data=revol sub_id=-1 name=Revol IMS numeric=310000 mvno_type=spn mcc=310 type=ims,ia bearer_bitmask=8192 apn=VZWIMS
01-15 16:11:28.124 3358 3358 E TelephonyProvider: dbh.selectConflictingRow: Expected 1 but found 0 matching rows found for cv protocol=IPV4V6 mnc=000 roaming_protocol=IPV4V6 mvno_match_data=revol sub_id=-1 name=Revol FOTA numeric=310000 mvno_type=spn mcc=310 type=fota bearer_bitmask=8192 apn=VZWADMIN
01-15 16:11:28.125 3358 3358 E TelephonyProvider: dbh.selectConflictingRow: Expected 1 but found 0 matching rows found for cv mnc=000 mmsc=http://mms.revol.us/revol/mms.php mmsport= mvno_match_data=revol sub_id=-1 numeric=310000 mcc=310 type=default,mms,dun,supl protocol=IPV4V6 roaming_protocol=IPV4V6 name=Revol mvno_type=spn bearer_bitmask=8192 apn=VZWINTERNET mmsproxy=
01-15 16:11:28.125 3449 3449 I cat : type=1400 audit(0.0:376): avc: denied { write } for path="pipe:[53216]" dev="pipefs" ino=53216 scontext=u:r:toolbox:s0 tcontext=u:r:init:s0 tclass=fifo_file permissive=1
01-15 16:11:28.128 3358 3358 E TelephonyProvider: dbh.selectConflictingRow: Expected 1 but found 0 matching rows found for cv protocol=IPV4V6 mnc=000 roaming_protocol=IPV4V6 mvno_match_data=distribution sub_id=-1 name=Distribution IMS numeric=310000 mvno_type=spn mcc=310 type=ims,ia bearer_bitmask=8192 apn=VZWIMS
01-15 16:11:28.129 3358 3358 E TelephonyProvider: dbh.selectConflictingRow: Expected 1 but found 0 matching rows found for cv protocol=IPV4V6 mnc=000 roaming_protocol=IPV4V6 mvno_match_data=distribution sub_id=-1 name=Distribution FOTA numeric=310000 mvno_type=spn mcc=310 type=fota bearer_bitmask=8192 apn=VZWADMIN
01-15 16:11:28.130 3358 3358 E TelephonyProvider: dbh.selectConflictingRow: Expected 1 but found 0 matching rows found for cv mnc=000 mmsc=http://mms.dst.com/mms/ mmsport= mvno_match_data=distribution sub_id=-1 numeric=310000 mcc=310 type=default,mms,dun,supl protocol=IPV4V6 roaming_protocol=IPV4V6 name=Distribution mvno_type=spn bearer_bitmask=8192 apn=VZWINTERNET mmsproxy=
01-15 16:11:28.130 3449 3449 I cat : type=1400 audit(0.0:377): avc: denied { getattr } for path="/vendor" dev="tmpfs" ino=7264 scontext=u:r:toolbox:s0 tcontext=u:object_r:tmpfs:s0 tclass=lnk_file permissive=1
01-15 16:11:28.134 3358 3358 E TelephonyProvider: dbh.selectConflictingRow: Expected 1 but found 0 matching rows found for cv protocol=IPV4V6 mnc=032 roaming_protocol=IPV4V6 mvno_match_data=itewire sub_id=-1 name=Itewire IMS numeric=310032 mvno_type=spn mcc=310 type=ims,ia bearer_bitmask=8192 apn=VZWIMS
01-15 16:11:28.135 3358 3358 E TelephonyProvider: dbh.selectConflictingRow: Expected 1 but found 0 matching rows found for cv protocol=IPV4V6 mnc=032 roaming_protocol=IPV4V6 mvno_match_data=itewire sub_id=-1 name=Itewire FOTA numeric=310032 mvno_type=spn mcc=310 type=fota bearer_bitmask=8192 apn=VZWADMIN
01-15 16:11:28.136 3358 3358 E TelephonyProvider: dbh.selectConflictingRow: Expected 1 but found 0 matching rows found for cv mnc=032 mmsc= mmsport= mvno_match_data=itewire sub_id=-1 numeric=310032 mcc=310 type=default,mms,dun,supl protocol=IPV4V6 roaming_protocol=IPV4V6 name=Itewire mvno_type=spn bearer_bitmask=8192 apn=VZWINTERNET mmsproxy=
01-15 16:11:28.138 3358 3358 E TelephonyProvider: dbh.selectConflictingRow: Expected 1 but found 0 matching rows found for cv protocol=IPV4V6 mnc=035 roaming_protocol=IPV4V6 mvno_match_data=etex sub_id=-1 name=Etex IMS numeric=310035 mvno_type=spn mcc=310 type=ims,ia bearer_bitmask=8192 apn=VZWIMS
01-15 16:11:28.139 3358 3358 E TelephonyProvider: dbh.selectConflictingRow: Expected 1 but found 0 matching rows found for cv protocol=IPV4V6 mnc=035 roaming_protocol=IPV4V6 mvno_match_data=etex sub_id=-1 name=Etex FOTA numeric=310035 mvno_type=spn mcc=310 type=fota bearer_bitmask=8192 apn=VZWADMIN
01-15 16:11:28.140 3135 3140 I zygote64: Do full code cache collection, code=125KB, data=88KB
01-15 16:11:28.140 3358 3358 E TelephonyProvider: dbh.selectConflictingRow: Expected 1 but found 0 matching rows found for cv mnc=035 mmsc=http://mmsi.etex.mobi mmsport= mvno_match_data=etex sub_id=-1 numeric=310035 mcc=310 type=default,mms,dun,supl protocol=IPV4V6 roaming_protocol=IPV4V6 name=Etex mvno_type=spn bearer_bitmask=8192 apn=VZWINTERNET mmsproxy=
01-15 16:11:28.140 3135 3140 I zygote64: After code cache collection, code=79KB, data=47KB
01-15 16:11:28.141 3358 3358 E TelephonyProvider: dbh.selectConflictingRow: Expected 1 but found 0 matching rows found for cv protocol=IPV4V6 mnc=040 roaming_protocol=IPV4V6 mvno_match_data=mta sub_id=-1 name=Mta IMS numeric=310040 mvno_type=spn mcc=310 type=ims,ia bearer_bitmask=8192 apn=VZWIMS
01-15 16:11:28.142 3358 3358 E TelephonyProvider: dbh.selectConflictingRow: Expected 1 but found 0 matching rows found for cv protocol=IPV4V6 mnc=040 roaming_protocol=IPV4V6 mvno_match_data=mta sub_id=-1 name=Mta FOTA numeric=310040 mvno_type=spn mcc=310 type=fota bearer_bitmask=8192 apn=VZWADMIN
01-15 16:11:28.143 3358 3358 E TelephonyProvider: dbh.selectConflictingRow: Expected 1 but found 0 matching rows found for cv mnc=040 mmsc=http://mmsc.mta.dataonair.net/ mmsport=6672 mvno_match_data=mta sub_id=-1 numeric=310040 mcc=310 type=default,mms,dun,supl protocol=IPV4V6 roaming_protocol=IPV4V6 name=Mta mvno_type=spn bearer_bitmask=8192 apn=VZWINTERNET mmsproxy=209.4.229.85
01-15 16:11:28.144 3358 3358 E TelephonyProvider: dbh.selectConflictingRow: Expected 1 but found 0 matching rows found for cv protocol=IPV4V6 mnc=050 roaming_protocol=IPV4V6 mvno_match_data=alaskacomm sub_id=-1 name=Alaskacomm IMS numeric=310050 mvno_type=spn mcc=310 type=ims,ia bearer_bitmask=8192 apn=VZWIMS
01-15 16:11:28.145 3358 3358 E TelephonyProvider: dbh.selectConflictingRow: Expected 1 but found 0 matching rows found for cv protocol=IPV4V6 mnc=050 roaming_protocol=IPV4V6 mvno_match_data=alaskacomm sub_id=-1 name=Alaskacomm FOTA numeric=310050 mvno_type=spn mcc=310 type=fota bearer_bitmask=8192 apn=VZWADMIN
01-15 16:11:28.147 3358 3358 E TelephonyProvider: dbh.selectConflictingRow: Expected 1 but found 0 matching rows found for cv mnc=050 mmsc=http://mmsc1.acsalaska.net/servlets/mms mmsport= mvno_match_data=alaskacomm sub_id=-1 numeric=310050 mcc=310 protocol=IPV4V6 roaming_protocol=IPV4V6 name=Alaskacomm mvno_type=spn bearer_bitmask=8192 apn=VZWINTERNET mmsproxy=
01-15 16:11:28.149 3449 3449 I cat : type=1400 audit(0.0:379): avc: denied { read } for name="board_name" dev="sysfs" ino=360 scontext=u:r:toolbox:s0 tcontext=u:object_r:sysfs:s0 tclass=file permissive=1
01-15 16:11:28.154 3358 3358 E TelephonyProvider: dbh.selectConflictingRow: Expected 1 but found 0 matching rows found for cv protocol=IPV4V6 mnc=130 roaming_protocol=IPV4V6 mvno_match_data=carolinawest sub_id=-1 name=Carolina IMS numeric=310130 mvno_type=spn mcc=310 type=ims,ia bearer_bitmask=8192 apn=VZWIMS
01-15 16:11:28.154 3358 3358 E TelephonyProvider: dbh.selectConflictingRow: Expected 1 but found 0 matching rows found for cv protocol=IPV4V6 mnc=130 roaming_protocol=IPV4V6 mvno_match_data=carolinawest sub_id=-1 name=Carolina FOTA numeric=310130 mvno_type=spn mcc=310 type=fota bearer_bitmask=8192 apn=VZWADMIN
01-15 16:11:28.155 3358 3358 E TelephonyProvider: dbh.selectConflictingRow: Expected 1 but found 0 matching rows found for cv mnc=130 mmsc=http://mms.cwwmms.com/cww/mms.php mmsport=80 mvno_match_data=carolinawest sub_id=-1 numeric=310130 mcc=310 type=default,mms,dun,supl protocol=IPV4V6 roaming_protocol=IPV4V6 name=Carolina west mvno_type=spn bearer_bitmask=8192 apn=VZWINTERNET mmsproxy=204.117.091.161
01-15 16:11:28.159 3451 3451 I cat : type=1400 audit(0.0:381): avc: denied { read } for name="cmdline" dev="proc" ino=4026532013 scontext=u:r:toolbox:s0 tcontext=u:object_r:proc:s0 tclass=file permissive=1
01-15 16:11:28.160 3438 3438 I sh : + hw_sh=/vendor/etc/init.sh
01-15 16:11:28.161 3438 3438 I sh : + '[' -e /vendor/etc/init.sh ']'
01-15 16:11:28.161 3438 3438 I sh : + do_bootcomplete
01-15 16:11:28.161 3438 3438 I sh : + init_cpu_governor
01-15 16:11:28.161 3438 3438 I sh : + getprop cpu.governor
01-15 16:11:28.164 3452 3452 I getprop : type=1400 audit(0.0:383): avc: denied { getattr } for path="pipe:[53925]" dev="pipefs" ino=53925 scontext=u:r:toolbox:s0 tcontext=u:r:init:s0 tclass=fifo_file permissive=1
01-15 16:11:28.165 3438 3438 I sh : + governor=
01-15 16:11:28.165 3438 3438 I sh : + '[' ']'
01-15 16:11:28.166 3438 3438 I sh : + getprop persist.sys.root_access
01-15 16:11:28.166 3358 3358 E TelephonyProvider: dbh.selectConflictingRow: Expected 1 but found 0 matching rows found for cv protocol=IPV4V6 mnc=330 roaming_protocol=IPV4V6 mvno_match_data=alltel2 sub_id=-1 name=Alltel2 IMS numeric=310330 mvno_type=spn mcc=310 type=ims,ia bearer_bitmask=8192 apn=VZWIMS
01-15 16:11:28.167 3358 3358 E TelephonyProvider: dbh.selectConflictingRow: Expected 1 but found 0 matching rows found for cv protocol=IPV4V6 mnc=330 roaming_protocol=IPV4V6 mvno_match_data=alltel2 sub_id=-1 name=Alltel2 FOTA numeric=310330 mvno_type=spn mcc=310 type=fota bearer_bitmask=8192 apn=VZWADMIN
01-15 16:11:28.168 3358 3358 E TelephonyProvider: dbh.selectConflictingRow: Expected 1 but found 0 matching rows found for cv mnc=330 mmsc=http://mms.alltel.com/servlets/mms mmsport=8080 mvno_match_data=alltel2 sub_id=-1 numeric=310330 mcc=310 type=default,mms,dun,supl protocol=IPV4V6 roaming_protocol=IPV4V6 name=Alltel2 mvno_type=spn bearer_bitmask=8192 apn=VZWINTERNET mmsproxy=mms.alltel.com
01-15 16:11:28.169 3358 3358 E TelephonyProvider: dbh.selectConflictingRow: Expected 1 but found 0 matching rows found for cv protocol=IPV4V6 mnc=360 roaming_protocol=IPV4V6 mvno_match_data=pioneer sub_id=-1 name=Pioneer IMS numeric=310360 mvno_type=spn mcc=310 type=ims,ia bearer_bitmask=8192 apn=VZWIMS
01-15 16:11:28.171 3358 3358 E TelephonyProvider: dbh.selectConflictingRow: Expected 1 but found 0 matching rows found for cv protocol=IPV4V6 mnc=360 roaming_protocol=IPV4V6 mvno_match_data=pioneer sub_id=-1 name=Pioneer FOTA numeric=310360 mvno_type=spn mcc=310 type=fota bearer_bitmask=8192 apn=VZWADMIN
01-15 16:11:28.171 3358 3358 E TelephonyProvider: dbh.selectConflictingRow: Expected 1 but found 0 matching rows found for cv mnc=360 mmsc=http://mms1.zsend.com mmsport= mvno_match_data=pioneer sub_id=-1 numeric=310360 mcc=310 type=default,mms,dun,supl protocol=IPV4V6 roaming_protocol=IPV4V6 name=Pioneer mvno_type=spn bearer_bitmask=8192 apn=VZWINTERNET mmsproxy=
01-15 16:11:28.172 3438 3438 I sh : + '[' -z ']'
01-15 16:11:28.172 3438 3438 I sh : + setprop persist.sys.root_access 3
01-15 16:11:28.174 3358 3358 E TelephonyProvider: dbh.selectConflictingRow: Expected 1 but found 0 matching rows found for cv protocol=IPV4V6 mnc=430 roaming_protocol=IPV4V6 mvno_match_data=gci sub_id=-1 name=Gci IMS numeric=310430 mvno_type=spn mcc=310 type=ims,ia bearer_bitmask=8192 apn=VZWIMS
01-15 16:11:28.175 3358 3358 E TelephonyProvider: dbh.selectConflictingRow: Expected 1 but found 0 matching rows found for cv protocol=IPV4V6 mnc=430 roaming_protocol=IPV4V6 mvno_match_data=gci sub_id=-1 name=Gci FOTA numeric=310430 mvno_type=spn mcc=310 type=fota bearer_bitmask=8192 apn=VZWADMIN
01-15 16:11:28.176 3358 3358 E TelephonyProvider: dbh.selectConflictingRow: Expected 1 but found 0 matching rows found for cv mnc=430 mmsc=http://mmsc.akdt.dataonair.net:6672/ mmsport= mvno_match_data=gci sub_id=-1 numeric=310430 mcc=310 type=default,mms,dun,supl protocol=IPV4V6 roaming_protocol=IPV4V6 name=Gci mvno_type=spn bearer_bitmask=8192 apn=VZWINTERNET mmsproxy=
01-15 16:11:28.176 3454 3454 I setprop : type=1400 audit(0.0:384): avc: denied { write } for name="property_service" dev="tmpfs" ino=7440 scontext=u:r:toolbox:s0 tcontext=u:object_r:property_socket:s0 tclass=sock_file permissive=1
01-15 16:11:28.177 3358 3358 E TelephonyProvider: dbh.selectConflictingRow: Expected 1 but found 0 matching rows found for cv server=* protocol=IPV4V6 mnc=470 mmsc=http://mms.ntelospcs.net sub_id=-1 name=nTelos Ota numeric=310470 mcc=310 type=admin,fota,ota bearer_bitmask=8192 apn=admin.4g.ntelos.com
01-15 16:11:28.177 3438 3438 I sh : + lsmod
01-15 16:11:28.177 3438 3438 I sh : + grep -Ehq 'brcmfmac|rtl8723be'
01-15 16:11:28.178 3358 3358 E TelephonyProvider: dbh.selectConflictingRow: Expected 1 but found 0 matching rows found for cv server=* protocol=IPV4V6 mnc=470 mmsc=http://mms.ntelospcs.net sub_id=-1 name=nTelos Tether numeric=310470 mcc=310 type=dun,pam bearer_bitmask=8192 apn=tethering.4g.ntelos.com
01-15 16:11:28.181 3358 3358 E TelephonyProvider: dbh.selectConflictingRow: Expected 1 but found 0 matching rows found for cv protocol=IPV4V6 mnc=580 roaming_protocol=IPV4V6 mvno_match_data=inland sub_id=-1 name=Inland IMS numeric=310580 mvno_type=spn mcc=310 type=ims,ia bearer_bitmask=8192 apn=VZWIMS
01-15 16:11:28.181 2484 2506 V PackageManager: reconcileAppsData finished 97 packages
01-15 16:11:28.181 2484 2499 I SystemServiceManager: Calling onUnlockUser u0
01-15 16:11:28.181 2484 2499 D BluetoothManagerService: User 0 unlocked
01-15 16:11:28.181 2484 2499 D StorageManagerService: onUnlockUser 0
01-15 16:11:28.181 2484 2499 D VoldConnector: SND -> {39 volume user_started 0}
01-15 16:11:28.182 2484 3069 D WifiConfigManager: New store files not found. No saved networks loaded!
01-15 16:11:28.182 2484 3069 D WIFI : Registering NetworkFactory
01-15 16:11:28.182 2484 3069 D WIFI_UT : Registering NetworkFactory
01-15 16:11:28.182 2484 3073 D ConnectivityService: Got NetworkFactory Messenger for WIFI
01-15 16:11:28.182 2484 3073 D ConnectivityService: Got NetworkFactory Messenger for WIFI_UT
01-15 16:11:28.182 2484 3069 D WIFI : got request NetworkRequest [ TRACK_DEFAULT id=5, [ Capabilities: INTERNET&NOT_RESTRICTED&TRUSTED&NOT_VPN] ] with score 0
01-15 16:11:28.182 2484 3069 D WIFI : got request NetworkRequest [ REQUEST id=1, [ Capabilities: INTERNET&NOT_RESTRICTED&TRUSTED&NOT_VPN] ] with score 0
01-15 16:11:28.182 2484 3069 D WIFI : got request NetworkRequest [ TRACK_DEFAULT id=3, [ Capabilities: INTERNET&NOT_RESTRICTED&TRUSTED&NOT_VPN] ] with score 0
01-15 16:11:28.182 2484 3069 D WIFI : got request NetworkRequest [ BACKGROUND_REQUEST id=2, [ Transports: CELLULAR Capabilities: INTERNET&NOT_RESTRICTED&TRUSTED&NOT_VPN] ] with score 0
01-15 16:11:28.182 2484 3069 D WIFI_UT : got request NetworkRequest [ TRACK_DEFAULT id=5, [ Capabilities: INTERNET&NOT_RESTRICTED&TRUSTED&NOT_VPN] ] with score 0
01-15 16:11:28.182 2484 3069 D WIFI_UT : got request NetworkRequest [ REQUEST id=1, [ Capabilities: INTERNET&NOT_RESTRICTED&TRUSTED&NOT_VPN] ] with score 0
01-15 16:11:28.182 2484 3069 D WIFI_UT : got request NetworkRequest [ TRACK_DEFAULT id=3, [ Capabilities: INTERNET&NOT_RESTRICTED&TRUSTED&NOT_VPN] ] with score 0
01-15 16:11:28.182 2484 3069 D WIFI_UT : got request NetworkRequest [ BACKGROUND_REQUEST id=2, [ Transports: CELLULAR Capabilities: INTERNET&NOT_RESTRICTED&TRUSTED&NOT_VPN] ] with score 0
01-15 16:11:28.182 2343 2347 D vold : Linking /storage/emulated/0 to /mnt/user/0/primary
01-15 16:11:28.182 2484 2544 D VoldConnector: RCV <- {200 39 Command succeeded}
01-15 16:11:28.182 2484 2505 D BluetoothManagerService: MESSAGE_USER_UNLOCKED
01-15 16:11:28.182 2484 2543 D StorageManagerService: Volume public:8,33 broadcasting mounted to UserHandle{0}
01-15 16:11:28.183 3358 3358 E TelephonyProvider: dbh.selectConflictingRow: Expected 1 but found 0 matching rows found for cv protocol=IPV4V6 mnc=580 roaming_protocol=IPV4V6 mvno_match_data=inland sub_id=-1 name=Inland FOTA numeric=310580 mvno_type=spn mcc=310 type=fota bearer_bitmask=8192 apn=VZWADMIN
01-15 16:11:28.183 2368 2368 E lowmemorykiller: Error opening /dev/memcg/apps/uid_10015/pid_3433/memory.soft_limit_in_bytes; errno=2
01-15 16:11:28.184 3358 3358 E TelephonyProvider: dbh.selectConflictingRow: Expected 1 but found 0 matching rows found for cv mnc=580 mmsc=http://mms.inland3g.com/inland/mms.php mmsport= mvno_match_data=inland sub_id=-1 numeric=310580 mcc=310 type=default,mms,dun,supl protocol=IPV4V6 roaming_protocol=IPV4V6 name=Inland mvno_type=spn bearer_bitmask=8192 apn=VZWINTERNET mmsproxy=
01-15 16:11:28.184 2484 2499 I BackupManagerService: Instantiating BackupManagerService
01-15 16:11:28.185 2484 3069 D WifiConfigStore: Reading from user store completed in 0 ms.
01-15 16:11:28.186 3438 3438 I sh : + grep '\[.*\]' /proc/asound/cards
01-15 16:11:28.186 3438 3438 I sh : + awk '{print $1}'
01-15 16:11:28.188 3460 3460 W zygote64: Unexpected CPU variant for X86 using defaults: x86_64
01-15 16:11:28.189 3358 3358 E TelephonyProvider: dbh.selectConflictingRow: Expected 1 but found 0 matching rows found for cv protocol=IPV4V6 mnc=600 roaming_protocol=IPV4V6 mvno_match_data=cellcom sub_id=-1 name=Cellcom IMS numeric=310600 mvno_type=spn mcc=310 type=ims,ia bearer_bitmask=8192 apn=VZWIMS
01-15 16:11:28.191 2484 3069 D WifiConfigStore: Writing to stores completed in 0 ms.
01-15 16:11:28.191 3358 3358 E TelephonyProvider: dbh.selectConflictingRow: Expected 1 but found 0 matching rows found for cv protocol=IPV4V6 mnc=600 roaming_protocol=IPV4V6 mvno_match_data=cellcom sub_id=-1 name=Cellcom FOTA numeric=310600 mvno_type=spn mcc=310 type=fota bearer_bitmask=8192 apn=VZWADMIN
01-15 16:11:28.192 3358 3358 E TelephonyProvider: dbh.selectConflictingRow: Expected 1 but found 0 matching rows found for cv mnc=600 mmsc=http://mms.cellcom.com/cellcom/mms.php mmsport= mvno_match_data=cellcom sub_id=-1 numeric=310600 mcc=310 type=default,mms,dun,supl protocol=IPV4V6 roaming_protocol=IPV4V6 name=Cellcom mvno_type=spn bearer_bitmask=8192 apn=VZWINTERNET mmsproxy=
01-15 16:11:28.193 2484 2484 I ActivityManager: Start proc 3460:com.android.deskclock/u0a53 for broadcast com.android.deskclock/.AlarmInitReceiver
01-15 16:11:28.194 3358 3358 E TelephonyProvider: dbh.selectConflictingRow: Expected 1 but found 0 matching rows found for cv protocol=IPV4V6 mnc=750 roaming_protocol=IPV4V6 mvno_match_data=appalachian sub_id=-1 name=Appalachian IMS numeric=310750 mvno_type=spn mcc=310 type=ims,ia bearer_bitmask=8192 apn=VZWIMS
01-15 16:11:28.195 2368 2368 E lowmemorykiller: Error opening /dev/memcg/apps/uid_10053/pid_3460/memory.soft_limit_in_bytes; errno=2
01-15 16:11:28.195 2484 3413 W SchedPolicy: add_tid_to_cgroup failed to write '3460' (Permission denied); fd=25
01-15 16:11:28.196 3358 3358 E TelephonyProvider: dbh.selectConflictingRow: Expected 1 but found 0 matching rows found for cv protocol=IPV4V6 mnc=750 roaming_protocol=IPV4V6 mvno_match_data=appalachian sub_id=-1 name=Appalachian FOTA numeric=310750 mvno_type=spn mcc=310 type=fota bearer_bitmask=8192 apn=VZWADMIN
01-15 16:11:28.196 2484 2499 I SELinux : SELinux: Loaded file_contexts
01-15 16:11:28.197 2484 2543 D StorageManagerService: Volume emulated broadcasting mounted to UserHandle{0}
01-15 16:11:28.197 3358 3358 E TelephonyProvider: dbh.selectConflictingRow: Expected 1 but found 0 matching rows found for cv mnc=750 mmsc=http://mms.ekn.com mmsport=80 mvno_match_data=appalachian sub_id=-1 numeric=310750 mcc=310 type=default,mms,dun,supl protocol=IPV4V6 roaming_protocol=IPV4V6 name=Appalachian mvno_type=spn bearer_bitmask=8192 apn=VZWINTERNET mmsproxy=
01-15 16:11:28.197 2484 2499 V BackupManagerService: No ancestral data
01-15 16:11:28.199 3358 3358 E TelephonyProvider: dbh.selectConflictingRow: Expected 1 but found 0 matching rows found for cv protocol=IPV4V6 mnc=820 roaming_protocol=IPV4V6 mvno_match_data=nepa sub_id=-1 name=Nepa IMS numeric=310820 mvno_type=spn mcc=310 type=ims,ia bearer_bitmask=8192 apn=VZWIMS
01-15 16:11:28.200 3358 3358 E TelephonyProvider: dbh.selectConflictingRow: Expected 1 but found 0 matching rows found for cv protocol=IPV4V6 mnc=820 roaming_protocol=IPV4V6 mvno_match_data=nepa sub_id=-1 name=Nepa FOTA numeric=310820 mvno_type=spn mcc=310 type=fota bearer_bitmask=8192 apn=VZWADMIN
01-15 16:11:28.200 3358 3358 E TelephonyProvider: dbh.selectConflictingRow: Expected 1 but found 0 matching rows found for cv mnc=820 mmsc=http://mmsc.c1nepa.csky.us:6672/ mmsport= mvno_match_data=nepa sub_id=-1 numeric=310820 mcc=310 type=default,mms,dun,supl protocol=IPV4V6 roaming_protocol=IPV4V6 name=Nepa mvno_type=spn bearer_bitmask=8192 apn=VZWINTERNET mmsproxy=
01-15 16:11:28.200 2484 2499 V BackupManagerService: Starting with transport android/com.android.internal.backup.LocalTransport
01-15 16:11:28.201 2484 2499 D BackupTransportManager: Binding to transport: android/com.android.internal.backup.LocalTransportService
01-15 16:11:28.201 2484 3474 V KeyValueBackupJob: Scheduling k/v pass in 245 minutes
01-15 16:11:28.201 2484 2499 W BackupTransportManager: BackupTransport com.google.android.gms/.backup.BackupTransportService not whitelisted.
01-15 16:11:28.201 2484 2499 I BackupManagerService: Backup enable apparently not migrated
01-15 16:11:28.201 2484 2499 I BackupManagerService: Migrating enable state false
01-15 16:11:28.201 2484 2499 I BackupManagerService: Backup enabled => false
01-15 16:11:28.202 3358 3358 E TelephonyProvider: dbh.selectConflictingRow: Expected 1 but found 0 matching rows found for cv protocol=IPV4V6 mnc=900 roaming_protocol=IPV4V6 mvno_match_data=midrivers sub_id=-1 name=Midrivers IMS numeric=310900 mvno_type=spn mcc=310 type=ims,ia bearer_bitmask=8192 apn=VZWIMS
01-15 16:11:28.202 2484 3474 V KeyValueBackupJob: Scheduling k/v pass in 241 minutes
01-15 16:11:28.203 2368 2368 E lowmemorykiller: Error opening /dev/memcg/apps/uid_10015/pid_3433/memory.soft_limit_in_bytes; errno=2
01-15 16:11:28.203 3358 3358 E TelephonyProvider: dbh.selectConflictingRow: Expected 1 but found 0 matching rows found for cv protocol=IPV4V6 mnc=900 roaming_protocol=IPV4V6 mvno_match_data=midrivers sub_id=-1 name=Midrivers FOTA numeric=310900 mvno_type=spn mcc=310 type=fota bearer_bitmask=8192 apn=VZWADMIN
01-15 16:11:28.204 3358 3358 E TelephonyProvider: dbh.selectConflictingRow: Expected 1 but found 0 matching rows found for cv mnc=900 mmsc=http://mmsc.midrivers.csky.us:6672/ mmsport=9401 mvno_match_data=midrivers sub_id=-1 numeric=310900 mcc=310 type=default,mms,dun,supl protocol=IPV4V6 roaming_protocol=IPV4V6 name=Midrivers mvno_type=spn bearer_bitmask=8192 apn=VZWINTERNET mmsproxy=209.4.229.27
01-15 16:11:28.204 3358 3358 E TelephonyProvider: dbh.selectConflictingRow: Expected 1 but found 0 matching rows found for cv protocol=IPV4V6 mnc=920 roaming_protocol=IPV4V6 mvno_match_data=jamesvalley sub_id=-1 name=Jamesvalley IMS numeric=310920 mvno_type=spn mcc=310 type=ims,ia bearer_bitmask=8192 apn=VZWIMS
01-15 16:11:28.205 3358 3358 E TelephonyProvider: dbh.selectConflictingRow: Expected 1 but found 0 matching rows found for cv protocol=IPV4V6 mnc=920 roaming_protocol=IPV4V6 mvno_match_data=jamesvalley sub_id=-1 name=Jamesvalley FOTA numeric=310920 mvno_type=spn mcc=310 type=fota bearer_bitmask=8192 apn=VZWADMIN
01-15 16:11:28.205 3358 3358 E TelephonyProvider: dbh.selectConflictingRow: Expected 1 but found 0 matching rows found for cv mnc=920 mmsc=http://m.iot1.com/jamesvalley/mms.php mmsport=9201 mvno_match_data=jamesvalley sub_id=-1 numeric=310920 mcc=310 type=default,mms,dun,supl protocol=IPV4V6 roaming_protocol=IPV4V6 name=Jamesvalley mvno_type=spn bearer_bitmask=8192 apn=VZWINTERNET mmsproxy=m.iot1.com
01-15 16:11:28.206 3358 3358 E TelephonyProvider: dbh.selectConflictingRow: Expected 1 but found 0 matching rows found for cv protocol=IPV4V6 mnc=930 roaming_protocol=IPV4V6 mvno_match_data=coppervalley sub_id=-1 name=Coppervalley IMS numeric=310930 mvno_type=spn mcc=310 type=ims,ia bearer_bitmask=8192 apn=VZWIMS
01-15 16:11:28.206 3358 3358 E TelephonyProvider: dbh.selectConflictingRow: Expected 1 but found 0 matching rows found for cv protocol=IPV4V6 mnc=930 roaming_protocol=IPV4V6 mvno_match_data=coppervalley sub_id=-1 name=Coppervalley FOTA numeric=310930 mvno_type=spn mcc=310 type=fota bearer_bitmask=8192 apn=VZWADMIN
01-15 16:11:28.207 3358 3358 E TelephonyProvider: dbh.selectConflictingRow: Expected 1 but found 0 matching rows found for cv mnc=930 mmsc=http://cvwmms.com/servlets/mms mmsport= mvno_match_data=coppervalley sub_id=-1 numeric=310930 mcc=310 type=default,mms,dun,supl protocol=IPV4V6 roaming_protocol=IPV4V6 name=Copper Valley mvno_type=spn bearer_bitmask=8192 apn=VZWINTERNET mmsproxy=
01-15 16:11:28.207 3358 3358 E TelephonyProvider: dbh.selectConflictingRow: Expected 1 but found 0 matching rows found for cv protocol=IPV4V6 mnc=960 roaming_protocol=IPV4V6 mvno_match_data=nntcwire sub_id=-1 name=Nntcwire IMS numeric=310960 mvno_type=spn mcc=310 type=ims,ia bearer_bitmask=8192 apn=VZWIMS
01-15 16:11:28.208 3358 3358 E TelephonyProvider: dbh.selectConflictingRow: Expected 1 but found 0 matching rows found for cv protocol=IPV4V6 mnc=960 roaming_protocol=IPV4V6 mvno_match_data=nntcwire sub_id=-1 name=Nntcwire FOTA numeric=310960 mvno_type=spn mcc=310 type=fota bearer_bitmask=8192 apn=VZWADMIN
01-15 16:11:28.208 3358 3358 E TelephonyProvider: dbh.selectConflictingRow: Expected 1 but found 0 matching rows found for cv mnc=960 mmsc=http://mms.rinawireless.com mmsport= mvno_match_data=nntcwire sub_id=-1 numeric=310960 mcc=310 type=default,mms,dun,supl protocol=IPV4V6 roaming_protocol=IPV4V6 name=Nntcwire mvno_type=spn bearer_bitmask=8192 apn=VZWINTERNET mmsproxy=
01-15 16:11:28.209 3358 3358 E TelephonyProvider: dbh.selectConflictingRow: Expected 1 but found 0 matching rows found for cv protocol=IPV4V6 mnc=960 roaming_protocol=IPV4V6 mvno_match_data=silverstar sub_id=-1 name=Silverstar IMS numeric=310960 mvno_type=spn mcc=310 type=ims,ia bearer_bitmask=8192 apn=VZWIMS
01-15 16:11:28.209 3358 3358 E TelephonyProvider: dbh.selectConflictingRow: Expected 1 but found 0 matching rows found for cv protocol=IPV4V6 mnc=960 roaming_protocol=IPV4V6 mvno_match_data=silverstar sub_id=-1 name=Silverstar FOTA numeric=310960 mvno_type=spn mcc=310 type=fota bearer_bitmask=8192 apn=VZWADMIN
01-15 16:11:28.210 3358 3358 E TelephonyProvider: dbh.selectConflictingRow: Expected 1 but found 0 matching rows found for cv mnc=960 mmsc=http://mms.rinawireless.com mmsport= mvno_match_data=silverstar sub_id=-1 numeric=310960 mcc=310 type=default,mms,dun,supl protocol=IPV4V6 roaming_protocol=IPV4V6 name=Silverstar mvno_type=spn bearer_bitmask=8192 apn=VZWINTERNET mmsproxy=
01-15 16:11:28.210 3358 3358 E TelephonyProvider: dbh.selectConflictingRow: Expected 1 but found 0 matching rows found for cv protocol=IPV4V6 mnc=960 roaming_protocol=IPV4V6 mvno_match_data=snakeriver sub_id=-1 name=Snakeriver IMS numeric=310960 mvno_type=spn mcc=310 type=ims,ia bearer_bitmask=8192 apn=VZWIMS
01-15 16:11:28.211 3358 3358 E TelephonyProvider: dbh.selectConflictingRow: Expected 1 but found 0 matching rows found for cv protocol=IPV4V6 mnc=960 roaming_protocol=IPV4V6 mvno_match_data=snakeriver sub_id=-1 name=Snakeriver FOTA numeric=310960 mvno_type=spn mcc=310 type=fota bearer_bitmask=8192 apn=VZWADMIN
01-15 16:11:28.211 3358 3358 E TelephonyProvider: dbh.selectConflictingRow: Expected 1 but found 0 matching rows found for cv mnc=960 mmsc=http://mms.rinawireless.com mmsport= mvno_match_data=snakeriver sub_id=-1 numeric=310960 mcc=310 type=default,mms,dun,supl protocol=IPV4V6 roaming_protocol=IPV4V6 name=Snakeriver mvno_type=spn bearer_bitmask=8192 apn=VZWINTERNET mmsproxy=
01-15 16:11:28.212 3358 3358 E TelephonyProvider: dbh.selectConflictingRow: Expected 1 but found 0 matching rows found for cv protocol=IPV4V6 mnc=960 roaming_protocol=IPV4V6 mvno_match_data=southcentral sub_id=-1 name=Southcentral IMS numeric=310960 mvno_type=spn mcc=310 type=ims,ia bearer_bitmask=8192 apn=VZWIMS
01-15 16:11:28.212 3358 3358 E TelephonyProvider: dbh.selectConflictingRow: Expected 1 but found 0 matching rows found for cv protocol=IPV4V6 mnc=960 roaming_protocol=IPV4V6 mvno_match_data=southcentral sub_id=-1 name=Southcentral FOTA numeric=310960 mvno_type=spn mcc=310 type=fota bearer_bitmask=8192 apn=VZWADMIN
01-15 16:11:28.212 3358 3358 E TelephonyProvider: dbh.selectConflictingRow: Expected 1 but found 0 matching rows found for cv mnc=960 mmsc=http://mms.rinawireless.com mmsport= mvno_match_data=southcentral sub_id=-1 numeric=310960 mcc=310 type=default,mms,dun,supl protocol=IPV4V6 roaming_protocol=IPV4V6 name=Southcentral mvno_type=spn bearer_bitmask=8192 apn=VZWINTERNET mmsproxy=
01-15 16:11:28.213 3358 3358 E TelephonyProvider: dbh.selectConflictingRow: Expected 1 but found 0 matching rows found for cv protocol=IPV4V6 mnc=960 roaming_protocol=IPV4V6 mvno_match_data=strata sub_id=-1 name=Strata IMS numeric=310960 mvno_type=spn mcc=310 type=ims,ia bearer_bitmask=8192 apn=VZWIMS
01-15 16:11:28.213 3358 3358 E TelephonyProvider: dbh.selectConflictingRow: Expected 1 but found 0 matching rows found for cv protocol=IPV4V6 mnc=960 roaming_protocol=IPV4V6 mvno_match_data=strata sub_id=-1 name=Strata FOTA numeric=310960 mvno_type=spn mcc=310 type=fota bearer_bitmask=8192 apn=VZWADMIN
01-15 16:11:28.214 3358 3358 E TelephonyProvider: dbh.selectConflictingRow: Expected 1 but found 0 matching rows found for cv mnc=960 mmsc=http://mms.rinawireless.com mmsport= mvno_match_data=strata sub_id=-1 numeric=310960 mcc=310 type=default,mms,dun,supl protocol=IPV4V6 roaming_protocol=IPV4V6 name=strata mvno_type=spn bearer_bitmask=8192 apn=VZWINTERNET mmsproxy=
01-15 16:11:28.214 3358 3358 E TelephonyProvider: dbh.selectConflictingRow: Expected 1 but found 0 matching rows found for cv protocol=IPV4V6 mnc=960 roaming_protocol=IPV4V6 mvno_match_data=syringa sub_id=-1 name=Syringa IMS numeric=310960 mvno_type=spn mcc=310 type=ims,ia bearer_bitmask=8192 apn=VZWIMS
01-15 16:11:28.215 3358 3358 E TelephonyProvider: dbh.selectConflictingRow: Expected 1 but found 0 matching rows found for cv protocol=IPV4V6 mnc=960 roaming_protocol=IPV4V6 mvno_match_data=syringa sub_id=-1 name=Syringa FOTA numeric=310960 mvno_type=spn mcc=310 type=fota bearer_bitmask=8192 apn=VZWADMIN
01-15 16:11:28.215 3358 3358 E TelephonyProvider: dbh.selectConflictingRow: Expected 1 but found 0 matching rows found for cv mnc=960 mmsc=http://mms.rinawireless.com mmsport= mvno_match_data=syringa sub_id=-1 numeric=310960 mcc=310 type=default,mms,dun,supl protocol=IPV4V6 roaming_protocol=IPV4V6 name=Syringa mvno_type=spn bearer_bitmask=8192 apn=VZWINTERNET mmsproxy=
01-15 16:11:28.216 3358 3358 E TelephonyProvider: dbh.selectConflictingRow: Expected 1 but found 0 matching rows found for cv protocol=IPV4V6 mnc=050 roaming_protocol=IPV4V6 mvno_match_data=thumbcellular sub_id=-1 name=Thumb IMS numeric=311050 mvno_type=spn mcc=311 type=ims,ia bearer_bitmask=8192 apn=VZWIMS
01-15 16:11:28.216 3358 3358 E TelephonyProvider: dbh.selectConflictingRow: Expected 1 but found 0 matching rows found for cv protocol=IPV4V6 mnc=050 roaming_protocol=IPV4V6 mvno_match_data=thumbcellular sub_id=-1 name=Thumb FOTA numeric=311050 mvno_type=spn mcc=311 type=fota bearer_bitmask=8192 apn=VZWADMIN
01-15 16:11:28.217 3358 3358 E TelephonyProvider: dbh.selectConflictingRow: Expected 1 but found 0 matching rows found for cv mnc=050 mmsc=http://mms.thumbcell.com/thumb/mms.php mmsport= mvno_match_data=thumbcellular sub_id=-1 numeric=311050 mcc=311 type=default,mms,dun,supl protocol=IPV4V6 roaming_protocol=IPV4V6 name=Thumbcellular mvno_type=spn bearer_bitmask=8192 apn=VZWINTERNET mmsproxy=
01-15 16:11:28.217 3358 3358 E TelephonyProvider: dbh.selectConflictingRow: Expected 1 but found 0 matching rows found for cv protocol=IPV4V6 mnc=070 roaming_protocol=IPV4V6 mvno_match_data=elementmobile sub_id=-1 name=Elementmobile IMS numeric=311070 mvno_type=spn mcc=311 type=ims,ia bearer_bitmask=8192 apn=VZWIMS
01-15 16:11:28.217 3358 3358 E TelephonyProvider: dbh.selectConflictingRow: Expected 1 but found 0 matching rows found for cv protocol=IPV4V6 mnc=070 roaming_protocol=IPV4V6 mvno_match_data=elementmobile sub_id=-1 name=Elementmobile FOTA numeric=311070 mvno_type=spn mcc=311 type=fota bearer_bitmask=8192 apn=VZWADMIN
01-15 16:11:28.218 3358 3358 E TelephonyProvider: dbh.selectConflictingRow: Expected 1 but found 0 matching rows found for cv mnc=070 mmsc=http://mms.elementmobile.net mmsport=8080 mvno_match_data=elementmobile sub_id=-1 numeric=311070 mcc=311 type=default,mms,dun,supl protocol=IPV4V6 roaming_protocol=IPV4V6 name=Elementmobile mvno_type=spn bearer_bitmask=8192 apn=VZWINTERNET mmsproxy=
01-15 16:11:28.219 3358 3358 E TelephonyProvider: dbh.selectConflictingRow: Expected 1 but found 0 matching rows found for cv protocol=IPV4V6 mnc=140 roaming_protocol=IPV4V6 mvno_match_data=sprocket sub_id=-1 name=Sprocket IMS numeric=311140 mvno_type=spn mcc=311 type=ims,ia bearer_bitmask=8192 apn=VZWIMS
01-15 16:11:28.219 3358 3358 E TelephonyProvider: dbh.selectConflictingRow: Expected 1 but found 0 matching rows found for cv protocol=IPV4V6 mnc=140 roaming_protocol=IPV4V6 mvno_match_data=sprocket sub_id=-1 name=Sprocket FOTA numeric=311140 mvno_type=spn mcc=311 type=fota bearer_bitmask=8192 apn=VZWADMIN
01-15 16:11:28.220 3358 3358 E TelephonyProvider: dbh.selectConflictingRow: Expected 1 but found 0 matching rows found for cv mnc=140 mmsc=http://mms.sprocketwireless.com mmsport= mvno_match_data=sprocket sub_id=-1 numeric=311140 mcc=311 type=default,mms,dun,supl protocol=IPV4V6 roaming_protocol=IPV4V6 name=Sprocket mvno_type=spn bearer_bitmask=8192 apn=VZWINTERNET mmsproxy=
01-15 16:11:28.220 3358 3358 E TelephonyProvider: dbh.selectConflictingRow: Expected 1 but found 0 matching rows found for cv protocol=IPV4V6 mnc=220 mmsc=http://mmsc1.uscc.net/mmsc/MMS roaming_protocol=IPV4V6 sub_id=-1 name=U.S. Cellular numeric=311220 mcc=311 type=default,mms,dun,hipri,fota bearer_bitmask=8192 apn=usccinternet mtu=1422
01-15 16:11:28.221 3358 3358 E TelephonyProvider: dbh.selectConflictingRow: Expected 1 but found 0 matching rows found for cv protocol=IPV4V6 mnc=221 mmsc=http://mmsc1.uscc.net/mmsc/MMS roaming_protocol=IPV4V6 sub_id=-1 name=U.S. Cellular numeric=311221 mcc=311 type=default,mms,dun,hipri,fota bearer_bitmask=8192 apn=usccinternet
01-15 16:11:28.221 3358 3358 E TelephonyProvider: dbh.selectConflictingRow: Expected 1 but found 0 matching rows found for cv protocol=IPV4V6 mnc=220 mmsc=http://mmsc1.uscc.net/mmsc/MMS roaming_protocol=IPV4V6 sub_id=-1 name=U.S. Cellular numeric=311220 mcc=311 type=default,mms,dun,hipri,fota bearer_bitmask=2296 authtype=3 mtu=1422
01-15 16:11:28.226 3358 3358 E TelephonyProvider: dbh.selectConflictingRow: Expected 1 but found 0 matching rows found for cv protocol=IPV4V6 mnc=221 mmsc=http://mmsc1.uscc.net/mmsc/MMS roaming_protocol=IPV4V6 sub_id=-1 name=U.S. Cellular numeric=311221 mcc=311 type=default,mms,dun,hipri,fota bearer_bitmask=4096 authtype=3 mtu=1422
01-15 16:11:28.226 3358 3358 E TelephonyProvider: dbh.selectConflictingRow: Expected 1 but found 0 matching rows found for cv protocol=IPV4V6 mnc=221 mmsc=http://mmsc1.uscc.net/mmsc/MMS roaming_protocol=IPV4V6 sub_id=-1 name=U.S. Cellular numeric=311221 mcc=311 type=default,mms,dun,hipri,fota bearer_bitmask=8192 authtype=3 mtu=1422
01-15 16:11:28.227 3358 3358 E TelephonyProvider: dbh.selectConflictingRow: Expected 1 but found 0 matching rows found for cv protocol=IPV4V6 mnc=222 mmsc=http://mmsc1.uscc.net/mmsc/MMS roaming_protocol=IPV4V6 sub_id=-1 name=U.S. Cellular numeric=311222 mcc=311 type=default,mms,dun,hipri,fota bearer_bitmask=8192 apn=usccinternet mtu=1422
01-15 16:11:28.227 3358 3358 E TelephonyProvider: dbh.selectConflictingRow: Expected 1 but found 0 matching rows found for cv protocol=IPV4V6 mnc=223 mmsc=http://mmsc1.uscc.net/mmsc/MMS roaming_protocol=IPV4V6 sub_id=-1 name=U.S. Cellular numeric=311223 mcc=311 type=default,mms,dun,hipri,fota bearer_bitmask=8192 apn=usccinternet mtu=1422
01-15 16:11:28.228 3358 3358 E TelephonyProvider: dbh.selectConflictingRow: Expected 1 but found 0 matching rows found for cv protocol=IPV4V6 mnc=224 mmsc=http://mmsc1.uscc.net/mmsc/MMS roaming_protocol=IPV4V6 sub_id=-1 name=U.S. Cellular numeric=311224 mcc=311 type=default,mms,dun,hipri,fota bearer_bitmask=8192 apn=usccinternet mtu=1422
01-15 16:11:28.228 3358 3358 E TelephonyProvider: dbh.selectConflictingRow: Expected 1 but found 0 matching rows found for cv mnc=225 mmsc=http://mmsc1.uscc.net/mmsc/MMS sub_id=-1 numeric=311225 mcc=311 type=default,mms,dun,hipri,fota carrier_enabled=true mtu=1422 protocol=IPV4V6 roaming_protocol=IPV4V6 name=U.S. Cellular bearer_bitmask=8192 apn=usccinternet
01-15 16:11:28.229 3358 3358 E TelephonyProvider: dbh.selectConflictingRow: Expected 1 but found 0 matching rows found for cv protocol=IPV4V6 mnc=226 mmsc=http://mmsc1.uscc.net/mmsc/MMS roaming_protocol=IPV4V6 sub_id=-1 name=U.S. Cellular numeric=311226 mcc=311 type=default,mms,dun,hipri,fota bearer_bitmask=8192 apn=usccinternet mtu=1422
01-15 16:11:28.230 3358 3358 E TelephonyProvider: dbh.selectConflictingRow: Expected 1 but found 0 matching rows found for cv protocol=IPV4V6 mnc=227 mmsc=http://mmsc1.uscc.net/mmsc/MMS roaming_protocol=IPV4V6 sub_id=-1 name=U.S. Cellular numeric=311227 mcc=311 type=default,mms,dun,hipri,fota bearer_bitmask=8192 apn=usccinternet mtu=1422
01-15 16:11:28.231 3358 3358 E TelephonyProvider: dbh.selectConflictingRow: Expected 1 but found 0 matching rows found for cv protocol=IPV4V6 mnc=228 mmsc=http://mmsc1.uscc.net/mmsc/MMS roaming_protocol=IPV4V6 sub_id=-1 name=U.S. Cellular numeric=311228 mcc=311 type=default,mms,dun,hipri,fota bearer_bitmask=8192 apn=usccinternet mtu=1422
01-15 16:11:28.231 3358 3358 E TelephonyProvider: dbh.selectConflictingRow: Expected 1 but found 0 matching rows found for cv protocol=IPV4V6 mnc=229 mmsc=http://mmsc1.uscc.net/mmsc/MMS roaming_protocol=IPV4V6 sub_id=-1 name=U.S. Cellular numeric=311229 mcc=311 type=default,mms,dun,hipri,fota bearer_bitmask=8192 apn=usccinternet mtu=1422
01-15 16:11:28.232 3358 3358 E TelephonyProvider: dbh.selectConflictingRow: Expected 1 but found 0 matching rows found for cv server=* mnc=230 mmsc=http://pix.cspire.com mmsport= sub_id=-1 numeric=311230 mcc=311 type=admin,fota,ota protocol=IPV4V6 name=CSpire ota bearer_bitmask=4096 apn=admin.cs4glte.com mmsproxy=
01-15 16:11:28.232 3358 3358 E TelephonyProvider: dbh.selectConflictingRow: Expected 1 but found 0 matching rows found for cv server=* mnc=230 mmsc=http://pix.cspire.com mmsport= sub_id=-1 numeric=311230 mcc=311 type=dun,pam protocol=IPV4V6 name=CSpire tether bearer_bitmask=8192 apn=tethering.cs4glte.com mmsproxy=
01-15 16:11:28.233 3358 3358 E TelephonyProvider: dbh.selectConflictingRow: Expected 1 but found 0 matching rows found for cv protocol=IPV4V6 mnc=310 roaming_protocol=IPV4V6 mvno_match_data=leaco sub_id=-1 name=Leaco IMS numeric=311310 mvno_type=spn mcc=311 type=ims,ia bearer_bitmask=8192 apn=VZWIMS
01-15 16:11:28.234 3358 3358 E TelephonyProvider: dbh.selectConflictingRow: Expected 1 but found 0 matching rows found for cv protocol=IPV4V6 mnc=310 roaming_protocol=IPV4V6 mvno_match_data=leaco sub_id=-1 name=Leaco FOTA numeric=311310 mvno_type=spn mcc=311 type=fota bearer_bitmask=8192 apn=VZWADMIN
01-15 16:11:28.234 3358 3358 E TelephonyProvider: dbh.selectConflictingRow: Expected 1 but found 0 matching rows found for cv mnc=310 mmsc=http://204.181.155.217/mms/ mmsport= mvno_match_data=leaco sub_id=-1 numeric=311310 mcc=311 type=default,mms,dun,supl protocol=IPV4V6 roaming_protocol=IPV4V6 name=Leaco mvno_type=spn bearer_bitmask=8192 apn=VZWINTERNET mmsproxy=
01-15 16:11:28.235 3358 3358 E TelephonyProvider: dbh.selectConflictingRow: Expected 1 but found 0 matching rows found for cv protocol=IPV4V6 mnc=340 roaming_protocol=IPV4V6 mvno_match_data=illinoisvalley sub_id=-1 name=Illinois IMS numeric=311340 mvno_type=spn mcc=311 type=ims,ia bearer_bitmask=8192 apn=VZWIMS
01-15 16:11:28.235 3358 3358 E TelephonyProvider: dbh.selectConflictingRow: Expected 1 but found 0 matching rows found for cv protocol=IPV4V6 mnc=340 roaming_protocol=IPV4V6 mvno_match_data=illinoisvalley sub_id=-1 name=Illinois FOTA numeric=311340 mvno_type=spn mcc=311 type=fota bearer_bitmask=8192 apn=VZWADMIN
01-15 16:11:28.236 3358 3358 E TelephonyProvider: dbh.selectConflictingRow: Expected 1 but found 0 matching rows found for cv mnc=340 mmsc=http://mms.iot1.com/ivc/mms.php mmsport= mvno_match_data=illinoisvalley sub_id=-1 numeric=311340 mcc=311 type=default,mms,dun,supl protocol=IPV4V6 roaming_protocol=IPV4V6 name=Illinois valley mvno_type=spn bearer_bitmask=8192 apn=VZWINTERNET mmsproxy=
