01-15 16:10:43.931 2484 2484 W system_server: Failed to remove /acct/uid_1017/pid_2379: Device or resource busy
01-15 16:10:43.931 2484 2484 W system_server: Failed to remove /acct/uid_1017: Permission denied
01-15 16:10:43.931 2484 2484 W system_server: Failed to remove /acct/uid_1013/pid_2382: Device or resource busy
01-15 16:10:43.931 2484 2484 W system_server: Failed to remove /acct/uid_1013/pid_2380: Device or resource busy
01-15 16:10:43.931 2484 2484 W system_server: Failed to remove /acct/uid_1013/pid_2359: Device or resource busy
01-15 16:10:43.931 2484 2484 W system_server: Failed to remove /acct/uid_1013/pid_2383: Device or resource busy
01-15 16:10:43.931 2484 2484 W system_server: Failed to remove /acct/uid_1013: Permission denied
01-15 16:10:43.931 2484 2484 W system_server: Failed to remove /acct/uid_1041/pid_2356: Device or resource busy
01-15 16:10:43.931 2484 2484 W system_server: Failed to remove /acct/uid_1041/pid_2375: Device or resource busy
01-15 16:10:43.931 2484 2484 W system_server: Failed to remove /acct/uid_1041: Permission denied
01-15 16:10:43.931 2484 2484 W system_server: Failed to remove /acct/uid_1003/pid_2470: Device or resource busy
01-15 16:10:43.931 2484 2484 W system_server: Failed to remove /acct/uid_1003: Permission denied
01-15 16:10:43.931 2484 2484 W system_server: Failed to remove /acct/uid_1001/pid_2388: Device or resource busy
01-15 16:10:43.931 2484 2484 W system_server: Failed to remove /acct/uid_1001: Permission denied
01-15 16:10:43.931 2484 2484 W system_server: Failed to remove /acct/uid_1058/pid_2390: Device or resource busy
01-15 16:10:43.931 2484 2484 W system_server: Failed to remove /acct/uid_1058: Permission denied
01-15 16:10:43.931 2484 2484 W system_server: Failed to remove /acct/uid_1046/pid_2387: Device or resource busy
01-15 16:10:43.931 2484 2484 W system_server: Failed to remove /acct/uid_1046: Permission denied
01-15 16:10:43.931 2484 2484 W system_server: Failed to remove /acct/uid_1036/pid_2291: Device or resource busy
01-15 16:10:43.931 2484 2484 W system_server: Failed to remove /acct/uid_1036: Permission denied
01-15 16:10:43.931 2484 2484 W system_server: Failed to remove /acct/uid_0/pid_2343: Device or resource busy
01-15 16:10:43.931 2484 2484 W system_server: Failed to remove /acct/uid_0/pid_2371: Device or resource busy
01-15 16:10:43.931 2484 2484 W system_server: Failed to remove /acct/uid_0/pid_2351: Device or resource busy
01-15 16:10:43.931 2484 2484 W system_server: Failed to remove /acct/uid_0/pid_2378: Device or resource busy
01-15 16:10:43.931 2484 2484 W system_server: Failed to remove /acct/uid_0/pid_2368: Device or resource busy
01-15 16:10:43.931 2484 2484 W system_server: Failed to remove /acct/uid_0/pid_2384: Device or resource busy
01-15 16:10:43.931 2484 2484 W system_server: Failed to remove /acct/uid_0/pid_2372: Device or resource busy
01-15 16:10:43.931 2484 2484 W system_server: Failed to remove /acct/uid_0/pid_2352: Device or resource busy
01-15 16:10:43.931 2484 2484 W system_server: Failed to remove /acct/uid_0/pid_2370: Device or resource busy
01-15 16:10:43.931 2484 2484 W system_server: Failed to remove /acct/uid_0/pid_2266: Device or resource busy
01-15 16:10:43.931 2484 2484 W system_server: Failed to remove /acct/uid_0/pid_2369: Device or resource busy
01-15 16:10:43.931 2484 2484 W system_server: Failed to remove /acct/uid_0/pid_2367: Device or resource busy
01-15 16:10:43.931 2484 2484 W system_server: Failed to remove /acct/uid_0/pid_2373: Device or resource busy
01-15 16:10:43.931 2484 2484 W system_server: Failed to remove /acct/uid_0/pid_2353: Device or resource busy
01-15 16:10:43.931 2484 2484 W system_server: Failed to remove /acct/uid_0: Permission denied
01-15 16:10:43.932 2484 2484 D AppOps : AppOpsService published
01-15 16:10:43.932 2484 2484 D SystemServerTiming: StartActivityManager took to complete: 110ms
01-15 16:10:43.932 2484 2484 I SystemServer: StartPowerManager
01-15 16:10:43.932 2484 2484 I SystemServiceManager: Starting com.android.server.power.PowerManagerService
01-15 16:10:43.942 2484 2484 I system_server: type=1400 audit(0.0:262): avc: denied { write } for name="uinput" dev="tmpfs" ino=7573 scontext=u:r:system_server:s0 tcontext=u:object_r:uhid_device:s0 tclass=chr_file permissive=1
01-15 16:10:43.943 2484 2484 I system_server: type=1400 audit(0.0:263): avc: denied { open } for path="/dev/uinput" dev="tmpfs" ino=7573 scontext=u:r:system_server:s0 tcontext=u:object_r:uhid_device:s0 tclass=chr_file permissive=1
01-15 16:10:43.943 2484 2484 I system_server: type=1400 audit(0.0:264): avc: denied { ioctl } for path="/dev/uinput" dev="tmpfs" ino=7573 ioctlcmd=0x5564 scontext=u:r:system_server:s0 tcontext=u:object_r:uhid_device:s0 tclass=chr_file permissive=1
01-15 16:10:43.945 2484 2484 I libsuspend: Selected wakeup count
01-15 16:10:43.945 2364 2364 I power@1.0-servi: type=1400 audit(0.0:267): avc: denied { read } for name="u:object_r:wifi_prop:s0" dev="tmpfs" ino=7390 scontext=u:r:hal_power_default:s0 tcontext=u:object_r:wifi_prop:s0 tclass=file permissive=1
01-15 16:10:43.947 2484 2484 D SystemServerTiming: StartPowerManager took to complete: 15ms
01-15 16:10:43.947 2484 2484 I SystemServer: InitPowerManagement
01-15 16:10:43.947 2484 2484 D SystemServerTiming: InitPowerManagement took to complete: 0ms
01-15 16:10:43.947 2484 2484 I SystemServer: StartRecoverySystemService
01-15 16:10:43.947 2484 2484 I SystemServiceManager: Starting com.android.server.RecoverySystemService
01-15 16:10:43.947 2484 2484 D SystemServerTiming: StartRecoverySystemService took to complete: 0ms
01-15 16:10:43.947 2484 2484 V RescueParty: Disabled because of eng build
01-15 16:10:43.947 2484 2484 I SystemServer: StartLightsService
01-15 16:10:43.947 2484 2484 I SystemServiceManager: Starting com.android.server.lights.LightsService
01-15 16:10:43.947 2484 2484 D SystemServerTiming: StartLightsService took to complete: 0ms
01-15 16:10:43.947 2484 2484 I SystemServer: StartDisplayManager
01-15 16:10:43.947 2484 2484 I SystemServiceManager: Starting com.android.server.display.DisplayManagerService
01-15 16:10:43.948 2484 2484 D SystemServerTiming: StartDisplayManager took to complete: 0ms
01-15 16:10:43.948 2484 2484 I SystemServer: WaitForDisplay
01-15 16:10:43.948 2484 2484 I SystemServiceManager: Starting phase 100
01-15 16:10:43.950 2484 2506 I DisplayManagerService: Display device added: DisplayDeviceInfo{"Built-in Screen": uniqueId="local:0", 1920 x 1080, modeId 1, defaultModeId 1, supportedModes [{id=1, width=1920, height=1080, fps=60.000004}], colorMode 0, supportedColorModes [0], HdrCapabilities android.view.Display$HdrCapabilities@a69d6308, density 240, 157.0 x 161.0 dpi, appVsyncOff 1000000, presDeadline 16666666, touch INTERNAL, rotation 0, type BUILT_IN, state UNKNOWN, FLAG_DEFAULT_DISPLAY, FLAG_ROTATES_WITH_CONTENT, FLAG_SECURE, FLAG_SUPPORTS_PROTECTED_BUFFERS}
01-15 16:10:43.951 2369 2369 D SurfaceFlinger: Set power mode=2, type=0 flinger=0x743afe281000
01-15 16:10:43.951 2369 2369 D SurfaceFlinger: Screen type=0 is already mode=2
01-15 16:10:43.951 2363 2363 I light@2.0-servi: type=1400 audit(0.0:272): avc: denied { read write } for name="brightness" dev="sysfs" ino=18420 scontext=u:r:hal_light_default:s0 tcontext=u:object_r:sysfs:s0 tclass=file permissive=1
01-15 16:10:43.951 2484 2484 D SystemServerTiming: WaitForDisplay took to complete: 4ms
01-15 16:10:43.951 2484 2506 I DisplayManagerService: Display device changed state: "Built-in Screen", ON
01-15 16:10:43.951 2484 2484 I SystemServer: StartPackageManagerService
01-15 16:10:43.962 2484 2484 W FileUtils: Failed to chmod(/data/system/packages.list): android.system.ErrnoException: chmod failed: ENOENT (No such file or directory)
01-15 16:10:43.976 2484 2484 D SELinuxMMAC: Using policy file /system/etc/selinux/plat_mac_permissions.xml
01-15 16:10:43.978 2484 2484 D SELinuxMMAC: Using policy file /vendor/etc/selinux/nonplat_mac_permissions.xml
01-15 16:10:43.978 2484 2484 I PackageManager: No settings file; creating initial state
01-15 16:10:44.004 2484 2484 I PackageManager: /vendor/overlay/SysuiDarkTheme changed; collecting certs
01-15 16:10:44.010 2484 2484 W PackageManager: Failed to parse /system/framework/oat: Missing base APK in /system/framework/oat
01-15 16:10:44.010 2484 2484 W PackageManager: Failed to parse /system/framework/x86: Missing base APK in /system/framework/x86
01-15 16:10:44.011 2484 2484 W PackageManager: Failed to parse /system/framework/x86_64: Missing base APK in /system/framework/x86_64
01-15 16:10:44.037 2484 2484 I PackageManager: /system/framework/framework-res.apk changed; collecting certs
01-15 16:10:44.214 2484 2509 I libsuspend: open event2(Power Button) ok fd=65
01-15 16:10:44.263 2484 2484 E PackageManager: Adding duplicate shared id: 1000 name=android
01-15 16:10:44.279 2484 2484 I PackageManager: /system/priv-app/BackupRestoreConfirmation changed; collecting certs
01-15 16:10:44.281 2484 2484 I PackageManager: /system/priv-app/BlockedNumberProvider changed; collecting certs
01-15 16:10:44.282 2484 2484 I PackageManager: New shared user android.uid.shared: id=10002
01-15 16:10:44.282 2484 2484 E PackageManager: Adding duplicate user id: 10002 name=com.android.providers.blockednumber
01-15 16:10:44.283 2484 2484 I PackageManager: /system/priv-app/AnalyticsService changed; collecting certs
01-15 16:10:44.284 2484 2484 I PackageManager: /system/priv-app/CalendarProvider changed; collecting certs
01-15 16:10:44.286 2484 2484 I PackageManager: New shared user android.uid.calendar: id=10004
01-15 16:10:44.286 2484 2484 E PackageManager: Adding duplicate user id: 10004 name=com.android.providers.calendar
01-15 16:10:44.286 2484 2484 I PackageManager: /system/priv-app/CallLogBackup changed; collecting certs
01-15 16:10:44.287 2484 2484 E PackageManager: Adding duplicate user id: 10002 name=com.android.calllogbackup
01-15 16:10:44.327 2484 2484 I PackageManager: /system/priv-app/CarrierConfig changed; collecting certs
01-15 16:10:44.342 2484 2484 I PackageManager: /system/priv-app/ConfigUpdater changed; collecting certs
01-15 16:10:44.354 2484 2519 W PackageParser: No actions in intent filter at /system/priv-app/Contacts/Contacts.apk Binary XML file line #443
01-15 16:10:44.381 2484 2484 I PackageManager: /system/priv-app/CtsShimPrivPrebuilt changed; collecting certs
01-15 16:10:44.394 2484 2484 I PackageManager: /system/priv-app/ContactsProvider changed; collecting certs
01-15 16:10:44.418 2484 2484 E PackageManager: Adding duplicate user id: 10002 name=com.android.providers.contacts
01-15 16:10:44.420 2484 2484 I PackageManager: /system/priv-app/CellBroadcastReceiver changed; collecting certs
01-15 16:10:44.466 2484 2520 I PackageParser: Parse times for '/system/priv-app/Dialer': parse=113ms, update_cache=0 ms
01-15 16:10:44.527 2484 2484 I PackageManager: /system/priv-app/Contacts changed; collecting certs
01-15 16:10:44.544 2484 2521 W PackageParser: Unknown element under : uses-library at /system/priv-app/GoogleFeedback/GoogleFeedback.apk Binary XML file line #33
01-15 16:10:44.578 2484 2518 I PackageParser: Parse times for '/system/priv-app/GmsCore': parse=113ms, update_cache=0 ms
01-15 16:10:44.603 2484 2484 I PackageManager: /system/priv-app/DefaultContainerService changed; collecting certs
01-15 16:10:44.606 2484 2484 I PackageManager: /system/priv-app/DownloadProvider changed; collecting certs
01-15 16:10:44.611 2484 2484 I PackageManager: New shared user android.media: id=10011
01-15 16:10:44.611 2484 2484 E PackageManager: Adding duplicate user id: 10011 name=com.android.providers.downloads
01-15 16:10:44.612 2484 2484 I PackageManager: /system/priv-app/DocumentsUI changed; collecting certs
01-15 16:10:44.643 2484 2521 W PackageParser: Ignoring duplicate uses-permissions/uses-permissions-sdk-m: com.google.android.providers.gsf.permission.READ_GSERVICES in package: com.google.android.partnersetup at: Binary XML file line #32
01-15 16:10:44.643 2484 2484 I PackageManager: /system/priv-app/Eleven changed; collecting certs
01-15 16:10:44.680 2484 2484 I PackageManager: /system/priv-app/ExternalStorageProvider changed; collecting certs
01-15 16:10:44.682 2484 2484 I PackageManager: /system/priv-app/ExtServices changed; collecting certs
01-15 16:10:44.683 2484 2484 I PackageManager: /system/priv-app/Dialer changed; collecting certs
01-15 16:10:44.794 2484 2484 I PackageManager: /system/priv-app/FusedLocation changed; collecting certs
01-15 16:10:44.795 2484 2484 E PackageManager: Adding duplicate shared id: 1000 name=com.android.location.fused
01-15 16:10:44.795 2484 2484 I PackageManager: /system/priv-app/EmergencyInfo changed; collecting certs
01-15 16:10:44.824 2484 2484 I PackageManager: New shared user com.android.emergency.uid: id=10017
01-15 16:10:44.824 2484 2484 E PackageManager: Adding duplicate user id: 10017 name=com.android.emergency
01-15 16:10:44.825 2484 2484 I PackageManager: /system/priv-app/GoogleBackupTransport changed; collecting certs
01-15 16:10:44.826 2484 2484 I PackageManager: New shared user com.google.uid.shared: id=10018
01-15 16:10:44.826 2484 2484 E PackageManager: Adding duplicate user id: 10018 name=com.google.android.backuptransport
01-15 16:10:44.827 2484 2484 I PackageManager: /system/priv-app/GoogleExtServices changed; collecting certs
01-15 16:10:44.828 2484 2484 W PackageManager: Package com.google.android.ext.services library android.ext.services already exists; skipping
01-15 16:10:44.828 2484 2484 I PackageManager: /system/priv-app/GmsCoreSetup changed; collecting certs
01-15 16:10:44.896 2484 2484 I PackageManager: /system/priv-app/GoogleFeedback changed; collecting certs
01-15 16:10:44.901 2484 2484 I PackageManager: /system/priv-app/GmsCore changed; collecting certs
01-15 16:10:45.044 2484 2519 I PackageParser: Parse times for '/system/priv-app/Settings': parse=142ms, update_cache=0 ms
01-15 16:10:45.423 2484 2484 E PackageManager: Adding duplicate user id: 10018 name=com.google.android.gms
01-15 16:10:45.427 2484 2484 I PackageManager: /system/priv-app/GoogleOneTimeInitializer changed; collecting certs
01-15 16:10:45.429 2484 2484 I PackageManager: /system/priv-app/GooglePartnerSetup changed; collecting certs
01-15 16:10:45.449 2484 2484 I PackageManager: /system/priv-app/GoogleLoginService changed; collecting certs
01-15 16:10:45.542 2484 2484 E PackageManager: Adding duplicate user id: 10018 name=com.google.android.gsf.login
01-15 16:10:45.544 2484 2484 I PackageManager: /system/priv-app/GoogleServicesFramework changed; collecting certs
01-15 16:10:45.551 2484 2519 W PackageParser: Ignoring duplicate uses-permissions/uses-permissions-sdk-m: android.permission.INSTALL_GRANT_RUNTIME_PERMISSIONS in package: com.android.shell at: Binary XML file line #106
01-15 16:10:45.571 2484 2484 E PackageManager: Adding duplicate user id: 10018 name=com.google.android.gsf
01-15 16:10:45.571 2484 2484 I PackageManager: /system/priv-app/InputDevices changed; collecting certs
01-15 16:10:45.574 2484 2484 E PackageManager: Adding duplicate shared id: 1000 name=com.android.inputdevices
01-15 16:10:45.574 2484 2484 I PackageManager: /system/priv-app/ManagedProvisioning changed; collecting certs
01-15 16:10:45.592 2484 2484 I PackageManager: /system/priv-app/Launcher3 changed; collecting certs
01-15 16:10:45.620 2484 2484 I PackageManager: /system/priv-app/MmsService changed; collecting certs
01-15 16:10:45.629 2484 2484 E PackageManager: Adding duplicate shared id: 1001 name=com.android.mms.service
01-15 16:10:45.632 2484 2484 I PackageManager: /system/priv-app/MediaProvider changed; collecting certs
01-15 16:10:45.640 2484 2484 E PackageManager: Adding duplicate user id: 10011 name=com.android.providers.media
01-15 16:10:45.647 2484 2484 I PackageManager: /system/priv-app/MtpDocumentsProvider changed; collecting certs
01-15 16:10:45.652 2484 2518 W PackageParser: Ignoring duplicate uses-permissions/uses-permissions-sdk-m: android.permission.CONFIGURE_WIFI_DISPLAY in package: com.android.systemui at: Binary XML file line #131
01-15 16:10:45.655 2484 2484 E PackageManager: Adding duplicate user id: 10011 name=com.android.mtp
01-15 16:10:45.662 2484 2484 I PackageManager: /system/priv-app/PackageInstaller changed; collecting certs
01-15 16:10:45.741 2484 2484 I PackageManager: /system/priv-app/ProxyHandler changed; collecting certs
01-15 16:10:45.742 2484 2484 I PackageManager: /system/priv-app/Phonesky changed; collecting certs
01-15 16:10:45.756 2484 2519 W PackageParser: Ignoring duplicate uses-permissions/uses-permissions-sdk-m: android.permission.READ_PHONE_STATE in package: com.google.android.googlequicksearchbox at: Binary XML file line #233
01-15 16:10:45.756 2484 2519 W PackageParser: Ignoring duplicate uses-permissions/uses-permissions-sdk-m: android.permission.CAMERA in package: com.google.android.googlequicksearchbox at: Binary XML file line #269
01-15 16:10:45.771 2484 2519 I PackageParser: Parse times for '/system/priv-app/Velvet': parse=109ms, update_cache=0 ms
01-15 16:10:45.936 2484 2484 I PackageManager: /system/priv-app/Settings changed; collecting certs
01-15 16:10:46.160 2484 2484 E PackageManager: Adding duplicate shared id: 1000 name=com.android.settings
01-15 16:10:46.162 2484 2484 I PackageManager: /system/priv-app/SettingsProvider changed; collecting certs
01-15 16:10:46.163 2484 2484 E PackageManager: Adding duplicate shared id: 1000 name=com.android.providers.settings
01-15 16:10:46.164 2484 2484 I PackageManager: /system/priv-app/SharedStorageBackup changed; collecting certs
01-15 16:10:46.164 2484 2484 I PackageManager: /system/priv-app/SetupWizard changed; collecting certs
01-15 16:10:46.198 2484 2484 I PackageManager: /system/priv-app/Shell changed; collecting certs
01-15 16:10:46.201 2484 2484 E PackageManager: Adding duplicate shared id: 2000 name=com.android.shell
01-15 16:10:46.201 2484 2484 I PackageManager: /system/priv-app/StatementService changed; collecting certs
01-15 16:10:46.203 2484 2484 I PackageManager: /system/priv-app/StorageManager changed; collecting certs
01-15 16:10:46.249 2484 2484 I PackageManager: /system/priv-app/Taskbar changed; collecting certs
01-15 16:10:46.264 2484 2484 I PackageManager: /system/priv-app/TelephonyProvider changed; collecting certs
01-15 16:10:46.265 2484 2484 E PackageManager: Adding duplicate shared id: 1001 name=com.android.providers.telephony
01-15 16:10:46.266 2484 2484 I PackageManager: /system/priv-app/SystemUI changed; collecting certs
01-15 16:10:46.361 2484 2484 I PackageManager: New shared user android.uid.systemui: id=10034
01-15 16:10:46.361 2484 2484 E PackageManager: Adding duplicate user id: 10034 name=com.android.systemui
01-15 16:10:46.361 2484 2484 I PackageManager: /system/priv-app/TeleService changed; collecting certs
01-15 16:10:46.420 2484 2484 E PackageManager: Adding duplicate shared id: 1001 name=com.android.phone
01-15 16:10:46.421 2484 2484 I PackageManager: /system/priv-app/VpnDialogs changed; collecting certs
01-15 16:10:46.422 2484 2484 I PackageManager: /system/priv-app/WallpaperCropper changed; collecting certs
01-15 16:10:46.423 2484 2484 I PackageManager: /system/priv-app/Velvet changed; collecting certs
01-15 16:10:46.882 2484 2484 I PackageManager: /system/app/BasicDreams changed; collecting certs
01-15 16:10:46.882 2484 2522 W PackageParser: No actions in intent filter at /system/app/AndroidTerm/AndroidTerm.apk Binary XML file line #149
01-15 16:10:46.883 2484 2484 I PackageManager: /system/app/BasicSmsReceiver changed; collecting certs
01-15 16:10:46.884 2484 2484 I PackageManager: /system/app/AndroidTerm changed; collecting certs
01-15 16:10:46.884 2484 2525 W PackageParser: Ignoring duplicate uses-permissions/uses-permissions-sdk-m: android.permission.READ_CONTACTS in package: com.android.bluetooth at: Binary XML file line #61
01-15 16:10:46.889 2484 2525 W PackageParser: No actions in intent filter at /system/app/Bluetooth/Bluetooth.apk Binary XML file line #225
01-15 16:10:46.897 2484 2484 I PackageManager: /system/app/BluetoothMidiService changed; collecting certs
01-15 16:10:46.906 2484 2484 I PackageManager: /system/app/Bluetooth changed; collecting certs
01-15 16:10:46.941 2484 2524 W PackageParser: No actions in intent filter at /system/app/CarrierDefaultApp/CarrierDefaultApp.apk Binary XML file line #50
01-15 16:10:46.947 2484 2484 E PackageManager: Adding duplicate shared id: 1002 name=com.android.bluetooth
01-15 16:10:46.949 2484 2484 I PackageManager: /system/app/BuiltInPrintService changed; collecting certs
01-15 16:10:46.955 2484 2484 I PackageManager: /system/app/BookmarkProvider changed; collecting certs
01-15 16:10:46.957 2484 2484 I PackageManager: /system/app/CaptivePortalLogin changed; collecting certs
01-15 16:10:46.967 2484 2484 I PackageManager: /system/app/CarrierDefaultApp changed; collecting certs
01-15 16:10:46.987 2484 2484 I PackageManager: /system/app/Calendar changed; collecting certs
01-15 16:10:47.009 2484 2484 I PackageManager: /system/app/CertInstaller changed; collecting certs
01-15 16:10:47.011 2484 2484 I PackageManager: /system/app/CompanionDeviceManager changed; collecting certs
01-15 16:10:47.012 2484 2484 I PackageManager: /system/app/Camera2 changed; collecting certs
01-15 16:10:47.109 2484 2484 I PackageManager: /system/app/CtsShimPrebuilt changed; collecting certs
01-15 16:10:47.113 2484 2484 I PackageManager: /system/app/Development changed; collecting certs
01-15 16:10:47.140 2484 2522 W PackageParser: Ignoring duplicate uses-permissions/uses-permissions-sdk-m: android.permission.WRITE_CONTACTS in package: com.android.email at: Binary XML file line #40
01-15 16:10:47.140 2484 2484 I PackageManager: /system/app/DownloadProviderUi changed; collecting certs
01-15 16:10:47.147 2484 2524 I PackageParser: Parse times for '/system/app/Gallery2': parse=138ms, update_cache=0 ms
01-15 16:10:47.156 2484 2484 E PackageManager: Adding duplicate user id: 10011 name=com.android.providers.downloads.ui
01-15 16:10:47.167 2484 2522 I PackageParser: Parse times for '/system/app/Email': parse=165ms, update_cache=0 ms
01-15 16:10:47.169 2484 2484 I PackageManager: /system/app/EasterEgg changed; collecting certs
01-15 16:10:47.183 2484 2484 I PackageManager: /system/app/DeskClock changed; collecting certs
01-15 16:10:47.225 2484 2523 W PackageParser: No actions in intent filter at /system/app/Gmail2/Gmail2.apk Binary XML file line #281
01-15 16:10:47.233 2484 2523 I PackageParser: Parse times for '/system/app/Gmail2': parse=158ms, update_cache=0 ms
01-15 16:10:47.245 2484 2484 I PackageManager: /system/app/Chrome changed; collecting certs
01-15 16:10:47.435 2484 2484 I PackageManager: /system/app/ExtShared changed; collecting certs
01-15 16:10:47.436 2484 2484 I PackageManager: /system/app/ExactCalculator changed; collecting certs
01-15 16:10:47.441 2484 2484 I PackageManager: /system/app/Gallery2 changed; collecting certs
01-15 16:10:47.488 2484 2484 I PackageManager: /system/app/GoogleCalendarSyncAdapter changed; collecting certs
01-15 16:10:47.515 2484 2484 I PackageManager: New shared user com.google.android.calendar.uid.shared: id=10058
01-15 16:10:47.515 2484 2484 E PackageManager: Adding duplicate user id: 10058 name=com.google.android.syncadapters.calendar
01-15 16:10:47.516 2484 2484 I PackageManager: /system/app/Email changed; collecting certs
01-15 16:10:47.574 2484 2484 I PackageManager: /system/app/GoogleExtShared changed; collecting certs
01-15 16:10:47.576 2484 2484 W PackageManager: Package com.google.android.ext.shared library android.ext.shared already exists; skipping
01-15 16:10:47.576 2484 2484 I PackageManager: /system/app/GoogleContactsSyncAdapter changed; collecting certs
01-15 16:10:47.584 2484 2484 I PackageManager: /system/app/HTMLViewer changed; collecting certs
01-15 16:10:47.586 2484 2484 I PackageManager: /system/app/KeyChain changed; collecting certs
01-15 16:10:47.587 2484 2484 E PackageManager: Adding duplicate shared id: 1000 name=com.android.keychain
01-15 16:10:47.588 2484 2484 I PackageManager: /system/app/LiveWallpapersPicker changed; collecting certs
01-15 16:10:47.623 2484 2484 I PackageManager: /system/app/NotePad changed; collecting certs
01-15 16:10:47.629 2484 2484 I PackageManager: /system/app/Gmail2 changed; collecting certs
01-15 16:10:47.846 2484 2484 I PackageManager: /system/app/LatinIME changed; collecting certs
01-15 16:10:48.018 2484 2484 I PackageManager: /system/app/PacProcessor changed; collecting certs
01-15 16:10:48.019 2484 2484 I PackageManager: /system/app/PartnerBookmarksProvider changed; collecting certs
01-15 16:10:48.020 2484 2484 I PackageManager: /system/app/PicoTts changed; collecting certs
01-15 16:10:48.020 2484 2484 I PackageManager: /system/app/PrintRecommendationService changed; collecting certs
01-15 16:10:48.021 2484 2484 I PackageManager: /system/app/PrintSpooler changed; collecting certs
01-15 16:10:48.025 2484 2484 I PackageManager: /system/app/RSSReader changed; collecting certs
01-15 16:10:48.026 2484 2484 I PackageManager: /system/app/UserDictionaryProvider changed; collecting certs
01-15 16:10:48.027 2484 2484 E PackageManager: Adding duplicate user id: 10002 name=com.android.providers.userdictionary
01-15 16:10:48.027 2484 2484 I PackageManager: /system/app/WallpaperBackup changed; collecting certs
01-15 16:10:48.028 2484 2484 E PackageManager: Adding duplicate shared id: 1000 name=com.android.wallpaperbackup
01-15 16:10:48.028 2484 2484 I PackageManager: /system/app/WallpaperPicker changed; collecting certs
01-15 16:10:48.030 2484 2484 I PackageManager: /system/app/webview changed; collecting certs
01-15 16:10:49.464 2484 2484 I PackageManager: /system/app/YouTube changed; collecting certs
01-15 16:10:49.615 2484 2484 I system_server: type=1400 audit(0.0:274): avc: denied { getattr } for path="/vendor" dev="tmpfs" ino=7264 scontext=u:r:system_server:s0 tcontext=u:object_r:tmpfs:s0 tclass=lnk_file permissive=1
01-15 16:10:49.615 2484 2484 D PackageManager: No files in app dir /system/vendor/app
01-15 16:10:49.615 2484 2484 D PackageManager: No files in app dir /oem/app
01-15 16:10:49.616 2484 2484 I PackageManager: Finished scanning system apps. Time: 5618 ms, packageCount: 97 , timePerPackage: 57 , cached: 0
01-15 16:10:49.616 2484 2484 D PackageManager: No files in app dir /data/app
01-15 16:10:49.616 2484 2484 D PackageManager: No files in app dir /data/app-private
01-15 16:10:49.616 2484 2484 I PackageManager: Finished scanning non-system apps. Time: 0 ms, packageCount: 0 , timePerPackage: 0 , cached: 0
01-15 16:10:49.624 2484 2484 I PackageManager: Time to scan packages: 5.626 seconds
01-15 16:10:49.628 2484 2484 V PackageManager: reconcileAppsData for null u0 0x3 migrateAppData=true
01-15 16:10:49.627 2378 2378 I Binder:2378_1: type=1400 audit(0.0:275): avc: denied { dac_read_search } for capability=2 scontext=u:r:installd:s0 tcontext=u:r:installd:s0 tclass=capability permissive=1
01-15 16:10:49.628 2378 2403 I SELinux : SELinux: Loaded file_contexts
01-15 16:10:49.646 2484 2484 V PackageManager: reconcileAppsData finished 19 packages
01-15 16:10:49.646 2484 2526 D SystemServerInitThreadPool: Started executing prepareAppData
01-15 16:10:49.647 2484 2526 D SystemServerTimingAsync: AppDataFixup took to complete: 1ms
01-15 16:10:49.672 2484 2484 V PackageManager: Ephemeral resolver found; pkg: com.google.android.gms, info:ResolveInfo{91b1d1 com.google.android.gms/.chimera.PersistentBoundBrokerService m=0x108000}
01-15 16:10:49.672 2484 2484 D PackageManager: Set ephemeral resolver: Pair{ComponentInfo{com.google.android.gms/com.google.android.gms.chimera.PersistentBoundBrokerService} android.intent.action.RESOLVE_INSTANT_APP_PACKAGE}
01-15 16:10:49.686 2484 2484 D PackageManager: Ephemeral resolver settings not found with new action; try old one
01-15 16:10:49.686 2484 2484 D PackageManager: Ephemeral installer not found with new action; try old one
01-15 16:10:49.686 2484 2484 D PackageManager: Clear ephemeral installer activity
01-15 16:10:49.707 2484 2484 I zygote64: Explicit concurrent copying GC freed 220526(9MB) AllocSpace objects, 33(3MB) LOS objects, 42% free, 5MB/10MB, paused 14us total 16.072ms
01-15 16:10:49.708 2484 2484 D FallbackCategoryProvider: Found 1 fallback categories
01-15 16:10:49.710 2484 2484 D SystemServerTiming: StartPackageManagerService took to complete: 5758ms
01-15 16:10:49.710 2484 2484 I SystemServer: StartOtaDexOptService
01-15 16:10:49.710 2484 2484 D OTADexopt: No upgrade, skipping A/B artifacts check.
01-15 16:10:49.710 2484 2484 D SystemServerTiming: StartOtaDexOptService took to complete: 1ms
01-15 16:10:49.710 2484 2484 I SystemServer: StartUserManagerService
01-15 16:10:49.710 2484 2484 I SystemServiceManager: Starting com.android.server.pm.UserManagerService$LifeCycle
01-15 16:10:49.710 2484 2484 D SystemServerTiming: StartUserManagerService took to complete: 0ms
01-15 16:10:49.710 2484 2484 I SystemServer: InitAttributerCache
01-15 16:10:49.715 2484 2484 D SystemServerTiming: InitAttributerCache took to complete: 4ms
01-15 16:10:49.715 2484 2484 I SystemServer: SetSystemProcess
01-15 16:10:49.726 2368 2368 I lowmemorykiller: ActivityManager connected
01-15 16:10:49.726 2368 2368 E lowmemorykiller: Error opening /dev/memcg/apps/uid_1000/pid_2484/memory.soft_limit_in_bytes; errno=2
01-15 16:10:49.727 2484 2484 D SystemServerTiming: SetSystemProcess took to complete: 12ms
01-15 16:10:49.730 2484 2484 I SystemServer: StartOverlayManagerService
01-15 16:10:49.736 2484 2484 D SystemServerTiming: StartOverlayManagerService took to complete: 6ms
01-15 16:10:49.736 2484 2529 D SystemServerInitThreadPool: Started executing Init OverlayManagerService
01-15 16:10:49.736 2484 2484 I SystemServer: StartDropBoxManager
01-15 16:10:49.736 2484 2530 D SystemServerInitThreadPool: Started executing StartSensorService
01-15 16:10:49.736 2484 2484 I SystemServiceManager: Starting com.android.server.DropBoxManagerService
01-15 16:10:49.736 2484 2530 D SensorService: nuSensorService starting...
01-15 16:10:49.736 2484 2484 D SystemServerTiming: StartDropBoxManager took to complete: 1ms
01-15 16:10:49.736 2484 2530 D vndksupport: Loading /vendor/lib64/hw/android.hardware.sensors@1.0-impl.so from current namespace instead of sphal namespace.
01-15 16:10:49.736 2484 2484 I SystemServer: StartBatteryService
01-15 16:10:49.744 2484 2484 I SystemServiceManager: Starting com.android.server.BatteryService
01-15 16:10:49.754 2484 2484 D SystemServerTiming: StartBatteryService took to complete: 18ms
01-15 16:10:49.754 2484 2484 I SystemServer: StartUsageService
01-15 16:10:49.760 2484 2484 I SystemServiceManager: Starting com.android.server.usage.UsageStatsService
01-15 16:10:49.760 2484 2496 E LightsService: Light requested not available on this device. 3
01-15 16:10:49.771 2484 2526 D SystemServerTimingAsync: AppDataPrepare took to complete: 125ms
01-15 16:10:49.771 2484 2526 I PackageManager: Deferred reconcileAppsData finished 78 packages
01-15 16:10:49.771 2484 2526 D SystemServerInitThreadPool: Finished executing prepareAppData
01-15 16:10:49.790 2484 2484 D SystemServerTiming: StartUsageService took to complete: 36ms
01-15 16:10:49.790 2484 2484 I SystemServer: StartWebViewUpdateService
01-15 16:10:49.791 2532 2532 I idmap : type=1400 audit(0.0:276): avc: denied { getattr } for path="/vendor" dev="tmpfs" ino=7264 scontext=u:r:idmap:s0 tcontext=u:object_r:tmpfs:s0 tclass=lnk_file permissive=1
01-15 16:10:49.795 2484 2484 I SystemServiceManager: Starting com.android.server.webkit.WebViewUpdateService
01-15 16:10:49.802 2484 2530 D KbdSensor: open_kbd_sensor: id=poll
01-15 16:10:49.802 2484 2530 D KbdSensor: SensorFd: module=0x793552e442b8 dev=0x793560d8b400
01-15 16:10:49.808 2484 2484 D SystemServerTiming: StartWebViewUpdateService took to complete: 18ms
01-15 16:10:49.808 2484 2484 I SystemServer: StartKeyAttestationApplicationIdProviderService
01-15 16:10:49.808 2484 2497 D SystemServerInitThreadPool: Started executing SecondaryZygotePreload
01-15 16:10:49.809 2484 2497 I SystemServer: SecondaryZygotePreload
01-15 16:10:49.811 2484 2484 D SystemServerTiming: StartKeyAttestationApplicationIdProviderService took to complete: 2ms
01-15 16:10:49.811 2484 2484 I SystemServer: StartKeyChainSystemService
01-15 16:10:49.811 2484 2484 I SystemServiceManager: Starting com.android.server.security.KeyChainSystemService
01-15 16:10:49.811 2484 2484 D SystemServerTiming: StartKeyChainSystemService took to complete: 0ms
01-15 16:10:49.811 2484 2484 I SystemServer: StartSchedulingPolicyService
01-15 16:10:49.811 2484 2484 D SystemServerTiming: StartSchedulingPolicyService took to complete: 0ms
01-15 16:10:49.811 2484 2484 I SystemServer: StartTelecomLoaderService
01-15 16:10:49.813 2532 2532 W ResourceType: CREATING STRING CACHE OF 46400 bytes
01-15 16:10:49.814 2484 2484 I SystemServiceManager: Starting com.android.server.telecom.TelecomLoaderService
01-15 16:10:49.816 2484 2484 D SystemServerTiming: StartTelecomLoaderService took to complete: 4ms
01-15 16:10:49.816 2484 2484 I SystemServer: StartTelephonyRegistry
01-15 16:10:49.819 2484 2497 I Zygote : Process: zygote socket zygote opened, supported ABIS: x86_64,arm64-v8a
01-15 16:10:49.823 2484 2484 D SystemServerTiming: StartTelephonyRegistry took to complete: 8ms
01-15 16:10:49.823 2484 2484 I SystemServer: StartEntropyMixer
01-15 16:10:49.824 2484 2529 D SystemServerInitThreadPool: Finished executing Init OverlayManagerService
01-15 16:10:49.827 2484 2484 W EntropyMixer: No existing entropy file -- first boot?
01-15 16:10:49.827 2484 2484 I EntropyMixer: Writing entropy...
01-15 16:10:49.827 2484 2484 D SystemServerTiming: StartEntropyMixer took to complete: 3ms
01-15 16:10:49.827 2484 2484 I SystemServer: StartAccountManagerService
01-15 16:10:49.829 2484 2497 I Zygote : Process: zygote socket zygote_secondary opened, supported ABIS: x86,armeabi-v7a,armeabi
01-15 16:10:49.829 2353 2353 I Zygote : Lazily preloading resources.
01-15 16:10:49.829 2353 2353 D Zygote : begin preload
01-15 16:10:49.829 2353 2353 I Zygote : Installing ICU cache reference pinning...
01-15 16:10:49.829 2353 2353 I Zygote : Preloading ICU data...
01-15 16:10:49.830 2484 2484 I SystemServiceManager: Starting com.android.server.accounts.AccountManagerService$Lifecycle
01-15 16:10:49.841 2484 2484 D SystemServerTiming: StartAccountManagerService took to complete: 14ms
01-15 16:10:49.841 2484 2484 I SystemServer: StartContentService
01-15 16:10:49.853 2484 2484 I SystemServiceManager: Starting com.android.server.content.ContentService$Lifecycle
01-15 16:10:49.855 2484 2484 D SystemServerTiming: StartContentService took to complete: 15ms
01-15 16:10:49.855 2484 2484 I SystemServer: InstallSystemProviders
01-15 16:10:49.872 2353 2353 D ZygoteInitTiming_lazy: BeginIcuCachePinning took to complete: 42ms
01-15 16:10:49.872 2353 2353 I Zygote : Preloading classes...
01-15 16:10:49.886 2484 2484 I SettingsState: No settings state /data/system/users/0/settings_system.xml
01-15 16:10:49.887 2484 2484 I SettingsState: No settings state /data/system/users/0/settings_secure.xml
01-15 16:10:49.888 2484 2484 D SettingsProvider: Generated and saved new ANDROID_ID [56f7179c7d22dfd5] for user 0
01-15 16:10:49.888 2484 2484 I SettingsState: No settings state /data/system/users/0/settings_global.xml
01-15 16:10:49.891 2484 2484 D SettingsProvider: Setting [] as Autofill Service for user 0
01-15 16:10:49.894 2484 2484 I SettingsState: No settings state /data/system/users/0/settings_ssaid.xml
01-15 16:10:49.895 2484 2484 D SystemServerTiming: InstallSystemProviders took to complete: 40ms
01-15 16:10:49.895 2484 2484 I SystemServer: StartVibratorService
01-15 16:10:49.896 2293 2293 W /system/bin/hwservicemanager: getTransport: Cannot find entry android.hardware.vibrator@1.0::IVibrator/default in either framework or device manifest.
01-15 16:10:49.896 2293 2293 W /system/bin/hwservicemanager: getTransport: Cannot find entry android.hardware.vibrator@1.0::IVibrator/default in either framework or device manifest.
01-15 16:10:49.896 2484 2484 E VibratorService: vibratorOff command failed (1).
01-15 16:10:49.896 2293 2293 W /system/bin/hwservicemanager: getTransport: Cannot find entry android.hardware.vibrator@1.0::IVibrator/default in either framework or device manifest.
01-15 16:10:49.897 2484 2484 D SystemServerTiming: StartVibratorService took to complete: 1ms
01-15 16:10:49.897 2484 2484 I SystemServer: StartConsumerIrService
01-15 16:10:49.897 2293 2293 W /system/bin/hwservicemanager: getTransport: Cannot find entry android.hardware.ir@1.0::IConsumerIr/default in either framework or device manifest.
01-15 16:10:49.898 2484 2484 D SystemServerTiming: StartConsumerIrService took to complete: 0ms
01-15 16:10:49.898 2484 2484 I SystemServer: StartAlarmManagerService
01-15 16:10:49.898 2484 2484 I SystemServiceManager: Starting com.android.server.AlarmManagerService
01-15 16:10:49.901 2484 2484 D AlarmManagerService: Kernel timezone updated to 0 minutes west of GMT
01-15 16:10:49.902 2484 2484 D SystemServerTiming: StartAlarmManagerService took to complete: 5ms
01-15 16:10:49.902 2484 2484 I SystemServer: InitWatchdog
01-15 16:10:49.902 2484 2484 D SystemServerTiming: InitWatchdog took to complete: 0ms
01-15 16:10:49.902 2484 2484 I SystemServer: StartInputManagerService
01-15 16:10:49.912 2484 2484 I InputManager: Initializing input manager, mUseDevInputEventForAudioJack=true
01-15 16:10:49.913 2484 2484 D SystemServerTiming: StartInputManagerService took to complete: 10ms
01-15 16:10:49.913 2484 2484 I SystemServer: StartWindowManagerService
01-15 16:10:49.973 2353 2353 E ActivityRecognitionHardware: activity_recognition HAL is deprecated. class_init is effectively a no-op
01-15 16:10:49.990 2353 2353 W Zygote : Class not found for preloading: android.icu.impl.number.Parse
01-15 16:10:50.020 2353 2353 I zygote : Thread[1,tid=2353,Native,Thread*=0xf2fc1000,peer=0x12d80088,"main"] recursive attempt to load library "/system/lib/libmedia_jni.so"
01-15 16:10:50.020 2353 2353 D MtpDeviceJNI: register_android_mtp_MtpDevice
01-15 16:10:50.020 2353 2353 I zygote : Thread[1,tid=2353,Native,Thread*=0xf2fc1000,peer=0x12d80088,"main"] recursive attempt to load library "/system/lib/libmedia_jni.so"
01-15 16:10:50.021 2353 2353 I zygote : Thread[1,tid=2353,Native,Thread*=0xf2fc1000,peer=0x12d80088,"main"] recursive attempt to load library "/system/lib/libmedia_jni.so"
01-15 16:10:50.096 2484 2530 I KbdSensor: Open AT Translated Set 2 keyboard ok, fd=91
01-15 16:10:50.096 2484 2530 D KbdSensor: SensorPollContext: dev=0x793560d8b400 fd=91
01-15 16:10:50.096 2484 2530 D KbdSensor: poll_activate: dev=0x793560d8b400 handle=0 enabled=0
01-15 16:10:50.097 2484 2530 I SensorService: Generated new HMAC key.
01-15 16:10:50.097 2484 2537 D SensorService: new thread SensorEventAckReceiver
01-15 16:10:50.097 2484 2538 D SensorService: nuSensorService thread starting...
01-15 16:10:50.097 2484 2530 D SystemServerTimingAsync: StartSensorService took to complete: 361ms
01-15 16:10:50.097 2484 2530 D SystemServerInitThreadPool: Finished executing StartSensorService
01-15 16:10:50.130 2484 2506 I WindowManager: No existing display settings /data/system/display_settings.xml; starting empty
01-15 16:10:50.148 2353 2353 I Zygote : ...preloaded 4715 classes in 276ms.
01-15 16:10:50.148 2353 2353 I zygote : VMRuntime.preloadDexCaches starting
01-15 16:10:50.151 2484 2484 D SystemServerTiming: StartWindowManagerService took to complete: 239ms
01-15 16:10:50.151 2484 2484 I SystemServer: StartVrManagerService
01-15 16:10:50.151 2484 2526 D SystemServerInitThreadPool: Started executing StartHidlServices
01-15 16:10:50.151 2484 2484 I SystemServiceManager: Starting com.android.server.vr.VrManagerService
01-15 16:10:50.152 2293 2293 W /system/bin/hwservicemanager: getTransport: Cannot find entry android.hardware.vr@1.0::IVr/default in either framework or device manifest.
01-15 16:10:50.152 2484 2526 D SystemServerTimingAsync: StartHidlServices took to complete: 0ms
01-15 16:10:50.152 2484 2526 D SystemServerInitThreadPool: Finished executing StartHidlServices
01-15 16:10:50.152 2484 2484 W VrManagerService: init_native: Could not open IVr interface
01-15 16:10:50.152 2484 2484 D SystemServerTiming: StartVrManagerService took to complete: 1ms
01-15 16:10:50.152 2484 2484 I SystemServer: SetWindowManagerService
01-15 16:10:50.157 2484 2484 D SystemServerTiming: SetWindowManagerService took to complete: 4ms
01-15 16:10:50.157 2484 2484 I SystemServer: StartInputManager
01-15 16:10:50.157 2484 2484 I InputManager: Starting input manager
01-15 16:10:50.157 2484 2542 D EventHub: No input device configuration file found for device 'Android Power Button'.
01-15 16:10:50.158 2484 2484 D SystemServerTiming: StartInputManager took to complete: 2ms
01-15 16:10:50.158 2484 2484 I SystemServer: DisplayManagerWindowManagerAndInputReady
01-15 16:10:50.158 2484 2484 D SystemServerTiming: DisplayManagerWindowManagerAndInputReady took to complete: 0ms
01-15 16:10:50.158 2484 2484 I SystemServer: StartBluetoothService
01-15 16:10:50.158 2484 2484 I SystemServiceManager: Starting com.android.server.BluetoothService
01-15 16:10:50.159 2484 2484 D BluetoothManagerService: Loading stored name and address
01-15 16:10:50.160 2484 2484 D BluetoothManagerService: Stored bluetooth Name=null,Address=null
01-15 16:10:50.160 2484 2484 D BluetoothManagerService: Bluetooth persisted state: 0
01-15 16:10:50.160 2484 2484 D SystemServerTiming: StartBluetoothService took to complete: 1ms
01-15 16:10:50.160 2484 2484 I SystemServer: IpConnectivityMetrics
01-15 16:10:50.160 2484 2484 I SystemServiceManager: Starting com.android.server.connectivity.IpConnectivityMetrics
01-15 16:10:50.160 2484 2542 W EventHub: Unable to disable kernel key repeat for /dev/input/event20: Function not implemented
01-15 16:10:50.160 2484 2542 I EventHub: wakeMechanism=EPOLLWAKEUP, usingClockIoctl=true
01-15 16:10:50.160 2484 2542 I EventHub: New device: id=1, fd=102, path='/dev/input/event20', name='Android Power Button', classes=0x1, configuration='', keyLayout='/system/usr/keylayout/Generic.kl', keyCharacterMap='/system/usr/keychars/Generic.kcm', builtinKeyboard=false,
01-15 16:10:50.160 2484 2542 D EventHub: No input device configuration file found for device 'HDA Intel PCH HDMI/DP,pcm=10'.
01-15 16:10:50.160 2484 2542 I EventHub: wakeMechanism=EPOLLWAKEUP, usingClockIoctl=true
01-15 16:10:50.160 2484 2542 I EventHub: New device: id=2, fd=103, path='/dev/input/event19', name='HDA Intel PCH HDMI/DP,pcm=10', classes=0x80, configuration='', keyLayout='', keyCharacterMap='', builtinKeyboard=false,
01-15 16:10:50.160 2484 2542 D EventHub: No input device configuration file found for device 'HDA Intel PCH HDMI/DP,pcm=9'.
01-15 16:10:50.160 2484 2542 I EventHub: wakeMechanism=EPOLLWAKEUP, usingClockIoctl=true
01-15 16:10:50.160 2484 2542 I EventHub: New device: id=3, fd=104, path='/dev/input/event18', name='HDA Intel PCH HDMI/DP,pcm=9', classes=0x80, configuration='', keyLayout='', keyCharacterMap='', builtinKeyboard=false,
01-15 16:10:50.160 2484 2484 D SystemServerTiming: IpConnectivityMetrics took to complete: 0ms
01-15 16:10:50.160 2484 2484 I SystemServer: PinnerService
01-15 16:10:50.160 2484 2542 D EventHub: No input device configuration file found for device 'HDA Intel PCH HDMI/DP,pcm=8'.
01-15 16:10:50.160 2484 2542 I EventHub: wakeMechanism=EPOLLWAKEUP, usingClockIoctl=true
01-15 16:10:50.160 2484 2542 I EventHub: New device: id=4, fd=105, path='/dev/input/event17', name='HDA Intel PCH HDMI/DP,pcm=8', classes=0x80, configuration='', keyLayout='', keyCharacterMap='', builtinKeyboard=false,
01-15 16:10:50.160 2484 2484 I SystemServiceManager: Starting com.android.server.PinnerService
01-15 16:10:50.160 2484 2542 D EventHub: No input device configuration file found for device 'HDA Intel PCH HDMI/DP,pcm=7'.
01-15 16:10:50.160 2484 2542 I EventHub: wakeMechanism=EPOLLWAKEUP, usingClockIoctl=true
01-15 16:10:50.160 2484 2542 I EventHub: New device: id=5, fd=106, path='/dev/input/event16', name='HDA Intel PCH HDMI/DP,pcm=7', classes=0x80, configuration='', keyLayout='', keyCharacterMap='', builtinKeyboard=false,
01-15 16:10:50.160 2484 2542 D EventHub: No input device configuration file found for device 'HDA Intel PCH HDMI/DP,pcm=3'.
01-15 16:10:50.160 2484 2542 I EventHub: wakeMechanism=EPOLLWAKEUP, usingClockIoctl=true
01-15 16:10:50.160 2484 2542 I EventHub: New device: id=6, fd=107, path='/dev/input/event15', name='HDA Intel PCH HDMI/DP,pcm=3', classes=0x80, configuration='', keyLayout='', keyCharacterMap='', builtinKeyboard=false,
01-15 16:10:50.160 2484 2542 D EventHub: No input device configuration file found for device 'HDA Intel PCH Headphone'.
01-15 16:10:50.160 2484 2542 I EventHub: wakeMechanism=EPOLLWAKEUP, usingClockIoctl=true
01-15 16:10:50.160 2484 2542 I EventHub: New device: id=7, fd=108, path='/dev/input/event14', name='HDA Intel PCH Headphone', classes=0x80, configuration='', keyLayout='', keyCharacterMap='', builtinKeyboard=false,
01-15 16:10:50.160 2484 2542 D EventHub: No input device configuration file found for device 'HDA Intel PCH Dock Headphone'.
01-15 16:10:50.160 2484 2542 I EventHub: wakeMechanism=EPOLLWAKEUP, usingClockIoctl=true
01-15 16:10:50.160 2484 2542 I EventHub: New device: id=8, fd=109, path='/dev/input/event13', name='HDA Intel PCH Dock Headphone', classes=0x80, configuration='', keyLayout='', keyCharacterMap='', builtinKeyboard=false,
01-15 16:10:50.160 2484 2484 D SystemServerTiming: PinnerService took to complete: 1ms
01-15 16:10:50.160 2484 2484 I SystemServer: StartInputMethodManagerLifecycle
01-15 16:10:50.160 2484 2542 D EventHub: No input device configuration file found for device 'HDA Intel PCH Mic'.
01-15 16:10:50.160 2484 2542 I EventHub: wakeMechanism=EPOLLWAKEUP, usingClockIoctl=true
01-15 16:10:50.160 2484 2542 I EventHub: New device: id=9, fd=110, path='/dev/input/event12', name='HDA Intel PCH Mic', classes=0x80, configuration='', keyLayout='', keyCharacterMap='', builtinKeyboard=false,
01-15 16:10:50.160 2484 2484 I SystemServiceManager: Starting com.android.server.InputMethodManagerService$Lifecycle
01-15 16:10:50.160 2484 2542 D EventHub: No input device configuration file found for device 'HDA Intel PCH Dock Mic'.
01-15 16:10:50.160 2484 2542 I EventHub: wakeMechanism=EPOLLWAKEUP, usingClockIoctl=true
01-15 16:10:50.160 2484 2542 I EventHub: New device: id=10, fd=111, path='/dev/input/event11', name='HDA Intel PCH Dock Mic', classes=0x80, configuration='', keyLayout='', keyCharacterMap='', builtinKeyboard=false,
01-15 16:10:50.161 2484 2542 D EventHub: No input device configuration file found for device 'ThinkPad Extra Buttons'.
01-15 16:10:50.163 2484 2542 W EventHub: Unable to disable kernel key repeat for /dev/input/event10: Function not implemented
01-15 16:10:50.163 2484 2542 I EventHub: wakeMechanism=EPOLLWAKEUP, usingClockIoctl=true
01-15 16:10:50.163 2484 2542 I EventHub: New device: id=11, fd=112, path='/dev/input/event10', name='ThinkPad Extra Buttons', classes=0x81, configuration='', keyLayout='/system/usr/keylayout/Generic.kl', keyCharacterMap='/system/usr/keychars/Generic.kcm', builtinKeyboard=false,
01-15 16:10:50.163 2484 2542 D EventHub: No input device configuration file found for device 'Video Bus'.
01-15 16:10:50.166 2484 2484 D SystemServerTiming: StartInputMethodManagerLifecycle took to complete: 6ms
01-15 16:10:50.166 2484 2484 I SystemServer: StartAccessibilityManagerService
01-15 16:10:50.168 2484 2542 W EventHub: Unable to disable kernel key repeat for /dev/input/event9: Function not implemented
01-15 16:10:50.168 2484 2542 I EventHub: wakeMechanism=EPOLLWAKEUP, usingClockIoctl=true
01-15 16:10:50.168 2484 2542 I EventHub: New device: id=12, fd=113, path='/dev/input/event9', name='Video Bus', classes=0x1, configuration='', keyLayout='/system/usr/keylayout/Generic.kl', keyCharacterMap='/system/usr/keychars/Generic.kcm', builtinKeyboard=false,
01-15 16:10:50.168 2484 2542 E EventHub: could not get driver version for /dev/input/mice, Not a typewriter
01-15 16:10:50.169 2484 2484 D SystemServerTiming: StartAccessibilityManagerService took to complete: 3ms
01-15 16:10:50.169 2484 2484 I SystemServer: MakeDisplayReady
01-15 16:10:50.170 2484 2484 I ActivityManager: Config changes=5df8 {1.0 ?mcc?mnc [en_US] ldltr sw720dp w1280dp h720dp 240dpi xlrg long land ?uimode ?night -touch -keyb/h/h -nav/h appBounds=Rect(0, 0 - 1920, 1080) s.2}
01-15 16:10:50.170 2484 2498 I UsageStatsDatabase: Upgrading from version 0 to 3
01-15 16:10:50.170 2484 2498 I UsageStatsDatabase: Deleting all usage stats files
01-15 16:10:50.171 2484 2484 I ActivityManager: Override config changes=40007dfc {1.0 ?mcc?mnc [en_US] ldltr sw720dp w1280dp h720dp 240dpi xlrg long land ?uimode ?night -touch -keyb/h/h -nav/h appBounds=Rect(0, 0 - 1920, 1080) s.2} for displayId=0
01-15 16:10:50.171 2484 2498 I UsageStatsService: User[0] Rollover scheduled @ 2018-01-16 16:10:50(1516119050170)
01-15 16:10:50.171 2484 2498 D UsageStatsService: Initializing defaults for system apps on user 0
01-15 16:10:50.171 2484 2498 E AppIdleHistory: Unable to read app idle file for user 0
01-15 16:10:50.175 2484 2484 I ActivityManager: Config changes=500 {1.0 ?mcc?mnc [en_US] ldltr sw720dp w1280dp h648dp 240dpi lrg long land ?uimode ?night -touch -keyb/h/h -nav/h appBounds=Rect(0, 0 - 1920, 1008) s.3}
01-15 16:10:50.177 2484 2484 I ActivityManager: Override config changes=500 {1.0 ?mcc?mnc [en_US] ldltr sw720dp w1280dp h648dp 240dpi lrg long land ?uimode ?night -touch -keyb/h/h -nav/h appBounds=Rect(0, 0 - 1920, 1008) s.3} for displayId=0
01-15 16:10:50.178 2484 2484 D SystemServerTiming: MakeDisplayReady took to complete: 8ms
01-15 16:10:50.178 2484 2484 I SystemServer: StartStorageManagerService
01-15 16:10:50.178 2484 2484 I SystemServiceManager: Starting com.android.server.StorageManagerService$Lifecycle
