01-15 16:10:57.316 2484 3133 D UsbHostManager: UsbInterface[mId=0,mAlternateSetting=0,mName=null,mClass=8,mSubclass=6,mProtocol=80,mEndpoints=[
01-15 16:10:57.316 2484 3133 D UsbHostManager: UsbEndpoint[mAddress=129,mAttributes=2,mMaxPacketSize=1024,mInterval=0]
01-15 16:10:57.316 2484 3133 D UsbHostManager: UsbEndpoint[mAddress=2,mAttributes=2,mMaxPacketSize=1024,mInterval=0]]]]
01-15 16:10:57.316 2375 2453 I AudioFlinger: systemReady
01-15 16:10:57.316 2484 2484 D SystemServerTiming: StartSystemUI took to complete: 45ms
01-15 16:10:57.317 2484 2484 I SystemServer: MakeNetworkScoreReady
01-15 16:10:57.316 2484 2484 I Binder:2484_2: type=1400 audit(0.0:313): avc: denied { write } for name="timerslack_ns" dev="proc" ino=49406 scontext=u:r:system_server:s0 tcontext=u:r:audioserver:s0 tclass=file permissive=1
01-15 16:10:57.349 2484 2484 D SystemServerTiming: MakeNetworkScoreReady took to complete: 32ms
01-15 16:10:57.349 2484 2484 I SystemServer: MakeNetworkManagementServiceReady
01-15 16:10:57.349 2484 2484 I NetworkManagement: not enabling bandwidth control
01-15 16:10:57.351 1276 1276 I loop0 : type=1400 audit(0.0:314): avc: denied { read } for path="/mnt/system.sfs" dev="sdb" ino=1897 scontext=u:r:kernel:s0 tcontext=u:object_r:unlabeled:s0 tclass=file permissive=1
01-15 16:10:57.382 3131 3131 I sgdisk : type=1400 audit(0.0:315): avc: denied { getattr } for path="/vendor" dev="tmpfs" ino=7264 scontext=u:r:sgdisk:s0 tcontext=u:object_r:tmpfs:s0 tclass=lnk_file permissive=1
01-15 16:10:57.390 2484 3133 I UsbDescriptorParser: Unknown Descriptor len: 6 type:0x30
01-15 16:10:57.390 2484 3133 I UsbDescriptorParser: Unknown Descriptor len: 6 type:0x30
01-15 16:10:57.390 2484 3133 I UsbDescriptorParser: ---- isInputHeadset() prob:0.0%
01-15 16:10:57.390 2484 3133 I UsbDescriptorParser: ---- isOutputHeadset() prob:0.0%
01-15 16:10:57.390 2484 3133 I UsbHostManager: ---- isHeadset[in: false , out: false]
01-15 16:10:57.403 3151 3151 I iptables-restor: type=1400 audit(0.0:317): avc: denied { getattr } for path="/vendor" dev="tmpfs" ino=7264 scontext=u:r:netd:s0 tcontext=u:object_r:tmpfs:s0 tclass=lnk_file permissive=1
01-15 16:10:57.403 3151 3151 I iptables-restor: type=1400 audit(0.0:318): avc: denied { read } for name="vendor" dev="tmpfs" ino=7264 scontext=u:r:netd:s0 tcontext=u:object_r:tmpfs:s0 tclass=lnk_file permissive=1
01-15 16:10:57.411 2484 3133 D UsbHostManager: Added device UsbDevice[mName=/dev/bus/usb/001/008,mVendorId=1816,mProductId=1802,mClass=0,mSubclass=0,mProtocol=0,mManufacturerName=TDK LoR,mProductName=TF10,mVersion=2.0,mSerialNumber=070341F90FC89550,mConfigurations=[
01-15 16:10:57.411 2484 3133 D UsbHostManager: UsbConfiguration[mId=1,mName=null,mAttributes=128,mMaxPower=100,mInterfaces=[
01-15 16:10:57.411 2484 3133 D UsbHostManager: UsbInterface[mId=0,mAlternateSetting=0,mName=null,mClass=8,mSubclass=6,mProtocol=80,mEndpoints=[
01-15 16:10:57.411 2484 3133 D UsbHostManager: UsbEndpoint[mAddress=129,mAttributes=2,mMaxPacketSize=512,mInterval=0]
01-15 16:10:57.411 2484 3133 D UsbHostManager: UsbEndpoint[mAddress=2,mAttributes=2,mMaxPacketSize=512,mInterval=0]]]]
01-15 16:10:57.411 2484 3133 I UsbDescriptorParser: ---- isInputHeadset() prob:0.0%
01-15 16:10:57.411 2484 3133 I UsbDescriptorParser: ---- isOutputHeadset() prob:0.0%
01-15 16:10:57.411 2484 3133 I UsbHostManager: ---- isHeadset[in: false , out: false]
01-15 16:10:57.412 3100 3100 D AdapterServiceConfig: Adding HeadsetService
01-15 16:10:57.412 3100 3100 D AdapterServiceConfig: Adding A2dpService
01-15 16:10:57.412 3100 3100 D AdapterServiceConfig: Adding HidService
01-15 16:10:57.412 3100 3100 D AdapterServiceConfig: Adding HealthService
01-15 16:10:57.412 3100 3100 D AdapterServiceConfig: Adding PanService
01-15 16:10:57.412 3100 3100 D AdapterServiceConfig: Adding GattService
01-15 16:10:57.412 3100 3100 D AdapterServiceConfig: Adding BluetoothMapService
01-15 16:10:57.412 3100 3100 W AdapterServiceConfig: Could not find profile bit mask
01-15 16:10:57.412 3100 3100 D AdapterServiceConfig: Adding BluetoothOppService
01-15 16:10:57.412 3100 3100 W AdapterServiceConfig: Could not find profile bit mask
01-15 16:10:57.412 3100 3100 D AdapterServiceConfig: Adding BluetoothPbapService
01-15 16:10:57.413 2484 3133 D UsbHostManager: Added device UsbDevice[mName=/dev/bus/usb/001/005,mVendorId=1121,mProductId=19746,mClass=0,mSubclass=0,mProtocol=0,mManufacturerName=null,mProductName=USB Optical Mouse,mVersion=2.0,mSerialNumber=null,mConfigurations=[
01-15 16:10:57.413 2484 3133 D UsbHostManager: UsbConfiguration[mId=1,mName=null,mAttributes=160,mMaxPower=50,mInterfaces=[
01-15 16:10:57.413 2484 3133 D UsbHostManager: UsbInterface[mId=0,mAlternateSetting=0,mName=null,mClass=3,mSubclass=1,mProtocol=2,mEndpoints=[
01-15 16:10:57.413 2484 3133 D UsbHostManager: UsbEndpoint[mAddress=129,mAttributes=3,mMaxPacketSize=4,mInterval=10]]]]
01-15 16:10:57.413 2484 3133 I UsbDescriptorParser: ---- isInputHeadset() prob:0.0%
01-15 16:10:57.413 2484 3133 I UsbDescriptorParser: ---- isOutputHeadset() prob:0.0%
01-15 16:10:57.413 2484 3133 I UsbHostManager: ---- isHeadset[in: false , out: false]
01-15 16:10:57.416 3116 3116 I LatinIME: Hardware accelerated drawing: true
01-15 16:10:57.418 2484 3133 D UsbHostManager: Added device UsbDevice[mName=/dev/bus/usb/001/007,mVendorId=22918,mProductId=1798,mClass=239,mSubclass=2,mProtocol=1,mManufacturerName=SunplusIT Inc,mProductName=Integrated Camera,mVersion=2.0,mSerialNumber=null,mConfigurations=[
01-15 16:10:57.418 2484 3133 D UsbHostManager: UsbConfiguration[mId=1,mName=null,mAttributes=128,mMaxPower=250,mInterfaces=[
01-15 16:10:57.418 2484 3133 D UsbHostManager: UsbInterface[mId=0,mAlternateSetting=0,mName=Integrated Camera,mClass=14,mSubclass=1,mProtocol=0,mEndpoints=[
01-15 16:10:57.418 2484 3133 D UsbHostManager: UsbEndpoint[mAddress=135,mAttributes=3,mMaxPacketSize=16,mInterval=8]]
01-15 16:10:57.418 2484 3133 D UsbHostManager: UsbInterface[mId=1,mAlternateSetting=0,mName=null,mClass=14,mSubclass=2,mProtocol=0,mEndpoints=[]
01-15 16:10:57.418 2484 3133 D UsbHostManager: UsbInterface[mId=1,mAlternateSetting=1,mName=null,mClass=14,mSubclass=2,mProtocol=0,mEndpoints=[
01-15 16:10:57.418 2484 3133 D UsbHostManager: UsbEndpoint[mAddress=129,mAttributes=5,mMaxPacketSize=192,mInterval=1]]
01-15 16:10:57.418 2484 3133 D UsbHostManager: UsbInterface[mId=1,mAlternateSetting=2,mName=null,mClass=14,mSubclass=2,mProtocol=0,mEndpoints=[
01-15 16:10:57.418 2484 3133 D UsbHostManager: UsbEndpoint[mAddress=129,mAttributes=5,mMaxPacketSize=384,mInterval=1]]
01-15 16:10:57.418 2484 3133 D UsbHostManager: UsbInterface[mId=1,mAlternateSetting=3,mName=null,mClass=14,mSubclass=2,mProtocol=0,mEndpoints=[
01-15 16:10:57.418 2484 3133 D UsbHostManager: UsbEndpoint[mAddress=129,mAttributes=5,mMaxPacketSize=512,mInterval=1]]
01-15 16:10:57.418 2484 3133 D UsbHostManager: UsbInterface[mId=1,mAlternateSetting=4,mName=null,mClass=14,mSubclass=2,mProtocol=0,mEndpoints=[
01-15 16:10:57.418 2484 3133 D UsbHostManager: UsbEndpoint[mAddress=129,mAttributes=5,mMaxPacketSize=640,mInterval=1]]
01-15 16:10:57.418 2484 3133 D UsbHostManager: UsbInterface[mId=1,mAlternateSetting=5,mName=null,mClass=14,mSubclass=2,mProtocol=0,mEndpoints=[
01-15 16:10:57.418 2484 3133 D UsbHostManager: UsbEndpoint[mAddress=129,mAttributes=5,mMaxPacketSize=800,mInterval=1]]
01-15 16:10:57.418 2484 3133 D UsbHostManager: UsbInterface[mId=1,mAlternateSetting=6,mName=null,mClass=14,mSubclass=2,mProtocol=0,mEndpoints=[
01-15 16:10:57.418 2484 3133 D UsbHostManager: UsbEndpoint[mAddress=129,mAttributes=5,mMaxPacketSize=944,mInterval=1]]
01-15 16:10:57.418 2484 3133 D UsbHostManager: UsbInterface[mId=1,mAlternateSetting=7,mName=null,mClass=14,mSubclass=2,mProtocol=0,mEndpoints=[
01-15 16:10:57.418 2484 3133 D UsbHostManager: UsbEndpoint[mAddress=129,mAttributes=5,mMaxPacketSize=2688,mInterval=1]]
01-15 16:10:57.418 2484 3133 D UsbHostManager: UsbInterface[mId=1,mAlternateSetting=8,mName=null,mClass=14,mSubclass=2,mProtocol=0,mEndpoints=[
01-15 16:10:57.418 2484 3133 D UsbHostManager: UsbEndpoint[mAddress=129,mAttributes=5,mMaxPacketSize=2848,mInterval=1]]
01-15 16:10:57.418 2484 3133 D UsbHostManager: UsbInterface[mId=1,mAlternateSetting=9,mName=null,mClass=14,mSubclass=2,mProtocol=0,mEndpoints=[
01-15 16:10:57.418 2484 3133 D UsbHostManager: UsbEndpoint[mAddress=129,mAttributes=5,mMaxPacketSize=3040,mInterval=1]]
01-15 16:10:57.418 2484 3133 D UsbHostManager: UsbInterface[mId=1,mAlternateSetting=10,mName=null,mClass=14,mSubclass=2,mProtocol=0,mEndpoints=[
01-15 16:10:57.418 2484 3133 D UsbHostManager: UsbEndpoint[mAddress=129,mAttributes=5,mMaxPacketSize=5056,mInterval=1]]
01-15 16:10:57.418 2484 3133 D UsbHostManager: UsbInterface[mId=1,mAlternateSetting=11,mName=null,mClass=14,mSubclass=2,mProtocol=0,mEndpoints=[
01-15 16:10:57.418 2484 3133 D UsbHostManager: UsbEndpoint[mAddress=129,mAttributes=5,mMaxPacketSize=5116,mInterval=1]]]]
01-15 16:10:57.419 2484 3133 W UsbDescriptor: UNDERRUN t:0x24 r: 8 < l: 13
01-15 16:10:57.419 2484 3133 W UsbDescriptor: UNDERRUN t:0x24 r: 12 < l: 18
01-15 16:10:57.419 2484 3133 W UsbDescriptor: UNDERRUN t:0x24 r: 7 < l: 11
01-15 16:10:57.419 2484 3133 W UsbDescriptor: OVERRRUN t:0x25 r: 8 > l: 5
01-15 16:10:57.419 2484 3133 W UsbDescriptor: UNDERRUN t:0x24 r: 7 < l: 15
01-15 16:10:57.419 2484 3133 W UsbACInterface: Unknown Audio Streaming Interface subtype:0x4
01-15 16:10:57.419 2484 3133 I UsbDescriptorParser: Unknown Descriptor len: 27 type:0x24
01-15 16:10:57.419 2484 3133 W UsbACInterface: Unknown Audio Streaming Interface subtype:0x5
01-15 16:10:57.419 2484 3133 I UsbDescriptorParser: Unknown Descriptor len: 34 type:0x24
01-15 16:10:57.419 2484 3133 W UsbACInterface: Unknown Audio Streaming Interface subtype:0x5
01-15 16:10:57.419 2484 3133 I UsbDescriptorParser: Unknown Descriptor len: 34 type:0x24
01-15 16:10:57.419 2484 3133 W UsbACInterface: Unknown Audio Streaming Interface subtype:0x5
01-15 16:10:57.419 2484 3133 I UsbDescriptorParser: Unknown Descriptor len: 34 type:0x24
01-15 16:10:57.419 2484 3133 W UsbACInterface: Unknown Audio Streaming Interface subtype:0x5
01-15 16:10:57.419 2484 3133 I UsbDescriptorParser: Unknown Descriptor len: 34 type:0x24
01-15 16:10:57.419 2484 3133 W UsbACInterface: Unknown Audio Streaming Interface subtype:0x5
01-15 16:10:57.419 2484 3133 I UsbDescriptorParser: Unknown Descriptor len: 34 type:0x24
01-15 16:10:57.419 2484 3133 W UsbACInterface: Unknown Audio Streaming Interface subtype:0x5
01-15 16:10:57.419 2484 3133 I UsbDescriptorParser: Unknown Descriptor len: 34 type:0x24
01-15 16:10:57.419 2484 3133 W UsbACInterface: Unknown Audio Streaming Interface subtype:0x5
01-15 16:10:57.419 2484 3133 I UsbDescriptorParser: Unknown Descriptor len: 30 type:0x24
01-15 16:10:57.419 2484 3133 W UsbACInterface: Unknown Audio Streaming Interface subtype:0x5
01-15 16:10:57.419 2484 3133 I UsbDescriptorParser: Unknown Descriptor len: 30 type:0x24
01-15 16:10:57.419 2484 3133 W UsbACInterface: Unknown Audio Streaming Interface subtype:0x5
01-15 16:10:57.419 2484 3133 I UsbDescriptorParser: Unknown Descriptor len: 30 type:0x24
01-15 16:10:57.419 2484 3133 W UsbACInterface: Unknown Audio Streaming Interface subtype:0x3
01-15 16:10:57.419 2484 3133 I UsbDescriptorParser: Unknown Descriptor len: 43 type:0x24
01-15 16:10:57.419 2484 3133 W UsbACInterface: Unknown Audio Streaming Interface subtype:0xd
01-15 16:10:57.419 2484 3133 I UsbDescriptorParser: Unknown Descriptor len: 6 type:0x24
01-15 16:10:57.419 2484 3133 W UsbACInterface: Unknown Audio Streaming Interface subtype:0x6
01-15 16:10:57.419 2484 3133 I UsbDescriptorParser: Unknown Descriptor len: 11 type:0x24
01-15 16:10:57.419 2484 3133 W UsbACInterface: Unknown Audio Streaming Interface subtype:0x7
01-15 16:10:57.419 2484 3133 I UsbDescriptorParser: Unknown Descriptor len: 34 type:0x24
01-15 16:10:57.419 2484 3133 W UsbACInterface: Unknown Audio Streaming Interface subtype:0x7
01-15 16:10:57.419 2484 3133 I UsbDescriptorParser: Unknown Descriptor len: 34 type:0x24
01-15 16:10:57.419 2484 3133 W UsbACInterface: Unknown Audio Streaming Interface subtype:0x7
01-15 16:10:57.419 2484 3133 I UsbDescriptorParser: Unknown Descriptor len: 34 type:0x24
01-15 16:10:57.419 2484 3133 W UsbACInterface: Unknown Audio Streaming Interface subtype:0x7
01-15 16:10:57.419 2484 3133 I UsbDescriptorParser: Unknown Descriptor len: 34 type:0x24
01-15 16:10:57.419 2484 3133 W UsbACInterface: Unknown Audio Streaming Interface subtype:0x7
01-15 16:10:57.419 2484 3133 I UsbDescriptorParser: Unknown Descriptor len: 34 type:0x24
01-15 16:10:57.419 2484 3133 W UsbACInterface: Unknown Audio Streaming Interface subtype:0x7
01-15 16:10:57.419 2484 3133 I UsbDescriptorParser: Unknown Descriptor len: 34 type:0x24
01-15 16:10:57.419 2484 3133 W UsbACInterface: Unknown Audio Streaming Interface subtype:0x7
01-15 16:10:57.419 2484 3133 I UsbDescriptorParser: Unknown Descriptor len: 34 type:0x24
01-15 16:10:57.419 2484 3133 W UsbACInterface: Unknown Audio Streaming Interface subtype:0x7
01-15 16:10:57.419 2484 3133 I UsbDescriptorParser: Unknown Descriptor len: 34 type:0x24
01-15 16:10:57.419 2484 3133 W UsbACInterface: Unknown Audio Streaming Interface subtype:0x7
01-15 16:10:57.419 2484 3133 I UsbDescriptorParser: Unknown Descriptor len: 34 type:0x24
01-15 16:10:57.419 2484 3133 W UsbACInterface: Unknown Audio Streaming Interface subtype:0x3
01-15 16:10:57.419 2484 3133 I UsbDescriptorParser: Unknown Descriptor len: 46 type:0x24
01-15 16:10:57.419 2484 3133 W UsbACInterface: Unknown Audio Streaming Interface subtype:0xd
01-15 16:10:57.419 2484 3133 I UsbDescriptorParser: Unknown Descriptor len: 6 type:0x24
01-15 16:10:57.419 2484 3133 W UsbDescriptorParser: Unrecognized Audio Interface l: 27 t:0x24
01-15 16:10:57.419 2484 3133 W UsbDescriptorParser: Unrecognized Audio Interface l: 34 t:0x24
01-15 16:10:57.419 2484 3133 I chatty : uid=1000(system) UsbService host identical 4 lines
01-15 16:10:57.419 2484 3133 W UsbDescriptorParser: Unrecognized Audio Interface l: 34 t:0x24
01-15 16:10:57.419 2484 3133 W UsbDescriptorParser: Unrecognized Audio Interface l: 30 t:0x24
01-15 16:10:57.419 2484 3133 I chatty : uid=1000(system) UsbService host identical 1 line
01-15 16:10:57.419 2484 3133 W UsbDescriptorParser: Unrecognized Audio Interface l: 30 t:0x24
01-15 16:10:57.419 2484 3133 W UsbDescriptorParser: Unrecognized Audio Interface l: 43 t:0x24
01-15 16:10:57.419 2484 3133 W UsbDescriptorParser: Unrecognized Audio Interface l: 6 t:0x24
01-15 16:10:57.419 2484 3133 W UsbDescriptorParser: Unrecognized Audio Interface l: 11 t:0x24
01-15 16:10:57.419 2484 3133 W UsbDescriptorParser: Unrecognized Audio Interface l: 34 t:0x24
01-15 16:10:57.419 2484 3133 I chatty : uid=1000(system) UsbService host identical 7 lines
01-15 16:10:57.419 2484 3133 W UsbDescriptorParser: Unrecognized Audio Interface l: 34 t:0x24
01-15 16:10:57.419 2484 3133 W UsbDescriptorParser: Unrecognized Audio Interface l: 46 t:0x24
01-15 16:10:57.419 2484 3133 W UsbDescriptorParser: Unrecognized Audio Interface l: 6 t:0x24
01-15 16:10:57.419 2484 3133 W UsbDescriptorParser: Unrecognized Audio Interface l: 27 t:0x24
01-15 16:10:57.419 2484 3133 W UsbDescriptorParser: Unrecognized Audio Interface l: 34 t:0x24
01-15 16:10:57.419 2484 3133 I chatty : uid=1000(system) UsbService host identical 4 lines
01-15 16:10:57.419 2484 3133 W UsbDescriptorParser: Unrecognized Audio Interface l: 34 t:0x24
01-15 16:10:57.419 2484 3133 W UsbDescriptorParser: Unrecognized Audio Interface l: 30 t:0x24
01-15 16:10:57.419 2484 3133 I chatty : uid=1000(system) UsbService host identical 1 line
01-15 16:10:57.419 2484 3133 W UsbDescriptorParser: Unrecognized Audio Interface l: 30 t:0x24
01-15 16:10:57.419 2484 3133 W UsbDescriptorParser: Unrecognized Audio Interface l: 43 t:0x24
01-15 16:10:57.419 2484 3133 W UsbDescriptorParser: Unrecognized Audio Interface l: 6 t:0x24
01-15 16:10:57.419 2484 3133 W UsbDescriptorParser: Unrecognized Audio Interface l: 11 t:0x24
01-15 16:10:57.419 2484 3133 W UsbDescriptorParser: Unrecognized Audio Interface l: 34 t:0x24
01-15 16:10:57.419 2484 3133 I chatty : uid=1000(system) UsbService host identical 7 lines
01-15 16:10:57.419 2484 3133 W UsbDescriptorParser: Unrecognized Audio Interface l: 34 t:0x24
01-15 16:10:57.419 2484 3133 W UsbDescriptorParser: Unrecognized Audio Interface l: 46 t:0x24
01-15 16:10:57.419 2484 3133 W UsbDescriptorParser: Unrecognized Audio Interface l: 6 t:0x24
01-15 16:10:57.419 2484 3133 I UsbDescriptorParser: ---- isInputHeadset() prob:0.0%
01-15 16:10:57.419 2484 3133 W UsbDescriptorParser: Unrecognized Audio Interface l: 27 t:0x24
01-15 16:10:57.419 2484 3133 W UsbDescriptorParser: Unrecognized Audio Interface l: 34 t:0x24
01-15 16:10:57.419 2484 3133 I chatty : uid=1000(system) UsbService host identical 4 lines
01-15 16:10:57.419 2484 3133 W UsbDescriptorParser: Unrecognized Audio Interface l: 34 t:0x24
01-15 16:10:57.419 2484 3133 W UsbDescriptorParser: Unrecognized Audio Interface l: 30 t:0x24
01-15 16:10:57.420 2484 3133 I chatty : uid=1000(system) UsbService host identical 1 line
01-15 16:10:57.420 2484 3133 W UsbDescriptorParser: Unrecognized Audio Interface l: 30 t:0x24
01-15 16:10:57.420 2484 3133 W UsbDescriptorParser: Unrecognized Audio Interface l: 43 t:0x24
01-15 16:10:57.420 2484 3133 W UsbDescriptorParser: Unrecognized Audio Interface l: 6 t:0x24
01-15 16:10:57.420 2484 3133 W UsbDescriptorParser: Unrecognized Audio Interface l: 11 t:0x24
01-15 16:10:57.420 2484 3133 W UsbDescriptorParser: Unrecognized Audio Interface l: 34 t:0x24
01-15 16:10:57.420 2484 3133 I chatty : uid=1000(system) UsbService host identical 7 lines
01-15 16:10:57.420 2484 3133 W UsbDescriptorParser: Unrecognized Audio Interface l: 34 t:0x24
01-15 16:10:57.420 2484 3133 W UsbDescriptorParser: Unrecognized Audio Interface l: 46 t:0x24
01-15 16:10:57.420 2484 3133 W UsbDescriptorParser: Unrecognized Audio Interface l: 6 t:0x24
01-15 16:10:57.420 2484 3133 W UsbDescriptorParser: Unrecognized Audio Interface l: 27 t:0x24
01-15 16:10:57.420 2484 3133 W UsbDescriptorParser: Unrecognized Audio Interface l: 34 t:0x24
01-15 16:10:57.420 2484 3133 I chatty : uid=1000(system) UsbService host identical 4 lines
01-15 16:10:57.420 2484 3133 W UsbDescriptorParser: Unrecognized Audio Interface l: 34 t:0x24
01-15 16:10:57.420 2484 3133 W UsbDescriptorParser: Unrecognized Audio Interface l: 30 t:0x24
01-15 16:10:57.420 2484 3133 I chatty : uid=1000(system) UsbService host identical 1 line
01-15 16:10:57.420 2484 3133 W UsbDescriptorParser: Unrecognized Audio Interface l: 30 t:0x24
01-15 16:10:57.420 2484 3133 W UsbDescriptorParser: Unrecognized Audio Interface l: 43 t:0x24
01-15 16:10:57.420 2484 3133 W UsbDescriptorParser: Unrecognized Audio Interface l: 6 t:0x24
01-15 16:10:57.420 2484 3133 W UsbDescriptorParser: Unrecognized Audio Interface l: 11 t:0x24
01-15 16:10:57.420 2484 3133 W UsbDescriptorParser: Unrecognized Audio Interface l: 34 t:0x24
01-15 16:10:57.420 2484 3133 I chatty : uid=1000(system) UsbService host identical 7 lines
01-15 16:10:57.420 2484 3133 W UsbDescriptorParser: Unrecognized Audio Interface l: 34 t:0x24
01-15 16:10:57.420 2484 3133 W UsbDescriptorParser: Unrecognized Audio Interface l: 46 t:0x24
01-15 16:10:57.420 2484 3133 W UsbDescriptorParser: Unrecognized Audio Interface l: 6 t:0x24
01-15 16:10:57.420 2484 3133 W UsbDescriptorParser: Unrecognized Audio Interface l: 27 t:0x24
01-15 16:10:57.420 2484 3133 W UsbDescriptorParser: Unrecognized Audio Interface l: 34 t:0x24
01-15 16:10:57.420 2484 3133 I chatty : uid=1000(system) UsbService host identical 4 lines
01-15 16:10:57.420 2484 3133 W UsbDescriptorParser: Unrecognized Audio Interface l: 34 t:0x24
01-15 16:10:57.420 2484 3133 W UsbDescriptorParser: Unrecognized Audio Interface l: 30 t:0x24
01-15 16:10:57.420 2484 3133 I chatty : uid=1000(system) UsbService host identical 1 line
01-15 16:10:57.420 2484 3133 W UsbDescriptorParser: Unrecognized Audio Interface l: 30 t:0x24
01-15 16:10:57.420 2484 3133 W UsbDescriptorParser: Unrecognized Audio Interface l: 43 t:0x24
01-15 16:10:57.420 2484 3133 W UsbDescriptorParser: Unrecognized Audio Interface l: 6 t:0x24
01-15 16:10:57.420 2484 3133 W UsbDescriptorParser: Unrecognized Audio Interface l: 11 t:0x24
01-15 16:10:57.420 2484 3133 W UsbDescriptorParser: Unrecognized Audio Interface l: 34 t:0x24
01-15 16:10:57.420 2484 3133 I chatty : uid=1000(system) UsbService host identical 7 lines
01-15 16:10:57.420 2484 3133 W UsbDescriptorParser: Unrecognized Audio Interface l: 34 t:0x24
01-15 16:10:57.420 2484 3133 W UsbDescriptorParser: Unrecognized Audio Interface l: 46 t:0x24
01-15 16:10:57.420 2484 3133 W UsbDescriptorParser: Unrecognized Audio Interface l: 6 t:0x24
01-15 16:10:57.420 2484 3133 I UsbDescriptorParser: ---- isOutputHeadset() prob:0.0%
01-15 16:10:57.420 2484 3133 W UsbDescriptorParser: Unrecognized Audio Interface l: 27 t:0x24
01-15 16:10:57.420 2484 3133 W UsbDescriptorParser: Unrecognized Audio Interface l: 34 t:0x24
01-15 16:10:57.420 2484 3133 I chatty : uid=1000(system) UsbService host identical 4 lines
01-15 16:10:57.420 2484 3133 W UsbDescriptorParser: Unrecognized Audio Interface l: 34 t:0x24
01-15 16:10:57.420 2484 3133 W UsbDescriptorParser: Unrecognized Audio Interface l: 30 t:0x24
01-15 16:10:57.420 2484 3133 I chatty : uid=1000(system) UsbService host identical 1 line
01-15 16:10:57.420 2484 3133 W UsbDescriptorParser: Unrecognized Audio Interface l: 30 t:0x24
01-15 16:10:57.420 2484 3133 W UsbDescriptorParser: Unrecognized Audio Interface l: 43 t:0x24
01-15 16:10:57.420 2484 3133 W UsbDescriptorParser: Unrecognized Audio Interface l: 6 t:0x24
01-15 16:10:57.420 2484 3133 W UsbDescriptorParser: Unrecognized Audio Interface l: 11 t:0x24
01-15 16:10:57.420 2484 3133 W UsbDescriptorParser: Unrecognized Audio Interface l: 34 t:0x24
01-15 16:10:57.420 2484 3133 I chatty : uid=1000(system) UsbService host identical 7 lines
01-15 16:10:57.420 2484 3133 W UsbDescriptorParser: Unrecognized Audio Interface l: 34 t:0x24
01-15 16:10:57.420 2484 3133 W UsbDescriptorParser: Unrecognized Audio Interface l: 46 t:0x24
01-15 16:10:57.420 2484 3133 W UsbDescriptorParser: Unrecognized Audio Interface l: 6 t:0x24
01-15 16:10:57.420 2484 3133 I UsbHostManager: ---- isHeadset[in: false , out: false]
01-15 16:10:57.424 2484 3133 D UsbHostManager: Added device UsbDevice[mName=/dev/bus/usb/001/003,mVendorId=4505,mProductId=36985,mClass=0,mSubclass=0,mProtocol=0,mManufacturerName=Sierra Wireless, Incorporated,mProductName=Sierra Wireless EM7455 Qualcomm Snapdragon X7 LTE-A,mVersion=2.16,mSerialNumber=LF70254393031020,mConfigurations=[
01-15 16:10:57.424 2484 3133 D UsbHostManager: UsbConfiguration[mId=1,mName=null,mAttributes=160,mMaxPower=250,mInterfaces=[
01-15 16:10:57.424 2484 3133 D UsbHostManager: UsbInterface[mId=0,mAlternateSetting=0,mName=null,mClass=255,mSubclass=255,mProtocol=255,mEndpoints=[
01-15 16:10:57.424 2484 3133 D UsbHostManager: UsbEndpoint[mAddress=129,mAttributes=2,mMaxPacketSize=512,mInterval=0]
01-15 16:10:57.424 2484 3133 D UsbHostManager: UsbEndpoint[mAddress=1,mAttributes=2,mMaxPacketSize=512,mInterval=0]]
01-15 16:10:57.424 2484 3133 D UsbHostManager: UsbInterface[mId=2,mAlternateSetting=0,mName=null,mClass=255,mSubclass=0,mProtocol=0,mEndpoints=[
01-15 16:10:57.424 2484 3133 D UsbHostManager: UsbEndpoint[mAddress=131,mAttributes=3,mMaxPacketSize=10,mInterval=9]
01-15 16:10:57.424 2484 3133 D UsbHostManager: UsbEndpoint[mAddress=130,mAttributes=2,mMaxPacketSize=512,mInterval=0]
01-15 16:10:57.424 2484 3133 D UsbHostManager: UsbEndpoint[mAddress=2,mAttributes=2,mMaxPacketSize=512,mInterval=0]]
01-15 16:10:57.424 2484 3133 D UsbHostManager: UsbInterface[mId=3,mAlternateSetting=0,mName=null,mClass=255,mSubclass=0,mProtocol=0,mEndpoints=[
01-15 16:10:57.424 2484 3133 D UsbHostManager: UsbEndpoint[mAddress=133,mAttributes=3,mMaxPacketSize=10,mInterval=9]
01-15 16:10:57.424 2484 3133 D UsbHostManager: UsbEndpoint[mAddress=132,mAttributes=2,mMaxPacketSize=512,mInterval=0]
01-15 16:10:57.424 2484 3133 D UsbHostManager: UsbEndpoint[mAddress=3,mAttributes=2,mMaxPacketSize=512,mInterval=0]]
01-15 16:10:57.424 2484 3133 D UsbHostManager: UsbInterface[mId=12,mAlternateSetting=0,mName=null,mClass=2,mSubclass=14,mProtocol=0,mEndpoints=[
01-15 16:10:57.424 2484 3133 D UsbHostManager: UsbEndpoint[mAddress=135,mAttributes=3,mMaxPacketSize=64,mInterval=9]]
01-15 16:10:57.424 2484 3133 D UsbHostManager: UsbInterface[mId=13,mAlternateSetting=0,mName=null,mClass=10,mSubclass=0,mProtocol=2,mEndpoints=[]
01-15 16:10:57.424 2484 3133 D UsbHostManager: UsbInterface[mId=13,mAlternateSetting=1,mName=null,mClass=10,mSubclass=0,mProtocol=2,mEndpoints=[
01-15 16:10:57.424 2484 3133 D UsbHostManager: UsbEndpoint[mAddress=134,mAttributes=2,mMaxPacketSize=512,mInterval=0]
01-15 16:10:57.424 2484 3133 D UsbHostManager: UsbEndpoint[mAddress=4,mAttributes=2,mMaxPacketSize=512,mInterval=0]]]]
01-15 16:10:57.451 2484 3154 V NuMediaExtractor: setDataSource fd=197 (/system/media/audio/ui/Effect_Tick.ogg), offset=0, length=6204
01-15 16:10:57.460 2343 2347 V vold : DISK mbr
01-15 16:10:57.460 2343 2347 V vold :
01-15 16:10:57.460 2343 2347 V vold : PART 1 0
01-15 16:10:57.460 2343 2347 V vold :
01-15 16:10:57.460 2343 2347 V vold : PART 2 ef
01-15 16:10:57.460 2343 2347 V vold :
01-15 16:10:57.462 2343 2343 I vold : type=1400 audit(0.0:319): avc: denied { dac_read_search } for capability=2 scontext=u:r:vold:s0 tcontext=u:r:vold:s0 tclass=capability permissive=1
01-15 16:10:57.476 2484 2544 D VoldConnector: RCV <- {650 public:8,17 0 "disk:8,16" ""}
01-15 16:10:57.477 2484 2544 D VoldConnector: RCV <- {651 public:8,17 0}
01-15 16:10:57.481 2484 3133 W UsbACInterface: Unknown Audio Class Interface Subclass: 0x0
01-15 16:10:57.481 2484 3133 I UsbDescriptorParser: Unknown Descriptor len: 5 type:0x24
01-15 16:10:57.481 2484 3133 W UsbACInterface: Unknown Audio Class Interface Subclass: 0x0
01-15 16:10:57.481 2484 3133 I UsbDescriptorParser: Unknown Descriptor len: 5 type:0x24
01-15 16:10:57.481 2484 2544 D VoldConnector: RCV <- {643 disk:8,16}
01-15 16:10:57.482 2484 2544 D VoldConnector: RCV <- {651 public:8,33 5}
01-15 16:10:57.482 2484 3133 W UsbACInterface: Unknown Audio Class Interface Subclass: 0x0
01-15 16:10:57.482 2484 3133 I UsbDescriptorParser: Unknown Descriptor len: 4 type:0x24
01-15 16:10:57.482 2484 3133 W UsbACInterface: Unknown Audio Class Interface Subclass: 0x0
01-15 16:10:57.482 2484 3133 I UsbDescriptorParser: Unknown Descriptor len: 5 type:0x24
01-15 16:10:57.482 2484 3133 W UsbACInterface: Unknown Audio Class Interface Subclass: 0x0
01-15 16:10:57.482 2484 3133 I UsbDescriptorParser: Unknown Descriptor len: 5 type:0x24
01-15 16:10:57.482 2484 3133 W UsbACInterface: Unknown Audio Class Interface Subclass: 0x0
01-15 16:10:57.482 2484 3133 I UsbDescriptorParser: Unknown Descriptor len: 5 type:0x24
01-15 16:10:57.482 2484 3133 W UsbACInterface: Unknown Audio Class Interface Subclass: 0x0
01-15 16:10:57.483 2484 3133 I UsbDescriptorParser: Unknown Descriptor len: 4 type:0x24
01-15 16:10:57.483 2484 3133 W UsbACInterface: Unknown Audio Class Interface Subclass: 0x0
01-15 16:10:57.483 2484 3133 I UsbDescriptorParser: Unknown Descriptor len: 5 type:0x24
01-15 16:10:57.483 2484 3133 W UsbACInterface: Unknown Audio Class Interface Subclass: 0xe
01-15 16:10:57.483 2484 3133 I UsbDescriptorParser: Unknown Descriptor len: 5 type:0x24
01-15 16:10:57.483 2484 3133 W UsbACInterface: Unknown Audio Class Interface Subclass: 0xe
01-15 16:10:57.483 2484 3133 I UsbDescriptorParser: Unknown Descriptor len: 5 type:0x24
01-15 16:10:57.483 2484 3133 W UsbACInterface: Unknown Audio Class Interface Subclass: 0xe
01-15 16:10:57.487 2484 3133 I UsbDescriptorParser: Unknown Descriptor len: 12 type:0x24
01-15 16:10:57.487 2484 3133 W UsbACInterface: Unknown Audio Class Interface Subclass: 0xe
01-15 16:10:57.487 2484 3133 I UsbDescriptorParser: Unknown Descriptor len: 8 type:0x24
01-15 16:10:57.487 2484 3133 W UsbDescriptorParser: Unrecognized Audio Interface l: 5 t:0x24
01-15 16:10:57.487 2484 3133 W UsbDescriptorParser: Unrecognized Audio Interface l: 5 t:0x24
01-15 16:10:57.487 2484 3133 W UsbDescriptorParser: Unrecognized Audio Interface l: 4 t:0x24
01-15 16:10:57.487 2484 3133 W UsbDescriptorParser: Unrecognized Audio Interface l: 5 t:0x24
01-15 16:10:57.487 2484 3133 I chatty : uid=1000(system) UsbService host identical 1 line
01-15 16:10:57.487 2484 3133 W UsbDescriptorParser: Unrecognized Audio Interface l: 5 t:0x24
01-15 16:10:57.487 2484 3133 W UsbDescriptorParser: Unrecognized Audio Interface l: 4 t:0x24
01-15 16:10:57.487 2484 3133 W UsbDescriptorParser: Unrecognized Audio Interface l: 5 t:0x24
01-15 16:10:57.487 2484 3133 I chatty : uid=1000(system) UsbService host identical 1 line
01-15 16:10:57.487 2484 3133 W UsbDescriptorParser: Unrecognized Audio Interface l: 5 t:0x24
01-15 16:10:57.487 2484 3133 W UsbDescriptorParser: Unrecognized Audio Interface l: 12 t:0x24
01-15 16:10:57.487 2484 3133 W UsbDescriptorParser: Unrecognized Audio Interface l: 8 t:0x24
01-15 16:10:57.487 2484 3133 W UsbDescriptorParser: Unrecognized Audio Interface l: 5 t:0x24
01-15 16:10:57.487 2484 3133 W UsbDescriptorParser: Unrecognized Audio Interface l: 5 t:0x24
01-15 16:10:57.487 2484 3133 W UsbDescriptorParser: Unrecognized Audio Interface l: 4 t:0x24
01-15 16:10:57.487 2484 3133 W UsbDescriptorParser: Unrecognized Audio Interface l: 5 t:0x24
01-15 16:10:57.487 2484 3133 I chatty : uid=1000(system) UsbService host identical 1 line
01-15 16:10:57.487 2484 3133 W UsbDescriptorParser: Unrecognized Audio Interface l: 5 t:0x24
01-15 16:10:57.487 2484 3133 W UsbDescriptorParser: Unrecognized Audio Interface l: 4 t:0x24
01-15 16:10:57.487 2484 3133 W UsbDescriptorParser: Unrecognized Audio Interface l: 5 t:0x24
01-15 16:10:57.487 2484 3133 I chatty : uid=1000(system) UsbService host identical 1 line
01-15 16:10:57.487 2484 3133 W UsbDescriptorParser: Unrecognized Audio Interface l: 5 t:0x24
01-15 16:10:57.487 2484 3133 W UsbDescriptorParser: Unrecognized Audio Interface l: 12 t:0x24
01-15 16:10:57.487 2484 3133 W UsbDescriptorParser: Unrecognized Audio Interface l: 8 t:0x24
01-15 16:10:57.487 2484 3133 I UsbDescriptorParser: ---- isInputHeadset() prob:0.0%
01-15 16:10:57.487 2484 3133 W UsbDescriptorParser: Unrecognized Audio Interface l: 5 t:0x24
01-15 16:10:57.487 2484 3133 W UsbDescriptorParser: Unrecognized Audio Interface l: 5 t:0x24
01-15 16:10:57.487 2484 3133 W UsbDescriptorParser: Unrecognized Audio Interface l: 4 t:0x24
01-15 16:10:57.487 2484 3133 W UsbDescriptorParser: Unrecognized Audio Interface l: 5 t:0x24
01-15 16:10:57.487 2484 3133 I chatty : uid=1000(system) UsbService host identical 1 line
01-15 16:10:57.487 2484 3133 W UsbDescriptorParser: Unrecognized Audio Interface l: 5 t:0x24
01-15 16:10:57.487 2484 3133 W UsbDescriptorParser: Unrecognized Audio Interface l: 4 t:0x24
01-15 16:10:57.487 2484 3133 W UsbDescriptorParser: Unrecognized Audio Interface l: 5 t:0x24
01-15 16:10:57.487 2484 3133 I chatty : uid=1000(system) UsbService host identical 1 line
01-15 16:10:57.487 2484 3133 W UsbDescriptorParser: Unrecognized Audio Interface l: 5 t:0x24
01-15 16:10:57.487 2484 3133 W UsbDescriptorParser: Unrecognized Audio Interface l: 12 t:0x24
01-15 16:10:57.487 2484 3133 W UsbDescriptorParser: Unrecognized Audio Interface l: 8 t:0x24
01-15 16:10:57.487 2484 3133 W UsbDescriptorParser: Unrecognized Audio Interface l: 5 t:0x24
01-15 16:10:57.487 2484 3133 W UsbDescriptorParser: Unrecognized Audio Interface l: 5 t:0x24
01-15 16:10:57.487 2484 3133 W UsbDescriptorParser: Unrecognized Audio Interface l: 4 t:0x24
01-15 16:10:57.487 2484 3133 W UsbDescriptorParser: Unrecognized Audio Interface l: 5 t:0x24
01-15 16:10:57.487 2484 3133 I chatty : uid=1000(system) UsbService host identical 1 line
01-15 16:10:57.487 2484 3133 W UsbDescriptorParser: Unrecognized Audio Interface l: 5 t:0x24
01-15 16:10:57.487 2484 3133 W UsbDescriptorParser: Unrecognized Audio Interface l: 4 t:0x24
01-15 16:10:57.487 2484 3133 W UsbDescriptorParser: Unrecognized Audio Interface l: 5 t:0x24
01-15 16:10:57.487 2484 3133 I chatty : uid=1000(system) UsbService host identical 1 line
01-15 16:10:57.487 2484 3133 W UsbDescriptorParser: Unrecognized Audio Interface l: 5 t:0x24
01-15 16:10:57.487 2484 3133 W UsbDescriptorParser: Unrecognized Audio Interface l: 12 t:0x24
01-15 16:10:57.487 2484 3133 W UsbDescriptorParser: Unrecognized Audio Interface l: 8 t:0x24
01-15 16:10:57.487 2484 3133 W UsbDescriptorParser: Unrecognized Audio Interface l: 5 t:0x24
01-15 16:10:57.487 2484 3133 W UsbDescriptorParser: Unrecognized Audio Interface l: 5 t:0x24
01-15 16:10:57.487 2484 3133 W UsbDescriptorParser: Unrecognized Audio Interface l: 4 t:0x24
01-15 16:10:57.487 2484 3133 W UsbDescriptorParser: Unrecognized Audio Interface l: 5 t:0x24
01-15 16:10:57.487 2484 3133 I chatty : uid=1000(system) UsbService host identical 1 line
01-15 16:10:57.487 2484 3133 W UsbDescriptorParser: Unrecognized Audio Interface l: 5 t:0x24
01-15 16:10:57.487 2484 3133 W UsbDescriptorParser: Unrecognized Audio Interface l: 4 t:0x24
01-15 16:10:57.487 2484 3133 W UsbDescriptorParser: Unrecognized Audio Interface l: 5 t:0x24
01-15 16:10:57.487 2484 3133 I chatty : uid=1000(system) UsbService host identical 1 line
01-15 16:10:57.487 2484 3133 W UsbDescriptorParser: Unrecognized Audio Interface l: 5 t:0x24
01-15 16:10:57.487 2484 3133 W UsbDescriptorParser: Unrecognized Audio Interface l: 12 t:0x24
01-15 16:10:57.487 2484 3133 W UsbDescriptorParser: Unrecognized Audio Interface l: 8 t:0x24
01-15 16:10:57.487 2484 3133 I UsbDescriptorParser: ---- isOutputHeadset() prob:0.0%
01-15 16:10:57.487 2484 3133 W UsbDescriptorParser: Unrecognized Audio Interface l: 5 t:0x24
01-15 16:10:57.487 2484 3133 W UsbDescriptorParser: Unrecognized Audio Interface l: 5 t:0x24
01-15 16:10:57.487 2484 3133 W UsbDescriptorParser: Unrecognized Audio Interface l: 4 t:0x24
01-15 16:10:57.487 2484 3133 W UsbDescriptorParser: Unrecognized Audio Interface l: 5 t:0x24
01-15 16:10:57.487 2484 3133 I chatty : uid=1000(system) UsbService host identical 1 line
01-15 16:10:57.487 2484 3133 W UsbDescriptorParser: Unrecognized Audio Interface l: 5 t:0x24
01-15 16:10:57.488 2484 2526 D WebViewLibraryLoader: Setting new address space to 141853048
01-15 16:10:57.488 2484 3133 W UsbDescriptorParser: Unrecognized Audio Interface l: 4 t:0x24
01-15 16:10:57.488 2484 3133 W UsbDescriptorParser: Unrecognized Audio Interface l: 5 t:0x24
01-15 16:10:57.488 2484 3133 I chatty : uid=1000(system) UsbService host identical 1 line
01-15 16:10:57.488 2484 3133 W UsbDescriptorParser: Unrecognized Audio Interface l: 5 t:0x24
01-15 16:10:57.488 2484 3133 W UsbDescriptorParser: Unrecognized Audio Interface l: 12 t:0x24
01-15 16:10:57.488 2484 3133 W UsbDescriptorParser: Unrecognized Audio Interface l: 8 t:0x24
01-15 16:10:57.488 2484 3133 I UsbHostManager: ---- isHeadset[in: false , out: false]
01-15 16:10:57.488 2484 3133 D UsbHostManager: Added device UsbDevice[mName=/dev/bus/usb/001/006,mVendorId=32903,mProductId=2603,mClass=224,mSubclass=1,mProtocol=1,mManufacturerName=null,mProductName=null,mVersion=2.0,mSerialNumber=null,mConfigurations=[
01-15 16:10:57.488 2484 3133 D UsbHostManager: UsbConfiguration[mId=1,mName=null,mAttributes=224,mMaxPower=50,mInterfaces=[
01-15 16:10:57.488 2484 3133 D UsbHostManager: UsbInterface[mId=0,mAlternateSetting=0,mName=null,mClass=224,mSubclass=1,mProtocol=1,mEndpoints=[
01-15 16:10:57.488 2484 3133 D UsbHostManager: UsbEndpoint[mAddress=129,mAttributes=3,mMaxPacketSize=64,mInterval=1]
01-15 16:10:57.488 2484 3133 D UsbHostManager: UsbEndpoint[mAddress=2,mAttributes=2,mMaxPacketSize=64,mInterval=1]
01-15 16:10:57.488 2484 3133 D UsbHostManager: UsbEndpoint[mAddress=130,mAttributes=2,mMaxPacketSize=64,mInterval=1]]
01-15 16:10:57.488 2484 3133 D UsbHostManager: UsbInterface[mId=1,mAlternateSetting=0,mName=null,mClass=224,mSubclass=1,mProtocol=1,mEndpoints=[
01-15 16:10:57.488 2484 3133 D UsbHostManager: UsbEndpoint[mAddress=3,mAttributes=1,mMaxPacketSize=0,mInterval=1]
01-15 16:10:57.488 2484 3133 D UsbHostManager: UsbEndpoint[mAddress=131,mAttributes=1,mMaxPacketSize=0,mInterval=1]]
01-15 16:10:57.488 2484 3133 D UsbHostManager: UsbInterface[mId=1,mAlternateSetting=1,mName=null,mClass=224,mSubclass=1,mProtocol=1,mEndpoints=[
01-15 16:10:57.488 2484 3133 D UsbHostManager: UsbEndpoint[mAddress=3,mAttributes=1,mMaxPacketSize=9,mInterval=1]
01-15 16:10:57.488 2484 3133 D UsbHostManager: UsbEndpoint[mAddress=131,mAttributes=1,mMaxPacketSize=9,mInterval=1]]
01-15 16:10:57.488 2484 3133 D UsbHostManager: UsbInterface[mId=1,mAlternateSetting=2,mName=null,mClass=224,mSubclass=1,mProtocol=1,mEndpoints=[
01-15 16:10:57.488 2484 3133 D UsbHostManager: UsbEndpoint[mAddress=3,mAttributes=1,mMaxPacketSize=17,mInterval=1]
01-15 16:10:57.488 2484 3133 D UsbHostManager: UsbEndpoint[mAddress=131,mAttributes=1,mMaxPacketSize=17,mInterval=1]]
01-15 16:10:57.488 2484 3133 D UsbHostManager: UsbInterface[mId=1,mAlternateSetting=3,mName=null,mClass=224,mSubclass=1,mProtocol=1,mEndpoints=[
01-15 16:10:57.488 2484 3133 D UsbHostManager: UsbEndpoint[mAddress=3,mAttributes=1,mMaxPacketSize=25,mInterval=1]
01-15 16:10:57.488 2484 3133 D UsbHostManager: UsbEndpoint[mAddress=131,mAttributes=1,mMaxPacketSize=25,mInterval=1]]
01-15 16:10:57.488 2484 3133 D UsbHostManager: UsbInterface[mId=1,mAlternateSetting=4,mName=null,mClass=224,mSubclass=1,mProtocol=1,mEndpoints=[
01-15 16:10:57.488 2484 3133 D UsbHostManager: UsbEndpoint[mAddress=3,mAttributes=1,mMaxPacketSize=33,mInterval=1]
01-15 16:10:57.488 2484 3133 D UsbHostManager: UsbEndpoint[mAddress=131,mAttributes=1,mMaxPacketSize=33,mInterval=1]]
01-15 16:10:57.488 2484 3133 D UsbHostManager: UsbInterface[mId=1,mAlternateSetting=5,mName=null,mClass=224,mSubclass=1,mProtocol=1,mEndpoints=[
01-15 16:10:57.488 2484 3133 D UsbHostManager: UsbEndpoint[mAddress=3,mAttributes=1,mMaxPacketSize=49,mInterval=1]
01-15 16:10:57.488 2484 3133 D UsbHostManager: UsbEndpoint[mAddress=131,mAttributes=1,mMaxPacketSize=49,mInterval=1]]]]
01-15 16:10:57.496 3100 3100 D BluetoothAdapterService: onCreate()
01-15 16:10:57.508 2882 2883 E /system/bin/sdcard: [0] someone stole our marbles!
01-15 16:10:57.523 2484 3154 V NuMediaExtractor: track of type 'audio/vorbis' does not publish bitrate
01-15 16:10:57.526 3162 3162 I main : type=1400 audit(0.0:320): avc: denied { dac_read_search } for capability=2 scontext=u:r:zygote:s0 tcontext=u:r:zygote:s0 tclass=capability permissive=1
01-15 16:10:57.527 2484 2526 I ActivityManager: Start proc 3162:WebViewLoader-x86/1037 [android.webkit.WebViewLibraryLoader$RelroFileCreator] for
01-15 16:10:57.528 2484 3133 I UsbDescriptorParser: ---- isInputHeadset() prob:0.0%
01-15 16:10:57.528 2484 3133 I UsbDescriptorParser: ---- isOutputHeadset() prob:0.0%
01-15 16:10:57.528 2484 3133 I UsbHostManager: ---- isHeadset[in: false , out: false]
01-15 16:10:57.528 2484 2544 D VoldConnector: RCV <- {651 public:8,33 0}
01-15 16:10:57.528 2484 2544 D VoldConnector: RCV <- {651 public:8,33 8}
01-15 16:10:57.528 2484 2544 D VoldConnector: RCV <- {659 public:8,33}
01-15 16:10:57.528 2343 2347 V vold : /system/bin/sgdisk
01-15 16:10:57.528 2343 2347 V vold : --android-dump
01-15 16:10:57.528 2343 2347 V vold : /dev/block/vold/disk:8,32
01-15 16:10:57.528 2484 2544 D VoldConnector: RCV <- {649 disk:8,32}
01-15 16:10:57.529 2484 2544 D VoldConnector: RCV <- {640 disk:8,32 9}
01-15 16:10:57.529 2484 2544 D VoldConnector: RCV <- {641 disk:8,32 15493758976}
01-15 16:10:57.529 2484 2544 D VoldConnector: RCV <- {642 disk:8,32 TDK LoR
01-15 16:10:57.529 2484 2544 D VoldConnector: }
01-15 16:10:57.529 2484 2544 D VoldConnector: RCV <- {644 disk:8,32 /sys//devices/pci0000:00/0000:00:14.0/usb1/1-2/1-2:1.0/host3/target3:0:0/3:0:0:0/block/sdc}
01-15 16:10:57.529 3167 3167 I sh : type=1400 audit(0.0:321): avc: denied { getattr } for path="/vendor" dev="tmpfs" ino=7264 scontext=u:r:vold:s0 tcontext=u:object_r:tmpfs:s0 tclass=lnk_file permissive=1
01-15 16:10:57.530 2484 3133 D UsbHostManager: Added device UsbDevice[mName=/dev/bus/usb/001/004,mVendorId=1423,mProductId=38208,mClass=0,mSubclass=0,mProtocol=0,mManufacturerName=Generic,mProductName=EMV Smartcard Reader,mVersion=2.1,mSerialNumber=null,mConfigurations=[
01-15 16:10:57.530 2484 3133 D UsbHostManager: UsbConfiguration[mId=1,mName=null,mAttributes=160,mMaxPower=25,mInterfaces=[
01-15 16:10:57.530 2484 3133 D UsbHostManager: UsbInterface[mId=0,mAlternateSetting=0,mName=null,mClass=11,mSubclass=0,mProtocol=0,mEndpoints=[
01-15 16:10:57.530 2484 3133 D UsbHostManager: UsbEndpoint[mAddress=129,mAttributes=3,mMaxPacketSize=4,mInterval=1]
01-15 16:10:57.530 2484 3133 D UsbHostManager: UsbEndpoint[mAddress=2,mAttributes=2,mMaxPacketSize=16,mInterval=0]
01-15 16:10:57.530 2484 3133 D UsbHostManager: UsbEndpoint[mAddress=131,mAttributes=2,mMaxPacketSize=16,mInterval=0]]]]
01-15 16:10:57.531 3168 3168 W zygote64: Unexpected CPU variant for X86 using defaults: x86_64
01-15 16:10:57.533 3168 3168 V WebViewLibraryLoader: RelroFileCreator (64bit = true), 32-bit lib: /system/app/webview/webview.apk!/lib/x86/libwebviewchromium.so, 64-bit lib: /system/app/webview/webview.apk!/lib/x86_64/libwebviewchromium.so
01-15 16:10:57.533 2470 2470 I BootAnimation: type=1400 audit(0.0:323): avc: denied { ioctl } for path="/dev/dri/card0" dev="tmpfs" ino=8777 ioctlcmd=0x640b scontext=u:r:bootanim:s0 tcontext=u:object_r:device:s0 tclass=chr_file permissive=1
01-15 16:10:57.536 2343 2347 V vold : DISK mbr
01-15 16:10:57.536 2343 2347 V vold :
01-15 16:10:57.536 2343 2347 V vold : PART 1 c
01-15 16:10:57.536 2343 2347 V vold :
01-15 16:10:57.536 2484 2544 D VoldConnector: RCV <- {650 public:8,33 0 "disk:8,32" ""}
01-15 16:10:57.536 2484 2544 D VoldConnector: RCV <- {651 public:8,33 0}
01-15 16:10:57.536 2484 2544 D VoldConnector: RCV <- {643 disk:8,32}
01-15 16:10:57.536 2484 2544 D VoldConnector: RCV <- {200 34 Command succeeded}
01-15 16:10:57.536 2484 2543 D VoldConnector: SND -> {35 volume user_added 0 0}
01-15 16:10:57.536 2484 2544 D VoldConnector: RCV <- {200 35 Command succeeded}
01-15 16:10:57.538 2484 2526 I ActivityManager: Start proc 3168:WebViewLoader-x86_64/1037 [android.webkit.WebViewLibraryLoader$RelroFileCreator] for
01-15 16:10:57.539 2484 2543 D VoldConnector: SND -> {36 volume mount emulated 3 -1}
01-15 16:10:57.539 2484 3133 W UsbDescriptor: UNDERRUN t:0x21 r: 9 < l: 54
01-15 16:10:57.539 2484 3133 I UsbDescriptorParser: ---- isInputHeadset() prob:0.0%
01-15 16:10:57.539 2484 3133 I UsbDescriptorParser: ---- isOutputHeadset() prob:0.0%
01-15 16:10:57.539 2484 3133 I UsbHostManager: ---- isHeadset[in: false , out: false]
01-15 16:10:57.538 1 1 I init : type=1400 audit(0.0:324): avc: denied { dac_read_search } for capability=2 scontext=u:r:init:s0 tcontext=u:r:init:s0 tclass=capability permissive=1
01-15 16:10:57.539 2343 2347 V vold : Waiting for FUSE to spin up...
01-15 16:10:57.539 1 1 I init : type=1400 audit(0.0:325): avc: denied { create } for name="cgroup.procs" scontext=u:r:init:s0 tcontext=u:object_r:cgroup:s0 tclass=file permissive=1
01-15 16:10:57.539 2484 2526 D SystemServerTimingAsync: WebViewFactoryPreparation took to complete: 268ms
01-15 16:10:57.539 2484 2526 D SystemServerInitThreadPool: Finished executing WebViewFactoryPreparation
01-15 16:10:57.539 2484 2544 D VoldConnector: RCV <- {651 emulated 1}
01-15 16:10:57.539 2484 2544 D VoldConnector: RCV <- {656 emulated /data/media}
01-15 16:10:57.539 2484 2544 D VoldConnector: RCV <- {655 emulated /storage/emulated}
01-15 16:10:57.539 3183 3183 I sdcard : type=1400 audit(0.0:326): avc: denied { getattr } for path="/vendor" dev="tmpfs" ino=7264 scontext=u:r:sdcardd:s0 tcontext=u:object_r:tmpfs:s0 tclass=lnk_file permissive=1
01-15 16:10:57.540 2369 2369 I surfaceflinger: type=1400 audit(0.0:328): avc: denied { ioctl } for path="/dev/dri/card0" dev="tmpfs" ino=8777 ioctlcmd=0x6469 scontext=u:r:surfaceflinger:s0 tcontext=u:object_r:device:s0 tclass=chr_file permissive=1
01-15 16:10:57.542 3135 3135 V SystemUIService: Starting SystemUI services for user 0.
01-15 16:10:57.545 3135 3135 D SystemUIBootTiming: StartServicesDependency took to complete: 3ms
01-15 16:10:57.581 2484 2484 W NetworkManagement: setDataSaverMode(): already false
01-15 16:10:57.582 2484 2484 D SystemServerTiming: MakeNetworkManagementServiceReady took to complete: 233ms
01-15 16:10:57.582 2484 2484 I SystemServer: MakeNetworkStatsServiceReady
01-15 16:10:57.582 2484 2484 W NetworkStats: bandwidth controls disabled, unable to track stats
01-15 16:10:57.582 2484 2484 D SystemServerTiming: MakeNetworkStatsServiceReady took to complete: 0ms
01-15 16:10:57.582 2484 3066 W NetworkPolicy: bandwidth controls disabled, unable to enforce policy
01-15 16:10:57.582 2484 2484 I SystemServer: MakeConnectivityServiceReady
01-15 16:10:57.583 3100 3100 D BluetoothAdapterState: make() - Creating AdapterState
01-15 16:10:57.583 2484 2484 D PermissionMonitor: Monitoring
01-15 16:10:57.584 2484 3089 D Ethernet: got request NetworkRequest [ BACKGROUND_REQUEST id=2, [ Transports: CELLULAR Capabilities: INTERNET&NOT_RESTRICTED&TRUSTED&NOT_VPN] ] with score 0
01-15 16:10:57.586 3100 3100 I bt_btif : init
01-15 16:10:57.586 3100 3100 D bt_osi_allocation_tracker: canary initialized
01-15 16:10:57.587 3100 3184 I BluetoothAdapterState: Entering OffState
01-15 16:10:57.587 3100 3185 I bt_osi_thread: run_thread: thread id 3185, thread name stack_manager started
01-15 16:10:57.587 3100 3185 I bt_stack_manager: event_init_stack is initializing the stack
01-15 16:10:57.588 3100 3185 E bt_osi_config: config_new unable to open file '/data/misc/bluedroid/bt_config.conf': No such file or directory
01-15 16:10:57.588 3100 3185 W bt_btif_config: init unable to load config file: /data/misc/bluedroid/bt_config.conf; using backup.
01-15 16:10:57.588 3100 3185 E bt_osi_config: config_new unable to open file '/data/misc/bluedroid/bt_config.bak': No such file or directory
01-15 16:10:57.588 3100 3185 W bt_btif_config: init unable to load backup; attempting to transcode legacy file.
01-15 16:10:57.588 3100 3185 E bt_btif_config_transcode: btif_config_transcode unable to load XML file '/data/misc/bluedroid/bt_config.xml': 3
01-15 16:10:57.588 3100 3185 E bt_btif_config: init unable to transcode legacy file; creating empty config.
01-15 16:10:57.588 2484 2484 D PermissionMonitor: Users: 1, Apps: 80
01-15 16:10:57.590 3100 3188 I bt_osi_thread: run_thread: thread id 3188, thread name alarm_default_ca started
01-15 16:10:57.591 3100 3189 I bt_osi_thread: run_thread: thread id 3189, thread name alarm_dispatcher started
01-15 16:10:57.592 2343 2347 V vold : Waiting for FUSE to spin up...
01-15 16:10:57.597 2484 2484 D SystemServerTiming: MakeConnectivityServiceReady took to complete: 16ms
01-15 16:10:57.597 2484 2484 I SystemServer: MakeNetworkPolicyServiceReady
01-15 16:10:57.598 3135 3135 D SystemUIBootTiming: StartServicesNotificationChannels took to complete: 52ms
01-15 16:10:57.603 3135 3135 D SystemUIBootTiming: StartServicesCommandQueueStart took to complete: 5ms
01-15 16:10:57.609 3162 3162 W zygote : Unexpected CPU variant for X86 using defaults: x86_64
01-15 16:10:57.610 3182 3182 I webview_zygote3: type=1400 audit(0.0:329): avc: denied { getattr } for path="/vendor" dev="tmpfs" ino=7264 scontext=u:r:webview_zygote:s0 tcontext=u:object_r:tmpfs:s0 tclass=lnk_file permissive=1
01-15 16:10:57.613 3100 3185 I bt_btif_core: btif_init_bluetooth entered
01-15 16:10:57.613 3100 3185 I bt_stack_config: init attempt to load stack conf from /etc/bluetooth/bt_stack.conf
01-15 16:10:57.622 3135 3135 V MediaRouter: Adding route: RouteInfo{ name=Tablet, description=null, status=null, category=RouteCategory{ name=System types=ROUTE_TYPE_LIVE_AUDIO ROUTE_TYPE_LIVE_VIDEO groupable=false }, supportedTypes=ROUTE_TYPE_LIVE_AUDIO ROUTE_TYPE_LIVE_VIDEO , presentationDisplay=null }
01-15 16:10:57.625 3135 3135 V MediaRouter: Selecting route: RouteInfo{ name=Tablet, description=null, status=null, category=RouteCategory{ name=System types=ROUTE_TYPE_LIVE_AUDIO ROUTE_TYPE_LIVE_VIDEO groupable=false }, supportedTypes=ROUTE_TYPE_LIVE_AUDIO ROUTE_TYPE_LIVE_VIDEO , presentationDisplay=null }
01-15 16:10:57.629 3100 3190 I bt_osi_thread: run_thread: thread id 3190, thread name bt_jni_workqueue started
01-15 16:10:57.629 3100 3185 I bt_btif_core: btif_init_bluetooth finished
01-15 16:10:57.629 3100 3185 I bt_stack_manager: event_init_stack finished
01-15 16:10:57.629 3100 3100 I bt_osi_wakelock: wakelock_set_os_callouts set to non-native
01-15 16:10:57.629 3100 3100 I bt_btif : get_profile_interface: id = socket
01-15 16:10:57.630 3100 3100 W bt_btif : do_in_jni_thread: Dropped message, message_loop not initialized yet!
01-15 16:10:57.630 3100 3100 W bt_btif : do_in_jni_thread: Dropped message, message_loop not initialized yet!
01-15 16:10:57.630 3100 3190 I bt_btif_core: run_message_loop entered
01-15 16:10:57.634 3100 3100 I bt_btif : get_profile_interface: id = sdp
01-15 16:10:57.634 3183 3183 W /system/bin/sdcard: Device explicitly enabled sdcardfs
01-15 16:10:57.640 3100 3100 I BluetoothAdapterService: Phone policy enabled
01-15 16:10:57.642 2484 2544 D VoldConnector: RCV <- {651 emulated 2}
01-15 16:10:57.642 2484 2544 D VoldConnector: RCV <- {200 36 Command succeeded}
01-15 16:10:57.643 2484 2543 D VoldConnector: SND -> {37 volume mount public:8,17 2 0}
01-15 16:10:57.643 2343 2347 V vold : /system/bin/blkid
01-15 16:10:57.643 2343 2347 V vold : -c
01-15 16:10:57.646 3194 3194 I sh : type=1400 audit(0.0:331): avc: denied { getattr } for path="/vendor" dev="tmpfs" ino=7264 scontext=u:r:blkid_untrusted:s0 tcontext=u:object_r:tmpfs:s0 tclass=lnk_file permissive=1
01-15 16:10:57.643 2343 2347 V vold : /dev/null
01-15 16:10:57.643 2343 2347 V vold : -s
01-15 16:10:57.643 2343 2347 V vold : TYPE
01-15 16:10:57.643 2343 2347 V vold : -s
