01-15 16:11:37.422 3826 3866 W MediaProvider: Missing volume for /system/media/audio/ringtones/Sceptrum.ogg; assuming invalid
01-15 16:11:37.426 2383 2383 E MetadataRetrieverClient: failed to extract an album art
01-15 16:11:37.447 2484 3159 W ActivityManager: Unable to start service Intent { act=com.google.android.gms.analytics.service.START cmp=com.google.android.gms/.analytics.service.AnalyticsService (has extras) } U=0: not found
01-15 16:11:37.448 3497 4591 W GAV3 : Thread[GAThread,5,main]: Service unavailable (code=1), will retry.
01-15 16:11:37.448 3497 4591 I GAV3 : Thread[GAThread,5,main]: No campaign data found.
01-15 16:11:37.471 3826 3866 W MediaScanner: Error opening directory '/oem/media/', skipping: No such file or directory.
01-15 16:11:37.473 3826 3866 W MediaProvider: Missing volume for /system/media/audio/ui; assuming invalid
01-15 16:11:37.478 3826 3866 W MediaProvider: Missing volume for /system/media/audio/ui/Dock.ogg; assuming invalid
01-15 16:11:37.479 2383 3213 E MetadataRetrieverClient: failed to extract an album art
01-15 16:11:37.479 3826 3866 W MediaProvider: Missing volume for /system/media/audio/ui/Effect_Tick.ogg; assuming invalid
01-15 16:11:37.480 3826 3866 W MediaProvider: Missing volume for /system/media/audio/ui/KeypressDelete.ogg; assuming invalid
01-15 16:11:37.481 3826 3866 W MediaProvider: Missing volume for /system/media/audio/ui/KeypressInvalid.ogg; assuming invalid
01-15 16:11:37.482 3826 3866 W MediaProvider: Missing volume for /system/media/audio/ui/KeypressReturn.ogg; assuming invalid
01-15 16:11:37.482 3826 3866 W MediaProvider: Missing volume for /system/media/audio/ui/KeypressSpacebar.ogg; assuming invalid
01-15 16:11:37.483 3826 3866 W MediaProvider: Missing volume for /system/media/audio/ui/KeypressStandard.ogg; assuming invalid
01-15 16:11:37.483 3826 3866 W MediaProvider: Missing volume for /system/media/audio/ui/Lock.ogg; assuming invalid
01-15 16:11:37.484 3826 3866 W MediaProvider: Missing volume for /system/media/audio/ui/LowBattery.ogg; assuming invalid
01-15 16:11:37.485 3826 3866 W MediaProvider: Missing volume for /system/media/audio/ui/Trusted.ogg; assuming invalid
01-15 16:11:37.486 3826 3866 W MediaProvider: Missing volume for /system/media/audio/ui/Undock.ogg; assuming invalid
01-15 16:11:37.486 3826 3866 W MediaProvider: Missing volume for /system/media/audio/ui/Unlock.ogg; assuming invalid
01-15 16:11:37.487 3826 3866 W MediaProvider: Missing volume for /system/media/audio/ui/VideoRecord.ogg; assuming invalid
01-15 16:11:37.488 3826 3866 W MediaProvider: Missing volume for /system/media/audio/ui/VideoStop.ogg; assuming invalid
01-15 16:11:37.488 3826 3866 W MediaProvider: Missing volume for /system/media/audio/ui/camera_click.ogg; assuming invalid
01-15 16:11:37.489 3826 3866 W MediaProvider: Missing volume for /system/media/audio/ui/camera_focus.ogg; assuming invalid
01-15 16:11:37.490 2368 2368 E lowmemorykiller: Error opening /dev/memcg/apps/uid_10011/pid_3826/memory.soft_limit_in_bytes; errno=2
01-15 16:11:37.491 2368 2368 E lowmemorykiller: Error opening /dev/memcg/apps/uid_10011/pid_3826/memory.soft_limit_in_bytes; errno=2
01-15 16:11:37.812 3358 3358 D ImsResolver: maybeAddedImsService, packageName: com.google.android.googlequicksearchbox
01-15 16:11:37.821 3358 3358 E PhoneInterfaceManager: [PhoneIntfMgr] getCarrierPackageNamesForIntent: No UICC
01-15 16:11:37.821 3358 3358 D CarrierSvcBindHelper: No carrier app for: 0
01-15 16:11:37.828 2484 2542 I InputReader: Reconfiguring input devices. changes=0x00000010
01-15 16:11:37.834 2484 2542 I InputReader: Reconfiguring input devices. changes=0x00000010
01-15 16:11:37.838 3358 3358 E PhoneInterfaceManager: [PhoneIntfMgr] getCarrierPackageNamesForIntent: No UICC
01-15 16:11:37.838 3358 3358 D CarrierSvcBindHelper: No carrier app for: 0
01-15 16:11:37.838 3358 3358 D ImsResolver: maybeAddedImsService, packageName: com.android.vending
01-15 16:11:37.841 2484 2542 I InputReader: Reconfiguring input devices. changes=0x00000010
01-15 16:11:37.843 3358 3358 E PhoneInterfaceManager: [PhoneIntfMgr] getCarrierPackageNamesForIntent: No UICC
01-15 16:11:37.843 3358 3358 D CarrierSvcBindHelper: No carrier app for: 0
01-15 16:11:37.844 2484 2542 I InputReader: Reconfiguring input devices. changes=0x00000010
01-15 16:11:37.845 3358 3358 E PhoneInterfaceManager: [PhoneIntfMgr] getCarrierPackageNamesForIntent: No UICC
01-15 16:11:37.845 3358 3358 D CarrierSvcBindHelper: No carrier app for: 0
01-15 16:11:37.845 2484 2542 I InputReader: Reconfiguring input devices. changes=0x00000010
01-15 16:11:37.849 2484 2542 I chatty : uid=1000(system) InputReader identical 1 line
01-15 16:11:37.851 2484 2542 I InputReader: Reconfiguring input devices. changes=0x00000010
01-15 16:11:37.854 3358 3358 E PhoneInterfaceManager: [PhoneIntfMgr] getCarrierPackageNamesForIntent: No UICC
01-15 16:11:37.854 3358 3358 D CarrierSvcBindHelper: No carrier app for: 0
01-15 16:11:37.854 3358 3358 D ImsResolver: maybeAddedImsService, packageName: com.android.camera2
01-15 16:11:37.855 2484 2542 I InputReader: Reconfiguring input devices. changes=0x00000010
01-15 16:11:37.858 2484 2542 I chatty : uid=1000(system) InputReader identical 2 lines
01-15 16:11:37.859 2484 2542 I InputReader: Reconfiguring input devices. changes=0x00000010
01-15 16:11:37.859 3358 3358 E PhoneInterfaceManager: [PhoneIntfMgr] getCarrierPackageNamesForIntent: No UICC
01-15 16:11:37.859 3358 3358 D CarrierSvcBindHelper: No carrier app for: 0
01-15 16:11:37.859 3358 3358 D ImsResolver: maybeAddedImsService, packageName: com.android.calendar
01-15 16:11:37.859 3358 3358 D ImsResolver: maybeAddedImsService, packageName: com.google.android.setupwizard
01-15 16:11:37.861 2484 2542 I InputReader: Reconfiguring input devices. changes=0x00000010
01-15 16:11:37.864 3358 3358 E PhoneInterfaceManager: [PhoneIntfMgr] getCarrierPackageNamesForIntent: No UICC
01-15 16:11:37.864 3358 3358 D CarrierSvcBindHelper: No carrier app for: 0
01-15 16:11:37.865 3358 3358 E PhoneInterfaceManager: [PhoneIntfMgr] getCarrierPackageNamesForIntent: No UICC
01-15 16:11:37.865 3358 3358 D CarrierSvcBindHelper: No carrier app for: 0
01-15 16:11:37.866 3358 3358 E PhoneInterfaceManager: [PhoneIntfMgr] getCarrierPackageNamesForIntent: No UICC
01-15 16:11:37.866 3358 3358 D CarrierSvcBindHelper: No carrier app for: 0
01-15 16:11:37.866 3358 3358 D ImsResolver: maybeAddedImsService, packageName: com.android.gallery3d
01-15 16:11:37.867 3358 3358 E PhoneInterfaceManager: [PhoneIntfMgr] getCarrierPackageNamesForIntent: No UICC
01-15 16:11:37.867 3358 3358 D CarrierSvcBindHelper: No carrier app for: 0
01-15 16:11:37.872 3358 3358 E PhoneInterfaceManager: [PhoneIntfMgr] getCarrierPackageNamesForIntent: No UICC
01-15 16:11:37.872 3358 3358 D CarrierSvcBindHelper: No carrier app for: 0
01-15 16:11:37.872 3358 3358 D ImsResolver: maybeAddedImsService, packageName: com.google.android.gms
01-15 16:11:37.876 3358 3358 E PhoneInterfaceManager: [PhoneIntfMgr] getCarrierPackageNamesForIntent: No UICC
01-15 16:11:37.876 3358 3358 D CarrierSvcBindHelper: No carrier app for: 0
01-15 16:11:37.876 3358 3358 D ImsResolver: maybeAddedImsService, packageName: com.google.android.gsf
01-15 16:11:37.876 3358 3358 D ImsResolver: maybeAddedImsService, packageName: com.google.android.partnersetup
01-15 16:11:37.876 3358 3358 D ImsResolver: maybeAddedImsService, packageName: com.android.inputmethod.latin
01-15 16:11:37.876 3358 3358 D ImsResolver: maybeAddedImsService, packageName: com.android.settings
01-15 16:11:37.876 3358 3358 D ImsResolver: maybeAddedImsService, packageName: com.android.email
01-15 16:11:37.877 2368 2368 E lowmemorykiller: Error opening /dev/memcg/apps/uid_10018/pid_3713/memory.soft_limit_in_bytes; errno=2
01-15 16:11:37.877 2368 2368 E lowmemorykiller: Error opening /dev/memcg/apps/uid_10018/pid_4604/memory.soft_limit_in_bytes; errno=2
01-15 16:11:37.881 2484 2498 W ResourceType: No known package when getting value for resource number 0x7f0200f8
01-15 16:11:37.881 2484 2498 W ResourceType: No known package when getting value for resource number 0x7f13032b
01-15 16:11:37.906 2368 2368 E lowmemorykiller: Error opening /dev/memcg/apps/uid_10018/pid_3590/memory.soft_limit_in_bytes; errno=2
01-15 16:11:37.906 2368 2368 E lowmemorykiller: Error opening /dev/memcg/apps/uid_10018/pid_3713/memory.soft_limit_in_bytes; errno=2
01-15 16:11:37.906 2368 2368 E lowmemorykiller: Error opening /dev/memcg/apps/uid_10046/pid_4204/memory.soft_limit_in_bytes; errno=2
01-15 16:11:37.906 2368 2368 E lowmemorykiller: Error opening /dev/memcg/apps/uid_10046/pid_4204/memory.soft_limit_in_bytes; errno=2
01-15 16:11:37.908 3590 3590 I GCoreNlp: shouldConfirmNlp, NLP off. Ensuring opt-in disabled
01-15 16:11:37.909 2484 3159 W SchedPolicy: add_tid_to_cgroup failed to write '3626' (Permission denied); fd=3
01-15 16:11:37.909 2368 2368 E lowmemorykiller: Error opening /dev/memcg/apps/uid_10018/pid_3626/memory.soft_limit_in_bytes; errno=2
01-15 16:11:37.917 3547 3552 I zygote64: Do partial code cache collection, code=30KB, data=22KB
01-15 16:11:37.918 3547 3552 I zygote64: After code cache collection, code=26KB, data=21KB
01-15 16:11:37.923 3547 3552 I zygote64: Increasing code cache capacity to 128KB
01-15 16:11:37.929 2368 2368 E lowmemorykiller: Error opening /dev/memcg/apps/uid_10018/pid_3590/memory.soft_limit_in_bytes; errno=2
01-15 16:11:37.929 2368 2368 E lowmemorykiller: Error opening /dev/memcg/apps/uid_10018/pid_3626/memory.soft_limit_in_bytes; errno=2
01-15 16:11:37.929 2484 4044 W SchedPolicy: add_tid_to_cgroup failed to write '3626' (Permission denied); fd=25
01-15 16:11:37.929 2368 2368 E lowmemorykiller: Error opening /dev/memcg/apps/uid_10018/pid_3713/memory.soft_limit_in_bytes; errno=2
01-15 16:11:37.929 2368 2368 E lowmemorykiller: Error opening /dev/memcg/apps/uid_10018/pid_4604/memory.soft_limit_in_bytes; errno=2
01-15 16:11:37.933 2368 2368 E lowmemorykiller: Error opening /dev/memcg/apps/uid_10018/pid_3590/memory.soft_limit_in_bytes; errno=2
01-15 16:11:37.934 2368 2368 E lowmemorykiller: Error opening /dev/memcg/apps/uid_10018/pid_3713/memory.soft_limit_in_bytes; errno=2
01-15 16:11:37.934 2368 2368 E lowmemorykiller: Error opening /dev/memcg/apps/uid_10018/pid_4604/memory.soft_limit_in_bytes; errno=2
01-15 16:11:37.934 2368 2368 E lowmemorykiller: Error opening /dev/memcg/apps/uid_10046/pid_4204/memory.soft_limit_in_bytes; errno=2
01-15 16:11:37.936 2368 2368 E lowmemorykiller: Error opening /dev/memcg/apps/uid_10018/pid_3590/memory.soft_limit_in_bytes; errno=2
01-15 16:11:37.938 2484 3474 W BackupTransportManager: BackupTransport com.google.android.gms/.backup.BackupTransportService not whitelisted.
01-15 16:11:37.938 2368 2368 E lowmemorykiller: Error opening /dev/memcg/apps/uid_10018/pid_3590/memory.soft_limit_in_bytes; errno=2
01-15 16:11:37.938 2368 2368 E lowmemorykiller: Error opening /dev/memcg/apps/uid_10046/pid_4204/memory.soft_limit_in_bytes; errno=2
01-15 16:11:37.940 2368 2368 E lowmemorykiller: Error opening /dev/memcg/apps/uid_10018/pid_3590/memory.soft_limit_in_bytes; errno=2
01-15 16:11:37.941 2368 2368 I chatty : uid=0(root) /system/bin/lmkd identical 1 line
01-15 16:11:37.942 2368 2368 E lowmemorykiller: Error opening /dev/memcg/apps/uid_10018/pid_3590/memory.soft_limit_in_bytes; errno=2
01-15 16:11:37.959 3547 3547 I zygote64: Deoptimizing void com.android.launcher3.BubbleTextView.applyIconAndLabel(android.graphics.Bitmap, com.android.launcher3.ItemInfo) due to JIT inline cache
01-15 16:11:37.986 2484 2498 W ResourceType: No known package when getting value for resource number 0x7f08012f
01-15 16:11:37.986 2484 2498 W ResourceType: No known package when getting value for resource number 0x7f120e2b
01-15 16:11:37.986 2484 2498 W ResourceType: No known package when getting value for resource number 0x7f08012e
01-15 16:11:37.986 2484 2498 W ResourceType: No known package when getting value for resource number 0x7f1203e1
01-15 16:11:37.986 2484 2498 W ResourceType: No known package when getting value for resource number 0x7f08012d
01-15 16:11:37.986 2484 2498 W ResourceType: No known package when getting value for resource number 0x7f1208a3
01-15 16:11:38.001 2484 2498 W Binder : Outgoing transactions from this process must be FLAG_ONEWAY
01-15 16:11:38.001 2484 2498 W Binder : java.lang.Throwable
01-15 16:11:38.001 2484 2498 W Binder : at android.os.BinderProxy.transact(Binder.java:752)
01-15 16:11:38.001 2484 2498 W Binder : at com.android.internal.location.ILocationProvider$Stub$Proxy.getProperties(ILocationProvider.java:232)
01-15 16:11:38.001 2484 2498 W Binder : at com.android.server.location.LocationProviderProxy$1.run(LocationProviderProxy.java:119)
01-15 16:11:38.001 2484 2498 W Binder : at android.os.Handler.handleCallback(Handler.java:790)
01-15 16:11:38.001 2484 2498 W Binder : at android.os.Handler.dispatchMessage(Handler.java:99)
01-15 16:11:38.001 2484 2498 W Binder : at android.os.Looper.loop(Looper.java:164)
01-15 16:11:38.001 2484 2498 W Binder : at android.os.HandlerThread.run(HandlerThread.java:65)
01-15 16:11:38.001 2484 2498 W Binder : Outgoing transactions from this process must be FLAG_ONEWAY
01-15 16:11:38.001 2484 2498 W Binder : java.lang.Throwable
01-15 16:11:38.001 2484 2498 W Binder : at android.os.BinderProxy.transact(Binder.java:752)
01-15 16:11:38.001 2484 2498 W Binder : at com.android.internal.location.ILocationProvider$Stub$Proxy.getProperties(ILocationProvider.java:232)
01-15 16:11:38.001 2484 2498 W Binder : at com.android.server.location.LocationProviderProxy$1.run(LocationProviderProxy.java:119)
01-15 16:11:38.001 2484 2498 W Binder : at android.os.Handler.handleCallback(Handler.java:790)
01-15 16:11:38.001 2484 2498 W Binder : at android.os.Handler.dispatchMessage(Handler.java:99)
01-15 16:11:38.001 2484 2498 W Binder : at android.os.Looper.loop(Looper.java:164)
01-15 16:11:38.001 2484 2498 W Binder : at android.os.HandlerThread.run(HandlerThread.java:65)
01-15 16:11:38.006 3547 3552 I zygote64: Do partial code cache collection, code=61KB, data=49KB
01-15 16:11:38.006 3547 3552 I zygote64: After code cache collection, code=60KB, data=49KB
01-15 16:11:38.006 3547 3552 I zygote64: Increasing code cache capacity to 256KB
01-15 16:11:38.039 3116 3116 I InputAttributes: InputType.TYPE_NULL is specified
01-15 16:11:38.419 2368 2368 E lowmemorykiller: Error opening /dev/memcg/apps/uid_10018/pid_3713/memory.soft_limit_in_bytes; errno=2
01-15 16:11:38.421 2368 2368 E lowmemorykiller: Error opening /dev/memcg/apps/uid_10018/pid_3713/memory.soft_limit_in_bytes; errno=2
01-15 16:11:39.001 2368 2368 E lowmemorykiller: Error opening /dev/memcg/apps/uid_10018/pid_3590/memory.soft_limit_in_bytes; errno=2
01-15 16:11:39.002 2368 2368 E lowmemorykiller: Error opening /dev/memcg/apps/uid_10018/pid_3590/memory.soft_limit_in_bytes; errno=2
01-15 16:11:39.463 2369 2369 I ConsoleManagerT: type=1400 audit(0.0:566): avc: denied { read } for name="vendor" dev="tmpfs" ino=7264 scontext=u:r:surfaceflinger:s0 tcontext=u:object_r:tmpfs:s0 tclass=lnk_file permissive=1
01-15 16:11:39.464 2369 2465 D vndksupport: Loading /vendor/lib64/hw/gralloc.drm.so from current namespace instead of sphal namespace.
01-15 16:11:39.470 2369 2369 D SurfaceFlinger: Set power mode=0, type=0 flinger=0x743afe281000
01-15 16:11:39.470 2369 2369 I surfaceflinger: type=1400 audit(0.0:567): avc: denied { ioctl } for path="/dev/tty0" dev="tmpfs" ino=10510 ioctlcmd=0x5605 scontext=u:r:surfaceflinger:s0 tcontext=u:object_r:tty_device:s0 tclass=chr_file permissive=1
01-15 16:11:39.470 2369 2369 I surfaceflinger: type=1400 audit(0.0:568): avc: denied { sys_tty_config } for capability=26 scontext=u:r:surfaceflinger:s0 tcontext=u:r:surfaceflinger:s0 tclass=capability permissive=1
01-15 16:11:39.512 3713 4050 I CastNearbyRequest: [FilterRequest] Http request sent to url: https://cast.google.com/cast/nearby/search
01-15 16:11:39.513 2368 2368 E lowmemorykiller: Error opening /dev/memcg/apps/uid_10018/pid_3590/memory.soft_limit_in_bytes; errno=2
01-15 16:11:39.516 2368 2368 E lowmemorykiller: Error opening /dev/memcg/apps/uid_10018/pid_3590/memory.soft_limit_in_bytes; errno=2
01-15 16:11:39.517 3713 4050 W CastNearbyRequest: [FilterRequest] Exception sending HTTP request to https://cast.google.com/cast/nearby/search
01-15 16:11:40.022 2368 2368 E lowmemorykiller: Error opening /dev/memcg/apps/uid_10018/pid_4604/memory.soft_limit_in_bytes; errno=2
01-15 16:11:40.023 2484 4044 I ActivityManager: Killing 4172:com.android.dialer/u0a16 (adj 906): empty #17
01-15 16:11:40.023 2368 2368 E lowmemorykiller: Error opening /dev/memcg/apps/uid_10018/pid_3713/memory.soft_limit_in_bytes; errno=2
01-15 16:11:40.023 2368 2368 E lowmemorykiller: Error opening /dev/memcg/apps/uid_10018/pid_4604/memory.soft_limit_in_bytes; errno=2
01-15 16:11:40.023 2368 2368 E lowmemorykiller: Error opening /dev/memcg/apps/uid_10071/pid_3657/memory.soft_limit_in_bytes; errno=2
01-15 16:11:40.023 2368 2368 E lowmemorykiller: Error opening /dev/memcg/apps/uid_10057/pid_4360/memory.soft_limit_in_bytes; errno=2
01-15 16:11:40.023 2484 2501 W system_server: kill(-4172, 9) failed: No such process
01-15 16:11:40.042 3116 3116 I LatinIME: Timeout waiting for dictionary load
01-15 16:11:40.057 2484 2501 W system_server: kill(-4172, 9) failed: No such process
01-15 16:11:40.057 2484 2501 I system_server: Successfully killed process cgroup uid 10016 pid 4172 in 33ms
01-15 16:11:40.070 2368 2368 E lowmemorykiller: Error opening /dev/memcg/apps/uid_10018/pid_3590/memory.soft_limit_in_bytes; errno=2
01-15 16:11:40.070 2368 2368 E lowmemorykiller: Error opening /dev/memcg/apps/uid_10018/pid_3590/memory.soft_limit_in_bytes; errno=2
01-15 16:11:40.558 3547 3547 I RenderThread: type=1400 audit(0.0:569): avc: denied { ioctl } for path="/dev/dri/card0" dev="tmpfs" ino=8777 ioctlcmd=0x640b scontext=u:r:priv_app:s0:c512,c768 tcontext=u:object_r:device:s0 tclass=chr_file permissive=1
01-15 16:11:41.546 2368 2368 E lowmemorykiller: Error opening /dev/memcg/apps/uid_10018/pid_3590/memory.soft_limit_in_bytes; errno=2
01-15 16:11:41.546 2368 2368 E lowmemorykiller: Error opening /dev/memcg/apps/uid_10018/pid_3713/memory.soft_limit_in_bytes; errno=2
01-15 16:11:41.547 2368 2368 E lowmemorykiller: Error opening /dev/memcg/apps/uid_10046/pid_4204/memory.soft_limit_in_bytes; errno=2
01-15 16:11:41.547 2368 2368 E lowmemorykiller: Error opening /dev/memcg/apps/uid_10018/pid_3590/memory.soft_limit_in_bytes; errno=2
01-15 16:11:41.548 2368 2368 I chatty : uid=0(root) /system/bin/lmkd identical 1 line
01-15 16:11:41.549 2368 2368 E lowmemorykiller: Error opening /dev/memcg/apps/uid_10018/pid_3590/memory.soft_limit_in_bytes; errno=2
01-15 16:11:41.549 2368 2368 E lowmemorykiller: Error opening /dev/memcg/apps/uid_10018/pid_3713/memory.soft_limit_in_bytes; errno=2
01-15 16:11:41.549 2368 2368 E lowmemorykiller: Error opening /dev/memcg/apps/uid_10046/pid_4204/memory.soft_limit_in_bytes; errno=2
01-15 16:11:42.099 2484 3159 W ActivityManager: Unable to start service Intent { act=com.google.android.gms.analytics.service.START cmp=com.google.android.gms/.analytics.service.AnalyticsService (has extras) } U=0: not found
01-15 16:11:42.100 4453 4738 W GAV2 : Thread[Service Reconnect,5,main]: Service unavailable (code=1), using local store.
01-15 16:11:42.380 2484 3159 D PackageManager: Ephemeral installer not found with new action; try old one
01-15 16:11:42.380 2484 3159 D PackageManager: Clear ephemeral installer activity
01-15 16:11:42.381 2484 3159 D PackageManager: Ephemeral installer not found with new action; try old one
01-15 16:11:42.381 2484 3159 D PackageManager: Clear ephemeral installer activity
01-15 16:11:42.382 2484 3159 D PackageManager: Ephemeral installer not found with new action; try old one
01-15 16:11:42.382 2484 3159 D PackageManager: Clear ephemeral installer activity
01-15 16:11:42.383 2484 3159 D PackageManager: Ephemeral installer not found with new action; try old one
01-15 16:11:42.383 2484 3159 D PackageManager: Clear ephemeral installer activity
01-15 16:11:42.450 2484 3159 W ActivityManager: Unable to start service Intent { act=com.google.android.gms.analytics.service.START cmp=com.google.android.gms/.analytics.service.AnalyticsService (has extras) } U=0: not found
01-15 16:11:42.450 3497 4740 W GAV3 : Thread[Service Reconnect,5,main]: Service unavailable (code=1), using local store.
01-15 16:11:43.022 3732 4035 W NamedFutures: Timeout future task has been cancelled: 10000 milliseconds
01-15 16:11:43.023 2368 2368 E lowmemorykiller: Error opening /dev/memcg/apps/uid_10018/pid_3590/memory.soft_limit_in_bytes; errno=2
01-15 16:11:43.023 2368 2368 E lowmemorykiller: Error opening /dev/memcg/apps/uid_10018/pid_3713/memory.soft_limit_in_bytes; errno=2
01-15 16:11:43.023 2368 2368 E lowmemorykiller: Error opening /dev/memcg/apps/uid_10037/pid_3732/memory.soft_limit_in_bytes; errno=2
01-15 16:11:43.023 2368 2368 E lowmemorykiller: Error opening /dev/memcg/apps/uid_10046/pid_4204/memory.soft_limit_in_bytes; errno=2
01-15 16:11:43.027 2368 2368 E lowmemorykiller: Error opening /dev/memcg/apps/uid_10018/pid_3713/memory.soft_limit_in_bytes; errno=2
01-15 16:11:43.027 2368 2368 E lowmemorykiller: Error opening /dev/memcg/apps/uid_10018/pid_3590/memory.soft_limit_in_bytes; errno=2
01-15 16:11:43.031 2484 4044 D PackageManager: Ephemeral installer not found with new action; try old one
01-15 16:11:43.031 2484 4044 D PackageManager: Clear ephemeral installer activity
01-15 16:11:43.032 2368 2368 E lowmemorykiller: Error opening /dev/memcg/apps/uid_10018/pid_3590/memory.soft_limit_in_bytes; errno=2
01-15 16:11:43.034 2368 2368 E lowmemorykiller: Error opening /dev/memcg/apps/uid_10018/pid_3713/memory.soft_limit_in_bytes; errno=2
01-15 16:11:43.054 2368 2368 E lowmemorykiller: Error opening /dev/memcg/apps/uid_10018/pid_3713/memory.soft_limit_in_bytes; errno=2
01-15 16:11:43.054 2368 2368 E lowmemorykiller: Error opening /dev/memcg/apps/uid_10018/pid_3590/memory.soft_limit_in_bytes; errno=2
01-15 16:11:43.058 2368 2368 E lowmemorykiller: Error opening /dev/memcg/apps/uid_10018/pid_3626/memory.soft_limit_in_bytes; errno=2
01-15 16:11:43.058 2484 4044 W SchedPolicy: add_tid_to_cgroup failed to write '3626' (Permission denied); fd=3
01-15 16:11:43.066 2368 2368 E lowmemorykiller: Error opening /dev/memcg/apps/uid_10018/pid_3590/memory.soft_limit_in_bytes; errno=2
01-15 16:11:43.072 3732 3732 E SearchServiceStarter: Task 174 failed or timed out. Client 16415025612129567 disconnecting from SearchService!
01-15 16:11:43.072 3732 3732 E SearchServiceStarter: java.util.concurrent.CancellationException: Task was cancelled.
01-15 16:11:43.072 3732 3732 E SearchServiceStarter: at com.google.common.util.concurrent.d.ct(SourceFile:75)
01-15 16:11:43.072 3732 3732 E SearchServiceStarter: at com.google.common.util.concurrent.d.get(SourceFile:57)
01-15 16:11:43.072 3732 3732 E SearchServiceStarter: at com.google.common.util.concurrent.cg.n(SourceFile:2)
01-15 16:11:43.072 3732 3732 E SearchServiceStarter: at com.google.common.util.concurrent.av.l(SourceFile:50)
01-15 16:11:43.072 3732 3732 E SearchServiceStarter: at com.google.common.util.concurrent.ax.run(SourceFile:5)
01-15 16:11:43.072 3732 3732 E SearchServiceStarter: at com.google.android.apps.gsa.shared.util.concurrent.a.bc.run(SourceFile:2)
01-15 16:11:43.072 3732 3732 E SearchServiceStarter: at android.os.Handler.handleCallback(Handler.java:790)
01-15 16:11:43.072 3732 3732 E SearchServiceStarter: at android.os.Handler.dispatchMessage(Handler.java:99)
01-15 16:11:43.072 3732 3732 E SearchServiceStarter: at android.os.Looper.loop(Looper.java:164)
01-15 16:11:43.072 3732 3732 E SearchServiceStarter: at android.app.ActivityThread.main(ActivityThread.java:6494)
01-15 16:11:43.072 3732 3732 E SearchServiceStarter: at java.lang.reflect.Method.invoke(Native Method)
01-15 16:11:43.072 3732 3732 E SearchServiceStarter: at com.android.internal.os.RuntimeInit$MethodAndArgsCaller.run(RuntimeInit.java:463)
01-15 16:11:43.072 3732 3732 E SearchServiceStarter: at com.android.internal.os.ZygoteInit.main(ZygoteInit.java:807)
01-15 16:11:43.073 3732 3732 W SearchService: Abort, client detached.
01-15 16:11:43.075 2368 2368 E lowmemorykiller: Error opening /dev/memcg/apps/uid_10018/pid_3590/memory.soft_limit_in_bytes; errno=2
01-15 16:11:43.082 2484 3159 W SchedPolicy: add_tid_to_cgroup failed to write '4604' (Permission denied); fd=3
01-15 16:11:43.076 2368 2368 E lowmemorykiller: Error opening /dev/memcg/apps/uid_10018/pid_3590/memory.soft_limit_in_bytes; errno=2
01-15 16:11:43.082 2368 2368 E lowmemorykiller: Error opening /dev/memcg/apps/uid_10018/pid_4604/memory.soft_limit_in_bytes; errno=2
01-15 16:11:43.082 2368 2368 E lowmemorykiller: Error opening /dev/memcg/apps/uid_10071/pid_3657/memory.soft_limit_in_bytes; errno=2
01-15 16:11:43.082 2368 2368 E lowmemorykiller: Error opening /dev/memcg/apps/uid_10057/pid_4360/memory.soft_limit_in_bytes; errno=2
01-15 16:11:43.085 2368 2368 E lowmemorykiller: Error opening /dev/memcg/apps/uid_10018/pid_3590/memory.soft_limit_in_bytes; errno=2
01-15 16:11:43.085 2368 2368 E lowmemorykiller: Error opening /dev/memcg/apps/uid_10018/pid_4604/memory.soft_limit_in_bytes; errno=2
01-15 16:11:43.085 2484 3159 W SchedPolicy: add_tid_to_cgroup failed to write '4604' (Permission denied); fd=25
01-15 16:11:43.085 2368 2368 E lowmemorykiller: Error opening /dev/memcg/apps/uid_10018/pid_3626/memory.soft_limit_in_bytes; errno=2
01-15 16:11:43.085 2484 4044 W SchedPolicy: add_tid_to_cgroup failed to write '3626' (Permission denied); fd=25
01-15 16:11:43.085 2368 2368 E lowmemorykiller: Error opening /dev/memcg/apps/uid_10046/pid_4204/memory.soft_limit_in_bytes; errno=2
01-15 16:11:43.087 2368 2368 E lowmemorykiller: Error opening /dev/memcg/apps/uid_10018/pid_4604/memory.soft_limit_in_bytes; errno=2
01-15 16:11:43.087 2368 2368 E lowmemorykiller: Error opening /dev/memcg/apps/uid_10018/pid_4604/memory.soft_limit_in_bytes; errno=2
01-15 16:11:43.092 2368 2368 E lowmemorykiller: Error opening /dev/memcg/apps/uid_10018/pid_3590/memory.soft_limit_in_bytes; errno=2
01-15 16:11:43.093 2368 2368 I chatty : uid=0(root) /system/bin/lmkd identical 1 line
01-15 16:11:43.095 2368 2368 E lowmemorykiller: Error opening /dev/memcg/apps/uid_10018/pid_3590/memory.soft_limit_in_bytes; errno=2
01-15 16:11:43.095 2368 2368 E lowmemorykiller: Error opening /dev/memcg/apps/uid_10018/pid_3713/memory.soft_limit_in_bytes; errno=2
01-15 16:11:43.118 2368 2368 I chatty : uid=0(root) /system/bin/lmkd identical 1 line
01-15 16:11:43.119 2368 2368 E lowmemorykiller: Error opening /dev/memcg/apps/uid_10018/pid_3713/memory.soft_limit_in_bytes; errno=2
01-15 16:11:43.119 2368 2368 E lowmemorykiller: Error opening /dev/memcg/apps/uid_10065/pid_4453/memory.soft_limit_in_bytes; errno=2
01-15 16:11:43.119 2368 2368 E lowmemorykiller: Error opening /dev/memcg/apps/uid_10018/pid_3590/memory.soft_limit_in_bytes; errno=2
01-15 16:11:43.119 2368 2368 E lowmemorykiller: Error opening /dev/memcg/apps/uid_10018/pid_3713/memory.soft_limit_in_bytes; errno=2
01-15 16:11:43.120 2368 2368 E lowmemorykiller: Error opening /dev/memcg/apps/uid_10018/pid_4604/memory.soft_limit_in_bytes; errno=2
01-15 16:11:43.120 2368 2368 E lowmemorykiller: Error opening /dev/memcg/apps/uid_10059/pid_4323/memory.soft_limit_in_bytes; errno=2
01-15 16:11:43.120 2368 2368 E lowmemorykiller: Error opening /dev/memcg/apps/uid_10006/pid_4417/memory.soft_limit_in_bytes; errno=2
01-15 16:11:43.120 2368 2368 E lowmemorykiller: Error opening /dev/memcg/apps/uid_10018/pid_4604/memory.soft_limit_in_bytes; errno=2
01-15 16:11:43.120 2368 2368 E lowmemorykiller: Error opening /dev/memcg/apps/uid_10059/pid_4323/memory.soft_limit_in_bytes; errno=2
01-15 16:11:43.120 2368 2368 E lowmemorykiller: Error opening /dev/memcg/apps/uid_10071/pid_3657/memory.soft_limit_in_bytes; errno=2
01-15 16:11:43.120 2368 2368 E lowmemorykiller: Error opening /dev/memcg/apps/uid_10006/pid_4417/memory.soft_limit_in_bytes; errno=2
01-15 16:11:43.120 2368 2368 E lowmemorykiller: Error opening /dev/memcg/apps/uid_10024/pid_3922/memory.soft_limit_in_bytes; errno=2
01-15 16:11:43.120 2368 2368 E lowmemorykiller: Error opening /dev/memcg/apps/uid_10057/pid_4360/memory.soft_limit_in_bytes; errno=2
01-15 16:11:43.121 2368 2368 E lowmemorykiller: Error opening /dev/memcg/apps/uid_10018/pid_3590/memory.soft_limit_in_bytes; errno=2
01-15 16:11:43.121 2368 2368 E lowmemorykiller: Error opening /dev/memcg/apps/uid_10018/pid_3713/memory.soft_limit_in_bytes; errno=2
01-15 16:11:43.121 2368 2368 E lowmemorykiller: Error opening /dev/memcg/apps/uid_10046/pid_4204/memory.soft_limit_in_bytes; errno=2
01-15 16:11:43.121 2368 2368 E lowmemorykiller: Error opening /dev/memcg/apps/uid_10046/pid_4204/memory.soft_limit_in_bytes; errno=2
01-15 16:11:43.123 2368 2368 E lowmemorykiller: Error opening /dev/memcg/apps/uid_10065/pid_4453/memory.soft_limit_in_bytes; errno=2
01-15 16:11:43.123 2368 2368 I chatty : uid=0(root) /system/bin/lmkd identical 1 line
01-15 16:11:43.123 2368 2368 E lowmemorykiller: Error opening /dev/memcg/apps/uid_10065/pid_4453/memory.soft_limit_in_bytes; errno=2
01-15 16:11:43.124 2368 2368 E lowmemorykiller: Error opening /dev/memcg/apps/uid_10046/pid_4204/memory.soft_limit_in_bytes; errno=2
01-15 16:11:43.124 2368 2368 E lowmemorykiller: Error opening /dev/memcg/apps/uid_10065/pid_4453/memory.soft_limit_in_bytes; errno=2
01-15 16:11:43.125 2368 2368 E lowmemorykiller: Error opening /dev/memcg/apps/uid_10028/pid_4018/memory.soft_limit_in_bytes; errno=2
01-15 16:11:43.125 2368 2368 E lowmemorykiller: Error opening /dev/memcg/apps/uid_10022/pid_4521/memory.soft_limit_in_bytes; errno=2
01-15 16:11:43.125 2368 2368 E lowmemorykiller: Error opening /dev/memcg/apps/uid_10026/pid_4377/memory.soft_limit_in_bytes; errno=2
01-15 16:11:43.125 2368 2368 E lowmemorykiller: Error opening /dev/memcg/apps/uid_10046/pid_4204/memory.soft_limit_in_bytes; errno=2
01-15 16:11:43.125 2484 3160 W BroadcastQueue: Background execution not allowed: receiving Intent { act=com.google.android.gms.location.reporting.SETTINGS_CHANGED flg=0x10 } to com.google.android.googlequicksearchbox/com.google.android.apps.gsa.search.core.udc.UdcSettingBroadcastReceiver
01-15 16:11:43.125 2368 2368 E lowmemorykiller: Error opening /dev/memcg/apps/uid_10037/pid_3732/memory.soft_limit_in_bytes; errno=2
01-15 16:11:43.125 2368 2368 E lowmemorykiller: Error opening /dev/memcg/apps/uid_10018/pid_3590/memory.soft_limit_in_bytes; errno=2
01-15 16:11:43.125 2368 2368 E lowmemorykiller: Error opening /dev/memcg/apps/uid_10018/pid_3713/memory.soft_limit_in_bytes; errno=2
01-15 16:11:43.125 2368 2368 E lowmemorykiller: Error opening /dev/memcg/apps/uid_10018/pid_4604/memory.soft_limit_in_bytes; errno=2
01-15 16:11:43.125 2368 2368 E lowmemorykiller: Error opening /dev/memcg/apps/uid_10028/pid_4018/memory.soft_limit_in_bytes; errno=2
01-15 16:11:43.126 2368 2368 E lowmemorykiller: Error opening /dev/memcg/apps/uid_10022/pid_4521/memory.soft_limit_in_bytes; errno=2
01-15 16:11:43.126 2368 2368 E lowmemorykiller: Error opening /dev/memcg/apps/uid_10071/pid_3657/memory.soft_limit_in_bytes; errno=2
01-15 16:11:43.126 2368 2368 E lowmemorykiller: Error opening /dev/memcg/apps/uid_10026/pid_4377/memory.soft_limit_in_bytes; errno=2
01-15 16:11:43.126 2368 2368 E lowmemorykiller: Error opening /dev/memcg/apps/uid_10024/pid_3922/memory.soft_limit_in_bytes; errno=2
01-15 16:11:43.126 2368 2368 E lowmemorykiller: Error opening /dev/memcg/apps/uid_10057/pid_4360/memory.soft_limit_in_bytes; errno=2
01-15 16:11:43.126 2368 2368 E lowmemorykiller: Error opening /dev/memcg/apps/uid_10018/pid_4604/memory.soft_limit_in_bytes; errno=2
01-15 16:11:43.128 2368 2368 E lowmemorykiller: Error opening /dev/memcg/apps/uid_10018/pid_3590/memory.soft_limit_in_bytes; errno=2
01-15 16:11:43.128 2368 2368 E lowmemorykiller: Error opening /dev/memcg/apps/uid_10037/pid_3732/memory.soft_limit_in_bytes; errno=2
01-15 16:11:43.128 2368 2368 E lowmemorykiller: Error opening /dev/memcg/apps/uid_10018/pid_3713/memory.soft_limit_in_bytes; errno=2
01-15 16:11:43.128 2368 2368 E lowmemorykiller: Error opening /dev/memcg/apps/uid_10046/pid_4204/memory.soft_limit_in_bytes; errno=2
01-15 16:11:43.128 2368 2368 E lowmemorykiller: Error opening /dev/memcg/apps/uid_10046/pid_4204/memory.soft_limit_in_bytes; errno=2
01-15 16:11:43.132 2368 2368 E lowmemorykiller: Error opening /dev/memcg/apps/uid_10018/pid_3713/memory.soft_limit_in_bytes; errno=2
01-15 16:11:43.134 2368 2368 E lowmemorykiller: Error opening /dev/memcg/apps/uid_10037/pid_3732/memory.soft_limit_in_bytes; errno=2
01-15 16:11:43.134 2368 2368 E lowmemorykiller: Error opening /dev/memcg/apps/uid_10018/pid_3590/memory.soft_limit_in_bytes; errno=2
01-15 16:11:43.134 2368 2368 E lowmemorykiller: Error opening /dev/memcg/apps/uid_10018/pid_3713/memory.soft_limit_in_bytes; errno=2
01-15 16:11:43.137 2368 2368 E lowmemorykiller: Error opening /dev/memcg/apps/uid_10018/pid_3590/memory.soft_limit_in_bytes; errno=2
01-15 16:11:43.137 2368 2368 E lowmemorykiller: Error opening /dev/memcg/apps/uid_10018/pid_3590/memory.soft_limit_in_bytes; errno=2
01-15 16:11:43.142 2368 2368 E lowmemorykiller: Error opening /dev/memcg/apps/uid_10018/pid_3713/memory.soft_limit_in_bytes; errno=2
01-15 16:11:43.168 2368 2368 E lowmemorykiller: Error opening /dev/memcg/apps/uid_10018/pid_3713/memory.soft_limit_in_bytes; errno=2
01-15 16:11:43.179 2368 2368 E lowmemorykiller: Error opening /dev/memcg/apps/uid_10004/pid_4074/memory.soft_limit_in_bytes; errno=2
01-15 16:11:43.179 2368 2368 E lowmemorykiller: Error opening /dev/memcg/apps/uid_10037/pid_3732/memory.soft_limit_in_bytes; errno=2
01-15 16:11:43.179 2368 2368 E lowmemorykiller: Error opening /dev/memcg/apps/uid_10018/pid_3713/memory.soft_limit_in_bytes; errno=2
01-15 16:11:43.179 2368 2368 E lowmemorykiller: Error opening /dev/memcg/apps/uid_10018/pid_4604/memory.soft_limit_in_bytes; errno=2
01-15 16:11:43.180 2368 2368 E lowmemorykiller: Error opening /dev/memcg/apps/uid_10018/pid_4604/memory.soft_limit_in_bytes; errno=2
01-15 16:11:43.181 3547 3552 I zygote64: Do full code cache collection, code=124KB, data=82KB
01-15 16:11:43.182 3547 3552 I zygote64: After code cache collection, code=114KB, data=67KB
01-15 16:11:43.184 2368 2368 E lowmemorykiller: Error opening /dev/memcg/apps/uid_10037/pid_3732/memory.soft_limit_in_bytes; errno=2
01-15 16:11:43.184 2368 2368 E lowmemorykiller: Error opening /dev/memcg/apps/uid_10004/pid_4074/memory.soft_limit_in_bytes; errno=2
01-15 16:11:43.188 2368 2368 E lowmemorykiller: Error opening /dev/memcg/apps/uid_10018/pid_4604/memory.soft_limit_in_bytes; errno=2
01-15 16:11:43.188 2368 2368 E lowmemorykiller: Error opening /dev/memcg/apps/uid_10037/pid_3732/memory.soft_limit_in_bytes; errno=2
01-15 16:11:43.188 2368 2368 E lowmemorykiller: Error opening /dev/memcg/apps/uid_10046/pid_4204/memory.soft_limit_in_bytes; errno=2
01-15 16:11:43.188 2368 2368 E lowmemorykiller: Error opening /dev/memcg/apps/uid_10046/pid_4204/memory.soft_limit_in_bytes; errno=2
01-15 16:11:43.192 2368 2368 E lowmemorykiller: Error opening /dev/memcg/apps/uid_10018/pid_3626/memory.soft_limit_in_bytes; errno=2
01-15 16:11:43.199 4604 4604 E MDM : [2] SitrepChimeraService.a: No Google accounts; deferring server state update.
01-15 16:11:43.201 2484 3160 D PackageManager: Ephemeral installer not found with new action; try old one
01-15 16:11:43.201 2484 3160 D PackageManager: Clear ephemeral installer activity
01-15 16:11:43.203 2368 2368 E lowmemorykiller: Error opening /dev/memcg/apps/uid_10018/pid_3626/memory.soft_limit_in_bytes; errno=2
01-15 16:11:43.203 2368 2368 E lowmemorykiller: Error opening /dev/memcg/apps/uid_10018/pid_4604/memory.soft_limit_in_bytes; errno=2
01-15 16:11:43.203 2368 2368 E lowmemorykiller: Error opening /dev/memcg/apps/uid_10018/pid_3713/memory.soft_limit_in_bytes; errno=2
01-15 16:11:43.203 2368 2368 E lowmemorykiller: Error opening /dev/memcg/apps/uid_10018/pid_3713/memory.soft_limit_in_bytes; errno=2
01-15 16:11:44.516 2368 2368 E lowmemorykiller: Error opening /dev/memcg/apps/uid_10018/pid_3590/memory.soft_limit_in_bytes; errno=2
01-15 16:11:44.517 2368 2368 E lowmemorykiller: Error opening /dev/memcg/apps/uid_10018/pid_3713/memory.soft_limit_in_bytes; errno=2
01-15 16:11:44.517 2368 2368 E lowmemorykiller: Error opening /dev/memcg/apps/uid_10046/pid_4204/memory.soft_limit_in_bytes; errno=2
01-15 16:11:44.518 2484 2498 E memtrack: Couldn't load memtrack module
01-15 16:11:44.518 2484 2498 W android.os.Debug: failed to get memory consumption info: -1
01-15 16:11:44.518 2368 2368 E lowmemorykiller: Error opening /dev/memcg/apps/uid_10018/pid_3590/memory.soft_limit_in_bytes; errno=2
01-15 16:11:45.157 2368 2368 E lowmemorykiller: Error opening /dev/memcg/apps/uid_10018/pid_3713/memory.soft_limit_in_bytes; errno=2
01-15 16:11:45.157 2484 4726 W SchedPolicy: add_tid_to_cgroup failed to write '3713' (Permission denied); fd=25
01-15 16:11:45.160 2484 4726 W SchedPolicy: add_tid_to_cgroup failed to write '3590' (Permission denied); fd=25
01-15 16:11:45.161 2368 2368 E lowmemorykiller: Error opening /dev/memcg/apps/uid_10046/pid_4204/memory.soft_limit_in_bytes; errno=2
01-15 16:11:45.162 2368 2368 E lowmemorykiller: Error opening /dev/memcg/apps/uid_10018/pid_3713/memory.soft_limit_in_bytes; errno=2
01-15 16:11:46.087 2484 2499 I ActivityManager: Waited long enough for: ServiceRecord{e223cdd u0 com.android.calendar/.alerts.InitAlarmsService}
01-15 16:11:46.552 3713 4050 I CastNearbyRequest: [FilterRequest] Http request sent to url: https://cast.google.com/cast/nearby/search
01-15 16:11:46.554 2368 2368 E lowmemorykiller: Error opening /dev/memcg/apps/uid_10018/pid_3590/memory.soft_limit_in_bytes; errno=2
01-15 16:11:46.554 2368 2368 E lowmemorykiller: Error opening /dev/memcg/apps/uid_10018/pid_4604/memory.soft_limit_in_bytes; errno=2
01-15 16:11:46.559 2368 2368 E lowmemorykiller: Error opening /dev/memcg/apps/uid_10018/pid_3590/memory.soft_limit_in_bytes; errno=2
01-15 16:11:46.559 3713 4050 W CastNearbyRequest: [FilterRequest] Exception sending HTTP request to https://cast.google.com/cast/nearby/search
01-15 16:11:47.184 2368 2368 E lowmemorykiller: Error opening /dev/memcg/apps/uid_10018/pid_4604/memory.soft_limit_in_bytes; errno=2
01-15 16:11:47.409 2368 2368 E lowmemorykiller: Error opening /dev/memcg/apps/uid_10018/pid_3590/memory.soft_limit_in_bytes; errno=2
01-15 16:11:48.114 2368 2368 I chatty : uid=0(root) /system/bin/lmkd identical 6 lines
01-15 16:11:48.114 2368 2368 E lowmemorykiller: Error opening /dev/memcg/apps/uid_10018/pid_3590/memory.soft_limit_in_bytes; errno=2
01-15 16:11:48.867 2484 2498 E memtrack: Couldn't load memtrack module
01-15 16:11:48.867 2484 2498 W android.os.Debug: failed to get memory consumption info: -1
01-15 16:11:48.880 2484 2498 E memtrack: Couldn't load memtrack module
01-15 16:11:48.880 2484 2498 W android.os.Debug: failed to get memory consumption info: -1
01-15 16:11:50.080 2368 2368 E lowmemorykiller: Error opening /dev/memcg/apps/uid_10018/pid_3590/memory.soft_limit_in_bytes; errno=2
01-15 16:11:50.081 2368 2368 E lowmemorykiller: Error opening /dev/memcg/apps/uid_10018/pid_3590/memory.soft_limit_in_bytes; errno=2
01-15 16:11:50.090 2368 2368 E lowmemorykiller: Error opening /dev/memcg/apps/uid_10018/pid_4604/memory.soft_limit_in_bytes; errno=2
01-15 16:11:50.091 2368 2368 E lowmemorykiller: Error opening /dev/memcg/apps/uid_10018/pid_4604/memory.soft_limit_in_bytes; errno=2
01-15 16:11:50.092 2368 2368 E lowmemorykiller: Error opening /dev/memcg/apps/uid_10028/pid_4018/memory.soft_limit_in_bytes; errno=2
01-15 16:11:50.092 2368 2368 E lowmemorykiller: Error opening /dev/memcg/apps/uid_10071/pid_3657/memory.soft_limit_in_bytes; errno=2
01-15 16:11:50.092 2368 2368 E lowmemorykiller: Error opening /dev/memcg/apps/uid_10057/pid_4360/memory.soft_limit_in_bytes; errno=2
01-15 16:11:50.092 2368 2368 E lowmemorykiller: Error opening /dev/memcg/apps/uid_10046/pid_4204/memory.soft_limit_in_bytes; errno=2
01-15 16:11:50.092 2484 2498 E memtrack: Couldn't load memtrack module
01-15 16:11:50.092 2484 2498 W android.os.Debug: failed to get memory consumption info: -1
01-15 16:11:50.770 4767 4767 I mkdir : type=1400 audit(0.0:570): avc: denied { dac_override } for capability=1 scontext=u:r:shell:s0 tcontext=u:r:shell:s0 tclass=capability permissive=1
01-15 16:11:50.770 4767 4767 I mkdir : type=1400 audit(0.0:571): avc: denied { write } for name="/" dev="tmpfs" ino=8731 scontext=u:r:shell:s0 tcontext=u:object_r:system_data_file:s0 tclass=dir permissive=1
01-15 16:11:51.244 3713 3713 E Backup : [InitializeTransportTask] Timed out in task state: 2 enabled: true bound: false
01-15 16:11:51.247 3713 4104 W zygote64: Long monitor contention with owner [byl] processing com.google.android.gms.backup.component.MigrateCleaner for action com.google.android.chimera.IntentOperation.NEW_MODULE (4082) at void java.lang.Object.wait(long, int)(Object.java:-2) waiters=0 in void byo.run() for 18.942s
01-15 16:11:51.248 3713 4104 V Backup : [MigrateUtil] Clearing migrate temp dir: /data/user/0/com.google.android.gms/files/migrate_dir
01-15 16:11:51.248 2368 2368 E lowmemorykiller: Error opening /dev/memcg/apps/uid_10018/pid_3713/memory.soft_limit_in_bytes; errno=2
01-15 16:11:51.340 2368 2368 E lowmemorykiller: Error opening /dev/memcg/apps/uid_10018/pid_3713/memory.soft_limit_in_bytes; errno=2
01-15 16:11:51.341 2368 2368 E lowmemorykiller: Error opening /dev/memcg/apps/uid_10018/pid_3590/memory.soft_limit_in_bytes; errno=2
01-15 16:11:51.341 2368 2368 E lowmemorykiller: Error opening /dev/memcg/apps/uid_10018/pid_3590/memory.soft_limit_in_bytes; errno=2
01-15 16:11:51.342 3590 4536 I HeterodyneSyncScheduler: Scheduling Phenotype for a PhenotypeSyncImmediately(6, com.google.android.gms.beacon) one off with window [1, 2] in seconds
01-15 16:11:51.348 2368 2368 E lowmemorykiller: Error opening /dev/memcg/apps/uid_10018/pid_3590/memory.soft_limit_in_bytes; errno=2
01-15 16:11:51.348 2484 2499 I ActivityManager: Killing 3922:com.android.managedprovisioning/u0a24 (adj 906): empty #17
01-15 16:11:51.348 2368 2368 E lowmemorykiller: Error opening /dev/memcg/apps/uid_10004/pid_4074/memory.soft_limit_in_bytes; errno=2
01-15 16:11:51.348 2368 2368 E lowmemorykiller: Error opening /dev/memcg/apps/uid_1000/pid_3683/memory.soft_limit_in_bytes; errno=2
01-15 16:11:51.348 2368 2368 E lowmemorykiller: Error opening /dev/memcg/apps/uid_10023/pid_4037/memory.soft_limit_in_bytes; errno=2
01-15 16:11:51.348 2484 2499 I ActivityManager: Killing 4360:com.android.gallery3d/u0a57 (adj 906): empty #18
01-15 16:11:51.348 2368 2368 E lowmemorykiller: Error opening /dev/memcg/apps/uid_10022/pid_4521/memory.soft_limit_in_bytes; errno=2
01-15 16:11:51.348 2368 2368 E lowmemorykiller: Error opening /dev/memcg/apps/uid_10026/pid_4377/memory.soft_limit_in_bytes; errno=2
01-15 16:11:51.348 2368 2368 E lowmemorykiller: Error opening /dev/memcg/apps/uid_10024/pid_3922/memory.soft_limit_in_bytes; errno=2
01-15 16:11:51.348 2368 2368 E lowmemorykiller: Error opening /dev/memcg/apps/uid_10046/pid_4204/memory.soft_limit_in_bytes; errno=2
01-15 16:11:51.348 2484 2501 W system_server: kill(-3922, 9) failed: No such process
01-15 16:11:51.350 2368 2368 E lowmemorykiller: Error opening /dev/memcg/apps/uid_10018/pid_3590/memory.soft_limit_in_bytes; errno=2
01-15 16:11:51.351 2484 2498 E memtrack: Couldn't load memtrack module
01-15 16:11:51.351 2484 2498 W android.os.Debug: failed to get memory consumption info: -1
01-15 16:11:51.351 2368 2368 E lowmemorykiller: Error opening /dev/memcg/apps/uid_10018/pid_3713/memory.soft_limit_in_bytes; errno=2
01-15 16:11:51.352 2484 4044 D PackageManager: Ephemeral installer not found with new action; try old one
01-15 16:11:51.352 2484 4044 D PackageManager: Clear ephemeral installer activity
01-15 16:11:51.352 2484 4044 D PackageManager: Ephemeral installer not found with new action; try old one
01-15 16:11:51.352 2484 4044 D PackageManager: Clear ephemeral installer activity
01-15 16:11:51.352 2484 4044 D PackageManager: Ephemeral installer not found with new action; try old one
01-15 16:11:51.352 2484 4044 D PackageManager: Clear ephemeral installer activity
01-15 16:11:51.352 2484 4044 D PackageManager: Ephemeral installer not found with new action; try old one
01-15 16:11:51.352 2484 4044 D PackageManager: Clear ephemeral installer activity
01-15 16:11:51.353 2484 4044 D PackageManager: Ephemeral installer not found with new action; try old one
01-15 16:11:51.353 2484 4044 D PackageManager: Clear ephemeral installer activity
01-15 16:11:51.353 2484 4044 D PackageManager: Ephemeral installer not found with new action; try old one
01-15 16:11:51.353 2484 4044 D PackageManager: Clear ephemeral installer activity
01-15 16:11:51.353 2484 4499 D PackageManager: Ephemeral installer not found with new action; try old one
01-15 16:11:51.354 2484 4499 D PackageManager: Clear ephemeral installer activity
01-15 16:11:51.354 2484 4499 D PackageManager: Ephemeral installer not found with new action; try old one
01-15 16:11:51.354 2484 4499 D PackageManager: Clear ephemeral installer activity
01-15 16:11:51.354 2484 4499 D PackageManager: Ephemeral installer not found with new action; try old one
01-15 16:11:51.354 2484 4499 D PackageManager: Clear ephemeral installer activity
01-15 16:11:51.355 2484 4044 D PackageManager: Ephemeral installer not found with new action; try old one
01-15 16:11:51.355 2484 4044 D PackageManager: Clear ephemeral installer activity
01-15 16:11:51.353 2368 2368 E lowmemorykiller: Error opening /dev/memcg/apps/uid_10018/pid_3713/memory.soft_limit_in_bytes; errno=2
01-15 16:11:51.358 2368 2368 E lowmemorykiller: Error opening /dev/memcg/apps/uid_10018/pid_3626/memory.soft_limit_in_bytes; errno=2
01-15 16:11:51.360 2368 2368 E lowmemorykiller: Error opening /dev/memcg/apps/uid_10018/pid_3626/memory.soft_limit_in_bytes; errno=2
01-15 16:11:51.360 2368 2368 E lowmemorykiller: Error opening /dev/memcg/apps/uid_10046/pid_4204/memory.soft_limit_in_bytes; errno=2
01-15 16:11:51.361 2368 2368 E lowmemorykiller: Error opening /dev/memcg/apps/uid_10046/pid_4204/memory.soft_limit_in_bytes; errno=2
01-15 16:11:51.361 2368 2368 E lowmemorykiller: Error opening /dev/memcg/apps/uid_10018/pid_3713/memory.soft_limit_in_bytes; errno=2
01-15 16:11:51.361 2368 2368 E lowmemorykiller: Error opening /dev/memcg/apps/uid_10046/pid_4204/memory.soft_limit_in_bytes; errno=2
01-15 16:11:51.363 2368 2368 E lowmemorykiller: Error opening /dev/memcg/apps/uid_10018/pid_3590/memory.soft_limit_in_bytes; errno=2
01-15 16:11:51.365 2368 2368 E lowmemorykiller: Error opening /dev/memcg/apps/uid_10018/pid_3626/memory.soft_limit_in_bytes; errno=2
01-15 16:11:51.367 2368 2368 E lowmemorykiller: Error opening /dev/memcg/apps/uid_10018/pid_3713/memory.soft_limit_in_bytes; errno=2
01-15 16:11:51.367 2368 2368 E lowmemorykiller: Error opening /dev/memcg/apps/uid_10018/pid_3713/memory.soft_limit_in_bytes; errno=2
01-15 16:11:51.367 2368 2368 E lowmemorykiller: Error opening /dev/memcg/apps/uid_10018/pid_3626/memory.soft_limit_in_bytes; errno=2
01-15 16:11:51.368 3713 4772 I CheckinChimeraService: Checking schedule, now: 1516032711368 next: 0
01-15 16:11:51.368 3713 4772 I CheckinChimeraService: active receiver: enabled
01-15 16:11:51.371 2368 2368 E lowmemorykiller: Error opening /dev/memcg/apps/uid_10018/pid_3626/memory.soft_limit_in_bytes; errno=2
01-15 16:11:51.372 2484 4499 D PackageManager: Ephemeral installer not found with new action; try old one
01-15 16:11:51.372 2484 4499 D PackageManager: Clear ephemeral installer activity
01-15 16:11:51.372 2484 3407 D PackageManager: Ephemeral installer not found with new action; try old one
01-15 16:11:51.372 2484 3407 D PackageManager: Clear ephemeral installer activity
01-15 16:11:51.372 2484 3407 D PackageManager: Ephemeral installer not found with new action; try old one
01-15 16:11:51.372 2484 3407 D PackageManager: Clear ephemeral installer activity
01-15 16:11:51.373 2484 3407 D PackageManager: Ephemeral installer not found with new action; try old one
01-15 16:11:51.373 2484 3407 D PackageManager: Clear ephemeral installer activity
01-15 16:11:51.373 2484 4499 D PackageManager: Ephemeral installer not found with new action; try old one
01-15 16:11:51.373 2484 4499 D PackageManager: Clear ephemeral installer activity
01-15 16:11:51.373 2484 4499 D PackageManager: Ephemeral installer not found with new action; try old one
01-15 16:11:51.373 2484 4499 D PackageManager: Clear ephemeral installer activity
01-15 16:11:51.373 3713 4082 I Fido : [FidoInitIntentOperation] Initializing Fido module, InitRuntimeState=12
01-15 16:11:51.374 2484 4499 D PackageManager: Ephemeral installer not found with new action; try old one
01-15 16:11:51.374 2484 4499 D PackageManager: Clear ephemeral installer activity
01-15 16:11:51.375 3713 4082 I Fitness : Module updated. Enabling [com.google.android.gms.fitness.service.wearable.WearableSyncMessageService, com.google.android.gms.fitness.service.wearable.WearableSyncAccountService, com.google.android.gms.fitness.service.wearable.WearableSyncConnectionService, com.google.android.gms.fitness.service.wearable.WearableSyncConfigService, com.google.android.gms.fitness.service.goals.FitGoalsBroker]
01-15 16:11:51.375 2484 3407 D PackageManager: Ephemeral installer not found with new action; try old one
01-15 16:11:51.375 2484 3407 D PackageManager: Clear ephemeral installer activity
01-15 16:11:51.375 2484 3407 D PackageManager: Ephemeral installer not found with new action; try old one
01-15 16:11:51.375 2484 3407 D PackageManager: Clear ephemeral installer activity
01-15 16:11:51.375 2484 3407 D PackageManager: Ephemeral installer not found with new action; try old one
01-15 16:11:51.375 2484 3407 D PackageManager: Clear ephemeral installer activity
