01-15 16:11:30.668 3782 3782 D StrictMode: at android.app.SharedPreferencesImpl.enqueueDiskWrite(SharedPreferencesImpl.java:618)
01-15 16:11:30.668 3782 3782 D StrictMode: at android.app.SharedPreferencesImpl.-wrap0(Unknown Source:0)
01-15 16:11:30.668 3782 3782 D StrictMode: at android.app.SharedPreferencesImpl$EditorImpl.commit(SharedPreferencesImpl.java:534)
01-15 16:11:30.668 3782 3782 D StrictMode: at com.android.providers.contacts.ContactsUpgradeReceiver.onReceive(ContactsUpgradeReceiver.java:77)
01-15 16:11:30.668 3782 3782 D StrictMode: at android.app.ActivityThread.handleReceiver(ActivityThread.java:3187)
01-15 16:11:30.668 3782 3782 D StrictMode: at android.app.ActivityThread.-wrap17(Unknown Source:0)
01-15 16:11:30.668 3782 3782 D StrictMode: at android.app.ActivityThread$H.handleMessage(ActivityThread.java:1672)
01-15 16:11:30.668 3782 3782 D StrictMode: at android.os.Handler.dispatchMessage(Handler.java:106)
01-15 16:11:30.668 3782 3782 D StrictMode: at android.os.Looper.loop(Looper.java:164)
01-15 16:11:30.668 3782 3782 D StrictMode: at android.app.ActivityThread.main(ActivityThread.java:6494)
01-15 16:11:30.668 3782 3782 D StrictMode: at java.lang.reflect.Method.invoke(Native Method)
01-15 16:11:30.668 3782 3782 D StrictMode: at com.android.internal.os.RuntimeInit$MethodAndArgsCaller.run(RuntimeInit.java:463)
01-15 16:11:30.668 3782 3782 D StrictMode: at com.android.internal.os.ZygoteInit.main(ZygoteInit.java:807)
01-15 16:11:30.668 3782 3782 D StrictMode: StrictMode policy violation; ~duration=27 ms: android.os.StrictMode$StrictModeDiskWriteViolation: policy=65599 violation=1
01-15 16:11:30.668 3782 3782 D StrictMode: at android.os.StrictMode$AndroidBlockGuardPolicy.onWriteToDisk(StrictMode.java:1386)
01-15 16:11:30.668 3782 3782 D StrictMode: at java.io.FileOutputStream.(FileOutputStream.java:222)
01-15 16:11:30.668 3782 3782 D StrictMode: at java.io.FileOutputStream.(FileOutputStream.java:171)
01-15 16:11:30.668 3782 3782 D StrictMode: at android.app.SharedPreferencesImpl.createFileOutputStream(SharedPreferencesImpl.java:629)
01-15 16:11:30.668 3782 3782 D StrictMode: at android.app.SharedPreferencesImpl.writeToFile(SharedPreferencesImpl.java:720)
01-15 16:11:30.668 3782 3782 D StrictMode: at android.app.SharedPreferencesImpl.-wrap2(Unknown Source:0)
01-15 16:11:30.668 3782 3782 D StrictMode: at android.app.SharedPreferencesImpl$2.run(SharedPreferencesImpl.java:599)
01-15 16:11:30.668 3782 3782 D StrictMode: at android.app.SharedPreferencesImpl.enqueueDiskWrite(SharedPreferencesImpl.java:618)
01-15 16:11:30.668 3782 3782 D StrictMode: at android.app.SharedPreferencesImpl.-wrap0(Unknown Source:0)
01-15 16:11:30.668 3782 3782 D StrictMode: at android.app.SharedPreferencesImpl$EditorImpl.commit(SharedPreferencesImpl.java:534)
01-15 16:11:30.668 3782 3782 D StrictMode: at com.android.providers.contacts.ContactsUpgradeReceiver.onReceive(ContactsUpgradeReceiver.java:77)
01-15 16:11:30.668 3782 3782 D StrictMode: at android.app.ActivityThread.handleReceiver(ActivityThread.java:3187)
01-15 16:11:30.668 3782 3782 D StrictMode: at android.app.ActivityThread.-wrap17(Unknown Source:0)
01-15 16:11:30.668 3782 3782 D StrictMode: at android.app.ActivityThread$H.handleMessage(ActivityThread.java:1672)
01-15 16:11:30.668 3782 3782 D StrictMode: at android.os.Handler.dispatchMessage(Handler.java:106)
01-15 16:11:30.668 3782 3782 D StrictMode: at android.os.Looper.loop(Looper.java:164)
01-15 16:11:30.668 3782 3782 D StrictMode: at android.app.ActivityThread.main(ActivityThread.java:6494)
01-15 16:11:30.668 3782 3782 D StrictMode: at java.lang.reflect.Method.invoke(Native Method)
01-15 16:11:30.668 3782 3782 D StrictMode: at com.android.internal.os.RuntimeInit$MethodAndArgsCaller.run(RuntimeInit.java:463)
01-15 16:11:30.668 3782 3782 D StrictMode: at com.android.internal.os.ZygoteInit.main(ZygoteInit.java:807)
01-15 16:11:30.668 3782 3782 D StrictMode: StrictMode policy violation; ~duration=26 ms: android.os.StrictMode$StrictModeDiskWriteViolation: policy=65599 violation=1
01-15 16:11:30.668 3782 3782 D StrictMode: at android.os.StrictMode$AndroidBlockGuardPolicy.onWriteToDisk(StrictMode.java:1386)
01-15 16:11:30.668 3782 3782 D StrictMode: at libcore.io.BlockGuardOs.write(BlockGuardOs.java:344)
01-15 16:11:30.668 3782 3782 D StrictMode: at libcore.io.IoBridge.write(IoBridge.java:553)
01-15 16:11:30.668 3782 3782 D StrictMode: at java.io.FileOutputStream.write(FileOutputStream.java:326)
01-15 16:11:30.668 3782 3782 D StrictMode: at com.android.internal.util.FastXmlSerializer.flushBytes(FastXmlSerializer.java:250)
01-15 16:11:30.668 3782 3782 D StrictMode: at com.android.internal.util.FastXmlSerializer.flush(FastXmlSerializer.java:271)
01-15 16:11:30.668 3782 3782 D StrictMode: at com.android.internal.util.FastXmlSerializer.endDocument(FastXmlSerializer.java:216)
01-15 16:11:30.668 3782 3782 D StrictMode: at com.android.internal.util.XmlUtils.writeMapXml(XmlUtils.java:193)
01-15 16:11:30.668 3782 3782 D StrictMode: at android.app.SharedPreferencesImpl.writeToFile(SharedPreferencesImpl.java:730)
01-15 16:11:30.668 3782 3782 D StrictMode: at android.app.SharedPreferencesImpl.-wrap2(Unknown Source:0)
01-15 16:11:30.668 3782 3782 D StrictMode: at android.app.SharedPreferencesImpl$2.run(SharedPreferencesImpl.java:599)
01-15 16:11:30.668 3782 3782 D StrictMode: at android.app.SharedPreferencesImpl.enqueueDiskWrite(SharedPreferencesImpl.java:618)
01-15 16:11:30.668 3782 3782 D StrictMode: at android.app.SharedPreferencesImpl.-wrap0(Unknown Source:0)
01-15 16:11:30.668 3782 3782 D StrictMode: at android.app.SharedPreferencesImpl$EditorImpl.commit(SharedPreferencesImpl.java:534)
01-15 16:11:30.668 3782 3782 D StrictMode: at com.android.providers.contacts.ContactsUpgradeReceiver.onReceive(ContactsUpgradeReceiver.java:77)
01-15 16:11:30.668 3782 3782 D StrictMode: at android.app.ActivityThread.handleReceiver(ActivityThread.java:3187)
01-15 16:11:30.668 3782 3782 D StrictMode: at android.app.ActivityThread.-wrap17(Unknown Source:0)
01-15 16:11:30.668 3782 3782 D StrictMode: at android.app.ActivityThread$H.handleMessage(ActivityThread.java:1672)
01-15 16:11:30.668 3782 3782 D StrictMode: at android.os.Handler.dispatchMessage(Handler.java:106)
01-15 16:11:30.668 3782 3782 D StrictMode: at android.os.Looper.loop(Looper.java:164)
01-15 16:11:30.668 3782 3782 D StrictMode: at android.app.ActivityThread.main(ActivityThread.java:6494)
01-15 16:11:30.668 3782 3782 D StrictMode: at java.lang.reflect.Method.invoke(Native Method)
01-15 16:11:30.668 3782 3782 D StrictMode: at com.android.internal.os.RuntimeInit$MethodAndArgsCaller.run(RuntimeInit.java:463)
01-15 16:11:30.668 3782 3782 D StrictMode: at com.android.internal.os.ZygoteInit.main(ZygoteInit.java:807)
01-15 16:11:30.668 3782 3782 D StrictMode: StrictMode policy violation; ~duration=24 ms: android.os.StrictMode$StrictModeDiskWriteViolation: policy=65599 violation=1
01-15 16:11:30.668 3782 3782 D StrictMode: at android.os.StrictMode$AndroidBlockGuardPolicy.onWriteToDisk(StrictMode.java:1386)
01-15 16:11:30.668 3782 3782 D StrictMode: at libcore.io.BlockGuardOs.chmod(BlockGuardOs.java:77)
01-15 16:11:30.668 3782 3782 D StrictMode: at android.system.Os.chmod(Os.java:87)
01-15 16:11:30.668 3782 3782 D StrictMode: at android.os.FileUtils.setPermissions(FileUtils.java:106)
01-15 16:11:30.668 3782 3782 D StrictMode: at android.app.ContextImpl.setFilePermissionsFromMode(ContextImpl.java:2444)
01-15 16:11:30.668 3782 3782 D StrictMode: at android.app.SharedPreferencesImpl.writeToFile(SharedPreferencesImpl.java:739)
01-15 16:11:30.668 3782 3782 D StrictMode: at android.app.SharedPreferencesImpl.-wrap2(Unknown Source:0)
01-15 16:11:30.668 3782 3782 D StrictMode: at android.app.SharedPreferencesImpl$2.run(SharedPreferencesImpl.java:599)
01-15 16:11:30.668 3782 3782 D StrictMode: at android.app.SharedPreferencesImpl.enqueueDiskWrite(SharedPreferencesImpl.java:618)
01-15 16:11:30.668 3782 3782 D StrictMode: at android.app.SharedPreferencesImpl.-wrap0(Unknown Source:0)
01-15 16:11:30.668 3782 3782 D StrictMode: at android.app.SharedPreferencesImpl$EditorImpl.commit(SharedPreferencesImpl.java:534)
01-15 16:11:30.668 3782 3782 D StrictMode: at com.android.providers.contacts.ContactsUpgradeReceiver.onReceive(ContactsUpgradeReceiver.java:77)
01-15 16:11:30.668 3782 3782 D StrictMode: at android.app.ActivityThread.handleReceiver(ActivityThread.java:3187)
01-15 16:11:30.668 3782 3782 D StrictMode: at android.app.ActivityThread.-wrap17(Unknown Source:0)
01-15 16:11:30.668 3782 3782 D StrictMode: at android.app.ActivityThread$H.handleMessage(ActivityThread.java:1672)
01-15 16:11:30.668 3782 3782 D StrictMode: at android.os.Handler.dispatchMessage(Handler.java:106)
01-15 16:11:30.668 3782 3782 D StrictMode: at android.os.Looper.loop(Looper.java:164)
01-15 16:11:30.668 3782 3782 D StrictMode: at android.app.ActivityThread.main(ActivityThread.java:6494)
01-15 16:11:30.668 3782 3782 D StrictMode: at java.lang.reflect.Method.invoke(Native Method)
01-15 16:11:30.668 3782 3782 D StrictMode: at com.android.internal.os.RuntimeInit$MethodAndArgsCaller.run(RuntimeInit.java:463)
01-15 16:11:30.668 3782 3782 D StrictMode: at com.android.internal.os.ZygoteInit.main(ZygoteInit.java:807)
01-15 16:11:30.668 3782 3782 D StrictMode: StrictMode policy violation; ~duration=23 ms: android.os.StrictMode$StrictModeDiskReadViolation: policy=65599 violation=2
01-15 16:11:30.668 3782 3782 D StrictMode: at android.os.StrictMode$AndroidBlockGuardPolicy.onReadFromDisk(StrictMode.java:1440)
01-15 16:11:30.668 3782 3782 D StrictMode: at libcore.io.BlockGuardOs.stat(BlockGuardOs.java:324)
01-15 16:11:30.668 3782 3782 D StrictMode: at android.system.Os.stat(Os.java:551)
01-15 16:11:30.668 3782 3782 D StrictMode: at android.app.SharedPreferencesImpl.writeToFile(SharedPreferencesImpl.java:746)
01-15 16:11:30.668 3782 3782 D StrictMode: at android.app.SharedPreferencesImpl.-wrap2(Unknown Source:0)
01-15 16:11:30.668 3782 3782 D StrictMode: at android.app.SharedPreferencesImpl$2.run(SharedPreferencesImpl.java:599)
01-15 16:11:30.668 3782 3782 D StrictMode: at android.app.SharedPreferencesImpl.enqueueDiskWrite(SharedPreferencesImpl.java:618)
01-15 16:11:30.668 3782 3782 D StrictMode: at android.app.SharedPreferencesImpl.-wrap0(Unknown Source:0)
01-15 16:11:30.668 3782 3782 D StrictMode: at android.app.SharedPreferencesImpl$EditorImpl.commit(SharedPreferencesImpl.java:534)
01-15 16:11:30.668 3782 3782 D StrictMode: at com.android.providers.contacts.ContactsUpgradeReceiver.onReceive(ContactsUpgradeReceiver.java:77)
01-15 16:11:30.668 3782 3782 D StrictMode: at android.app.ActivityThread.handleReceiver(ActivityThread.java:3187)
01-15 16:11:30.668 3782 3782 D StrictMode: at android.app.ActivityThread.-wrap17(Unknown Source:0)
01-15 16:11:30.668 3782 3782 D StrictMode: at android.app.ActivityThread$H.handleMessage(ActivityThread.java:1672)
01-15 16:11:30.668 3782 3782 D StrictMode: at android.os.Handler.dispatchMessage(Handler.java:106)
01-15 16:11:30.668 3782 3782 D StrictMode: at android.os.Looper.loop(Looper.java:164)
01-15 16:11:30.668 3782 3782 D StrictMode: at android.app.ActivityThread.main(ActivityThread.java:6494)
01-15 16:11:30.668 3782 3782 D StrictMode: at java.lang.reflect.Method.invoke(Native Method)
01-15 16:11:30.668 3782 3782 D StrictMode: at com.android.internal.os.RuntimeInit$MethodAndArgsCaller.run(RuntimeInit.java:463)
01-15 16:11:30.668 3782 3782 D StrictMode: at com.android.internal.os.ZygoteInit.main(ZygoteInit.java:807)
01-15 16:11:30.668 3782 3782 D StrictMode: StrictMode policy violation; ~duration=22 ms: android.os.StrictMode$StrictModeDiskWriteViolation: policy=65599 violation=1
01-15 16:11:30.668 3782 3782 D StrictMode: at android.os.StrictMode$AndroidBlockGuardPolicy.onWriteToDisk(StrictMode.java:1386)
01-15 16:11:30.668 3782 3782 D StrictMode: at java.io.UnixFileSystem.delete(UnixFileSystem.java:294)
01-15 16:11:30.668 3782 3782 D StrictMode: at java.io.File.delete(File.java:1029)
01-15 16:11:30.668 3782 3782 D StrictMode: at android.app.SharedPreferencesImpl.writeToFile(SharedPreferencesImpl.java:760)
01-15 16:11:30.668 3782 3782 D StrictMode: at android.app.SharedPreferencesImpl.-wrap2(Unknown Source:0)
01-15 16:11:30.668 3782 3782 D StrictMode: at android.app.SharedPreferencesImpl$2.run(SharedPreferencesImpl.java:599)
01-15 16:11:30.668 3782 3782 D StrictMode: at android.app.SharedPreferencesImpl.enqueueDiskWrite(SharedPreferencesImpl.java:618)
01-15 16:11:30.668 3782 3782 D StrictMode: at android.app.SharedPreferencesImpl.-wrap0(Unknown Source:0)
01-15 16:11:30.668 3782 3782 D StrictMode: at android.app.SharedPreferencesImpl$EditorImpl.commit(SharedPreferencesImpl.java:534)
01-15 16:11:30.668 3782 3782 D StrictMode: at com.android.providers.contacts.ContactsUpgradeReceiver.onReceive(ContactsUpgradeReceiver.java:77)
01-15 16:11:30.668 3782 3782 D StrictMode: at android.app.ActivityThread.handleReceiver(ActivityThread.java:3187)
01-15 16:11:30.668 3782 3782 D StrictMode: at android.app.ActivityThread.-wrap17(Unknown Source:0)
01-15 16:11:30.668 3782 3782 D StrictMode: at android.app.ActivityThread$H.handleMessage(ActivityThread.java:1672)
01-15 16:11:30.668 3782 3782 D StrictMode: at android.os.Handler.dispatchMessage(Handler.java:106)
01-15 16:11:30.668 3782 3782 D StrictMode: at android.os.Looper.loop(Looper.java:164)
01-15 16:11:30.668 3782 3782 D StrictMode: at android.app.ActivityThread.main(ActivityThread.java:6494)
01-15 16:11:30.668 3782 3782 D StrictMode: at java.lang.reflect.Method.invoke(Native Method)
01-15 16:11:30.668 3782 3782 D StrictMode: at com.android.internal.os.RuntimeInit$MethodAndArgsCaller.run(RuntimeInit.java:463)
01-15 16:11:30.668 3782 3782 D StrictMode: at com.android.internal.os.ZygoteInit.main(ZygoteInit.java:807)
01-15 16:11:30.668 3782 3782 D StrictMode: StrictMode policy violation; ~duration=13 ms: android.os.StrictMode$StrictModeDiskWriteViolation: policy=65599 violation=1
01-15 16:11:30.668 3782 3782 D StrictMode: at android.os.StrictMode$AndroidBlockGuardPolicy.onWriteToDisk(StrictMode.java:1386)
01-15 16:11:30.668 3782 3782 D StrictMode: at android.database.sqlite.SQLiteConnection.applyBlockGuardPolicy(SQLiteConnection.java:1044)
01-15 16:11:30.668 3782 3782 D StrictMode: at android.database.sqlite.SQLiteConnection.executeForLastInsertedRowId(SQLiteConnection.java:780)
01-15 16:11:30.668 3782 3782 D StrictMode: at android.database.sqlite.SQLiteSession.executeForLastInsertedRowId(SQLiteSession.java:788)
01-15 16:11:30.668 3782 3782 D StrictMode: at android.database.sqlite.SQLiteStatement.executeInsert(SQLiteStatement.java:86)
01-15 16:11:30.668 3782 3782 D StrictMode: at android.database.sqlite.SQLiteDatabase.insertWithOnConflict(SQLiteDatabase.java:1548)
01-15 16:11:30.668 3782 3782 D StrictMode: at android.database.sqlite.SQLiteDatabase.replace(SQLiteDatabase.java:1464)
01-15 16:11:30.668 3782 3782 D StrictMode: at com.android.providers.contacts.util.PropertyUtils.setProperty(PropertyUtils.java:77)
01-15 16:11:30.668 3782 3782 D StrictMode: at com.android.providers.contacts.ContactsDatabaseHelper.setProperty(ContactsDatabaseHelper.java:4417)
01-15 16:11:30.668 3782 3782 D StrictMode: at com.android.providers.contacts.ContactsDatabaseHelper.forceDirectoryRescan(ContactsDatabaseHelper.java:4421)
01-15 16:11:30.668 3782 3782 D StrictMode: at com.android.providers.contacts.ContactsUpgradeReceiver.onReceive(ContactsUpgradeReceiver.java:89)
01-15 16:11:30.668 3782 3782 D StrictMode: at android.app.ActivityThread.handleReceiver(ActivityThread.java:3187)
01-15 16:11:30.668 3782 3782 D StrictMode: at android.app.ActivityThread.-wrap17(Unknown Source:0)
01-15 16:11:30.668 3782 3782 D StrictMode: at android.app.ActivityThread$H.handleMessage(ActivityThread.java:1672)
01-15 16:11:30.668 3782 3782 D StrictMode: at android.os.Handler.dispatchMessage(Handler.java:106)
01-15 16:11:30.668 3782 3782 D StrictMode: at android.os.Looper.loop(Looper.java:164)
01-15 16:11:30.668 3782 3782 D StrictMode: at android.app.ActivityThread.main(ActivityThread.java:6494)
01-15 16:11:30.668 3782 3782 D StrictMode: at java.lang.reflect.Method.invoke(Native Method)
01-15 16:11:30.668 3782 3782 D StrictMode: at com.android.internal.os.RuntimeInit$MethodAndArgsCaller.run(RuntimeInit.java:463)
01-15 16:11:30.668 3782 3782 D StrictMode: at com.android.internal.os.ZygoteInit.main(ZygoteInit.java:807)
01-15 16:11:30.668 3782 3782 D StrictMode: StrictMode policy violation; ~duration=12 ms: android.os.StrictMode$StrictModeDiskReadViolation: policy=65599 violation=2
01-15 16:11:30.668 3782 3782 D StrictMode: at android.os.StrictMode$AndroidBlockGuardPolicy.onReadFromDisk(StrictMode.java:1440)
01-15 16:11:30.668 3782 3782 D StrictMode: at android.database.sqlite.SQLiteConnection.applyBlockGuardPolicy(SQLiteConnection.java:1042)
01-15 16:11:30.668 3782 3782 D StrictMode: at android.database.sqlite.SQLiteConnection.executeForCursorWindow(SQLiteConnection.java:843)
01-15 16:11:30.668 3782 3782 D StrictMode: at android.database.sqlite.SQLiteSession.executeForCursorWindow(SQLiteSession.java:836)
01-15 16:11:30.668 3782 3782 D StrictMode: at android.database.sqlite.SQLiteQuery.fillWindow(SQLiteQuery.java:62)
01-15 16:11:30.668 3782 3782 D StrictMode: at android.database.sqlite.SQLiteCursor.fillWindow(SQLiteCursor.java:143)
01-15 16:11:30.668 3782 3782 D StrictMode: at android.database.sqlite.SQLiteCursor.getCount(SQLiteCursor.java:132)
01-15 16:11:30.668 3782 3782 D StrictMode: at android.database.AbstractCursor.moveToPosition(AbstractCursor.java:220)
01-15 16:11:30.668 3782 3782 D StrictMode: at android.database.AbstractCursor.moveToFirst(AbstractCursor.java:259)
01-15 16:11:30.668 3782 3782 D StrictMode: at com.android.providers.contacts.util.PropertyUtils.getProperty(PropertyUtils.java:60)
01-15 16:11:30.668 3782 3782 D StrictMode: at com.android.providers.contacts.ContactsDatabaseHelper.getProperty(ContactsDatabaseHelper.java:4410)
01-15 16:11:30.668 3782 3782 D StrictMode: at com.android.providers.contacts.ContactsDatabaseHelper.needsToUpdateLocaleData(ContactsDatabaseHelper.java:2743)
01-15 16:11:30.668 3782 3782 D StrictMode: at com.android.providers.contacts.ContactsProvider2.needsToUpdateLocaleData(ContactsProvider2.java:1862)
01-15 16:11:30.668 3782 3782 D StrictMode: at com.android.providers.contacts.ContactsProvider2.updateLocaleOffline(ContactsProvider2.java:1914)
01-15 16:11:30.668 3782 3782 D StrictMode: at com.android.providers.contacts.ContactsUpgradeReceiver.onReceive(ContactsUpgradeReceiver.java:94)
01-15 16:11:30.668 3782 3782 D StrictMode: at android.app.ActivityThread.handleReceiver(ActivityThread.java:3187)
01-15 16:11:30.668 3782 3782 D StrictMode: at android.app.ActivityThread.-wrap17(Unknown Source:0)
01-15 16:11:30.668 3782 3782 D StrictMode: at android.app.ActivityThread$H.handleMessage(ActivityThread.java:1672)
01-15 16:11:30.668 3782 3782 D StrictMode: at android.os.Handler.dispatchMessage(Handler.java:106)
01-15 16:11:30.668 3782 3782 D StrictMode: at android.os.Looper.loop(Looper.java:164)
01-15 16:11:30.668 3782 3782 D StrictMode: at android.app.ActivityThread.main(ActivityThread.java:6494)
01-15 16:11:30.668 3782 3782 D StrictMode: at java.lang.reflect.Method.invoke(Native Method)
01-15 16:11:30.668 3782 3782 D StrictMode: at com.android.internal.os.RuntimeInit$MethodAndArgsCaller.run(RuntimeInit.java:463)
01-15 16:11:30.668 3782 3782 D StrictMode: at com.android.internal.os.ZygoteInit.main(ZygoteInit.java:807)
01-15 16:11:30.671 3732 3737 I zygote : After code cache collection, code=55KB, data=32KB
01-15 16:11:30.671 3732 3737 I zygote : Increasing code cache capacity to 256KB
01-15 16:11:30.671 2484 3160 I PreBootBroadcaster: Pre-boot of {com.android.providers.media/com.android.providers.media.MediaUpgradeReceiver} for user 0
01-15 16:11:30.672 2368 2368 E lowmemorykiller: Error opening /dev/memcg/apps/uid_10065/pid_3900/memory.soft_limit_in_bytes; errno=2
01-15 16:11:30.672 2484 2500 W TelecomManager: Telecom Service not found.
01-15 16:11:30.672 2368 2368 E lowmemorykiller: Error opening /dev/memcg/apps/uid_10002/pid_3782/memory.soft_limit_in_bytes; errno=2
01-15 16:11:30.672 2368 2368 E lowmemorykiller: Error opening /dev/memcg/apps/uid_10024/pid_3922/memory.soft_limit_in_bytes; errno=2
01-15 16:11:30.672 2368 2368 E lowmemorykiller: Error opening /dev/memcg/apps/uid_1000/pid_3563/memory.soft_limit_in_bytes; errno=2
01-15 16:11:30.672 2368 2368 E lowmemorykiller: Error opening /dev/memcg/apps/uid_1000/pid_3372/memory.soft_limit_in_bytes; errno=2
01-15 16:11:30.692 2368 2368 E lowmemorykiller: Error opening /dev/memcg/apps/uid_10018/pid_3590/memory.soft_limit_in_bytes; errno=2
01-15 16:11:30.693 2368 2368 E lowmemorykiller: Error opening /dev/memcg/apps/uid_10065/pid_3900/memory.soft_limit_in_bytes; errno=2
01-15 16:11:30.693 3135 3140 I zygote64: Do partial code cache collection, code=124KB, data=83KB
01-15 16:11:30.693 3135 3140 I zygote64: After code cache collection, code=120KB, data=81KB
01-15 16:11:30.693 3135 3140 I zygote64: Increasing code cache capacity to 512KB
01-15 16:11:30.693 2368 2368 E lowmemorykiller: Error opening /dev/memcg/apps/uid_10011/pid_3826/memory.soft_limit_in_bytes; errno=2
01-15 16:11:30.693 2368 2368 E lowmemorykiller: Error opening /dev/memcg/apps/uid_10018/pid_3590/memory.soft_limit_in_bytes; errno=2
01-15 16:11:30.695 2368 2368 E lowmemorykiller: Error opening /dev/memcg/apps/uid_10065/pid_3900/memory.soft_limit_in_bytes; errno=2
01-15 16:11:30.695 2368 2368 E lowmemorykiller: Error opening /dev/memcg/apps/uid_10065/pid_3900/memory.soft_limit_in_bytes; errno=2
01-15 16:11:30.695 2368 2368 E lowmemorykiller: Error opening /dev/memcg/apps/uid_10024/pid_3922/memory.soft_limit_in_bytes; errno=2
01-15 16:11:30.695 2368 2368 E lowmemorykiller: Error opening /dev/memcg/apps/uid_1000/pid_3563/memory.soft_limit_in_bytes; errno=2
01-15 16:11:30.695 2368 2368 E lowmemorykiller: Error opening /dev/memcg/apps/uid_1000/pid_3372/memory.soft_limit_in_bytes; errno=2
01-15 16:11:30.697 4018 4018 W Finsky : [2] com.google.android.finsky.application.FinskyAppImpl.ap(1090): No account configured on this device.
01-15 16:11:30.699 3826 3826 I MediaUpgradeReceiver: ---> Start upgrade of media database external.db
01-15 16:11:30.698 4018 4018 I chatty : uid=10028(com.android.vending) identical 1 line
01-15 16:11:30.699 4018 4018 W Finsky : [2] com.google.android.finsky.application.FinskyAppImpl.ap(1090): No account configured on this device.
01-15 16:11:30.708 3713 3713 I zygote64: Deoptimizing android.content.Intent byx.a(android.content.Intent) due to JIT inline cache
01-15 16:11:30.715 3826 3826 I MediaUpgradeReceiver: <--- Finished upgrade of media database external.db in 16ms
01-15 16:11:30.717 2484 3406 I PreBootBroadcaster: Pre-boot of {com.android.settings/com.android.settings.SettingsInitialize} for user 0
01-15 16:11:30.718 2368 2368 E lowmemorykiller: Error opening /dev/memcg/apps/uid_1000/pid_3390/memory.soft_limit_in_bytes; errno=2
01-15 16:11:30.718 2368 2368 E lowmemorykiller: Error opening /dev/memcg/apps/uid_10011/pid_3826/memory.soft_limit_in_bytes; errno=2
01-15 16:11:30.718 2368 2368 E lowmemorykiller: Error opening /dev/memcg/apps/uid_1000/pid_3563/memory.soft_limit_in_bytes; errno=2
01-15 16:11:30.718 2368 2368 E lowmemorykiller: Error opening /dev/memcg/apps/uid_1000/pid_3372/memory.soft_limit_in_bytes; errno=2
01-15 16:11:30.718 2484 2500 W TelecomManager: Telecom Service not found.
01-15 16:11:30.720 2484 3407 D PackageManager: Ephemeral installer not found with new action; try old one
01-15 16:11:30.720 2484 3407 D PackageManager: Clear ephemeral installer activity
01-15 16:11:30.720 2484 3160 I PreBootBroadcaster: Pre-boot of {com.google.android.googlequicksearchbox/com.google.android.apps.gsa.googlequicksearchbox.GelStubAppWatcher} for user 0
01-15 16:11:30.721 2484 2500 W TelecomManager: Telecom Service not found.
01-15 16:11:30.721 2368 2368 E lowmemorykiller: Error opening /dev/memcg/apps/uid_10037/pid_3732/memory.soft_limit_in_bytes; errno=2
01-15 16:11:30.721 2368 2368 E lowmemorykiller: Error opening /dev/memcg/apps/uid_1000/pid_3390/memory.soft_limit_in_bytes; errno=2
01-15 16:11:30.721 2368 2368 E lowmemorykiller: Error opening /dev/memcg/apps/uid_10018/pid_3963/memory.soft_limit_in_bytes; errno=2
01-15 16:11:30.721 2368 2368 E lowmemorykiller: Error opening /dev/memcg/apps/uid_1000/pid_3563/memory.soft_limit_in_bytes; errno=2
01-15 16:11:30.721 2368 2368 E lowmemorykiller: Error opening /dev/memcg/apps/uid_1000/pid_3372/memory.soft_limit_in_bytes; errno=2
01-15 16:11:30.730 2484 3406 D PackageManager: Ephemeral installer not found with new action; try old one
01-15 16:11:30.730 2484 3406 D PackageManager: Clear ephemeral installer activity
01-15 16:11:30.730 2484 3407 D PackageManager: Ephemeral installer not found with new action; try old one
01-15 16:11:30.730 2484 3407 D PackageManager: Clear ephemeral installer activity
01-15 16:11:30.731 2484 3407 D PackageManager: Ephemeral installer not found with new action; try old one
01-15 16:11:30.731 2484 3407 D PackageManager: Clear ephemeral installer activity
01-15 16:11:30.731 2484 3413 D PackageManager: Ephemeral installer not found with new action; try old one
01-15 16:11:30.731 2484 3413 D PackageManager: Clear ephemeral installer activity
01-15 16:11:30.735 2484 3406 D PackageManager: Ephemeral installer not found with new action; try old one
01-15 16:11:30.735 2484 3406 D PackageManager: Clear ephemeral installer activity
01-15 16:11:30.735 3732 3916 W GStaticConfiguration: No valid gstatic url found.
01-15 16:11:30.740 2484 3413 D PackageManager: Ephemeral installer not found with new action; try old one
01-15 16:11:30.740 2484 3413 D PackageManager: Clear ephemeral installer activity
01-15 16:11:30.743 2484 3406 D PackageManager: Ephemeral installer not found with new action; try old one
01-15 16:11:30.743 2484 3406 D PackageManager: Clear ephemeral installer activity
01-15 16:11:30.751 4018 4018 W Finsky : [2] com.google.android.finsky.application.FinskyAppImpl.ap(1090): No account configured on this device.
01-15 16:11:30.751 2484 3406 D PackageManager: Ephemeral installer not found with new action; try old one
01-15 16:11:30.751 2484 3406 D PackageManager: Clear ephemeral installer activity
01-15 16:11:30.753 2484 3407 D PackageManager: Ephemeral installer not found with new action; try old one
01-15 16:11:30.753 2484 3407 D PackageManager: Clear ephemeral installer activity
01-15 16:11:30.753 2484 3407 D PackageManager: Ephemeral installer not found with new action; try old one
01-15 16:11:30.753 2484 3407 D PackageManager: Clear ephemeral installer activity
01-15 16:11:30.754 4018 4018 I Finsky : [2] com.google.android.finsky.hygiene.DailyHygiene.a(45): No recent hygiene success, needs more hygiene.
01-15 16:11:30.755 4018 4018 W Finsky : [2] com.google.android.finsky.application.FinskyAppImpl.ap(1090): No account configured on this device.
01-15 16:11:30.756 2484 3406 D PackageManager: Ephemeral installer not found with new action; try old one
01-15 16:11:30.756 2484 3406 D PackageManager: Clear ephemeral installer activity
01-15 16:11:30.756 2484 3406 I PreBootBroadcaster: Pre-boot of {com.google.android.gsf/com.google.android.gsf.loginservice.MigrateToAccountManagerBroadcastReceiver} for user 0
01-15 16:11:30.757 2368 2368 E lowmemorykiller: Error opening /dev/memcg/apps/uid_10037/pid_3732/memory.soft_limit_in_bytes; errno=2
01-15 16:11:30.757 2484 2500 W TelecomManager: Telecom Service not found.
01-15 16:11:30.757 3626 3626 D GoogleLoginService: no legacy android id exists to migrate
01-15 16:11:30.758 3626 3626 D GoogleLoginService: skipping migration because /data/user/0/com.google.android.gsf/databases/accounts.db doesn't exist
01-15 16:11:30.758 3626 3626 D GoogleLoginService: disabling the migration script since the migration is complete
01-15 16:11:30.758 4018 4018 W Finsky : [2] com.google.android.finsky.application.FinskyAppImpl.ap(1090): No account configured on this device.
01-15 16:11:30.762 2484 3413 D PackageManager: Ephemeral installer not found with new action; try old one
01-15 16:11:30.762 2484 3413 D PackageManager: Clear ephemeral installer activity
01-15 16:11:30.770 3713 3997 I Ads : Parental control value is stale. Refreshing.
01-15 16:11:30.774 2484 4136 I ActivityManager: Sending BOOT_COMPLETE user #0
01-15 16:11:30.774 2484 2484 W TelecomManager: Telecom Service not found.
01-15 16:11:30.774 2368 2368 E lowmemorykiller: Error opening /dev/memcg/apps/uid_10018/pid_3590/memory.soft_limit_in_bytes; errno=2
01-15 16:11:30.776 2368 2368 E lowmemorykiller: Error opening /dev/memcg/apps/uid_10018/pid_3590/memory.soft_limit_in_bytes; errno=2
01-15 16:11:30.778 4152 4152 W dex2oat : Unexpected CPU variant for X86 using defaults: x86_64
01-15 16:11:30.778 4152 4152 I dex2oat : The ClassLoaderContext is a special shared library.
01-15 16:11:30.778 4152 4152 I dex2oat : /system/bin/dex2oat --dex-file=/data/user_de/0/com.google.android.gms/app_chimera/m/00000000/DynamiteLoader_GmsCore_prodmnc_alldpi_release.apk --output-vdex-fd=43 --oat-fd=44 --oat-location=/data/user_de/0/com.google.android.gms/app_chimera/m/00000000/oat/x86_64/DynamiteLoader_GmsCore_prodmnc_alldpi_release.odex --compiler-filter=quicken --class-loader-context=&
01-15 16:11:30.780 3713 3997 I Ads : Initialized AdMob in container 11.0.55 (480-156917137)
01-15 16:11:30.780 3713 4081 W zygote64: Long monitor contention with owner [byl] processing com.google.android.gms.ads.AdMobInitIntentOperation for action com.google.android.chimera.IntentOperation.NEW_MODULE (3997) at boolean android.os.BinderProxy.transactNative(int, android.os.Parcel, android.os.Parcel, int)(Binder.java:-2) waiters=0 in void byo.run() for 333ms
01-15 16:11:30.790 2484 3406 D PackageManager: Ephemeral installer not found with new action; try old one
01-15 16:11:30.790 2484 3406 D PackageManager: Clear ephemeral installer activity
01-15 16:11:30.791 2484 3407 D PackageManager: Ephemeral installer not found with new action; try old one
01-15 16:11:30.791 2484 3407 D PackageManager: Clear ephemeral installer activity
01-15 16:11:30.793 2484 4136 D PackageManager: Ephemeral installer not found with new action; try old one
01-15 16:11:30.793 2484 4136 D PackageManager: Clear ephemeral installer activity
01-15 16:11:30.803 4018 4018 W Finsky : [2] com.google.android.finsky.application.FinskyAppImpl.ap(1090): No account configured on this device.
01-15 16:11:30.811 4018 4018 W Finsky : [2] com.google.android.finsky.application.FinskyAppImpl.ap(1090): No account configured on this device.
01-15 16:11:30.816 2484 4171 I RecoverySystem: No recovery log file
01-15 16:11:30.816 2484 4171 I BootReceiver: No existing last log timestamp file /data/system/log-files.xml; starting empty
01-15 16:11:30.819 2484 4171 I BootReceiver: Copying audit failures to DropBox
01-15 16:11:30.819 2484 4171 I BootReceiver: Checking for fsck errors
01-15 16:11:30.826 2484 2484 I ActivityManager: Start proc 4172:com.android.dialer/u0a16 for broadcast com.android.dialer/.app.calllog.CallLogReceiver
01-15 16:11:30.829 4172 4172 W zygote64: Unexpected CPU variant for X86 using defaults: x86_64
01-15 16:11:30.831 3713 3726 I zygote64: Background concurrent copying GC freed 17915(1998KB) AllocSpace objects, 4(208KB) LOS objects, 49% free, 3MB/7MB, paused 3.825ms total 164.186ms
01-15 16:11:30.833 2368 2368 E lowmemorykiller: Error opening /dev/memcg/apps/uid_10011/pid_3826/memory.soft_limit_in_bytes; errno=2
01-15 16:11:30.833 2484 4171 W SchedPolicy: add_tid_to_cgroup failed to write '3826' (Permission denied); fd=3
01-15 16:11:30.836 2484 2484 W SchedPolicy: add_tid_to_cgroup failed to write '3826' (Permission denied); fd=25
01-15 16:11:30.836 2368 2368 E lowmemorykiller: Error opening /dev/memcg/apps/uid_10011/pid_3826/memory.soft_limit_in_bytes; errno=2
01-15 16:11:30.836 4018 4018 W Settings: Setting download_manager_max_bytes_over_mobile has moved from android.provider.Settings.Secure to android.provider.Settings.Global.
01-15 16:11:30.837 4018 4018 W Settings: Setting download_manager_recommended_max_bytes_over_mobile has moved from android.provider.Settings.Secure to android.provider.Settings.Global.
01-15 16:11:30.837 3590 4144 I HeterodyneSyncScheduler: Scheduling Phenotype for a PhenotypeSyncImmediately(6, com.google.android.gms) one off with window [1, 2] in seconds
01-15 16:11:30.843 4018 4018 W Finsky : [2] com.google.android.finsky.application.FinskyAppImpl.ap(1090): No account configured on this device.
01-15 16:11:30.845 3590 4160 I HeterodyneSyncScheduler: Scheduling Phenotype for a PhenotypeSyncImmediately(6, com.google.android.gms.wearable) one off with window [1, 2] in seconds
01-15 16:11:30.846 2484 3160 W SchedPolicy: add_tid_to_cgroup failed to write '4172' (Permission denied); fd=25
01-15 16:11:30.846 2368 2368 E lowmemorykiller: Error opening /dev/memcg/apps/uid_10016/pid_4172/memory.soft_limit_in_bytes; errno=2
01-15 16:11:30.847 3732 4138 W zygote : Verification of com.google.android.apps.gsa.sidekick.main.h.d com.google.android.apps.gsa.staticplugins.bm.az.a(com.google.n.b.c.kl, com.google.android.apps.gsa.sidekick.main.h.f) took 105.751ms
01-15 16:11:30.862 4018 4018 W Finsky : [2] com.google.android.finsky.application.FinskyAppImpl.ap(1090): No account configured on this device.
01-15 16:11:30.878 2484 3996 W SchedPolicy: add_tid_to_cgroup failed to write '3826' (Permission denied); fd=3
01-15 16:11:30.867 4018 4018 I chatty : uid=10028(com.android.vending) identical 1 line
01-15 16:11:30.874 4018 4018 W Finsky : [2] com.google.android.finsky.application.FinskyAppImpl.ap(1090): No account configured on this device.
01-15 16:11:30.878 2368 2368 E lowmemorykiller: Error opening /dev/memcg/apps/uid_10011/pid_3826/memory.soft_limit_in_bytes; errno=2
01-15 16:11:30.880 3732 3917 I WebViewFactory: Loading com.android.webview version 61.0.3163.98 (code 316409860)
01-15 16:11:30.894 2484 3406 D PackageManager: Ephemeral installer not found with new action; try old one
01-15 16:11:30.894 2484 3406 D PackageManager: Clear ephemeral installer activity
01-15 16:11:30.895 4172 4172 I Dialer : NonUiTaskBuilder.newThread - creating parallel thread
01-15 16:11:30.899 4172 4172 I Dialer : CallLogFramework.registerContentObservers - enter
01-15 16:11:30.899 4018 4018 W Finsky : [2] com.google.android.finsky.application.FinskyAppImpl.ap(1090): No account configured on this device.
01-15 16:11:30.903 4018 4018 W Finsky : [2] com.google.android.finsky.application.FinskyAppImpl.ap(1090): No account configured on this device.
01-15 16:11:30.904 4172 4172 I Dialer : CallLogFramework.registerContentObservers - new call log not enabled
01-15 16:11:30.905 4018 4018 W Finsky : [2] com.google.android.finsky.application.FinskyAppImpl.ap(1090): No account configured on this device.
01-15 16:11:30.907 4018 4018 I chatty : uid=10028(com.android.vending) identical 2 lines
01-15 16:11:30.908 4018 4018 W Finsky : [2] com.google.android.finsky.application.FinskyAppImpl.ap(1090): No account configured on this device.
01-15 16:11:30.912 4172 4172 I Dialer : NotificationChannelManager.initChannels - doing an expensive initialization of all notification channels
01-15 16:11:30.912 4018 4018 W Finsky : [2] com.google.android.finsky.application.FinskyAppImpl.ap(1090): No account configured on this device.
01-15 16:11:30.912 4172 4172 I Dialer : NotificationChannelManager.initChannels - desired channel IDs: {phone_ongoing_call, phone_incoming_call, phone_voicemail, phone_missed_call, phone_default}
01-15 16:11:30.912 4172 4172 I Dialer : NotificationChannelManager.initChannels - existing channel IDs: {}
01-15 16:11:30.919 2484 3996 D PackageManager: Ephemeral installer not found with new action; try old one
01-15 16:11:30.919 2484 3996 D PackageManager: Clear ephemeral installer activity
01-15 16:11:30.920 2484 3996 D PackageManager: Ephemeral installer not found with new action; try old one
01-15 16:11:30.920 2484 3996 D PackageManager: Clear ephemeral installer activity
01-15 16:11:30.922 4018 4018 W Finsky : [2] com.google.android.finsky.application.FinskyAppImpl.ap(1090): No account configured on this device.
01-15 16:11:30.925 4018 4018 I chatty : uid=10028(com.android.vending) identical 1 line
01-15 16:11:30.926 4018 4018 W Finsky : [2] com.google.android.finsky.application.FinskyAppImpl.ap(1090): No account configured on this device.
01-15 16:11:30.927 4172 4172 W TelecomManager: Telecom Service not found.
01-15 16:11:30.927 4172 4172 I Dialer : VoicemailChannelUtils.createGlobalVoicemailChannel - phone account is null, not migrating sound settings
01-15 16:11:30.933 2484 3996 D PackageManager: Ephemeral installer not found with new action; try old one
01-15 16:11:30.934 2484 3996 D PackageManager: Clear ephemeral installer activity
01-15 16:11:30.935 2484 3996 D PackageManager: Ephemeral installer not found with new action; try old one
01-15 16:11:30.935 2484 3996 D PackageManager: Clear ephemeral installer activity
01-15 16:11:30.935 2484 3996 D PackageManager: Ephemeral installer not found with new action; try old one
01-15 16:11:30.935 2484 3996 D PackageManager: Clear ephemeral installer activity
01-15 16:11:30.936 2484 4044 D PackageManager: Ephemeral installer not found with new action; try old one
01-15 16:11:30.936 2484 4044 D PackageManager: Clear ephemeral installer activity
01-15 16:11:30.936 2484 3996 D PackageManager: Ephemeral installer not found with new action; try old one
01-15 16:11:30.936 2484 3996 D PackageManager: Clear ephemeral installer activity
01-15 16:11:30.936 2484 4044 D PackageManager: Ephemeral installer not found with new action; try old one
01-15 16:11:30.936 2484 4044 D PackageManager: Clear ephemeral installer activity
01-15 16:11:30.936 4172 4172 W TelecomManager: Telecom Service not found.
01-15 16:11:30.936 4172 4172 W Dialer : TelecomUtil - Dialer is not currently set to be default dialer
01-15 16:11:30.936 4172 4172 I Dialer : VisualVoicemailUpdateTask.scheduleTask - not default dialer, not running
01-15 16:11:30.937 2368 2368 E lowmemorykiller: Error opening /dev/memcg/apps/uid_10016/pid_4172/memory.soft_limit_in_bytes; errno=2
01-15 16:11:30.937 3358 3358 D CarrierConfigLoader: mHandler: 13 phoneId: 0
01-15 16:11:30.937 2368 2368 E lowmemorykiller: Error opening /dev/memcg/apps/uid_10004/pid_4074/memory.soft_limit_in_bytes; errno=2
01-15 16:11:30.937 2368 2368 E lowmemorykiller: Error opening /dev/memcg/apps/uid_10061/pid_3870/memory.soft_limit_in_bytes; errno=2
01-15 16:11:30.937 2368 2368 E lowmemorykiller: Error opening /dev/memcg/apps/uid_10053/pid_3460/memory.soft_limit_in_bytes; errno=2
01-15 16:11:30.938 2484 3407 D PackageManager: Ephemeral installer not found with new action; try old one
01-15 16:11:30.938 2484 3407 D PackageManager: Clear ephemeral installer activity
01-15 16:11:30.939 4018 4018 W Finsky : [2] com.google.android.finsky.application.FinskyAppImpl.ap(1090): No account configured on this device.
01-15 16:11:30.941 4018 4018 I chatty : uid=10028(com.android.vending) identical 2 lines
01-15 16:11:30.941 4018 4018 W Finsky : [2] com.google.android.finsky.application.FinskyAppImpl.ap(1090): No account configured on this device.
01-15 16:11:30.943 4172 4195 W TelecomManager: Telecom Service not found.
01-15 16:11:30.943 4172 4195 I Dialer : BlockedNumbersAutoMigrator - not attempting auto-migrate: current user can't block
01-15 16:11:30.944 4204 4204 W zygote64: Unexpected CPU variant for X86 using defaults: x86_64
01-15 16:11:30.949 2484 4044 I ActivityManager: Start proc 4204:com.android.calendar/u0a46 for broadcast com.android.calendar/.UpgradeReceiver
01-15 16:11:30.956 2368 2368 E lowmemorykiller: Error opening /dev/memcg/apps/uid_10018/pid_3590/memory.soft_limit_in_bytes; errno=2
01-15 16:11:30.957 2368 2368 I chatty : uid=0(root) /system/bin/lmkd identical 1 line
01-15 16:11:30.959 2368 2368 E lowmemorykiller: Error opening /dev/memcg/apps/uid_10018/pid_3590/memory.soft_limit_in_bytes; errno=2
01-15 16:11:30.962 2368 2368 E lowmemorykiller: Error opening /dev/memcg/apps/uid_10046/pid_4204/memory.soft_limit_in_bytes; errno=2
01-15 16:11:30.962 2484 2495 W SchedPolicy: add_tid_to_cgroup failed to write '4204' (Permission denied); fd=25
01-15 16:11:30.962 2368 2368 E lowmemorykiller: Error opening /dev/memcg/apps/uid_10004/pid_4074/memory.soft_limit_in_bytes; errno=2
01-15 16:11:30.963 2368 2368 E lowmemorykiller: Error opening /dev/memcg/apps/uid_10061/pid_3870/memory.soft_limit_in_bytes; errno=2
01-15 16:11:30.963 2368 2368 E lowmemorykiller: Error opening /dev/memcg/apps/uid_1000/pid_3563/memory.soft_limit_in_bytes; errno=2
01-15 16:11:30.963 2368 2368 E lowmemorykiller: Error opening /dev/memcg/apps/uid_10053/pid_3460/memory.soft_limit_in_bytes; errno=2
01-15 16:11:30.963 2368 2368 E lowmemorykiller: Error opening /dev/memcg/apps/uid_1000/pid_3372/memory.soft_limit_in_bytes; errno=2
01-15 16:11:30.965 3713 4082 I Auth : [WorkAccount] update authenticator enabled for boot or update
01-15 16:11:30.968 3713 4082 I Auth : [WorkAccount] updating authenticator enabled state to: false
01-15 16:11:30.969 2484 3406 D PackageManager: Ephemeral installer not found with new action; try old one
01-15 16:11:30.969 2484 3406 D PackageManager: Clear ephemeral installer activity
01-15 16:11:30.969 2368 2368 E lowmemorykiller: Error opening /dev/memcg/apps/uid_10004/pid_4074/memory.soft_limit_in_bytes; errno=2
01-15 16:11:30.969 2368 2368 E lowmemorykiller: Error opening /dev/memcg/apps/uid_10061/pid_3870/memory.soft_limit_in_bytes; errno=2
01-15 16:11:30.969 2368 2368 E lowmemorykiller: Error opening /dev/memcg/apps/uid_1000/pid_3563/memory.soft_limit_in_bytes; errno=2
01-15 16:11:30.969 2368 2368 E lowmemorykiller: Error opening /dev/memcg/apps/uid_10053/pid_3460/memory.soft_limit_in_bytes; errno=2
01-15 16:11:30.969 2368 2368 E lowmemorykiller: Error opening /dev/memcg/apps/uid_1000/pid_3372/memory.soft_limit_in_bytes; errno=2
01-15 16:11:30.970 3590 4218 I Auth : [Change,AccountsChange] First snapshot
01-15 16:11:30.980 4018 4018 W Finsky : [2] com.google.android.finsky.application.FinskyAppImpl.ap(1090): No account configured on this device.
01-15 16:11:30.980 4018 4018 W Finsky : [2] com.google.android.finsky.application.FinskyAppImpl.a(837): No account configured on this device.
01-15 16:11:30.982 4018 4018 W Finsky : [2] com.google.android.finsky.application.FinskyAppImpl.ap(1090): No account configured on this device.
01-15 16:11:30.985 4018 4018 I chatty : uid=10028(com.android.vending) identical 4 lines
01-15 16:11:30.985 4018 4018 W Finsky : [2] com.google.android.finsky.application.FinskyAppImpl.ap(1090): No account configured on this device.
01-15 16:11:30.986 3590 4218 W WakefulBroadcastReceiver: No active wake lock id #1
01-15 16:11:30.989 4018 4018 W Finsky : [2] com.google.android.finsky.application.FinskyAppImpl.ap(1090): No account configured on this device.
01-15 16:11:30.989 4018 4018 I Finsky : [2] com.google.android.finsky.utils.bj.onTrimMemory(2): Memory trim requested to level 5
01-15 16:11:30.991 4018 4018 I Finsky : [2] com.google.android.finsky.services.AdIdListener.onCreate(3): AdId refresh
01-15 16:11:30.998 4018 4190 W Finsky : [145] com.google.android.finsky.application.FinskyAppImpl.ap(1090): No account configured on this device.
01-15 16:11:31.001 3732 4013 W zygote : Long monitor contention with owner NonUserFacing4 (4014) at boolean com.google.android.apps.gsa.search.core.u.c.a.Qs()(SourceFile:15) waiters=0 in boolean com.google.android.apps.gsa.search.core.u.c.a.Qs() for 132ms
01-15 16:11:31.005 4018 4143 W Finsky : [137] com.google.android.finsky.application.FinskyAppImpl.ap(1090): No account configured on this device.
01-15 16:11:31.021 4204 4204 D ExtensionsFactory: No custom extensions.
01-15 16:11:31.022 2484 3407 D PackageManager: Ephemeral installer not found with new action; try old one
01-15 16:11:31.022 2484 3407 D PackageManager: Clear ephemeral installer activity
01-15 16:11:31.033 2484 3996 D PackageManager: Ephemeral installer not found with new action; try old one
01-15 16:11:31.034 2484 3996 D PackageManager: Clear ephemeral installer activity
01-15 16:11:31.048 4204 4204 D AlertReceiver: onReceive: a=android.intent.action.BOOT_COMPLETED Intent { act=android.intent.action.BOOT_COMPLETED flg=0x9000010 cmp=com.android.calendar/.alerts.AlertReceiver (has extras) }
01-15 16:11:31.050 2484 4044 D PackageManager: Ephemeral installer not found with new action; try old one
01-15 16:11:31.050 2484 4044 D PackageManager: Clear ephemeral installer activity
01-15 16:11:31.053 3713 3997 I Authzen : [DeviceStateSyncManager] First time initialization of DeviceStateSyncManager.
01-15 16:11:31.054 2484 3996 W SchedPolicy: add_tid_to_cgroup failed to write '3826' (Permission denied); fd=25
01-15 16:11:31.054 2368 2368 E lowmemorykiller: Error opening /dev/memcg/apps/uid_10011/pid_3826/memory.soft_limit_in_bytes; errno=2
01-15 16:11:31.055 2484 2495 D PackageManager: Ephemeral installer not found with new action; try old one
01-15 16:11:31.055 2484 2495 D PackageManager: Clear ephemeral installer activity
01-15 16:11:31.061 3713 3713 D AdvertisingIdNS: Notifying advertising info update event for package com.android.vending
01-15 16:11:31.062 2484 2495 D PackageManager: Ephemeral installer not found with new action; try old one
01-15 16:11:31.062 2484 2495 D PackageManager: Clear ephemeral installer activity
01-15 16:11:31.063 4018 4018 W Finsky : [2] com.google.android.finsky.application.FinskyAppImpl.ap(1090): No account configured on this device.
01-15 16:11:31.064 4018 4018 W Finsky : [2] com.google.android.finsky.application.FinskyAppImpl.ap(1090): No account configured on this device.
01-15 16:11:31.066 4018 4236 I Finsky : [150] com.google.android.finsky.services.AdIdListener.a(12): AdId change: id (hash)=441249606 limit=false
01-15 16:11:31.066 4204 4204 D AlertUtils: Flushing old alerts from shared prefs table
01-15 16:11:31.066 4240 4240 W zygote64: Unexpected CPU variant for X86 using defaults: x86_64
01-15 16:11:31.066 4204 4235 D AlertService: 0 Action = android.intent.action.BOOT_COMPLETED
01-15 16:11:31.068 2484 3407 I ActivityManager: Start proc 4240:com.android.camera2/u0a49 for broadcast com.android.camera2/com.android.camera.DisableCameraReceiver
01-15 16:11:31.070 4018 4202 W Finsky : [147] com.google.android.finsky.application.FinskyAppImpl.ap(1090): No account configured on this device.
01-15 16:11:31.078 2368 2368 E lowmemorykiller: Error opening /dev/memcg/apps/uid_10075/pid_3612/memory.soft_limit_in_bytes; errno=2
01-15 16:11:31.079 2484 3160 W SchedPolicy: add_tid_to_cgroup failed to write '3612' (Permission denied); fd=3
01-15 16:11:31.080 2368 2368 E lowmemorykiller: Error opening /dev/memcg/apps/uid_10053/pid_3460/memory.soft_limit_in_bytes; errno=2
01-15 16:11:31.082 2484 3160 D PackageManager: Ephemeral installer not found with new action; try old one
01-15 16:11:31.082 2484 3160 D PackageManager: Clear ephemeral installer activity
01-15 16:11:31.087 4204 4235 D AlertService: Scheduling next alarm with AlarmScheduler. sEventReminderReceived: null
01-15 16:11:31.090 2368 2368 E lowmemorykiller: Error opening /dev/memcg/apps/uid_10004/pid_4074/memory.soft_limit_in_bytes; errno=2
01-15 16:11:31.090 2368 2368 E lowmemorykiller: Error opening /dev/memcg/apps/uid_10061/pid_3870/memory.soft_limit_in_bytes; errno=2
01-15 16:11:31.090 2368 2368 E lowmemorykiller: Error opening /dev/memcg/apps/uid_1000/pid_3372/memory.soft_limit_in_bytes; errno=2
01-15 16:11:31.091 2484 3413 D PackageManager: Ephemeral installer not found with new action; try old one
01-15 16:11:31.091 2484 3413 D PackageManager: Clear ephemeral installer activity
01-15 16:11:31.092 2368 2368 E lowmemorykiller: Error opening /dev/memcg/apps/uid_10075/pid_3612/memory.soft_limit_in_bytes; errno=2
01-15 16:11:31.102 2484 3150 W SchedPolicy: add_tid_to_cgroup failed to write '4240' (Permission denied); fd=25
01-15 16:11:31.102 2368 2368 E lowmemorykiller: Error opening /dev/memcg/apps/uid_10049/pid_4240/memory.soft_limit_in_bytes; errno=2
01-15 16:11:31.102 3713 3997 I Backup : [PreLComponentEnabler] Disabling pre-L components
01-15 16:11:31.103 2368 2368 E lowmemorykiller: Error opening /dev/memcg/apps/uid_10046/pid_4204/memory.soft_limit_in_bytes; errno=2
01-15 16:11:31.104 4018 4202 I Finsky : [147] com.google.android.finsky.contentfilter.impl.q.a(8): Received content filters request from sharedUserId=com.google.uid.shared:10018
01-15 16:11:31.105 4018 4202 W Finsky : [147] com.google.android.finsky.application.FinskyAppImpl.ap(1090): No account configured on this device.
01-15 16:11:31.106 3590 3590 I WearableService: onCreate - Wear is not available on this device.
01-15 16:11:31.106 4018 4018 I Finsky : [2] com.google.android.finsky.g.a.a.a(14): result=false type=4
01-15 16:11:31.107 3713 3713 I Ads : Successfully received play store parental controls the result.
01-15 16:11:31.107 2484 2496 W SchedPolicy: add_tid_to_cgroup failed to write '4018' (Permission denied); fd=25
01-15 16:11:31.107 2368 2368 E lowmemorykiller: Error opening /dev/memcg/apps/uid_10004/pid_4074/memory.soft_limit_in_bytes; errno=2
01-15 16:11:31.107 2368 2368 E lowmemorykiller: Error opening /dev/memcg/apps/uid_10011/pid_3826/memory.soft_limit_in_bytes; errno=2
01-15 16:11:31.113 2368 2368 E lowmemorykiller: Error opening /dev/memcg/apps/uid_10018/pid_3590/memory.soft_limit_in_bytes; errno=2
01-15 16:11:31.113 2368 2368 E lowmemorykiller: Error opening /dev/memcg/apps/uid_10004/pid_4074/memory.soft_limit_in_bytes; errno=2
01-15 16:11:31.115 4018 4018 W Finsky : [2] com.google.android.finsky.application.FinskyAppImpl.ap(1090): No account configured on this device.
01-15 16:11:31.118 4240 4240 V CAM_Profiler: [ 0.000ms][ui] GUARD: CameraApp onCreate() - START
