01-15 16:11:52.554 3713 4788 E SystemUpdateService: Failed to call RecoverySystem.cancelScheduledUpdate
01-15 16:11:52.554 3713 4788 E SystemUpdateService: java.lang.reflect.InvocationTargetException
01-15 16:11:52.554 3713 4788 E SystemUpdateService: at java.lang.reflect.Method.invoke(Native Method)
01-15 16:11:52.554 3713 4788 E SystemUpdateService: at wrt.c(:com.google.android.gms:1)
01-15 16:11:52.554 3713 4788 E SystemUpdateService: at aeyr.d(:com.google.android.gms:0)
01-15 16:11:52.554 3713 4788 E SystemUpdateService: at aeyr.p(:com.google.android.gms:4)
01-15 16:11:52.554 3713 4788 E SystemUpdateService: at aeyr.a(:com.google.android.gms:119)
01-15 16:11:52.554 3713 4788 E SystemUpdateService: at aeyr.doInBackground(:com.google.android.gms:1)
01-15 16:11:52.554 3713 4788 E SystemUpdateService: at android.os.AsyncTask$2.call(AsyncTask.java:333)
01-15 16:11:52.554 3713 4788 E SystemUpdateService: at java.util.concurrent.FutureTask.run(FutureTask.java:266)
01-15 16:11:52.554 3713 4788 E SystemUpdateService: at java.lang.Thread.run(Thread.java:764)
01-15 16:11:52.554 3713 4788 E SystemUpdateService: Caused by: java.io.IOException: cancel scheduled update failed
01-15 16:11:52.554 3713 4788 E SystemUpdateService: at android.os.RecoverySystem.cancelScheduledUpdate(RecoverySystem.java:668)
01-15 16:11:52.554 3713 4788 E SystemUpdateService: ... 9 more
01-15 16:11:52.555 3713 4788 E SystemUpdateTask: exception trying to cancel scheduled update
01-15 16:11:52.555 3713 4788 E SystemUpdateTask: java.io.IOException: Failed to invoke RecoverySystem.cancelScheduledUpdate
01-15 16:11:52.555 3713 4788 E SystemUpdateTask: at wrt.c(:com.google.android.gms:3)
01-15 16:11:52.555 3713 4788 E SystemUpdateTask: at aeyr.d(:com.google.android.gms:0)
01-15 16:11:52.555 3713 4788 E SystemUpdateTask: at aeyr.p(:com.google.android.gms:4)
01-15 16:11:52.555 3713 4788 E SystemUpdateTask: at aeyr.a(:com.google.android.gms:119)
01-15 16:11:52.555 3713 4788 E SystemUpdateTask: at aeyr.doInBackground(:com.google.android.gms:1)
01-15 16:11:52.555 3713 4788 E SystemUpdateTask: at android.os.AsyncTask$2.call(AsyncTask.java:333)
01-15 16:11:52.555 3713 4788 E SystemUpdateTask: at java.util.concurrent.FutureTask.run(FutureTask.java:266)
01-15 16:11:52.555 3713 4788 E SystemUpdateTask: at java.lang.Thread.run(Thread.java:764)
01-15 16:11:52.558 2368 2368 E lowmemorykiller: Error opening /dev/memcg/apps/uid_10018/pid_3713/memory.soft_limit_in_bytes; errno=2
01-15 16:11:53.129 2484 2535 W SchedPolicy: add_tid_to_cgroup failed to write '3713' (Permission denied); fd=3
01-15 16:11:53.129 2484 2535 W SchedPolicy: add_tid_to_cgroup failed to write '3590' (Permission denied); fd=3
01-15 16:11:52.562 2368 2368 I chatty : uid=0(root) /system/bin/lmkd identical 1 line
01-15 16:11:53.129 2368 2368 E lowmemorykiller: Error opening /dev/memcg/apps/uid_10018/pid_3713/memory.soft_limit_in_bytes; errno=2
01-15 16:11:53.130 2368 2368 E lowmemorykiller: Error opening /dev/memcg/apps/uid_10046/pid_4204/memory.soft_limit_in_bytes; errno=2
01-15 16:11:53.132 2368 2368 E lowmemorykiller: Error opening /dev/memcg/apps/uid_10046/pid_4204/memory.soft_limit_in_bytes; errno=2
01-15 16:11:53.134 2368 2368 E lowmemorykiller: Error opening /dev/memcg/apps/uid_10018/pid_3713/memory.soft_limit_in_bytes; errno=2
01-15 16:11:53.134 2484 2495 W SchedPolicy: add_tid_to_cgroup failed to write '3713' (Permission denied); fd=25
01-15 16:11:53.134 2368 2368 E lowmemorykiller: Error opening /dev/memcg/apps/uid_10011/pid_3826/memory.soft_limit_in_bytes; errno=2
01-15 16:11:53.135 2484 3311 W SchedPolicy: add_tid_to_cgroup failed to write '3590' (Permission denied); fd=25
01-15 16:11:53.135 2368 2368 E lowmemorykiller: Error opening /dev/memcg/apps/uid_10018/pid_4604/memory.soft_limit_in_bytes; errno=2
01-15 16:11:53.135 2368 2368 E lowmemorykiller: Error opening /dev/memcg/apps/uid_10011/pid_3826/memory.soft_limit_in_bytes; errno=2
01-15 16:11:53.135 2368 2368 E lowmemorykiller: Error opening /dev/memcg/apps/uid_10011/pid_3826/memory.soft_limit_in_bytes; errno=2
01-15 16:11:53.136 2368 2368 E lowmemorykiller: Error opening /dev/memcg/apps/uid_10018/pid_4604/memory.soft_limit_in_bytes; errno=2
01-15 16:11:53.136 2368 2368 E lowmemorykiller: Error opening /dev/memcg/apps/uid_10011/pid_3826/memory.soft_limit_in_bytes; errno=2
01-15 16:11:53.147 2368 2368 I chatty : uid=0(root) /system/bin/lmkd identical 11 lines
01-15 16:11:53.147 2368 2368 E lowmemorykiller: Error opening /dev/memcg/apps/uid_10011/pid_3826/memory.soft_limit_in_bytes; errno=2
01-15 16:11:53.151 3713 4831 I iu.UploadsManager: End new media; added: 0, uploading: 0, time: 17 ms
01-15 16:11:53.151 2368 2368 E lowmemorykiller: Error opening /dev/memcg/apps/uid_10011/pid_3826/memory.soft_limit_in_bytes; errno=2
01-15 16:11:53.152 2368 2368 E lowmemorykiller: Error opening /dev/memcg/apps/uid_10018/pid_3713/memory.soft_limit_in_bytes; errno=2
01-15 16:11:53.152 2368 2368 E lowmemorykiller: Error opening /dev/memcg/apps/uid_10018/pid_3713/memory.soft_limit_in_bytes; errno=2
01-15 16:11:54.724 3590 4798 I NearbyDirect: MagicPairScanner: BluetoothLeScanner is null, Bluetooth might be off. Enabled=false
01-15 16:11:55.955 2371 2371 I sh : type=1400 audit(0.0:578): avc: denied { dac_read_search } for capability=2 scontext=u:r:shell:s0 tcontext=u:r:shell:s0 tclass=capability permissive=1
01-15 16:11:56.505 2368 2368 E lowmemorykiller: Error opening /dev/memcg/apps/uid_10018/pid_3590/memory.soft_limit_in_bytes; errno=2
01-15 16:11:56.508 2368 2368 E lowmemorykiller: Error opening /dev/memcg/apps/uid_10018/pid_3590/memory.soft_limit_in_bytes; errno=2
01-15 16:11:56.548 2368 2368 E lowmemorykiller: Error opening /dev/memcg/apps/uid_10018/pid_3713/memory.soft_limit_in_bytes; errno=2
01-15 16:11:56.549 2368 2368 E lowmemorykiller: Error opening /dev/memcg/apps/uid_10046/pid_4204/memory.soft_limit_in_bytes; errno=2
01-15 16:11:56.550 2368 2368 E lowmemorykiller: Error opening /dev/memcg/apps/uid_10018/pid_3713/memory.soft_limit_in_bytes; errno=2
01-15 16:11:56.678 2368 2368 E lowmemorykiller: Error opening /dev/memcg/apps/uid_10018/pid_3590/memory.soft_limit_in_bytes; errno=2
01-15 16:11:56.679 2368 2368 E lowmemorykiller: Error opening /dev/memcg/apps/uid_10018/pid_4604/memory.soft_limit_in_bytes; errno=2
01-15 16:11:56.679 2368 2368 E lowmemorykiller: Error opening /dev/memcg/apps/uid_10046/pid_4204/memory.soft_limit_in_bytes; errno=2
01-15 16:11:56.679 2368 2368 E lowmemorykiller: Error opening /dev/memcg/apps/uid_10018/pid_3590/memory.soft_limit_in_bytes; errno=2
01-15 16:11:56.686 2368 2368 E lowmemorykiller: Error opening /dev/memcg/apps/uid_10018/pid_3590/memory.soft_limit_in_bytes; errno=2
01-15 16:11:56.686 2368 2368 E lowmemorykiller: Error opening /dev/memcg/apps/uid_10018/pid_4604/memory.soft_limit_in_bytes; errno=2
01-15 16:11:56.688 2368 2368 E lowmemorykiller: Error opening /dev/memcg/apps/uid_10018/pid_3590/memory.soft_limit_in_bytes; errno=2
01-15 16:11:56.726 2368 2368 I chatty : uid=0(root) /system/bin/lmkd identical 1 line
01-15 16:11:56.730 2368 2368 E lowmemorykiller: Error opening /dev/memcg/apps/uid_10018/pid_3590/memory.soft_limit_in_bytes; errno=2
01-15 16:11:58.274 2484 4832 I BackgroundDexOptService: Pinning optimized code {}
01-15 16:11:58.631 2368 2368 E lowmemorykiller: Error opening /dev/memcg/apps/uid_10018/pid_4604/memory.soft_limit_in_bytes; errno=2
01-15 16:11:58.633 2368 2368 E lowmemorykiller: Error opening /dev/memcg/apps/uid_10018/pid_4604/memory.soft_limit_in_bytes; errno=2
01-15 16:11:58.633 2368 2368 E lowmemorykiller: Error opening /dev/memcg/apps/uid_1000/pid_3683/memory.soft_limit_in_bytes; errno=2
01-15 16:11:58.633 2368 2368 E lowmemorykiller: Error opening /dev/memcg/apps/uid_10023/pid_4037/memory.soft_limit_in_bytes; errno=2
01-15 16:11:58.633 2368 2368 E lowmemorykiller: Error opening /dev/memcg/apps/uid_10026/pid_4377/memory.soft_limit_in_bytes; errno=2
01-15 16:11:58.634 2368 2368 E lowmemorykiller: Error opening /dev/memcg/apps/uid_10046/pid_4204/memory.soft_limit_in_bytes; errno=2
01-15 16:11:58.782 2368 2368 E lowmemorykiller: Error opening /dev/memcg/apps/uid_10018/pid_3590/memory.soft_limit_in_bytes; errno=2
01-15 16:11:58.783 2368 2368 E lowmemorykiller: Error opening /dev/memcg/apps/uid_10018/pid_3590/memory.soft_limit_in_bytes; errno=2
01-15 16:11:58.861 2368 2368 E lowmemorykiller: Error opening /dev/memcg/apps/uid_10018/pid_3713/memory.soft_limit_in_bytes; errno=2
01-15 16:11:58.862 2484 3311 I ActivityManager: Killing 4377:com.android.packageinstaller/u0a26 (adj 906): empty #17
01-15 16:11:58.862 2368 2368 E lowmemorykiller: Error opening /dev/memcg/apps/uid_10018/pid_3713/memory.soft_limit_in_bytes; errno=2
01-15 16:11:58.862 2368 2368 E lowmemorykiller: Error opening /dev/memcg/apps/uid_10065/pid_4453/memory.soft_limit_in_bytes; errno=2
01-15 16:11:58.862 2368 2368 E lowmemorykiller: Error opening /dev/memcg/apps/uid_10061/pid_4556/memory.soft_limit_in_bytes; errno=2
01-15 16:11:58.863 2368 2368 E lowmemorykiller: Error opening /dev/memcg/apps/uid_10033/pid_4394/memory.soft_limit_in_bytes; errno=2
01-15 16:11:58.863 2484 2501 W system_server: kill(-4377, 9) failed: No such process
01-15 16:11:58.887 2484 2501 W system_server: kill(-4377, 9) failed: No such process
01-15 16:11:58.887 2484 2501 I system_server: Successfully killed process cgroup uid 10026 pid 4377 in 24ms
01-15 16:12:01.104 4204 4252 D InitAlarmsService: Clearing and rescheduling alarms.
01-15 16:12:01.105 2368 2368 E lowmemorykiller: Error opening /dev/memcg/apps/uid_10004/pid_4074/memory.soft_limit_in_bytes; errno=2
01-15 16:12:01.105 2368 2368 E lowmemorykiller: Error opening /dev/memcg/apps/uid_10004/pid_4074/memory.soft_limit_in_bytes; errno=2
01-15 16:12:01.106 2368 2368 E lowmemorykiller: Error opening /dev/memcg/apps/uid_10065/pid_4453/memory.soft_limit_in_bytes; errno=2
01-15 16:12:01.106 2368 2368 E lowmemorykiller: Error opening /dev/memcg/apps/uid_10061/pid_4556/memory.soft_limit_in_bytes; errno=2
01-15 16:12:01.106 2368 2368 E lowmemorykiller: Error opening /dev/memcg/apps/uid_10033/pid_4394/memory.soft_limit_in_bytes; errno=2
01-15 16:12:01.114 2368 2368 E lowmemorykiller: Error opening /dev/memcg/apps/uid_10046/pid_4204/memory.soft_limit_in_bytes; errno=2
01-15 16:12:01.115 2368 2368 E lowmemorykiller: Error opening /dev/memcg/apps/uid_10004/pid_4074/memory.soft_limit_in_bytes; errno=2
01-15 16:12:01.116 2368 2368 E lowmemorykiller: Error opening /dev/memcg/apps/uid_10046/pid_4204/memory.soft_limit_in_bytes; errno=2
01-15 16:12:01.298 2368 2368 E lowmemorykiller: Error opening /dev/memcg/apps/uid_10018/pid_3713/memory.soft_limit_in_bytes; errno=2
01-15 16:12:01.298 2368 2368 E lowmemorykiller: Error opening /dev/memcg/apps/uid_1000/pid_3683/memory.soft_limit_in_bytes; errno=2
01-15 16:12:01.298 2368 2368 E lowmemorykiller: Error opening /dev/memcg/apps/uid_10023/pid_4037/memory.soft_limit_in_bytes; errno=2
01-15 16:12:01.298 2368 2368 E lowmemorykiller: Error opening /dev/memcg/apps/uid_10046/pid_4204/memory.soft_limit_in_bytes; errno=2
01-15 16:12:01.299 2484 2498 E memtrack: Couldn't load memtrack module
01-15 16:12:01.299 2484 2498 W android.os.Debug: failed to get memory consumption info: -1
01-15 16:12:01.300 2368 2368 E lowmemorykiller: Error opening /dev/memcg/apps/uid_10018/pid_3713/memory.soft_limit_in_bytes; errno=2
01-15 16:12:01.300 2368 2368 E lowmemorykiller: Error opening /dev/memcg/apps/uid_1000/pid_3683/memory.soft_limit_in_bytes; errno=2
01-15 16:12:01.300 2368 2368 E lowmemorykiller: Error opening /dev/memcg/apps/uid_10023/pid_4037/memory.soft_limit_in_bytes; errno=2
01-15 16:12:01.300 2368 2368 E lowmemorykiller: Error opening /dev/memcg/apps/uid_10046/pid_4204/memory.soft_limit_in_bytes; errno=2
01-15 16:12:02.459 3358 3358 E PhoneInterfaceManager: [PhoneIntfMgr] getCarrierPackageNamesForIntent: No UICC
01-15 16:12:02.459 3358 3358 D CarrierSvcBindHelper: No carrier app for: 0
01-15 16:12:02.459 3358 3358 D ImsResolver: maybeAddedImsService, packageName: com.google.android.gsf
01-15 16:12:02.462 2484 2542 I InputReader: Reconfiguring input devices. changes=0x00000010
01-15 16:12:04.463 4835 4835 I busybox : type=1400 audit(0.0:581): avc: denied { mounton } for path="/data/x" dev="tmpfs" ino=84814 scontext=u:r:shell:s0 tcontext=u:object_r:system_data_file:s0 tclass=dir permissive=1
01-15 16:12:04.464 4835 4835 I busybox : type=1400 audit(0.0:582): avc: denied { mount } for name="/" dev="sdc1" ino=1 scontext=u:r:shell:s0 tcontext=u:object_r:vfat:s0 tclass=filesystem permissive=1
01-15 16:12:06.112 2368 2368 E lowmemorykiller: Error opening /dev/memcg/apps/uid_10004/pid_4074/memory.soft_limit_in_bytes; errno=2
01-15 16:12:06.113 2484 2498 E memtrack: Couldn't load memtrack module
01-15 16:12:06.113 2484 2498 W android.os.Debug: failed to get memory consumption info: -1
01-15 16:12:06.117 2368 2368 E lowmemorykiller: Error opening /dev/memcg/apps/uid_10004/pid_4074/memory.soft_limit_in_bytes; errno=2
01-15 16:12:06.123 2484 2498 E memtrack: Couldn't load memtrack module
01-15 16:12:06.123 2484 2498 W android.os.Debug: failed to get memory consumption info: -1
01-15 16:12:06.130 2484 2498 E memtrack: Couldn't load memtrack module
01-15 16:12:06.130 2484 2498 W android.os.Debug: failed to get memory consumption info: -1
01-15 16:12:06.136 2484 2498 E memtrack: Couldn't load memtrack module
01-15 16:12:06.136 2484 2498 W android.os.Debug: failed to get memory consumption info: -1
01-15 16:12:06.144 2484 2498 E memtrack: Couldn't load memtrack module
01-15 16:12:06.144 2484 2498 W android.os.Debug: failed to get memory consumption info: -1
01-15 16:12:06.150 2484 2498 E memtrack: Couldn't load memtrack module
01-15 16:12:06.150 2484 2498 W android.os.Debug: failed to get memory consumption info: -1
01-15 16:12:06.158 2484 2498 E memtrack: Couldn't load memtrack module
01-15 16:12:06.158 2484 2498 W android.os.Debug: failed to get memory consumption info: -1
01-15 16:12:06.165 2484 2498 E memtrack: Couldn't load memtrack module
01-15 16:12:06.165 2484 2498 W android.os.Debug: failed to get memory consumption info: -1
01-15 16:12:06.171 2484 2498 E memtrack: Couldn't load memtrack module
01-15 16:12:06.171 2484 2498 W android.os.Debug: failed to get memory consumption info: -1
01-15 16:12:06.178 2484 2498 E memtrack: Couldn't load memtrack module
01-15 16:12:06.178 2484 2498 W android.os.Debug: failed to get memory consumption info: -1
01-15 16:12:06.184 2484 2498 E memtrack: Couldn't load memtrack module
01-15 16:12:06.184 2484 2498 W android.os.Debug: failed to get memory consumption info: -1
01-15 16:12:06.677 2368 2368 E lowmemorykiller: Error opening /dev/memcg/apps/uid_10018/pid_3590/memory.soft_limit_in_bytes; errno=2
01-15 16:12:06.736 2368 2368 I chatty : uid=0(root) /system/bin/lmkd identical 3 lines
01-15 16:12:16.809 2368 2368 E lowmemorykiller: Error opening /dev/memcg/apps/uid_10018/pid_3590/memory.soft_limit_in_bytes; errno=2
01-15 16:12:16.809 2368 2368 E lowmemorykiller: Error opening /dev/memcg/apps/uid_10018/pid_3626/memory.soft_limit_in_bytes; errno=2
01-15 16:12:16.809 2368 2368 E lowmemorykiller: Error opening /dev/memcg/apps/uid_10002/pid_3782/memory.soft_limit_in_bytes; errno=2
01-15 16:12:16.809 2368 2368 E lowmemorykiller: Error opening /dev/memcg/apps/uid_10054/pid_4503/memory.soft_limit_in_bytes; errno=2
01-15 16:12:16.809 2368 2368 E lowmemorykiller: Error opening /dev/memcg/apps/uid_10065/pid_4453/memory.soft_limit_in_bytes; errno=2
01-15 16:12:16.809 2368 2368 E lowmemorykiller: Error opening /dev/memcg/apps/uid_10011/pid_3826/memory.soft_limit_in_bytes; errno=2
01-15 16:12:16.809 2484 2499 I ActivityManager: Killing 4417:com.google.android.configupdater/u0a6 (adj 906): empty #17
01-15 16:12:16.809 2368 2368 E lowmemorykiller: Error opening /dev/memcg/apps/uid_10059/pid_4323/memory.soft_limit_in_bytes; errno=2
01-15 16:12:16.810 2368 2368 E lowmemorykiller: Error opening /dev/memcg/apps/uid_10075/pid_3612/memory.soft_limit_in_bytes; errno=2
01-15 16:12:16.810 2368 2368 E lowmemorykiller: Error opening /dev/memcg/apps/uid_10061/pid_4556/memory.soft_limit_in_bytes; errno=2
01-15 16:12:16.810 2484 2499 I ActivityManager: Killing 4394:com.farmerbb.taskbar.androidx86/u0a33 (adj 906): empty #18
01-15 16:12:16.810 2368 2368 E lowmemorykiller: Error opening /dev/memcg/apps/uid_10071/pid_3657/memory.soft_limit_in_bytes; errno=2
01-15 16:12:16.810 2368 2368 E lowmemorykiller: Error opening /dev/memcg/apps/uid_10006/pid_4417/memory.soft_limit_in_bytes; errno=2
01-15 16:12:16.810 2368 2368 E lowmemorykiller: Error opening /dev/memcg/apps/uid_10033/pid_4394/memory.soft_limit_in_bytes; errno=2
01-15 16:12:16.810 2484 2499 I ActivityManager: Killing 4204:com.android.calendar/u0a46 (adj 906): empty #19
01-15 16:12:16.810 2484 2501 W system_server: kill(-4417, 9) failed: No such process
01-15 16:12:16.814 2368 2368 E lowmemorykiller: Error opening /dev/memcg/apps/uid_10018/pid_3590/memory.soft_limit_in_bytes; errno=2
01-15 16:12:16.817 2484 2498 E memtrack: Couldn't load memtrack module
01-15 16:12:16.817 2484 2498 W android.os.Debug: failed to get memory consumption info: -1
01-15 16:12:16.855 2484 2501 W system_server: kill(-4417, 9) failed: No such process
01-15 16:12:16.855 2484 2501 I system_server: Successfully killed process cgroup uid 10006 pid 4417 in 45ms
01-15 16:12:16.856 2484 2501 W system_server: kill(-4394, 9) failed: No such process
01-15 16:12:16.856 2484 2501 I system_server: Successfully killed process cgroup uid 10033 pid 4394 in 0ms
01-15 16:12:16.856 2484 2501 W system_server: kill(-4204, 9) failed: No such process
01-15 16:12:16.856 2484 2501 I system_server: Successfully killed process cgroup uid 10046 pid 4204 in 0ms
01-15 16:12:21.924 3612 3780 E YouTube : Giving up device auth after 5 tries
01-15 16:12:26.867 2368 2368 E lowmemorykiller: Error opening /dev/memcg/apps/uid_10004/pid_4074/memory.soft_limit_in_bytes; errno=2
01-15 16:12:26.867 2484 2498 I ActivityManager: Killing 3657:com.android.printspooler/u0a71 (adj 906): empty #17
01-15 16:12:26.867 2368 2368 E lowmemorykiller: Error opening /dev/memcg/apps/uid_10002/pid_3782/memory.soft_limit_in_bytes; errno=2
01-15 16:12:26.867 2368 2368 E lowmemorykiller: Error opening /dev/memcg/apps/uid_10028/pid_4018/memory.soft_limit_in_bytes; errno=2
01-15 16:12:26.868 2368 2368 E lowmemorykiller: Error opening /dev/memcg/apps/uid_10022/pid_4521/memory.soft_limit_in_bytes; errno=2
01-15 16:12:26.868 2484 2501 W system_server: kill(-3657, 9) failed: No such process
01-15 16:12:26.868 2484 2498 E memtrack: Couldn't load memtrack module
01-15 16:12:26.868 2484 2498 W android.os.Debug: failed to get memory consumption info: -1
01-15 16:12:26.877 2484 2501 W system_server: kill(-3657, 9) failed: No such process
01-15 16:12:26.878 2484 2498 E memtrack: Couldn't load memtrack module
01-15 16:12:26.878 2484 2498 W android.os.Debug: failed to get memory consumption info: -1
01-15 16:12:26.885 2484 2498 E memtrack: Couldn't load memtrack module
01-15 16:12:26.885 2484 2498 W android.os.Debug: failed to get memory consumption info: -1
01-15 16:12:26.922 2484 2501 W system_server: kill(-3657, 9) failed: No such process
01-15 16:12:26.922 2484 2501 I system_server: Successfully killed process cgroup uid 10071 pid 3657 in 54ms
01-15 16:12:31.185 2368 2368 E lowmemorykiller: Error opening /dev/memcg/apps/uid_10037/pid_3732/memory.soft_limit_in_bytes; errno=2
01-15 16:12:31.186 2484 2498 E memtrack: Couldn't load memtrack module
01-15 16:12:31.186 2484 2498 W android.os.Debug: failed to get memory consumption info: -1
01-15 16:12:31.192 3732 3732 E WorkerRegistryImpl: getWorker() is called after WorkerRegistry disposal.
01-15 16:12:31.194 3732 3732 E WorkerRegistryImpl: getWorker() is called after WorkerRegistry disposal.
01-15 16:12:31.195 2368 2368 E lowmemorykiller: Error opening /dev/memcg/apps/uid_10037/pid_3732/memory.soft_limit_in_bytes; errno=2
01-15 16:12:31.196 2368 2368 E lowmemorykiller: Error opening /dev/memcg/apps/uid_10037/pid_3732/memory.soft_limit_in_bytes; errno=2
01-15 16:12:31.196 2368 2368 E lowmemorykiller: Error opening /dev/memcg/apps/uid_10054/pid_4503/memory.soft_limit_in_bytes; errno=2
01-15 16:12:31.196 2368 2368 E lowmemorykiller: Error opening /dev/memcg/apps/uid_10018/pid_4604/memory.soft_limit_in_bytes; errno=2
01-15 16:12:31.197 2368 2368 E lowmemorykiller: Error opening /dev/memcg/apps/uid_10037/pid_3732/memory.soft_limit_in_bytes; errno=2
01-15 16:12:31.197 2368 2368 E lowmemorykiller: Error opening /dev/memcg/apps/uid_10018/pid_3626/memory.soft_limit_in_bytes; errno=2
01-15 16:12:31.197 2368 2368 E lowmemorykiller: Error opening /dev/memcg/apps/uid_1000/pid_3683/memory.soft_limit_in_bytes; errno=2
01-15 16:12:31.197 2368 2368 E lowmemorykiller: Error opening /dev/memcg/apps/uid_10023/pid_4037/memory.soft_limit_in_bytes; errno=2
01-15 16:12:31.197 2484 4136 I ActivityManager: Killing 4521:com.google.android.onetimeinitializer/u0a22 (adj 906): empty #17
01-15 16:12:31.197 2484 2501 W system_server: kill(-4521, 9) failed: No such process
01-15 16:12:31.201 2484 2498 E memtrack: Couldn't load memtrack module
01-15 16:12:31.201 2484 2498 W android.os.Debug: failed to get memory consumption info: -1
01-15 16:12:31.243 2484 2501 W system_server: kill(-4521, 9) failed: No such process
01-15 16:12:31.243 2484 2501 I system_server: Successfully killed process cgroup uid 10022 pid 4521 in 45ms
01-15 16:12:32.251 2368 2368 E lowmemorykiller: Error opening /dev/memcg/apps/uid_10054/pid_4503/memory.soft_limit_in_bytes; errno=2
01-15 16:12:32.251 2368 2368 E lowmemorykiller: Error opening /dev/memcg/apps/uid_10018/pid_3626/memory.soft_limit_in_bytes; errno=2
01-15 16:12:32.251 2368 2368 E lowmemorykiller: Error opening /dev/memcg/apps/uid_1000/pid_3683/memory.soft_limit_in_bytes; errno=2
01-15 16:12:32.251 2368 2368 E lowmemorykiller: Error opening /dev/memcg/apps/uid_10023/pid_4037/memory.soft_limit_in_bytes; errno=2
01-15 16:12:32.252 2484 2498 E memtrack: Couldn't load memtrack module
01-15 16:12:32.252 2484 2498 W android.os.Debug: failed to get memory consumption info: -1
01-15 16:12:32.252 3732 4035 W NamedFutures: Timeout future task has been cancelled: 60000 milliseconds
01-15 16:12:32.253 3732 4013 E CustomTabsSyncTask: Failed to sync Custom Tabs availability.
01-15 16:12:32.253 3732 4013 E CustomTabsSyncTask: java.util.concurrent.CancellationException: Task was cancelled.
01-15 16:12:32.253 3732 4013 E CustomTabsSyncTask: at com.google.common.util.concurrent.d.ct(SourceFile:75)
01-15 16:12:32.253 3732 4013 E CustomTabsSyncTask: at com.google.common.util.concurrent.d.get(SourceFile:57)
01-15 16:12:32.253 3732 4013 E CustomTabsSyncTask: at com.google.common.util.concurrent.cg.n(SourceFile:2)
01-15 16:12:32.253 3732 4013 E CustomTabsSyncTask: at com.google.common.util.concurrent.av.l(SourceFile:50)
01-15 16:12:32.253 3732 4013 E CustomTabsSyncTask: at com.google.common.util.concurrent.ax.run(SourceFile:5)
01-15 16:12:32.253 3732 4013 E CustomTabsSyncTask: at java.util.concurrent.Executors$RunnableAdapter.call(Executors.java:457)
01-15 16:12:32.253 3732 4013 E CustomTabsSyncTask: at java.util.concurrent.FutureTask.run(FutureTask.java:266)
01-15 16:12:32.253 3732 4013 E CustomTabsSyncTask: at com.google.android.apps.gsa.shared.util.concurrent.a.ax.run(SourceFile:14)
01-15 16:12:32.253 3732 4013 E CustomTabsSyncTask: at com.google.android.apps.gsa.shared.util.concurrent.a.bl.run(SourceFile:4)
01-15 16:12:32.253 3732 4013 E CustomTabsSyncTask: at com.google.android.apps.gsa.shared.util.concurrent.a.bl.run(SourceFile:4)
01-15 16:12:32.253 3732 4013 E CustomTabsSyncTask: at java.util.concurrent.ThreadPoolExecutor.runWorker(ThreadPoolExecutor.java:1162)
01-15 16:12:32.253 3732 4013 E CustomTabsSyncTask: at java.util.concurrent.ThreadPoolExecutor$Worker.run(ThreadPoolExecutor.java:636)
01-15 16:12:32.253 3732 4013 E CustomTabsSyncTask: at java.lang.Thread.run(Thread.java:764)
01-15 16:12:32.253 3732 4013 E CustomTabsSyncTask: at com.google.android.apps.gsa.shared.util.concurrent.a.ai.run(SourceFile:6)
01-15 16:12:32.260 2368 2368 E lowmemorykiller: Error opening /dev/memcg/apps/uid_10054/pid_4503/memory.soft_limit_in_bytes; errno=2
01-15 16:12:32.260 2368 2368 E lowmemorykiller: Error opening /dev/memcg/apps/uid_10018/pid_3626/memory.soft_limit_in_bytes; errno=2
01-15 16:12:32.260 2368 2368 E lowmemorykiller: Error opening /dev/memcg/apps/uid_1000/pid_3683/memory.soft_limit_in_bytes; errno=2
01-15 16:12:32.260 2368 2368 E lowmemorykiller: Error opening /dev/memcg/apps/uid_10023/pid_4037/memory.soft_limit_in_bytes; errno=2
01-15 16:12:34.162 2484 2542 I InputReader: Dropping key up from device AT Translated Set 2 keyboard because the key was not down. keyCode=224, scanCode=143
01-15 16:12:34.162 2369 2369 I ConsoleManagerT: type=1400 audit(0.0:583): avc: denied { read } for name="vendor" dev="tmpfs" ino=7264 scontext=u:r:surfaceflinger:s0 tcontext=u:object_r:tmpfs:s0 tclass=lnk_file permissive=1
01-15 16:12:34.163 2369 2465 D vndksupport: Loading /vendor/lib64/hw/gralloc.drm.so from current namespace instead of sphal namespace.
01-15 16:12:34.164 2369 2369 D SurfaceFlinger: Set power mode=2, type=0 flinger=0x743afe281000
01-15 16:12:34.164 2369 2465 D GRALLOC-DRM: set master
01-15 16:12:34.174 2369 2369 I surfaceflinger: type=1400 audit(0.0:584): avc: denied { map } for path=2F69393135202864656C6574656429 dev="tmpfs" ino=80699 scontext=u:r:surfaceflinger:s0 tcontext=u:object_r:surfaceflinger_tmpfs:s0 tclass=file permissive=1
01-15 16:12:34.388 3547 3547 D InputEventConsistencyVerifier: KeyEvent: ACTION_UP but key was not down.
01-15 16:12:34.388 3547 3547 D InputEventConsistencyVerifier: in android.view.ViewRootImpl@f67d7e5
01-15 16:12:34.388 3547 3547 D InputEventConsistencyVerifier: 0: sent at 132380000000, KeyEvent { action=ACTION_UP, keyCode=KEYCODE_ALT_LEFT, scanCode=56, metaState=0, flags=0x8, repeatCount=0, eventTime=132380, downTime=132156, deviceId=18, source=0x101 }
01-15 16:12:34.388 3547 3547 D InputEventConsistencyVerifier: -- recent events --
01-15 16:12:34.388 3547 3547 D InputEventConsistencyVerifier: 1: sent at 132202000000, KeyEvent { action=ACTION_UP, keyCode=KEYCODE_F7, scanCode=65, metaState=META_ALT_ON|META_ALT_LEFT_ON, flags=0x8, repeatCount=0, eventTime=132202, downTime=132156, deviceId=18, source=0x101 }
01-15 16:12:34.388 3547 3547 D InputEventConsistencyVerifier: 2: sent at 132156000000, KeyEvent { action=ACTION_DOWN, keyCode=KEYCODE_F7, scanCode=65, metaState=META_ALT_ON|META_ALT_LEFT_ON, flags=0x8, repeatCount=0, eventTime=132156, downTime=132156, deviceId=18, source=0x101 }
01-15 16:12:34.388 3547 3547 D InputEventConsistencyVerifier: 3: sent at 132153000000, KeyEvent { action=ACTION_DOWN, keyCode=KEYCODE_F1, scanCode=59, metaState=META_ALT_ON|META_ALT_LEFT_ON, flags=0x8, repeatCount=1067, eventTime=132153, downTime=77457, deviceId=18, source=0x101 }
01-15 16:12:34.388 3547 3547 D InputEventConsistencyVerifier: 4: sent at 132102000000, KeyEvent { action=ACTION_DOWN, keyCode=KEYCODE_F1, scanCode=59, metaState=META_ALT_ON|META_ALT_LEFT_ON, flags=0x8, repeatCount=1066, eventTime=132102, downTime=77457, deviceId=18, source=0x101 }
01-15 16:12:34.388 3547 3547 D InputEventConsistencyVerifier: 5: sent at 132051000000, KeyEvent { action=ACTION_DOWN, keyCode=KEYCODE_F1, scanCode=59, metaState=META_ALT_ON|META_ALT_LEFT_ON, flags=0x8, repeatCount=1065, eventTime=132051, downTime=77457, deviceId=18, source=0x101 }
01-15 16:12:35.326 3547 3547 I RenderThread: type=1400 audit(0.0:585): avc: denied { map } for path=2F69393135202864656C6574656429 dev="tmpfs" ino=80713 scontext=u:r:priv_app:s0:c512,c768 tcontext=u:object_r:priv_app_tmpfs:s0:c512,c768 tclass=file permissive=1
01-15 16:12:36.363 2484 4044 I ActivityManager: START u0 {act=android.intent.action.MAIN cat=[android.intent.category.LAUNCHER] flg=0x10200000 pkg=com.android.chrome cmp=com.android.chrome/com.google.android.apps.chrome.Main bnds=[620,885][847,1005]} from uid 10025
01-15 16:12:36.364 2356 4691 I audio_hw_primary: choose pcmC0D0p for 0
01-15 16:12:36.382 2484 3159 W SchedPolicy: add_tid_to_cgroup failed to write '4503' (Permission denied); fd=27
01-15 16:12:36.382 2368 2368 E lowmemorykiller: Error opening /dev/memcg/apps/uid_10054/pid_4503/memory.soft_limit_in_bytes; errno=2
01-15 16:12:36.383 2484 3159 W SchedPolicy: add_tid_to_cgroup failed to write '3547' (Permission denied); fd=3
01-15 16:12:36.383 2368 2368 E lowmemorykiller: Error opening /dev/memcg/apps/uid_10025/pid_3547/memory.soft_limit_in_bytes; errno=2
01-15 16:12:36.383 2368 2368 E lowmemorykiller: Error opening /dev/memcg/apps/uid_10018/pid_3626/memory.soft_limit_in_bytes; errno=2
01-15 16:12:36.383 2368 2368 E lowmemorykiller: Error opening /dev/memcg/apps/uid_1000/pid_3683/memory.soft_limit_in_bytes; errno=2
01-15 16:12:36.383 2368 2368 E lowmemorykiller: Error opening /dev/memcg/apps/uid_10023/pid_4037/memory.soft_limit_in_bytes; errno=2
01-15 16:12:36.415 2484 4452 I ActivityManager: START u0 {act=android.intent.action.MAIN cat=[android.intent.category.LAUNCHER] flg=0x14002000 pkg=com.android.chrome cmp=com.android.chrome/org.chromium.chrome.browser.ChromeTabbedActivity bnds=[620,885][847,1005] (has extras)} from uid 10054
01-15 16:12:36.664 4503 4849 I cr_LibraryLoader: Using linker: org.chromium.base.library_loader.ModernLinker
01-15 16:12:36.671 4503 4850 I cr_base : Extracting resource /data/user/0/com.android.chrome/app_chrome/paks/en-GB.pak
01-15 16:12:36.671 4503 4849 I cr_LibraryLoader: Loading chrome from within /system/app/Chrome/Chrome.apk
01-15 16:12:36.677 4503 4850 I cr_base : Extracting resource /data/user/0/com.android.chrome/app_chrome/paks/en-US.pak
01-15 16:12:36.751 4503 4503 I .android.chrome: type=1400 audit(0.0:586): avc: denied { map } for path="/dev/event-log-tags" dev="tmpfs" ino=7697 scontext=u:r:untrusted_app_25:s0:c512,c768 tcontext=u:object_r:runtime_event_log_tags_file:s0 tclass=file permissive=1
01-15 16:12:36.753 4503 4851 D OpenGLRenderer: HWUI GL Pipeline
01-15 16:12:36.757 4503 4503 D StrictMode: StrictMode policy violation; ~duration=256 ms: android.os.StrictMode$StrictModeDiskReadViolation: policy=17891359 violation=2
01-15 16:12:36.757 4503 4503 D StrictMode: at android.os.StrictMode$AndroidBlockGuardPolicy.onReadFromDisk(StrictMode.java:1440)
01-15 16:12:36.757 4503 4503 D StrictMode: at java.io.UnixFileSystem.checkAccess(UnixFileSystem.java:251)
01-15 16:12:36.757 4503 4503 D StrictMode: at java.io.File.exists(File.java:807)
01-15 16:12:36.757 4503 4503 D StrictMode: at android.app.ContextImpl.ensurePrivateDirExists(ContextImpl.java:572)
01-15 16:12:36.757 4503 4503 D StrictMode: at android.app.ContextImpl.ensurePrivateDirExists(ContextImpl.java:563)
01-15 16:12:36.757 4503 4503 D StrictMode: at android.app.ContextImpl.getPreferencesDir(ContextImpl.java:519)
01-15 16:12:36.757 4503 4503 D StrictMode: at android.app.ContextImpl.getSharedPreferencesPath(ContextImpl.java:714)
01-15 16:12:36.757 4503 4503 D StrictMode: at android.app.ContextImpl.getSharedPreferences(ContextImpl.java:368)
01-15 16:12:36.757 4503 4503 D StrictMode: at android.content.ContextWrapper.getSharedPreferences(ContextWrapper.java:167)
01-15 16:12:36.757 4503 4503 D StrictMode: at org.chromium.chrome.browser.tabmodel.document.DocumentTabModelImpl.warmUpSharedPrefs(DocumentTabModelImpl.java:150)
01-15 16:12:36.757 4503 4503 D StrictMode: at org.chromium.chrome.browser.init.ChromeBrowserInitializer.warmUpSharedPrefs(ChromeBrowserInitializer.java:160)
01-15 16:12:36.757 4503 4503 D StrictMode: at org.chromium.chrome.browser.init.ChromeBrowserInitializer.preInflationStartup(ChromeBrowserInitializer.java:175)
01-15 16:12:36.757 4503 4503 D StrictMode: at org.chromium.chrome.browser.init.ChromeBrowserInitializer.handlePreNativeStartup(ChromeBrowserInitializer.java:133)
01-15 16:12:36.757 4503 4503 D StrictMode: at org.chromium.chrome.browser.init.AsyncInitializationActivity.onCreate(AsyncInitializationActivity.java:204)
01-15 16:12:36.757 4503 4503 D StrictMode: at android.app.Activity.performCreate(Activity.java:7009)
01-15 16:12:36.757 4503 4503 D StrictMode: at android.app.Activity.performCreate(Activity.java:7000)
01-15 16:12:36.757 4503 4503 D StrictMode: at android.app.Instrumentation.callActivityOnCreate(Instrumentation.java:1214)
01-15 16:12:36.757 4503 4503 D StrictMode: at android.app.ActivityThread.performLaunchActivity(ActivityThread.java:2731)
01-15 16:12:36.757 4503 4503 D StrictMode: at android.app.ActivityThread.handleLaunchActivity(ActivityThread.java:2856)
01-15 16:12:36.757 4503 4503 D StrictMode: at android.app.ActivityThread.-wrap11(Unknown Source:0)
01-15 16:12:36.757 4503 4503 D StrictMode: at android.app.ActivityThread$H.handleMessage(ActivityThread.java:1589)
01-15 16:12:36.757 4503 4503 D StrictMode: at android.os.Handler.dispatchMessage(Handler.java:106)
01-15 16:12:36.757 4503 4503 D StrictMode: at android.os.Looper.loop(Looper.java:164)
01-15 16:12:36.757 4503 4503 D StrictMode: at android.app.ActivityThread.main(ActivityThread.java:6494)
01-15 16:12:36.757 4503 4503 D StrictMode: at java.lang.reflect.Method.invoke(Native Method)
01-15 16:12:36.757 4503 4503 D StrictMode: at com.android.internal.os.RuntimeInit$MethodAndArgsCaller.run(RuntimeInit.java:463)
01-15 16:12:36.757 4503 4503 D StrictMode: at com.android.internal.os.ZygoteInit.main(ZygoteInit.java:807)
01-15 16:12:36.757 4503 4503 D StrictMode: StrictMode policy violation; ~duration=255 ms: android.os.StrictMode$StrictModeDiskReadViolation: policy=17891359 violation=2
01-15 16:12:36.757 4503 4503 D StrictMode: at android.os.StrictMode$AndroidBlockGuardPolicy.onReadFromDisk(StrictMode.java:1440)
01-15 16:12:36.757 4503 4503 D StrictMode: at java.io.UnixFileSystem.checkAccess(UnixFileSystem.java:251)
01-15 16:12:36.757 4503 4503 D StrictMode: at java.io.File.exists(File.java:807)
01-15 16:12:36.757 4503 4503 D StrictMode: at android.app.ContextImpl.ensurePrivateDirExists(ContextImpl.java:572)
01-15 16:12:36.757 4503 4503 D StrictMode: at android.app.ContextImpl.ensurePrivateDirExists(ContextImpl.java:563)
01-15 16:12:36.757 4503 4503 D StrictMode: at android.app.ContextImpl.getPreferencesDir(ContextImpl.java:519)
01-15 16:12:36.757 4503 4503 D StrictMode: at android.app.ContextImpl.getSharedPreferencesPath(ContextImpl.java:714)
01-15 16:12:36.757 4503 4503 D StrictMode: at android.app.ContextImpl.getSharedPreferences(ContextImpl.java:368)
01-15 16:12:36.757 4503 4503 D StrictMode: at android.content.ContextWrapper.getSharedPreferences(ContextWrapper.java:167)
01-15 16:12:36.757 4503 4503 D StrictMode: at org.chromium.chrome.browser.webapps.ActivityAssigner.warmUpSharedPrefs(ActivityAssigner.java:83)
01-15 16:12:36.757 4503 4503 D StrictMode: at org.chromium.chrome.browser.init.ChromeBrowserInitializer.warmUpSharedPrefs(ChromeBrowserInitializer.java:161)
01-15 16:12:36.757 4503 4503 D StrictMode: at org.chromium.chrome.browser.init.ChromeBrowserInitializer.preInflationStartup(ChromeBrowserInitializer.java:175)
01-15 16:12:36.757 4503 4503 D StrictMode: at org.chromium.chrome.browser.init.ChromeBrowserInitializer.handlePreNativeStartup(ChromeBrowserInitializer.java:133)
01-15 16:12:36.757 4503 4503 D StrictMode: at org.chromium.chrome.browser.init.AsyncInitializationActivity.onCreate(AsyncInitializationActivity.java:204)
01-15 16:12:36.757 4503 4503 D StrictMode: at android.app.Activity.performCreate(Activity.java:7009)
01-15 16:12:36.757 4503 4503 D StrictMode: at android.app.Activity.performCreate(Activity.java:7000)
01-15 16:12:36.757 4503 4503 D StrictMode: at android.app.Instrumentation.callActivityOnCreate(Instrumentation.java:1214)
01-15 16:12:36.757 4503 4503 D StrictMode: at android.app.ActivityThread.performLaunchActivity(ActivityThread.java:2731)
01-15 16:12:36.757 4503 4503 D StrictMode: at android.app.ActivityThread.handleLaunchActivity(ActivityThread.java:2856)
01-15 16:12:36.757 4503 4503 D StrictMode: at android.app.ActivityThread.-wrap11(Unknown Source:0)
01-15 16:12:36.757 4503 4503 D StrictMode: at android.app.ActivityThread$H.handleMessage(ActivityThread.java:1589)
01-15 16:12:36.757 4503 4503 D StrictMode: at android.os.Handler.dispatchMessage(Handler.java:106)
01-15 16:12:36.757 4503 4503 D StrictMode: at android.os.Looper.loop(Looper.java:164)
01-15 16:12:36.757 4503 4503 D StrictMode: at android.app.ActivityThread.main(ActivityThread.java:6494)
01-15 16:12:36.757 4503 4503 D StrictMode: at java.lang.reflect.Method.invoke(Native Method)
01-15 16:12:36.757 4503 4503 D StrictMode: at com.android.internal.os.RuntimeInit$MethodAndArgsCaller.run(RuntimeInit.java:463)
01-15 16:12:36.757 4503 4503 D StrictMode: at com.android.internal.os.ZygoteInit.main(ZygoteInit.java:807)
01-15 16:12:36.757 4503 4503 D StrictMode: StrictMode policy violation; ~duration=80 ms: android.os.StrictMode$StrictModeDiskReadViolation: policy=17891359 violation=2
01-15 16:12:36.757 4503 4503 D StrictMode: at android.os.StrictMode$AndroidBlockGuardPolicy.onReadFromDisk(StrictMode.java:1440)
01-15 16:12:36.757 4503 4503 D StrictMode: at java.io.UnixFileSystem.checkAccess(UnixFileSystem.java:251)
01-15 16:12:36.757 4503 4503 D StrictMode: at java.io.File.exists(File.java:807)
01-15 16:12:36.757 4503 4503 D StrictMode: at android.app.ContextImpl.getDataDir(ContextImpl.java:2197)
01-15 16:12:36.757 4503 4503 D StrictMode: at android.app.ContextImpl.getPreferencesDir(ContextImpl.java:517)
01-15 16:12:36.757 4503 4503 D StrictMode: at android.app.ContextImpl.getSharedPreferencesPath(ContextImpl.java:714)
01-15 16:12:36.757 4503 4503 D StrictMode: at android.app.ContextImpl.getSharedPreferences(ContextImpl.java:368)
01-15 16:12:36.757 4503 4503 D StrictMode: at android.content.ContextWrapper.getSharedPreferences(ContextWrapper.java:167)
01-15 16:12:36.757 4503 4503 D StrictMode: at android.preference.PreferenceManager.getDefaultSharedPreferences(PreferenceManager.java:526)
01-15 16:12:36.757 4503 4503 D StrictMode: at org.chromium.chrome.browser.partnercustomizations.HomepageManager.(HomepageManager.java:41)
01-15 16:12:36.757 4503 4503 D StrictMode: at org.chromium.chrome.browser.partnercustomizations.HomepageManager.getInstance(HomepageManager.java:51)
01-15 16:12:36.757 4503 4503 D StrictMode: at org.chromium.chrome.browser.toolbar.ToolbarManager.(ToolbarManager.java:239)
01-15 16:12:36.757 4503 4503 D StrictMode: at org.chromium.chrome.browser.ChromeActivity.initializeToolbar(ChromeActivity.java:370)
01-15 16:12:36.757 4503 4503 D StrictMode: at org.chromium.chrome.browser.ChromeActivity.postInflationStartup(ChromeActivity.java:308)
01-15 16:12:36.757 4503 4503 D StrictMode: at org.chromium.chrome.browser.ChromeTabbedActivity.postInflationStartup(ChromeTabbedActivity.java:896)
01-15 16:12:36.757 4503 4503 D StrictMode: at org.chromium.chrome.browser.init.ChromeBrowserInitializer.handlePreNativeStartup(ChromeBrowserInitializer.java:138)
01-15 16:12:36.757 4503 4503 D StrictMode: at org.chromium.chrome.browser.init.AsyncInitializationActivity.onCreate(AsyncInitializationActivity.java:204)
01-15 16:12:36.757 4503 4503 D StrictMode: at android.app.Activity.performCreate(Activity.java:7009)
01-15 16:12:36.757 4503 4503 D StrictMode: at android.app.Activity.performCreate(Activity.java:7000)
01-15 16:12:36.757 4503 4503 D StrictMode: at android.app.Instrumentation.callActivityOnCreate(Instrumentation.java:1214)
01-15 16:12:36.757 4503 4503 D StrictMode: at android.app.ActivityThread.performLaunchActivity(ActivityThread.java:2731)
01-15 16:12:36.757 4503 4503 D StrictMode: at android.app.ActivityThread.handleLaunchActivity(ActivityThread.java:2856)
01-15 16:12:36.757 4503 4503 D StrictMode: at android.app.ActivityThread.-wrap11(Unknown Source:0)
01-15 16:12:36.757 4503 4503 D StrictMode: at android.app.ActivityThread$H.handleMessage(ActivityThread.java:1589)
01-15 16:12:36.757 4503 4503 D StrictMode: at android.os.Handler.dispatchMessage(Handler.java:106)
01-15 16:12:36.757 4503 4503 D StrictMode: at android.os.Looper.loop(Looper.java:164)
01-15 16:12:36.757 4503 4503 D StrictMode: at android.app.ActivityThread.main(ActivityThread.java:6494)
01-15 16:12:36.757 4503 4503 D StrictMode: at java.lang.reflect.Method.invoke(Native Method)
01-15 16:12:36.757 4503 4503 D StrictMode: at com.android.internal.os.RuntimeInit$MethodAndArgsCaller.run(RuntimeInit.java:463)
01-15 16:12:36.757 4503 4503 D StrictMode: at com.android.internal.os.ZygoteInit.main(ZygoteInit.java:807)
01-15 16:12:36.757 4503 4503 D StrictMode: StrictMode policy violation; ~duration=79 ms: android.os.StrictMode$StrictModeDiskReadViolation: policy=17891359 violation=2
01-15 16:12:36.757 4503 4503 D StrictMode: at android.os.StrictMode$AndroidBlockGuardPolicy.onReadFromDisk(StrictMode.java:1440)
01-15 16:12:36.757 4503 4503 D StrictMode: at java.io.UnixFileSystem.checkAccess(UnixFileSystem.java:251)
01-15 16:12:36.757 4503 4503 D StrictMode: at java.io.File.exists(File.java:807)
01-15 16:12:36.757 4503 4503 D StrictMode: at android.app.ContextImpl.ensurePrivateDirExists(ContextImpl.java:572)
01-15 16:12:36.757 4503 4503 D StrictMode: at android.app.ContextImpl.ensurePrivateDirExists(ContextImpl.java:563)
01-15 16:12:36.757 4503 4503 D StrictMode: at android.app.ContextImpl.getPreferencesDir(ContextImpl.java:519)
01-15 16:12:36.757 4503 4503 D StrictMode: at android.app.ContextImpl.getSharedPreferencesPath(ContextImpl.java:714)
01-15 16:12:36.757 4503 4503 D StrictMode: at android.app.ContextImpl.getSharedPreferences(ContextImpl.java:368)
01-15 16:12:36.757 4503 4503 D StrictMode: at android.content.ContextWrapper.getSharedPreferences(ContextWrapper.java:167)
01-15 16:12:36.757 4503 4503 D StrictMode: at android.preference.PreferenceManager.getDefaultSharedPreferences(PreferenceManager.java:526)
01-15 16:12:36.757 4503 4503 D StrictMode: at org.chromium.chrome.browser.partnercustomizations.HomepageManager.(HomepageManager.java:41)
01-15 16:12:36.757 4503 4503 D StrictMode: at org.chromium.chrome.browser.partnercustomizations.HomepageManager.getInstance(HomepageManager.java:51)
01-15 16:12:36.757 4503 4503 D StrictMode: at org.chromium.chrome.browser.toolbar.ToolbarManager.(ToolbarManager.java:239)
01-15 16:12:36.757 4503 4503 D StrictMode: at org.chromium.chrome.browser.ChromeActivity.initializeToolbar(ChromeActivity.java:370)
01-15 16:12:36.757 4503 4503 D StrictMode: at org.chromium.chrome.browser.ChromeActivity.postInflationStartup(ChromeActivity.java:308)
01-15 16:12:36.757 4503 4503 D StrictMode: at org.chromium.chrome.browser.ChromeTabbedActivity.postInflationStartup(ChromeTabbedActivity.java:896)
01-15 16:12:36.757 4503 4503 D StrictMode: at org.chromium.chrome.browser.init.ChromeBrowserInitializer.handlePreNativeStartup(ChromeBrowserInitializer.java:138)
01-15 16:12:36.757 4503 4503 D StrictMode: at org.chromium.chrome.browser.init.AsyncInitializationActivity.onCreate(AsyncInitializationActivity.java:204)
01-15 16:12:36.757 4503 4503 D StrictMode: at android.app.Activity.performCreate(Activity.java:7009)
01-15 16:12:36.757 4503 4503 D StrictMode: at android.app.Activity.performCreate(Activity.java:7000)
01-15 16:12:36.757 4503 4503 D StrictMode: at android.app.Instrumentation.callActivityOnCreate(Instrumentation.java:1214)
01-15 16:12:36.757 4503 4503 D StrictMode: at android.app.ActivityThread.performLaunchActivity(ActivityThread.java:2731)
01-15 16:12:36.757 4503 4503 D StrictMode: at android.app.ActivityThread.handleLaunchActivity(ActivityThread.java:2856)
01-15 16:12:36.757 4503 4503 D StrictMode: at android.app.ActivityThread.-wrap11(Unknown Source:0)
01-15 16:12:36.757 4503 4503 D StrictMode: at android.app.ActivityThread$H.handleMessage(ActivityThread.java:1589)
01-15 16:12:36.757 4503 4503 D StrictMode: at android.os.Handler.dispatchMessage(Handler.java:106)
01-15 16:12:36.757 4503 4503 D StrictMode: at android.os.Looper.loop(Looper.java:164)
01-15 16:12:36.757 4503 4503 D StrictMode: at android.app.ActivityThread.main(ActivityThread.java:6494)
01-15 16:12:36.757 4503 4503 D StrictMode: at java.lang.reflect.Method.invoke(Native Method)
01-15 16:12:36.757 4503 4503 D StrictMode: at com.android.internal.os.RuntimeInit$MethodAndArgsCaller.run(RuntimeInit.java:463)
01-15 16:12:36.757 4503 4503 D StrictMode: at com.android.internal.os.ZygoteInit.main(ZygoteInit.java:807)
01-15 16:12:36.821 4503 4851 D vndksupport: Loading /vendor/lib/hw/gralloc.drm.so from current namespace instead of sphal namespace.
01-15 16:12:36.832 4503 4503 I RenderThread: type=1400 audit(0.0:587): avc: denied { read write } for name="card0" dev="tmpfs" ino=8777 scontext=u:r:untrusted_app_25:s0:c512,c768 tcontext=u:object_r:device:s0 tclass=chr_file permissive=1
01-15 16:12:36.832 4503 4503 I RenderThread: type=1400 audit(0.0:588): avc: denied { open } for path="/dev/dri/card0" dev="tmpfs" ino=8777 scontext=u:r:untrusted_app_25:s0:c512,c768 tcontext=u:object_r:device:s0 tclass=chr_file permissive=1
01-15 16:12:36.844 4503 4851 I GRALLOC-DRM: create intel for driver i915
01-15 16:12:36.844 4503 4503 I RenderThread: type=1400 audit(0.0:590): avc: denied { getattr } for path="/dev/dri/card0" dev="tmpfs" ino=8777 scontext=u:r:untrusted_app_25:s0:c512,c768 tcontext=u:object_r:device:s0 tclass=chr_file permissive=1
01-15 16:12:37.052 4503 4851 I EGL-MAIN: found extension DRI_Core version 2
01-15 16:12:37.052 4503 4851 I EGL-MAIN: found extension DRI_DRI2 version 4
01-15 16:12:37.121 4503 4851 I EGL-MAIN: found extension DRI_TexBuffer version 3
01-15 16:12:37.121 4503 4851 I EGL-MAIN: found extension DRI2_Flush version 4
01-15 16:12:37.121 4503 4851 I EGL-MAIN: found extension DRI_IMAGE version 16
01-15 16:12:37.121 4503 4851 I EGL-MAIN: found extension DRI2_Fence version 2
01-15 16:12:37.121 4503 4851 I EGL-MAIN: found extension DRI_RENDERER_QUERY version 1
01-15 16:12:37.121 4503 4851 I EGL-MAIN: found extension DRI_CONFIG_QUERY version 1
01-15 16:12:37.121 4503 4851 I EGL-MAIN: found extension DRI_FlushControl version 1
01-15 16:12:37.121 4503 4851 I EGL-MAIN: found extension DRI_Robustness version 1
01-15 16:12:37.121 4503 4851 I EGL-MAIN: found extension DRI_NoError version 1
01-15 16:12:37.162 4503 4851 I com.android.chrome: android::hardware::configstore::V1_0::ISurfaceFlingerConfigs::hasWideColorDisplay retrieved: 0
01-15 16:12:37.162 4503 4851 I OpenGLRenderer: Initialized EGL, version 1.4
01-15 16:12:37.162 4503 4851 D OpenGLRenderer: Swap behavior 2 --------- beginning of crash
01-15 16:12:37.207 4503 4851 F libc : Fatal signal 11 (SIGSEGV), code 1, fault addr 0x4 in tid 4851 (RenderThread), pid 4503 (.android.chrome)
01-15 16:12:37.221 4853 4853 I crash_dump32: type=1400 audit(0.0:596): avc: denied { getattr } for path="/vendor" dev="tmpfs" ino=7264 scontext=u:r:crash_dump:s0:c512,c768 tcontext=u:object_r:tmpfs:s0 tclass=lnk_file permissive=1
01-15 16:12:37.221 4853 4853 I crash_dump32: type=1400 audit(0.0:597): avc: denied { read } for name="vendor" dev="tmpfs" ino=7264 scontext=u:r:crash_dump:s0:c512,c768 tcontext=u:object_r:tmpfs:s0 tclass=lnk_file permissive=1
01-15 16:12:37.224 1276 1276 I loop0 : type=1400 audit(0.0:598): avc: denied { read } for path="/mnt/system.sfs" dev="sdb" ino=1897 scontext=u:r:kernel:s0 tcontext=u:object_r:unlabeled:s0 tclass=file permissive=1
01-15 16:12:37.258 4854 4854 I crash_dump32: obtaining output fd from tombstoned, type: kDebuggerdTombstone
01-15 16:12:37.258 2390 2390 I /system/bin/tombstoned: received crash request for pid 4503
01-15 16:12:37.258 4854 4854 I crash_dump32: performing dump of process 4503 (target tid = 4851)
01-15 16:12:37.258 4854 4854 F DEBUG : *** *** *** *** *** *** *** *** *** *** *** *** *** *** *** ***
01-15 16:12:37.258 4854 4854 F DEBUG : Build fingerprint: 'Android-x86/android_x86_64/x86_64:8.1.0/OPM1.171019.011/utente12162000:eng/test-keys'
01-15 16:12:37.258 4854 4854 F DEBUG : Revision: '0'
01-15 16:12:37.258 4854 4854 F DEBUG : ABI: 'x86'
01-15 16:12:37.258 4854 4854 F DEBUG : pid: 4503, tid: 4851, name: RenderThread >>> com.android.chrome <<<
01-15 16:12:37.258 4854 4854 F DEBUG : signal 11 (SIGSEGV), code 1 (SEGV_MAPERR), fault addr 0x4
01-15 16:12:37.258 4854 4854 F DEBUG : Cause: null pointer dereference
01-15 16:12:37.258 4854 4854 F DEBUG : eax 00000000 ebx cca69cf4 ecx 00000009 edx bfbff004
01-15 16:12:37.258 4854 4854 F DEBUG : esi 00000000 edi 00000010
01-15 16:12:37.258 4854 4854 F DEBUG : xcs 00000023 xds 0000002b xes 0000002b xfs 0000006b xss 0000002b
01-15 16:12:37.258 4854 4854 F DEBUG : eip cc78d089 ebp bfbfefb8 esp bfbfefb8 flags 00010286
01-15 16:12:37.294 4854 4854 F DEBUG :
01-15 16:12:37.294 4854 4854 F DEBUG : backtrace:
01-15 16:12:37.294 4854 4854 F DEBUG : #00 pc 00651089 /system/vendor/lib/dri/i965_dri.so (build_id_length+9)
01-15 16:12:37.294 4854 4854 F DEBUG : #01 pc 00041ae2 /system/vendor/lib/dri/i965_dri.so (brw_program_binary_init+130)
01-15 16:12:37.294 4854 4854 F DEBUG : #02 pc 0002dd50 /system/vendor/lib/dri/i965_dri.so (brwCreateContext+864)
01-15 16:12:37.294 4854 4854 F DEBUG : #03 pc 003d7777 /system/vendor/lib/dri/i965_dri.so (driCreateContextAttribs+663)
01-15 16:12:37.294 4854 4854 F DEBUG : #04 pc 000112a1 /android/system/vendor/lib/egl/libGLES_mesa.so
01-15 16:12:37.294 4854 4854 F DEBUG : #05 pc 00004096 /android/system/vendor/lib/egl/libGLES_mesa.so
01-15 16:12:37.294 4854 4854 F DEBUG : #06 pc 0000ef37 /android/system/lib/libEGL.so
01-15 16:12:37.294 4854 4854 F DEBUG : #07 pc 000667bd /android/system/lib/libhwui.so
01-15 16:12:37.294 4854 4854 F DEBUG : #08 pc 00067063 /android/system/lib/libhwui.so
01-15 16:12:37.294 4854 4854 F DEBUG : #09 pc 0006474d /android/system/lib/libhwui.so
01-15 16:12:37.294 4854 4854 F DEBUG : #10 pc 00060f9e /android/system/lib/libhwui.so
01-15 16:12:37.294 4854 4854 F DEBUG : #11 pc 00061263 /android/system/lib/libhwui.so
01-15 16:12:37.294 4854 4854 F DEBUG : #12 pc 0006a725 /android/system/lib/libhwui.so
01-15 16:12:37.294 4854 4854 F DEBUG : #13 pc 0006d3e2 /android/system/lib/libhwui.so
