01-15 16:11:29.538 2484 2498 W Binder : at com.android.server.location.LocationProviderProxy$1.run(LocationProviderProxy.java:119)
01-15 16:11:29.538 2484 2498 W Binder : at android.os.Handler.handleCallback(Handler.java:790)
01-15 16:11:29.538 2484 2498 W Binder : at android.os.Handler.dispatchMessage(Handler.java:99)
01-15 16:11:29.538 2484 2498 W Binder : at android.os.Looper.loop(Looper.java:164)
01-15 16:11:29.538 2484 2498 W Binder : at android.os.HandlerThread.run(HandlerThread.java:65)
01-15 16:11:29.554 3849 3849 W dex2oat : Unexpected CPU variant for X86 using defaults: x86_64
01-15 16:11:29.554 3849 3849 I dex2oat : The ClassLoaderContext is a special shared library.
01-15 16:11:29.554 3849 3849 I dex2oat : /system/bin/dex2oat --dex-file=/data/data/com.google.android.youtube/cache/1470286953684.jar --output-vdex-fd=44 --oat-fd=45 --oat-location=/data/data/com.google.android.youtube/cache/oat/x86_64/1470286953684.odex --compiler-filter=quicken --class-loader-context=&
01-15 16:11:29.557 2484 2496 W SchedPolicy: add_tid_to_cgroup failed to write '3590' (Permission denied); fd=25
01-15 16:11:29.561 3533 3583 I SetupWizard.FrpHelper: FRP status: supported: false, challengeRequired: false
01-15 16:11:29.564 2484 3150 W SchedPolicy: add_tid_to_cgroup failed to write '3590' (Permission denied); fd=3
01-15 16:11:29.566 3732 3852 W com.google.protobuf.fi: copyMemory is missing from platform - proto runtime falling back to safer methods.
01-15 16:11:29.569 2343 2343 I vold : type=1400 audit(0.0:503): avc: denied { read } for name="Android-x86_LiveCD" dev="tmpfs" ino=55761 scontext=u:r:vold:s0 tcontext=u:object_r:storage_stub_file:s0 tclass=dir permissive=1
01-15 16:11:29.569 2343 2343 I vold : type=1400 audit(0.0:504): avc: denied { open } for path="/storage/Android-x86_LiveCD" dev="tmpfs" ino=55761 scontext=u:r:vold:s0 tcontext=u:object_r:storage_stub_file:s0 tclass=dir permissive=1
01-15 16:11:29.569 2343 2343 I vold : type=1400 audit(0.0:505): avc: denied { write } for name="data" dev="tmpfs" ino=55763 scontext=u:r:vold:s0 tcontext=u:object_r:storage_stub_file:s0 tclass=dir permissive=1
01-15 16:11:29.569 2343 2343 I vold : type=1400 audit(0.0:506): avc: denied { add_name } for name="com.google.android.gms" scontext=u:r:vold:s0 tcontext=u:object_r:storage_stub_file:s0 tclass=dir permissive=1
01-15 16:11:29.569 2484 2496 D VoldConnector: SND -> {44 volume mkdirs /storage/Android-x86_LiveCD/Android/data/com.google.android.gms/files/}
01-15 16:11:29.570 2484 2544 D VoldConnector: RCV <- {200 44 Command succeeded}
01-15 16:11:29.582 3782 3818 I ContactsProviderV1: Bootstrapping database legacy support
01-15 16:11:29.597 3782 3818 D ContactsDatabaseHelper: WAL enabled for profile.db: false
01-15 16:11:29.600 3826 3826 D MediaScannerReceiver: action: android.intent.action.MEDIA_MOUNTED path: /storage/643C-0AF9
01-15 16:11:29.606 2484 3150 D ContextHubService: Added callback, total callbacks 1
01-15 16:11:29.612 2484 2496 D ContextHubService: System supports 0 hubs
01-15 16:11:29.628 3870 3870 I main : type=1400 audit(0.0:507): avc: denied { dac_read_search } for capability=2 scontext=u:r:zygote:s0 tcontext=u:r:zygote:s0 tclass=capability permissive=1
01-15 16:11:29.630 3870 3870 W zygote64: Unexpected CPU variant for X86 using defaults: x86_64
01-15 16:11:29.635 2484 2496 I ActivityManager: Start proc 3870:com.google.process.gapps/u0a61 for content provider com.google.android.syncadapters.contacts/.ProxyGalProvider
01-15 16:11:29.636 3713 3718 I zygote64: Do partial code cache collection, code=61KB, data=33KB
01-15 16:11:29.636 2368 2368 E lowmemorykiller: Error opening /dev/memcg/apps/uid_10061/pid_3870/memory.soft_limit_in_bytes; errno=2
01-15 16:11:29.636 2368 2368 E lowmemorykiller: Error opening /dev/memcg/apps/uid_1000/pid_3563/memory.soft_limit_in_bytes; errno=2
01-15 16:11:29.636 2368 2368 E lowmemorykiller: Error opening /dev/memcg/apps/uid_10075/pid_3612/memory.soft_limit_in_bytes; errno=2
01-15 16:11:29.636 2368 2368 E lowmemorykiller: Error opening /dev/memcg/apps/uid_10053/pid_3460/memory.soft_limit_in_bytes; errno=2
01-15 16:11:29.636 2368 2368 E lowmemorykiller: Error opening /dev/memcg/apps/uid_1000/pid_3372/memory.soft_limit_in_bytes; errno=2
01-15 16:11:29.641 3713 3718 I zygote64: After code cache collection, code=60KB, data=33KB
01-15 16:11:29.641 3713 3718 I zygote64: Increasing code cache capacity to 256KB
01-15 16:11:29.653 2368 2368 E lowmemorykiller: Error opening /dev/memcg/apps/uid_10061/pid_3870/memory.soft_limit_in_bytes; errno=2
01-15 16:11:29.653 2484 3160 W SchedPolicy: add_tid_to_cgroup failed to write '3870' (Permission denied); fd=25
01-15 16:11:29.653 2368 2368 E lowmemorykiller: Error opening /dev/memcg/apps/uid_10002/pid_3782/memory.soft_limit_in_bytes; errno=2
01-15 16:11:29.653 2484 3160 W SchedPolicy: add_tid_to_cgroup failed to write '3782' (Permission denied); fd=25
01-15 16:11:29.653 2368 2368 E lowmemorykiller: Error opening /dev/memcg/apps/uid_1000/pid_3563/memory.soft_limit_in_bytes; errno=2
01-15 16:11:29.653 2368 2368 E lowmemorykiller: Error opening /dev/memcg/apps/uid_10075/pid_3612/memory.soft_limit_in_bytes; errno=2
01-15 16:11:29.653 2368 2368 E lowmemorykiller: Error opening /dev/memcg/apps/uid_10053/pid_3460/memory.soft_limit_in_bytes; errno=2
01-15 16:11:29.653 2368 2368 E lowmemorykiller: Error opening /dev/memcg/apps/uid_1000/pid_3372/memory.soft_limit_in_bytes; errno=2
01-15 16:11:29.690 2484 3150 W SchedPolicy: add_tid_to_cgroup failed to write '3713' (Permission denied); fd=25
01-15 16:11:29.704 2368 2368 E lowmemorykiller: Error opening /dev/memcg/apps/uid_10061/pid_3870/memory.soft_limit_in_bytes; errno=2
01-15 16:11:29.704 2368 2368 E lowmemorykiller: Error opening /dev/memcg/apps/uid_1000/pid_3390/memory.soft_limit_in_bytes; errno=2
01-15 16:11:29.705 2368 2368 E lowmemorykiller: Error opening /dev/memcg/apps/uid_1000/pid_3563/memory.soft_limit_in_bytes; errno=2
01-15 16:11:29.705 2368 2368 E lowmemorykiller: Error opening /dev/memcg/apps/uid_10075/pid_3612/memory.soft_limit_in_bytes; errno=2
01-15 16:11:29.711 3900 3900 W zygote64: Unexpected CPU variant for X86 using defaults: x86_64
01-15 16:11:29.716 2484 2496 I ActivityManager: Start proc 3900:com.google.android.gm/u0a65 for content provider com.google.android.gm/com.android.exchange.provider.ExchangeDirectoryProvider
01-15 16:11:29.719 2368 2368 E lowmemorykiller: Error opening /dev/memcg/apps/uid_1000/pid_3390/memory.soft_limit_in_bytes; errno=2
01-15 16:11:29.719 2368 2368 E lowmemorykiller: Error opening /dev/memcg/apps/uid_1000/pid_3563/memory.soft_limit_in_bytes; errno=2
01-15 16:11:29.719 2368 2368 E lowmemorykiller: Error opening /dev/memcg/apps/uid_10075/pid_3612/memory.soft_limit_in_bytes; errno=2
01-15 16:11:29.719 2368 2368 E lowmemorykiller: Error opening /dev/memcg/apps/uid_10053/pid_3460/memory.soft_limit_in_bytes; errno=2
01-15 16:11:29.719 2368 2368 E lowmemorykiller: Error opening /dev/memcg/apps/uid_1000/pid_3372/memory.soft_limit_in_bytes; errno=2
01-15 16:11:29.719 3849 3849 I dex2oat : dex2oat took 165.250ms (45.217ms cpu) (threads: 4) arena alloc=2432B (2432B) java alloc=16KB (16400B) native alloc=1040KB (1065272B) free=1519KB (1556168B)
01-15 16:11:29.720 3826 3826 D MediaScannerReceiver: action: android.intent.action.MEDIA_MOUNTED path: /storage/emulated/0
01-15 16:11:29.721 3732 3754 W zygote : Long wait of 1.439ms for Thread[2,tid=3737,Native,Thread*=0xebe88000,peer=0x130c1a10,"Jit thread pool worker thread 0"] suspension!
01-15 16:11:29.721 2484 3407 W SchedPolicy: add_tid_to_cgroup failed to write '3900' (Permission denied); fd=25
01-15 16:11:29.721 2368 2368 E lowmemorykiller: Error opening /dev/memcg/apps/uid_10065/pid_3900/memory.soft_limit_in_bytes; errno=2
01-15 16:11:29.727 2484 3407 D PackageManager: Ephemeral installer not found with new action; try old one
01-15 16:11:29.727 2484 3407 D PackageManager: Clear ephemeral installer activity
01-15 16:11:29.728 3612 3649 I zygote64: The ClassLoaderContext is a special shared library.
01-15 16:11:29.729 3922 3922 W zygote64: Unexpected CPU variant for X86 using defaults: x86_64
01-15 16:11:29.734 2484 3407 D PackageManager: Ephemeral installer not found with new action; try old one
01-15 16:11:29.734 2484 3407 D PackageManager: Clear ephemeral installer activity
01-15 16:11:29.734 2484 3159 I ActivityManager: Start proc 3922:com.android.managedprovisioning/u0a24 for broadcast com.android.managedprovisioning/.ota.PreBootListener
01-15 16:11:29.736 3713 3931 I CastDatabase: Opening the database
01-15 16:11:29.738 3713 3931 I SQLiteCastDBHelper: Creating cast database
01-15 16:11:29.739 3481 3481 W KeyphraseEnrollmentInfo: No enrollment application supports the given keyphrase/locale: 'Ok Google'/en_US
01-15 16:11:29.742 2368 2368 E lowmemorykiller: Error opening /dev/memcg/apps/uid_10011/pid_3826/memory.soft_limit_in_bytes; errno=2
01-15 16:11:29.744 2368 2368 E lowmemorykiller: Error opening /dev/memcg/apps/uid_10024/pid_3922/memory.soft_limit_in_bytes; errno=2
01-15 16:11:29.744 2484 3407 W SchedPolicy: add_tid_to_cgroup failed to write '3922' (Permission denied); fd=25
01-15 16:11:29.748 3713 3931 I SQLiteCastStore: 0 CastNetworkInfo instances loaded, 0 CastDeviceInfo instances loaded, 0 paired guest mode devices loaded.
01-15 16:11:29.767 2484 3160 I WifiService: getWifiEnabledState uid=10018
01-15 16:11:29.768 2484 3160 I WifiService: isScanAlwaysAvailable uid=10018
01-15 16:11:29.768 3590 3590 W Settings: Setting airplane_mode_on has moved from android.provider.Settings.System to android.provider.Settings.Global, returning read-only value.
01-15 16:11:29.773 2484 3311 W SchedPolicy: add_tid_to_cgroup failed to write '3590' (Permission denied); fd=25
01-15 16:11:29.782 2484 3159 I PreBootBroadcaster: Pre-boot of {com.android.providers.calendar/com.android.providers.calendar.CalendarUpgradeReceiver} for user 0
01-15 16:11:29.783 2368 2368 E lowmemorykiller: Error opening /dev/memcg/apps/uid_10024/pid_3922/memory.soft_limit_in_bytes; errno=2
01-15 16:11:29.783 2368 2368 E lowmemorykiller: Error opening /dev/memcg/apps/uid_1000/pid_3390/memory.soft_limit_in_bytes; errno=2
01-15 16:11:29.783 2368 2368 E lowmemorykiller: Error opening /dev/memcg/apps/uid_10075/pid_3612/memory.soft_limit_in_bytes; errno=2
01-15 16:11:29.783 2368 2368 E lowmemorykiller: Error opening /dev/memcg/apps/uid_1000/pid_3372/memory.soft_limit_in_bytes; errno=2
01-15 16:11:29.783 2484 2500 W TelecomManager: Telecom Service not found.
01-15 16:11:29.799 3900 3900 W EasBundling: in EasBundling.init, isBundlingEnabled=false
01-15 16:11:29.816 3900 3952 D ActivityThread: Loading provider com.google.android.gmail.provider;com.android.mail.notifier;com.google.android.gm.email.provider;com.google.android.gm.tasks.provider;com.google.android.gm.email.notifier: com.android.email.provider.EmailProvider
01-15 16:11:29.817 2484 3159 W SchedPolicy: add_tid_to_cgroup failed to write '3590' (Permission denied); fd=3
01-15 16:11:29.829 3826 3866 W MediaScanner: Error opening directory '/storage/Android-x86_LiveCD/', skipping: Permission denied.
01-15 16:11:29.832 3590 3863 E GeofenceStateCache: Unable to load state, all registered geofences are lost.
01-15 16:11:29.838 3590 3863 I GeofencerStateMachine: Network location disabled.
01-15 16:11:29.845 2484 2506 W WindowManager: App freeze timeout expired.
01-15 16:11:29.859 3732 3737 I zygote : Compiler allocated 8MB to compile void com.google.android.apps.gsa.shared.config.a.n.ame()
01-15 16:11:29.909 2484 3159 W BroadcastQueue: Permission Denial: broadcasting Intent { act=com.google.android.gsf.settings.GoogleLocationSettings.UPDATE_LOCATION_SETTINGS flg=0x10 } from com.google.android.setupwizard (pid=3533, uid=10030) is not exported from uid 10018 due to receiver com.google.android.gms/.chimera.GmsIntentOperationService$PersistentInternalReceiver
01-15 16:11:29.918 3963 3963 W zygote64: Unexpected CPU variant for X86 using defaults: x86_64
01-15 16:11:29.921 2484 3407 I ActivityManager: Start proc 3963:com.google.android.gms.ui/u0a18 for broadcast com.google.android.gms/.auth.uiflows.addaccount.setupwizard.SetupWizardPreferencesClearingReceiver
01-15 16:11:29.923 2484 3159 W SchedPolicy: add_tid_to_cgroup failed to write '3963' (Permission denied); fd=25
01-15 16:11:29.923 2368 2368 E lowmemorykiller: Error opening /dev/memcg/apps/uid_10018/pid_3963/memory.soft_limit_in_bytes; errno=2
01-15 16:11:29.924 2484 3311 W SchedPolicy: add_tid_to_cgroup failed to write '3713' (Permission denied); fd=3
01-15 16:11:29.932 3963 3963 I zygote64: The ClassLoaderContext is a special shared library.
01-15 16:11:29.937 2368 2368 E lowmemorykiller: Error opening /dev/memcg/apps/uid_10018/pid_3590/memory.soft_limit_in_bytes; errno=2
01-15 16:11:29.938 2368 2368 E lowmemorykiller: Error opening /dev/memcg/apps/uid_10065/pid_3900/memory.soft_limit_in_bytes; errno=2
01-15 16:11:29.950 3963 3963 I LoadedApk: No resource references to update in package FFFFFFFFFFFFFFFFFFFFFF
01-15 16:11:29.956 2484 3160 D PackageManager: Ephemeral installer not found with new action; try old one
01-15 16:11:29.956 2484 3160 D PackageManager: Clear ephemeral installer activity
01-15 16:11:29.962 3732 3737 I zygote : Do partial code cache collection, code=31KB, data=20KB
01-15 16:11:29.963 3732 3737 I zygote : After code cache collection, code=30KB, data=20KB
01-15 16:11:29.963 3732 3737 I zygote : Increasing code cache capacity to 128KB
01-15 16:11:29.978 3590 3595 I zygote64: Do partial code cache collection, code=61KB, data=48KB
01-15 16:11:29.981 3713 3713 I CastSocket: 27 >= 18. Adding new CastClientAuthKeyManager.
01-15 16:11:29.982 3732 3732 I VelvetUpgradeTasks: Velvet upgraded from -1 to 300738799: running upgrade tasks.
01-15 16:11:29.982 3732 3732 I VelvetUpgradeTasks: System upgraded from null to OPM1.171019.011: running system upgrade tasks.
01-15 16:11:29.990 2484 3160 I WifiService: startScan uid=10018
01-15 16:11:29.995 3963 3963 V NativeCrypto: Registering com/google/android/gms/org/conscrypt/NativeCrypto's 259 native methods...
01-15 16:11:29.997 2484 3160 D PackageManager: Ephemeral installer not found with new action; try old one
01-15 16:11:29.997 2484 3160 D PackageManager: Clear ephemeral installer activity
01-15 16:11:29.999 3590 3595 I zygote64: After code cache collection, code=61KB, data=48KB
01-15 16:11:29.999 3590 3595 I zygote64: Increasing code cache capacity to 256KB
01-15 16:11:30.010 3963 3963 D NetworkSecurityConfig: No Network Security Config specified, using platform default
01-15 16:11:30.012 3963 3963 I ProviderInstaller: Installed default security provider GmsCore_OpenSSL
01-15 16:11:30.030 3713 3994 E ConfigFileUtils: Failed to read config file: /data/data/com.google.android.gms/app_chimera/current_fileapks.pb (No such file or directory)
01-15 16:11:30.031 3782 3818 I ContactDirectoryManager: deleted 0 stale rows which don't have any relevant directory
01-15 16:11:30.031 3782 3818 I ContactDirectoryManager: Discovered 0 contact directories in 413ms
01-15 16:11:30.033 3782 3818 I ContactsProvider: Locale has changed from null to [en_US]
01-15 16:11:30.033 3782 3818 I ContactsDatabaseHelper: Switching to locale [en_US] (ICU v58.2)
01-15 16:11:30.035 3713 3994 E ConfigFileUtils: Failed to read config file: /data/data/com.google.android.gms/app_chimera/current_fileapks.pb (No such file or directory)
01-15 16:11:30.052 2484 3996 D PackageManager: Ephemeral installer not found with new action; try old one
01-15 16:11:30.052 2484 3996 D PackageManager: Clear ephemeral installer activity
01-15 16:11:30.052 2484 3996 D PackageManager: Ephemeral installer not found with new action; try old one
01-15 16:11:30.052 2484 3996 D PackageManager: Clear ephemeral installer activity
01-15 16:11:30.053 2484 3311 D PackageManager: Ephemeral installer not found with new action; try old one
01-15 16:11:30.053 2484 3311 D PackageManager: Clear ephemeral installer activity
01-15 16:11:30.068 3900 3900 W GAV2 : Thread[main,5,main]: Need to call initialize() and be in fallback mode to start dispatch.
01-15 16:11:30.071 3782 3818 I ContactsDatabaseHelper: Locale change completed in 38ms
01-15 16:11:30.071 3782 3818 I ContactsDatabaseHelper: Switching to locale [en_US] (ICU v58.2)
01-15 16:11:30.101 3782 3818 I ContactsDatabaseHelper: Locale change completed in 30ms
01-15 16:11:30.107 3782 3818 I ContactsFTS: Rebuild contact search index in 5ms, 0 contacts
01-15 16:11:30.115 3782 3818 I ContactsProvider: Upgrading aggregation algorithm
01-15 16:11:30.118 3590 3983 E SQLiteLog: (1) no such table: storage_size
01-15 16:11:30.120 3782 3818 I ContactAggregator: Marked all visible contacts for aggregation: 0 raw contacts, 1 ms
01-15 16:11:30.120 3782 3818 I ContactsProvider: Aggregation algorithm upgraded for 0 raw contacts in 5ms
01-15 16:11:30.135 2368 2368 E lowmemorykiller: Error opening /dev/memcg/apps/uid_10065/pid_3900/memory.soft_limit_in_bytes; errno=2
01-15 16:11:30.137 2368 2368 E lowmemorykiller: Error opening /dev/memcg/apps/uid_10065/pid_3900/memory.soft_limit_in_bytes; errno=2
01-15 16:11:30.140 2368 2368 E lowmemorykiller: Error opening /dev/memcg/apps/uid_10018/pid_3590/memory.soft_limit_in_bytes; errno=2
01-15 16:11:30.142 3590 3590 W SystemServiceRegistry: No service published for: persistent_data_block
01-15 16:11:30.153 4018 4018 I main : type=1400 audit(0.0:508): avc: denied { mounton } for path="/storage" dev="tmpfs" ino=7259 scontext=u:r:zygote:s0 tcontext=u:object_r:tmpfs:s0 tclass=dir permissive=1
01-15 16:11:30.155 2484 3996 I ActivityManager: Start proc 4018:com.android.vending/u0a28 for service com.android.vending/com.google.android.finsky.services.AdIdListener
01-15 16:11:30.155 2368 2368 E lowmemorykiller: Error opening /dev/memcg/apps/uid_10065/pid_3900/memory.soft_limit_in_bytes; errno=2
01-15 16:11:30.156 2368 2368 E lowmemorykiller: Error opening /dev/memcg/apps/uid_10061/pid_3870/memory.soft_limit_in_bytes; errno=2
01-15 16:11:30.156 2368 2368 E lowmemorykiller: Error opening /dev/memcg/apps/uid_1000/pid_3563/memory.soft_limit_in_bytes; errno=2
01-15 16:11:30.156 2368 2368 E lowmemorykiller: Error opening /dev/memcg/apps/uid_10053/pid_3460/memory.soft_limit_in_bytes; errno=2
01-15 16:11:30.159 4018 4018 W zygote64: Unexpected CPU variant for X86 using defaults: x86_64
01-15 16:11:30.159 2368 2368 E lowmemorykiller: Error opening /dev/memcg/apps/uid_10018/pid_3590/memory.soft_limit_in_bytes; errno=2
01-15 16:11:30.187 2368 2368 E lowmemorykiller: Error opening /dev/memcg/apps/uid_10028/pid_4018/memory.soft_limit_in_bytes; errno=2
01-15 16:11:30.187 2368 2368 E lowmemorykiller: Error opening /dev/memcg/apps/uid_10061/pid_3870/memory.soft_limit_in_bytes; errno=2
01-15 16:11:30.187 2368 2368 E lowmemorykiller: Error opening /dev/memcg/apps/uid_1000/pid_3563/memory.soft_limit_in_bytes; errno=2
01-15 16:11:30.187 2368 2368 E lowmemorykiller: Error opening /dev/memcg/apps/uid_10075/pid_3612/memory.soft_limit_in_bytes; errno=2
01-15 16:11:30.187 2368 2368 E lowmemorykiller: Error opening /dev/memcg/apps/uid_10053/pid_3460/memory.soft_limit_in_bytes; errno=2
01-15 16:11:30.187 2368 2368 E lowmemorykiller: Error opening /dev/memcg/apps/uid_1000/pid_3372/memory.soft_limit_in_bytes; errno=2
01-15 16:11:30.202 2368 2368 E lowmemorykiller: Error opening /dev/memcg/apps/uid_10061/pid_3870/memory.soft_limit_in_bytes; errno=2
01-15 16:11:30.202 2368 2368 E lowmemorykiller: Error opening /dev/memcg/apps/uid_1000/pid_3563/memory.soft_limit_in_bytes; errno=2
01-15 16:11:30.202 2368 2368 E lowmemorykiller: Error opening /dev/memcg/apps/uid_10075/pid_3612/memory.soft_limit_in_bytes; errno=2
01-15 16:11:30.202 2368 2368 E lowmemorykiller: Error opening /dev/memcg/apps/uid_10053/pid_3460/memory.soft_limit_in_bytes; errno=2
01-15 16:11:30.202 2368 2368 E lowmemorykiller: Error opening /dev/memcg/apps/uid_1000/pid_3372/memory.soft_limit_in_bytes; errno=2
01-15 16:11:30.223 3135 3135 I RenderThread: type=1400 audit(0.0:509): avc: denied { ioctl } for path="/dev/dri/card0" dev="tmpfs" ino=8777 ioctlcmd=0x6469 scontext=u:r:platform_app:s0:c512,c768 tcontext=u:object_r:device:s0 tclass=chr_file permissive=1
01-15 16:11:30.225 3732 3732 I zygote : Deoptimizing int[] com.google.common.collect.gx.b(java.lang.Object[], int, int, int) due to JIT inline cache
01-15 16:11:30.249 3713 3713 I CastMediaRouteProvider: in onDiscoveryRequestChanged: request=DiscoveryRequest{ selector=MediaRouteSelector{ controlCategories=[com.google.android.gms.cast.CATEGORY_CAST/233637DE] }, activeScan=false, isValid=true }
01-15 16:11:30.250 4037 4037 W zygote64: Unexpected CPU variant for X86 using defaults: x86_64
01-15 16:11:30.253 2484 2496 I ActivityManager: Start proc 4037:com.google.android.partnersetup/u0a23 for content provider com.google.android.partnersetup/.RlzAppProvider
01-15 16:11:30.258 3713 4045 I DiscoveryManager: Filter criteria(233637DE) scannerFlags(2)
01-15 16:11:30.258 3713 4045 I Publisher: onUpdateFilterCriteria [233637DE]
01-15 16:11:30.259 3713 4045 E Publisher: ProcessDatabaseInternal start
01-15 16:11:30.259 2484 4044 I WifiService: getWifiEnabledState uid=10018
01-15 16:11:30.260 3713 4045 I CastMediaRouteProvider: onDevicesPublished with 0 devices
01-15 16:11:30.260 3713 4045 I CastMediaRouteProvider: Published 0 routes
01-15 16:11:30.270 2484 3406 W ActivityManager: Unable to start service Intent { act=com.google.android.gm.email.EXCHANGE_INTENT pkg=com.google.android.gm.exchange } U=0: not found
01-15 16:11:30.273 2368 2368 E lowmemorykiller: Error opening /dev/memcg/apps/uid_10018/pid_3590/memory.soft_limit_in_bytes; errno=2
01-15 16:11:30.274 2368 2368 E lowmemorykiller: Error opening /dev/memcg/apps/uid_10018/pid_3963/memory.soft_limit_in_bytes; errno=2
01-15 16:11:30.274 2368 2368 E lowmemorykiller: Error opening /dev/memcg/apps/uid_10024/pid_3922/memory.soft_limit_in_bytes; errno=2
01-15 16:11:30.274 2368 2368 E lowmemorykiller: Error opening /dev/memcg/apps/uid_1000/pid_3390/memory.soft_limit_in_bytes; errno=2
01-15 16:11:30.274 2368 2368 E lowmemorykiller: Error opening /dev/memcg/apps/uid_10075/pid_3612/memory.soft_limit_in_bytes; errno=2
01-15 16:11:30.277 2368 2368 E lowmemorykiller: Error opening /dev/memcg/apps/uid_10024/pid_3922/memory.soft_limit_in_bytes; errno=2
01-15 16:11:30.277 2368 2368 E lowmemorykiller: Error opening /dev/memcg/apps/uid_1000/pid_3390/memory.soft_limit_in_bytes; errno=2
01-15 16:11:30.277 2368 2368 E lowmemorykiller: Error opening /dev/memcg/apps/uid_1000/pid_3563/memory.soft_limit_in_bytes; errno=2
01-15 16:11:30.277 2368 2368 E lowmemorykiller: Error opening /dev/memcg/apps/uid_10075/pid_3612/memory.soft_limit_in_bytes; errno=2
01-15 16:11:30.277 2368 2368 E lowmemorykiller: Error opening /dev/memcg/apps/uid_10053/pid_3460/memory.soft_limit_in_bytes; errno=2
01-15 16:11:30.277 2368 2368 E lowmemorykiller: Error opening /dev/memcg/apps/uid_1000/pid_3372/memory.soft_limit_in_bytes; errno=2
01-15 16:11:30.278 2368 2368 E lowmemorykiller: Error opening /dev/memcg/apps/uid_10018/pid_3713/memory.soft_limit_in_bytes; errno=2
01-15 16:11:30.294 2368 2368 I chatty : uid=0(root) /system/bin/lmkd identical 5 lines
01-15 16:11:30.295 2368 2368 E lowmemorykiller: Error opening /dev/memcg/apps/uid_10018/pid_3713/memory.soft_limit_in_bytes; errno=2
01-15 16:11:30.299 2368 2368 E lowmemorykiller: Error opening /dev/memcg/apps/uid_10023/pid_4037/memory.soft_limit_in_bytes; errno=2
01-15 16:11:30.299 2368 2368 E lowmemorykiller: Error opening /dev/memcg/apps/uid_10018/pid_3713/memory.soft_limit_in_bytes; errno=2
01-15 16:11:30.322 2368 2368 I chatty : uid=0(root) /system/bin/lmkd identical 4 lines
01-15 16:11:30.331 2368 2368 E lowmemorykiller: Error opening /dev/memcg/apps/uid_10018/pid_3713/memory.soft_limit_in_bytes; errno=2
01-15 16:11:30.337 3713 4050 I GoogleURLConnFactory: Using platform SSLCertificateSocketFactory
01-15 16:11:30.339 2368 2368 E lowmemorykiller: Error opening /dev/memcg/apps/uid_10018/pid_3713/memory.soft_limit_in_bytes; errno=2
01-15 16:11:30.349 2368 2368 I chatty : uid=0(root) /system/bin/lmkd identical 3 lines
01-15 16:11:30.357 2368 2368 E lowmemorykiller: Error opening /dev/memcg/apps/uid_10018/pid_3713/memory.soft_limit_in_bytes; errno=2
01-15 16:11:30.359 4018 4018 W Finsky : [2] com.google.android.finsky.application.FinskyAppImpl.ap(1090): No account configured on this device.
01-15 16:11:30.361 3713 4050 I CastNearbyRequest: [FilterRequest] Http request sent to url: https://cast.google.com/cast/nearby/search
01-15 16:11:30.363 2368 2368 E lowmemorykiller: Error opening /dev/memcg/apps/uid_10018/pid_3713/memory.soft_limit_in_bytes; errno=2
01-15 16:11:30.364 3590 3983 I PhenotypeDbHelper: onUpgrade 10 to 12
01-15 16:11:30.364 3590 3983 I PhenotypeDbHelper: Update patchable to nullable in ApplicationStates
01-15 16:11:30.383 3590 3983 I PhenotypeDbHelper: Fix Phenotype registration to be weak
01-15 16:11:30.395 4018 4018 W Finsky : [2] com.google.android.finsky.application.FinskyAppImpl.ap(1090): No account configured on this device.
01-15 16:11:30.400 2368 2368 E lowmemorykiller: Error opening /dev/memcg/apps/uid_10018/pid_3713/memory.soft_limit_in_bytes; errno=2
01-15 16:11:30.404 3590 3983 I HeterodyneConfigVersion: No Heterodyne serving version in database
01-15 16:11:30.405 2368 2368 E lowmemorykiller: Error opening /dev/memcg/apps/uid_10018/pid_3713/memory.soft_limit_in_bytes; errno=2
01-15 16:11:30.405 2368 2368 I chatty : uid=0(root) /system/bin/lmkd identical 1 line
01-15 16:11:30.406 2368 2368 E lowmemorykiller: Error opening /dev/memcg/apps/uid_10018/pid_3713/memory.soft_limit_in_bytes; errno=2
01-15 16:11:30.407 3732 3917 W zygote : Long monitor contention with owner NonUserFacing1 (3916) at java.lang.Object com.google.android.apps.gsa.search.core.bn.get()(SourceFile:7) waiters=0 in java.lang.Object b.a.c.get() for 251ms
01-15 16:11:30.416 3713 3998 E ConfigFileUtils: Failed to read config file: /data/data/com.google.android.gms/app_chimera/current_fileapks.pb (No such file or directory)
01-15 16:11:30.417 2484 3406 I ActivityManager: Start proc 4074:com.android.providers.calendar/u0a4 for broadcast com.android.providers.calendar/.CalendarUpgradeReceiver
01-15 16:11:30.418 2368 2368 E lowmemorykiller: Error opening /dev/memcg/apps/uid_10018/pid_3590/memory.soft_limit_in_bytes; errno=2
01-15 16:11:30.418 2368 2368 E lowmemorykiller: Error opening /dev/memcg/apps/uid_10018/pid_3713/memory.soft_limit_in_bytes; errno=2
01-15 16:11:30.418 2368 2368 E lowmemorykiller: Error opening /dev/memcg/apps/uid_10011/pid_3826/memory.soft_limit_in_bytes; errno=2
01-15 16:11:30.419 2368 2368 E lowmemorykiller: Error opening /dev/memcg/apps/uid_10018/pid_3590/memory.soft_limit_in_bytes; errno=2
01-15 16:11:30.419 2368 2368 E lowmemorykiller: Error opening /dev/memcg/apps/uid_10018/pid_3713/memory.soft_limit_in_bytes; errno=2
01-15 16:11:30.419 2368 2368 E lowmemorykiller: Error opening /dev/memcg/apps/uid_10011/pid_3826/memory.soft_limit_in_bytes; errno=2
01-15 16:11:30.421 2368 2368 E lowmemorykiller: Error opening /dev/memcg/apps/uid_10018/pid_3590/memory.soft_limit_in_bytes; errno=2
01-15 16:11:30.421 2368 2368 I chatty : uid=0(root) /system/bin/lmkd identical 1 line
01-15 16:11:30.422 2368 2368 E lowmemorykiller: Error opening /dev/memcg/apps/uid_10018/pid_3590/memory.soft_limit_in_bytes; errno=2
01-15 16:11:30.424 2368 2368 E lowmemorykiller: Error opening /dev/memcg/apps/uid_10018/pid_3713/memory.soft_limit_in_bytes; errno=2
01-15 16:11:30.427 3713 4050 W CastNearbyRequest: [FilterRequest] Exception sending HTTP request to https://cast.google.com/cast/nearby/search
01-15 16:11:30.428 2368 2368 E lowmemorykiller: Error opening /dev/memcg/apps/uid_10018/pid_3713/memory.soft_limit_in_bytes; errno=2
01-15 16:11:30.435 4074 4074 W zygote64: Unexpected CPU variant for X86 using defaults: x86_64
01-15 16:11:30.438 2368 2368 E lowmemorykiller: Error opening /dev/memcg/apps/uid_10018/pid_3590/memory.soft_limit_in_bytes; errno=2
01-15 16:11:30.440 2368 2368 I chatty : uid=0(root) /system/bin/lmkd identical 2 lines
01-15 16:11:30.441 2368 2368 E lowmemorykiller: Error opening /dev/memcg/apps/uid_10018/pid_3590/memory.soft_limit_in_bytes; errno=2
01-15 16:11:30.441 3713 3998 E ConfigFileUtils: Failed to read config file: /data/data/com.google.android.gms/app_chimera/current_fileapks.pb (No such file or directory)
01-15 16:11:30.443 2368 2368 E lowmemorykiller: Error opening /dev/memcg/apps/uid_10018/pid_3590/memory.soft_limit_in_bytes; errno=2
01-15 16:11:30.443 3713 3998 E ConfigFileUtils: Failed to read config file: /data/data/com.google.android.gms/app_chimera/current_fileapks.pb (No such file or directory)
01-15 16:11:30.445 2368 2368 E lowmemorykiller: Error opening /dev/memcg/apps/uid_10018/pid_3590/memory.soft_limit_in_bytes; errno=2
01-15 16:11:30.445 2368 2368 E lowmemorykiller: Error opening /dev/memcg/apps/uid_10018/pid_3590/memory.soft_limit_in_bytes; errno=2
01-15 16:11:30.448 2368 2368 E lowmemorykiller: Error opening /dev/memcg/apps/uid_10065/pid_3900/memory.soft_limit_in_bytes; errno=2
01-15 16:11:30.448 3713 3998 E ConfigFileUtils: Failed to read config file: /data/user_de/0/com.google.android.gms/app_chimera/current_fileapks.pb (No such file or directory)
01-15 16:11:30.450 2368 2368 E lowmemorykiller: Error opening /dev/memcg/apps/uid_10061/pid_3870/memory.soft_limit_in_bytes; errno=2
01-15 16:11:30.451 2368 2368 E lowmemorykiller: Error opening /dev/memcg/apps/uid_10075/pid_3612/memory.soft_limit_in_bytes; errno=2
01-15 16:11:30.457 4018 4018 E PlayCommon: [2] com.google.android.play.a.e.(14): Failed to restore PlayMetalog
01-15 16:11:30.457 4018 4018 E PlayCommon: [2] com.google.android.play.a.e.(20): Failed to restore LogsUploadAttempt
01-15 16:11:30.457 2368 2368 E lowmemorykiller: Error opening /dev/memcg/apps/uid_10018/pid_3590/memory.soft_limit_in_bytes; errno=2
01-15 16:11:30.457 2368 2368 E lowmemorykiller: Error opening /dev/memcg/apps/uid_10018/pid_3590/memory.soft_limit_in_bytes; errno=2
01-15 16:11:30.457 2368 2368 E lowmemorykiller: Error opening /dev/memcg/apps/uid_10061/pid_3870/memory.soft_limit_in_bytes; errno=2
01-15 16:11:30.457 2368 2368 E lowmemorykiller: Error opening /dev/memcg/apps/uid_1000/pid_3563/memory.soft_limit_in_bytes; errno=2
01-15 16:11:30.457 2368 2368 E lowmemorykiller: Error opening /dev/memcg/apps/uid_10075/pid_3612/memory.soft_limit_in_bytes; errno=2
01-15 16:11:30.457 2368 2368 E lowmemorykiller: Error opening /dev/memcg/apps/uid_10053/pid_3460/memory.soft_limit_in_bytes; errno=2
01-15 16:11:30.457 2368 2368 E lowmemorykiller: Error opening /dev/memcg/apps/uid_1000/pid_3372/memory.soft_limit_in_bytes; errno=2
01-15 16:11:30.458 2368 2368 E lowmemorykiller: Error opening /dev/memcg/apps/uid_10018/pid_3590/memory.soft_limit_in_bytes; errno=2
01-15 16:11:30.459 2484 3150 D PackageManager: Ephemeral installer not found with new action; try old one
01-15 16:11:30.459 2484 3150 D PackageManager: Clear ephemeral installer activity
01-15 16:11:30.460 2368 2368 E lowmemorykiller: Error opening /dev/memcg/apps/uid_10018/pid_3713/memory.soft_limit_in_bytes; errno=2
01-15 16:11:30.460 2368 2368 E lowmemorykiller: Error opening /dev/memcg/apps/uid_10011/pid_3826/memory.soft_limit_in_bytes; errno=2
01-15 16:11:30.460 2484 3406 D PackageManager: Ephemeral installer not found with new action; try old one
01-15 16:11:30.460 2484 3406 D PackageManager: Clear ephemeral installer activity
01-15 16:11:30.460 2484 3406 D PackageManager: Ephemeral installer not found with new action; try old one
01-15 16:11:30.460 2484 3406 D PackageManager: Clear ephemeral installer activity
01-15 16:11:30.462 2484 2495 I WifiService: getWifiEnabledState uid=10018
01-15 16:11:30.463 2484 3150 W ActivityManager: Unable to start service Intent { act=android.intent.action.USER_PRESENT cmp=com.google.android.gms/.cast.service.CastPersistentService } U=0: not found
01-15 16:11:30.464 2484 3406 W SchedPolicy: add_tid_to_cgroup failed to write '3732' (Permission denied); fd=25
01-15 16:11:30.466 2484 4044 W SchedPolicy: add_tid_to_cgroup failed to write '4074' (Permission denied); fd=25
01-15 16:11:30.466 2368 2368 E lowmemorykiller: Error opening /dev/memcg/apps/uid_10004/pid_4074/memory.soft_limit_in_bytes; errno=2
01-15 16:11:30.466 2484 4044 W SchedPolicy: add_tid_to_cgroup failed to write '4037' (Permission denied); fd=25
01-15 16:11:30.466 2368 2368 E lowmemorykiller: Error opening /dev/memcg/apps/uid_10061/pid_3870/memory.soft_limit_in_bytes; errno=2
01-15 16:11:30.466 2368 2368 E lowmemorykiller: Error opening /dev/memcg/apps/uid_1000/pid_3563/memory.soft_limit_in_bytes; errno=2
01-15 16:11:30.466 2368 2368 E lowmemorykiller: Error opening /dev/memcg/apps/uid_10075/pid_3612/memory.soft_limit_in_bytes; errno=2
01-15 16:11:30.466 2368 2368 E lowmemorykiller: Error opening /dev/memcg/apps/uid_10053/pid_3460/memory.soft_limit_in_bytes; errno=2
01-15 16:11:30.466 2368 2368 E lowmemorykiller: Error opening /dev/memcg/apps/uid_1000/pid_3372/memory.soft_limit_in_bytes; errno=2
01-15 16:11:30.467 2484 2494 I zygote64: Background concurrent copying GC freed 15536(896KB) AllocSpace objects, 3(124KB) LOS objects, 42% free, 6MB/11MB, paused 29us total 113.396ms
01-15 16:11:30.473 2368 2368 E lowmemorykiller: Error opening /dev/memcg/apps/uid_10065/pid_3900/memory.soft_limit_in_bytes; errno=2
01-15 16:11:30.474 2368 2368 I chatty : uid=0(root) /system/bin/lmkd identical 1 line
01-15 16:11:30.477 2368 2368 E lowmemorykiller: Error opening /dev/memcg/apps/uid_10065/pid_3900/memory.soft_limit_in_bytes; errno=2
01-15 16:11:30.477 2368 2368 E lowmemorykiller: Error opening /dev/memcg/apps/uid_10024/pid_3922/memory.soft_limit_in_bytes; errno=2
01-15 16:11:30.477 2368 2368 E lowmemorykiller: Error opening /dev/memcg/apps/uid_10061/pid_3870/memory.soft_limit_in_bytes; errno=2
01-15 16:11:30.477 2368 2368 E lowmemorykiller: Error opening /dev/memcg/apps/uid_1000/pid_3390/memory.soft_limit_in_bytes; errno=2
01-15 16:11:30.477 2368 2368 E lowmemorykiller: Error opening /dev/memcg/apps/uid_1000/pid_3563/memory.soft_limit_in_bytes; errno=2
01-15 16:11:30.478 2368 2368 E lowmemorykiller: Error opening /dev/memcg/apps/uid_10075/pid_3612/memory.soft_limit_in_bytes; errno=2
01-15 16:11:30.478 2368 2368 E lowmemorykiller: Error opening /dev/memcg/apps/uid_10053/pid_3460/memory.soft_limit_in_bytes; errno=2
01-15 16:11:30.478 2368 2368 E lowmemorykiller: Error opening /dev/memcg/apps/uid_1000/pid_3372/memory.soft_limit_in_bytes; errno=2
01-15 16:11:30.478 2368 2368 E lowmemorykiller: Error opening /dev/memcg/apps/uid_10024/pid_3922/memory.soft_limit_in_bytes; errno=2
01-15 16:11:30.478 2368 2368 E lowmemorykiller: Error opening /dev/memcg/apps/uid_1000/pid_3390/memory.soft_limit_in_bytes; errno=2
01-15 16:11:30.478 2368 2368 E lowmemorykiller: Error opening /dev/memcg/apps/uid_1000/pid_3563/memory.soft_limit_in_bytes; errno=2
01-15 16:11:30.478 2368 2368 E lowmemorykiller: Error opening /dev/memcg/apps/uid_10075/pid_3612/memory.soft_limit_in_bytes; errno=2
01-15 16:11:30.478 2368 2368 E lowmemorykiller: Error opening /dev/memcg/apps/uid_10053/pid_3460/memory.soft_limit_in_bytes; errno=2
01-15 16:11:30.479 2368 2368 E lowmemorykiller: Error opening /dev/memcg/apps/uid_1000/pid_3372/memory.soft_limit_in_bytes; errno=2
01-15 16:11:30.482 2368 2368 E lowmemorykiller: Error opening /dev/memcg/apps/uid_10018/pid_3713/memory.soft_limit_in_bytes; errno=2
01-15 16:11:30.482 2368 2368 E lowmemorykiller: Error opening /dev/memcg/apps/uid_10011/pid_3826/memory.soft_limit_in_bytes; errno=2
01-15 16:11:30.483 2368 2368 E lowmemorykiller: Error opening /dev/memcg/apps/uid_10018/pid_3590/memory.soft_limit_in_bytes; errno=2
01-15 16:11:30.484 4018 4018 W Finsky : [2] com.google.android.finsky.application.FinskyAppImpl.ap(1090): No account configured on this device.
01-15 16:11:30.489 2484 2495 W SchedPolicy: add_tid_to_cgroup failed to write '3732' (Permission denied); fd=3
01-15 16:11:30.489 2368 2368 E lowmemorykiller: Error opening /dev/memcg/apps/uid_10023/pid_4037/memory.soft_limit_in_bytes; errno=2
01-15 16:11:30.500 4018 4018 W Finsky : [2] com.google.android.finsky.application.FinskyAppImpl.ap(1090): No account configured on this device.
01-15 16:11:30.501 2484 4044 D PackageManager: Ephemeral installer not found with new action; try old one
01-15 16:11:30.501 2484 4044 D PackageManager: Clear ephemeral installer activity
01-15 16:11:30.502 4018 4018 I chatty : uid=10028(com.android.vending) identical 1 line
01-15 16:11:30.506 4018 4018 W Finsky : [2] com.google.android.finsky.application.FinskyAppImpl.ap(1090): No account configured on this device.
01-15 16:11:30.506 3900 3992 W zygote64: Long monitor contention with owner AsyncTask #2 (3952) at android.database.sqlite.SQLiteDatabase com.android.email.provider.EmailProvider.a(android.content.Context)(SourceFile:35) waiters=0 in void com.android.email.provider.EmailProvider.i() for 481ms
01-15 16:11:30.506 2484 3150 D PackageManager: Ephemeral installer not found with new action; try old one
01-15 16:11:30.506 2484 3150 D PackageManager: Clear ephemeral installer activity
01-15 16:11:30.510 3713 4088 I Backup : [CallLogFlagSetter] Not whitelisted for call log backup.
01-15 16:11:30.513 2484 3150 D PackageManager: Ephemeral installer not found with new action; try old one
01-15 16:11:30.514 2484 3150 D PackageManager: Clear ephemeral installer activity
01-15 16:11:30.515 2484 3150 W ActivityManager: Unable to start service Intent { cmp=com.google.android.gm/com.android.email.service.AttachmentService } U=0: not found
01-15 16:11:30.506 3900 3900 I com.google.android.gm: type=1400 audit(0.0:510): avc: denied { map } for comm=456D61696C50726F76696465722074 path="/dev/event-log-tags" dev="tmpfs" ino=7697 scontext=u:r:untrusted_app_25:s0:c512,c768 tcontext=u:object_r:runtime_event_log_tags_file:s0 tclass=file permissive=1
01-15 16:11:30.526 4018 4018 W Finsky : [2] com.google.android.finsky.application.FinskyAppImpl.ap(1090): No account configured on this device.
01-15 16:11:30.530 2484 2495 W ActivityManager: Unable to start service Intent { act=com.google.android.gm.email.EXCHANGE_INTENT pkg=com.google.android.gm.exchange } U=0: not found
01-15 16:11:30.528 4018 4018 I chatty : uid=10028(com.android.vending) identical 1 line
01-15 16:11:30.529 4018 4018 W Finsky : [2] com.google.android.finsky.application.FinskyAppImpl.ap(1090): No account configured on this device.
01-15 16:11:30.532 3713 4082 I ChimeraConfigService: Scheduling checkin every 120 seconds, with flex of 60 seconds
01-15 16:11:30.541 2368 2368 E lowmemorykiller: Error opening /dev/memcg/apps/uid_10018/pid_3590/memory.soft_limit_in_bytes; errno=2
01-15 16:11:30.544 2368 2368 E lowmemorykiller: Error opening /dev/memcg/apps/uid_10018/pid_3713/memory.soft_limit_in_bytes; errno=2
01-15 16:11:30.544 2368 2368 E lowmemorykiller: Error opening /dev/memcg/apps/uid_10011/pid_3826/memory.soft_limit_in_bytes; errno=2
01-15 16:11:30.545 2368 2368 E lowmemorykiller: Error opening /dev/memcg/apps/uid_10018/pid_3713/memory.soft_limit_in_bytes; errno=2
01-15 16:11:30.551 2368 2368 E lowmemorykiller: Error opening /dev/memcg/apps/uid_10018/pid_3590/memory.soft_limit_in_bytes; errno=2
01-15 16:11:30.551 2368 2368 E lowmemorykiller: Error opening /dev/memcg/apps/uid_10011/pid_3826/memory.soft_limit_in_bytes; errno=2
01-15 16:11:30.554 4018 4018 W Finsky : [2] com.google.android.finsky.application.FinskyAppImpl.ap(1090): No account configured on this device.
01-15 16:11:30.564 4074 4074 I CalendarDatabaseHelper: Bootstrapping database
01-15 16:11:30.566 2368 2368 E lowmemorykiller: Error opening /dev/memcg/apps/uid_10018/pid_3590/memory.soft_limit_in_bytes; errno=2
01-15 16:11:30.575 4018 4018 W Finsky : [2] com.google.android.finsky.application.FinskyAppImpl.ap(1090): No account configured on this device.
01-15 16:11:30.586 4074 4074 I CalendarProvider2: Created com.android.providers.calendar.CalendarAlarmManager@d7701a4(com.android.providers.calendar.CalendarProvider2@703db0d)
01-15 16:11:30.588 4018 4018 W Finsky : [2] com.google.android.finsky.application.FinskyAppImpl.ap(1090): No account configured on this device.
01-15 16:11:30.592 3713 4080 I GoogleURLConnFactory: Using platform SSLCertificateSocketFactory
01-15 16:11:30.593 4074 4074 I CalendarUpgradeReceiver: Creating or opening calendar database
01-15 16:11:30.594 2484 3150 I PreBootBroadcaster: Pre-boot of {com.android.providers.contacts/com.android.providers.contacts.ContactsUpgradeReceiver} for user 0
01-15 16:11:30.594 2368 2368 E lowmemorykiller: Error opening /dev/memcg/apps/uid_10065/pid_3900/memory.soft_limit_in_bytes; errno=2
01-15 16:11:30.594 2368 2368 E lowmemorykiller: Error opening /dev/memcg/apps/uid_10004/pid_4074/memory.soft_limit_in_bytes; errno=2
01-15 16:11:30.594 2484 2500 W TelecomManager: Telecom Service not found.
01-15 16:11:30.595 3732 3732 I MicroDetectionWorker: #initializeDataManager [recognitionLocale: en-US, isForced: false, initGHRecognizer: false]
01-15 16:11:30.605 4018 4018 W Finsky : [2] com.google.android.finsky.application.FinskyAppImpl.ap(1090): No account configured on this device.
01-15 16:11:30.613 3732 3916 I GservicesUpdateTask: Updating Gservices keys
01-15 16:11:30.615 3732 3737 I zygote : Do partial code cache collection, code=57KB, data=33KB
01-15 16:11:30.624 3590 3601 I zygote64: Background concurrent copying GC freed 9483(897KB) AllocSpace objects, 4(208KB) LOS objects, 49% free, 3MB/6MB, paused 959us total 162.105ms
01-15 16:11:30.627 2368 2368 E lowmemorykiller: Error opening /dev/memcg/apps/uid_10018/pid_3590/memory.soft_limit_in_bytes; errno=2
01-15 16:11:30.629 2484 3160 W SchedPolicy: add_tid_to_cgroup failed to write '3732' (Permission denied); fd=25
01-15 16:11:30.629 2368 2368 E lowmemorykiller: Error opening /dev/memcg/apps/uid_10037/pid_3732/memory.soft_limit_in_bytes; errno=2
01-15 16:11:30.629 2368 2368 E lowmemorykiller: Error opening /dev/memcg/apps/uid_10002/pid_3782/memory.soft_limit_in_bytes; errno=2
01-15 16:11:30.629 2368 2368 E lowmemorykiller: Error opening /dev/memcg/apps/uid_10018/pid_3590/memory.soft_limit_in_bytes; errno=2
01-15 16:11:30.632 2368 2368 E lowmemorykiller: Error opening /dev/memcg/apps/uid_10065/pid_3900/memory.soft_limit_in_bytes; errno=2
01-15 16:11:30.632 2368 2368 I chatty : uid=0(root) /system/bin/lmkd identical 1 line
01-15 16:11:30.633 2368 2368 E lowmemorykiller: Error opening /dev/memcg/apps/uid_10065/pid_3900/memory.soft_limit_in_bytes; errno=2
01-15 16:11:30.634 4018 4018 W Finsky : [2] com.google.android.finsky.application.FinskyAppImpl.ap(1090): No account configured on this device.
01-15 16:11:30.635 4018 4018 I chatty : uid=10028(com.android.vending) identical 1 line
01-15 16:11:30.636 4018 4018 W Finsky : [2] com.google.android.finsky.application.FinskyAppImpl.ap(1090): No account configured on this device.
01-15 16:11:30.639 2368 2368 E lowmemorykiller: Error opening /dev/memcg/apps/uid_10018/pid_3590/memory.soft_limit_in_bytes; errno=2
01-15 16:11:30.640 4018 4018 W Finsky : [2] com.google.android.finsky.application.FinskyAppImpl.ap(1090): No account configured on this device.
01-15 16:11:30.645 3782 3782 I ContactsUpgradeReceiver: Creating or opening contacts database
01-15 16:11:30.646 2368 2368 E lowmemorykiller: Error opening /dev/memcg/apps/uid_10018/pid_3590/memory.soft_limit_in_bytes; errno=2
01-15 16:11:30.647 3713 4080 E BaseAppContext: Tried to stop global GMSCore RequestQueue. This is likely unintended, so ignoring.
01-15 16:11:30.655 2368 2368 E lowmemorykiller: Error opening /dev/memcg/apps/uid_10018/pid_3590/memory.soft_limit_in_bytes; errno=2
01-15 16:11:30.655 3590 3985 I NetworkScheduler: Using standalone scheduling engine
01-15 16:11:30.655 4018 4018 W Finsky : [2] com.google.android.finsky.application.FinskyAppImpl.ap(1090): No account configured on this device.
01-15 16:11:30.656 4018 4018 I chatty : uid=10028(com.android.vending) identical 1 line
01-15 16:11:30.657 4018 4018 W Finsky : [2] com.google.android.finsky.application.FinskyAppImpl.ap(1090): No account configured on this device.
01-15 16:11:30.657 2368 2368 E lowmemorykiller: Error opening /dev/memcg/apps/uid_10018/pid_3590/memory.soft_limit_in_bytes; errno=2
01-15 16:11:30.659 2368 2368 E lowmemorykiller: Error opening /dev/memcg/apps/uid_10065/pid_3900/memory.soft_limit_in_bytes; errno=2
01-15 16:11:30.663 4018 4018 W Finsky : [2] com.google.android.finsky.application.FinskyAppImpl.ap(1090): No account configured on this device.
01-15 16:11:30.667 2368 2368 E lowmemorykiller: Error opening /dev/memcg/apps/uid_10065/pid_3900/memory.soft_limit_in_bytes; errno=2
01-15 16:11:30.667 2368 2368 E lowmemorykiller: Error opening /dev/memcg/apps/uid_10024/pid_3922/memory.soft_limit_in_bytes; errno=2
01-15 16:11:30.667 2368 2368 E lowmemorykiller: Error opening /dev/memcg/apps/uid_1000/pid_3563/memory.soft_limit_in_bytes; errno=2
01-15 16:11:30.667 2368 2368 E lowmemorykiller: Error opening /dev/memcg/apps/uid_1000/pid_3372/memory.soft_limit_in_bytes; errno=2
01-15 16:11:30.668 3782 3782 D StrictMode: StrictMode policy violation; ~duration=37 ms: android.os.StrictMode$StrictModeDiskReadViolation: policy=65599 violation=2
01-15 16:11:30.668 3782 3782 D StrictMode: at android.os.StrictMode$AndroidBlockGuardPolicy.onReadFromDisk(StrictMode.java:1440)
01-15 16:11:30.668 3782 3782 D StrictMode: at java.io.UnixFileSystem.checkAccess(UnixFileSystem.java:251)
01-15 16:11:30.668 3782 3782 D StrictMode: at java.io.File.exists(File.java:807)
01-15 16:11:30.668 3782 3782 D StrictMode: at android.app.ContextImpl.ensurePrivateDirExists(ContextImpl.java:572)
01-15 16:11:30.668 3782 3782 D StrictMode: at android.app.ContextImpl.ensurePrivateDirExists(ContextImpl.java:563)
01-15 16:11:30.668 3782 3782 D StrictMode: at android.app.ContextImpl.getPreferencesDir(ContextImpl.java:519)
01-15 16:11:30.668 3782 3782 D StrictMode: at android.app.ContextImpl.getSharedPreferencesPath(ContextImpl.java:714)
01-15 16:11:30.668 3782 3782 D StrictMode: at android.app.ContextImpl.getSharedPreferences(ContextImpl.java:368)
01-15 16:11:30.668 3782 3782 D StrictMode: at android.content.ContextWrapper.getSharedPreferences(ContextWrapper.java:167)
01-15 16:11:30.668 3782 3782 D StrictMode: at android.content.ContextWrapper.getSharedPreferences(ContextWrapper.java:167)
01-15 16:11:30.668 3782 3782 D StrictMode: at com.android.providers.contacts.ContactsUpgradeReceiver.onReceive(ContactsUpgradeReceiver.java:56)
01-15 16:11:30.668 3782 3782 D StrictMode: at android.app.ActivityThread.handleReceiver(ActivityThread.java:3187)
01-15 16:11:30.668 3782 3782 D StrictMode: at android.app.ActivityThread.-wrap17(Unknown Source:0)
01-15 16:11:30.668 3782 3782 D StrictMode: at android.app.ActivityThread$H.handleMessage(ActivityThread.java:1672)
01-15 16:11:30.668 3782 3782 D StrictMode: at android.os.Handler.dispatchMessage(Handler.java:106)
01-15 16:11:30.668 3782 3782 D StrictMode: at android.os.Looper.loop(Looper.java:164)
01-15 16:11:30.668 3782 3782 D StrictMode: at android.app.ActivityThread.main(ActivityThread.java:6494)
01-15 16:11:30.668 3782 3782 D StrictMode: at java.lang.reflect.Method.invoke(Native Method)
01-15 16:11:30.668 3782 3782 D StrictMode: at com.android.internal.os.RuntimeInit$MethodAndArgsCaller.run(RuntimeInit.java:463)
01-15 16:11:30.668 3782 3782 D StrictMode: at com.android.internal.os.ZygoteInit.main(ZygoteInit.java:807)
01-15 16:11:30.668 3782 3782 D StrictMode: StrictMode policy violation; ~duration=37 ms: android.os.StrictMode$StrictModeDiskReadViolation: policy=65599 violation=2
01-15 16:11:30.668 3782 3782 D StrictMode: at android.os.StrictMode$AndroidBlockGuardPolicy.onReadFromDisk(StrictMode.java:1440)
01-15 16:11:30.668 3782 3782 D StrictMode: at android.app.SharedPreferencesImpl.awaitLoadedLocked(SharedPreferencesImpl.java:234)
01-15 16:11:30.668 3782 3782 D StrictMode: at android.app.SharedPreferencesImpl.getInt(SharedPreferencesImpl.java:272)
01-15 16:11:30.668 3782 3782 D StrictMode: at com.android.providers.contacts.ContactsUpgradeReceiver.onReceive(ContactsUpgradeReceiver.java:57)
01-15 16:11:30.668 3782 3782 D StrictMode: at android.app.ActivityThread.handleReceiver(ActivityThread.java:3187)
01-15 16:11:30.668 3782 3782 D StrictMode: at android.app.ActivityThread.-wrap17(Unknown Source:0)
01-15 16:11:30.668 3782 3782 D StrictMode: at android.app.ActivityThread$H.handleMessage(ActivityThread.java:1672)
01-15 16:11:30.668 3782 3782 D StrictMode: at android.os.Handler.dispatchMessage(Handler.java:106)
01-15 16:11:30.668 3782 3782 D StrictMode: at android.os.Looper.loop(Looper.java:164)
01-15 16:11:30.668 3782 3782 D StrictMode: at android.app.ActivityThread.main(ActivityThread.java:6494)
01-15 16:11:30.668 3782 3782 D StrictMode: at java.lang.reflect.Method.invoke(Native Method)
01-15 16:11:30.668 3782 3782 D StrictMode: at com.android.internal.os.RuntimeInit$MethodAndArgsCaller.run(RuntimeInit.java:463)
01-15 16:11:30.668 3782 3782 D StrictMode: at com.android.internal.os.ZygoteInit.main(ZygoteInit.java:807)
01-15 16:11:30.668 3782 3782 D StrictMode: StrictMode policy violation; ~duration=28 ms: android.os.StrictMode$StrictModeDiskReadViolation: policy=65599 violation=2
01-15 16:11:30.668 3782 3782 D StrictMode: at android.os.StrictMode$AndroidBlockGuardPolicy.onReadFromDisk(StrictMode.java:1440)
01-15 16:11:30.668 3782 3782 D StrictMode: at java.io.UnixFileSystem.checkAccess(UnixFileSystem.java:251)
01-15 16:11:30.668 3782 3782 D StrictMode: at java.io.File.exists(File.java:807)
01-15 16:11:30.668 3782 3782 D StrictMode: at android.app.SharedPreferencesImpl.writeToFile(SharedPreferencesImpl.java:665)
01-15 16:11:30.668 3782 3782 D StrictMode: at android.app.SharedPreferencesImpl.-wrap2(Unknown Source:0)
01-15 16:11:30.668 3782 3782 D StrictMode: at android.app.SharedPreferencesImpl$2.run(SharedPreferencesImpl.java:599)
