01-15 16:10:53.069 2798 2798 I dex2oat : /system/bin/dex2oat --input-vdex-fd=-1 --output-vdex-fd=13 --compiler-filter=extract --classpath-dir=/system/priv-app/SharedStorageBackup --class-loader-context=PCL[]
01-15 16:10:53.083 2798 2798 I dex2oat : dex2oat took 14.583ms (14.737ms cpu) (threads: 4) arena alloc=0B (0B) java alloc=16KB (16400B) native alloc=1001KB (1025712B) free=1046KB (1071440B)
01-15 16:10:53.084 2484 2484 I PackageManager.DexOptimizer: Running dexopt (dexoptNeeded=1) on: /system/app/PrintSpooler/PrintSpooler.apk pkg=com.android.printspooler isa=x86_64 dexoptFlags=public target-filter=extract oatDir=null sharedLibraries=PCL[]
01-15 16:10:53.090 2803 2803 W dex2oat : Unexpected CPU variant for X86 using defaults: x86_64
01-15 16:10:53.090 2803 2803 I dex2oat : /system/bin/dex2oat --input-vdex-fd=-1 --output-vdex-fd=13 --compiler-filter=extract --classpath-dir=/system/app/PrintSpooler --class-loader-context=PCL[]
01-15 16:10:53.114 2803 2803 I dex2oat : dex2oat took 23.624ms (23.626ms cpu) (threads: 4) arena alloc=0B (0B) java alloc=16KB (16400B) native alloc=1090KB (1116912B) free=1469KB (1504528B)
01-15 16:10:53.115 2484 2484 I PackageManager.DexOptimizer: Running dexopt (dexoptNeeded=1) on: /system/app/BasicDreams/BasicDreams.apk pkg=com.android.dreams.basic isa=x86_64 dexoptFlags=public target-filter=extract oatDir=null sharedLibraries=PCL[]
01-15 16:10:53.121 2808 2808 W dex2oat : Unexpected CPU variant for X86 using defaults: x86_64
01-15 16:10:53.121 2808 2808 I dex2oat : /system/bin/dex2oat --input-vdex-fd=-1 --output-vdex-fd=13 --compiler-filter=extract --classpath-dir=/system/app/BasicDreams --class-loader-context=PCL[]
01-15 16:10:53.137 2808 2808 I dex2oat : dex2oat took 16.348ms (15.939ms cpu) (threads: 4) arena alloc=0B (0B) java alloc=16KB (16400B) native alloc=1049KB (1075184B) free=998KB (1021968B)
01-15 16:10:53.138 2484 2484 I PackageManager.DexOptimizer: Running dexopt (dexoptNeeded=1) on: /system/app/webview/webview.apk pkg=com.android.webview isa=x86_64 dexoptFlags=public target-filter=extract oatDir=null sharedLibraries=PCL[]
01-15 16:10:53.144 2813 2813 W dex2oat : Unexpected CPU variant for X86 using defaults: x86_64
01-15 16:10:53.144 2813 2813 I dex2oat : /system/bin/dex2oat --input-vdex-fd=-1 --output-vdex-fd=13 --compiler-filter=extract --classpath-dir=/system/app/webview --class-loader-context=PCL[]
01-15 16:10:53.186 2813 2813 I dex2oat : dex2oat took 42.014ms (42.138ms cpu) (threads: 4) arena alloc=0B (0B) java alloc=16KB (16400B) native alloc=707KB (724616B) free=1852KB (1896824B)
01-15 16:10:53.187 2484 2484 I PackageManager.DexOptimizer: Running dexopt (dexoptNeeded=1) on: /system/app/webview/webview.apk pkg=com.android.webview isa=x86 dexoptFlags=public target-filter=extract oatDir=null sharedLibraries=PCL[]
01-15 16:10:53.193 2818 2818 W dex2oat : Unexpected CPU variant for X86 using defaults: x86_64
01-15 16:10:53.193 2818 2818 W dex2oat : Mismatch between dex2oat instruction set features (ISA: X86 Feature string: -ssse3,-sse4.1,-sse4.2,-avx,-avx2,-popcnt) and those of dex2oat executable (ISA: X86 Feature string: ssse3,sse4.1,sse4.2,-avx,-avx2,popcnt) for the command line:
01-15 16:10:53.193 2818 2818 W dex2oat : /system/bin/dex2oat --zip-fd=11 --zip-location=webview.apk --input-vdex-fd=-1 --output-vdex-fd=13 --oat-fd=12 --oat-location=/data/dalvik-cache/x86/system@app@webview@webview.apk@classes.dex --instruction-set=x86 --instruction-set-variant=x86_64 --instruction-set-features=default --runtime-arg -Xms64m --runtime-arg -Xmx512m --compiler-filter=extract --swap-fd=14 --classpath-dir=/system/app/webview --class-loader-context=PCL[]
01-15 16:10:53.193 2818 2818 I dex2oat : /system/bin/dex2oat --input-vdex-fd=-1 --output-vdex-fd=13 --compiler-filter=extract --classpath-dir=/system/app/webview --class-loader-context=PCL[]
01-15 16:10:53.194 2818 2818 W dex2oat : Could not reserve sentinel fault page
01-15 16:10:53.236 2818 2818 I dex2oat : dex2oat took 43.498ms (42.748ms cpu) (threads: 4) arena alloc=0B (0B) java alloc=16KB (16400B) native alloc=703KB (720488B) free=1856KB (1900952B)
01-15 16:10:53.238 2484 2484 I PackageManager.DexOptimizer: Running dexopt (dexoptNeeded=1) on: /system/app/BuiltInPrintService/BuiltInPrintService.apk pkg=com.android.bips isa=x86_64 dexoptFlags=public target-filter=extract oatDir=null sharedLibraries=PCL[]
01-15 16:10:53.243 2823 2823 W dex2oat : Unexpected CPU variant for X86 using defaults: x86_64
01-15 16:10:53.243 2823 2823 I dex2oat : /system/bin/dex2oat --input-vdex-fd=-1 --output-vdex-fd=13 --compiler-filter=extract --classpath-dir=/system/app/BuiltInPrintService --class-loader-context=PCL[]
01-15 16:10:53.259 2823 2823 I dex2oat : dex2oat took 16.151ms (16.228ms cpu) (threads: 4) arena alloc=0B (0B) java alloc=16KB (16400B) native alloc=1210KB (1239344B) free=1349KB (1382096B)
01-15 16:10:53.261 2484 2484 I PackageManager.DexOptimizer: Running dexopt (dexoptNeeded=1) on: /system/priv-app/CellBroadcastReceiver/CellBroadcastReceiver.apk pkg=com.android.cellbroadcastreceiver isa=x86_64 dexoptFlags=public target-filter=extract oatDir=null sharedLibraries=PCL[]
01-15 16:10:53.266 2828 2828 W dex2oat : Unexpected CPU variant for X86 using defaults: x86_64
01-15 16:10:53.267 2828 2828 I dex2oat : /system/bin/dex2oat --input-vdex-fd=-1 --output-vdex-fd=13 --compiler-filter=extract --classpath-dir=/system/priv-app/CellBroadcastReceiver --class-loader-context=PCL[]
01-15 16:10:53.306 2828 2828 I dex2oat : dex2oat took 39.203ms (38.690ms cpu) (threads: 4) arena alloc=0B (0B) java alloc=16KB (16400B) native alloc=1092KB (1118896B) free=1467KB (1502544B)
01-15 16:10:53.307 2484 2484 I PackageManager.DexOptimizer: Running dexopt (dexoptNeeded=1) on: /system/app/GoogleContactsSyncAdapter/GoogleContactsSyncAdapter.apk pkg=com.google.android.syncadapters.contacts isa=x86_64 dexoptFlags=public target-filter=extract oatDir=null sharedLibraries=PCL[]
01-15 16:10:53.312 2833 2833 W dex2oat : Unexpected CPU variant for X86 using defaults: x86_64
01-15 16:10:53.313 2833 2833 I dex2oat : /system/bin/dex2oat --input-vdex-fd=-1 --output-vdex-fd=13 --compiler-filter=extract --classpath-dir=/system/app/GoogleContactsSyncAdapter --class-loader-context=PCL[]
01-15 16:10:53.354 2833 2833 I dex2oat : dex2oat took 41.479ms (41.396ms cpu) (threads: 4) arena alloc=0B (0B) java alloc=16KB (16400B) native alloc=1005KB (1029808B) free=1554KB (1591632B)
01-15 16:10:53.355 2484 2484 I PackageManager.DexOptimizer: Running dexopt (dexoptNeeded=1) on: /system/app/NotePad/NotePad.apk pkg=com.example.android.notepad isa=x86_64 dexoptFlags=public target-filter=extract oatDir=null sharedLibraries=PCL[]
01-15 16:10:53.361 2838 2838 W dex2oat : Unexpected CPU variant for X86 using defaults: x86_64
01-15 16:10:53.361 2838 2838 I dex2oat : /system/bin/dex2oat --input-vdex-fd=-1 --output-vdex-fd=13 --compiler-filter=extract --classpath-dir=/system/app/NotePad --class-loader-context=PCL[]
01-15 16:10:53.378 2838 2838 I dex2oat : dex2oat took 17.014ms (17.113ms cpu) (threads: 4) arena alloc=0B (0B) java alloc=16KB (16400B) native alloc=1065KB (1091120B) free=982KB (1006032B)
01-15 16:10:53.379 2484 2484 I PackageManager.DexOptimizer: Running dexopt (dexoptNeeded=1) on: /system/app/KeyChain/KeyChain.apk pkg=com.android.keychain isa=x86_64 dexoptFlags=public target-filter=extract oatDir=null sharedLibraries=PCL[]
01-15 16:10:53.384 2843 2843 W dex2oat : Unexpected CPU variant for X86 using defaults: x86_64
01-15 16:10:53.384 2843 2843 I dex2oat : /system/bin/dex2oat --input-vdex-fd=-1 --output-vdex-fd=13 --compiler-filter=extract --classpath-dir=/system/app/KeyChain --class-loader-context=PCL[]
01-15 16:10:53.400 2843 2843 I dex2oat : dex2oat took 15.507ms (15.572ms cpu) (threads: 4) arena alloc=0B (0B) java alloc=16KB (16400B) native alloc=1141KB (1169264B) free=1418KB (1452176B)
01-15 16:10:53.401 2484 2484 I PackageManager.DexOptimizer: Running dexopt (dexoptNeeded=1) on: /system/app/Chrome/Chrome.apk pkg=com.android.chrome isa=x86 dexoptFlags=public target-filter=extract oatDir=null sharedLibraries=PCL[]
01-15 16:10:53.407 2848 2848 W dex2oat : Unexpected CPU variant for X86 using defaults: x86_64
01-15 16:10:53.407 2848 2848 W dex2oat : Mismatch between dex2oat instruction set features (ISA: X86 Feature string: -ssse3,-sse4.1,-sse4.2,-avx,-avx2,-popcnt) and those of dex2oat executable (ISA: X86 Feature string: ssse3,sse4.1,sse4.2,-avx,-avx2,popcnt) for the command line:
01-15 16:10:53.407 2848 2848 W dex2oat : /system/bin/dex2oat --zip-fd=11 --zip-location=Chrome.apk --input-vdex-fd=-1 --output-vdex-fd=13 --oat-fd=12 --oat-location=/data/dalvik-cache/x86/system@app@Chrome@Chrome.apk@classes.dex --instruction-set=x86 --instruction-set-variant=x86_64 --instruction-set-features=default --runtime-arg -Xms64m --runtime-arg -Xmx512m --compiler-filter=extract --swap-fd=14 --classpath-dir=/system/app/Chrome --class-loader-context=PCL[]
01-15 16:10:53.407 2848 2848 I dex2oat : /system/bin/dex2oat --input-vdex-fd=-1 --output-vdex-fd=13 --compiler-filter=extract --classpath-dir=/system/app/Chrome --class-loader-context=PCL[]
01-15 16:10:53.527 2848 2848 I dex2oat : dex2oat took 120.189ms (117.762ms cpu) (threads: 4) arena alloc=0B (0B) java alloc=16KB (16400B) native alloc=778KB (797288B) free=1781KB (1824152B)
01-15 16:10:53.528 2484 2484 I PackageManager.DexOptimizer: Running dexopt (dexoptNeeded=1) on: /system/app/PrintRecommendationService/PrintRecommendationService.apk pkg=com.android.printservice.recommendation isa=x86_64 dexoptFlags=public target-filter=extract oatDir=null sharedLibraries=PCL[]
01-15 16:10:53.535 2853 2853 W dex2oat : Unexpected CPU variant for X86 using defaults: x86_64
01-15 16:10:53.535 2853 2853 I dex2oat : /system/bin/dex2oat --input-vdex-fd=-1 --output-vdex-fd=13 --compiler-filter=extract --classpath-dir=/system/app/PrintRecommendationService --class-loader-context=PCL[]
01-15 16:10:53.552 2853 2853 I dex2oat : dex2oat took 16.964ms (17.034ms cpu) (threads: 4) arena alloc=0B (0B) java alloc=16KB (16400B) native alloc=1162KB (1190576B) free=1397KB (1430864B)
01-15 16:10:53.553 2484 2484 I PackageManager.DexOptimizer: Running dexopt (dexoptNeeded=1) on: /system/app/Gallery2/Gallery2.apk pkg=com.android.gallery3d isa=x86_64 dexoptFlags=public target-filter=extract oatDir=null sharedLibraries=PCL[/system/framework/com.google.android.media.effects.jar]
01-15 16:10:53.559 2858 2858 W dex2oat : Unexpected CPU variant for X86 using defaults: x86_64
01-15 16:10:53.559 2858 2858 I dex2oat : /system/bin/dex2oat --input-vdex-fd=-1 --output-vdex-fd=13 --compiler-filter=extract --classpath-dir=/system/app/Gallery2 --class-loader-context=PCL[/system/framework/com.google.android.media.effects.jar]
01-15 16:10:53.567 2484 2544 D VoldConnector: RCV <- {640 disk:8,32 9}
01-15 16:10:53.567 2343 2346 V vold : /system/bin/sgdisk
01-15 16:10:53.567 2484 2544 D VoldConnector: RCV <- {641 disk:8,32 15493758976}
01-15 16:10:53.567 2343 2346 V vold : --android-dump
01-15 16:10:53.567 2343 2346 V vold : /dev/block/vold/disk:8,32
01-15 16:10:53.567 2484 2544 D VoldConnector: RCV <- {642 disk:8,32 TDK LoR
01-15 16:10:53.567 2484 2544 D VoldConnector: }
01-15 16:10:53.567 2484 2544 D VoldConnector: RCV <- {644 disk:8,32 /sys//devices/pci0000:00/0000:00:14.0/usb1/1-2/1-2:1.0/host3/target3:0:0/3:0:0:0/block/sdc}
01-15 16:10:53.567 2860 2860 I sh : type=1400 audit(0.0:280): avc: denied { getattr } for path="/vendor" dev="tmpfs" ino=7264 scontext=u:r:vold:s0 tcontext=u:object_r:tmpfs:s0 tclass=lnk_file permissive=1
01-15 16:10:53.569 2860 2860 I sgdisk : type=1400 audit(0.0:282): avc: denied { getattr } for path="/vendor" dev="tmpfs" ino=7264 scontext=u:r:sgdisk:s0 tcontext=u:object_r:tmpfs:s0 tclass=lnk_file permissive=1
01-15 16:10:53.574 2343 2346 V vold : DISK mbr
01-15 16:10:53.574 2343 2346 V vold :
01-15 16:10:53.574 2343 2346 V vold : PART 1 c
01-15 16:10:53.574 2343 2346 V vold :
01-15 16:10:53.574 2484 2544 D VoldConnector: RCV <- {650 public:8,33 0 "disk:8,32" ""}
01-15 16:10:53.574 2484 2544 D VoldConnector: RCV <- {651 public:8,33 0}
01-15 16:10:53.574 2484 2544 D VoldConnector: RCV <- {643 disk:8,32}
01-15 16:10:53.574 2484 2543 D VoldConnector: SND -> {3 volume mount public:8,33 2 0}
01-15 16:10:53.574 2343 2347 V vold : /system/bin/blkid
01-15 16:10:53.574 2343 2347 V vold : -c
01-15 16:10:53.574 2343 2347 V vold : /dev/null
01-15 16:10:53.574 2343 2347 V vold : -s
01-15 16:10:53.574 2343 2347 V vold : TYPE
01-15 16:10:53.574 2484 2544 D VoldConnector: RCV <- {651 public:8,33 1}
01-15 16:10:53.574 2343 2347 V vold : -s
01-15 16:10:53.574 2343 2347 V vold : UUID
01-15 16:10:53.574 2343 2347 V vold : -s
01-15 16:10:53.574 2343 2347 V vold : LABEL
01-15 16:10:53.574 2343 2347 V vold : /dev/block/vold/public:8,33
01-15 16:10:53.574 2861 2861 I sh : type=1400 audit(0.0:284): avc: denied { getattr } for path="/vendor" dev="tmpfs" ino=7264 scontext=u:r:blkid_untrusted:s0 tcontext=u:object_r:tmpfs:s0 tclass=lnk_file permissive=1
01-15 16:10:53.598 2343 2347 V vold : /dev/block/vold/public:8,33: LABEL="TDK16GB_WHT" UUID="643C-0AF9" TYPE="vfat"
01-15 16:10:53.598 2343 2347 V vold :
01-15 16:10:53.598 2484 2544 D VoldConnector: RCV <- {652 public:8,33 vfat}
01-15 16:10:53.598 2484 2544 D VoldConnector: RCV <- {653 public:8,33 643C-0AF9}
01-15 16:10:53.598 2484 2544 D VoldConnector: RCV <- {654 public:8,33 TDK16GB_WHT}
01-15 16:10:53.598 2484 2544 D VoldConnector: RCV <- {656 public:8,33 /mnt/media_rw/643C-0AF9}
01-15 16:10:53.598 2484 2544 D VoldConnector: RCV <- {655 public:8,33 /storage/643C-0AF9}
01-15 16:10:53.598 2343 2347 V vold : /system/bin/fsck_msdos
01-15 16:10:53.598 2343 2347 V vold : -p
01-15 16:10:53.598 2343 2347 V vold : -f
01-15 16:10:53.598 2343 2347 V vold : /dev/block/vold/public:8,33
01-15 16:10:53.601 2862 2862 I fsck_msdos: type=1400 audit(0.0:286): avc: denied { getattr } for path="/vendor" dev="tmpfs" ino=7264 scontext=u:r:fsck_untrusted:s0 tcontext=u:object_r:tmpfs:s0 tclass=lnk_file permissive=1
01-15 16:10:53.603 2343 2347 I fsck_msdos: ** /dev/block/vold/public:8,33
01-15 16:10:53.604 2343 2347 I fsck_msdos: ** Phase 1 - Read FAT (compare skipped)
01-15 16:10:53.604 2343 2347 I fsck_msdos: Attempting to allocate 7380 KB for FAT
01-15 16:10:53.613 2858 2858 I dex2oat : dex2oat took 54.500ms (54.280ms cpu) (threads: 4) arena alloc=0B (0B) java alloc=16KB (16400B) native alloc=640KB (656048B) free=1919KB (1965392B)
01-15 16:10:53.616 2484 2484 I PackageManager.DexOptimizer: Running dexopt (dexoptNeeded=1) on: /system/priv-app/GmsCore/GmsCore.apk pkg=com.google.android.gms isa=x86_64 dexoptFlags=public target-filter=extract oatDir=null sharedLibraries=PCL[/system/framework/com.android.media.remotedisplay.jar:/system/framework/com.android.location.provider.jar]
01-15 16:10:53.622 2866 2866 W dex2oat : Unexpected CPU variant for X86 using defaults: x86_64
01-15 16:10:53.622 2866 2866 I dex2oat : /system/bin/dex2oat --input-vdex-fd=-1 --output-vdex-fd=13 --compiler-filter=extract --classpath-dir=/system/priv-app/GmsCore --class-loader-context=PCL[/system/framework/com.android.media.remotedisplay.jar:/system/framework/com.android.location.provider.jar]
01-15 16:10:54.138 2866 2866 I dex2oat : Large app, accepted running with swap.
01-15 16:10:54.141 2866 2866 I dex2oat : Explicit concurrent copying GC freed 11(14KB) AllocSpace objects, 0(0B) LOS objects, 99% free, 1240B/1537KB, paused 13us total 1.153ms
01-15 16:10:54.142 2866 2866 I dex2oat : Explicit concurrent copying GC freed 11(15KB) AllocSpace objects, 0(0B) LOS objects, 99% free, 2152B/1538KB, paused 8us total 1.091ms
01-15 16:10:54.143 2866 2866 I dex2oat : Explicit concurrent copying GC freed 11(15KB) AllocSpace objects, 0(0B) LOS objects, 99% free, 3064B/1538KB, paused 8us total 1.080ms
01-15 16:10:54.145 2866 2866 I dex2oat : Explicit concurrent copying GC freed 11(15KB) AllocSpace objects, 0(0B) LOS objects, 99% free, 3KB/1539KB, paused 8us total 1.081ms
01-15 16:10:54.150 2866 2866 I dex2oat : dex2oat took 528.476ms (518.049ms cpu) (threads: 4) arena alloc=0B (0B) java alloc=3KB (3976B) native alloc=1020KB (1045104B) free=2MB (2100624B) swap=16MB (16777216B)
01-15 16:10:54.153 2484 2484 I PackageManager.DexOptimizer: Running dexopt (dexoptNeeded=1) on: /system/priv-app/GmsCore/GmsCore.apk pkg=com.google.android.gms isa=x86 dexoptFlags=public target-filter=extract oatDir=null sharedLibraries=PCL[/system/framework/com.android.media.remotedisplay.jar:/system/framework/com.android.location.provider.jar]
01-15 16:10:54.159 2880 2880 W dex2oat : Unexpected CPU variant for X86 using defaults: x86_64
01-15 16:10:54.159 2880 2880 W dex2oat : Mismatch between dex2oat instruction set features (ISA: X86 Feature string: -ssse3,-sse4.1,-sse4.2,-avx,-avx2,-popcnt) and those of dex2oat executable (ISA: X86 Feature string: ssse3,sse4.1,sse4.2,-avx,-avx2,popcnt) for the command line:
01-15 16:10:54.159 2880 2880 W dex2oat : /system/bin/dex2oat --zip-fd=11 --zip-location=GmsCore.apk --input-vdex-fd=-1 --output-vdex-fd=13 --oat-fd=12 --oat-location=/data/dalvik-cache/x86/system@priv-app@GmsCore@GmsCore.apk@classes.dex --instruction-set=x86 --instruction-set-variant=x86_64 --instruction-set-features=default --runtime-arg -Xms64m --runtime-arg -Xmx512m --compiler-filter=extract --swap-fd=14 --classpath-dir=/system/priv-app/GmsCore --class-loader-context=PCL[/system/framework/com.android.media.remotedisplay.jar:/system/framework/com.android.location.provider.jar]
01-15 16:10:54.160 2880 2880 I dex2oat : /system/bin/dex2oat --input-vdex-fd=-1 --output-vdex-fd=13 --compiler-filter=extract --classpath-dir=/system/priv-app/GmsCore --class-loader-context=PCL[/system/framework/com.android.media.remotedisplay.jar:/system/framework/com.android.location.provider.jar]
01-15 16:10:54.167 2343 2347 I fsck_msdos: ** Phase 2 - Check Cluster Chains
01-15 16:10:54.178 2880 2880 W dex2oat : Could not open dex files from location: /system/framework/com.android.location.provider.jar
01-15 16:10:54.178 2880 2880 W dex2oat : Failed to open classpath dex files
01-15 16:10:54.179 2343 2347 I fsck_msdos: ** Phase 3 - Checking Directories
01-15 16:10:54.580 2343 2347 I fsck_msdos: ** Phase 4 - Checking for Lost Files
01-15 16:10:54.583 2343 2347 I fsck_msdos: 2655 files, 1998592 free (774112 clusters)
01-15 16:10:54.585 2343 2347 I Vold : Filesystem check completed OK
01-15 16:10:54.593 2343 2343 I vold : type=1400 audit(0.0:288): avc: denied { dac_read_search } for capability=2 scontext=u:r:vold:s0 tcontext=u:r:vold:s0 tclass=capability permissive=1
01-15 16:10:54.595 2343 2347 V vold : Waiting for FUSE to spin up...
01-15 16:10:54.598 2882 2882 I sdcard : type=1400 audit(0.0:289): avc: denied { getattr } for path="/vendor" dev="tmpfs" ino=7264 scontext=u:r:sdcardd:s0 tcontext=u:object_r:tmpfs:s0 tclass=lnk_file permissive=1
01-15 16:10:54.601 2882 2882 W /system/bin/sdcard: Device explicitly enabled sdcardfs
01-15 16:10:54.645 2484 2544 D VoldConnector: RCV <- {651 public:8,33 2}
01-15 16:10:54.645 2484 2544 D VoldConnector: RCV <- {200 3 Command succeeded}
01-15 16:10:54.645 2484 2543 E VoldConnector: NDC Command {3 volume mount public:8,33 2 0} took too long (1071ms)
01-15 16:10:54.651 2880 2880 I dex2oat : Large app, accepted running with swap.
01-15 16:10:54.654 2880 2880 I dex2oat : Explicit concurrent copying GC freed 10(14KB) AllocSpace objects, 0(0B) LOS objects, 99% free, 1072B/1537KB, paused 13us total 1.203ms
01-15 16:10:54.655 2880 2880 I dex2oat : Explicit concurrent copying GC freed 10(15KB) AllocSpace objects, 0(0B) LOS objects, 99% free, 1816B/1537KB, paused 7us total 1.161ms
01-15 16:10:54.657 2880 2880 I dex2oat : Explicit concurrent copying GC freed 10(15KB) AllocSpace objects, 0(0B) LOS objects, 99% free, 2560B/1538KB, paused 7us total 1.127ms
01-15 16:10:54.658 2880 2880 I dex2oat : Explicit concurrent copying GC freed 10(15KB) AllocSpace objects, 0(0B) LOS objects, 99% free, 3KB/1539KB, paused 7us total 1.113ms
01-15 16:10:54.664 2880 2880 I dex2oat : dex2oat took 504.505ms (504.746ms cpu) (threads: 4) arena alloc=0B (0B) java alloc=3KB (3304B) native alloc=1011KB (1035968B) free=2MB (2109760B) swap=16MB (16777216B)
01-15 16:10:54.666 2484 2484 I PackageManager.DexOptimizer: Running dexopt (dexoptNeeded=1) on: /system/priv-app/GoogleServicesFramework/GoogleServicesFramework.apk pkg=com.google.android.gsf isa=x86_64 dexoptFlags=public target-filter=extract oatDir=null sharedLibraries=PCL[]
01-15 16:10:54.672 2898 2898 W dex2oat : Unexpected CPU variant for X86 using defaults: x86_64
01-15 16:10:54.672 2898 2898 I dex2oat : /system/bin/dex2oat --input-vdex-fd=-1 --output-vdex-fd=13 --compiler-filter=extract --classpath-dir=/system/priv-app/GoogleServicesFramework --class-loader-context=PCL[]
01-15 16:10:54.685 1276 1276 I loop0 : type=1400 audit(0.0:291): avc: denied { read } for path="/mnt/system.sfs" dev="sdb" ino=1897 scontext=u:r:kernel:s0 tcontext=u:object_r:unlabeled:s0 tclass=file permissive=1
01-15 16:10:54.705 2898 2898 I dex2oat : dex2oat took 33.003ms (31.941ms cpu) (threads: 4) arena alloc=0B (0B) java alloc=16KB (16400B) native alloc=1034KB (1059120B) free=1525KB (1562320B)
01-15 16:10:54.706 2484 2484 I PackageManager.DexOptimizer: Running dexopt (dexoptNeeded=1) on: /system/priv-app/CallLogBackup/CallLogBackup.apk pkg=com.android.calllogbackup isa=x86_64 dexoptFlags=public target-filter=extract oatDir=null sharedLibraries=PCL[]
01-15 16:10:54.713 2903 2903 W dex2oat : Unexpected CPU variant for X86 using defaults: x86_64
01-15 16:10:54.713 2903 2903 I dex2oat : /system/bin/dex2oat --input-vdex-fd=-1 --output-vdex-fd=13 --compiler-filter=extract --classpath-dir=/system/priv-app/CallLogBackup --class-loader-context=PCL[]
01-15 16:10:54.728 2903 2903 I dex2oat : dex2oat took 15.301ms (15.483ms cpu) (threads: 4) arena alloc=0B (0B) java alloc=16KB (16400B) native alloc=1001KB (1025328B) free=1046KB (1071824B)
01-15 16:10:54.729 2484 2484 I PackageManager.DexOptimizer: Running dexopt (dexoptNeeded=1) on: /system/priv-app/GooglePartnerSetup/GooglePartnerSetup.apk pkg=com.google.android.partnersetup isa=x86_64 dexoptFlags=public target-filter=extract oatDir=null sharedLibraries=PCL[]
01-15 16:10:54.735 2908 2908 W dex2oat : Unexpected CPU variant for X86 using defaults: x86_64
01-15 16:10:54.735 2908 2908 I dex2oat : /system/bin/dex2oat --input-vdex-fd=-1 --output-vdex-fd=13 --compiler-filter=extract --classpath-dir=/system/priv-app/GooglePartnerSetup --class-loader-context=PCL[]
01-15 16:10:54.773 2908 2908 I dex2oat : dex2oat took 38.429ms (38.370ms cpu) (threads: 4) arena alloc=0B (0B) java alloc=16KB (16400B) native alloc=1283KB (1313840B) free=1276KB (1307600B)
01-15 16:10:54.775 2484 2484 I PackageManager.DexOptimizer: Running dexopt (dexoptNeeded=1) on: /system/app/BasicSmsReceiver/BasicSmsReceiver.apk pkg=com.android.basicsmsreceiver isa=x86_64 dexoptFlags=public target-filter=extract oatDir=null sharedLibraries=PCL[]
01-15 16:10:54.780 2913 2913 W dex2oat : Unexpected CPU variant for X86 using defaults: x86_64
01-15 16:10:54.780 2913 2913 I dex2oat : /system/bin/dex2oat --input-vdex-fd=-1 --output-vdex-fd=13 --compiler-filter=extract --classpath-dir=/system/app/BasicSmsReceiver --class-loader-context=PCL[]
01-15 16:10:54.798 2913 2913 I dex2oat : dex2oat took 17.952ms (17.536ms cpu) (threads: 4) arena alloc=0B (0B) java alloc=16KB (16400B) native alloc=1001KB (1025328B) free=1046KB (1071824B)
01-15 16:10:54.799 2484 2484 I PackageManager.DexOptimizer: Running dexopt (dexoptNeeded=1) on: /system/app/CarrierDefaultApp/CarrierDefaultApp.apk pkg=com.android.carrierdefaultapp isa=x86_64 dexoptFlags=public target-filter=extract oatDir=null sharedLibraries=PCL[]
01-15 16:10:54.805 2918 2918 W dex2oat : Unexpected CPU variant for X86 using defaults: x86_64
01-15 16:10:54.805 2918 2918 I dex2oat : /system/bin/dex2oat --input-vdex-fd=-1 --output-vdex-fd=13 --compiler-filter=extract --classpath-dir=/system/app/CarrierDefaultApp --class-loader-context=PCL[]
01-15 16:10:54.820 2918 2918 I dex2oat : dex2oat took 15.554ms (15.637ms cpu) (threads: 4) arena alloc=0B (0B) java alloc=16KB (16400B) native alloc=1141KB (1168688B) free=1418KB (1452752B)
01-15 16:10:54.822 2484 2484 I PackageManager.DexOptimizer: Running dexopt (dexoptNeeded=1) on: /system/app/PicoTts/PicoTts.apk pkg=com.svox.pico isa=x86 dexoptFlags=public target-filter=extract oatDir=null sharedLibraries=PCL[]
01-15 16:10:54.827 2923 2923 W dex2oat : Unexpected CPU variant for X86 using defaults: x86_64
01-15 16:10:54.827 2923 2923 W dex2oat : Mismatch between dex2oat instruction set features (ISA: X86 Feature string: -ssse3,-sse4.1,-sse4.2,-avx,-avx2,-popcnt) and those of dex2oat executable (ISA: X86 Feature string: ssse3,sse4.1,sse4.2,-avx,-avx2,popcnt) for the command line:
01-15 16:10:54.827 2923 2923 W dex2oat : /system/bin/dex2oat --zip-fd=11 --zip-location=PicoTts.apk --input-vdex-fd=-1 --output-vdex-fd=13 --oat-fd=12 --oat-location=/data/dalvik-cache/x86/system@app@PicoTts@PicoTts.apk@classes.dex --instruction-set=x86 --instruction-set-variant=x86_64 --instruction-set-features=default --runtime-arg -Xms64m --runtime-arg -Xmx512m --compiler-filter=extract --swap-fd=14 --classpath-dir=/system/app/PicoTts --class-loader-context=PCL[]
01-15 16:10:54.828 2923 2923 I dex2oat : /system/bin/dex2oat --input-vdex-fd=-1 --output-vdex-fd=13 --compiler-filter=extract --classpath-dir=/system/app/PicoTts --class-loader-context=PCL[]
01-15 16:10:54.842 2923 2923 I dex2oat : dex2oat took 15.196ms (15.192ms cpu) (threads: 4) arena alloc=0B (0B) java alloc=16KB (16400B) native alloc=998KB (1022832B) free=1049KB (1074320B)
01-15 16:10:54.844 2484 2484 I PackageManager.DexOptimizer: Running dexopt (dexoptNeeded=1) on: /system/priv-app/GoogleFeedback/GoogleFeedback.apk pkg=com.google.android.feedback isa=x86_64 dexoptFlags=public target-filter=extract oatDir=null sharedLibraries=PCL[]
01-15 16:10:54.849 2928 2928 W dex2oat : Unexpected CPU variant for X86 using defaults: x86_64
01-15 16:10:54.849 2928 2928 I dex2oat : /system/bin/dex2oat --input-vdex-fd=-1 --output-vdex-fd=13 --compiler-filter=extract --classpath-dir=/system/priv-app/GoogleFeedback --class-loader-context=PCL[]
01-15 16:10:54.871 2928 2928 I dex2oat : dex2oat took 21.967ms (21.991ms cpu) (threads: 4) arena alloc=0B (0B) java alloc=16KB (16400B) native alloc=1090KB (1116720B) free=1469KB (1504720B)
01-15 16:10:54.872 2484 2484 I PackageManager.DexOptimizer: Running dexopt (dexoptNeeded=1) on: /system/app/GoogleCalendarSyncAdapter/GoogleCalendarSyncAdapter.apk pkg=com.google.android.syncadapters.calendar isa=x86_64 dexoptFlags=public target-filter=extract oatDir=null sharedLibraries=PCL[]
01-15 16:10:54.880 2933 2933 W dex2oat : Unexpected CPU variant for X86 using defaults: x86_64
01-15 16:10:54.880 2933 2933 I dex2oat : /system/bin/dex2oat --input-vdex-fd=-1 --output-vdex-fd=13 --compiler-filter=extract --classpath-dir=/system/app/GoogleCalendarSyncAdapter --class-loader-context=PCL[]
01-15 16:10:54.914 2933 2933 I dex2oat : dex2oat took 34.619ms (33.408ms cpu) (threads: 4) arena alloc=0B (0B) java alloc=16KB (16400B) native alloc=1111KB (1138544B) free=1448KB (1482896B)
01-15 16:10:54.916 2484 2484 I PackageManager.DexOptimizer: Running dexopt (dexoptNeeded=1) on: /system/priv-app/ManagedProvisioning/ManagedProvisioning.apk pkg=com.android.managedprovisioning isa=x86_64 dexoptFlags=public target-filter=extract oatDir=null sharedLibraries=PCL[]
01-15 16:10:54.921 2938 2938 W dex2oat : Unexpected CPU variant for X86 using defaults: x86_64
01-15 16:10:54.921 2938 2938 I dex2oat : /system/bin/dex2oat --input-vdex-fd=-1 --output-vdex-fd=13 --compiler-filter=extract --classpath-dir=/system/priv-app/ManagedProvisioning --class-loader-context=PCL[]
01-15 16:10:54.941 2938 2938 I dex2oat : dex2oat took 20.035ms (20.232ms cpu) (threads: 4) arena alloc=0B (0B) java alloc=16KB (16400B) native alloc=1119KB (1146032B) free=1440KB (1475408B)
01-15 16:10:54.943 2484 2484 I PackageManager.DexOptimizer: Running dexopt (dexoptNeeded=1) on: /system/app/PartnerBookmarksProvider/PartnerBookmarksProvider.apk pkg=com.android.providers.partnerbookmarks isa=x86_64 dexoptFlags=public target-filter=extract oatDir=null sharedLibraries=PCL[]
01-15 16:10:54.949 2943 2943 W dex2oat : Unexpected CPU variant for X86 using defaults: x86_64
01-15 16:10:54.949 2943 2943 I dex2oat : /system/bin/dex2oat --input-vdex-fd=-1 --output-vdex-fd=13 --compiler-filter=extract --classpath-dir=/system/app/PartnerBookmarksProvider --class-loader-context=PCL[]
01-15 16:10:54.950 2943 2943 W dex2oat : Could not reserve sentinel fault page
01-15 16:10:54.967 2943 2943 I dex2oat : dex2oat took 18.139ms (17.627ms cpu) (threads: 4) arena alloc=0B (0B) java alloc=16KB (16400B) native alloc=1165KB (1193648B) free=1394KB (1427792B)
01-15 16:10:54.968 2484 2484 I PackageManager.DexOptimizer: Running dexopt (dexoptNeeded=1) on: /system/priv-app/GoogleLoginService/GoogleLoginService.apk pkg=com.google.android.gsf.login isa=x86_64 dexoptFlags=public target-filter=extract oatDir=null sharedLibraries=PCL[]
01-15 16:10:54.973 2948 2948 W dex2oat : Unexpected CPU variant for X86 using defaults: x86_64
01-15 16:10:54.974 2948 2948 I dex2oat : /system/bin/dex2oat --input-vdex-fd=-1 --output-vdex-fd=13 --compiler-filter=extract --classpath-dir=/system/priv-app/GoogleLoginService --class-loader-context=PCL[]
01-15 16:10:54.974 2948 2948 W dex2oat : Could not reserve sentinel fault page
01-15 16:10:55.029 2948 2948 I dex2oat : dex2oat took 56.011ms (53.968ms cpu) (threads: 4) arena alloc=0B (0B) java alloc=16KB (16400B) native alloc=691KB (708408B) free=1868KB (1913032B)
01-15 16:10:55.031 2484 2484 I PackageManager.DexOptimizer: Running dexopt (dexoptNeeded=1) on: /system/app/LiveWallpapersPicker/LiveWallpapersPicker.apk pkg=com.android.wallpaper.livepicker isa=x86_64 dexoptFlags=public target-filter=extract oatDir=null sharedLibraries=PCL[]
01-15 16:10:55.037 2953 2953 W dex2oat : Unexpected CPU variant for X86 using defaults: x86_64
01-15 16:10:55.037 2953 2953 I dex2oat : /system/bin/dex2oat --input-vdex-fd=-1 --output-vdex-fd=13 --compiler-filter=extract --classpath-dir=/system/app/LiveWallpapersPicker --class-loader-context=PCL[]
01-15 16:10:55.076 2953 2953 I dex2oat : dex2oat took 39.615ms (39.716ms cpu) (threads: 4) arena alloc=0B (0B) java alloc=16KB (16400B) native alloc=1111KB (1138288B) free=1448KB (1483152B)
01-15 16:10:55.078 2484 2484 I PackageManager.DexOptimizer: Running dexopt (dexoptNeeded=1) on: /system/app/AndroidTerm/AndroidTerm.apk pkg=jackpal.androidterm isa=x86 dexoptFlags=public target-filter=extract oatDir=null sharedLibraries=PCL[]
01-15 16:10:55.083 2958 2958 W dex2oat : Unexpected CPU variant for X86 using defaults: x86_64
01-15 16:10:55.084 2958 2958 W dex2oat : Mismatch between dex2oat instruction set features (ISA: X86 Feature string: -ssse3,-sse4.1,-sse4.2,-avx,-avx2,-popcnt) and those of dex2oat executable (ISA: X86 Feature string: ssse3,sse4.1,sse4.2,-avx,-avx2,popcnt) for the command line:
01-15 16:10:55.084 2958 2958 W dex2oat : /system/bin/dex2oat --zip-fd=11 --zip-location=AndroidTerm.apk --input-vdex-fd=-1 --output-vdex-fd=13 --oat-fd=12 --oat-location=/data/dalvik-cache/x86/system@app@AndroidTerm@AndroidTerm.apk@classes.dex --instruction-set=x86 --instruction-set-variant=x86_64 --instruction-set-features=default --runtime-arg -Xms64m --runtime-arg -Xmx512m --compiler-filter=extract --swap-fd=14 --classpath-dir=/system/app/AndroidTerm --class-loader-context=PCL[]
01-15 16:10:55.084 2958 2958 I dex2oat : /system/bin/dex2oat --input-vdex-fd=-1 --output-vdex-fd=13 --compiler-filter=extract --classpath-dir=/system/app/AndroidTerm --class-loader-context=PCL[]
01-15 16:10:55.102 2958 2958 I dex2oat : dex2oat took 18.966ms (19.151ms cpu) (threads: 4) arena alloc=0B (0B) java alloc=16KB (16400B) native alloc=1176KB (1204592B) free=1383KB (1416848B)
01-15 16:10:55.104 2484 2484 I PackageManager.DexOptimizer: Running dexopt (dexoptNeeded=1) on: /system/priv-app/GoogleBackupTransport/GoogleBackupTransport.apk pkg=com.google.android.backuptransport isa=x86_64 dexoptFlags=public target-filter=extract oatDir=null sharedLibraries=PCL[]
01-15 16:10:55.109 2963 2963 W dex2oat : Unexpected CPU variant for X86 using defaults: x86_64
01-15 16:10:55.109 2963 2963 I dex2oat : /system/bin/dex2oat --input-vdex-fd=-1 --output-vdex-fd=13 --compiler-filter=extract --classpath-dir=/system/priv-app/GoogleBackupTransport --class-loader-context=PCL[]
01-15 16:10:55.125 2963 2963 I dex2oat : dex2oat took 15.947ms (16.148ms cpu) (threads: 4) arena alloc=0B (0B) java alloc=16KB (16400B) native alloc=1021KB (1046192B) free=1026KB (1050960B)
01-15 16:10:55.128 2484 2484 I PackageManager.DexOptimizer: Running dexopt (dexoptNeeded=1) on: /system/priv-app/StorageManager/StorageManager.apk pkg=com.android.storagemanager isa=x86_64 dexoptFlags=public target-filter=extract oatDir=null sharedLibraries=PCL[]
01-15 16:10:55.133 2968 2968 W dex2oat : Unexpected CPU variant for X86 using defaults: x86_64
01-15 16:10:55.133 2968 2968 I dex2oat : /system/bin/dex2oat --input-vdex-fd=-1 --output-vdex-fd=13 --compiler-filter=extract --classpath-dir=/system/priv-app/StorageManager --class-loader-context=PCL[]
01-15 16:10:55.173 2968 2968 I dex2oat : dex2oat took 40.247ms (40.358ms cpu) (threads: 4) arena alloc=0B (0B) java alloc=16KB (16400B) native alloc=1109KB (1136240B) free=1450KB (1485200B)
01-15 16:10:55.175 2484 2484 I PackageManager.DexOptimizer: Running dexopt (dexoptNeeded=1) on: /system/app/BookmarkProvider/BookmarkProvider.apk pkg=com.android.bookmarkprovider isa=x86_64 dexoptFlags=public target-filter=extract oatDir=null sharedLibraries=PCL[]
01-15 16:10:55.181 2973 2973 W dex2oat : Unexpected CPU variant for X86 using defaults: x86_64
01-15 16:10:55.181 2973 2973 I dex2oat : /system/bin/dex2oat --input-vdex-fd=-1 --output-vdex-fd=13 --compiler-filter=extract --classpath-dir=/system/app/BookmarkProvider --class-loader-context=PCL[]
01-15 16:10:55.195 2973 2973 I dex2oat : dex2oat took 14.761ms (14.889ms cpu) (threads: 4) arena alloc=0B (0B) java alloc=16KB (16400B) native alloc=1021KB (1045840B) free=1026KB (1051312B)
01-15 16:10:55.197 2484 2484 I PackageManager.DexOptimizer: Running dexopt (dexoptNeeded=1) on: /system/priv-app/Taskbar/Taskbar.apk pkg=com.farmerbb.taskbar.androidx86 isa=x86_64 dexoptFlags=public target-filter=extract oatDir=null sharedLibraries=PCL[]
01-15 16:10:55.203 2978 2978 W dex2oat : Unexpected CPU variant for X86 using defaults: x86_64
01-15 16:10:55.203 2978 2978 I dex2oat : /system/bin/dex2oat --input-vdex-fd=-1 --output-vdex-fd=13 --compiler-filter=extract --classpath-dir=/system/priv-app/Taskbar --class-loader-context=PCL[]
01-15 16:10:55.260 2978 2978 I dex2oat : dex2oat took 57.419ms (57.684ms cpu) (threads: 4) arena alloc=0B (0B) java alloc=16KB (16400B) native alloc=661KB (677208B) free=1898KB (1944232B)
01-15 16:10:55.262 2484 2484 I PackageManager.DexOptimizer: Running dexopt (dexoptNeeded=1) on: /system/priv-app/Eleven/Eleven.apk pkg=com.cyanogenmod.eleven isa=x86_64 dexoptFlags=public target-filter=extract oatDir=null sharedLibraries=PCL[]
01-15 16:10:55.268 2983 2983 W dex2oat : Unexpected CPU variant for X86 using defaults: x86_64
01-15 16:10:55.268 2983 2983 I dex2oat : /system/bin/dex2oat --input-vdex-fd=-1 --output-vdex-fd=13 --compiler-filter=extract --classpath-dir=/system/priv-app/Eleven --class-loader-context=PCL[]
01-15 16:10:55.365 2983 2983 I dex2oat : dex2oat took 97.683ms (97.894ms cpu) (threads: 4) arena alloc=0B (0B) java alloc=16KB (16400B) native alloc=729KB (746824B) free=1830KB (1874616B)
01-15 16:10:55.367 2484 2484 I PackageManager.DexOptimizer: Running dexopt (dexoptNeeded=1) on: /system/app/ExactCalculator/ExactCalculator.apk pkg=com.android.calculator2 isa=x86_64 dexoptFlags=public target-filter=extract oatDir=null sharedLibraries=PCL[]
01-15 16:10:55.373 2988 2988 W dex2oat : Unexpected CPU variant for X86 using defaults: x86_64
01-15 16:10:55.373 2988 2988 I dex2oat : /system/bin/dex2oat --input-vdex-fd=-1 --output-vdex-fd=13 --compiler-filter=extract --classpath-dir=/system/app/ExactCalculator --class-loader-context=PCL[]
01-15 16:10:55.399 2988 2988 I dex2oat : dex2oat took 25.931ms (26.084ms cpu) (threads: 4) arena alloc=0B (0B) java alloc=16KB (16400B) native alloc=1090KB (1116656B) free=1469KB (1504784B)
01-15 16:10:55.400 2484 2484 I PackageManager.DexOptimizer: Running dexopt (dexoptNeeded=1) on: /system/priv-app/VpnDialogs/VpnDialogs.apk pkg=com.android.vpndialogs isa=x86_64 dexoptFlags=public target-filter=extract oatDir=null sharedLibraries=PCL[]
01-15 16:10:55.406 2993 2993 W dex2oat : Unexpected CPU variant for X86 using defaults: x86_64
01-15 16:10:55.406 2993 2993 I dex2oat : /system/bin/dex2oat --input-vdex-fd=-1 --output-vdex-fd=13 --compiler-filter=extract --classpath-dir=/system/priv-app/VpnDialogs --class-loader-context=PCL[]
01-15 16:10:55.420 2993 2993 I dex2oat : dex2oat took 14.979ms (15.106ms cpu) (threads: 4) arena alloc=0B (0B) java alloc=16KB (16400B) native alloc=1001KB (1025488B) free=1046KB (1071664B)
01-15 16:10:55.422 2484 2484 I PackageManager.DexOptimizer: Running dexopt (dexoptNeeded=1) on: /system/app/Email/Email.apk pkg=com.android.email isa=x86_64 dexoptFlags=public target-filter=extract oatDir=null sharedLibraries=PCL[]
01-15 16:10:55.427 2998 2998 W dex2oat : Unexpected CPU variant for X86 using defaults: x86_64
01-15 16:10:55.428 2998 2998 I dex2oat : /system/bin/dex2oat --input-vdex-fd=-1 --output-vdex-fd=13 --compiler-filter=extract --classpath-dir=/system/app/Email --class-loader-context=PCL[]
01-15 16:10:55.505 2998 2998 I dex2oat : dex2oat took 77.324ms (77.470ms cpu) (threads: 4) arena alloc=0B (0B) java alloc=16KB (16400B) native alloc=698KB (714952B) free=1861KB (1906488B)
01-15 16:10:55.506 2484 2484 I PackageManager.DexOptimizer: Running dexopt (dexoptNeeded=1) on: /system/app/WallpaperBackup/WallpaperBackup.apk pkg=com.android.wallpaperbackup isa=x86_64 dexoptFlags=public target-filter=extract oatDir=null sharedLibraries=PCL[]
01-15 16:10:55.512 3003 3003 W dex2oat : Unexpected CPU variant for X86 using defaults: x86_64
01-15 16:10:55.512 3003 3003 I dex2oat : /system/bin/dex2oat --input-vdex-fd=-1 --output-vdex-fd=13 --compiler-filter=extract --classpath-dir=/system/app/WallpaperBackup --class-loader-context=PCL[]
01-15 16:10:55.527 3003 3003 I dex2oat : dex2oat took 14.953ms (15.109ms cpu) (threads: 4) arena alloc=0B (0B) java alloc=16KB (16400B) native alloc=1001KB (1025360B) free=1046KB (1071792B)
01-15 16:10:55.528 2484 2484 I PackageManager.DexOptimizer: Running dexopt (dexoptNeeded=1) on: /system/priv-app/BlockedNumberProvider/BlockedNumberProvider.apk pkg=com.android.providers.blockednumber isa=x86_64 dexoptFlags=public target-filter=extract oatDir=null sharedLibraries=PCL[]
01-15 16:10:55.534 3008 3008 W dex2oat : Unexpected CPU variant for X86 using defaults: x86_64
01-15 16:10:55.534 3008 3008 I dex2oat : /system/bin/dex2oat --input-vdex-fd=-1 --output-vdex-fd=13 --compiler-filter=extract --classpath-dir=/system/priv-app/BlockedNumberProvider --class-loader-context=PCL[]
01-15 16:10:55.557 3008 3008 I dex2oat : dex2oat took 22.796ms (22.333ms cpu) (threads: 4) arena alloc=0B (0B) java alloc=16KB (16400B) native alloc=1145KB (1172912B) free=1414KB (1448528B)
01-15 16:10:55.558 2484 2484 I PackageManager.DexOptimizer: Running dexopt (dexoptNeeded=1) on: /system/app/UserDictionaryProvider/UserDictionaryProvider.apk pkg=com.android.providers.userdictionary isa=x86_64 dexoptFlags=public target-filter=extract oatDir=null sharedLibraries=PCL[]
01-15 16:10:55.564 3013 3013 W dex2oat : Unexpected CPU variant for X86 using defaults: x86_64
01-15 16:10:55.564 3013 3013 I dex2oat : /system/bin/dex2oat --input-vdex-fd=-1 --output-vdex-fd=13 --compiler-filter=extract --classpath-dir=/system/app/UserDictionaryProvider --class-loader-context=PCL[]
01-15 16:10:55.579 3013 3013 I dex2oat : dex2oat took 15.359ms (15.539ms cpu) (threads: 4) arena alloc=0B (0B) java alloc=16KB (16400B) native alloc=1029KB (1054384B) free=1018KB (1042768B)
01-15 16:10:55.581 2484 2484 I PackageManager.DexOptimizer: Running dexopt (dexoptNeeded=1) on: /system/priv-app/EmergencyInfo/EmergencyInfo.apk pkg=com.android.emergency isa=x86_64 dexoptFlags=public target-filter=extract oatDir=null sharedLibraries=PCL[]
01-15 16:10:55.586 3018 3018 W dex2oat : Unexpected CPU variant for X86 using defaults: x86_64
01-15 16:10:55.587 3018 3018 I dex2oat : /system/bin/dex2oat --input-vdex-fd=-1 --output-vdex-fd=13 --compiler-filter=extract --classpath-dir=/system/priv-app/EmergencyInfo --class-loader-context=PCL[]
01-15 16:10:55.628 3018 3018 I dex2oat : dex2oat took 41.613ms (41.562ms cpu) (threads: 4) arena alloc=0B (0B) java alloc=16KB (16400B) native alloc=1111KB (1138160B) free=1448KB (1483280B)
01-15 16:10:55.629 2484 2484 I PackageManager.DexOptimizer: Running dexopt (dexoptNeeded=1) on: /system/app/DeskClock/DeskClock.apk pkg=com.android.deskclock isa=x86_64 dexoptFlags=public target-filter=extract oatDir=null sharedLibraries=PCL[]
01-15 16:10:55.635 3023 3023 W dex2oat : Unexpected CPU variant for X86 using defaults: x86_64
01-15 16:10:55.635 3023 3023 I dex2oat : /system/bin/dex2oat --input-vdex-fd=-1 --output-vdex-fd=13 --compiler-filter=extract --classpath-dir=/system/app/DeskClock --class-loader-context=PCL[]
01-15 16:10:55.683 3023 3023 I dex2oat : dex2oat took 48.190ms (48.168ms cpu) (threads: 4) arena alloc=0B (0B) java alloc=16KB (16400B) native alloc=654KB (669936B) free=1905KB (1951504B)
01-15 16:10:55.684 2484 2484 I PackageManager.DexOptimizer: Running dexopt (dexoptNeeded=1) on: /system/app/BluetoothMidiService/BluetoothMidiService.apk pkg=com.android.bluetoothmidiservice isa=x86_64 dexoptFlags=public target-filter=extract oatDir=null sharedLibraries=PCL[]
01-15 16:10:55.690 3028 3028 W dex2oat : Unexpected CPU variant for X86 using defaults: x86_64
01-15 16:10:55.690 3028 3028 I dex2oat : /system/bin/dex2oat --input-vdex-fd=-1 --output-vdex-fd=13 --compiler-filter=extract --classpath-dir=/system/app/BluetoothMidiService --class-loader-context=PCL[]
01-15 16:10:55.706 3028 3028 I dex2oat : dex2oat took 16.519ms (16.758ms cpu) (threads: 4) arena alloc=0B (0B) java alloc=16KB (16400B) native alloc=1001KB (1025648B) free=1046KB (1071504B)
01-15 16:10:55.707 2484 2484 I PackageManager.DexOptimizer: Running dexopt (dexoptNeeded=1) on: /system/priv-app/GmsCoreSetup/GmsCoreSetup.apk pkg=com.google.android.gms.setup isa=x86_64 dexoptFlags=public target-filter=extract oatDir=null sharedLibraries=PCL[]
01-15 16:10:55.714 3033 3033 W dex2oat : Unexpected CPU variant for X86 using defaults: x86_64
01-15 16:10:55.714 3033 3033 I dex2oat : /system/bin/dex2oat --input-vdex-fd=-1 --output-vdex-fd=13 --compiler-filter=extract --classpath-dir=/system/priv-app/GmsCoreSetup --class-loader-context=PCL[]
01-15 16:10:55.764 3033 3033 I dex2oat : dex2oat took 50.407ms (48.547ms cpu) (threads: 4) arena alloc=0B (0B) java alloc=16KB (16400B) native alloc=714KB (731736B) free=1845KB (1889704B)
01-15 16:10:55.766 2484 2484 I PackageManager.DexOptimizer: Running dexopt (dexoptNeeded=1) on: /system/app/Bluetooth/Bluetooth.apk pkg=com.android.bluetooth isa=x86_64 dexoptFlags=public target-filter=extract oatDir=null sharedLibraries=PCL[/system/framework/javax.obex.jar]
01-15 16:10:55.771 3038 3038 W dex2oat : Unexpected CPU variant for X86 using defaults: x86_64
01-15 16:10:55.772 3038 3038 I dex2oat : /system/bin/dex2oat --input-vdex-fd=-1 --output-vdex-fd=13 --compiler-filter=extract --classpath-dir=/system/app/Bluetooth --class-loader-context=PCL[/system/framework/javax.obex.jar]
01-15 16:10:55.834 3038 3038 I dex2oat : dex2oat took 63.034ms (62.472ms cpu) (threads: 4) arena alloc=0B (0B) java alloc=16KB (16400B) native alloc=640KB (656176B) free=1919KB (1965264B)
01-15 16:10:55.836 2484 2484 I PackageManager.DexOptimizer: Running dexopt (dexoptNeeded=1) on: /system/app/Development/Development.apk pkg=com.android.development isa=x86_64 dexoptFlags=public target-filter=extract oatDir=null sharedLibraries=PCL[/system/framework/android.test.mock.jar:/system/framework/android.test.runner.jar]
01-15 16:10:55.842 3043 3043 W dex2oat : Unexpected CPU variant for X86 using defaults: x86_64
01-15 16:10:55.842 3043 3043 I dex2oat : /system/bin/dex2oat --input-vdex-fd=-1 --output-vdex-fd=13 --compiler-filter=extract --classpath-dir=/system/app/Development --class-loader-context=PCL[/system/framework/android.test.mock.jar:/system/framework/android.test.runner.jar]
01-15 16:10:55.860 3043 3043 I dex2oat : dex2oat took 18.817ms (18.902ms cpu) (threads: 4) arena alloc=0B (0B) java alloc=16KB (16400B) native alloc=1263KB (1293520B) free=1296KB (1327920B)
01-15 16:10:55.862 2484 2484 I PackageManager.DexOptimizer: Running dexopt (dexoptNeeded=1) on: /system/app/WallpaperPicker/WallpaperPicker.apk pkg=com.android.wallpaperpicker isa=x86_64 dexoptFlags=public target-filter=extract oatDir=null sharedLibraries=PCL[]
01-15 16:10:55.868 3048 3048 W dex2oat : Unexpected CPU variant for X86 using defaults: x86_64
01-15 16:10:55.868 3048 3048 I dex2oat : /system/bin/dex2oat --input-vdex-fd=-1 --output-vdex-fd=13 --compiler-filter=extract --classpath-dir=/system/app/WallpaperPicker --class-loader-context=PCL[]
01-15 16:10:55.888 3048 3048 I dex2oat : dex2oat took 20.354ms (20.614ms cpu) (threads: 4) arena alloc=0B (0B) java alloc=16KB (16400B) native alloc=1200KB (1229808B) free=1359KB (1391632B)
01-15 16:10:55.889 2484 2484 I PackageManager.DexOptimizer: Running dexopt (dexoptNeeded=1) on: /system/priv-app/ContactsProvider/ContactsProvider.apk pkg=com.android.providers.contacts isa=x86_64 dexoptFlags=public target-filter=extract oatDir=null sharedLibraries=PCL[]
01-15 16:10:55.895 3053 3053 W dex2oat : Unexpected CPU variant for X86 using defaults: x86_64
01-15 16:10:55.895 3053 3053 I dex2oat : /system/bin/dex2oat --input-vdex-fd=-1 --output-vdex-fd=13 --compiler-filter=extract --classpath-dir=/system/priv-app/ContactsProvider --class-loader-context=PCL[]
01-15 16:10:55.924 3053 3053 I dex2oat : dex2oat took 28.781ms (28.853ms cpu) (threads: 4) arena alloc=0B (0B) java alloc=16KB (16400B) native alloc=1092KB (1118640B) free=1467KB (1502800B)
01-15 16:10:55.925 2484 2484 I PackageManager.DexOptimizer: Running dexopt (dexoptNeeded=1) on: /system/app/CaptivePortalLogin/CaptivePortalLogin.apk pkg=com.android.captiveportallogin isa=x86_64 dexoptFlags=public target-filter=extract oatDir=null sharedLibraries=PCL[]
01-15 16:10:55.931 3058 3058 W dex2oat : Unexpected CPU variant for X86 using defaults: x86_64
01-15 16:10:55.931 3058 3058 I dex2oat : /system/bin/dex2oat --input-vdex-fd=-1 --output-vdex-fd=13 --compiler-filter=extract --classpath-dir=/system/app/CaptivePortalLogin --class-loader-context=PCL[]
01-15 16:10:55.946 3058 3058 I dex2oat : dex2oat took 15.206ms (15.457ms cpu) (threads: 4) arena alloc=0B (0B) java alloc=16KB (16400B) native alloc=1001KB (1025328B) free=1046KB (1071824B)
01-15 16:10:55.947 2484 2484 D SystemServerTiming: UpdatePackagesIfNeeded took to complete: 5743ms
01-15 16:10:55.947 2484 2484 I SystemServer: PerformFstrimIfNeeded
01-15 16:10:55.948 2484 2484 W PackageManager: No disk maintenance in 1516032655948; running immediately
01-15 16:10:55.948 2484 2484 D SystemServerTiming: PerformFstrimIfNeeded took to complete: 0ms
01-15 16:10:55.948 2484 2484 I SystemServer: StartLockSettingsService
01-15 16:10:55.948 2484 2543 I StorageManagerService: Running fstrim idle maintenance
01-15 16:10:55.948 2484 2484 I SystemServiceManager: Starting com.android.server.locksettings.LockSettingsService$Lifecycle
01-15 16:10:55.948 2484 2543 D VoldConnector: SND -> {4 fstrim dotrimbench}
01-15 16:10:55.948 2343 2347 I vold : [libfs_mgr]fs_mgr_read_fstab_dt(): failed to read fstab from dt
01-15 16:10:55.947 2343 2343 I vold : type=1400 audit(0.0:292): avc: denied { read } for name="fstab.android_x86_64" dev="tmpfs" ino=7229 scontext=u:r:vold:s0 tcontext=u:object_r:tmpfs:s0 tclass=file permissive=1
01-15 16:10:55.948 2484 2544 D VoldConnector: RCV <- {200 4 Command succeeded}
01-15 16:10:55.948 2343 3063 D vold : Starting trim of /cache
01-15 16:10:55.948 2343 3063 W vold : Trim failed on /cache: Not a typewriter
01-15 16:10:55.948 2484 2544 D VoldConnector: RCV <- {662 /cache -1 -1}
01-15 16:10:55.949 2343 3063 I vold : Benchmarking /cache/misc/vold/bench
01-15 16:10:55.948 2343 2343 I vold : type=1400 audit(0.0:295): avc: denied { write } for name="/" dev="tmpfs" ino=9930 scontext=u:r:vold:s0 tcontext=u:object_r:cache_file:s0 tclass=dir permissive=1
01-15 16:10:55.949 2343 2343 I vold : type=1400 audit(0.0:299): avc: denied { create } for name="stub" scontext=u:r:vold:s0 tcontext=u:object_r:cache_file:s0 tclass=file permissive=1
01-15 16:10:55.953 2484 2484 D SystemServerTiming: StartLockSettingsService took to complete: 6ms
01-15 16:10:55.954 2484 2484 I system_server: Looking for service android.hardware.oemlock@1.0::IOemLock/default
01-15 16:10:55.954 2293 2293 W /system/bin/hwservicemanager: getTransport: Cannot find entry android.hardware.oemlock@1.0::IOemLock/default in either framework or device manifest.
01-15 16:10:55.954 2484 2484 I OemLock : OemLock HAL not present on device
01-15 16:10:55.954 2484 2484 I SystemServer: StartDeviceIdleController
01-15 16:10:55.955 2484 2484 I SystemServiceManager: Starting com.android.server.DeviceIdleController
01-15 16:10:55.956 2484 2484 D SystemServerTiming: StartDeviceIdleController took to complete: 3ms
01-15 16:10:55.956 2484 2484 I SystemServer: StartDevicePolicyManager
01-15 16:10:55.956 2484 2484 I SystemServiceManager: Starting com.android.server.devicepolicy.DevicePolicyManagerService$Lifecycle
01-15 16:10:55.964 2484 2484 D SystemServerTiming: StartDevicePolicyManager took to complete: 7ms
01-15 16:10:55.964 2484 2484 I SystemServer: StartStatusBarManagerService
