01-15 16:11:31.559 2484 4136 W ActivityManager: Unable to start service Intent { act=com.android.email.EXCHANGE_INTENT pkg=com.android.exchange } U=0: not found
01-15 16:11:31.562 2368 2368 E lowmemorykiller: Error opening /dev/memcg/apps/uid_10059/pid_4323/memory.soft_limit_in_bytes; errno=2
01-15 16:11:31.561 2484 4136 W ActivityManager: Unable to start service Intent { act=com.android.email.EXCHANGE_INTENT pkg=com.android.exchange } U=0: not found
01-15 16:11:31.562 4323 4323 E ActivityThread: Service com.android.email.service.EmailBroadcastProcessorService has leaked ServiceConnection com.android.emailcommon.service.ServiceProxy$ProxyConnection@4c6c93b that was originally bound here
01-15 16:11:31.562 4323 4323 E ActivityThread: android.app.ServiceConnectionLeaked: Service com.android.email.service.EmailBroadcastProcessorService has leaked ServiceConnection com.android.emailcommon.service.ServiceProxy$ProxyConnection@4c6c93b that was originally bound here
01-15 16:11:31.562 4323 4323 E ActivityThread: at android.app.LoadedApk$ServiceDispatcher.(LoadedApk.java:1532)
01-15 16:11:31.562 4323 4323 E ActivityThread: at android.app.LoadedApk.getServiceDispatcher(LoadedApk.java:1424)
01-15 16:11:31.562 4323 4323 E ActivityThread: at android.app.ContextImpl.bindServiceCommon(ContextImpl.java:1605)
01-15 16:11:31.562 4323 4323 E ActivityThread: at android.app.ContextImpl.bindService(ContextImpl.java:1557)
01-15 16:11:31.562 4323 4323 E ActivityThread: at android.content.ContextWrapper.bindService(ContextWrapper.java:684)
01-15 16:11:31.562 4323 4323 E ActivityThread: at com.android.emailcommon.service.ServiceProxy.setTask(ServiceProxy.java:181)
01-15 16:11:31.562 4323 4323 E ActivityThread: at com.android.emailcommon.service.ServiceProxy.test(ServiceProxy.java:224)
01-15 16:11:31.562 4323 4323 E ActivityThread: at com.android.email.service.EmailServiceUtils.isServiceAvailable(EmailServiceUtils.java:160)
01-15 16:11:31.562 4323 4323 E ActivityThread: at com.android.email.provider.AccountReconciler.reconcileAccountsInternal(AccountReconciler.java:171)
01-15 16:11:31.562 4323 4323 E ActivityThread: at com.android.email.provider.AccountReconciler.reconcileAccounts(AccountReconciler.java:115)
01-15 16:11:31.562 4323 4323 E ActivityThread: at com.android.email.service.EmailBroadcastProcessorService.reconcileAndStartServices(EmailBroadcastProcessorService.java:305)
01-15 16:11:31.562 4323 4323 E ActivityThread: at com.android.email.service.EmailBroadcastProcessorService.onBootCompleted(EmailBroadcastProcessorService.java:295)
01-15 16:11:31.562 4323 4323 E ActivityThread: at com.android.email.service.EmailBroadcastProcessorService.onHandleIntent(EmailBroadcastProcessorService.java:130)
01-15 16:11:31.562 4323 4323 E ActivityThread: at android.app.IntentService$ServiceHandler.handleMessage(IntentService.java:76)
01-15 16:11:31.562 4323 4323 E ActivityThread: at android.os.Handler.dispatchMessage(Handler.java:106)
01-15 16:11:31.562 4323 4323 E ActivityThread: at android.os.Looper.loop(Looper.java:164)
01-15 16:11:31.562 4323 4323 E ActivityThread: at android.os.HandlerThread.run(HandlerThread.java:65)
01-15 16:11:31.562 2368 2368 E lowmemorykiller: Error opening /dev/memcg/apps/uid_10059/pid_4323/memory.soft_limit_in_bytes; errno=2
01-15 16:11:31.562 2368 2368 E lowmemorykiller: Error opening /dev/memcg/apps/uid_10075/pid_3612/memory.soft_limit_in_bytes; errno=2
01-15 16:11:31.562 2368 2368 E lowmemorykiller: Error opening /dev/memcg/apps/uid_10028/pid_4018/memory.soft_limit_in_bytes; errno=2
01-15 16:11:31.562 2368 2368 E lowmemorykiller: Error opening /dev/memcg/apps/uid_10046/pid_4204/memory.soft_limit_in_bytes; errno=2
01-15 16:11:31.562 2368 2368 E lowmemorykiller: Error opening /dev/memcg/apps/uid_1000/pid_3390/memory.soft_limit_in_bytes; errno=2
01-15 16:11:31.563 2368 2368 E lowmemorykiller: Error opening /dev/memcg/apps/uid_10065/pid_3900/memory.soft_limit_in_bytes; errno=2
01-15 16:11:31.563 2368 2368 E lowmemorykiller: Error opening /dev/memcg/apps/uid_10018/pid_3963/memory.soft_limit_in_bytes; errno=2
01-15 16:11:31.563 2368 2368 E lowmemorykiller: Error opening /dev/memcg/apps/uid_10061/pid_3870/memory.soft_limit_in_bytes; errno=2
01-15 16:11:31.563 2368 2368 E lowmemorykiller: Error opening /dev/memcg/apps/uid_1000/pid_3563/memory.soft_limit_in_bytes; errno=2
01-15 16:11:31.563 2368 2368 E lowmemorykiller: Error opening /dev/memcg/apps/uid_1000/pid_3372/memory.soft_limit_in_bytes; errno=2
01-15 16:11:31.563 2484 3311 W ActivityManager: Unbind failed: could not find connection for android.os.BinderProxy@3ef4744
01-15 16:11:31.567 2484 2496 W ActivityManager: Unable to start service Intent { act=com.android.email.EXCHANGE_INTENT pkg=com.android.exchange } U=0: not found
01-15 16:11:31.573 2484 3311 W ActivityManager: Unable to start service Intent { act=com.android.email.EXCHANGE_INTENT pkg=com.android.exchange } U=0: not found
01-15 16:11:31.595 2358 2358 D Camera_Factory: CameraFactory::get_camera_info
01-15 16:11:31.595 2358 2358 D Camera_Factory: CameraFactory::getCameraInfo: id = 0, info = 0xffa8aaf0
01-15 16:11:31.595 2358 2358 D Camera_Factory: CameraFactory::getCameraNum: 1
01-15 16:11:31.595 2358 2358 D CameraHardware: CameraHardware::getCameraInfo
01-15 16:11:31.595 4360 4360 I G:DisableCameraReceiver: back camera found: 0
01-15 16:11:31.595 2484 3311 D PackageManager: Ephemeral installer not found with new action; try old one
01-15 16:11:31.595 2484 3311 D PackageManager: Clear ephemeral installer activity
01-15 16:11:31.596 2368 2368 E lowmemorykiller: Error opening /dev/memcg/apps/uid_10066/pid_3116/memory.soft_limit_in_bytes; errno=2
01-15 16:11:31.596 2368 2368 E lowmemorykiller: Error opening /dev/memcg/apps/uid_10057/pid_4360/memory.soft_limit_in_bytes; errno=2
01-15 16:11:31.596 2368 2368 E lowmemorykiller: Error opening /dev/memcg/apps/uid_1000/pid_3390/memory.soft_limit_in_bytes; errno=2
01-15 16:11:31.597 2368 2368 E lowmemorykiller: Error opening /dev/memcg/apps/uid_10061/pid_3870/memory.soft_limit_in_bytes; errno=2
01-15 16:11:31.597 2368 2368 E lowmemorykiller: Error opening /dev/memcg/apps/uid_1000/pid_3563/memory.soft_limit_in_bytes; errno=2
01-15 16:11:31.598 3732 3917 W CookieHeaderHelper: Auth token not ready, no auth header set.
01-15 16:11:31.599 3116 3116 I SystemBroadcastReceiver: Boot has been completed
01-15 16:11:31.599 3116 3116 I SystemBroadcastReceiver: toggleAppIcon() : FLAG_SYSTEM = true
01-15 16:11:31.601 2484 3311 D PackageManager: Ephemeral installer not found with new action; try old one
01-15 16:11:31.601 2484 3311 D PackageManager: Clear ephemeral installer activity
01-15 16:11:31.604 2368 2368 E lowmemorykiller: Error opening /dev/memcg/apps/uid_10024/pid_3922/memory.soft_limit_in_bytes; errno=2
01-15 16:11:31.604 2368 2368 E lowmemorykiller: Error opening /dev/memcg/apps/uid_10066/pid_3116/memory.soft_limit_in_bytes; errno=2
01-15 16:11:31.604 2368 2368 E lowmemorykiller: Error opening /dev/memcg/apps/uid_1000/pid_3372/memory.soft_limit_in_bytes; errno=2
01-15 16:11:31.615 4377 4377 W zygote64: Unexpected CPU variant for X86 using defaults: x86_64
01-15 16:11:31.620 2484 3311 I ActivityManager: Start proc 4377:com.android.packageinstaller/u0a26 for broadcast com.android.packageinstaller/.TemporaryFileManager
01-15 16:11:31.621 2368 2368 E lowmemorykiller: Error opening /dev/memcg/apps/uid_10024/pid_3922/memory.soft_limit_in_bytes; errno=2
01-15 16:11:31.622 2368 2368 E lowmemorykiller: Error opening /dev/memcg/apps/uid_10009/pid_4295/memory.soft_limit_in_bytes; errno=2
01-15 16:11:31.622 2368 2368 E lowmemorykiller: Error opening /dev/memcg/apps/uid_1000/pid_3390/memory.soft_limit_in_bytes; errno=2
01-15 16:11:31.622 2368 2368 E lowmemorykiller: Error opening /dev/memcg/apps/uid_1000/pid_3372/memory.soft_limit_in_bytes; errno=2
01-15 16:11:31.626 2484 2496 W SchedPolicy: add_tid_to_cgroup failed to write '4377' (Permission denied); fd=25
01-15 16:11:31.626 2368 2368 E lowmemorykiller: Error opening /dev/memcg/apps/uid_10026/pid_4377/memory.soft_limit_in_bytes; errno=2
01-15 16:11:31.634 2368 2368 E lowmemorykiller: Error opening /dev/memcg/apps/uid_10018/pid_3626/memory.soft_limit_in_bytes; errno=2
01-15 16:11:31.640 2368 2368 E lowmemorykiller: Error opening /dev/memcg/apps/uid_10018/pid_3626/memory.soft_limit_in_bytes; errno=2
01-15 16:11:31.669 2368 2368 E lowmemorykiller: Error opening /dev/memcg/apps/uid_10026/pid_4377/memory.soft_limit_in_bytes; errno=2
01-15 16:11:31.669 2368 2368 E lowmemorykiller: Error opening /dev/memcg/apps/uid_10053/pid_3460/memory.soft_limit_in_bytes; errno=2
01-15 16:11:31.670 2368 2368 E lowmemorykiller: Error opening /dev/memcg/apps/uid_10049/pid_4240/memory.soft_limit_in_bytes; errno=2
01-15 16:11:31.670 2484 2496 I ActivityManager: Killing 3372:com.android.settings:CryptKeeper/1000 (adj 906): empty #17
01-15 16:11:31.670 2368 2368 E lowmemorykiller: Error opening /dev/memcg/apps/uid_1000/pid_3563/memory.soft_limit_in_bytes; errno=2
01-15 16:11:31.670 2484 2501 W system_server: kill(-3372, 9) failed: No such process
01-15 16:11:31.671 3358 3358 I VvmSimStateTracker: android.intent.action.BOOT_COMPLETED
01-15 16:11:31.671 2368 2368 E lowmemorykiller: Error opening /dev/memcg/apps/uid_10004/pid_4074/memory.soft_limit_in_bytes; errno=2
01-15 16:11:31.675 2368 2368 E lowmemorykiller: Error opening /dev/memcg/apps/uid_10011/pid_3826/memory.soft_limit_in_bytes; errno=2
01-15 16:11:31.675 2368 2368 E lowmemorykiller: Error opening /dev/memcg/apps/uid_10004/pid_4074/memory.soft_limit_in_bytes; errno=2
01-15 16:11:31.676 2368 2368 E lowmemorykiller: Error opening /dev/memcg/apps/uid_10046/pid_4204/memory.soft_limit_in_bytes; errno=2
01-15 16:11:31.714 2484 2501 W system_server: kill(-3372, 9) failed: No such process
01-15 16:11:31.714 2484 2501 I system_server: Successfully killed process cgroup uid 1000 pid 3372 in 44ms
01-15 16:11:31.731 4394 4394 W zygote64: Unexpected CPU variant for X86 using defaults: x86_64
01-15 16:11:31.735 3732 3885 I cr_CronetLibraryLoader: Cronet version: 59.0.3071.25, arch: i686
01-15 16:11:31.736 2484 2496 I ActivityManager: Start proc 4394:com.farmerbb.taskbar.androidx86/u0a33 for broadcast com.farmerbb.taskbar.androidx86/com.farmerbb.taskbar.receiver.BootReceiver
01-15 16:11:31.736 2368 2368 E lowmemorykiller: Error opening /dev/memcg/apps/uid_10011/pid_3826/memory.soft_limit_in_bytes; errno=2
01-15 16:11:31.736 2368 2368 E lowmemorykiller: Error opening /dev/memcg/apps/uid_10018/pid_3713/memory.soft_limit_in_bytes; errno=2
01-15 16:11:31.740 2484 2496 W SchedPolicy: add_tid_to_cgroup failed to write '4394' (Permission denied); fd=25
01-15 16:11:31.740 2368 2368 E lowmemorykiller: Error opening /dev/memcg/apps/uid_10033/pid_4394/memory.soft_limit_in_bytes; errno=2
01-15 16:11:31.740 2368 2368 E lowmemorykiller: Error opening /dev/memcg/apps/uid_10018/pid_3713/memory.soft_limit_in_bytes; errno=2
01-15 16:11:31.758 2484 2535 W SchedPolicy: add_tid_to_cgroup failed to write '4018' (Permission denied); fd=3
01-15 16:11:31.758 2368 2368 E lowmemorykiller: Error opening /dev/memcg/apps/uid_10028/pid_4018/memory.soft_limit_in_bytes; errno=2
01-15 16:11:31.758 2368 2368 E lowmemorykiller: Error opening /dev/memcg/apps/uid_10049/pid_4240/memory.soft_limit_in_bytes; errno=2
01-15 16:11:31.758 2368 2368 E lowmemorykiller: Error opening /dev/memcg/apps/uid_1000/pid_3563/memory.soft_limit_in_bytes; errno=2
01-15 16:11:31.759 4018 4018 W Finsky : [2] com.google.android.finsky.application.FinskyAppImpl.ap(1090): No account configured on this device.
01-15 16:11:31.759 4018 4018 I chatty : uid=10028(com.android.vending) identical 1 line
01-15 16:11:31.760 4018 4018 W Finsky : [2] com.google.android.finsky.application.FinskyAppImpl.ap(1090): No account configured on this device.
01-15 16:11:31.761 4018 4018 I Finsky : [2] com.google.android.finsky.hygiene.DailyHygiene$DailyHygieneService.onStartCommand(13): No holdoff required - already provisioned
01-15 16:11:31.761 3732 3917 W RefreshDomainCookieTask: Search parameters fetch failed.
01-15 16:11:31.761 3732 3917 W RefreshDomainCookieTask: com.google.android.apps.gsa.shared.exception.GsaIOException: Error code: 262160
01-15 16:11:31.761 3732 3917 W RefreshDomainCookieTask: at com.google.android.apps.gsa.search.core.q.k.b(SourceFile:64)
01-15 16:11:31.761 3732 3917 W RefreshDomainCookieTask: at com.google.android.apps.gsa.search.core.q.k.a(SourceFile:58)
01-15 16:11:31.761 3732 3917 W RefreshDomainCookieTask: at com.google.android.apps.gsa.search.core.q.k.gg(SourceFile:35)
01-15 16:11:31.761 3732 3917 W RefreshDomainCookieTask: at com.google.android.apps.gsa.search.core.q.m.Y(Unknown Source:5)
01-15 16:11:31.761 3732 3917 W RefreshDomainCookieTask: at com.google.common.util.concurrent.q.Q(SourceFile:7)
01-15 16:11:31.761 3732 3917 W RefreshDomainCookieTask: at com.google.common.util.concurrent.p.run(SourceFile:39)
01-15 16:11:31.761 3732 3917 W RefreshDomainCookieTask: at com.google.common.util.concurrent.br.execute(SourceFile:3)
01-15 16:11:31.761 3732 3917 W RefreshDomainCookieTask: at com.google.common.util.concurrent.d.a(SourceFile:224)
01-15 16:11:31.761 3732 3917 W RefreshDomainCookieTask: at com.google.common.util.concurrent.d.addListener(SourceFile:129)
01-15 16:11:31.761 3732 3917 W RefreshDomainCookieTask: at com.google.common.util.concurrent.p.b(SourceFile:3)
01-15 16:11:31.761 3732 3917 W RefreshDomainCookieTask: at com.google.common.util.concurrent.av.a(SourceFile:20)
01-15 16:11:31.761 3732 3917 W RefreshDomainCookieTask: at com.google.android.apps.gsa.search.core.q.l.Y(Unknown Source:8)
01-15 16:11:31.761 3732 3917 W RefreshDomainCookieTask: at com.google.common.util.concurrent.q.Q(SourceFile:7)
01-15 16:11:31.761 3732 3917 W RefreshDomainCookieTask: at com.google.common.util.concurrent.p.run(SourceFile:39)
01-15 16:11:31.761 3732 3917 W RefreshDomainCookieTask: at com.google.common.util.concurrent.br.execute(SourceFile:3)
01-15 16:11:31.761 3732 3917 W RefreshDomainCookieTask: at com.google.common.util.concurrent.d.a(SourceFile:224)
01-15 16:11:31.761 3732 3917 W RefreshDomainCookieTask: at com.google.common.util.concurrent.d.addListener(SourceFile:129)
01-15 16:11:31.761 3732 3917 W RefreshDomainCookieTask: at com.google.common.util.concurrent.p.b(SourceFile:3)
01-15 16:11:31.761 3732 3917 W RefreshDomainCookieTask: at com.google.common.util.concurrent.av.a(SourceFile:20)
01-15 16:11:31.761 3732 3917 W RefreshDomainCookieTask: at com.google.android.apps.gsa.search.core.q.y.Y(SourceFile:20)
01-15 16:11:31.761 3732 3917 W RefreshDomainCookieTask: at com.google.common.util.concurrent.q.Q(SourceFile:7)
01-15 16:11:31.761 3732 3917 W RefreshDomainCookieTask: at com.google.common.util.concurrent.p.run(SourceFile:39)
01-15 16:11:31.761 3732 3917 W RefreshDomainCookieTask: at com.google.common.util.concurrent.bq.run(SourceFile:3)
01-15 16:11:31.761 3732 3917 W RefreshDomainCookieTask: at com.google.android.apps.gsa.search.core.q.bc.run(SourceFile:2)
01-15 16:11:31.761 3732 3917 W RefreshDomainCookieTask: at java.util.concurrent.Executors$RunnableAdapter.call(Executors.java:457)
01-15 16:11:31.761 3732 3917 W RefreshDomainCookieTask: at java.util.concurrent.FutureTask.run(FutureTask.java:266)
01-15 16:11:31.761 3732 3917 W RefreshDomainCookieTask: at com.google.android.apps.gsa.shared.util.concurrent.a.ax.run(SourceFile:14)
01-15 16:11:31.761 3732 3917 W RefreshDomainCookieTask: at com.google.android.apps.gsa.shared.util.concurrent.a.bl.run(SourceFile:4)
01-15 16:11:31.761 3732 3917 W RefreshDomainCookieTask: at com.google.android.apps.gsa.shared.util.concurrent.a.bl.run(SourceFile:4)
01-15 16:11:31.761 3732 3917 W RefreshDomainCookieTask: at java.util.concurrent.ThreadPoolExecutor.runWorker(ThreadPoolExecutor.java:1162)
01-15 16:11:31.761 3732 3917 W RefreshDomainCookieTask: at java.util.concurrent.ThreadPoolExecutor$Worker.run(ThreadPoolExecutor.java:636)
01-15 16:11:31.761 3732 3917 W RefreshDomainCookieTask: at java.lang.Thread.run(Thread.java:764)
01-15 16:11:31.761 3732 3917 W RefreshDomainCookieTask: at com.google.android.apps.gsa.shared.util.concurrent.a.ai.run(SourceFile:6)
01-15 16:11:31.761 3732 3917 W RefreshDomainCookieTask: Search parameters fetch failed
01-15 16:11:31.761 4018 4018 I Finsky : [2] com.google.android.finsky.hygiene.DailyHygiene$DailyHygieneService.onStartCommand(28): Beginning daily hygiene, foreground = false, reason = 5
01-15 16:11:31.762 4018 4018 I Finsky : [2] com.google.android.finsky.utils.ei.a(13): Diff version or system, clear token & cache
01-15 16:11:31.765 4018 4018 W Finsky : [2] com.google.android.finsky.application.FinskyAppImpl.ap(1090): No account configured on this device.
01-15 16:11:31.766 4018 4018 W Finsky : [2] com.google.android.finsky.application.FinskyAppImpl.a(837): No account configured on this device.
01-15 16:11:31.770 4018 4018 W Finsky : [2] com.google.android.finsky.application.FinskyAppImpl.ap(1090): No account configured on this device.
01-15 16:11:31.772 4018 4018 W Finsky : [2] com.google.android.finsky.application.FinskyAppImpl.ap(1090): No account configured on this device.
01-15 16:11:31.773 4018 4125 D Volley : [129] g.b: Cache cleared.
01-15 16:11:31.774 4018 4147 D Volley : [138] g.b: Cache cleared.
01-15 16:11:31.776 4018 4018 W Finsky : [2] com.google.android.finsky.application.FinskyAppImpl.ap(1090): No account configured on this device.
01-15 16:11:31.776 2484 2496 W SchedPolicy: add_tid_to_cgroup failed to write '3626' (Permission denied); fd=3
01-15 16:11:31.776 2368 2368 E lowmemorykiller: Error opening /dev/memcg/apps/uid_10018/pid_3626/memory.soft_limit_in_bytes; errno=2
01-15 16:11:31.778 4018 4018 W Finsky : [2] com.google.android.finsky.application.FinskyAppImpl.ap(1090): No account configured on this device.
01-15 16:11:31.778 4018 4018 D Volley : [2] g.b: Cache cleared.
01-15 16:11:31.791 2484 2496 I ActivityManager: Start proc 4417:com.google.android.configupdater/u0a6 for broadcast com.google.android.configupdater/.CertPin.CertPinUpdateRequestReceiver
01-15 16:11:31.792 2368 2368 E lowmemorykiller: Error opening /dev/memcg/apps/uid_10033/pid_4394/memory.soft_limit_in_bytes; errno=2
01-15 16:11:31.792 2368 2368 E lowmemorykiller: Error opening /dev/memcg/apps/uid_10016/pid_4172/memory.soft_limit_in_bytes; errno=2
01-15 16:11:31.792 2368 2368 E lowmemorykiller: Error opening /dev/memcg/apps/uid_10049/pid_4240/memory.soft_limit_in_bytes; errno=2
01-15 16:11:31.792 2368 2368 E lowmemorykiller: Error opening /dev/memcg/apps/uid_1000/pid_3563/memory.soft_limit_in_bytes; errno=2
01-15 16:11:31.792 4417 4417 W zygote64: Unexpected CPU variant for X86 using defaults: x86_64
01-15 16:11:31.792 4018 4018 W Finsky : [2] com.google.android.finsky.application.FinskyAppImpl.ap(1090): No account configured on this device.
01-15 16:11:31.793 4018 4018 W Finsky : [2] com.google.android.finsky.application.FinskyAppImpl.a(837): No account configured on this device.
01-15 16:11:31.793 2484 2496 W SchedPolicy: add_tid_to_cgroup failed to write '4018' (Permission denied); fd=25
01-15 16:11:31.793 2368 2368 E lowmemorykiller: Error opening /dev/memcg/apps/uid_10028/pid_4018/memory.soft_limit_in_bytes; errno=2
01-15 16:11:31.794 4290 4346 W dex2oat : Class op failed lock verification and will run slower.
01-15 16:11:31.794 4290 4346 W dex2oat : Common causes for lock verification issues are non-optimized dex code
01-15 16:11:31.794 4290 4346 W dex2oat : and incorrect proguard optimizations.
01-15 16:11:31.798 2484 2496 W SchedPolicy: add_tid_to_cgroup failed to write '3626' (Permission denied); fd=25
01-15 16:11:31.798 2368 2368 E lowmemorykiller: Error opening /dev/memcg/apps/uid_10018/pid_3626/memory.soft_limit_in_bytes; errno=2
01-15 16:11:31.802 2484 3160 W SchedPolicy: add_tid_to_cgroup failed to write '4417' (Permission denied); fd=25
01-15 16:11:31.802 2368 2368 E lowmemorykiller: Error opening /dev/memcg/apps/uid_10006/pid_4417/memory.soft_limit_in_bytes; errno=2
01-15 16:11:31.802 2368 2368 E lowmemorykiller: Error opening /dev/memcg/apps/uid_10011/pid_3826/memory.soft_limit_in_bytes; errno=2
01-15 16:11:31.802 2368 2368 E lowmemorykiller: Error opening /dev/memcg/apps/uid_10018/pid_3713/memory.soft_limit_in_bytes; errno=2
01-15 16:11:31.803 4018 4018 W Finsky : [2] com.google.android.finsky.application.FinskyAppImpl.ap(1090): No account configured on this device.
01-15 16:11:31.806 4018 4018 W Finsky : [2] com.google.android.finsky.api.a.b.(10): Unexpected android-id = 0
01-15 16:11:31.817 3826 3826 I MediaScannerSer: type=1400 audit(0.0:519): avc: denied { getattr } for path="/storage/Android-x86_LiveCD" dev="tmpfs" ino=55761 scontext=u:r:mediaprovider:s0:c512,c768 tcontext=u:object_r:storage_stub_file:s0 tclass=dir permissive=1
01-15 16:11:31.831 4417 4417 E ConfigUpdater: ignoring update request
01-15 16:11:31.841 4417 4417 I chatty : uid=10006(com.google.android.configupdater) identical 5 lines
01-15 16:11:31.842 4417 4417 E ConfigUpdater: ignoring update request
01-15 16:11:31.843 2368 2368 E lowmemorykiller: Error opening /dev/memcg/apps/uid_10065/pid_3900/memory.soft_limit_in_bytes; errno=2
01-15 16:11:31.843 2368 2368 E lowmemorykiller: Error opening /dev/memcg/apps/uid_10006/pid_4417/memory.soft_limit_in_bytes; errno=2
01-15 16:11:31.843 2368 2368 E lowmemorykiller: Error opening /dev/memcg/apps/uid_10018/pid_3626/memory.soft_limit_in_bytes; errno=2
01-15 16:11:31.843 2368 2368 E lowmemorykiller: Error opening /dev/memcg/apps/uid_10059/pid_4323/memory.soft_limit_in_bytes; errno=2
01-15 16:11:31.843 2368 2368 E lowmemorykiller: Error opening /dev/memcg/apps/uid_10018/pid_3713/memory.soft_limit_in_bytes; errno=2
01-15 16:11:31.843 2368 2368 E lowmemorykiller: Error opening /dev/memcg/apps/uid_10008/pid_4269/memory.soft_limit_in_bytes; errno=2
01-15 16:11:31.851 2368 2368 E lowmemorykiller: Error opening /dev/memcg/apps/uid_10018/pid_3590/memory.soft_limit_in_bytes; errno=2
01-15 16:11:31.851 2368 2368 E lowmemorykiller: Error opening /dev/memcg/apps/uid_10018/pid_3713/memory.soft_limit_in_bytes; errno=2
01-15 16:11:31.851 2368 2368 E lowmemorykiller: Error opening /dev/memcg/apps/uid_10018/pid_3626/memory.soft_limit_in_bytes; errno=2
01-15 16:11:31.852 2484 3413 D PackageManager: Ephemeral installer not found with new action; try old one
01-15 16:11:31.853 2484 3413 D PackageManager: Clear ephemeral installer activity
01-15 16:11:31.853 2484 3150 D PackageManager: Ephemeral installer not found with new action; try old one
01-15 16:11:31.853 2484 3150 D PackageManager: Clear ephemeral installer activity
01-15 16:11:31.853 2484 3160 D PackageManager: Ephemeral installer not found with new action; try old one
01-15 16:11:31.853 2484 3160 D PackageManager: Clear ephemeral installer activity
01-15 16:11:31.853 2484 3160 D PackageManager: Ephemeral installer not found with new action; try old one
01-15 16:11:31.853 2484 3160 D PackageManager: Clear ephemeral installer activity
01-15 16:11:31.854 3590 3590 W SystemServiceRegistry: No service published for: persistent_data_block
01-15 16:11:31.855 2484 3413 D PackageManager: Ephemeral installer not found with new action; try old one
01-15 16:11:31.855 2484 3413 D PackageManager: Clear ephemeral installer activity
01-15 16:11:31.855 3900 3900 W EasBundling: ExchangeUpgradeReceiver: action=android.intent.action.BOOT_COMPLETED data=null
01-15 16:11:31.855 2484 3413 D PackageManager: Ephemeral installer not found with new action; try old one
01-15 16:11:31.855 2484 3413 D PackageManager: Clear ephemeral installer activity
01-15 16:11:31.856 3900 3900 W EasBundling: ExchangeUpgradeUtils: isExchangeLegacy=false
01-15 16:11:31.856 2368 2368 E lowmemorykiller: Error opening /dev/memcg/apps/uid_10018/pid_3590/memory.soft_limit_in_bytes; errno=2
01-15 16:11:31.857 2484 3413 D PackageManager: Ephemeral installer not found with new action; try old one
01-15 16:11:31.857 2484 3413 D PackageManager: Clear ephemeral installer activity
01-15 16:11:31.858 2484 4136 D PackageManager: Ephemeral installer not found with new action; try old one
01-15 16:11:31.858 2484 4136 D PackageManager: Clear ephemeral installer activity
01-15 16:11:31.858 2484 2495 D PackageManager: Ephemeral installer not found with new action; try old one
01-15 16:11:31.858 2484 2495 D PackageManager: Clear ephemeral installer activity
01-15 16:11:31.858 2484 2495 D PackageManager: Ephemeral installer not found with new action; try old one
01-15 16:11:31.858 2484 2495 D PackageManager: Clear ephemeral installer activity
01-15 16:11:31.859 2484 4136 D PackageManager: Ephemeral installer not found with new action; try old one
01-15 16:11:31.859 2484 4136 D PackageManager: Clear ephemeral installer activity
01-15 16:11:31.859 2484 3160 D PackageManager: Ephemeral installer not found with new action; try old one
01-15 16:11:31.859 2484 3160 D PackageManager: Clear ephemeral installer activity
01-15 16:11:31.859 2484 3150 D PackageManager: Ephemeral installer not found with new action; try old one
01-15 16:11:31.859 2484 3150 D PackageManager: Clear ephemeral installer activity
01-15 16:11:31.859 2484 2495 D PackageManager: Ephemeral installer not found with new action; try old one
01-15 16:11:31.859 2484 2495 D PackageManager: Clear ephemeral installer activity
01-15 16:11:31.860 2484 2512 I ActivityManager: Killing 3900:com.google.android.gm/u0a65 (adj 0): change com.google.android.gm
01-15 16:11:31.860 2484 2512 W ActivityManager: Scheduling restart of crashed service com.google.android.gm/com.android.email.service.EmailBroadcastProcessorService in 1000ms
01-15 16:11:31.860 2484 2512 W ActivityManager: Scheduling restart of crashed service com.google.android.gm/.GmailIntentService in 11000ms
01-15 16:11:31.857 2368 2368 I chatty : uid=0(root) /system/bin/lmkd identical 1 line
01-15 16:11:31.857 2368 2368 E lowmemorykiller: Error opening /dev/memcg/apps/uid_10018/pid_3590/memory.soft_limit_in_bytes; errno=2
01-15 16:11:31.860 2484 2501 W system_server: kill(-3900, 9) failed: No such process
01-15 16:11:31.867 2368 2368 E lowmemorykiller: Error opening /dev/memcg/apps/uid_10018/pid_3713/memory.soft_limit_in_bytes; errno=2
01-15 16:11:31.867 2368 2368 E lowmemorykiller: Error opening /dev/memcg/apps/uid_10018/pid_3626/memory.soft_limit_in_bytes; errno=2
01-15 16:11:31.874 3683 3683 I system:ui: type=1400 audit(0.0:520): avc: denied { ioctl } for path="/dev/dri/card0" dev="tmpfs" ino=8777 ioctlcmd=0x645f scontext=u:r:system_app:s0 tcontext=u:object_r:device:s0 tclass=chr_file permissive=1
01-15 16:11:31.879 4453 4453 W zygote64: Unexpected CPU variant for X86 using defaults: x86_64
01-15 16:11:31.879 3358 3358 E PhoneInterfaceManager: [PhoneIntfMgr] getCarrierPackageNamesForIntent: No UICC
01-15 16:11:31.879 3358 3358 D CarrierSvcBindHelper: No carrier app for: 0
01-15 16:11:31.879 3358 3358 D ImsResolver: maybeAddedImsService, packageName: com.google.android.gm
01-15 16:11:31.880 2484 2542 I InputReader: Reconfiguring input devices. changes=0x00000010
01-15 16:11:31.880 2484 2498 W ResourceType: No known package when getting value for resource number 0x7f020078
01-15 16:11:31.880 2484 2498 W ResourceType: No known package when getting value for resource number 0x7f09024c
01-15 16:11:31.882 2484 2499 I ActivityManager: Start proc 4453:com.google.android.gm/u0a65 for broadcast com.google.android.gm/com.android.email.task.notification.TaskReminderReceiver
01-15 16:11:31.884 3826 3832 I zygote64: Do partial code cache collection, code=28KB, data=26KB
01-15 16:11:31.885 4018 4018 I Finsky : [2] com.google.android.finsky.hygiene.DailyHygiene.a(277): Probe unauthenticated for daily hygiene pass
01-15 16:11:31.886 3826 3832 I zygote64: After code cache collection, code=28KB, data=26KB
01-15 16:11:31.886 3826 3832 I zygote64: Increasing code cache capacity to 128KB
01-15 16:11:31.903 2484 3160 W SchedPolicy: add_tid_to_cgroup failed to write '4453' (Permission denied); fd=25
01-15 16:11:31.903 2368 2368 E lowmemorykiller: Error opening /dev/memcg/apps/uid_10065/pid_4453/memory.soft_limit_in_bytes; errno=2
01-15 16:11:31.905 2484 2501 W system_server: kill(-3900, 9) failed: No such process
01-15 16:11:31.905 2484 2501 I system_server: Successfully killed process cgroup uid 10065 pid 3900 in 45ms
01-15 16:11:31.917 2368 2368 E lowmemorykiller: Error opening /dev/memcg/apps/uid_10071/pid_3657/memory.soft_limit_in_bytes; errno=2
01-15 16:11:31.917 2484 2498 W SchedPolicy: add_tid_to_cgroup failed to write '3657' (Permission denied); fd=25
01-15 16:11:31.919 2368 2368 E lowmemorykiller: Error opening /dev/memcg/apps/uid_10071/pid_3657/memory.soft_limit_in_bytes; errno=2
01-15 16:11:31.919 2368 2368 E lowmemorykiller: Error opening /dev/memcg/apps/uid_10057/pid_4360/memory.soft_limit_in_bytes; errno=2
01-15 16:11:31.919 2368 2368 E lowmemorykiller: Error opening /dev/memcg/apps/uid_10075/pid_3612/memory.soft_limit_in_bytes; errno=2
01-15 16:11:31.919 2368 2368 E lowmemorykiller: Error opening /dev/memcg/apps/uid_10061/pid_3870/memory.soft_limit_in_bytes; errno=2
01-15 16:11:31.919 2484 3160 I ActivityManager: Killing 3563:com.android.keychain/1000 (adj 906): empty #17
01-15 16:11:31.919 2368 2368 E lowmemorykiller: Error opening /dev/memcg/apps/uid_10018/pid_3626/memory.soft_limit_in_bytes; errno=2
01-15 16:11:31.919 2484 2501 W system_server: kill(-3563, 9) failed: No such process
01-15 16:11:31.922 2368 2368 E lowmemorykiller: Error opening /dev/memcg/apps/uid_10018/pid_3626/memory.soft_limit_in_bytes; errno=2
01-15 16:11:31.933 2368 2368 E lowmemorykiller: Error opening /dev/memcg/apps/uid_10018/pid_3626/memory.soft_limit_in_bytes; errno=2
01-15 16:11:31.933 4290 4290 I dex2oat : dex2oat took 629.367ms (642.164ms cpu) (threads: 4) arena alloc=1077KB (1103584B) java alloc=1987KB (2034760B) native alloc=3MB (3161240B) free=3MB (4178792B)
01-15 16:11:31.936 4018 4127 D vndksupport: Loading /vendor/lib64/hw/gralloc.drm.so from current namespace instead of sphal namespace.
01-15 16:11:31.937 3713 4132 I zygote64: The ClassLoaderContext is a special shared library.
01-15 16:11:31.938 4018 4127 I GRALLOC-DRM: create intel for driver i915
01-15 16:11:31.937 4018 4018 I Thread-5: type=1400 audit(0.0:521): avc: denied { read write } for name="card0" dev="tmpfs" ino=8777 scontext=u:r:priv_app:s0:c512,c768 tcontext=u:object_r:device:s0 tclass=chr_file permissive=1
01-15 16:11:31.937 4018 4018 I Thread-5: type=1400 audit(0.0:522): avc: denied { open } for path="/dev/dri/card0" dev="tmpfs" ino=8777 scontext=u:r:priv_app:s0:c512,c768 tcontext=u:object_r:device:s0 tclass=chr_file permissive=1
01-15 16:11:31.937 4018 4018 I Thread-5: type=1400 audit(0.0:523): avc: denied { ioctl } for path="/dev/dri/card0" dev="tmpfs" ino=8777 ioctlcmd=0x6400 scontext=u:r:priv_app:s0:c512,c768 tcontext=u:object_r:device:s0 tclass=chr_file permissive=1
01-15 16:11:31.937 4018 4018 I Thread-5: type=1400 audit(0.0:524): avc: denied { getattr } for path="/dev/dri/card0" dev="tmpfs" ino=8777 scontext=u:r:priv_app:s0:c512,c768 tcontext=u:object_r:device:s0 tclass=chr_file permissive=1
01-15 16:11:31.937 4018 4018 I Thread-5: type=1400 audit(0.0:525): avc: denied { read } for name="dri" dev="tmpfs" ino=8775 scontext=u:r:priv_app:s0:c512,c768 tcontext=u:object_r:device:s0 tclass=dir permissive=1
01-15 16:11:31.937 4018 4018 I Thread-5: type=1400 audit(0.0:526): avc: denied { open } for path="/dev/dri" dev="tmpfs" ino=8775 scontext=u:r:priv_app:s0:c512,c768 tcontext=u:object_r:device:s0 tclass=dir permissive=1
01-15 16:11:31.939 4018 4127 I EGL-MAIN: found extension DRI_Core version 2
01-15 16:11:31.939 4018 4127 I EGL-MAIN: found extension DRI_DRI2 version 4
01-15 16:11:31.946 4018 4127 I EGL-MAIN: found extension DRI_TexBuffer version 3
01-15 16:11:31.946 4018 4127 I EGL-MAIN: found extension DRI2_Flush version 4
01-15 16:11:31.946 4018 4127 I EGL-MAIN: found extension DRI_IMAGE version 16
01-15 16:11:31.946 4018 4127 I EGL-MAIN: found extension DRI2_Fence version 2
01-15 16:11:31.946 4018 4127 I EGL-MAIN: found extension DRI_RENDERER_QUERY version 1
01-15 16:11:31.946 4018 4127 I EGL-MAIN: found extension DRI_CONFIG_QUERY version 1
01-15 16:11:31.946 4018 4127 I EGL-MAIN: found extension DRI_FlushControl version 1
01-15 16:11:31.946 4018 4127 I EGL-MAIN: found extension DRI_Robustness version 1
01-15 16:11:31.946 4018 4127 I EGL-MAIN: found extension DRI_NoError version 1
01-15 16:11:31.947 4018 4127 I com.android.vending: android::hardware::configstore::V1_0::ISurfaceFlingerConfigs::hasWideColorDisplay retrieved: 0
01-15 16:11:31.948 4018 4018 I Thread-5: type=1400 audit(0.0:527): avc: denied { map } for path=2F69393135202864656C6574656429 dev="tmpfs" ino=68845 scontext=u:r:priv_app:s0:c512,c768 tcontext=u:object_r:priv_app_tmpfs:s0:c512,c768 tclass=file permissive=1
01-15 16:11:31.962 4471 4471 W dex2oat : Unexpected CPU variant for X86 using defaults: x86_64
01-15 16:11:31.962 4471 4471 I dex2oat : The ClassLoaderContext is a special shared library.
01-15 16:11:31.963 4471 4471 I dex2oat : /system/bin/dex2oat --dex-file=/data/user_de/0/com.google.android.gms/app_chimera/m/00000002/DynamiteModulesB_GmsCore_prodmnc_alldpi_release.apk --output-vdex-fd=43 --oat-fd=44 --oat-location=/data/user_de/0/com.google.android.gms/app_chimera/m/00000002/oat/x86_64/DynamiteModulesB_GmsCore_prodmnc_alldpi_release.odex --compiler-filter=quicken --class-loader-context=&
01-15 16:11:31.966 2484 2501 W system_server: kill(-3563, 9) failed: No such process
01-15 16:11:31.966 2484 2501 I system_server: Successfully killed process cgroup uid 1000 pid 3563 in 46ms
01-15 16:11:31.985 4453 4453 W EasBundling: in EasBundling.init, isBundlingEnabled=true
01-15 16:11:31.991 4453 4476 D ActivityThread: Loading provider com.google.android.gmail.provider;com.android.mail.notifier;com.google.android.gm.email.provider;com.google.android.gm.tasks.provider;com.google.android.gm.email.notifier: com.android.email.provider.EmailProvider
01-15 16:11:31.999 2368 2368 E lowmemorykiller: Error opening /dev/memcg/apps/uid_10018/pid_3590/memory.soft_limit_in_bytes; errno=2
01-15 16:11:31.999 2368 2368 E lowmemorykiller: Error opening /dev/memcg/apps/uid_10018/pid_3713/memory.soft_limit_in_bytes; errno=2
01-15 16:11:31.999 2368 2368 E lowmemorykiller: Error opening /dev/memcg/apps/uid_10011/pid_3826/memory.soft_limit_in_bytes; errno=2
01-15 16:11:32.000 2368 2368 E lowmemorykiller: Error opening /dev/memcg/apps/uid_10018/pid_3590/memory.soft_limit_in_bytes; errno=2
01-15 16:11:32.000 2368 2368 I chatty : uid=0(root) /system/bin/lmkd identical 1 line
01-15 16:11:32.001 2368 2368 E lowmemorykiller: Error opening /dev/memcg/apps/uid_10018/pid_3590/memory.soft_limit_in_bytes; errno=2
01-15 16:11:32.002 2368 2368 E lowmemorykiller: Error opening /dev/memcg/apps/uid_10018/pid_3626/memory.soft_limit_in_bytes; errno=2
01-15 16:11:32.011 2368 2368 E lowmemorykiller: Error opening /dev/memcg/apps/uid_10018/pid_3713/memory.soft_limit_in_bytes; errno=2
01-15 16:11:32.011 2368 2368 E lowmemorykiller: Error opening /dev/memcg/apps/uid_10018/pid_3626/memory.soft_limit_in_bytes; errno=2
01-15 16:11:32.011 2368 2368 E lowmemorykiller: Error opening /dev/memcg/apps/uid_10011/pid_3826/memory.soft_limit_in_bytes; errno=2
01-15 16:11:32.020 4018 4127 D NetworkSecurityConfig: No Network Security Config specified, using platform default
01-15 16:11:32.025 4018 4018 W Finsky : [2] com.google.android.finsky.hygiene.d.a(34): Self-update check failed with error: com.android.volley.NoConnectionError: java.net.UnknownHostException: Unable to resolve host "android.clients.google.com": No address associated with hostname
01-15 16:11:32.026 4018 4018 W Finsky : [2] com.google.android.finsky.hygiene.DailyHygiene.a(313): Concluding Daily Hygiene because unauthenticated
01-15 16:11:32.026 2368 2368 E lowmemorykiller: Error opening /dev/memcg/apps/uid_10018/pid_3626/memory.soft_limit_in_bytes; errno=2
01-15 16:11:32.031 4018 4018 W Finsky : [2] com.google.android.finsky.hygiene.DailyHygiene.d(465): Concluding Daily Hygiene because unauthenticated
01-15 16:11:32.031 4018 4018 I Finsky : [2] com.google.android.finsky.hygiene.DailyHygiene.a(851): Scheduling new run in 9 minutes (failures=1)
01-15 16:11:32.032 4018 4018 W Finsky : [2] com.google.android.finsky.application.FinskyAppImpl.ap(1090): No account configured on this device.
01-15 16:11:32.033 2368 2368 E lowmemorykiller: Error opening /dev/memcg/apps/uid_10028/pid_4018/memory.soft_limit_in_bytes; errno=2
01-15 16:11:32.034 2368 2368 E lowmemorykiller: Error opening /dev/memcg/apps/uid_10018/pid_3626/memory.soft_limit_in_bytes; errno=2
01-15 16:11:32.034 2368 2368 E lowmemorykiller: Error opening /dev/memcg/apps/uid_10011/pid_3826/memory.soft_limit_in_bytes; errno=2
01-15 16:11:32.035 2484 3406 I ActivityManager: Killing 3870:com.google.process.gapps/u0a61 (adj 906): empty #17
01-15 16:11:32.035 2368 2368 E lowmemorykiller: Error opening /dev/memcg/apps/uid_10028/pid_4018/memory.soft_limit_in_bytes; errno=2
01-15 16:11:32.035 2368 2368 E lowmemorykiller: Error opening /dev/memcg/apps/uid_10024/pid_3922/memory.soft_limit_in_bytes; errno=2
01-15 16:11:32.035 2368 2368 E lowmemorykiller: Error opening /dev/memcg/apps/uid_10009/pid_4295/memory.soft_limit_in_bytes; errno=2
01-15 16:11:32.035 2368 2368 E lowmemorykiller: Error opening /dev/memcg/apps/uid_10018/pid_3963/memory.soft_limit_in_bytes; errno=2
01-15 16:11:32.035 2484 2501 W system_server: kill(-3870, 9) failed: No such process
01-15 16:11:32.074 2368 2368 E lowmemorykiller: Error opening /dev/memcg/apps/uid_10018/pid_3626/memory.soft_limit_in_bytes; errno=2
01-15 16:11:32.079 2484 2501 W system_server: kill(-3870, 9) failed: No such process
01-15 16:11:32.080 2484 2501 I system_server: Successfully killed process cgroup uid 10061 pid 3870 in 44ms
01-15 16:11:32.096 4453 4453 W GAV2 : Thread[main,5,main]: Need to call initialize() and be in fallback mode to start dispatch.
01-15 16:11:32.126 2368 2368 E lowmemorykiller: Error opening /dev/memcg/apps/uid_10018/pid_3626/memory.soft_limit_in_bytes; errno=2
01-15 16:11:32.132 2484 2496 W ActivityManager: Unable to start service Intent { cmp=com.google.android.gm.exchange/com.android.exchange.service.EasService } U=0: not found
01-15 16:11:32.132 2484 3311 W ActivityManager: Unable to start service Intent { cmp=com.google.android.gm/com.android.email.service.AttachmentService } U=0: not found
01-15 16:11:32.134 2368 2368 E lowmemorykiller: Error opening /dev/memcg/apps/uid_10018/pid_3590/memory.soft_limit_in_bytes; errno=2
01-15 16:11:32.134 2368 2368 E lowmemorykiller: Error opening /dev/memcg/apps/uid_10018/pid_3713/memory.soft_limit_in_bytes; errno=2
01-15 16:11:32.134 2368 2368 E lowmemorykiller: Error opening /dev/memcg/apps/uid_10046/pid_4204/memory.soft_limit_in_bytes; errno=2
01-15 16:11:32.135 2368 2368 E lowmemorykiller: Error opening /dev/memcg/apps/uid_10018/pid_3590/memory.soft_limit_in_bytes; errno=2
01-15 16:11:32.136 2368 2368 E lowmemorykiller: Error opening /dev/memcg/apps/uid_10018/pid_3590/memory.soft_limit_in_bytes; errno=2
01-15 16:11:32.136 2368 2368 E lowmemorykiller: Error opening /dev/memcg/apps/uid_10046/pid_4204/memory.soft_limit_in_bytes; errno=2
01-15 16:11:32.137 2368 2368 E lowmemorykiller: Error opening /dev/memcg/apps/uid_10018/pid_3590/memory.soft_limit_in_bytes; errno=2
01-15 16:11:32.144 2368 2368 E lowmemorykiller: Error opening /dev/memcg/apps/uid_10018/pid_3713/memory.soft_limit_in_bytes; errno=2
01-15 16:11:32.144 2368 2368 E lowmemorykiller: Error opening /dev/memcg/apps/uid_10065/pid_4453/memory.soft_limit_in_bytes; errno=2
01-15 16:11:32.144 2368 2368 E lowmemorykiller: Error opening /dev/memcg/apps/uid_10011/pid_3826/memory.soft_limit_in_bytes; errno=2
01-15 16:11:32.147 2484 3311 W SchedPolicy: add_tid_to_cgroup failed to write '3626' (Permission denied); fd=3
01-15 16:11:32.144 2368 2368 E lowmemorykiller: Error opening /dev/memcg/apps/uid_10011/pid_3826/memory.soft_limit_in_bytes; errno=2
01-15 16:11:32.147 2368 2368 E lowmemorykiller: Error opening /dev/memcg/apps/uid_10018/pid_3626/memory.soft_limit_in_bytes; errno=2
01-15 16:11:32.147 2368 2368 E lowmemorykiller: Error opening /dev/memcg/apps/uid_10065/pid_4453/memory.soft_limit_in_bytes; errno=2
01-15 16:11:32.147 2368 2368 E lowmemorykiller: Error opening /dev/memcg/apps/uid_10046/pid_4204/memory.soft_limit_in_bytes; errno=2
01-15 16:11:32.148 2368 2368 E lowmemorykiller: Error opening /dev/memcg/apps/uid_10065/pid_4453/memory.soft_limit_in_bytes; errno=2
01-15 16:11:32.149 2368 2368 E lowmemorykiller: Error opening /dev/memcg/apps/uid_10011/pid_3826/memory.soft_limit_in_bytes; errno=2
01-15 16:11:32.149 2368 2368 E lowmemorykiller: Error opening /dev/memcg/apps/uid_10046/pid_4204/memory.soft_limit_in_bytes; errno=2
01-15 16:11:32.150 2368 2368 E lowmemorykiller: Error opening /dev/memcg/apps/uid_10018/pid_3590/memory.soft_limit_in_bytes; errno=2
01-15 16:11:32.150 2368 2368 E lowmemorykiller: Error opening /dev/memcg/apps/uid_10018/pid_3626/memory.soft_limit_in_bytes; errno=2
01-15 16:11:32.150 2368 2368 E lowmemorykiller: Error opening /dev/memcg/apps/uid_10018/pid_3713/memory.soft_limit_in_bytes; errno=2
01-15 16:11:32.150 2368 2368 E lowmemorykiller: Error opening /dev/memcg/apps/uid_10011/pid_3826/memory.soft_limit_in_bytes; errno=2
01-15 16:11:32.150 2368 2368 E lowmemorykiller: Error opening /dev/memcg/apps/uid_10065/pid_4453/memory.soft_limit_in_bytes; errno=2
01-15 16:11:32.150 2368 2368 E lowmemorykiller: Error opening /dev/memcg/apps/uid_10018/pid_3626/memory.soft_limit_in_bytes; errno=2
01-15 16:11:32.150 2484 2495 W SchedPolicy: add_tid_to_cgroup failed to write '3626' (Permission denied); fd=25
01-15 16:11:32.151 2368 2368 E lowmemorykiller: Error opening /dev/memcg/apps/uid_10046/pid_4204/memory.soft_limit_in_bytes; errno=2
01-15 16:11:32.152 2368 2368 E lowmemorykiller: Error opening /dev/memcg/apps/uid_10065/pid_4453/memory.soft_limit_in_bytes; errno=2
01-15 16:11:32.152 2368 2368 E lowmemorykiller: Error opening /dev/memcg/apps/uid_10018/pid_3713/memory.soft_limit_in_bytes; errno=2
01-15 16:11:32.153 2368 2368 E lowmemorykiller: Error opening /dev/memcg/apps/uid_10018/pid_3713/memory.soft_limit_in_bytes; errno=2
01-15 16:11:32.153 2368 2368 E lowmemorykiller: Error opening /dev/memcg/apps/uid_10037/pid_3732/memory.soft_limit_in_bytes; errno=2
01-15 16:11:32.153 2368 2368 E lowmemorykiller: Error opening /dev/memcg/apps/uid_10011/pid_3826/memory.soft_limit_in_bytes; errno=2
01-15 16:11:32.153 2368 2368 E lowmemorykiller: Error opening /dev/memcg/apps/uid_10046/pid_4204/memory.soft_limit_in_bytes; errno=2
01-15 16:11:32.154 3713 4080 E ConfigFileUtils: Failed to read config file: /data/user_de/0/com.google.android.gms/app_chimera/current_fileapks.pb (No such file or directory)
01-15 16:11:32.154 2368 2368 E lowmemorykiller: Error opening /dev/memcg/apps/uid_10011/pid_3826/memory.soft_limit_in_bytes; errno=2
01-15 16:11:32.156 2368 2368 E lowmemorykiller: Error opening /dev/memcg/apps/uid_10065/pid_4453/memory.soft_limit_in_bytes; errno=2
01-15 16:11:32.156 2368 2368 E lowmemorykiller: Error opening /dev/memcg/apps/uid_10046/pid_4204/memory.soft_limit_in_bytes; errno=2
01-15 16:11:32.158 2368 2368 E lowmemorykiller: Error opening /dev/memcg/apps/uid_10046/pid_4204/memory.soft_limit_in_bytes; errno=2
01-15 16:11:32.158 3713 4080 E ConfigFileUtils: Failed to read config file: /data/user_de/0/com.google.android.gms/app_chimera/current_fileapks.pb (No such file or directory)
01-15 16:11:32.161 2484 3406 W ActivityManager: Unable to start service Intent { cmp=com.google.android.gm.exchange/com.android.exchange.service.EasService } U=0: not found
01-15 16:11:32.163 2368 2368 E lowmemorykiller: Error opening /dev/memcg/apps/uid_10018/pid_3590/memory.soft_limit_in_bytes; errno=2
01-15 16:11:32.167 2368 2368 E lowmemorykiller: Error opening /dev/memcg/apps/uid_10018/pid_3713/memory.soft_limit_in_bytes; errno=2
01-15 16:11:32.169 2368 2368 E lowmemorykiller: Error opening /dev/memcg/apps/uid_10018/pid_3590/memory.soft_limit_in_bytes; errno=2
01-15 16:11:32.170 2484 2496 W SchedPolicy: add_tid_to_cgroup failed to write '3626' (Permission denied); fd=3
01-15 16:11:32.170 2368 2368 E lowmemorykiller: Error opening /dev/memcg/apps/uid_10018/pid_3626/memory.soft_limit_in_bytes; errno=2
01-15 16:11:32.172 2368 2368 E lowmemorykiller: Error opening /dev/memcg/apps/uid_10018/pid_3590/memory.soft_limit_in_bytes; errno=2
01-15 16:11:32.175 2368 2368 E lowmemorykiller: Error opening /dev/memcg/apps/uid_10065/pid_4453/memory.soft_limit_in_bytes; errno=2
01-15 16:11:32.177 2368 2368 I chatty : uid=0(root) /system/bin/lmkd identical 1 line
01-15 16:11:32.179 2368 2368 E lowmemorykiller: Error opening /dev/memcg/apps/uid_10065/pid_4453/memory.soft_limit_in_bytes; errno=2
01-15 16:11:32.179 2368 2368 E lowmemorykiller: Error opening /dev/memcg/apps/uid_10026/pid_4377/memory.soft_limit_in_bytes; errno=2
01-15 16:11:32.179 2368 2368 E lowmemorykiller: Error opening /dev/memcg/apps/uid_10053/pid_3460/memory.soft_limit_in_bytes; errno=2
01-15 16:11:32.179 2368 2368 E lowmemorykiller: Error opening /dev/memcg/apps/uid_1000/pid_3390/memory.soft_limit_in_bytes; errno=2
01-15 16:11:32.179 2484 3413 I ActivityManager: Killing 3963:com.google.android.gms.ui/u0a18 (adj 906): empty #17
01-15 16:11:32.180 2484 2501 W system_server: kill(-3963, 9) failed: No such process
01-15 16:11:32.182 3713 4080 I Ads : Initialized AdMob in container 11.0.55 (480-156917137)
01-15 16:11:32.185 2368 2368 E lowmemorykiller: Error opening /dev/memcg/apps/uid_10018/pid_3713/memory.soft_limit_in_bytes; errno=2
01-15 16:11:32.188 3732 3732 I UtteranceUpgradeTask: App version upgraded to 300738799: running speaker utterance upgrade tasks.
01-15 16:11:32.195 2368 2368 E lowmemorykiller: Error opening /dev/memcg/apps/uid_10018/pid_3713/memory.soft_limit_in_bytes; errno=2
01-15 16:11:32.196 2368 2368 E lowmemorykiller: Error opening /dev/memcg/apps/uid_10018/pid_3590/memory.soft_limit_in_bytes; errno=2
01-15 16:11:32.199 2368 2368 I chatty : uid=0(root) /system/bin/lmkd identical 1 line
01-15 16:11:32.200 2368 2368 E lowmemorykiller: Error opening /dev/memcg/apps/uid_10018/pid_3590/memory.soft_limit_in_bytes; errno=2
01-15 16:11:32.208 3713 4080 I Auth : [WorkAccount] update authenticator enabled for boot or update
01-15 16:11:32.209 3732 3732 I SpeakerIdMUpgradeTaskV2: App version upgraded to 300738799: running speaker ID model upgrade tasks v2.
01-15 16:11:32.210 3590 4496 W WakefulBroadcastReceiver: No active wake lock id #2
01-15 16:11:32.216 2484 3406 I WifiService: getConnectionInfo uid=10018
01-15 16:11:32.220 3713 3991 W SystemServiceRegistry: No service published for: persistent_data_block
01-15 16:11:32.223 3713 3997 I Auth : [FRP,FrpUpdateIntentOperation] Frp is not supported for this device / user
01-15 16:11:32.223 3713 4085 I Backup : [ComponentEnabler] Disabling target components
01-15 16:11:32.224 3713 4085 V Backup : [ComponentEnabler] Disabling Component: com.google.android.gms.backup.component.BackupOptInActivity
01-15 16:11:32.226 2484 2501 W system_server: kill(-3963, 9) failed: No such process
01-15 16:11:32.226 2484 2501 I system_server: Successfully killed process cgroup uid 10018 pid 3963 in 45ms
01-15 16:11:32.228 2484 3311 W SchedPolicy: add_tid_to_cgroup failed to write '3626' (Permission denied); fd=25
01-15 16:11:32.228 2368 2368 E lowmemorykiller: Error opening /dev/memcg/apps/uid_10018/pid_3626/memory.soft_limit_in_bytes; errno=2
01-15 16:11:32.230 3713 4085 V Backup : [ComponentEnabler] Disabling Component: com.google.android.gms.backup.component.BackupSettingsActivity
01-15 16:11:32.230 3713 4085 V Backup : [ComponentEnabler] Disabling Component: com.google.android.gms.backup.component.D2dMigrateFlowActivity
01-15 16:11:32.230 3713 4085 V Backup : [ComponentEnabler] Disabling Component: com.google.android.gms.backup.component.D2dMigrateService
01-15 16:11:32.231 3713 4085 I Backup : [ComponentEnabler] Enabling source components
01-15 16:11:32.231 3732 3732 I SpeakerIdMUpgradeTask: App version upgraded to 300738799: running speaker ID model upgrade tasks.
01-15 16:11:32.231 3713 4085 V Backup : [ComponentEnabler] Enabling Component: com.google.android.gms.backup.component.D2dSourceActivity
01-15 16:11:32.232 2484 3311 I WifiService: getDhcpInfo uid=10018
01-15 16:11:32.232 3713 4085 V Backup : [ComponentEnabler] Enabling Component: com.google.android.gms.backup.component.D2dSourceService
01-15 16:11:32.232 2484 3160 W SchedPolicy: add_tid_to_cgroup failed to write '3626' (Permission denied); fd=3
01-15 16:11:32.232 2368 2368 E lowmemorykiller: Error opening /dev/memcg/apps/uid_10018/pid_3626/memory.soft_limit_in_bytes; errno=2
01-15 16:11:32.233 3713 4085 V Backup : [ComponentEnabler] Enabling Component: com.google.android.gms.backup.component.CloudRestoreFlowActivity
01-15 16:11:32.233 2368 2368 E lowmemorykiller: Error opening /dev/memcg/apps/uid_10018/pid_3590/memory.soft_limit_in_bytes; errno=2
01-15 16:11:32.233 3713 4497 I Authzen : [AuthZenEventHandler] Handling event: android.intent.action.BOOT_COMPLETED
01-15 16:11:32.233 2368 2368 E lowmemorykiller: Error opening /dev/memcg/apps/uid_10018/pid_3590/memory.soft_limit_in_bytes; errno=2
01-15 16:11:32.234 2368 2368 E lowmemorykiller: Error opening /dev/memcg/apps/uid_10018/pid_3713/memory.soft_limit_in_bytes; errno=2
01-15 16:11:32.234 2368 2368 E lowmemorykiller: Error opening /dev/memcg/apps/uid_10018/pid_3590/memory.soft_limit_in_bytes; errno=2
01-15 16:11:32.234 2368 2368 E lowmemorykiller: Error opening /dev/memcg/apps/uid_10018/pid_3713/memory.soft_limit_in_bytes; errno=2
01-15 16:11:32.239 4503 4503 I main : type=1400 audit(0.0:528): avc: denied { mounton } for path="/storage" dev="tmpfs" ino=7259 scontext=u:r:zygote:s0 tcontext=u:object_r:tmpfs:s0 tclass=dir permissive=1
01-15 16:11:32.239 3713 4497 I Authzen : [TransactionCache] Clearing transaction cache
