01-15 16:12:37.294 4854 4854 F DEBUG : #14 pc 0006e92a /android/system/lib/libhwui.so
01-15 16:12:37.294 4854 4854 F DEBUG : #15 pc 00010426 /android/system/lib/libutils.so
01-15 16:12:37.294 4854 4854 F DEBUG : #16 pc 00077f4b /android/system/lib/libandroid_runtime.so
01-15 16:12:37.294 4854 4854 F DEBUG : #17 pc 0000fd86 /android/system/lib/libutils.so
01-15 16:12:37.294 4854 4854 F DEBUG : #18 pc 0007f595 /android/system/lib/libc.so
01-15 16:12:37.294 4854 4854 F DEBUG : #19 pc 0002f8db /android/system/lib/libc.so
01-15 16:12:37.294 4854 4854 F DEBUG : #20 pc 0001ea56 /android/system/lib/libc.so
01-15 16:12:37.378 2390 2390 E /system/bin/tombstoned: Tombstone written to: /data/tombstones/tombstone_00
01-15 16:12:37.379 2484 2503 I BootReceiver: Copying /data/tombstones/tombstone_00 to DropBox (SYSTEM_TOMBSTONE)
01-15 16:12:37.379 2484 4859 W ActivityManager: Force finishing activity com.android.chrome/org.chromium.chrome.browser.ChromeTabbedActivity
01-15 16:12:37.381 2484 2499 W SchedPolicy: add_tid_to_cgroup failed to write '4503' (Permission denied); fd=3
01-15 16:12:37.381 2368 2368 E lowmemorykiller: Error opening /dev/memcg/apps/uid_10054/pid_4503/memory.soft_limit_in_bytes; errno=2
01-15 16:12:37.381 2484 2499 W SchedPolicy: add_tid_to_cgroup failed to write '3547' (Permission denied); fd=27
01-15 16:12:37.381 2368 2368 E lowmemorykiller: Error opening /dev/memcg/apps/uid_10025/pid_3547/memory.soft_limit_in_bytes; errno=2
01-15 16:12:37.381 2368 2368 E lowmemorykiller: Error opening /dev/memcg/apps/uid_10018/pid_3713/memory.soft_limit_in_bytes; errno=2
01-15 16:12:37.381 2368 2368 E lowmemorykiller: Error opening /dev/memcg/apps/uid_10018/pid_4604/memory.soft_limit_in_bytes; errno=2
01-15 16:12:37.381 2368 2368 E lowmemorykiller: Error opening /dev/memcg/apps/uid_10028/pid_4018/memory.soft_limit_in_bytes; errno=2
01-15 16:12:37.385 2484 2541 W InputDispatcher: channel '8084727 com.android.chrome/org.chromium.chrome.browser.ChromeTabbedActivity (server)' ~ Consumer closed input channel or an error occurred. events=0xd
01-15 16:12:37.385 2484 2541 E InputDispatcher: channel '8084727 com.android.chrome/org.chromium.chrome.browser.ChromeTabbedActivity (server)' ~ Channel is unrecoverably broken and will be disposed!
01-15 16:12:37.387 2484 3407 I WindowManager: WIN DEATH: Window{8084727 u0 com.android.chrome/org.chromium.chrome.browser.ChromeTabbedActivity}
01-15 16:12:37.387 2484 3407 W InputDispatcher: Attempted to unregister already unregistered input channel '8084727 com.android.chrome/org.chromium.chrome.browser.ChromeTabbedActivity (server)'
01-15 16:12:37.388 2484 2500 I ActivityManager: Showing crash dialog for package com.android.chrome u0
01-15 16:12:37.388 2368 2368 E lowmemorykiller: Error opening /dev/memcg/apps/uid_10018/pid_4604/memory.soft_limit_in_bytes; errno=2
01-15 16:12:37.388 2368 2368 E lowmemorykiller: Error opening /dev/memcg/apps/uid_1000/pid_3683/memory.soft_limit_in_bytes; errno=2
01-15 16:12:37.388 2368 2368 E lowmemorykiller: Error opening /dev/memcg/apps/uid_10028/pid_4018/memory.soft_limit_in_bytes; errno=2
01-15 16:12:37.388 2368 2368 E lowmemorykiller: Error opening /dev/memcg/apps/uid_10061/pid_4556/memory.soft_limit_in_bytes; errno=2
01-15 16:12:37.388 2368 2368 E lowmemorykiller: Error opening /dev/memcg/apps/uid_10023/pid_4037/memory.soft_limit_in_bytes; errno=2
01-15 16:12:37.388 2484 3160 I ActivityManager: Process com.android.chrome (pid 4503) has died: vis +99TOP
01-15 16:12:37.388 2484 2501 W system_server: kill(-4503, 9) failed: No such process
01-15 16:12:37.390 2353 2353 I Zygote : Process 4503 exited due to signal (11)
01-15 16:12:37.397 2484 2506 W ActivityManager: setHasOverlayUi called on unknown pid: 4503
01-15 16:12:37.397 2368 2368 E lowmemorykiller: Error opening /dev/memcg/apps/uid_10018/pid_3590/memory.soft_limit_in_bytes; errno=2
01-15 16:12:37.398 2368 2368 E lowmemorykiller: Error opening /dev/memcg/apps/uid_10018/pid_3713/memory.soft_limit_in_bytes; errno=2
01-15 16:12:37.400 2368 2368 I chatty : uid=0(root) /system/bin/lmkd identical 1 line
01-15 16:12:37.404 2368 2368 E lowmemorykiller: Error opening /dev/memcg/apps/uid_10018/pid_3713/memory.soft_limit_in_bytes; errno=2
01-15 16:12:37.406 2368 2368 E lowmemorykiller: Error opening /dev/memcg/apps/uid_10018/pid_3590/memory.soft_limit_in_bytes; errno=2
01-15 16:12:37.415 2484 2500 D ViewRootImpl[chrome]: updatePointerIcon called with position out of bounds
01-15 16:12:37.420 2368 2368 E lowmemorykiller: Error opening /dev/memcg/apps/uid_10018/pid_3713/memory.soft_limit_in_bytes; errno=2
01-15 16:12:37.420 2368 2368 E lowmemorykiller: Error opening /dev/memcg/apps/uid_10018/pid_3713/memory.soft_limit_in_bytes; errno=2
01-15 16:12:37.420 2368 2368 E lowmemorykiller: Error opening /dev/memcg/apps/uid_10018/pid_3626/memory.soft_limit_in_bytes; errno=2
01-15 16:12:37.420 2368 2368 E lowmemorykiller: Error opening /dev/memcg/apps/uid_10011/pid_3826/memory.soft_limit_in_bytes; errno=2
01-15 16:12:37.420 2368 2368 E lowmemorykiller: Error opening /dev/memcg/apps/uid_10075/pid_3612/memory.soft_limit_in_bytes; errno=2
01-15 16:12:37.424 2484 2501 W system_server: kill(-4503, 9) failed: No such process
01-15 16:12:37.424 2484 2501 I system_server: Successfully killed process cgroup uid 10054 pid 4503 in 35ms
01-15 16:12:37.424 2484 2484 I RenderThread: type=1400 audit(0.0:599): avc: denied { ioctl } for path="/dev/dri/card0" dev="tmpfs" ino=8777 ioctlcmd=0x6469 scontext=u:r:system_server:s0 tcontext=u:object_r:device:s0 tclass=chr_file permissive=1
01-15 16:12:37.456 2368 2368 E lowmemorykiller: Error opening /dev/memcg/apps/uid_10018/pid_3626/memory.soft_limit_in_bytes; errno=2
01-15 16:12:37.456 2368 2368 E lowmemorykiller: Error opening /dev/memcg/apps/uid_10011/pid_3826/memory.soft_limit_in_bytes; errno=2
01-15 16:12:37.457 2368 2368 E lowmemorykiller: Error opening /dev/memcg/apps/uid_1000/pid_3683/memory.soft_limit_in_bytes; errno=2
01-15 16:12:37.457 2368 2368 E lowmemorykiller: Error opening /dev/memcg/apps/uid_10075/pid_3612/memory.soft_limit_in_bytes; errno=2
01-15 16:12:37.457 2368 2368 E lowmemorykiller: Error opening /dev/memcg/apps/uid_10061/pid_4556/memory.soft_limit_in_bytes; errno=2
01-15 16:12:37.458 2368 2368 E lowmemorykiller: Error opening /dev/memcg/apps/uid_10023/pid_4037/memory.soft_limit_in_bytes; errno=2
01-15 16:12:37.514 2484 2484 I android.display: type=1400 audit(0.0:600): avc: denied { map } for path=2F69393135202864656C6574656429 dev="tmpfs" ino=85291 scontext=u:r:system_server:s0 tcontext=u:object_r:surfaceflinger_tmpfs:s0 tclass=file permissive=1
01-15 16:12:37.514 2484 2484 I android.display: type=1400 audit(0.0:601): avc: denied { read write } for path=2F69393135202864656C6574656429 dev="tmpfs" ino=85291 scontext=u:r:system_server:s0 tcontext=u:object_r:surfaceflinger_tmpfs:s0 tclass=file permissive=1
01-15 16:12:39.791 2484 2500 I chatty : uid=1000(system) android.ui identical 19 lines
01-15 16:12:39.808 2484 2500 D ViewRootImpl[chrome]: updatePointerIcon called with position out of bounds
01-15 16:12:39.863 2484 4859 W ActivityManager: Ignoring remove of inactive process: ProcessRecord{931b285 0:com.android.chrome/u0a54}
01-15 16:12:39.869 2484 2500 D ViewRootImpl[chrome]: updatePointerIcon called after view was removed
01-15 16:12:39.869 2484 2500 W InputEventReceiver: Attempted to finish an input event but the input event receiver has already been disposed.
01-15 16:12:39.870 2484 2500 W ViewRootImpl[chrome]: Dropping event due to root view being removed: MotionEvent { action=ACTION_BUTTON_PRESS, actionButton=BUTTON_PRIMARY, id[0]=0, x[0]=412.2813, y[0]=289.88153, toolType[0]=TOOL_TYPE_MOUSE, buttonState=BUTTON_PRIMARY, metaState=0, flags=0x0, edgeFlags=0x0, pointerCount=1, historySize=0, eventTime=137855, downTime=137855, deviceId=19, source=0x2002 }
01-15 16:12:39.870 2484 2500 W InputEventReceiver: Attempted to finish an input event but the input event receiver has already been disposed.
01-15 16:12:39.876 2484 2484 I RenderThread: type=1400 audit(0.0:602): avc: denied { map } for path=2F69393135202864656C6574656429 dev="tmpfs" ino=87281 scontext=u:r:system_server:s0 tcontext=u:object_r:system_server_tmpfs:s0 tclass=file permissive=1
01-15 16:12:39.922 2484 3099 E TaskPersister: File error accessing recents directory (directory doesn't exist?).
01-15 16:12:40.045 2484 2528 W AppOps : Finishing op nesting under-run: uid 1000 pkg android code 24 time=0 duration=0 nesting=0
01-15 16:12:42.419 2368 2368 E lowmemorykiller: Error opening /dev/memcg/apps/uid_10018/pid_3590/memory.soft_limit_in_bytes; errno=2
01-15 16:12:42.897 2484 4861 I ActivityManager: START u0 {act=android.intent.action.MAIN cat=[android.intent.category.LAUNCHER] flg=0x10200000 pkg=com.android.chrome cmp=com.android.chrome/com.google.android.apps.chrome.Main bnds=[620,885][847,1005]} from uid 10025
01-15 16:12:42.423 2368 2368 I chatty : uid=0(root) /system/bin/lmkd identical 6 lines
01-15 16:12:42.424 2368 2368 E lowmemorykiller: Error opening /dev/memcg/apps/uid_10018/pid_3590/memory.soft_limit_in_bytes; errno=2
01-15 16:12:42.898 2356 4691 I audio_hw_primary: choose pcmC0D0p for 0
01-15 16:12:42.919 4865 4865 I main : type=1400 audit(0.0:603): avc: denied { mounton } for path="/storage" dev="tmpfs" ino=7259 scontext=u:r:zygote:s0 tcontext=u:object_r:tmpfs:s0 tclass=dir permissive=1
01-15 16:12:42.919 4865 4865 I main : type=1400 audit(0.0:604): avc: denied { dac_read_search } for capability=2 scontext=u:r:zygote:s0 tcontext=u:r:zygote:s0 tclass=capability permissive=1
01-15 16:12:42.921 2484 4861 I ActivityManager: Start proc 4865:com.android.chrome/u0a54 for activity com.android.chrome/com.google.android.apps.chrome.Main
01-15 16:12:42.923 4865 4865 W zygote : Unexpected CPU variant for X86 using defaults: x86_64
01-15 16:12:42.935 2484 4861 W SchedPolicy: add_tid_to_cgroup failed to write '4865' (Permission denied); fd=27
01-15 16:12:42.935 2368 2368 E lowmemorykiller: Error opening /dev/memcg/apps/uid_10054/pid_4865/memory.soft_limit_in_bytes; errno=2
01-15 16:12:42.936 2484 4861 W SchedPolicy: add_tid_to_cgroup failed to write '3547' (Permission denied); fd=3
01-15 16:12:42.936 2368 2368 E lowmemorykiller: Error opening /dev/memcg/apps/uid_10025/pid_3547/memory.soft_limit_in_bytes; errno=2
01-15 16:12:42.996 2484 4861 I ActivityManager: START u0 {act=android.intent.action.MAIN cat=[android.intent.category.LAUNCHER] flg=0x14002000 pkg=com.android.chrome cmp=com.android.chrome/org.chromium.chrome.browser.ChromeTabbedActivity bnds=[620,885][847,1005] (has extras)} from uid 10054
01-15 16:12:43.090 4865 4887 I cr_LibraryLoader: Using linker: org.chromium.base.library_loader.ModernLinker
01-15 16:12:43.095 4865 4887 I cr_LibraryLoader: Loading chrome from within /system/app/Chrome/Chrome.apk
01-15 16:12:43.116 4865 4889 D OpenGLRenderer: HWUI GL Pipeline
01-15 16:12:43.117 4865 4865 D StrictMode: StrictMode policy violation; ~duration=85 ms: android.os.StrictMode$StrictModeDiskReadViolation: policy=17891359 violation=2
01-15 16:12:43.117 4865 4865 D StrictMode: at android.os.StrictMode$AndroidBlockGuardPolicy.onReadFromDisk(StrictMode.java:1440)
01-15 16:12:43.117 4865 4865 D StrictMode: at java.io.UnixFileSystem.checkAccess(UnixFileSystem.java:251)
01-15 16:12:43.117 4865 4865 D StrictMode: at java.io.File.exists(File.java:807)
01-15 16:12:43.117 4865 4865 D StrictMode: at android.app.ContextImpl.ensurePrivateDirExists(ContextImpl.java:572)
01-15 16:12:43.117 4865 4865 D StrictMode: at android.app.ContextImpl.ensurePrivateDirExists(ContextImpl.java:563)
01-15 16:12:43.117 4865 4865 D StrictMode: at android.app.ContextImpl.getPreferencesDir(ContextImpl.java:519)
01-15 16:12:43.117 4865 4865 D StrictMode: at android.app.ContextImpl.getSharedPreferencesPath(ContextImpl.java:714)
01-15 16:12:43.117 4865 4865 D StrictMode: at android.app.ContextImpl.getSharedPreferences(ContextImpl.java:368)
01-15 16:12:43.117 4865 4865 D StrictMode: at android.content.ContextWrapper.getSharedPreferences(ContextWrapper.java:167)
01-15 16:12:43.117 4865 4865 D StrictMode: at org.chromium.chrome.browser.tabmodel.document.DocumentTabModelImpl.warmUpSharedPrefs(DocumentTabModelImpl.java:150)
01-15 16:12:43.117 4865 4865 D StrictMode: at org.chromium.chrome.browser.init.ChromeBrowserInitializer.warmUpSharedPrefs(ChromeBrowserInitializer.java:160)
01-15 16:12:43.117 4865 4865 D StrictMode: at org.chromium.chrome.browser.init.ChromeBrowserInitializer.preInflationStartup(ChromeBrowserInitializer.java:175)
01-15 16:12:43.117 4865 4865 D StrictMode: at org.chromium.chrome.browser.init.ChromeBrowserInitializer.handlePreNativeStartup(ChromeBrowserInitializer.java:133)
01-15 16:12:43.117 4865 4865 D StrictMode: at org.chromium.chrome.browser.init.AsyncInitializationActivity.onCreate(AsyncInitializationActivity.java:204)
01-15 16:12:43.117 4865 4865 D StrictMode: at android.app.Activity.performCreate(Activity.java:7009)
01-15 16:12:43.117 4865 4865 D StrictMode: at android.app.Activity.performCreate(Activity.java:7000)
01-15 16:12:43.117 4865 4865 D StrictMode: at android.app.Instrumentation.callActivityOnCreate(Instrumentation.java:1214)
01-15 16:12:43.117 4865 4865 D StrictMode: at android.app.ActivityThread.performLaunchActivity(ActivityThread.java:2731)
01-15 16:12:43.117 4865 4865 D StrictMode: at android.app.ActivityThread.handleLaunchActivity(ActivityThread.java:2856)
01-15 16:12:43.117 4865 4865 D StrictMode: at android.app.ActivityThread.-wrap11(Unknown Source:0)
01-15 16:12:43.117 4865 4865 D StrictMode: at android.app.ActivityThread$H.handleMessage(ActivityThread.java:1589)
01-15 16:12:43.117 4865 4865 D StrictMode: at android.os.Handler.dispatchMessage(Handler.java:106)
01-15 16:12:43.117 4865 4865 D StrictMode: at android.os.Looper.loop(Looper.java:164)
01-15 16:12:43.117 4865 4865 D StrictMode: at android.app.ActivityThread.main(ActivityThread.java:6494)
01-15 16:12:43.117 4865 4865 D StrictMode: at java.lang.reflect.Method.invoke(Native Method)
01-15 16:12:43.117 4865 4865 D StrictMode: at com.android.internal.os.RuntimeInit$MethodAndArgsCaller.run(RuntimeInit.java:463)
01-15 16:12:43.117 4865 4865 D StrictMode: at com.android.internal.os.ZygoteInit.main(ZygoteInit.java:807)
01-15 16:12:43.117 4865 4865 D StrictMode: StrictMode policy violation; ~duration=85 ms: android.os.StrictMode$StrictModeDiskReadViolation: policy=17891359 violation=2
01-15 16:12:43.117 4865 4865 D StrictMode: at android.os.StrictMode$AndroidBlockGuardPolicy.onReadFromDisk(StrictMode.java:1440)
01-15 16:12:43.117 4865 4865 D StrictMode: at java.io.UnixFileSystem.checkAccess(UnixFileSystem.java:251)
01-15 16:12:43.117 4865 4865 D StrictMode: at java.io.File.exists(File.java:807)
01-15 16:12:43.117 4865 4865 D StrictMode: at android.app.ContextImpl.ensurePrivateDirExists(ContextImpl.java:572)
01-15 16:12:43.117 4865 4865 D StrictMode: at android.app.ContextImpl.ensurePrivateDirExists(ContextImpl.java:563)
01-15 16:12:43.117 4865 4865 D StrictMode: at android.app.ContextImpl.getPreferencesDir(ContextImpl.java:519)
01-15 16:12:43.117 4865 4865 D StrictMode: at android.app.ContextImpl.getSharedPreferencesPath(ContextImpl.java:714)
01-15 16:12:43.117 4865 4865 D StrictMode: at android.app.ContextImpl.getSharedPreferences(ContextImpl.java:368)
01-15 16:12:43.117 4865 4865 D StrictMode: at android.content.ContextWrapper.getSharedPreferences(ContextWrapper.java:167)
01-15 16:12:43.117 4865 4865 D StrictMode: at org.chromium.chrome.browser.webapps.ActivityAssigner.warmUpSharedPrefs(ActivityAssigner.java:83)
01-15 16:12:43.117 4865 4865 D StrictMode: at org.chromium.chrome.browser.init.ChromeBrowserInitializer.warmUpSharedPrefs(ChromeBrowserInitializer.java:161)
01-15 16:12:43.117 4865 4865 D StrictMode: at org.chromium.chrome.browser.init.ChromeBrowserInitializer.preInflationStartup(ChromeBrowserInitializer.java:175)
01-15 16:12:43.117 4865 4865 D StrictMode: at org.chromium.chrome.browser.init.ChromeBrowserInitializer.handlePreNativeStartup(ChromeBrowserInitializer.java:133)
01-15 16:12:43.117 4865 4865 D StrictMode: at org.chromium.chrome.browser.init.AsyncInitializationActivity.onCreate(AsyncInitializationActivity.java:204)
01-15 16:12:43.117 4865 4865 D StrictMode: at android.app.Activity.performCreate(Activity.java:7009)
01-15 16:12:43.117 4865 4865 D StrictMode: at android.app.Activity.performCreate(Activity.java:7000)
01-15 16:12:43.117 4865 4865 D StrictMode: at android.app.Instrumentation.callActivityOnCreate(Instrumentation.java:1214)
01-15 16:12:43.117 4865 4865 D StrictMode: at android.app.ActivityThread.performLaunchActivity(ActivityThread.java:2731)
01-15 16:12:43.117 4865 4865 D StrictMode: at android.app.ActivityThread.handleLaunchActivity(ActivityThread.java:2856)
01-15 16:12:43.117 4865 4865 D StrictMode: at android.app.ActivityThread.-wrap11(Unknown Source:0)
01-15 16:12:43.117 4865 4865 D StrictMode: at android.app.ActivityThread$H.handleMessage(ActivityThread.java:1589)
01-15 16:12:43.117 4865 4865 D StrictMode: at android.os.Handler.dispatchMessage(Handler.java:106)
01-15 16:12:43.117 4865 4865 D StrictMode: at android.os.Looper.loop(Looper.java:164)
01-15 16:12:43.117 4865 4865 D StrictMode: at android.app.ActivityThread.main(ActivityThread.java:6494)
01-15 16:12:43.117 4865 4865 D StrictMode: at java.lang.reflect.Method.invoke(Native Method)
01-15 16:12:43.117 4865 4865 D StrictMode: at com.android.internal.os.RuntimeInit$MethodAndArgsCaller.run(RuntimeInit.java:463)
01-15 16:12:43.117 4865 4865 D StrictMode: at com.android.internal.os.ZygoteInit.main(ZygoteInit.java:807)
01-15 16:12:43.117 4865 4865 D StrictMode: StrictMode policy violation; ~duration=22 ms: android.os.StrictMode$StrictModeDiskReadViolation: policy=17891359 violation=2
01-15 16:12:43.117 4865 4865 D StrictMode: at android.os.StrictMode$AndroidBlockGuardPolicy.onReadFromDisk(StrictMode.java:1440)
01-15 16:12:43.117 4865 4865 D StrictMode: at java.io.UnixFileSystem.checkAccess(UnixFileSystem.java:251)
01-15 16:12:43.117 4865 4865 D StrictMode: at java.io.File.exists(File.java:807)
01-15 16:12:43.117 4865 4865 D StrictMode: at android.app.ContextImpl.getDataDir(ContextImpl.java:2197)
01-15 16:12:43.117 4865 4865 D StrictMode: at android.app.ContextImpl.getPreferencesDir(ContextImpl.java:517)
01-15 16:12:43.117 4865 4865 D StrictMode: at android.app.ContextImpl.getSharedPreferencesPath(ContextImpl.java:714)
01-15 16:12:43.117 4865 4865 D StrictMode: at android.app.ContextImpl.getSharedPreferences(ContextImpl.java:368)
01-15 16:12:43.117 4865 4865 D StrictMode: at android.content.ContextWrapper.getSharedPreferences(ContextWrapper.java:167)
01-15 16:12:43.117 4865 4865 D StrictMode: at android.preference.PreferenceManager.getDefaultSharedPreferences(PreferenceManager.java:526)
01-15 16:12:43.117 4865 4865 D StrictMode: at org.chromium.chrome.browser.partnercustomizations.HomepageManager.(HomepageManager.java:41)
01-15 16:12:43.117 4865 4865 D StrictMode: at org.chromium.chrome.browser.partnercustomizations.HomepageManager.getInstance(HomepageManager.java:51)
01-15 16:12:43.117 4865 4865 D StrictMode: at org.chromium.chrome.browser.toolbar.ToolbarManager.(ToolbarManager.java:239)
01-15 16:12:43.117 4865 4865 D StrictMode: at org.chromium.chrome.browser.ChromeActivity.initializeToolbar(ChromeActivity.java:370)
01-15 16:12:43.117 4865 4865 D StrictMode: at org.chromium.chrome.browser.ChromeActivity.postInflationStartup(ChromeActivity.java:308)
01-15 16:12:43.117 4865 4865 D StrictMode: at org.chromium.chrome.browser.ChromeTabbedActivity.postInflationStartup(ChromeTabbedActivity.java:896)
01-15 16:12:43.117 4865 4865 D StrictMode: at org.chromium.chrome.browser.init.ChromeBrowserInitializer.handlePreNativeStartup(ChromeBrowserInitializer.java:138)
01-15 16:12:43.117 4865 4865 D StrictMode: at org.chromium.chrome.browser.init.AsyncInitializationActivity.onCreate(AsyncInitializationActivity.java:204)
01-15 16:12:43.117 4865 4865 D StrictMode: at android.app.Activity.performCreate(Activity.java:7009)
01-15 16:12:43.117 4865 4865 D StrictMode: at android.app.Activity.performCreate(Activity.java:7000)
01-15 16:12:43.117 4865 4865 D StrictMode: at android.app.Instrumentation.callActivityOnCreate(Instrumentation.java:1214)
01-15 16:12:43.117 4865 4865 D StrictMode: at android.app.ActivityThread.performLaunchActivity(ActivityThread.java:2731)
01-15 16:12:43.117 4865 4865 D StrictMode: at android.app.ActivityThread.handleLaunchActivity(ActivityThread.java:2856)
01-15 16:12:43.117 4865 4865 D StrictMode: at android.app.ActivityThread.-wrap11(Unknown Source:0)
01-15 16:12:43.117 4865 4865 D StrictMode: at android.app.ActivityThread$H.handleMessage(ActivityThread.java:1589)
01-15 16:12:43.117 4865 4865 D StrictMode: at android.os.Handler.dispatchMessage(Handler.java:106)
01-15 16:12:43.117 4865 4865 D StrictMode: at android.os.Looper.loop(Looper.java:164)
01-15 16:12:43.117 4865 4865 D StrictMode: at android.app.ActivityThread.main(ActivityThread.java:6494)
01-15 16:12:43.117 4865 4865 D StrictMode: at java.lang.reflect.Method.invoke(Native Method)
01-15 16:12:43.117 4865 4865 D StrictMode: at com.android.internal.os.RuntimeInit$MethodAndArgsCaller.run(RuntimeInit.java:463)
01-15 16:12:43.117 4865 4865 D StrictMode: at com.android.internal.os.ZygoteInit.main(ZygoteInit.java:807)
01-15 16:12:43.117 4865 4865 D StrictMode: StrictMode policy violation; ~duration=22 ms: android.os.StrictMode$StrictModeDiskReadViolation: policy=17891359 violation=2
01-15 16:12:43.117 4865 4865 D StrictMode: at android.os.StrictMode$AndroidBlockGuardPolicy.onReadFromDisk(StrictMode.java:1440)
01-15 16:12:43.117 4865 4865 D StrictMode: at java.io.UnixFileSystem.checkAccess(UnixFileSystem.java:251)
01-15 16:12:43.117 4865 4865 D StrictMode: at java.io.File.exists(File.java:807)
01-15 16:12:43.117 4865 4865 D StrictMode: at android.app.ContextImpl.ensurePrivateDirExists(ContextImpl.java:572)
01-15 16:12:43.117 4865 4865 D StrictMode: at android.app.ContextImpl.ensurePrivateDirExists(ContextImpl.java:563)
01-15 16:12:43.117 4865 4865 D StrictMode: at android.app.ContextImpl.getPreferencesDir(ContextImpl.java:519)
01-15 16:12:43.117 4865 4865 D StrictMode: at android.app.ContextImpl.getSharedPreferencesPath(ContextImpl.java:714)
01-15 16:12:43.117 4865 4865 D StrictMode: at android.app.ContextImpl.getSharedPreferences(ContextImpl.java:368)
01-15 16:12:43.117 4865 4865 D StrictMode: at android.content.ContextWrapper.getSharedPreferences(ContextWrapper.java:167)
01-15 16:12:43.117 4865 4865 D StrictMode: at android.preference.PreferenceManager.getDefaultSharedPreferences(PreferenceManager.java:526)
01-15 16:12:43.117 4865 4865 D StrictMode: at org.chromium.chrome.browser.partnercustomizations.HomepageManager.(HomepageManager.java:41)
01-15 16:12:43.117 4865 4865 D StrictMode: at org.chromium.chrome.browser.partnercustomizations.HomepageManager.getInstance(HomepageManager.java:51)
01-15 16:12:43.117 4865 4865 D StrictMode: at org.chromium.chrome.browser.toolbar.ToolbarManager.(ToolbarManager.java:239)
01-15 16:12:43.117 4865 4865 D StrictMode: at org.chromium.chrome.browser.ChromeActivity.initializeToolbar(ChromeActivity.java:370)
01-15 16:12:43.117 4865 4865 D StrictMode: at org.chromium.chrome.browser.ChromeActivity.postInflationStartup(ChromeActivity.java:308)
01-15 16:12:43.117 4865 4865 D StrictMode: at org.chromium.chrome.browser.ChromeTabbedActivity.postInflationStartup(ChromeTabbedActivity.java:896)
01-15 16:12:43.117 4865 4865 D StrictMode: at org.chromium.chrome.browser.init.ChromeBrowserInitializer.handlePreNativeStartup(ChromeBrowserInitializer.java:138)
01-15 16:12:43.117 4865 4865 D StrictMode: at org.chromium.chrome.browser.init.AsyncInitializationActivity.onCreate(AsyncInitializationActivity.java:204)
01-15 16:12:43.117 4865 4865 D StrictMode: at android.app.Activity.performCreate(Activity.java:7009)
01-15 16:12:43.117 4865 4865 D StrictMode: at android.app.Activity.performCreate(Activity.java:7000)
01-15 16:12:43.117 4865 4865 D StrictMode: at android.app.Instrumentation.callActivityOnCreate(Instrumentation.java:1214)
01-15 16:12:43.117 4865 4865 D StrictMode: at android.app.ActivityThread.performLaunchActivity(ActivityThread.java:2731)
01-15 16:12:43.117 4865 4865 D StrictMode: at android.app.ActivityThread.handleLaunchActivity(ActivityThread.java:2856)
01-15 16:12:43.117 4865 4865 D StrictMode: at android.app.ActivityThread.-wrap11(Unknown Source:0)
01-15 16:12:43.117 4865 4865 D StrictMode: at android.app.ActivityThread$H.handleMessage(ActivityThread.java:1589)
01-15 16:12:43.117 4865 4865 D StrictMode: at android.os.Handler.dispatchMessage(Handler.java:106)
01-15 16:12:43.117 4865 4865 D StrictMode: at android.os.Looper.loop(Looper.java:164)
01-15 16:12:43.117 4865 4865 D StrictMode: at android.app.ActivityThread.main(ActivityThread.java:6494)
01-15 16:12:43.117 4865 4865 D StrictMode: at java.lang.reflect.Method.invoke(Native Method)
01-15 16:12:43.117 4865 4865 D StrictMode: at com.android.internal.os.RuntimeInit$MethodAndArgsCaller.run(RuntimeInit.java:463)
01-15 16:12:43.117 4865 4865 D StrictMode: at com.android.internal.os.ZygoteInit.main(ZygoteInit.java:807)
01-15 16:12:43.139 4865 4887 I cr_LibraryLoader: Time to load native libraries: 50 ms (timestamps 1082-1132)
01-15 16:12:43.139 4865 4887 I cr_LibraryLoader: Expected native library version number "50.0.2661.89", actual native library version number "50.0.2661.89"
01-15 16:12:43.142 2368 2368 E lowmemorykiller: Error opening /dev/memcg/apps/uid_10018/pid_3590/memory.soft_limit_in_bytes; errno=2
01-15 16:12:43.146 2368 2368 E lowmemorykiller: Error opening /dev/memcg/apps/uid_10018/pid_3713/memory.soft_limit_in_bytes; errno=2
01-15 16:12:43.146 2484 2535 W SchedPolicy: add_tid_to_cgroup failed to write '3713' (Permission denied); fd=3
01-15 16:12:43.147 2484 2535 W SchedPolicy: add_tid_to_cgroup failed to write '3590' (Permission denied); fd=3
01-15 16:12:43.147 2368 2368 E lowmemorykiller: Error opening /dev/memcg/apps/uid_10018/pid_4604/memory.soft_limit_in_bytes; errno=2
01-15 16:12:43.147 2368 2368 E lowmemorykiller: Error opening /dev/memcg/apps/uid_10028/pid_4018/memory.soft_limit_in_bytes; errno=2
01-15 16:12:43.147 2368 2368 E lowmemorykiller: Error opening /dev/memcg/apps/uid_10018/pid_3590/memory.soft_limit_in_bytes; errno=2
01-15 16:12:43.147 2368 2368 E lowmemorykiller: Error opening /dev/memcg/apps/uid_10018/pid_4604/memory.soft_limit_in_bytes; errno=2
01-15 16:12:43.147 2368 2368 E lowmemorykiller: Error opening /dev/memcg/apps/uid_1000/pid_3683/memory.soft_limit_in_bytes; errno=2
01-15 16:12:43.148 2368 2368 E lowmemorykiller: Error opening /dev/memcg/apps/uid_10028/pid_4018/memory.soft_limit_in_bytes; errno=2
01-15 16:12:43.148 2368 2368 E lowmemorykiller: Error opening /dev/memcg/apps/uid_10061/pid_4556/memory.soft_limit_in_bytes; errno=2
01-15 16:12:43.148 2368 2368 E lowmemorykiller: Error opening /dev/memcg/apps/uid_10023/pid_4037/memory.soft_limit_in_bytes; errno=2
01-15 16:12:43.148 2484 2499 W SchedPolicy: add_tid_to_cgroup failed to write '3713' (Permission denied); fd=25
01-15 16:12:43.148 2484 2499 W SchedPolicy: add_tid_to_cgroup failed to write '3590' (Permission denied); fd=25
01-15 16:12:43.149 2484 2484 W SchedPolicy: add_tid_to_cgroup failed to write '3732' (Permission denied); fd=3
01-15 16:12:43.149 2368 2368 E lowmemorykiller: Error opening /dev/memcg/apps/uid_10037/pid_3732/memory.soft_limit_in_bytes; errno=2
01-15 16:12:43.149 2484 2484 W SchedPolicy: add_tid_to_cgroup failed to write '3590' (Permission denied); fd=3
01-15 16:12:43.149 2368 2368 E lowmemorykiller: Error opening /dev/memcg/apps/uid_10018/pid_4604/memory.soft_limit_in_bytes; errno=2
01-15 16:12:43.149 2368 2368 E lowmemorykiller: Error opening /dev/memcg/apps/uid_1000/pid_3683/memory.soft_limit_in_bytes; errno=2
01-15 16:12:43.149 2368 2368 E lowmemorykiller: Error opening /dev/memcg/apps/uid_10061/pid_4556/memory.soft_limit_in_bytes; errno=2
01-15 16:12:43.150 2368 2368 E lowmemorykiller: Error opening /dev/memcg/apps/uid_10037/pid_3732/memory.soft_limit_in_bytes; errno=2
01-15 16:12:43.150 2484 3160 W SchedPolicy: add_tid_to_cgroup failed to write '3732' (Permission denied); fd=25
01-15 16:12:43.151 2368 2368 E lowmemorykiller: Error opening /dev/memcg/apps/uid_10018/pid_3626/memory.soft_limit_in_bytes; errno=2
01-15 16:12:43.152 2484 4452 W SchedPolicy: add_tid_to_cgroup failed to write '3590' (Permission denied); fd=25
01-15 16:12:43.152 2368 2368 E lowmemorykiller: Error opening /dev/memcg/apps/uid_10002/pid_3782/memory.soft_limit_in_bytes; errno=2
01-15 16:12:43.152 2368 2368 E lowmemorykiller: Error opening /dev/memcg/apps/uid_10028/pid_4018/memory.soft_limit_in_bytes; errno=2
01-15 16:12:43.152 2368 2368 E lowmemorykiller: Error opening /dev/memcg/apps/uid_10023/pid_4037/memory.soft_limit_in_bytes; errno=2
01-15 16:12:43.158 4865 4889 D vndksupport: Loading /vendor/lib/hw/gralloc.drm.so from current namespace instead of sphal namespace.
01-15 16:12:43.165 4865 4887 I chromium: [INFO:library_loader_hooks.cc(143)] Chromium logging enabled: level = 0, default verbosity = 0
01-15 16:12:43.176 4865 4889 I GRALLOC-DRM: create intel for driver i915
01-15 16:12:43.192 4891 4891 I main : type=1400 audit(0.0:605): avc: denied { dac_read_search } for capability=2 scontext=u:r:zygote:s0 tcontext=u:r:zygote:s0 tclass=capability permissive=1
01-15 16:12:43.191 4865 4889 I EGL-MAIN: found extension DRI_Core version 2
01-15 16:12:43.191 4865 4889 I EGL-MAIN: found extension DRI_DRI2 version 4
01-15 16:12:43.194 4891 4891 W zygote : Unexpected CPU variant for X86 using defaults: x86_64
01-15 16:12:43.199 4865 4889 I EGL-MAIN: found extension DRI_TexBuffer version 3
01-15 16:12:43.199 4865 4889 I EGL-MAIN: found extension DRI2_Flush version 4
01-15 16:12:43.199 4865 4889 I EGL-MAIN: found extension DRI_IMAGE version 16
01-15 16:12:43.199 4865 4889 I EGL-MAIN: found extension DRI2_Fence version 2
01-15 16:12:43.199 4865 4889 I EGL-MAIN: found extension DRI_RENDERER_QUERY version 1
01-15 16:12:43.199 4865 4889 I EGL-MAIN: found extension DRI_CONFIG_QUERY version 1
01-15 16:12:43.199 4865 4889 I EGL-MAIN: found extension DRI_FlushControl version 1
01-15 16:12:43.199 4865 4889 I EGL-MAIN: found extension DRI_Robustness version 1
01-15 16:12:43.199 4865 4889 I EGL-MAIN: found extension DRI_NoError version 1
01-15 16:12:43.199 4865 4889 I com.android.chrome: android::hardware::configstore::V1_0::ISurfaceFlingerConfigs::hasWideColorDisplay retrieved: 0
01-15 16:12:43.199 4865 4889 I OpenGLRenderer: Initialized EGL, version 1.4
01-15 16:12:43.200 4865 4889 D OpenGLRenderer: Swap behavior 2
01-15 16:12:43.200 4865 4889 F libc : Fatal signal 11 (SIGSEGV), code 1, fault addr 0x4 in tid 4889 (RenderThread), pid 4865 (.android.chrome)
01-15 16:12:43.200 2484 4452 I ActivityManager: Start proc 4891:com.android.chrome:sandboxed_process0/u0i0 for service com.android.chrome/org.chromium.content.app.SandboxedProcessService0
01-15 16:12:43.210 2368 2368 E lowmemorykiller: Error opening /dev/memcg/apps/uid_99000/pid_4891/memory.soft_limit_in_bytes; errno=2
01-15 16:12:43.211 4906 4906 I crash_dump32: type=1400 audit(0.0:606): avc: denied { getattr } for path="/vendor" dev="tmpfs" ino=7264 scontext=u:r:crash_dump:s0:c512,c768 tcontext=u:object_r:tmpfs:s0 tclass=lnk_file permissive=1
01-15 16:12:43.211 4906 4906 I crash_dump32: type=1400 audit(0.0:607): avc: denied { read } for name="vendor" dev="tmpfs" ino=7264 scontext=u:r:crash_dump:s0:c512,c768 tcontext=u:object_r:tmpfs:s0 tclass=lnk_file permissive=1
01-15 16:12:43.213 3732 4179 I GservicesUpdateTask: Updating Gservices keys
01-15 16:12:43.218 3732 4179 W GStaticConfiguration: No valid gstatic url found.
01-15 16:12:43.220 4891 4891 I dboxed_process0: type=1400 audit(0.0:608): avc: denied { getattr } for path="/data/data/com.android.chrome" dev="tmpfs" ino=15924 scontext=u:r:isolated_app:s0:c512,c768 tcontext=u:object_r:app_data_file:s0:c512,c768 tclass=dir permissive=1
01-15 16:12:43.245 4909 4909 I crash_dump32: obtaining output fd from tombstoned, type: kDebuggerdTombstone
01-15 16:12:43.246 2390 2390 I /system/bin/tombstoned: received crash request for pid 4865
01-15 16:12:43.247 4909 4909 I crash_dump32: performing dump of process 4865 (target tid = 4889)
01-15 16:12:43.247 4909 4909 F DEBUG : *** *** *** *** *** *** *** *** *** *** *** *** *** *** *** ***
01-15 16:12:43.247 4909 4909 F DEBUG : Build fingerprint: 'Android-x86/android_x86_64/x86_64:8.1.0/OPM1.171019.011/utente12162000:eng/test-keys'
01-15 16:12:43.247 4909 4909 F DEBUG : Revision: '0'
01-15 16:12:43.247 4909 4909 F DEBUG : ABI: 'x86'
01-15 16:12:43.247 4909 4909 F DEBUG : pid: 4865, tid: 4889, name: RenderThread >>> com.android.chrome <<<
01-15 16:12:43.247 4909 4909 F DEBUG : signal 11 (SIGSEGV), code 1 (SEGV_MAPERR), fault addr 0x4
01-15 16:12:43.247 4909 4909 F DEBUG : Cause: null pointer dereference
01-15 16:12:43.247 4909 4909 F DEBUG : eax 00000000 ebx cca5acf4 ecx 00000009 edx ccdff004
01-15 16:12:43.247 4909 4909 F DEBUG : esi 00000000 edi 00000010
01-15 16:12:43.247 4909 4909 F DEBUG : xcs 00000023 xds 0000002b xes 0000002b xfs 0000006b xss 0000002b
01-15 16:12:43.247 4909 4909 F DEBUG : eip cc77e089 ebp ccdfefb8 esp ccdfefb8 flags 00010286
01-15 16:12:43.252 4891 4891 W SystemServiceRegistry: No service published for: account
01-15 16:12:43.256 4891 4891 I cr_ChildProcessService: Creating new ChildProcessService pid=4891
01-15 16:12:43.262 2368 2368 E lowmemorykiller: Error opening /dev/memcg/apps/uid_99000/pid_4891/memory.soft_limit_in_bytes; errno=2
01-15 16:12:43.297 4909 4909 F DEBUG :
01-15 16:12:43.297 4909 4909 F DEBUG : backtrace:
01-15 16:12:43.297 4909 4909 F DEBUG : #00 pc 00651089 /system/vendor/lib/dri/i965_dri.so (build_id_length+9)
01-15 16:12:43.297 4909 4909 F DEBUG : #01 pc 00041ae2 /system/vendor/lib/dri/i965_dri.so (brw_program_binary_init+130)
01-15 16:12:43.297 4909 4909 F DEBUG : #02 pc 0002dd50 /system/vendor/lib/dri/i965_dri.so (brwCreateContext+864)
01-15 16:12:43.297 4909 4909 F DEBUG : #03 pc 003d7777 /system/vendor/lib/dri/i965_dri.so (driCreateContextAttribs+663)
01-15 16:12:43.297 4909 4909 F DEBUG : #04 pc 000112a1 /android/system/vendor/lib/egl/libGLES_mesa.so
01-15 16:12:43.297 4909 4909 F DEBUG : #05 pc 00004096 /android/system/vendor/lib/egl/libGLES_mesa.so
01-15 16:12:43.297 4909 4909 F DEBUG : #06 pc 0000ef37 /android/system/lib/libEGL.so
01-15 16:12:43.297 4909 4909 F DEBUG : #07 pc 000667bd /android/system/lib/libhwui.so
01-15 16:12:43.297 4909 4909 F DEBUG : #08 pc 00067063 /android/system/lib/libhwui.so
01-15 16:12:43.297 4909 4909 F DEBUG : #09 pc 0006474d /android/system/lib/libhwui.so
01-15 16:12:43.297 4909 4909 F DEBUG : #10 pc 00060f9e /android/system/lib/libhwui.so
01-15 16:12:43.297 4909 4909 F DEBUG : #11 pc 00061263 /android/system/lib/libhwui.so
01-15 16:12:43.297 4909 4909 F DEBUG : #12 pc 0006a725 /android/system/lib/libhwui.so
01-15 16:12:43.297 4909 4909 F DEBUG : #13 pc 0006d3e2 /android/system/lib/libhwui.so
01-15 16:12:43.297 4909 4909 F DEBUG : #14 pc 0006e92a /android/system/lib/libhwui.so
01-15 16:12:43.297 4909 4909 F DEBUG : #15 pc 00010426 /android/system/lib/libutils.so
01-15 16:12:43.297 4909 4909 F DEBUG : #16 pc 00077f4b /android/system/lib/libandroid_runtime.so
01-15 16:12:43.297 4909 4909 F DEBUG : #17 pc 0000fd86 /android/system/lib/libutils.so
01-15 16:12:43.297 4909 4909 F DEBUG : #18 pc 0007f595 /android/system/lib/libc.so
01-15 16:12:43.297 4909 4909 F DEBUG : #19 pc 0002f8db /android/system/lib/libc.so
01-15 16:12:43.297 4909 4909 F DEBUG : #20 pc 0001ea56 /android/system/lib/libc.so
01-15 16:12:43.317 2368 2368 E lowmemorykiller: Error opening /dev/memcg/apps/uid_10037/pid_3732/memory.soft_limit_in_bytes; errno=2
01-15 16:12:43.317 2368 2368 E lowmemorykiller: Error opening /dev/memcg/apps/uid_10037/pid_3732/memory.soft_limit_in_bytes; errno=2
01-15 16:12:43.317 2368 2368 E lowmemorykiller: Error opening /dev/memcg/apps/uid_10002/pid_3782/memory.soft_limit_in_bytes; errno=2
01-15 16:12:43.317 2368 2368 E lowmemorykiller: Error opening /dev/memcg/apps/uid_10028/pid_4018/memory.soft_limit_in_bytes; errno=2
01-15 16:12:43.317 2368 2368 E lowmemorykiller: Error opening /dev/memcg/apps/uid_10023/pid_4037/memory.soft_limit_in_bytes; errno=2
01-15 16:12:43.337 3713 4917 W DriveInitializer: Background init thread started
01-15 16:12:43.339 2484 2484 I Binder:2484_8: type=1400 audit(0.0:609): avc: denied { getattr } for path="/storage/Android-x86_LiveCD" dev="tmpfs" ino=55761 scontext=u:r:system_server:s0 tcontext=u:object_r:storage_stub_file:s0 tclass=dir permissive=1
01-15 16:12:43.340 2484 3407 D VoldConnector: SND -> {47 volume mkdirs /storage/Android-x86_LiveCD/Android/data/com.google.android.gms/files/}
01-15 16:12:43.340 2484 2544 D VoldConnector: RCV <- {200 47 Command succeeded}
01-15 16:12:43.341 2484 3160 W SchedPolicy: add_tid_to_cgroup failed to write '3713' (Permission denied); fd=3
01-15 16:12:43.341 2484 3160 W SchedPolicy: add_tid_to_cgroup failed to write '3590' (Permission denied); fd=3
01-15 16:12:43.341 2484 3160 W SchedPolicy: add_tid_to_cgroup failed to write '3626' (Permission denied); fd=3
01-15 16:12:43.341 2368 2368 E lowmemorykiller: Error opening /dev/memcg/apps/uid_10018/pid_3626/memory.soft_limit_in_bytes; errno=2
01-15 16:12:43.341 2484 3160 W SchedPolicy: add_tid_to_cgroup failed to write '3626' (Permission denied); fd=25
01-15 16:12:43.342 2484 3407 W SchedPolicy: add_tid_to_cgroup failed to write '3713' (Permission denied); fd=25
01-15 16:12:43.343 2368 2368 E lowmemorykiller: Error opening /dev/memcg/apps/uid_10018/pid_3626/memory.soft_limit_in_bytes; errno=2
01-15 16:12:43.344 3713 3718 I zygote64: Do full code cache collection, code=247KB, data=166KB
01-15 16:12:43.344 2368 2368 E lowmemorykiller: Error opening /dev/memcg/apps/uid_10018/pid_3713/memory.soft_limit_in_bytes; errno=2
01-15 16:12:43.344 3713 3718 I zygote64: After code cache collection, code=202KB, data=125KB
01-15 16:12:43.344 2368 2368 E lowmemorykiller: Error opening /dev/memcg/apps/uid_10018/pid_3626/memory.soft_limit_in_bytes; errno=2
01-15 16:12:43.344 2484 3407 W SchedPolicy: add_tid_to_cgroup failed to write '3590' (Permission denied); fd=25
01-15 16:12:43.354 2368 2368 I chatty : uid=0(root) /system/bin/lmkd identical 2 lines
01-15 16:12:43.355 2368 2368 E lowmemorykiller: Error opening /dev/memcg/apps/uid_10018/pid_3626/memory.soft_limit_in_bytes; errno=2
01-15 16:12:43.357 2390 2390 E /system/bin/tombstoned: Tombstone written to: /data/tombstones/tombstone_01
01-15 16:12:43.358 2484 2503 I BootReceiver: Copying /data/tombstones/tombstone_01 to DropBox (SYSTEM_TOMBSTONE)
01-15 16:12:43.358 2368 2368 E lowmemorykiller: Error opening /dev/memcg/apps/uid_10018/pid_3590/memory.soft_limit_in_bytes; errno=2
01-15 16:12:43.358 2368 2368 E lowmemorykiller: Error opening /dev/memcg/apps/uid_10018/pid_3626/memory.soft_limit_in_bytes; errno=2
01-15 16:12:43.358 2484 4922 W ActivityManager: Force finishing activity com.android.chrome/org.chromium.chrome.browser.ChromeTabbedActivity
01-15 16:12:43.360 2484 2500 I ActivityManager: Showing crash dialog for package com.android.chrome u0
01-15 16:12:43.363 2368 2368 E lowmemorykiller: Error opening /dev/memcg/apps/uid_10018/pid_3590/memory.soft_limit_in_bytes; errno=2
01-15 16:12:43.365 2368 2368 E lowmemorykiller: Error opening /dev/memcg/apps/uid_10054/pid_4865/memory.soft_limit_in_bytes; errno=2
01-15 16:12:43.365 2484 2499 W SchedPolicy: add_tid_to_cgroup failed to write '4865' (Permission denied); fd=3
01-15 16:12:43.365 2368 2368 E lowmemorykiller: Error opening /dev/memcg/apps/uid_99000/pid_4891/memory.soft_limit_in_bytes; errno=2
01-15 16:12:43.366 2368 2368 E lowmemorykiller: Error opening /dev/memcg/apps/uid_10025/pid_3547/memory.soft_limit_in_bytes; errno=2
01-15 16:12:43.366 2484 2499 W SchedPolicy: add_tid_to_cgroup failed to write '3547' (Permission denied); fd=27
01-15 16:12:43.366 2368 2368 E lowmemorykiller: Error opening /dev/memcg/apps/uid_10018/pid_3713/memory.soft_limit_in_bytes; errno=2
01-15 16:12:43.366 2368 2368 E lowmemorykiller: Error opening /dev/memcg/apps/uid_10018/pid_3626/memory.soft_limit_in_bytes; errno=2
01-15 16:12:43.368 3713 4917 W DriveInitializer: Background init thread ended
01-15 16:12:43.370 2368 2368 E lowmemorykiller: Error opening /dev/memcg/apps/uid_10018/pid_3590/memory.soft_limit_in_bytes; errno=2
01-15 16:12:43.372 2368 2368 E lowmemorykiller: Error opening /dev/memcg/apps/uid_10018/pid_3626/memory.soft_limit_in_bytes; errno=2
01-15 16:12:43.374 2484 2541 W InputDispatcher: channel '81792fb com.android.chrome/org.chromium.chrome.browser.ChromeTabbedActivity (server)' ~ Consumer closed input channel or an error occurred. events=0x9
01-15 16:12:43.374 2484 2541 E InputDispatcher: channel '81792fb com.android.chrome/org.chromium.chrome.browser.ChromeTabbedActivity (server)' ~ Channel is unrecoverably broken and will be disposed!
01-15 16:12:43.377 2353 2353 I Zygote : Process 4865 exited due to signal (11)
01-15 16:12:43.377 2484 4452 I ActivityManager: Process com.android.chrome (pid 4865) has died: vis +99TOP
01-15 16:12:43.377 2368 2368 E lowmemorykiller: Error opening /dev/memcg/apps/uid_99000/pid_4891/memory.soft_limit_in_bytes; errno=2
01-15 16:12:43.377 2484 4452 W SchedPolicy: add_tid_to_cgroup failed to write '4891' (Permission denied); fd=25
01-15 16:12:43.377 2484 2501 W system_server: kill(-4865, 9) failed: No such process
01-15 16:12:43.377 2484 2501 I system_server: Successfully killed process cgroup uid 10054 pid 4865 in 0ms
01-15 16:12:43.378 4891 4891 I cr_ChildProcessService: Destroying ChildProcessService pid=4891
01-15 16:12:43.378 4891 4891 I com.android.chrome:sandboxed_process0: System.exit called, status: 0
01-15 16:12:43.378 4891 4891 I AndroidRuntime: VM exiting with result code 0, cleanup skipped.
01-15 16:12:43.379 2484 3150 I WindowManager: WIN DEATH: Window{81792fb u0 com.android.chrome/org.chromium.chrome.browser.ChromeTabbedActivity}
01-15 16:12:43.379 2484 3150 W InputDispatcher: Attempted to unregister already unregistered input channel '81792fb com.android.chrome/org.chromium.chrome.browser.ChromeTabbedActivity (server)'
01-15 16:12:43.379 2369 2434 E SurfaceFlinger: Failed to find layer (Background for - com.android.chrome/org.chromium.chrome.browser.ChromeTabbedActivity#0) in layer parent (no-parent).
01-15 16:12:43.381 2369 3353 E SurfaceFlinger: Failed to find layer (Background for - com.android.chrome/org.chromium.chrome.browser.ChromeTabbedActivity#0) in layer parent (no-parent).
01-15 16:12:43.383 2484 4452 I ActivityManager: Killing 4891:com.android.chrome:sandboxed_process0/u0a54i0 (adj 0): isolated not needed
01-15 16:12:43.383 2484 2501 W system_server: kill(-4891, 9) failed: No such process
01-15 16:12:43.383 2484 2501 I system_server: Successfully killed process cgroup uid 99000 pid 4891 in 0ms
01-15 16:12:43.386 2484 2484 I batterystats-wo: type=1400 audit(0.0:612): avc: denied { read } for name="d" dev="tmpfs" ino=7224 scontext=u:r:system_server:s0 tcontext=u:object_r:tmpfs:s0 tclass=lnk_file permissive=1
01-15 16:12:43.386 2484 2502 E KernelUidCpuTimeReader: Failed to read uid_cputime: /proc/uid_cputime/show_uid_stat (No such file or directory)
01-15 16:12:43.386 2484 2502 E KernelUidCpuFreqTimeReader: Failed to read /proc/uid_time_in_state: java.io.FileNotFoundException: /proc/uid_time_in_state (No such file or directory)
01-15 16:12:43.386 2484 2502 E KernelCpuSpeedReader: Failed to read cpu-freq: /sys/devices/system/cpu/cpu0/cpufreq/stats/time_in_state (No such file or directory)
01-15 16:12:43.387 2484 2502 D KernelUidCpuTimeReader: Removing uids 99000-99000
01-15 16:12:43.387 2484 2502 E KernelUidCpuTimeReader: failed to remove uids 99000 - 99000 from uid_cputime module
01-15 16:12:43.387 2484 2502 E KernelUidCpuTimeReader: java.io.FileNotFoundException: /proc/uid_cputime/remove_uid_range (No such file or directory)
01-15 16:12:43.387 2484 2502 E KernelUidCpuTimeReader: at java.io.FileOutputStream.open0(Native Method)
01-15 16:12:43.387 2484 2502 E KernelUidCpuTimeReader: at java.io.FileOutputStream.open(FileOutputStream.java:287)
01-15 16:12:43.387 2484 2502 E KernelUidCpuTimeReader: at java.io.FileOutputStream.(FileOutputStream.java:223)
01-15 16:12:43.387 2484 2502 E KernelUidCpuTimeReader: at java.io.FileOutputStream.(FileOutputStream.java:110)
01-15 16:12:43.387 2484 2502 E KernelUidCpuTimeReader: at java.io.FileWriter.(FileWriter.java:63)
01-15 16:12:43.387 2484 2502 E KernelUidCpuTimeReader: at com.android.internal.os.KernelUidCpuTimeReader.removeUidsFromKernelModule(KernelUidCpuTimeReader.java:163)
01-15 16:12:43.387 2484 2502 E KernelUidCpuTimeReader: at com.android.internal.os.KernelUidCpuTimeReader.removeUid(KernelUidCpuTimeReader.java:138)
01-15 16:12:43.387 2484 2502 E KernelUidCpuTimeReader: at com.android.internal.os.BatteryStatsImpl.removeIsolatedUidLocked(BatteryStatsImpl.java:3641)
01-15 16:12:43.387 2484 2502 E KernelUidCpuTimeReader: at com.android.server.am.BatteryExternalStatsWorker$1.run(BatteryExternalStatsWorker.java:191)
01-15 16:12:43.387 2484 2502 E KernelUidCpuTimeReader: at java.util.concurrent.Executors$RunnableAdapter.call(Executors.java:457)
01-15 16:12:43.387 2484 2502 E KernelUidCpuTimeReader: at java.util.concurrent.FutureTask.run(FutureTask.java:266)
01-15 16:12:43.387 2484 2502 E KernelUidCpuTimeReader: at java.util.concurrent.ThreadPoolExecutor.runWorker(ThreadPoolExecutor.java:1162)
01-15 16:12:43.387 2484 2502 E KernelUidCpuTimeReader: at java.util.concurrent.ThreadPoolExecutor$Worker.run(ThreadPoolExecutor.java:636)
01-15 16:12:43.387 2484 2502 E KernelUidCpuTimeReader: at java.lang.Thread.run(Thread.java:764)
01-15 16:12:43.388 2484 2506 W ActivityManager: setHasOverlayUi called on unknown pid: 4865
01-15 16:12:43.389 2368 2368 E lowmemorykiller: Error opening /dev/memcg/apps/uid_10018/pid_3626/memory.soft_limit_in_bytes; errno=2
01-15 16:12:43.410 2484 2484 I RenderThread: type=1400 audit(0.0:613): avc: denied { read } for name="vendor" dev="tmpfs" ino=7264 scontext=u:r:system_server:s0 tcontext=u:object_r:tmpfs:s0 tclass=lnk_file permissive=1
01-15 16:12:43.413 2484 4729 D vndksupport: Loading /vendor/lib64/hw/gralloc.drm.so from current namespace instead of sphal namespace.
01-15 16:12:43.414 2368 2368 E lowmemorykiller: Error opening /dev/memcg/apps/uid_10018/pid_3713/memory.soft_limit_in_bytes; errno=2
01-15 16:12:43.418 2368 2368 E lowmemorykiller: Error opening /dev/memcg/apps/uid_10018/pid_3626/memory.soft_limit_in_bytes; errno=2
01-15 16:12:43.419 2368 2368 E lowmemorykiller: Error opening /dev/memcg/apps/uid_10018/pid_3590/memory.soft_limit_in_bytes; errno=2
01-15 16:12:43.419 2484 2484 I RenderThread: type=1400 audit(0.0:614): avc: denied { getattr } for path="/dev/dri/card0" dev="tmpfs" ino=8777 scontext=u:r:system_server:s0 tcontext=u:object_r:device:s0 tclass=chr_file permissive=1
01-15 16:12:43.420 2484 4729 I EGL-MAIN: found extension DRI_Core version 2
01-15 16:12:43.420 2484 4729 I EGL-MAIN: found extension DRI_DRI2 version 4
01-15 16:12:43.420 2368 2368 E lowmemorykiller: Error opening /dev/memcg/apps/uid_10018/pid_3713/memory.soft_limit_in_bytes; errno=2
01-15 16:12:43.423 2368 2368 E lowmemorykiller: Error opening /dev/memcg/apps/uid_10018/pid_3713/memory.soft_limit_in_bytes; errno=2
01-15 16:12:43.428 2484 4729 I EGL-MAIN: found extension DRI_TexBuffer version 3
01-15 16:12:43.428 2484 4729 I EGL-MAIN: found extension DRI2_Flush version 4
01-15 16:12:43.428 2484 4729 I EGL-MAIN: found extension DRI_IMAGE version 16
01-15 16:12:43.428 2484 4729 I EGL-MAIN: found extension DRI2_Fence version 2
01-15 16:12:43.428 2484 4729 I EGL-MAIN: found extension DRI_RENDERER_QUERY version 1
01-15 16:12:43.428 2484 4729 I EGL-MAIN: found extension DRI_CONFIG_QUERY version 1
01-15 16:12:43.428 2484 4729 I EGL-MAIN: found extension DRI_FlushControl version 1
01-15 16:12:43.428 2484 4729 I EGL-MAIN: found extension DRI_Robustness version 1
01-15 16:12:43.428 2484 4729 I EGL-MAIN: found extension DRI_NoError version 1
01-15 16:12:43.428 2484 4729 I system_server: android::hardware::configstore::V1_0::ISurfaceFlingerConfigs::hasWideColorDisplay retrieved: 0
01-15 16:12:43.429 2484 4729 I OpenGLRenderer: Initialized EGL, version 1.4
01-15 16:12:43.429 2484 4729 D OpenGLRenderer: Swap behavior 2
01-15 16:12:43.437 2368 2368 E lowmemorykiller: Error opening /dev/memcg/apps/uid_10018/pid_3713/memory.soft_limit_in_bytes; errno=2
01-15 16:12:43.590 2484 2500 D ViewRootImpl[chrome]: updatePointerIcon called with position out of bounds
01-15 16:12:43.438 2368 2368 E lowmemorykiller: Error opening /dev/memcg/apps/uid_10018/pid_3713/memory.soft_limit_in_bytes; errno=2
01-15 16:12:43.787 2375 2457 W AudioFlinger: write blocked for 888 msecs, 1 delayed writes, thread 0xe92031c0
01-15 16:12:44.374 2484 2500 I chatty : uid=1000(system) android.ui identical 39 lines
01-15 16:12:44.391 2484 2500 D ViewRootImpl[chrome]: updatePointerIcon called with position out of bounds
01-15 16:12:44.439 2484 4922 W ActivityManager: Ignoring remove of inactive process: ProcessRecord{eed263 0:com.android.chrome/u0a54}
01-15 16:12:44.453 2484 2500 D ViewRootImpl[chrome]: updatePointerIcon called after view was removed
01-15 16:12:44.453 2484 2500 W InputEventReceiver: Attempted to finish an input event but the input event receiver has already been disposed.
01-15 16:12:44.453 2484 2500 W ViewRootImpl[chrome]: Dropping event due to root view being removed: MotionEvent { action=ACTION_BUTTON_PRESS, actionButton=BUTTON_PRIMARY, id[0]=0, x[0]=324.0036, y[0]=355.13672, toolType[0]=TOOL_TYPE_MOUSE, buttonState=BUTTON_PRIMARY, metaState=0, flags=0x0, edgeFlags=0x0, pointerCount=1, historySize=0, eventTime=142431, downTime=142431, deviceId=19, source=0x2002 }
01-15 16:12:44.629 2484 2528 W AppOps : Finishing op nesting under-run: uid 1000 pkg android code 24 time=0 duration=0 nesting=0
