01-15 16:12:45.667 2484 4452 I ActivityManager: START u0 {act=android.intent.action.MAIN cat=[android.intent.category.LAUNCHER] flg=0x10200000 pkg=com.android.chrome cmp=com.android.chrome/com.google.android.apps.chrome.Main bnds=[620,885][847,1005]} from uid 10025
01-15 16:12:44.453 2484 2500 W InputEventReceiver: Attempted to finish an input event but the input event receiver has already been disposed.
01-15 16:12:45.693 4934 4934 I main : type=1400 audit(0.0:615): avc: denied { create } for name="cgroup.procs" scontext=u:r:zygote:s0 tcontext=u:object_r:cgroup:s0 tclass=file permissive=1
01-15 16:12:45.696 2484 3150 I ActivityManager: Start proc 4934:com.android.chrome/u0a54 for activity com.android.chrome/com.google.android.apps.chrome.Main
01-15 16:12:45.697 4934 4934 W zygote : Unexpected CPU variant for X86 using defaults: x86_64
01-15 16:12:45.702 3547 3547 I RenderThread: type=1400 audit(0.0:616): avc: denied { ioctl } for path="/dev/dri/card0" dev="tmpfs" ino=8777 ioctlcmd=0x640b scontext=u:r:priv_app:s0:c512,c768 tcontext=u:object_r:device:s0 tclass=chr_file permissive=1
01-15 16:12:45.714 2484 3150 W SchedPolicy: add_tid_to_cgroup failed to write '4934' (Permission denied); fd=27
01-15 16:12:45.714 2368 2368 E lowmemorykiller: Error opening /dev/memcg/apps/uid_10054/pid_4934/memory.soft_limit_in_bytes; errno=2
01-15 16:12:45.715 2368 2368 E lowmemorykiller: Error opening /dev/memcg/apps/uid_10025/pid_3547/memory.soft_limit_in_bytes; errno=2
01-15 16:12:45.715 2484 3150 W SchedPolicy: add_tid_to_cgroup failed to write '3547' (Permission denied); fd=3
01-15 16:12:45.774 2484 3150 I ActivityManager: START u0 {act=android.intent.action.MAIN cat=[android.intent.category.LAUNCHER] flg=0x14002000 pkg=com.android.chrome cmp=com.android.chrome/org.chromium.chrome.browser.ChromeTabbedActivity bnds=[620,885][847,1005] (has extras)} from uid 10054
01-15 16:12:45.866 4934 4956 I cr_LibraryLoader: Using linker: org.chromium.base.library_loader.ModernLinker
01-15 16:12:45.873 4934 4956 I cr_LibraryLoader: Loading chrome from within /system/app/Chrome/Chrome.apk
01-15 16:12:45.893 4934 4934 I .android.chrome: type=1400 audit(0.0:617): avc: denied { map } for path="/dev/event-log-tags" dev="tmpfs" ino=7697 scontext=u:r:untrusted_app_25:s0:c512,c768 tcontext=u:object_r:runtime_event_log_tags_file:s0 tclass=file permissive=1
01-15 16:12:45.897 4934 4958 D OpenGLRenderer: HWUI GL Pipeline
01-15 16:12:45.898 4934 4956 I cr_LibraryLoader: Time to load native libraries: 33 ms (timestamps 3858-3891)
01-15 16:12:45.898 4934 4956 I cr_LibraryLoader: Expected native library version number "50.0.2661.89", actual native library version number "50.0.2661.89"
01-15 16:12:45.898 4934 4956 I chromium: [INFO:library_loader_hooks.cc(143)] Chromium logging enabled: level = 0, default verbosity = 0
01-15 16:12:45.899 4934 4934 D StrictMode: StrictMode policy violation; ~duration=87 ms: android.os.StrictMode$StrictModeDiskReadViolation: policy=17891359 violation=2
01-15 16:12:45.899 4934 4934 D StrictMode: at android.os.StrictMode$AndroidBlockGuardPolicy.onReadFromDisk(StrictMode.java:1440)
01-15 16:12:45.899 4934 4934 D StrictMode: at java.io.UnixFileSystem.checkAccess(UnixFileSystem.java:251)
01-15 16:12:45.899 4934 4934 D StrictMode: at java.io.File.exists(File.java:807)
01-15 16:12:45.899 4934 4934 D StrictMode: at android.app.ContextImpl.ensurePrivateDirExists(ContextImpl.java:572)
01-15 16:12:45.899 4934 4934 D StrictMode: at android.app.ContextImpl.ensurePrivateDirExists(ContextImpl.java:563)
01-15 16:12:45.899 4934 4934 D StrictMode: at android.app.ContextImpl.getPreferencesDir(ContextImpl.java:519)
01-15 16:12:45.899 4934 4934 D StrictMode: at android.app.ContextImpl.getSharedPreferencesPath(ContextImpl.java:714)
01-15 16:12:45.899 4934 4934 D StrictMode: at android.app.ContextImpl.getSharedPreferences(ContextImpl.java:368)
01-15 16:12:45.899 4934 4934 D StrictMode: at android.content.ContextWrapper.getSharedPreferences(ContextWrapper.java:167)
01-15 16:12:45.899 4934 4934 D StrictMode: at org.chromium.chrome.browser.tabmodel.document.DocumentTabModelImpl.warmUpSharedPrefs(DocumentTabModelImpl.java:150)
01-15 16:12:45.899 4934 4934 D StrictMode: at org.chromium.chrome.browser.init.ChromeBrowserInitializer.warmUpSharedPrefs(ChromeBrowserInitializer.java:160)
01-15 16:12:45.899 4934 4934 D StrictMode: at org.chromium.chrome.browser.init.ChromeBrowserInitializer.preInflationStartup(ChromeBrowserInitializer.java:175)
01-15 16:12:45.899 4934 4934 D StrictMode: at org.chromium.chrome.browser.init.ChromeBrowserInitializer.handlePreNativeStartup(ChromeBrowserInitializer.java:133)
01-15 16:12:45.899 4934 4934 D StrictMode: at org.chromium.chrome.browser.init.AsyncInitializationActivity.onCreate(AsyncInitializationActivity.java:204)
01-15 16:12:45.899 4934 4934 D StrictMode: at android.app.Activity.performCreate(Activity.java:7009)
01-15 16:12:45.899 4934 4934 D StrictMode: at android.app.Activity.performCreate(Activity.java:7000)
01-15 16:12:45.899 4934 4934 D StrictMode: at android.app.Instrumentation.callActivityOnCreate(Instrumentation.java:1214)
01-15 16:12:45.899 4934 4934 D StrictMode: at android.app.ActivityThread.performLaunchActivity(ActivityThread.java:2731)
01-15 16:12:45.899 4934 4934 D StrictMode: at android.app.ActivityThread.handleLaunchActivity(ActivityThread.java:2856)
01-15 16:12:45.899 4934 4934 D StrictMode: at android.app.ActivityThread.-wrap11(Unknown Source:0)
01-15 16:12:45.899 4934 4934 D StrictMode: at android.app.ActivityThread$H.handleMessage(ActivityThread.java:1589)
01-15 16:12:45.899 4934 4934 D StrictMode: at android.os.Handler.dispatchMessage(Handler.java:106)
01-15 16:12:45.899 4934 4934 D StrictMode: at android.os.Looper.loop(Looper.java:164)
01-15 16:12:45.899 4934 4934 D StrictMode: at android.app.ActivityThread.main(ActivityThread.java:6494)
01-15 16:12:45.899 4934 4934 D StrictMode: at java.lang.reflect.Method.invoke(Native Method)
01-15 16:12:45.899 4934 4934 D StrictMode: at com.android.internal.os.RuntimeInit$MethodAndArgsCaller.run(RuntimeInit.java:463)
01-15 16:12:45.899 4934 4934 D StrictMode: at com.android.internal.os.ZygoteInit.main(ZygoteInit.java:807)
01-15 16:12:45.899 4934 4934 D StrictMode: StrictMode policy violation; ~duration=86 ms: android.os.StrictMode$StrictModeDiskReadViolation: policy=17891359 violation=2
01-15 16:12:45.899 4934 4934 D StrictMode: at android.os.StrictMode$AndroidBlockGuardPolicy.onReadFromDisk(StrictMode.java:1440)
01-15 16:12:45.899 4934 4934 D StrictMode: at java.io.UnixFileSystem.checkAccess(UnixFileSystem.java:251)
01-15 16:12:45.899 4934 4934 D StrictMode: at java.io.File.exists(File.java:807)
01-15 16:12:45.899 4934 4934 D StrictMode: at android.app.ContextImpl.ensurePrivateDirExists(ContextImpl.java:572)
01-15 16:12:45.899 4934 4934 D StrictMode: at android.app.ContextImpl.ensurePrivateDirExists(ContextImpl.java:563)
01-15 16:12:45.899 4934 4934 D StrictMode: at android.app.ContextImpl.getPreferencesDir(ContextImpl.java:519)
01-15 16:12:45.899 4934 4934 D StrictMode: at android.app.ContextImpl.getSharedPreferencesPath(ContextImpl.java:714)
01-15 16:12:45.899 4934 4934 D StrictMode: at android.app.ContextImpl.getSharedPreferences(ContextImpl.java:368)
01-15 16:12:45.899 4934 4934 D StrictMode: at android.content.ContextWrapper.getSharedPreferences(ContextWrapper.java:167)
01-15 16:12:45.899 4934 4934 D StrictMode: at org.chromium.chrome.browser.webapps.ActivityAssigner.warmUpSharedPrefs(ActivityAssigner.java:83)
01-15 16:12:45.899 4934 4934 D StrictMode: at org.chromium.chrome.browser.init.ChromeBrowserInitializer.warmUpSharedPrefs(ChromeBrowserInitializer.java:161)
01-15 16:12:45.899 4934 4934 D StrictMode: at org.chromium.chrome.browser.init.ChromeBrowserInitializer.preInflationStartup(ChromeBrowserInitializer.java:175)
01-15 16:12:45.899 4934 4934 D StrictMode: at org.chromium.chrome.browser.init.ChromeBrowserInitializer.handlePreNativeStartup(ChromeBrowserInitializer.java:133)
01-15 16:12:45.899 4934 4934 D StrictMode: at org.chromium.chrome.browser.init.AsyncInitializationActivity.onCreate(AsyncInitializationActivity.java:204)
01-15 16:12:45.899 4934 4934 D StrictMode: at android.app.Activity.performCreate(Activity.java:7009)
01-15 16:12:45.899 4934 4934 D StrictMode: at android.app.Activity.performCreate(Activity.java:7000)
01-15 16:12:45.899 4934 4934 D StrictMode: at android.app.Instrumentation.callActivityOnCreate(Instrumentation.java:1214)
01-15 16:12:45.899 4934 4934 D StrictMode: at android.app.ActivityThread.performLaunchActivity(ActivityThread.java:2731)
01-15 16:12:45.899 4934 4934 D StrictMode: at android.app.ActivityThread.handleLaunchActivity(ActivityThread.java:2856)
01-15 16:12:45.899 4934 4934 D StrictMode: at android.app.ActivityThread.-wrap11(Unknown Source:0)
01-15 16:12:45.899 4934 4934 D StrictMode: at android.app.ActivityThread$H.handleMessage(ActivityThread.java:1589)
01-15 16:12:45.899 4934 4934 D StrictMode: at android.os.Handler.dispatchMessage(Handler.java:106)
01-15 16:12:45.899 4934 4934 D StrictMode: at android.os.Looper.loop(Looper.java:164)
01-15 16:12:45.899 4934 4934 D StrictMode: at android.app.ActivityThread.main(ActivityThread.java:6494)
01-15 16:12:45.899 4934 4934 D StrictMode: at java.lang.reflect.Method.invoke(Native Method)
01-15 16:12:45.899 4934 4934 D StrictMode: at com.android.internal.os.RuntimeInit$MethodAndArgsCaller.run(RuntimeInit.java:463)
01-15 16:12:45.899 4934 4934 D StrictMode: at com.android.internal.os.ZygoteInit.main(ZygoteInit.java:807)
01-15 16:12:45.899 4934 4934 D StrictMode: StrictMode policy violation; ~duration=22 ms: android.os.StrictMode$StrictModeDiskReadViolation: policy=17891359 violation=2
01-15 16:12:45.899 4934 4934 D StrictMode: at android.os.StrictMode$AndroidBlockGuardPolicy.onReadFromDisk(StrictMode.java:1440)
01-15 16:12:45.899 4934 4934 D StrictMode: at java.io.UnixFileSystem.checkAccess(UnixFileSystem.java:251)
01-15 16:12:45.899 4934 4934 D StrictMode: at java.io.File.exists(File.java:807)
01-15 16:12:45.899 4934 4934 D StrictMode: at android.app.ContextImpl.getDataDir(ContextImpl.java:2197)
01-15 16:12:45.899 4934 4934 D StrictMode: at android.app.ContextImpl.getPreferencesDir(ContextImpl.java:517)
01-15 16:12:45.899 4934 4934 D StrictMode: at android.app.ContextImpl.getSharedPreferencesPath(ContextImpl.java:714)
01-15 16:12:45.899 4934 4934 D StrictMode: at android.app.ContextImpl.getSharedPreferences(ContextImpl.java:368)
01-15 16:12:45.899 4934 4934 D StrictMode: at android.content.ContextWrapper.getSharedPreferences(ContextWrapper.java:167)
01-15 16:12:45.899 4934 4934 D StrictMode: at android.preference.PreferenceManager.getDefaultSharedPreferences(PreferenceManager.java:526)
01-15 16:12:45.899 4934 4934 D StrictMode: at org.chromium.chrome.browser.partnercustomizations.HomepageManager.(HomepageManager.java:41)
01-15 16:12:45.899 4934 4934 D StrictMode: at org.chromium.chrome.browser.partnercustomizations.HomepageManager.getInstance(HomepageManager.java:51)
01-15 16:12:45.899 4934 4934 D StrictMode: at org.chromium.chrome.browser.toolbar.ToolbarManager.(ToolbarManager.java:239)
01-15 16:12:45.899 4934 4934 D StrictMode: at org.chromium.chrome.browser.ChromeActivity.initializeToolbar(ChromeActivity.java:370)
01-15 16:12:45.899 4934 4934 D StrictMode: at org.chromium.chrome.browser.ChromeActivity.postInflationStartup(ChromeActivity.java:308)
01-15 16:12:45.899 4934 4934 D StrictMode: at org.chromium.chrome.browser.ChromeTabbedActivity.postInflationStartup(ChromeTabbedActivity.java:896)
01-15 16:12:45.899 4934 4934 D StrictMode: at org.chromium.chrome.browser.init.ChromeBrowserInitializer.handlePreNativeStartup(ChromeBrowserInitializer.java:138)
01-15 16:12:45.899 4934 4934 D StrictMode: at org.chromium.chrome.browser.init.AsyncInitializationActivity.onCreate(AsyncInitializationActivity.java:204)
01-15 16:12:45.899 4934 4934 D StrictMode: at android.app.Activity.performCreate(Activity.java:7009)
01-15 16:12:45.899 4934 4934 D StrictMode: at android.app.Activity.performCreate(Activity.java:7000)
01-15 16:12:45.899 4934 4934 D StrictMode: at android.app.Instrumentation.callActivityOnCreate(Instrumentation.java:1214)
01-15 16:12:45.899 4934 4934 D StrictMode: at android.app.ActivityThread.performLaunchActivity(ActivityThread.java:2731)
01-15 16:12:45.899 4934 4934 D StrictMode: at android.app.ActivityThread.handleLaunchActivity(ActivityThread.java:2856)
01-15 16:12:45.899 4934 4934 D StrictMode: at android.app.ActivityThread.-wrap11(Unknown Source:0)
01-15 16:12:45.899 4934 4934 D StrictMode: at android.app.ActivityThread$H.handleMessage(ActivityThread.java:1589)
01-15 16:12:45.899 4934 4934 D StrictMode: at android.os.Handler.dispatchMessage(Handler.java:106)
01-15 16:12:45.899 4934 4934 D StrictMode: at android.os.Looper.loop(Looper.java:164)
01-15 16:12:45.899 4934 4934 D StrictMode: at android.app.ActivityThread.main(ActivityThread.java:6494)
01-15 16:12:45.899 4934 4934 D StrictMode: at java.lang.reflect.Method.invoke(Native Method)
01-15 16:12:45.899 4934 4934 D StrictMode: at com.android.internal.os.RuntimeInit$MethodAndArgsCaller.run(RuntimeInit.java:463)
01-15 16:12:45.899 4934 4934 D StrictMode: at com.android.internal.os.ZygoteInit.main(ZygoteInit.java:807)
01-15 16:12:45.899 4934 4934 D StrictMode: StrictMode policy violation; ~duration=22 ms: android.os.StrictMode$StrictModeDiskReadViolation: policy=17891359 violation=2
01-15 16:12:45.899 4934 4934 D StrictMode: at android.os.StrictMode$AndroidBlockGuardPolicy.onReadFromDisk(StrictMode.java:1440)
01-15 16:12:45.899 4934 4934 D StrictMode: at java.io.UnixFileSystem.checkAccess(UnixFileSystem.java:251)
01-15 16:12:45.899 4934 4934 D StrictMode: at java.io.File.exists(File.java:807)
01-15 16:12:45.899 4934 4934 D StrictMode: at android.app.ContextImpl.ensurePrivateDirExists(ContextImpl.java:572)
01-15 16:12:45.899 4934 4934 D StrictMode: at android.app.ContextImpl.ensurePrivateDirExists(ContextImpl.java:563)
01-15 16:12:45.899 4934 4934 D StrictMode: at android.app.ContextImpl.getPreferencesDir(ContextImpl.java:519)
01-15 16:12:45.899 4934 4934 D StrictMode: at android.app.ContextImpl.getSharedPreferencesPath(ContextImpl.java:714)
01-15 16:12:45.899 4934 4934 D StrictMode: at android.app.ContextImpl.getSharedPreferences(ContextImpl.java:368)
01-15 16:12:45.899 4934 4934 D StrictMode: at android.content.ContextWrapper.getSharedPreferences(ContextWrapper.java:167)
01-15 16:12:45.899 4934 4934 D StrictMode: at android.preference.PreferenceManager.getDefaultSharedPreferences(PreferenceManager.java:526)
01-15 16:12:45.899 4934 4934 D StrictMode: at org.chromium.chrome.browser.partnercustomizations.HomepageManager.(HomepageManager.java:41)
01-15 16:12:45.899 4934 4934 D StrictMode: at org.chromium.chrome.browser.partnercustomizations.HomepageManager.getInstance(HomepageManager.java:51)
01-15 16:12:45.899 4934 4934 D StrictMode: at org.chromium.chrome.browser.toolbar.ToolbarManager.(ToolbarManager.java:239)
01-15 16:12:45.899 4934 4934 D StrictMode: at org.chromium.chrome.browser.ChromeActivity.initializeToolbar(ChromeActivity.java:370)
01-15 16:12:45.899 4934 4934 D StrictMode: at org.chromium.chrome.browser.ChromeActivity.postInflationStartup(ChromeActivity.java:308)
01-15 16:12:45.899 4934 4934 D StrictMode: at org.chromium.chrome.browser.ChromeTabbedActivity.postInflationStartup(ChromeTabbedActivity.java:896)
01-15 16:12:45.899 4934 4934 D StrictMode: at org.chromium.chrome.browser.init.ChromeBrowserInitializer.handlePreNativeStartup(ChromeBrowserInitializer.java:138)
01-15 16:12:45.899 4934 4934 D StrictMode: at org.chromium.chrome.browser.init.AsyncInitializationActivity.onCreate(AsyncInitializationActivity.java:204)
01-15 16:12:45.899 4934 4934 D StrictMode: at android.app.Activity.performCreate(Activity.java:7009)
01-15 16:12:45.899 4934 4934 D StrictMode: at android.app.Activity.performCreate(Activity.java:7000)
01-15 16:12:45.899 4934 4934 D StrictMode: at android.app.Instrumentation.callActivityOnCreate(Instrumentation.java:1214)
01-15 16:12:45.899 4934 4934 D StrictMode: at android.app.ActivityThread.performLaunchActivity(ActivityThread.java:2731)
01-15 16:12:45.899 4934 4934 D StrictMode: at android.app.ActivityThread.handleLaunchActivity(ActivityThread.java:2856)
01-15 16:12:45.899 4934 4934 D StrictMode: at android.app.ActivityThread.-wrap11(Unknown Source:0)
01-15 16:12:45.899 4934 4934 D StrictMode: at android.app.ActivityThread$H.handleMessage(ActivityThread.java:1589)
01-15 16:12:45.899 4934 4934 D StrictMode: at android.os.Handler.dispatchMessage(Handler.java:106)
01-15 16:12:45.899 4934 4934 D StrictMode: at android.os.Looper.loop(Looper.java:164)
01-15 16:12:45.899 4934 4934 D StrictMode: at android.app.ActivityThread.main(ActivityThread.java:6494)
01-15 16:12:45.899 4934 4934 D StrictMode: at java.lang.reflect.Method.invoke(Native Method)
01-15 16:12:45.899 4934 4934 D StrictMode: at com.android.internal.os.RuntimeInit$MethodAndArgsCaller.run(RuntimeInit.java:463)
01-15 16:12:45.899 4934 4934 D StrictMode: at com.android.internal.os.ZygoteInit.main(ZygoteInit.java:807)
01-15 16:12:45.906 4959 4959 W zygote : Unexpected CPU variant for X86 using defaults: x86_64
01-15 16:12:45.913 2484 4136 I ActivityManager: Start proc 4959:com.android.chrome:sandboxed_process0/u0i1 for service com.android.chrome/org.chromium.content.app.SandboxedProcessService0
01-15 16:12:45.915 2368 2368 E lowmemorykiller: Error opening /dev/memcg/apps/uid_99001/pid_4959/memory.soft_limit_in_bytes; errno=2
01-15 16:12:45.938 4934 4958 D vndksupport: Loading /vendor/lib/hw/gralloc.drm.so from current namespace instead of sphal namespace.
01-15 16:12:45.939 4959 4959 W SystemServiceRegistry: No service published for: account
01-15 16:12:45.939 4934 4958 I GRALLOC-DRM: create intel for driver i915
01-15 16:12:45.939 4934 4934 I RenderThread: type=1400 audit(0.0:618): avc: denied { read } for name="uevent" dev="sysfs" ino=3993 scontext=u:r:untrusted_app_25:s0:c512,c768 tcontext=u:object_r:sysfs:s0 tclass=file permissive=1
01-15 16:12:45.939 4934 4934 I RenderThread: type=1400 audit(0.0:619): avc: denied { open } for path="/sys/devices/pci0000:00/0000:00:02.0/uevent" dev="sysfs" ino=3993 scontext=u:r:untrusted_app_25:s0:c512,c768 tcontext=u:object_r:sysfs:s0 tclass=file permissive=1
01-15 16:12:45.939 4934 4934 I RenderThread: type=1400 audit(0.0:620): avc: denied { getattr } for path="/sys/devices/pci0000:00/0000:00:02.0/uevent" dev="sysfs" ino=3993 scontext=u:r:untrusted_app_25:s0:c512,c768 tcontext=u:object_r:sysfs:s0 tclass=file permissive=1
01-15 16:12:45.941 4934 4958 I EGL-MAIN: found extension DRI_Core version 2
01-15 16:12:45.941 4934 4958 I EGL-MAIN: found extension DRI_DRI2 version 4
01-15 16:12:45.943 4959 4959 I cr_ChildProcessService: Creating new ChildProcessService pid=4959
01-15 16:12:45.945 2368 2368 E lowmemorykiller: Error opening /dev/memcg/apps/uid_99001/pid_4959/memory.soft_limit_in_bytes; errno=2
01-15 16:12:45.947 4934 4958 I EGL-MAIN: found extension DRI_TexBuffer version 3
01-15 16:12:45.947 4934 4958 I EGL-MAIN: found extension DRI2_Flush version 4
01-15 16:12:45.947 4934 4958 I EGL-MAIN: found extension DRI_IMAGE version 16
01-15 16:12:45.947 4934 4958 I EGL-MAIN: found extension DRI2_Fence version 2
01-15 16:12:45.947 4934 4958 I EGL-MAIN: found extension DRI_RENDERER_QUERY version 1
01-15 16:12:45.947 4934 4958 I EGL-MAIN: found extension DRI_CONFIG_QUERY version 1
01-15 16:12:45.947 4934 4958 I EGL-MAIN: found extension DRI_FlushControl version 1
01-15 16:12:45.947 4934 4958 I EGL-MAIN: found extension DRI_Robustness version 1
01-15 16:12:45.947 4934 4958 I EGL-MAIN: found extension DRI_NoError version 1
01-15 16:12:45.948 4934 4958 I com.android.chrome: android::hardware::configstore::V1_0::ISurfaceFlingerConfigs::hasWideColorDisplay retrieved: 0
01-15 16:12:45.948 4934 4958 I OpenGLRenderer: Initialized EGL, version 1.4
01-15 16:12:45.948 4934 4958 D OpenGLRenderer: Swap behavior 2
01-15 16:12:45.948 4934 4958 F libc : Fatal signal 11 (SIGSEGV), code 1, fault addr 0x4 in tid 4958 (RenderThread), pid 4934 (.android.chrome)
01-15 16:12:45.963 4980 4980 I crash_dump32: obtaining output fd from tombstoned, type: kDebuggerdTombstone
01-15 16:12:45.964 2390 2390 I /system/bin/tombstoned: received crash request for pid 4934
01-15 16:12:45.964 4980 4980 I crash_dump32: performing dump of process 4934 (target tid = 4958)
01-15 16:12:45.964 4980 4980 F DEBUG : *** *** *** *** *** *** *** *** *** *** *** *** *** *** *** ***
01-15 16:12:45.964 4980 4980 F DEBUG : Build fingerprint: 'Android-x86/android_x86_64/x86_64:8.1.0/OPM1.171019.011/utente12162000:eng/test-keys'
01-15 16:12:45.964 4980 4980 F DEBUG : Revision: '0'
01-15 16:12:45.964 4980 4980 F DEBUG : ABI: 'x86'
01-15 16:12:45.964 4980 4980 F DEBUG : pid: 4934, tid: 4958, name: RenderThread >>> com.android.chrome <<<
01-15 16:12:45.964 4980 4980 F DEBUG : signal 11 (SIGSEGV), code 1 (SEGV_MAPERR), fault addr 0x4
01-15 16:12:45.964 4980 4980 F DEBUG : Cause: null pointer dereference
01-15 16:12:45.964 4980 4980 F DEBUG : eax 00000000 ebx ccb3fcf4 ecx 00000009 edx ccdff004
01-15 16:12:45.964 4980 4980 F DEBUG : esi 00000000 edi 00000010
01-15 16:12:45.964 4980 4980 F DEBUG : xcs 00000023 xds 0000002b xes 0000002b xfs 0000006b xss 0000002b
01-15 16:12:45.964 4980 4980 F DEBUG : eip cc863089 ebp ccdfefb8 esp ccdfefb8 flags 00010286
01-15 16:12:45.999 4980 4980 F DEBUG :
01-15 16:12:45.999 4980 4980 F DEBUG : backtrace:
01-15 16:12:45.999 4980 4980 F DEBUG : #00 pc 00651089 /system/vendor/lib/dri/i965_dri.so (build_id_length+9)
01-15 16:12:45.999 4980 4980 F DEBUG : #01 pc 00041ae2 /system/vendor/lib/dri/i965_dri.so (brw_program_binary_init+130)
01-15 16:12:45.999 4980 4980 F DEBUG : #02 pc 0002dd50 /system/vendor/lib/dri/i965_dri.so (brwCreateContext+864)
01-15 16:12:45.999 4980 4980 F DEBUG : #03 pc 003d7777 /system/vendor/lib/dri/i965_dri.so (driCreateContextAttribs+663)
01-15 16:12:45.999 4980 4980 F DEBUG : #04 pc 000112a1 /android/system/vendor/lib/egl/libGLES_mesa.so
01-15 16:12:45.999 4980 4980 F DEBUG : #05 pc 00004096 /android/system/vendor/lib/egl/libGLES_mesa.so
01-15 16:12:45.999 4980 4980 F DEBUG : #06 pc 0000ef37 /android/system/lib/libEGL.so
01-15 16:12:45.999 4980 4980 F DEBUG : #07 pc 000667bd /android/system/lib/libhwui.so
01-15 16:12:45.999 4980 4980 F DEBUG : #08 pc 00067063 /android/system/lib/libhwui.so
01-15 16:12:45.999 4980 4980 F DEBUG : #09 pc 0006474d /android/system/lib/libhwui.so
01-15 16:12:45.999 4980 4980 F DEBUG : #10 pc 00060f9e /android/system/lib/libhwui.so
01-15 16:12:45.999 4980 4980 F DEBUG : #11 pc 00061263 /android/system/lib/libhwui.so
01-15 16:12:45.999 4980 4980 F DEBUG : #12 pc 0006a725 /android/system/lib/libhwui.so
01-15 16:12:45.999 4980 4980 F DEBUG : #13 pc 0006d3e2 /android/system/lib/libhwui.so
01-15 16:12:45.999 4980 4980 F DEBUG : #14 pc 0006e92a /android/system/lib/libhwui.so
01-15 16:12:45.999 4980 4980 F DEBUG : #15 pc 00010426 /android/system/lib/libutils.so
01-15 16:12:45.999 4980 4980 F DEBUG : #16 pc 00077f4b /android/system/lib/libandroid_runtime.so
01-15 16:12:45.999 4980 4980 F DEBUG : #17 pc 0000fd86 /android/system/lib/libutils.so
01-15 16:12:45.999 4980 4980 F DEBUG : #18 pc 0007f595 /android/system/lib/libc.so
01-15 16:12:45.999 4980 4980 F DEBUG : #19 pc 0002f8db /android/system/lib/libc.so
01-15 16:12:45.999 4980 4980 F DEBUG : #20 pc 0001ea56 /android/system/lib/libc.so
01-15 16:12:46.037 2390 2390 E /system/bin/tombstoned: Tombstone written to: /data/tombstones/tombstone_02
01-15 16:12:46.038 2484 2503 I BootReceiver: Copying /data/tombstones/tombstone_02 to DropBox (SYSTEM_TOMBSTONE)
01-15 16:12:46.039 2484 4985 W ActivityManager: Force finishing activity com.android.chrome/org.chromium.chrome.browser.ChromeTabbedActivity
01-15 16:12:46.044 2484 2500 I ActivityManager: Showing crash dialog for package com.android.chrome u0
01-15 16:12:46.045 2368 2368 E lowmemorykiller: Error opening /dev/memcg/apps/uid_10054/pid_4934/memory.soft_limit_in_bytes; errno=2
01-15 16:12:46.045 2484 2499 W SchedPolicy: add_tid_to_cgroup failed to write '4934' (Permission denied); fd=3
01-15 16:12:46.046 2368 2368 E lowmemorykiller: Error opening /dev/memcg/apps/uid_99001/pid_4959/memory.soft_limit_in_bytes; errno=2
01-15 16:12:46.046 2368 2368 E lowmemorykiller: Error opening /dev/memcg/apps/uid_10025/pid_3547/memory.soft_limit_in_bytes; errno=2
01-15 16:12:46.046 2484 2499 W SchedPolicy: add_tid_to_cgroup failed to write '3547' (Permission denied); fd=27
01-15 16:12:46.046 2368 2368 E lowmemorykiller: Error opening /dev/memcg/apps/uid_10018/pid_3713/memory.soft_limit_in_bytes; errno=2
01-15 16:12:46.049 2368 2368 E lowmemorykiller: Error opening /dev/memcg/apps/uid_10018/pid_3590/memory.soft_limit_in_bytes; errno=2
01-15 16:12:46.050 2368 2368 E lowmemorykiller: Error opening /dev/memcg/apps/uid_10018/pid_3713/memory.soft_limit_in_bytes; errno=2
01-15 16:12:46.050 2368 2368 E lowmemorykiller: Error opening /dev/memcg/apps/uid_10018/pid_3590/memory.soft_limit_in_bytes; errno=2
01-15 16:12:46.051 2368 2368 E lowmemorykiller: Error opening /dev/memcg/apps/uid_10018/pid_3713/memory.soft_limit_in_bytes; errno=2
01-15 16:12:46.052 2484 2541 W InputDispatcher: channel '9e2bdac com.android.chrome/org.chromium.chrome.browser.ChromeTabbedActivity (server)' ~ Consumer closed input channel or an error occurred. events=0x9
01-15 16:12:46.052 2484 2541 E InputDispatcher: channel '9e2bdac com.android.chrome/org.chromium.chrome.browser.ChromeTabbedActivity (server)' ~ Channel is unrecoverably broken and will be disposed!
01-15 16:12:46.053 2368 2368 E lowmemorykiller: Error opening /dev/memcg/apps/uid_10018/pid_3590/memory.soft_limit_in_bytes; errno=2
01-15 16:12:46.053 2353 2353 I Zygote : Process 4934 exited due to signal (11)
01-15 16:12:46.053 2484 2501 W system_server: kill(-4934, 9) failed: No such process
01-15 16:12:46.053 2484 2501 I system_server: Successfully killed process cgroup uid 10054 pid 4934 in 0ms
01-15 16:12:46.054 2484 3150 I WindowManager: WIN DEATH: Window{9e2bdac u0 com.android.chrome/org.chromium.chrome.browser.ChromeTabbedActivity}
01-15 16:12:46.054 2484 3150 W InputDispatcher: Attempted to unregister already unregistered input channel '9e2bdac com.android.chrome/org.chromium.chrome.browser.ChromeTabbedActivity (server)'
01-15 16:12:46.054 2484 4930 I ActivityManager: Process com.android.chrome (pid 4934) has died: vis +99TOP
01-15 16:12:46.054 2369 2434 E SurfaceFlinger: Failed to find layer (Background for - com.android.chrome/org.chromium.chrome.browser.ChromeTabbedActivity#0) in layer parent (no-parent).
01-15 16:12:46.054 2484 4930 W SchedPolicy: add_tid_to_cgroup failed to write '4959' (Permission denied); fd=25
01-15 16:12:46.054 2368 2368 E lowmemorykiller: Error opening /dev/memcg/apps/uid_99001/pid_4959/memory.soft_limit_in_bytes; errno=2
01-15 16:12:46.055 4959 4959 I cr_ChildProcessService: Destroying ChildProcessService pid=4959
01-15 16:12:46.059 4959 4959 I com.android.chrome:sandboxed_process0: System.exit called, status: 0
01-15 16:12:46.059 4959 4959 I AndroidRuntime: VM exiting with result code 0, cleanup skipped.
01-15 16:12:46.065 2484 4930 I ActivityManager: Killing 4959:com.android.chrome:sandboxed_process0/u0a54i1 (adj 0): isolated not needed
01-15 16:12:46.065 2484 2501 W system_server: kill(-4959, 9) failed: No such process
01-15 16:12:46.067 2484 2506 W ActivityManager: setHasOverlayUi called on unknown pid: 4934
01-15 16:12:46.068 2368 2368 E lowmemorykiller: Error opening /dev/memcg/apps/uid_10018/pid_3713/memory.soft_limit_in_bytes; errno=2
01-15 16:12:46.068 2484 2502 E KernelUidCpuTimeReader: Failed to read uid_cputime: /proc/uid_cputime/show_uid_stat (No such file or directory)
01-15 16:12:46.068 2484 2502 E KernelUidCpuFreqTimeReader: Failed to read /proc/uid_time_in_state: java.io.FileNotFoundException: /proc/uid_time_in_state (No such file or directory)
01-15 16:12:46.068 2484 2502 E KernelCpuSpeedReader: Failed to read cpu-freq: /sys/devices/system/cpu/cpu0/cpufreq/stats/time_in_state (No such file or directory)
01-15 16:12:46.069 2484 2502 D KernelUidCpuTimeReader: Removing uids 99001-99001
01-15 16:12:46.069 2484 2502 E KernelUidCpuTimeReader: failed to remove uids 99001 - 99001 from uid_cputime module
01-15 16:12:46.069 2484 2502 E KernelUidCpuTimeReader: java.io.FileNotFoundException: /proc/uid_cputime/remove_uid_range (No such file or directory)
01-15 16:12:46.069 2484 2502 E KernelUidCpuTimeReader: at java.io.FileOutputStream.open0(Native Method)
01-15 16:12:46.069 2484 2502 E KernelUidCpuTimeReader: at java.io.FileOutputStream.open(FileOutputStream.java:287)
01-15 16:12:46.069 2484 2502 E KernelUidCpuTimeReader: at java.io.FileOutputStream.(FileOutputStream.java:223)
01-15 16:12:46.069 2484 2502 E KernelUidCpuTimeReader: at java.io.FileOutputStream.(FileOutputStream.java:110)
01-15 16:12:46.069 2484 2502 E KernelUidCpuTimeReader: at java.io.FileWriter.(FileWriter.java:63)
01-15 16:12:46.069 2484 2502 E KernelUidCpuTimeReader: at com.android.internal.os.KernelUidCpuTimeReader.removeUidsFromKernelModule(KernelUidCpuTimeReader.java:163)
01-15 16:12:46.069 2484 2502 E KernelUidCpuTimeReader: at com.android.internal.os.KernelUidCpuTimeReader.removeUid(KernelUidCpuTimeReader.java:138)
01-15 16:12:46.069 2484 2502 E KernelUidCpuTimeReader: at com.android.internal.os.BatteryStatsImpl.removeIsolatedUidLocked(BatteryStatsImpl.java:3641)
01-15 16:12:46.069 2484 2502 E KernelUidCpuTimeReader: at com.android.server.am.BatteryExternalStatsWorker$1.run(BatteryExternalStatsWorker.java:191)
01-15 16:12:46.069 2484 2502 E KernelUidCpuTimeReader: at java.util.concurrent.Executors$RunnableAdapter.call(Executors.java:457)
01-15 16:12:46.069 2484 2502 E KernelUidCpuTimeReader: at java.util.concurrent.FutureTask.run(FutureTask.java:266)
01-15 16:12:46.069 2484 2502 E KernelUidCpuTimeReader: at java.util.concurrent.ThreadPoolExecutor.runWorker(ThreadPoolExecutor.java:1162)
01-15 16:12:46.069 2484 2502 E KernelUidCpuTimeReader: at java.util.concurrent.ThreadPoolExecutor$Worker.run(ThreadPoolExecutor.java:636)
01-15 16:12:46.069 2484 2502 E KernelUidCpuTimeReader: at java.lang.Thread.run(Thread.java:764)
01-15 16:12:46.071 2368 2368 E lowmemorykiller: Error opening /dev/memcg/apps/uid_10018/pid_3590/memory.soft_limit_in_bytes; errno=2
01-15 16:12:46.080 2368 2368 E lowmemorykiller: Error opening /dev/memcg/apps/uid_10018/pid_3713/memory.soft_limit_in_bytes; errno=2
01-15 16:12:46.081 2368 2368 E lowmemorykiller: Error opening /dev/memcg/apps/uid_10018/pid_3713/memory.soft_limit_in_bytes; errno=2
01-15 16:12:46.100 2484 4729 D vndksupport: Loading /vendor/lib64/hw/gralloc.drm.so from current namespace instead of sphal namespace.
01-15 16:12:46.102 2484 2500 D ViewRootImpl[chrome]: updatePointerIcon called with position out of bounds
01-15 16:12:46.104 2484 4729 I EGL-MAIN: found extension DRI_Core version 2
01-15 16:12:46.104 2484 4729 I EGL-MAIN: found extension DRI_DRI2 version 4
01-15 16:12:46.109 2484 2501 W system_server: kill(-4959, 9) failed: No such process
01-15 16:12:46.109 2484 2501 I system_server: Successfully killed process cgroup uid 99001 pid 4959 in 44ms
01-15 16:12:46.110 2484 4729 I EGL-MAIN: found extension DRI_TexBuffer version 3
01-15 16:12:46.110 2484 4729 I EGL-MAIN: found extension DRI2_Flush version 4
01-15 16:12:46.110 2484 4729 I EGL-MAIN: found extension DRI_IMAGE version 16
01-15 16:12:46.110 2484 4729 I EGL-MAIN: found extension DRI2_Fence version 2
01-15 16:12:46.110 2484 4729 I EGL-MAIN: found extension DRI_RENDERER_QUERY version 1
01-15 16:12:46.110 2484 4729 I EGL-MAIN: found extension DRI_CONFIG_QUERY version 1
01-15 16:12:46.110 2484 4729 I EGL-MAIN: found extension DRI_FlushControl version 1
01-15 16:12:46.110 2484 4729 I EGL-MAIN: found extension DRI_Robustness version 1
01-15 16:12:46.110 2484 4729 I EGL-MAIN: found extension DRI_NoError version 1
01-15 16:12:46.110 2484 4729 I system_server: android::hardware::configstore::V1_0::ISurfaceFlingerConfigs::hasWideColorDisplay retrieved: 0
01-15 16:12:46.110 2484 4729 I OpenGLRenderer: Initialized EGL, version 1.4
01-15 16:12:46.110 2484 4729 D OpenGLRenderer: Swap behavior 2
01-15 16:12:46.991 2484 2500 I chatty : uid=1000(system) android.ui identical 29 lines
01-15 16:12:47.008 2484 2500 D ViewRootImpl[chrome]: updatePointerIcon called with position out of bounds
01-15 16:12:47.020 2484 3099 E TaskPersister: File error accessing recents directory (directory doesn't exist?).
01-15 16:12:47.024 2484 2500 D ViewRootImpl[chrome]: updatePointerIcon called with position out of bounds
01-15 16:12:47.124 2484 2500 I chatty : uid=1000(system) android.ui identical 6 lines
01-15 16:12:47.141 2484 2500 D ViewRootImpl[chrome]: updatePointerIcon called with position out of bounds
01-15 16:12:47.255 2484 4985 W ActivityManager: Ignoring remove of inactive process: ProcessRecord{a5d5a75 0:com.android.chrome/u0a54}
01-15 16:12:47.269 2484 2500 D ViewRootImpl[chrome]: updatePointerIcon called after view was removed
01-15 16:12:47.269 2484 2500 W InputEventReceiver: Attempted to finish an input event but the input event receiver has already been disposed.
01-15 16:12:47.269 2484 2500 W ViewRootImpl[chrome]: Dropping event due to root view being removed: MotionEvent { action=ACTION_BUTTON_PRESS, actionButton=BUTTON_PRIMARY, id[0]=0, x[0]=594.556, y[0]=330.38818, toolType[0]=TOOL_TYPE_MOUSE, buttonState=BUTTON_PRIMARY, metaState=0, flags=0x0, edgeFlags=0x0, pointerCount=1, historySize=0, eventTime=145247, downTime=145247, deviceId=19, source=0x2002 }
01-15 16:12:47.444 2484 2528 W AppOps : Finishing op nesting under-run: uid 1000 pkg android code 24 time=0 duration=0 nesting=0
01-15 16:12:47.269 2484 2500 W InputEventReceiver: Attempted to finish an input event but the input event receiver has already been disposed.
01-15 16:12:48.370 2368 2368 E lowmemorykiller: Error opening /dev/memcg/apps/uid_10018/pid_3590/memory.soft_limit_in_bytes; errno=2
01-15 16:12:48.432 2368 2368 I chatty : uid=0(root) /system/bin/lmkd identical 6 lines
01-15 16:12:48.435 2368 2368 E lowmemorykiller: Error opening /dev/memcg/apps/uid_10018/pid_3590/memory.soft_limit_in_bytes; errno=2
01-15 16:12:50.073 2369 2369 I ConsoleManagerT: type=1400 audit(0.0:621): avc: denied { read } for name="vendor" dev="tmpfs" ino=7264 scontext=u:r:surfaceflinger:s0 tcontext=u:object_r:tmpfs:s0 tclass=lnk_file permissive=1
01-15 16:12:50.074 2369 2465 D vndksupport: Loading /vendor/lib64/hw/gralloc.drm.so from current namespace instead of sphal namespace.
01-15 16:12:50.076 2369 2369 D SurfaceFlinger: Set power mode=0, type=0 flinger=0x743afe281000
01-15 16:12:50.076 2369 2369 I surfaceflinger: type=1400 audit(0.0:622): avc: denied { ioctl } for path="/dev/tty0" dev="tmpfs" ino=10510 ioctlcmd=0x5605 scontext=u:r:surfaceflinger:s0 tcontext=u:object_r:tty_device:s0 tclass=chr_file permissive=1
01-15 16:12:50.425 2368 2368 E lowmemorykiller: Error opening /dev/memcg/apps/uid_10018/pid_3713/memory.soft_limit_in_bytes; errno=2
01-15 16:12:50.427 2368 2368 E lowmemorykiller: Error opening /dev/memcg/apps/uid_10018/pid_3713/memory.soft_limit_in_bytes; errno=2
01-15 16:12:50.427 2368 2368 E lowmemorykiller: Error opening /dev/memcg/apps/uid_10018/pid_4604/memory.soft_limit_in_bytes; errno=2
01-15 16:12:50.427 2368 2368 E lowmemorykiller: Error opening /dev/memcg/apps/uid_1000/pid_3683/memory.soft_limit_in_bytes; errno=2
01-15 16:12:50.427 2484 2498 E memtrack: Couldn't load memtrack module
01-15 16:12:50.427 2368 2368 E lowmemorykiller: Error opening /dev/memcg/apps/uid_10061/pid_4556/memory.soft_limit_in_bytes; errno=2
01-15 16:12:50.427 2484 2498 W android.os.Debug: failed to get memory consumption info: -1
01-15 16:12:58.398 2368 2368 E lowmemorykiller: Error opening /dev/memcg/apps/uid_10018/pid_3590/memory.soft_limit_in_bytes; errno=2
01-15 16:12:58.399 2484 2498 E memtrack: Couldn't load memtrack module
01-15 16:12:58.399 2484 2498 W android.os.Debug: failed to get memory consumption info: -1
01-15 16:12:58.400 2368 2368 E lowmemorykiller: Error opening /dev/memcg/apps/uid_10018/pid_3590/memory.soft_limit_in_bytes; errno=2
01-15 16:12:58.557 2371 2371 I sh : type=1400 audit(0.0:624): avc: denied { read } for name="/" dev="tmpfs" ino=8731 scontext=u:r:shell:s0 tcontext=u:object_r:system_data_file:s0 tclass=dir permissive=1
01-15 16:12:59.119 3547 3552 I zygote64: Do partial code cache collection, code=125KB, data=78KB
01-15 16:12:59.120 3547 3552 I zygote64: After code cache collection, code=125KB, data=78KB
01-15 16:12:59.120 3547 3552 I zygote64: Increasing code cache capacity to 512KB
01-15 16:13:00.034 3135 3135 I RenderThread: type=1400 audit(0.0:626): avc: denied { ioctl } for path="/dev/dri/card0" dev="tmpfs" ino=8777 ioctlcmd=0x6457 scontext=u:r:platform_app:s0:c512,c768 tcontext=u:object_r:device:s0 tclass=chr_file permissive=1
01-15 16:13:06.950 4991 4991 I cat : type=1400 audit(0.0:628): avc: denied { open } for path="/data/log.txt" dev="tmpfs" ino=10916 scontext=u:r:shell:s0 tcontext=u:object_r:system_data_file:s0 tclass=file permissive=1
01-15 16:13:15.599 2368 2368 E lowmemorykiller: Error opening /dev/memcg/apps/uid_10018/pid_3590/memory.soft_limit_in_bytes; errno=2
01-15 16:13:15.599 2368 2368 E lowmemorykiller: Error opening /dev/memcg/apps/uid_10018/pid_3626/memory.soft_limit_in_bytes; errno=2
01-15 16:13:15.599 2368 2368 E lowmemorykiller: Error opening /dev/memcg/apps/uid_10004/pid_4074/memory.soft_limit_in_bytes; errno=2
01-15 16:13:15.599 2368 2368 E lowmemorykiller: Error opening /dev/memcg/apps/uid_10011/pid_3826/memory.soft_limit_in_bytes; errno=2
01-15 16:13:15.599 2368 2368 E lowmemorykiller: Error opening /dev/memcg/apps/uid_10075/pid_3612/memory.soft_limit_in_bytes; errno=2
01-15 16:13:15.600 2484 2498 E memtrack: Couldn't load memtrack module
01-15 16:13:15.600 2484 2498 W android.os.Debug: failed to get memory consumption info: -1
01-15 16:13:15.602 2368 2368 E lowmemorykiller: Error opening /dev/memcg/apps/uid_10018/pid_3590/memory.soft_limit_in_bytes; errno=2
01-15 16:13:15.602 2368 2368 E lowmemorykiller: Error opening /dev/memcg/apps/uid_10004/pid_4074/memory.soft_limit_in_bytes; errno=2
01-15 16:13:15.602 2368 2368 E lowmemorykiller: Error opening /dev/memcg/apps/uid_10011/pid_3826/memory.soft_limit_in_bytes; errno=2
01-15 16:13:15.602 2368 2368 E lowmemorykiller: Error opening /dev/memcg/apps/uid_1000/pid_3683/memory.soft_limit_in_bytes; errno=2
01-15 16:13:15.603 2368 2368 E lowmemorykiller: Error opening /dev/memcg/apps/uid_10075/pid_3612/memory.soft_limit_in_bytes; errno=2
01-15 16:13:15.603 2368 2368 E lowmemorykiller: Error opening /dev/memcg/apps/uid_10061/pid_4556/memory.soft_limit_in_bytes; errno=2
01-15 16:13:15.603 2368 2368 E lowmemorykiller: Error opening /dev/memcg/apps/uid_10023/pid_4037/memory.soft_limit_in_bytes; errno=2
01-15 16:13:25.651 2484 2498 E memtrack: Couldn't load memtrack module
01-15 16:13:25.651 2484 2498 W android.os.Debug: failed to get memory consumption info: -1
01-15 16:13:30.859 2368 2368 E lowmemorykiller: Error opening /dev/memcg/apps/uid_10018/pid_3713/memory.soft_limit_in_bytes; errno=2
01-15 16:13:30.859 2368 2368 E lowmemorykiller: Error opening /dev/memcg/apps/uid_10018/pid_4604/memory.soft_limit_in_bytes; errno=2
01-15 16:13:30.859 2368 2368 E lowmemorykiller: Error opening /dev/memcg/apps/uid_10028/pid_4018/memory.soft_limit_in_bytes; errno=2
01-15 16:13:30.861 2484 2498 E memtrack: Couldn't load memtrack module
01-15 16:13:30.861 2484 2498 W android.os.Debug: failed to get memory consumption info: -1
01-15 16:13:30.863 2368 2368 E lowmemorykiller: Error opening /dev/memcg/apps/uid_10018/pid_4604/memory.soft_limit_in_bytes; errno=2
01-15 16:13:30.863 2368 2368 E lowmemorykiller: Error opening /dev/memcg/apps/uid_1000/pid_3683/memory.soft_limit_in_bytes; errno=2
01-15 16:13:30.863 2368 2368 E lowmemorykiller: Error opening /dev/memcg/apps/uid_10028/pid_4018/memory.soft_limit_in_bytes; errno=2
01-15 16:13:30.864 2368 2368 E lowmemorykiller: Error opening /dev/memcg/apps/uid_10061/pid_4556/memory.soft_limit_in_bytes; errno=2
01-15 16:13:30.864 2368 2368 E lowmemorykiller: Error opening /dev/memcg/apps/uid_10023/pid_4037/memory.soft_limit_in_bytes; errno=2
01-15 16:13:30.866 2368 2368 E lowmemorykiller: Error opening /dev/memcg/apps/uid_10018/pid_3590/memory.soft_limit_in_bytes; errno=2
01-15 16:13:30.867 2368 2368 E lowmemorykiller: Error opening /dev/memcg/apps/uid_10018/pid_3590/memory.soft_limit_in_bytes; errno=2
01-15 16:13:30.868 2368 2368 E lowmemorykiller: Error opening /dev/memcg/apps/uid_10018/pid_3713/memory.soft_limit_in_bytes; errno=2
01-15 16:13:30.872 2368 2368 E lowmemorykiller: Error opening /dev/memcg/apps/uid_10018/pid_3590/memory.soft_limit_in_bytes; errno=2
01-15 16:13:30.873 2368 2368 I chatty : uid=0(root) /system/bin/lmkd identical 1 line
01-15 16:13:30.876 2368 2368 E lowmemorykiller: Error opening /dev/memcg/apps/uid_10018/pid_3590/memory.soft_limit_in_bytes; errno=2
01-15 16:13:30.876 2484 2498 E memtrack: Couldn't load memtrack module
01-15 16:13:30.876 2484 2498 W android.os.Debug: failed to get memory consumption info: -1
01-15 16:13:30.877 2368 2368 E lowmemorykiller: Error opening /dev/memcg/apps/uid_10018/pid_3590/memory.soft_limit_in_bytes; errno=2
01-15 16:13:30.878 2368 2368 E lowmemorykiller: Error opening /dev/memcg/apps/uid_10018/pid_3713/memory.soft_limit_in_bytes; errno=2
01-15 16:13:30.878 2368 2368 E lowmemorykiller: Error opening /dev/memcg/apps/uid_10018/pid_3713/memory.soft_limit_in_bytes; errno=2
01-15 16:13:35.881 2368 2368 E lowmemorykiller: Error opening /dev/memcg/apps/uid_10018/pid_3590/memory.soft_limit_in_bytes; errno=2
01-15 16:13:35.882 2368 2368 E lowmemorykiller: Error opening /dev/memcg/apps/uid_10018/pid_3590/memory.soft_limit_in_bytes; errno=2
01-15 16:13:37.881 2368 2368 E lowmemorykiller: Error opening /dev/memcg/apps/uid_10018/pid_3713/memory.soft_limit_in_bytes; errno=2
01-15 16:13:37.882 2368 2368 E lowmemorykiller: Error opening /dev/memcg/apps/uid_10018/pid_3713/memory.soft_limit_in_bytes; errno=2
01-15 16:13:37.882 2368 2368 E lowmemorykiller: Error opening /dev/memcg/apps/uid_10004/pid_4074/memory.soft_limit_in_bytes; errno=2
01-15 16:13:37.882 2368 2368 E lowmemorykiller: Error opening /dev/memcg/apps/uid_10011/pid_3826/memory.soft_limit_in_bytes; errno=2
01-15 16:13:37.882 2368 2368 E lowmemorykiller: Error opening /dev/memcg/apps/uid_10075/pid_3612/memory.soft_limit_in_bytes; errno=2
01-15 16:13:45.935 2368 2368 E lowmemorykiller: Error opening /dev/memcg/apps/uid_10018/pid_3590/memory.soft_limit_in_bytes; errno=2
01-15 16:13:45.935 2368 2368 E lowmemorykiller: Error opening /dev/memcg/apps/uid_10004/pid_4074/memory.soft_limit_in_bytes; errno=2
01-15 16:13:45.935 2368 2368 E lowmemorykiller: Error opening /dev/memcg/apps/uid_10011/pid_3826/memory.soft_limit_in_bytes; errno=2
01-15 16:13:45.935 2368 2368 E lowmemorykiller: Error opening /dev/memcg/apps/uid_1000/pid_3683/memory.soft_limit_in_bytes; errno=2
01-15 16:13:45.935 2368 2368 E lowmemorykiller: Error opening /dev/memcg/apps/uid_10075/pid_3612/memory.soft_limit_in_bytes; errno=2
01-15 16:13:45.936 2368 2368 E lowmemorykiller: Error opening /dev/memcg/apps/uid_10061/pid_4556/memory.soft_limit_in_bytes; errno=2
01-15 16:13:45.936 2368 2368 E lowmemorykiller: Error opening /dev/memcg/apps/uid_10023/pid_4037/memory.soft_limit_in_bytes; errno=2
01-15 16:13:45.936 2484 2498 E memtrack: Couldn't load memtrack module
01-15 16:13:45.936 2484 2498 W android.os.Debug: failed to get memory consumption info: -1
01-15 16:13:45.937 2368 2368 E lowmemorykiller: Error opening /dev/memcg/apps/uid_10018/pid_3590/memory.soft_limit_in_bytes; errno=2