01-15 16:10:50.189 2484 2484 D SystemServerTiming: StartStorageManagerService took to complete: 12ms
01-15 16:10:50.189 2484 2484 I SystemServer: StartStorageStatsService
01-15 16:10:50.189 2484 2543 D StorageManagerService: Thinking about init, mSystemReady=false, mDaemonConnected=true
01-15 16:10:50.189 2484 2484 I SystemServiceManager: Starting com.android.server.usage.StorageStatsService$Lifecycle
01-15 16:10:50.189 2484 2543 D StorageManagerService: Thinking about reset, mSystemReady=false, mDaemonConnected=true
01-15 16:10:50.192 2353 2353 I zygote : VMRuntime.preloadDexCaches strings total=313067 before=10351 after=10351
01-15 16:10:50.192 2353 2353 I zygote : VMRuntime.preloadDexCaches types total=26671 before=5500 after=5502
01-15 16:10:50.192 2353 2353 I zygote : VMRuntime.preloadDexCaches fields total=126851 before=5507 after=5537
01-15 16:10:50.192 2353 2353 I zygote : VMRuntime.preloadDexCaches methods total=225392 before=9940 after=9940
01-15 16:10:50.192 2353 2353 I zygote : VMRuntime.preloadDexCaches finished
01-15 16:10:50.192 2353 2353 D ZygoteInitTiming_lazy: PreloadClasses took to complete: 321ms
01-15 16:10:50.193 2484 2543 D StorageManagerService: Thinking about init, mSystemReady=false, mDaemonConnected=true
01-15 16:10:50.193 2484 2543 D StorageManagerService: Thinking about reset, mSystemReady=false, mDaemonConnected=true
01-15 16:10:50.193 2484 2543 D CryptdConnector: SND -> {1 cryptfs getfield SystemLocale}
01-15 16:10:50.195 2484 2484 D SystemServerTiming: StartStorageStatsService took to complete: 5ms
01-15 16:10:50.195 2484 2484 I SystemServer: StartUiModeManager
01-15 16:10:50.195 2484 2484 I SystemServiceManager: Starting com.android.server.UiModeManagerService
01-15 16:10:50.196 2484 2545 D CryptdConnector: RCV <- {200 1 -1}
01-15 16:10:50.196 2484 2543 W StorageManagerService: No primary storage mounted!
01-15 16:10:50.196 2484 2543 D VoldConnector: SND -> {1 asec list}
01-15 16:10:50.197 2484 2544 D VoldConnector: RCV <- {200 1 asec operation succeeded}
01-15 16:10:50.197 2484 2543 I PackageManager: No secure containers found
01-15 16:10:50.201 2484 2542 D EventHub: No input device configuration file found for device 'Lid Switch'.
01-15 16:10:50.201 2484 2542 I EventHub: wakeMechanism=EPOLLWAKEUP, usingClockIoctl=true
01-15 16:10:50.201 2484 2542 I EventHub: New device: id=13, fd=119, path='/dev/input/event0', name='Lid Switch', classes=0x80, configuration='', keyLayout='', keyCharacterMap='', builtinKeyboard=false,
01-15 16:10:50.201 2484 2542 D EventHub: No input device configuration file found for device 'Sleep Button'.
01-15 16:10:50.202 2484 2542 W EventHub: Unable to disable kernel key repeat for /dev/input/event1: Function not implemented
01-15 16:10:50.202 2484 2542 I EventHub: wakeMechanism=EPOLLWAKEUP, usingClockIoctl=true
01-15 16:10:50.202 2484 2542 I EventHub: New device: id=14, fd=120, path='/dev/input/event1', name='Sleep Button', classes=0x1, configuration='', keyLayout='/system/usr/keylayout/Generic.kl', keyCharacterMap='/system/usr/keychars/Generic.kcm', builtinKeyboard=false,
01-15 16:10:50.202 2484 2542 I EventHub: wakeMechanism=EPOLLWAKEUP, usingClockIoctl=true
01-15 16:10:50.202 2484 2542 I EventHub: New device: id=15, fd=121, path='/dev/input/event7', name='SynPS/2 Synaptics TouchPad', classes=0x14, configuration='/system/usr/idc/SynPS_2_Synaptics_TouchPad.idc', keyLayout='', keyCharacterMap='', builtinKeyboard=false,
01-15 16:10:50.202 2484 2542 E EventHub: could not get driver version for /dev/input/mouse2, Not a typewriter
01-15 16:10:50.203 2484 2543 W StorageManagerService: No primary storage defined yet; hacking together a stub
01-15 16:10:50.203 2484 2543 W StorageManagerService: No primary storage mounted!
01-15 16:10:50.203 2484 2543 D VoldConnector: SND -> {2 asec list}
01-15 16:10:50.203 2484 2529 D SystemServerInitThreadPool: Started executing UiModeManager.onStart
01-15 16:10:50.203 2484 2529 I ActivityManager: Config changes=200 {1.0 ?mcc?mnc [en_US] ldltr sw720dp w1280dp h648dp 240dpi lrg long land -touch -keyb/h/h -nav/h appBounds=Rect(0, 0 - 1920, 1008) s.4}
01-15 16:10:50.203 2484 2544 D VoldConnector: RCV <- {200 2 asec operation succeeded}
01-15 16:10:50.204 2484 2529 I ActivityManager: Override config changes=200 {1.0 ?mcc?mnc [en_US] ldltr sw720dp w1280dp h648dp 240dpi lrg long land -touch -keyb/h/h -nav/h appBounds=Rect(0, 0 - 1920, 1008) s.4} for displayId=0
01-15 16:10:50.204 2484 2484 D SystemServerTiming: StartUiModeManager took to complete: 10ms
01-15 16:10:50.204 2484 2484 I SystemServer: UpdatePackagesIfNeeded
01-15 16:10:50.205 2484 2529 D SystemServerInitThreadPool: Finished executing UiModeManager.onStart
01-15 16:10:50.203 2484 2543 W StorageManagerService: No primary storage defined yet; hacking together a stub
01-15 16:10:50.210 2484 2484 I PackageManager.DexOptimizer: Running dexopt (dexoptNeeded=1) on: /system/priv-app/GoogleExtServices/GoogleExtServices.apk pkg=com.google.android.ext.services isa=x86_64 dexoptFlags=public target-filter=extract oatDir=null sharedLibraries=PCL[]
01-15 16:10:50.213 2484 2542 I EventHub: ignoring event id /dev/input/event2 driver Power Button
01-15 16:10:50.216 2548 2548 I dex2oat : type=1400 audit(0.0:278): avc: denied { getattr } for path="/vendor" dev="tmpfs" ino=7264 scontext=u:r:dex2oat:s0 tcontext=u:object_r:tmpfs:s0 tclass=lnk_file permissive=1
01-15 16:10:50.218 2353 2353 I Zygote : Preloading resources...
01-15 16:10:50.219 2484 2542 D EventHub: No input device configuration file found for device 'TPPS/2 IBM TrackPoint'.
01-15 16:10:50.219 2484 2542 I EventHub: wakeMechanism=EPOLLWAKEUP, usingClockIoctl=true
01-15 16:10:50.219 2484 2542 I EventHub: New device: id=16, fd=118, path='/dev/input/event8', name='TPPS/2 IBM TrackPoint', classes=0x8, configuration='', keyLayout='', keyCharacterMap='', builtinKeyboard=false,
01-15 16:10:50.219 2484 2542 D EventHub: No input device configuration file found for device 'PC Speaker'.
01-15 16:10:50.228 2353 2353 W Resources: Preloaded drawable resource #0x1080264 (android:drawable/dialog_background_material) that varies with configuration!!
01-15 16:10:50.229 2484 2542 D EventHub: No input device configuration file found for device 'AT Translated Set 2 keyboard'.
01-15 16:10:50.230 2548 2548 W dex2oat : Unexpected CPU variant for X86 using defaults: x86_64
01-15 16:10:50.230 2548 2548 I dex2oat : /system/bin/dex2oat --input-vdex-fd=-1 --output-vdex-fd=13 --compiler-filter=extract --classpath-dir=/system/priv-app/GoogleExtServices --class-loader-context=PCL[]
01-15 16:10:50.230 2484 2542 I EventHub: wakeMechanism=EPOLLWAKEUP, usingClockIoctl=true
01-15 16:10:50.230 2484 2542 I EventHub: New device: id=18, fd=122, path='/dev/input/event5', name='AT Translated Set 2 keyboard', classes=0x3, configuration='', keyLayout='/system/usr/keylayout/Generic.kl', keyCharacterMap='/system/usr/keychars/Generic.kcm', builtinKeyboard=false,
01-15 16:10:50.230 2484 2542 E EventHub: could not get driver version for /dev/input/mouse1, Not a typewriter
01-15 16:10:50.235 2353 2353 I Zygote : ...preloaded 64 resources in 17ms.
01-15 16:10:50.238 2353 2353 W Resources: Preloaded color resource #0x1060053 (android:color/btn_default_material_dark) that varies with configuration!!
01-15 16:10:50.238 2353 2353 I Zygote : ...preloaded 41 resources in 3ms.
01-15 16:10:50.239 2353 2353 I Zygote : ...preloaded 2 resource in 0ms.
01-15 16:10:50.239 2353 2353 D ZygoteInitTiming_lazy: PreloadResources took to complete: 46ms
01-15 16:10:50.239 2353 2353 D vndksupport: Loading /vendor/lib/hw/android.hardware.graphics.mapper@2.0-impl.so from current namespace instead of sphal namespace.
01-15 16:10:50.239 2548 2548 W dex2oat : Could not reserve sentinel fault page
01-15 16:10:50.241 2353 2353 D vndksupport: Loading /vendor/lib/egl/libGLES_mesa.so from current namespace instead of sphal namespace.
01-15 16:10:50.244 2484 2542 D EventHub: No input device configuration file found for device 'USB Optical Mouse'.
01-15 16:10:50.244 2484 2542 I EventHub: wakeMechanism=EPOLLWAKEUP, usingClockIoctl=true
01-15 16:10:50.244 2484 2542 I EventHub: New device: id=19, fd=123, path='/dev/input/event3', name='USB Optical Mouse', classes=0x80000008, configuration='', keyLayout='', keyCharacterMap='', builtinKeyboard=false,
01-15 16:10:50.244 2484 2542 E EventHub: could not get driver version for /dev/input/mouse0, Not a typewriter
01-15 16:10:50.253 2353 2353 D libEGL : loaded /vendor/lib/egl/libGLES_mesa.so
01-15 16:10:50.256 2484 2542 D EventHub: No input device configuration file found for device 'Integrated Camera: Integrated C'.
01-15 16:10:50.258 2484 2542 W EventHub: Unable to disable kernel key repeat for /dev/input/event6: Function not implemented
01-15 16:10:50.258 2484 2542 I EventHub: wakeMechanism=EPOLLWAKEUP, usingClockIoctl=true
01-15 16:10:50.258 2484 2542 I EventHub: New device: id=20, fd=124, path='/dev/input/event6', name='Integrated Camera: Integrated C', classes=0x80000001, configuration='', keyLayout='/system/usr/keylayout/Generic.kl', keyCharacterMap='/system/usr/keychars/Generic.kcm', builtinKeyboard=false,
01-15 16:10:50.260 2484 2542 I InputReader: Device added: id=-1, name='Virtual', sources=0x00000301
01-15 16:10:50.260 2484 2542 I InputReader: Device added: id=20, name='Integrated Camera: Integrated C', sources=0x00000101
01-15 16:10:50.264 2484 2542 I InputReader: Device added: id=19, name='USB Optical Mouse', sources=0x00002002
01-15 16:10:50.264 2484 2542 I InputReader: Device added: id=18, name='AT Translated Set 2 keyboard', sources=0x00000101
01-15 16:10:50.264 2484 2542 I InputReader: Device added: id=16, name='TPPS/2 IBM TrackPoint', sources=0x00002002
01-15 16:10:50.264 2484 2542 W InputReader: Invalid value for touch.gestureMode: 'pointer'
01-15 16:10:50.264 2484 2542 I InputReader: Touch device 'SynPS/2 Synaptics TouchPad' could not query the properties of its associated display. The device will be inoperable until the display size becomes available.
01-15 16:10:50.264 2484 2542 I InputReader: Device added: id=15, name='SynPS/2 Synaptics TouchPad', sources=0x00002002
01-15 16:10:50.264 2484 2542 I InputReader: Device added: id=14, name='Sleep Button', sources=0x00000101
01-15 16:10:50.264 2484 2542 I InputReader: Device added: id=13, name='Lid Switch', sources=0x80000000
01-15 16:10:50.264 2484 2542 I InputReader: Device added: id=12, name='Video Bus', sources=0x00000101
01-15 16:10:50.264 2484 2542 I InputReader: Device added: id=11, name='ThinkPad Extra Buttons', sources=0x80000101
01-15 16:10:50.264 2484 2542 I InputReader: Device added: id=10, name='HDA Intel PCH Dock Mic', sources=0x80000000
01-15 16:10:50.264 2484 2542 I InputReader: Device added: id=9, name='HDA Intel PCH Mic', sources=0x80000000
01-15 16:10:50.264 2484 2542 I InputReader: Device added: id=8, name='HDA Intel PCH Dock Headphone', sources=0x80000000
01-15 16:10:50.264 2484 2542 I InputReader: Device added: id=7, name='HDA Intel PCH Headphone', sources=0x80000000
01-15 16:10:50.264 2484 2542 I InputReader: Device added: id=6, name='HDA Intel PCH HDMI/DP,pcm=3', sources=0x80000000
01-15 16:10:50.264 2484 2542 I InputReader: Device added: id=5, name='HDA Intel PCH HDMI/DP,pcm=7', sources=0x80000000
01-15 16:10:50.264 2484 2542 I InputReader: Device added: id=4, name='HDA Intel PCH HDMI/DP,pcm=8', sources=0x80000000
01-15 16:10:50.264 2484 2542 I InputReader: Device added: id=3, name='HDA Intel PCH HDMI/DP,pcm=9', sources=0x80000000
01-15 16:10:50.264 2484 2542 I InputReader: Device added: id=2, name='HDA Intel PCH HDMI/DP,pcm=10', sources=0x80000000
01-15 16:10:50.264 2484 2542 I InputReader: Device added: id=1, name='Android Power Button', sources=0x00000101
01-15 16:10:50.265 2484 2542 I InputReader: Reconfiguring input devices. changes=0x00000004
01-15 16:10:50.265 2484 2542 I InputReader: Device reconfigured: id=15, name='SynPS/2 Synaptics TouchPad', size 1920x1080, orientation 0, mode 4, display id 0
01-15 16:10:50.266 2484 2541 I ActivityManager: Config changes=30 {1.0 ?mcc?mnc [en_US] ldltr sw720dp w1280dp h648dp 240dpi lrg long land -touch qwerty/v/v -nav/h appBounds=Rect(0, 0 - 1920, 1008) s.5}
01-15 16:10:50.267 2484 2541 I ActivityManager: Override config changes=30 {1.0 ?mcc?mnc [en_US] ldltr sw720dp w1280dp h648dp 240dpi lrg long land -touch qwerty/v/v -nav/h appBounds=Rect(0, 0 - 1920, 1008) s.5} for displayId=0
01-15 16:10:50.267 2548 2548 I dex2oat : dex2oat took 45.727ms (32.380ms cpu) (threads: 4) arena alloc=0B (0B) java alloc=16KB (16400B) native alloc=1001KB (1025200B) free=1046KB (1071952B)
01-15 16:10:50.269 2484 2484 I PackageManager.DexOptimizer: Running dexopt (dexoptNeeded=1) on: /system/priv-app/TelephonyProvider/TelephonyProvider.apk pkg=com.android.providers.telephony isa=x86_64 dexoptFlags=public target-filter=extract oatDir=null sharedLibraries=PCL[]
01-15 16:10:50.275 2554 2554 W dex2oat : Unexpected CPU variant for X86 using defaults: x86_64
01-15 16:10:50.275 2554 2554 I dex2oat : /system/bin/dex2oat --input-vdex-fd=-1 --output-vdex-fd=13 --compiler-filter=extract --classpath-dir=/system/priv-app/TelephonyProvider --class-loader-context=PCL[]
01-15 16:10:50.291 2353 2353 I Zygote : Preloading shared libraries...
01-15 16:10:50.294 2554 2554 I dex2oat : dex2oat took 19.428ms (19.036ms cpu) (threads: 4) arena alloc=0B (0B) java alloc=16KB (16400B) native alloc=1210KB (1239216B) free=1349KB (1382224B)
01-15 16:10:50.295 2484 2484 I PackageManager.DexOptimizer: Running dexopt (dexoptNeeded=1) on: /system/app/GoogleExtShared/GoogleExtShared.apk pkg=com.google.android.ext.shared isa=x86_64 dexoptFlags=public target-filter=extract oatDir=null sharedLibraries=PCL[]
01-15 16:10:50.301 2560 2560 W dex2oat : Unexpected CPU variant for X86 using defaults: x86_64
01-15 16:10:50.301 2560 2560 I dex2oat : /system/bin/dex2oat --input-vdex-fd=-1 --output-vdex-fd=13 --compiler-filter=extract --classpath-dir=/system/app/GoogleExtShared --class-loader-context=PCL[]
01-15 16:10:50.313 2353 2353 I Zygote : Uninstalled ICU cache reference pinning...
01-15 16:10:50.318 2560 2560 I dex2oat : dex2oat took 17.256ms (17.224ms cpu) (threads: 4) arena alloc=0B (0B) java alloc=16KB (16400B) native alloc=1001KB (1025328B) free=1046KB (1071824B)
01-15 16:10:50.320 2353 2353 I Zygote : Installed AndroidKeyStoreProvider in 7ms.
01-15 16:10:50.320 2484 2484 I PackageManager.DexOptimizer: Running dexopt (dexoptNeeded=1) on: /system/priv-app/MmsService/MmsService.apk pkg=com.android.mms.service isa=x86_64 dexoptFlags=public target-filter=extract oatDir=null sharedLibraries=PCL[]
01-15 16:10:50.326 2353 2353 I Zygote : Warmed up JCA providers in 6ms.
01-15 16:10:50.326 2353 2353 D Zygote : end preload
01-15 16:10:50.326 2484 2497 D SystemServerTimingAsync: SecondaryZygotePreload took to complete: 518ms
01-15 16:10:50.326 2484 2497 D SystemServerInitThreadPool: Finished executing SecondaryZygotePreload
01-15 16:10:50.328 2565 2565 W dex2oat : Unexpected CPU variant for X86 using defaults: x86_64
01-15 16:10:50.328 2565 2565 I dex2oat : /system/bin/dex2oat --input-vdex-fd=-1 --output-vdex-fd=13 --compiler-filter=extract --classpath-dir=/system/priv-app/MmsService --class-loader-context=PCL[]
01-15 16:10:50.343 2565 2565 I dex2oat : dex2oat took 15.671ms (15.775ms cpu) (threads: 4) arena alloc=0B (0B) java alloc=16KB (16400B) native alloc=1203KB (1232176B) free=1356KB (1389264B)
01-15 16:10:50.344 2484 2484 I PackageManager.DexOptimizer: Running dexopt (dexoptNeeded=1) on: /system/priv-app/DefaultContainerService/DefaultContainerService.apk pkg=com.android.defcontainer isa=x86_64 dexoptFlags=public target-filter=extract oatDir=null sharedLibraries=PCL[]
01-15 16:10:50.350 2570 2570 W dex2oat : Unexpected CPU variant for X86 using defaults: x86_64
01-15 16:10:50.350 2570 2570 I dex2oat : /system/bin/dex2oat --input-vdex-fd=-1 --output-vdex-fd=13 --compiler-filter=extract --classpath-dir=/system/priv-app/DefaultContainerService --class-loader-context=PCL[]
01-15 16:10:50.366 2570 2570 I dex2oat : dex2oat took 16.154ms (16.046ms cpu) (threads: 4) arena alloc=0B (0B) java alloc=16KB (16400B) native alloc=1025KB (1050320B) free=1022KB (1046832B)
01-15 16:10:50.367 2484 2484 I PackageManager.DexOptimizer: Running dexopt (dexoptNeeded=1) on: /system/priv-app/SettingsProvider/SettingsProvider.apk pkg=com.android.providers.settings isa=x86_64 dexoptFlags=public target-filter=extract oatDir=null sharedLibraries=PCL[]
01-15 16:10:50.373 2575 2575 W dex2oat : Unexpected CPU variant for X86 using defaults: x86_64
01-15 16:10:50.373 2575 2575 I dex2oat : /system/bin/dex2oat --input-vdex-fd=-1 --output-vdex-fd=13 --compiler-filter=extract --classpath-dir=/system/priv-app/SettingsProvider --class-loader-context=PCL[]
01-15 16:10:50.392 2575 2575 I dex2oat : dex2oat took 18.651ms (18.160ms cpu) (threads: 4) arena alloc=0B (0B) java alloc=16KB (16400B) native alloc=1210KB (1239216B) free=1349KB (1382224B)
01-15 16:10:50.393 2484 2484 I PackageManager.DexOptimizer: Running dexopt (dexoptNeeded=1) on: /system/priv-app/InputDevices/InputDevices.apk pkg=com.android.inputdevices isa=x86_64 dexoptFlags=public target-filter=extract oatDir=null sharedLibraries=PCL[]
01-15 16:10:50.399 2580 2580 W dex2oat : Unexpected CPU variant for X86 using defaults: x86_64
01-15 16:10:50.399 2580 2580 I dex2oat : /system/bin/dex2oat --input-vdex-fd=-1 --output-vdex-fd=13 --compiler-filter=extract --classpath-dir=/system/priv-app/InputDevices --class-loader-context=PCL[]
01-15 16:10:50.413 2580 2580 I dex2oat : dex2oat took 14.754ms (14.929ms cpu) (threads: 4) arena alloc=0B (0B) java alloc=16KB (16400B) native alloc=1001KB (1025360B) free=1046KB (1071792B)
01-15 16:10:50.414 2484 2484 I PackageManager.DexOptimizer: Running dexopt (dexoptNeeded=1) on: /system/app/ExtShared/ExtShared.apk pkg=android.ext.shared isa=x86_64 dexoptFlags=public target-filter=extract oatDir=null sharedLibraries=PCL[]
01-15 16:10:50.420 2585 2585 W dex2oat : Unexpected CPU variant for X86 using defaults: x86_64
01-15 16:10:50.420 2585 2585 I dex2oat : /system/bin/dex2oat --input-vdex-fd=-1 --output-vdex-fd=13 --compiler-filter=extract --classpath-dir=/system/app/ExtShared --class-loader-context=PCL[]
01-15 16:10:50.435 2585 2585 I dex2oat : dex2oat took 14.954ms (14.975ms cpu) (threads: 4) arena alloc=0B (0B) java alloc=16KB (16400B) native alloc=1001KB (1025456B) free=1046KB (1071696B)
01-15 16:10:50.436 2484 2484 I PackageManager.DexOptimizer: Running dexopt (dexoptNeeded=1) on: /system/priv-app/Dialer/Dialer.apk pkg=com.android.dialer isa=x86_64 dexoptFlags=public target-filter=extract oatDir=null sharedLibraries=PCL[]
01-15 16:10:50.442 2590 2590 W dex2oat : Unexpected CPU variant for X86 using defaults: x86_64
01-15 16:10:50.442 2590 2590 I dex2oat : /system/bin/dex2oat --input-vdex-fd=-1 --output-vdex-fd=13 --compiler-filter=extract --classpath-dir=/system/priv-app/Dialer --class-loader-context=PCL[]
01-15 16:10:50.554 2590 2590 I dex2oat : dex2oat took 111.952ms (111.426ms cpu) (threads: 4) arena alloc=0B (0B) java alloc=16KB (16400B) native alloc=778KB (796744B) free=1269KB (1300408B)
01-15 16:10:50.555 2484 2484 I PackageManager.DexOptimizer: Running dexopt (dexoptNeeded=1) on: /system/priv-app/ExtServices/ExtServices.apk pkg=android.ext.services isa=x86_64 dexoptFlags=public target-filter=extract oatDir=null sharedLibraries=PCL[]
01-15 16:10:50.561 2595 2595 W dex2oat : Unexpected CPU variant for X86 using defaults: x86_64
01-15 16:10:50.561 2595 2595 I dex2oat : /system/bin/dex2oat --input-vdex-fd=-1 --output-vdex-fd=13 --compiler-filter=extract --classpath-dir=/system/priv-app/ExtServices --class-loader-context=PCL[]
01-15 16:10:50.576 2595 2595 I dex2oat : dex2oat took 15.051ms (15.319ms cpu) (threads: 4) arena alloc=0B (0B) java alloc=16KB (16400B) native alloc=1141KB (1169008B) free=1418KB (1452432B)
01-15 16:10:50.577 2484 2484 I PackageManager.DexOptimizer: Running dexopt (dexoptNeeded=1) on: /system/priv-app/PackageInstaller/PackageInstaller.apk pkg=com.android.packageinstaller isa=x86_64 dexoptFlags=public target-filter=extract oatDir=null sharedLibraries=PCL[]
01-15 16:10:50.583 2600 2600 W dex2oat : Unexpected CPU variant for X86 using defaults: x86_64
01-15 16:10:50.583 2600 2600 I dex2oat : /system/bin/dex2oat --input-vdex-fd=-1 --output-vdex-fd=13 --compiler-filter=extract --classpath-dir=/system/priv-app/PackageInstaller --class-loader-context=PCL[]
01-15 16:10:50.584 2600 2600 W dex2oat : Could not reserve sentinel fault page
01-15 16:10:50.629 2600 2600 I dex2oat : dex2oat took 46.603ms (46.583ms cpu) (threads: 4) arena alloc=0B (0B) java alloc=16KB (16400B) native alloc=1138KB (1166064B) free=1421KB (1455376B)
01-15 16:10:50.631 2484 2484 I PackageManager.DexOptimizer: Running dexopt (dexoptNeeded=1) on: /system/priv-app/ProxyHandler/ProxyHandler.apk pkg=com.android.proxyhandler isa=x86_64 dexoptFlags=public target-filter=extract oatDir=null sharedLibraries=PCL[]
01-15 16:10:50.636 2605 2605 W dex2oat : Unexpected CPU variant for X86 using defaults: x86_64
01-15 16:10:50.636 2605 2605 I dex2oat : /system/bin/dex2oat --input-vdex-fd=-1 --output-vdex-fd=13 --compiler-filter=extract --classpath-dir=/system/priv-app/ProxyHandler --class-loader-context=PCL[]
01-15 16:10:50.651 2605 2605 I dex2oat : dex2oat took 14.987ms (15.277ms cpu) (threads: 4) arena alloc=0B (0B) java alloc=16KB (16400B) native alloc=1121KB (1148208B) free=926KB (948944B)
01-15 16:10:50.652 2484 2484 I PackageManager.DexOptimizer: Running dexopt (dexoptNeeded=1) on: /system/app/LatinIME/LatinIME.apk pkg=com.android.inputmethod.latin isa=x86_64 dexoptFlags=public target-filter=extract oatDir=null sharedLibraries=PCL[]
01-15 16:10:50.658 2610 2610 W dex2oat : Unexpected CPU variant for X86 using defaults: x86_64
01-15 16:10:50.658 2610 2610 I dex2oat : /system/bin/dex2oat --input-vdex-fd=-1 --output-vdex-fd=13 --compiler-filter=extract --classpath-dir=/system/app/LatinIME --class-loader-context=PCL[]
01-15 16:10:50.687 2610 2610 I dex2oat : dex2oat took 29.169ms (29.363ms cpu) (threads: 4) arena alloc=0B (0B) java alloc=16KB (16400B) native alloc=1180KB (1208944B) free=1379KB (1412496B)
01-15 16:10:50.689 2484 2484 I PackageManager.DexOptimizer: Running dexopt (dexoptNeeded=1) on: /system/priv-app/Settings/Settings.apk pkg=com.android.settings isa=x86_64 dexoptFlags=public target-filter=extract oatDir=null sharedLibraries=PCL[]
01-15 16:10:50.695 2616 2616 W dex2oat : Unexpected CPU variant for X86 using defaults: x86_64
01-15 16:10:50.695 2616 2616 I dex2oat : /system/bin/dex2oat --input-vdex-fd=-1 --output-vdex-fd=13 --compiler-filter=extract --classpath-dir=/system/priv-app/Settings --class-loader-context=PCL[]
01-15 16:10:50.791 2616 2616 I dex2oat : dex2oat took 95.700ms (95.883ms cpu) (threads: 4) arena alloc=0B (0B) java alloc=16KB (16400B) native alloc=729KB (746760B) free=1830KB (1874680B)
01-15 16:10:50.794 2484 2484 I PackageManager.DexOptimizer: Running dexopt (dexoptNeeded=1) on: /system/priv-app/TeleService/TeleService.apk pkg=com.android.phone isa=x86_64 dexoptFlags=public target-filter=extract oatDir=null sharedLibraries=PCL[]
01-15 16:10:50.799 2621 2621 W dex2oat : Unexpected CPU variant for X86 using defaults: x86_64
01-15 16:10:50.799 2621 2621 I dex2oat : /system/bin/dex2oat --input-vdex-fd=-1 --output-vdex-fd=13 --compiler-filter=extract --classpath-dir=/system/priv-app/TeleService --class-loader-context=PCL[]
01-15 16:10:50.841 2621 2621 I dex2oat : dex2oat took 41.607ms (41.794ms cpu) (threads: 4) arena alloc=0B (0B) java alloc=16KB (16400B) native alloc=1073KB (1099184B) free=1486KB (1522256B)
01-15 16:10:50.842 2484 2484 I PackageManager.DexOptimizer: Running dexopt (dexoptNeeded=1) on: /system/priv-app/Shell/Shell.apk pkg=com.android.shell isa=x86_64 dexoptFlags=public target-filter=extract oatDir=null sharedLibraries=PCL[]
01-15 16:10:50.848 2626 2626 W dex2oat : Unexpected CPU variant for X86 using defaults: x86_64
01-15 16:10:50.848 2626 2626 I dex2oat : /system/bin/dex2oat --input-vdex-fd=-1 --output-vdex-fd=13 --compiler-filter=extract --classpath-dir=/system/priv-app/Shell --class-loader-context=PCL[]
01-15 16:10:50.866 2626 2626 I dex2oat : dex2oat took 18.494ms (18.730ms cpu) (threads: 4) arena alloc=0B (0B) java alloc=16KB (16400B) native alloc=1202KB (1231216B) free=1357KB (1390224B)
01-15 16:10:50.867 2484 2484 I PackageManager.DexOptimizer: Running dexopt (dexoptNeeded=1) on: /system/priv-app/FusedLocation/FusedLocation.apk pkg=com.android.location.fused isa=x86_64 dexoptFlags=public target-filter=extract oatDir=null sharedLibraries=PCL[/system/framework/com.android.location.provider.jar]
01-15 16:10:50.873 2631 2631 W dex2oat : Unexpected CPU variant for X86 using defaults: x86_64
01-15 16:10:50.873 2631 2631 I dex2oat : /system/bin/dex2oat --input-vdex-fd=-1 --output-vdex-fd=13 --compiler-filter=extract --classpath-dir=/system/priv-app/FusedLocation --class-loader-context=PCL[/system/framework/com.android.location.provider.jar]
01-15 16:10:50.889 2631 2631 I dex2oat : dex2oat took 16.302ms (16.473ms cpu) (threads: 4) arena alloc=0B (0B) java alloc=16KB (16400B) native alloc=1024KB (1048976B) free=1023KB (1048176B)
01-15 16:10:50.890 2484 2484 I PackageManager.DexOptimizer: Running dexopt (dexoptNeeded=1) on: /system/priv-app/SystemUI/SystemUI.apk pkg=com.android.systemui isa=x86_64 dexoptFlags=public target-filter=extract oatDir=null sharedLibraries=PCL[]
01-15 16:10:50.896 2636 2636 W dex2oat : Unexpected CPU variant for X86 using defaults: x86_64
01-15 16:10:50.896 2636 2636 I dex2oat : /system/bin/dex2oat --input-vdex-fd=-1 --output-vdex-fd=13 --compiler-filter=extract --classpath-dir=/system/priv-app/SystemUI --class-loader-context=PCL[]
01-15 16:10:51.002 2636 2636 I dex2oat : dex2oat took 106.681ms (106.834ms cpu) (threads: 4) arena alloc=0B (0B) java alloc=16KB (16400B) native alloc=729KB (746856B) free=1830KB (1874584B)
01-15 16:10:51.004 2484 2484 I PackageManager.DexOptimizer: Running dexopt (dexoptNeeded=1) on: /system/app/YouTube/YouTube.apk pkg=com.google.android.youtube isa=x86_64 dexoptFlags=public target-filter=extract oatDir=null sharedLibraries=PCL[]
01-15 16:10:51.010 2641 2641 W dex2oat : Unexpected CPU variant for X86 using defaults: x86_64
01-15 16:10:51.010 2641 2641 I dex2oat : /system/bin/dex2oat --input-vdex-fd=-1 --output-vdex-fd=13 --compiler-filter=extract --classpath-dir=/system/app/YouTube --class-loader-context=PCL[]
01-15 16:10:51.290 2641 2641 I dex2oat : Explicit concurrent copying GC freed 7(15KB) AllocSpace objects, 0(0B) LOS objects, 99% free, 632B/1536KB, paused 13us total 1.146ms
01-15 16:10:51.293 2641 2641 I dex2oat : Explicit concurrent copying GC freed 7(15KB) AllocSpace objects, 0(0B) LOS objects, 99% free, 936B/1536KB, paused 15us total 1.600ms
01-15 16:10:51.296 2641 2641 I dex2oat : dex2oat took 286.403ms (281.982ms cpu) (threads: 4) arena alloc=0B (0B) java alloc=936B (936B) native alloc=800KB (820128B) free=1759KB (1801312B)
01-15 16:10:51.298 2484 2484 I PackageManager.DexOptimizer: Running dexopt (dexoptNeeded=1) on: /system/app/RSSReader/RSSReader.apk pkg=com.example.android.rssreader isa=x86_64 dexoptFlags=public target-filter=extract oatDir=null sharedLibraries=PCL[]
01-15 16:10:51.303 2649 2649 W dex2oat : Unexpected CPU variant for X86 using defaults: x86_64
01-15 16:10:51.304 2649 2649 I dex2oat : /system/bin/dex2oat --input-vdex-fd=-1 --output-vdex-fd=13 --compiler-filter=extract --classpath-dir=/system/app/RSSReader --class-loader-context=PCL[]
01-15 16:10:51.318 2649 2649 I dex2oat : dex2oat took 14.667ms (14.859ms cpu) (threads: 4) arena alloc=0B (0B) java alloc=16KB (16400B) native alloc=1141KB (1168816B) free=1418KB (1452624B)
01-15 16:10:51.319 2484 2484 I PackageManager.DexOptimizer: Running dexopt (dexoptNeeded=1) on: /system/priv-app/AnalyticsService/AnalyticsService.apk pkg=org.android_x86.analytics isa=x86_64 dexoptFlags=public target-filter=extract oatDir=null sharedLibraries=PCL[]
01-15 16:10:51.325 2654 2654 W dex2oat : Unexpected CPU variant for X86 using defaults: x86_64
01-15 16:10:51.325 2654 2654 I dex2oat : /system/bin/dex2oat --input-vdex-fd=-1 --output-vdex-fd=13 --compiler-filter=extract --classpath-dir=/system/priv-app/AnalyticsService --class-loader-context=PCL[]
01-15 16:10:51.342 2654 2654 I dex2oat : dex2oat took 17.083ms (17.126ms cpu) (threads: 4) arena alloc=0B (0B) java alloc=16KB (16400B) native alloc=1201KB (1230512B) free=1358KB (1390928B)
01-15 16:10:51.344 2484 2484 I PackageManager.DexOptimizer: Running dexopt (dexoptNeeded=1) on: /system/priv-app/Velvet/Velvet.apk pkg=com.google.android.googlequicksearchbox isa=x86 dexoptFlags=public target-filter=extract oatDir=null sharedLibraries=PCL[]
01-15 16:10:51.350 2659 2659 W dex2oat : Unexpected CPU variant for X86 using defaults: x86_64
01-15 16:10:51.350 2659 2659 W dex2oat : Mismatch between dex2oat instruction set features (ISA: X86 Feature string: -ssse3,-sse4.1,-sse4.2,-avx,-avx2,-popcnt) and those of dex2oat executable (ISA: X86 Feature string: ssse3,sse4.1,sse4.2,-avx,-avx2,popcnt) for the command line:
01-15 16:10:51.350 2659 2659 W dex2oat : /system/bin/dex2oat --zip-fd=11 --zip-location=Velvet.apk --input-vdex-fd=-1 --output-vdex-fd=13 --oat-fd=12 --oat-location=/data/dalvik-cache/x86/system@priv-app@Velvet@Velvet.apk@classes.dex --instruction-set=x86 --instruction-set-variant=x86_64 --instruction-set-features=default --runtime-arg -Xms64m --runtime-arg -Xmx512m --compiler-filter=extract --swap-fd=14 --classpath-dir=/system/priv-app/Velvet --class-loader-context=PCL[]
01-15 16:10:51.350 2659 2659 I dex2oat : /system/bin/dex2oat --input-vdex-fd=-1 --output-vdex-fd=13 --compiler-filter=extract --classpath-dir=/system/priv-app/Velvet --class-loader-context=PCL[]
01-15 16:10:51.883 2659 2659 I dex2oat : Large app, accepted running with swap.
01-15 16:10:51.885 2659 2659 I dex2oat : Explicit concurrent copying GC freed 8(15KB) AllocSpace objects, 0(0B) LOS objects, 99% free, 768B/1536KB, paused 12us total 1.219ms
01-15 16:10:51.887 2659 2659 I dex2oat : Explicit concurrent copying GC freed 8(15KB) AllocSpace objects, 0(0B) LOS objects, 99% free, 1208B/1537KB, paused 7us total 1.148ms
01-15 16:10:51.888 2659 2659 I dex2oat : Explicit concurrent copying GC freed 8(15KB) AllocSpace objects, 0(0B) LOS objects, 99% free, 1648B/1537KB, paused 7us total 1.125ms
01-15 16:10:51.893 2659 2659 I dex2oat : dex2oat took 543.481ms (534.654ms cpu) (threads: 4) arena alloc=0B (0B) java alloc=1648B (1648B) native alloc=935KB (958336B) free=2MB (2187392B) swap=16MB (16777216B)
01-15 16:10:51.896 2484 2484 I PackageManager.DexOptimizer: Running dexopt (dexoptNeeded=1) on: /system/priv-app/CalendarProvider/CalendarProvider.apk pkg=com.android.providers.calendar isa=x86_64 dexoptFlags=public target-filter=extract oatDir=null sharedLibraries=PCL[/system/framework/android.test.mock.jar:/system/framework/android.test.runner.jar]
01-15 16:10:51.902 2673 2673 W dex2oat : Unexpected CPU variant for X86 using defaults: x86_64
01-15 16:10:51.902 2673 2673 I dex2oat : /system/bin/dex2oat --input-vdex-fd=-1 --output-vdex-fd=13 --compiler-filter=extract --classpath-dir=/system/priv-app/CalendarProvider --class-loader-context=PCL[/system/framework/android.test.mock.jar:/system/framework/android.test.runner.jar]
01-15 16:10:51.927 2673 2673 I dex2oat : dex2oat took 25.039ms (25.033ms cpu) (threads: 4) arena alloc=0B (0B) java alloc=16KB (16400B) native alloc=1167KB (1195728B) free=1392KB (1425712B)
01-15 16:10:51.928 2484 2484 I PackageManager.DexOptimizer: Running dexopt (dexoptNeeded=1) on: /system/priv-app/MediaProvider/MediaProvider.apk pkg=com.android.providers.media isa=x86_64 dexoptFlags=public target-filter=extract oatDir=null sharedLibraries=PCL[]
01-15 16:10:51.934 2678 2678 W dex2oat : Unexpected CPU variant for X86 using defaults: x86_64
01-15 16:10:51.934 2678 2678 I dex2oat : /system/bin/dex2oat --input-vdex-fd=-1 --output-vdex-fd=13 --compiler-filter=extract --classpath-dir=/system/priv-app/MediaProvider --class-loader-context=PCL[]
01-15 16:10:51.952 2678 2678 I dex2oat : dex2oat took 18.137ms (18.389ms cpu) (threads: 4) arena alloc=0B (0B) java alloc=16KB (16400B) native alloc=1211KB (1240112B) free=1348KB (1381328B)
01-15 16:10:51.953 2484 2484 I PackageManager.DexOptimizer: Running dexopt (dexoptNeeded=1) on: /system/priv-app/GoogleOneTimeInitializer/GoogleOneTimeInitializer.apk pkg=com.google.android.onetimeinitializer isa=x86_64 dexoptFlags=public target-filter=extract oatDir=null sharedLibraries=PCL[]
01-15 16:10:51.960 2683 2683 W dex2oat : Unexpected CPU variant for X86 using defaults: x86_64
01-15 16:10:51.960 2683 2683 I dex2oat : /system/bin/dex2oat --input-vdex-fd=-1 --output-vdex-fd=13 --compiler-filter=extract --classpath-dir=/system/priv-app/GoogleOneTimeInitializer --class-loader-context=PCL[]
01-15 16:10:51.976 2683 2683 I dex2oat : dex2oat took 16.639ms (16.686ms cpu) (threads: 4) arena alloc=0B (0B) java alloc=16KB (16400B) native alloc=1212KB (1241520B) free=1347KB (1379920B)
01-15 16:10:51.978 2484 2484 I PackageManager.DexOptimizer: Running dexopt (dexoptNeeded=1) on: /system/priv-app/WallpaperCropper/WallpaperCropper.apk pkg=com.android.wallpapercropper isa=x86_64 dexoptFlags=public target-filter=extract oatDir=null sharedLibraries=PCL[]
01-15 16:10:51.983 2688 2688 W dex2oat : Unexpected CPU variant for X86 using defaults: x86_64
01-15 16:10:51.983 2688 2688 I dex2oat : /system/bin/dex2oat --input-vdex-fd=-1 --output-vdex-fd=13 --compiler-filter=extract --classpath-dir=/system/priv-app/WallpaperCropper --class-loader-context=PCL[]
01-15 16:10:52.000 2688 2688 I dex2oat : dex2oat took 16.913ms (16.801ms cpu) (threads: 4) arena alloc=0B (0B) java alloc=16KB (16400B) native alloc=1210KB (1239216B) free=1349KB (1382224B)
01-15 16:10:52.001 2484 2484 I PackageManager.DexOptimizer: Running dexopt (dexoptNeeded=1) on: /system/priv-app/DocumentsUI/DocumentsUI.apk pkg=com.android.documentsui isa=x86_64 dexoptFlags=public target-filter=extract oatDir=null sharedLibraries=PCL[]
01-15 16:10:52.007 2693 2693 W dex2oat : Unexpected CPU variant for X86 using defaults: x86_64
01-15 16:10:52.007 2693 2693 I dex2oat : /system/bin/dex2oat --input-vdex-fd=-1 --output-vdex-fd=13 --compiler-filter=extract --classpath-dir=/system/priv-app/DocumentsUI --class-loader-context=PCL[]
01-15 16:10:52.008 2693 2693 W dex2oat : Could not reserve sentinel fault page
01-15 16:10:52.057 2693 2693 I dex2oat : dex2oat took 50.049ms (50.081ms cpu) (threads: 4) arena alloc=0B (0B) java alloc=16KB (16400B) native alloc=665KB (681968B) free=1894KB (1939472B)
01-15 16:10:52.058 2484 2484 I PackageManager.DexOptimizer: Running dexopt (dexoptNeeded=1) on: /system/priv-app/ExternalStorageProvider/ExternalStorageProvider.apk pkg=com.android.externalstorage isa=x86_64 dexoptFlags=public target-filter=extract oatDir=null sharedLibraries=PCL[]
01-15 16:10:52.064 2698 2698 W dex2oat : Unexpected CPU variant for X86 using defaults: x86_64
01-15 16:10:52.064 2698 2698 I dex2oat : /system/bin/dex2oat --input-vdex-fd=-1 --output-vdex-fd=13 --compiler-filter=extract --classpath-dir=/system/priv-app/ExternalStorageProvider --class-loader-context=PCL[]
01-15 16:10:52.079 2698 2698 I dex2oat : dex2oat took 15.134ms (15.330ms cpu) (threads: 4) arena alloc=0B (0B) java alloc=16KB (16400B) native alloc=1189KB (1218352B) free=1370KB (1403088B)
01-15 16:10:52.081 2484 2484 I PackageManager.DexOptimizer: Running dexopt (dexoptNeeded=1) on: /system/app/HTMLViewer/HTMLViewer.apk pkg=com.android.htmlviewer isa=x86_64 dexoptFlags=public target-filter=extract oatDir=null sharedLibraries=PCL[]
01-15 16:10:52.086 2703 2703 W dex2oat : Unexpected CPU variant for X86 using defaults: x86_64
01-15 16:10:52.087 2703 2703 I dex2oat : /system/bin/dex2oat --input-vdex-fd=-1 --output-vdex-fd=13 --compiler-filter=extract --classpath-dir=/system/app/HTMLViewer --class-loader-context=PCL[]
01-15 16:10:52.101 2703 2703 I dex2oat : dex2oat took 14.738ms (14.975ms cpu) (threads: 4) arena alloc=0B (0B) java alloc=16KB (16400B) native alloc=1021KB (1045936B) free=1026KB (1051216B)
01-15 16:10:52.102 2484 2484 I PackageManager.DexOptimizer: Running dexopt (dexoptNeeded=1) on: /system/app/CompanionDeviceManager/CompanionDeviceManager.apk pkg=com.android.companiondevicemanager isa=x86_64 dexoptFlags=public target-filter=extract oatDir=null sharedLibraries=PCL[]
01-15 16:10:52.108 2708 2708 W dex2oat : Unexpected CPU variant for X86 using defaults: x86_64
01-15 16:10:52.108 2708 2708 I dex2oat : /system/bin/dex2oat --input-vdex-fd=-1 --output-vdex-fd=13 --compiler-filter=extract --classpath-dir=/system/app/CompanionDeviceManager --class-loader-context=PCL[]
01-15 16:10:52.124 2708 2708 I dex2oat : dex2oat took 15.863ms (15.787ms cpu) (threads: 4) arena alloc=0B (0B) java alloc=16KB (16400B) native alloc=1025KB (1050288B) free=1022KB (1046864B)
01-15 16:10:52.126 2484 2484 I PackageManager.DexOptimizer: Running dexopt (dexoptNeeded=1) on: /system/priv-app/DownloadProvider/DownloadProvider.apk pkg=com.android.providers.downloads isa=x86_64 dexoptFlags=public target-filter=extract oatDir=null sharedLibraries=PCL[]
01-15 16:10:52.132 2713 2713 W dex2oat : Unexpected CPU variant for X86 using defaults: x86_64
01-15 16:10:52.132 2713 2713 I dex2oat : /system/bin/dex2oat --input-vdex-fd=-1 --output-vdex-fd=13 --compiler-filter=extract --classpath-dir=/system/priv-app/DownloadProvider --class-loader-context=PCL[]
01-15 16:10:52.154 2713 2713 I dex2oat : dex2oat took 21.929ms (22.119ms cpu) (threads: 4) arena alloc=0B (0B) java alloc=16KB (16400B) native alloc=1149KB (1177520B) free=1410KB (1443920B)
01-15 16:10:52.155 2484 2484 I PackageManager.DexOptimizer: Running dexopt (dexoptNeeded=1) on: /system/priv-app/ConfigUpdater/ConfigUpdater.apk pkg=com.google.android.configupdater isa=x86_64 dexoptFlags=public target-filter=extract oatDir=null sharedLibraries=PCL[]
01-15 16:10:52.161 2718 2718 W dex2oat : Unexpected CPU variant for X86 using defaults: x86_64
01-15 16:10:52.161 2718 2718 I dex2oat : /system/bin/dex2oat --input-vdex-fd=-1 --output-vdex-fd=13 --compiler-filter=extract --classpath-dir=/system/priv-app/ConfigUpdater --class-loader-context=PCL[]
01-15 16:10:52.247 2718 2718 I dex2oat : dex2oat took 86.040ms (84.391ms cpu) (threads: 4) arena alloc=0B (0B) java alloc=16KB (16400B) native alloc=679KB (695512B) free=1880KB (1925928B)
01-15 16:10:52.248 2484 2484 I PackageManager.DexOptimizer: Running dexopt (dexoptNeeded=1) on: /system/app/DownloadProviderUi/DownloadProviderUi.apk pkg=com.android.providers.downloads.ui isa=x86_64 dexoptFlags=public target-filter=extract oatDir=null sharedLibraries=PCL[]
01-15 16:10:52.254 2723 2723 W dex2oat : Unexpected CPU variant for X86 using defaults: x86_64
01-15 16:10:52.254 2723 2723 I dex2oat : /system/bin/dex2oat --input-vdex-fd=-1 --output-vdex-fd=13 --compiler-filter=extract --classpath-dir=/system/app/DownloadProviderUi --class-loader-context=PCL[]
01-15 16:10:52.268 2723 2723 I dex2oat : dex2oat took 14.683ms (14.842ms cpu) (threads: 4) arena alloc=0B (0B) java alloc=16KB (16400B) native alloc=1001KB (1025648B) free=1046KB (1071504B)
01-15 16:10:52.270 2484 2484 I PackageManager.DexOptimizer: Running dexopt (dexoptNeeded=1) on: /system/priv-app/Phonesky/Phonesky.apk pkg=com.android.vending isa=x86_64 dexoptFlags=public target-filter=extract oatDir=null sharedLibraries=PCL[]
01-15 16:10:52.275 2728 2728 W dex2oat : Unexpected CPU variant for X86 using defaults: x86_64
01-15 16:10:52.275 2728 2728 I dex2oat : /system/bin/dex2oat --input-vdex-fd=-1 --output-vdex-fd=13 --compiler-filter=extract --classpath-dir=/system/priv-app/Phonesky --class-loader-context=PCL[]
01-15 16:10:52.440 2728 2728 I dex2oat : dex2oat took 164.487ms (164.629ms cpu) (threads: 4) arena alloc=0B (0B) java alloc=16KB (16400B) native alloc=728KB (745928B) free=1831KB (1875512B)
01-15 16:10:52.441 2484 2484 I PackageManager.DexOptimizer: Running dexopt (dexoptNeeded=1) on: /system/app/PacProcessor/PacProcessor.apk pkg=com.android.pacprocessor isa=x86_64 dexoptFlags=public target-filter=extract oatDir=null sharedLibraries=PCL[]
01-15 16:10:52.447 2733 2733 W dex2oat : Unexpected CPU variant for X86 using defaults: x86_64
01-15 16:10:52.448 2733 2733 I dex2oat : /system/bin/dex2oat --input-vdex-fd=-1 --output-vdex-fd=13 --compiler-filter=extract --classpath-dir=/system/app/PacProcessor --class-loader-context=PCL[]
01-15 16:10:52.464 2733 2733 I dex2oat : dex2oat took 16.471ms (16.500ms cpu) (threads: 4) arena alloc=0B (0B) java alloc=16KB (16400B) native alloc=1001KB (1025584B) free=1046KB (1071568B)
01-15 16:10:52.465 2484 2484 I PackageManager.DexOptimizer: Running dexopt (dexoptNeeded=1) on: /system/app/CertInstaller/CertInstaller.apk pkg=com.android.certinstaller isa=x86_64 dexoptFlags=public target-filter=extract oatDir=null sharedLibraries=PCL[]
01-15 16:10:52.471 2738 2738 W dex2oat : Unexpected CPU variant for X86 using defaults: x86_64
01-15 16:10:52.471 2738 2738 I dex2oat : /system/bin/dex2oat --input-vdex-fd=-1 --output-vdex-fd=13 --compiler-filter=extract --classpath-dir=/system/app/CertInstaller --class-loader-context=PCL[]
01-15 16:10:52.486 2738 2738 I dex2oat : dex2oat took 15.522ms (15.655ms cpu) (threads: 4) arena alloc=0B (0B) java alloc=16KB (16400B) native alloc=1139KB (1166512B) free=1420KB (1454928B)
01-15 16:10:52.487 2484 2484 I PackageManager.DexOptimizer: Running dexopt (dexoptNeeded=1) on: /system/priv-app/CarrierConfig/CarrierConfig.apk pkg=com.android.carrierconfig isa=x86_64 dexoptFlags=public target-filter=extract oatDir=null sharedLibraries=PCL[]
01-15 16:10:52.493 2743 2743 W dex2oat : Unexpected CPU variant for X86 using defaults: x86_64
01-15 16:10:52.493 2743 2743 I dex2oat : /system/bin/dex2oat --input-vdex-fd=-1 --output-vdex-fd=13 --compiler-filter=extract --classpath-dir=/system/priv-app/CarrierConfig --class-loader-context=PCL[]
01-15 16:10:52.508 2743 2743 I dex2oat : dex2oat took 15.539ms (15.472ms cpu) (threads: 4) arena alloc=0B (0B) java alloc=16KB (16400B) native alloc=1001KB (1025360B) free=1046KB (1071792B)
01-15 16:10:52.510 2484 2484 I PackageManager.DexOptimizer: Running dexopt (dexoptNeeded=1) on: /system/priv-app/Contacts/Contacts.apk pkg=com.android.contacts isa=x86_64 dexoptFlags=public target-filter=extract oatDir=null sharedLibraries=PCL[]
01-15 16:10:52.515 2748 2748 W dex2oat : Unexpected CPU variant for X86 using defaults: x86_64
01-15 16:10:52.516 2748 2748 I dex2oat : /system/bin/dex2oat --input-vdex-fd=-1 --output-vdex-fd=13 --compiler-filter=extract --classpath-dir=/system/priv-app/Contacts --class-loader-context=PCL[]
01-15 16:10:52.592 2748 2748 I dex2oat : dex2oat took 76.224ms (76.336ms cpu) (threads: 4) arena alloc=0B (0B) java alloc=16KB (16400B) native alloc=679KB (695656B) free=1880KB (1925784B)
01-15 16:10:52.593 2484 2484 I PackageManager.DexOptimizer: Running dexopt (dexoptNeeded=1) on: /system/app/Camera2/Camera2.apk pkg=com.android.camera2 isa=x86_64 dexoptFlags=public target-filter=extract oatDir=null sharedLibraries=PCL[]
01-15 16:10:52.599 2753 2753 W dex2oat : Unexpected CPU variant for X86 using defaults: x86_64
01-15 16:10:52.599 2753 2753 I dex2oat : /system/bin/dex2oat --input-vdex-fd=-1 --output-vdex-fd=13 --compiler-filter=extract --classpath-dir=/system/app/Camera2 --class-loader-context=PCL[]
01-15 16:10:52.652 2753 2753 I dex2oat : dex2oat took 53.777ms (53.372ms cpu) (threads: 4) arena alloc=0B (0B) java alloc=16KB (16400B) native alloc=691KB (708232B) free=1868KB (1913208B)
01-15 16:10:52.654 2484 2484 I PackageManager.DexOptimizer: Running dexopt (dexoptNeeded=1) on: /system/app/EasterEgg/EasterEgg.apk pkg=com.android.egg isa=x86_64 dexoptFlags=public target-filter=extract oatDir=null sharedLibraries=PCL[]
01-15 16:10:52.659 2758 2758 W dex2oat : Unexpected CPU variant for X86 using defaults: x86_64
01-15 16:10:52.659 2758 2758 I dex2oat : /system/bin/dex2oat --input-vdex-fd=-1 --output-vdex-fd=13 --compiler-filter=extract --classpath-dir=/system/app/EasterEgg --class-loader-context=PCL[]
01-15 16:10:52.680 2758 2758 I dex2oat : dex2oat took 21.270ms (21.411ms cpu) (threads: 4) arena alloc=0B (0B) java alloc=16KB (16400B) native alloc=1146KB (1174128B) free=1413KB (1447312B)
01-15 16:10:52.682 2484 2484 I PackageManager.DexOptimizer: Running dexopt (dexoptNeeded=1) on: /system/priv-app/MtpDocumentsProvider/MtpDocumentsProvider.apk pkg=com.android.mtp isa=x86_64 dexoptFlags=public target-filter=extract oatDir=null sharedLibraries=PCL[]
01-15 16:10:52.687 2763 2763 W dex2oat : Unexpected CPU variant for X86 using defaults: x86_64
01-15 16:10:52.687 2763 2763 I dex2oat : /system/bin/dex2oat --input-vdex-fd=-1 --output-vdex-fd=13 --compiler-filter=extract --classpath-dir=/system/priv-app/MtpDocumentsProvider --class-loader-context=PCL[]
01-15 16:10:52.704 2763 2763 I dex2oat : dex2oat took 16.881ms (16.864ms cpu) (threads: 4) arena alloc=0B (0B) java alloc=16KB (16400B) native alloc=1162KB (1190576B) free=1397KB (1430864B)
01-15 16:10:52.705 2484 2484 I PackageManager.DexOptimizer: Running dexopt (dexoptNeeded=1) on: /system/priv-app/Launcher3/Launcher3.apk pkg=com.android.launcher3 isa=x86_64 dexoptFlags=public target-filter=extract oatDir=null sharedLibraries=PCL[]
01-15 16:10:52.713 2768 2768 W dex2oat : Unexpected CPU variant for X86 using defaults: x86_64
01-15 16:10:52.713 2768 2768 I dex2oat : /system/bin/dex2oat --input-vdex-fd=-1 --output-vdex-fd=13 --compiler-filter=extract --classpath-dir=/system/priv-app/Launcher3 --class-loader-context=PCL[]
01-15 16:10:52.750 2768 2768 I dex2oat : dex2oat took 37.711ms (37.763ms cpu) (threads: 4) arena alloc=0B (0B) java alloc=16KB (16400B) native alloc=1107KB (1133680B) free=1452KB (1487760B)
01-15 16:10:52.752 2484 2484 I PackageManager.DexOptimizer: Running dexopt (dexoptNeeded=1) on: /system/priv-app/BackupRestoreConfirmation/BackupRestoreConfirmation.apk pkg=com.android.backupconfirm isa=x86_64 dexoptFlags=public target-filter=extract oatDir=null sharedLibraries=PCL[]
01-15 16:10:52.757 2773 2773 W dex2oat : Unexpected CPU variant for X86 using defaults: x86_64
01-15 16:10:52.757 2773 2773 I dex2oat : /system/bin/dex2oat --input-vdex-fd=-1 --output-vdex-fd=13 --compiler-filter=extract --classpath-dir=/system/priv-app/BackupRestoreConfirmation --class-loader-context=PCL[]
01-15 16:10:52.772 2773 2773 I dex2oat : dex2oat took 14.835ms (15.021ms cpu) (threads: 4) arena alloc=0B (0B) java alloc=16KB (16400B) native alloc=1001KB (1025840B) free=1046KB (1071312B)
01-15 16:10:52.773 2484 2484 I PackageManager.DexOptimizer: Running dexopt (dexoptNeeded=1) on: /system/priv-app/StatementService/StatementService.apk pkg=com.android.statementservice isa=x86_64 dexoptFlags=public target-filter=extract oatDir=null sharedLibraries=PCL[]
01-15 16:10:52.778 2778 2778 W dex2oat : Unexpected CPU variant for X86 using defaults: x86_64
01-15 16:10:52.779 2778 2778 I dex2oat : /system/bin/dex2oat --input-vdex-fd=-1 --output-vdex-fd=13 --compiler-filter=extract --classpath-dir=/system/priv-app/StatementService --class-loader-context=PCL[]
01-15 16:10:52.796 2778 2778 I dex2oat : dex2oat took 17.973ms (17.577ms cpu) (threads: 4) arena alloc=0B (0B) java alloc=16KB (16400B) native alloc=1202KB (1231792B) free=1357KB (1389648B)
01-15 16:10:52.798 2484 2484 I PackageManager.DexOptimizer: Running dexopt (dexoptNeeded=1) on: /system/app/Gmail2/Gmail2.apk pkg=com.google.android.gm isa=x86_64 dexoptFlags=public target-filter=extract oatDir=null sharedLibraries=PCL[]
01-15 16:10:52.804 2783 2783 W dex2oat : Unexpected CPU variant for X86 using defaults: x86_64
01-15 16:10:52.804 2783 2783 I dex2oat : /system/bin/dex2oat --input-vdex-fd=-1 --output-vdex-fd=13 --compiler-filter=extract --classpath-dir=/system/app/Gmail2 --class-loader-context=PCL[]
01-15 16:10:52.954 2783 2783 I dex2oat : dex2oat took 150.179ms (149.775ms cpu) (threads: 4) arena alloc=0B (0B) java alloc=16KB (16400B) native alloc=725KB (742568B) free=1834KB (1878872B)
01-15 16:10:52.955 2484 2484 I PackageManager.DexOptimizer: Running dexopt (dexoptNeeded=1) on: /system/app/Calendar/Calendar.apk pkg=com.android.calendar isa=x86_64 dexoptFlags=public target-filter=extract oatDir=null sharedLibraries=PCL[]
01-15 16:10:52.962 2788 2788 W dex2oat : Unexpected CPU variant for X86 using defaults: x86_64
01-15 16:10:52.962 2788 2788 I dex2oat : /system/bin/dex2oat --input-vdex-fd=-1 --output-vdex-fd=13 --compiler-filter=extract --classpath-dir=/system/app/Calendar --class-loader-context=PCL[]
01-15 16:10:52.991 2788 2788 I dex2oat : dex2oat took 29.405ms (29.586ms cpu) (threads: 4) arena alloc=0B (0B) java alloc=16KB (16400B) native alloc=1184KB (1213040B) free=1375KB (1408400B)
01-15 16:10:52.993 2484 2484 I PackageManager.DexOptimizer: Running dexopt (dexoptNeeded=1) on: /system/priv-app/SetupWizard/SetupWizard.apk pkg=com.google.android.setupwizard isa=x86_64 dexoptFlags=public target-filter=extract oatDir=null sharedLibraries=PCL[]
01-15 16:10:52.998 2793 2793 W dex2oat : Unexpected CPU variant for X86 using defaults: x86_64
01-15 16:10:52.999 2793 2793 I dex2oat : /system/bin/dex2oat --input-vdex-fd=-1 --output-vdex-fd=13 --compiler-filter=extract --classpath-dir=/system/priv-app/SetupWizard --class-loader-context=PCL[]
01-15 16:10:53.062 2793 2793 I dex2oat : dex2oat took 63.472ms (61.363ms cpu) (threads: 4) arena alloc=0B (0B) java alloc=16KB (16400B) native alloc=688KB (704600B) free=1871KB (1916840B)
01-15 16:10:53.063 2484 2484 I PackageManager.DexOptimizer: Running dexopt (dexoptNeeded=1) on: /system/priv-app/SharedStorageBackup/SharedStorageBackup.apk pkg=com.android.sharedstoragebackup isa=x86_64 dexoptFlags=public target-filter=extract oatDir=null sharedLibraries=PCL[]
01-15 16:10:53.069 2798 2798 W dex2oat : Unexpected CPU variant for X86 using defaults: x86_64
