01-15 16:11:31.119 4240 4240 V CAM_Profiler: [ 0.000ms][ui] GUARD: FirstRunDetector getTimeOfFirstRun - START
01-15 16:11:31.121 4240 4240 V CAM_Profiler: [ 2.460ms][ui] GUARD: FirstRunDetector getTimeOfFirstRun - [ 2.460ms] PreferenceManager.getDefaultSharedPreferences
01-15 16:11:31.124 3713 3997 V Backup : [PreLComponentEnabler] Disabling Component: com.google.android.gms.backup.component.D2dPreLSourceActivity
01-15 16:11:31.124 2484 2496 D PackageManager: Ephemeral installer not found with new action; try old one
01-15 16:11:31.124 2484 2496 D PackageManager: Clear ephemeral installer activity
01-15 16:11:31.126 3713 4082 V Backup : [MigrateUtil] Clearing migrate temp dir: /data/user/0/com.google.android.gms/files/migrate_dir
01-15 16:11:31.126 4018 4018 W Finsky : [2] com.google.android.finsky.application.FinskyAppImpl.ap(1090): No account configured on this device.
01-15 16:11:31.127 4018 4018 I chatty : uid=10028(com.android.vending) identical 1 line
01-15 16:11:31.127 4018 4018 W Finsky : [2] com.google.android.finsky.application.FinskyAppImpl.ap(1090): No account configured on this device.
01-15 16:11:31.128 4204 4235 D AlarmScheduler: No events found starting within 1 week.
01-15 16:11:31.130 4018 4018 W Finsky : [2] com.google.android.finsky.application.FinskyAppImpl.ap(1090): No account configured on this device.
01-15 16:11:31.130 2368 2368 E lowmemorykiller: Error opening /dev/memcg/apps/uid_10004/pid_4074/memory.soft_limit_in_bytes; errno=2
01-15 16:11:31.130 2368 2368 E lowmemorykiller: Error opening /dev/memcg/apps/uid_10011/pid_3826/memory.soft_limit_in_bytes; errno=2
01-15 16:11:31.130 4018 4018 W Finsky : [2] com.google.android.finsky.application.FinskyAppImpl.ap(1090): No account configured on this device.
01-15 16:11:31.130 2368 2368 E lowmemorykiller: Error opening /dev/memcg/apps/uid_10046/pid_4204/memory.soft_limit_in_bytes; errno=2
01-15 16:11:31.130 2368 2368 E lowmemorykiller: Error opening /dev/memcg/apps/uid_10046/pid_4204/memory.soft_limit_in_bytes; errno=2
01-15 16:11:31.131 4240 4240 V CAM_Profiler: [ 12.094ms][ui] GUARD: FirstRunDetector getTimeOfFirstRun - [ 9.634ms] preferences.getLong
01-15 16:11:31.131 4240 4240 V CAM_Profiler: [ 12.414ms][ui] GUARD: FirstRunDetector getTimeOfFirstRun - [ 0.320ms] getSharedPreferences
01-15 16:11:31.131 4018 4018 W Finsky : [2] com.google.android.finsky.application.FinskyAppImpl.ap(1090): No account configured on this device.
01-15 16:11:31.132 4018 4018 W Finsky : [2] com.google.android.finsky.application.FinskyAppImpl.ap(1090): No account configured on this device.
01-15 16:11:31.134 2368 2368 E lowmemorykiller: Error opening /dev/memcg/apps/uid_10011/pid_3826/memory.soft_limit_in_bytes; errno=2
01-15 16:11:31.135 2484 3150 I WifiService: getWifiEnabledState uid=10018
01-15 16:11:31.135 4240 4240 V CAM_Profiler: [ 16.848ms][ui] GUARD: FirstRunDetector getTimeOfFirstRun - [ 4.434ms] preferences.edit()
01-15 16:11:31.136 4240 4240 I CAM_Profiler: [ 16.980ms][ui] GUARD: FirstRunDetector getTimeOfFirstRun - STOP
01-15 16:11:31.136 4240 4240 I CAM_Profiler: [ 19.651ms][ui] GUARD: CameraApp onCreate() - [19.651ms] initializeTimeOfFirstRun
01-15 16:11:31.136 4240 4240 V CAM_Profiler: [ 19.950ms][ui] GUARD: CameraApp onCreate() - [ 0.299ms] UsageStatistics.initialize
01-15 16:11:31.137 4240 4240 V CAM_Profiler: [ 20.762ms][ui] GUARD: CameraApp onCreate() - [ 0.812ms] clearNotifications
01-15 16:11:31.137 4240 4240 I CAM_Profiler: [ 20.762ms][ui] GUARD: CameraApp onCreate() - STOP
01-15 16:11:31.138 2358 2358 D Camera_Factory: CameraFactory::get_camera_info
01-15 16:11:31.138 2358 2358 D Camera_Factory: CameraFactory::getCameraInfo: id = 0, info = 0xffa8aaf0
01-15 16:11:31.138 2358 2358 D Camera_Factory: CameraFactory::getCameraNum: 1
01-15 16:11:31.138 2358 2358 D CameraHardware: CameraHardware::getCameraInfo
01-15 16:11:31.140 4240 4240 I CAM_DisableCamRcver: back camera found: 0
01-15 16:11:31.141 2484 3150 D PackageManager: Ephemeral installer not found with new action; try old one
01-15 16:11:31.141 2484 3150 D PackageManager: Clear ephemeral installer activity
01-15 16:11:31.147 2484 3311 I WifiService: getWifiEnabledState uid=10018
01-15 16:11:31.147 3590 3957 W Settings: Setting airplane_mode_on has moved from android.provider.Settings.System to android.provider.Settings.Global, returning read-only value.
01-15 16:11:31.147 2484 3413 I WifiService: isScanAlwaysAvailable uid=10018
01-15 16:11:31.150 4018 4018 I Finsky : [2] com.google.android.finsky.setup.at.a(229): Restore complete with 0 success and 0 failed.
01-15 16:11:31.151 4269 4269 W zygote64: Unexpected CPU variant for X86 using defaults: x86_64
01-15 16:11:31.153 3590 4201 D WearableService: onGetService - Wear is not available on this device.
01-15 16:11:31.156 2484 4044 I ActivityManager: Start proc 4269:com.android.cellbroadcastreceiver/u0a8 for broadcast com.android.cellbroadcastreceiver/.CellBroadcastReceiver
01-15 16:11:31.157 2368 2368 E lowmemorykiller: Error opening /dev/memcg/apps/uid_10049/pid_4240/memory.soft_limit_in_bytes; errno=2
01-15 16:11:31.157 2368 2368 E lowmemorykiller: Error opening /dev/memcg/apps/uid_10065/pid_3900/memory.soft_limit_in_bytes; errno=2
01-15 16:11:31.157 2368 2368 E lowmemorykiller: Error opening /dev/memcg/apps/uid_10061/pid_3870/memory.soft_limit_in_bytes; errno=2
01-15 16:11:31.157 2368 2368 E lowmemorykiller: Error opening /dev/memcg/apps/uid_1000/pid_3372/memory.soft_limit_in_bytes; errno=2
01-15 16:11:31.158 3713 4080 I Backup : [ComponentEnabler] Disabling target components
01-15 16:11:31.158 3713 4080 V Backup : [ComponentEnabler] Disabling Component: com.google.android.gms.backup.component.BackupOptInActivity
01-15 16:11:31.158 2368 2368 E lowmemorykiller: Error opening /dev/memcg/apps/uid_10008/pid_4269/memory.soft_limit_in_bytes; errno=2
01-15 16:11:31.158 2484 4136 W SchedPolicy: add_tid_to_cgroup failed to write '4269' (Permission denied); fd=25
01-15 16:11:31.161 2484 2495 D PackageManager: Ephemeral installer not found with new action; try old one
01-15 16:11:31.161 2484 2495 D PackageManager: Clear ephemeral installer activity
01-15 16:11:31.162 3713 4080 V Backup : [ComponentEnabler] Disabling Component: com.google.android.gms.backup.component.BackupSettingsActivity
01-15 16:11:31.163 2484 3413 D PackageManager: Ephemeral installer not found with new action; try old one
01-15 16:11:31.163 2484 3413 D PackageManager: Clear ephemeral installer activity
01-15 16:11:31.163 2368 2368 E lowmemorykiller: Error opening /dev/memcg/apps/uid_10028/pid_4018/memory.soft_limit_in_bytes; errno=2
01-15 16:11:31.163 3713 4080 V Backup : [ComponentEnabler] Disabling Component: com.google.android.gms.backup.component.D2dMigrateFlowActivity
01-15 16:11:31.164 2484 4044 D PackageManager: Ephemeral installer not found with new action; try old one
01-15 16:11:31.164 2484 4044 D PackageManager: Clear ephemeral installer activity
01-15 16:11:31.164 3713 4080 V Backup : [ComponentEnabler] Disabling Component: com.google.android.gms.backup.component.D2dMigrateService
01-15 16:11:31.165 2484 3407 D PackageManager: Ephemeral installer not found with new action; try old one
01-15 16:11:31.165 2484 3407 D PackageManager: Clear ephemeral installer activity
01-15 16:11:31.166 2368 2368 E lowmemorykiller: Error opening /dev/memcg/apps/uid_10028/pid_4018/memory.soft_limit_in_bytes; errno=2
01-15 16:11:31.167 4018 4018 E Finsky : [2] com.google.android.finsky.wear.bl.a(3): onConnectionFailed: ConnectionResult{statusCode=API_UNAVAILABLE, resolution=null, message=null}
01-15 16:11:31.167 4018 4018 W Finsky : [2] com.google.android.finsky.wear.aj.run(9): Dropping command=send_installed_apps due to Gms not connected
01-15 16:11:31.168 4018 4190 W Finsky : [145] com.google.android.finsky.application.FinskyAppImpl.ap(1090): No account configured on this device.
01-15 16:11:31.168 3713 4080 I Backup : [ComponentEnabler] Enabling source components
01-15 16:11:31.168 3713 4080 V Backup : [ComponentEnabler] Enabling Component: com.google.android.gms.backup.component.D2dSourceActivity
01-15 16:11:31.168 2484 2495 D PackageManager: Ephemeral installer not found with new action; try old one
01-15 16:11:31.168 2484 2495 D PackageManager: Clear ephemeral installer activity
01-15 16:11:31.168 3713 4080 V Backup : [ComponentEnabler] Enabling Component: com.google.android.gms.backup.component.D2dSourceService
01-15 16:11:31.169 2484 2495 D PackageManager: Ephemeral installer not found with new action; try old one
01-15 16:11:31.169 2484 2495 D PackageManager: Clear ephemeral installer activity
01-15 16:11:31.169 3713 4080 V Backup : [ComponentEnabler] Enabling Component: com.google.android.gms.backup.component.CloudRestoreFlowActivity
01-15 16:11:31.169 2484 4044 D PackageManager: Ephemeral installer not found with new action; try old one
01-15 16:11:31.169 2484 4044 D PackageManager: Clear ephemeral installer activity
01-15 16:11:31.170 4152 4152 I dex2oat : dex2oat took 392.147ms (60.847ms cpu) (threads: 4) arena alloc=23KB (23816B) java alloc=114KB (117560B) native alloc=1178KB (1206352B) free=1893KB (1939376B)
01-15 16:11:31.173 4018 4190 W Finsky : [145] com.google.android.finsky.application.FinskyAppImpl.ap(1090): No account configured on this device.
01-15 16:11:31.173 2368 2368 E lowmemorykiller: Error opening /dev/memcg/apps/uid_10028/pid_4018/memory.soft_limit_in_bytes; errno=2
01-15 16:11:31.173 2368 2368 E lowmemorykiller: Error opening /dev/memcg/apps/uid_1000/pid_3390/memory.soft_limit_in_bytes; errno=2
01-15 16:11:31.173 2368 2368 E lowmemorykiller: Error opening /dev/memcg/apps/uid_10024/pid_3922/memory.soft_limit_in_bytes; errno=2
01-15 16:11:31.173 2368 2368 E lowmemorykiller: Error opening /dev/memcg/apps/uid_10053/pid_3460/memory.soft_limit_in_bytes; errno=2
01-15 16:11:31.176 3590 3957 W Settings: Setting airplane_mode_on has moved from android.provider.Settings.System to android.provider.Settings.Global, returning read-only value.
01-15 16:11:31.177 4018 4190 W Finsky : [145] com.google.android.finsky.application.FinskyAppImpl.ap(1090): No account configured on this device.
01-15 16:11:31.179 4018 4143 W Finsky : [137] com.google.android.finsky.application.FinskyAppImpl.ap(1090): No account configured on this device.
01-15 16:11:31.187 2368 2368 E lowmemorykiller: Error opening /dev/memcg/apps/uid_10018/pid_3590/memory.soft_limit_in_bytes; errno=2
01-15 16:11:31.188 2368 2368 E lowmemorykiller: Error opening /dev/memcg/apps/uid_10018/pid_3590/memory.soft_limit_in_bytes; errno=2
01-15 16:11:31.215 3713 4132 I zygote64: The ClassLoaderContext is a special shared library.
01-15 16:11:31.221 3713 3713 I zygote64: Deoptimizing int jda.onStartCommand(android.content.Intent, int, int) due to JIT inline cache
01-15 16:11:31.233 3713 3713 D AdvertisingIdNS: Notifying advertising info update event for package com.google.android.youtube
01-15 16:11:31.233 2368 2368 E lowmemorykiller: Error opening /dev/memcg/apps/uid_10075/pid_3612/memory.soft_limit_in_bytes; errno=2
01-15 16:11:31.233 2484 4044 W SchedPolicy: add_tid_to_cgroup failed to write '3612' (Permission denied); fd=25
01-15 16:11:31.236 2368 2368 E lowmemorykiller: Error opening /dev/memcg/apps/uid_10075/pid_3612/memory.soft_limit_in_bytes; errno=2
01-15 16:11:31.236 2368 2368 E lowmemorykiller: Error opening /dev/memcg/apps/uid_10016/pid_4172/memory.soft_limit_in_bytes; errno=2
01-15 16:11:31.236 2368 2368 E lowmemorykiller: Error opening /dev/memcg/apps/uid_10018/pid_3963/memory.soft_limit_in_bytes; errno=2
01-15 16:11:31.237 2368 2368 E lowmemorykiller: Error opening /dev/memcg/apps/uid_1000/pid_3563/memory.soft_limit_in_bytes; errno=2
01-15 16:11:31.240 2484 2495 D PackageManager: Ephemeral installer not found with new action; try old one
01-15 16:11:31.240 2484 2495 D PackageManager: Clear ephemeral installer activity
01-15 16:11:31.241 2484 2495 D PackageManager: Ephemeral installer not found with new action; try old one
01-15 16:11:31.241 2484 2495 D PackageManager: Clear ephemeral installer activity
01-15 16:11:31.249 2368 2368 E lowmemorykiller: Error opening /dev/memcg/apps/uid_10028/pid_4018/memory.soft_limit_in_bytes; errno=2
01-15 16:11:31.249 2484 4136 W SchedPolicy: add_tid_to_cgroup failed to write '4018' (Permission denied); fd=3
01-15 16:11:31.250 2368 2368 E lowmemorykiller: Error opening /dev/memcg/apps/uid_10016/pid_4172/memory.soft_limit_in_bytes; errno=2
01-15 16:11:31.250 2368 2368 E lowmemorykiller: Error opening /dev/memcg/apps/uid_1000/pid_3390/memory.soft_limit_in_bytes; errno=2
01-15 16:11:31.250 2368 2368 E lowmemorykiller: Error opening /dev/memcg/apps/uid_10018/pid_3963/memory.soft_limit_in_bytes; errno=2
01-15 16:11:31.250 2368 2368 E lowmemorykiller: Error opening /dev/memcg/apps/uid_10024/pid_3922/memory.soft_limit_in_bytes; errno=2
01-15 16:11:31.250 2368 2368 E lowmemorykiller: Error opening /dev/memcg/apps/uid_10061/pid_3870/memory.soft_limit_in_bytes; errno=2
01-15 16:11:31.250 2368 2368 E lowmemorykiller: Error opening /dev/memcg/apps/uid_1000/pid_3563/memory.soft_limit_in_bytes; errno=2
01-15 16:11:31.250 2368 2368 E lowmemorykiller: Error opening /dev/memcg/apps/uid_10053/pid_3460/memory.soft_limit_in_bytes; errno=2
01-15 16:11:31.250 2368 2368 E lowmemorykiller: Error opening /dev/memcg/apps/uid_1000/pid_3372/memory.soft_limit_in_bytes; errno=2
01-15 16:11:31.252 3713 4287 I Authzen : [AuthZenEventHandler] Handling event: com.google.android.chimera.IntentOperation.NEW_MODULE
01-15 16:11:31.253 4018 4018 I Finsky : [2] com.google.android.finsky.services.AdIdListener.onCreate(3): AdId refresh
01-15 16:11:31.254 4018 4199 W Finsky : [146] com.google.android.finsky.application.FinskyAppImpl.ap(1090): No account configured on this device.
01-15 16:11:31.260 2368 2368 E lowmemorykiller: Error opening /dev/memcg/apps/uid_10028/pid_4018/memory.soft_limit_in_bytes; errno=2
01-15 16:11:31.260 4269 4269 D CellBroadcastReceiver: onReceive Intent { act=android.intent.action.BOOT_COMPLETED flg=0x9000010 cmp=com.android.cellbroadcastreceiver/.CellBroadcastReceiver (has extras) }
01-15 16:11:31.260 4269 4269 D CellBroadcastReceiver: Start Cell Broadcast configuration.
01-15 16:11:31.261 2368 2368 E lowmemorykiller: Error opening /dev/memcg/apps/uid_1000/pid_3390/memory.soft_limit_in_bytes; errno=2
01-15 16:11:31.261 2368 2368 E lowmemorykiller: Error opening /dev/memcg/apps/uid_10024/pid_3922/memory.soft_limit_in_bytes; errno=2
01-15 16:11:31.261 2368 2368 E lowmemorykiller: Error opening /dev/memcg/apps/uid_10061/pid_3870/memory.soft_limit_in_bytes; errno=2
01-15 16:11:31.261 2368 2368 E lowmemorykiller: Error opening /dev/memcg/apps/uid_10053/pid_3460/memory.soft_limit_in_bytes; errno=2
01-15 16:11:31.261 2368 2368 E lowmemorykiller: Error opening /dev/memcg/apps/uid_1000/pid_3372/memory.soft_limit_in_bytes; errno=2
01-15 16:11:31.262 4269 4269 D CellBroadcastReceiver: Default interval 0 did not change.
01-15 16:11:31.265 2484 4136 W SchedPolicy: add_tid_to_cgroup failed to write '3626' (Permission denied); fd=25
01-15 16:11:31.265 2368 2368 E lowmemorykiller: Error opening /dev/memcg/apps/uid_10018/pid_3626/memory.soft_limit_in_bytes; errno=2
01-15 16:11:31.277 4295 4295 W zygote64: Unexpected CPU variant for X86 using defaults: x86_64
01-15 16:11:31.280 2484 3407 I ActivityManager: Start proc 4295:com.android.contacts/u0a9 for broadcast com.android.contacts/.interactions.OnBootOrUpgradeReceiver
01-15 16:11:31.281 4018 4199 W Finsky : [146] com.google.android.finsky.application.FinskyAppImpl.ap(1090): No account configured on this device.
01-15 16:11:31.281 3713 3713 D AdvertisingIdNS: Notifying advertising info update event for package com.android.vending
01-15 16:11:31.282 2368 2368 E lowmemorykiller: Error opening /dev/memcg/apps/uid_10008/pid_4269/memory.soft_limit_in_bytes; errno=2
01-15 16:11:31.282 2368 2368 E lowmemorykiller: Error opening /dev/memcg/apps/uid_10028/pid_4018/memory.soft_limit_in_bytes; errno=2
01-15 16:11:31.282 2484 3311 W SchedPolicy: add_tid_to_cgroup failed to write '4018' (Permission denied); fd=25
01-15 16:11:31.282 2368 2368 E lowmemorykiller: Error opening /dev/memcg/apps/uid_10046/pid_4204/memory.soft_limit_in_bytes; errno=2
01-15 16:11:31.286 4018 4302 I Finsky : [153] com.google.android.finsky.services.AdIdListener.a(12): AdId change: id (hash)=441249606 limit=false
01-15 16:11:31.289 2368 2368 E lowmemorykiller: Error opening /dev/memcg/apps/uid_10075/pid_3612/memory.soft_limit_in_bytes; errno=2
01-15 16:11:31.289 2484 3407 W SchedPolicy: add_tid_to_cgroup failed to write '3612' (Permission denied); fd=3
01-15 16:11:31.290 2368 2368 E lowmemorykiller: Error opening /dev/memcg/apps/uid_10046/pid_4204/memory.soft_limit_in_bytes; errno=2
01-15 16:11:31.290 2368 2368 E lowmemorykiller: Error opening /dev/memcg/apps/uid_1000/pid_3390/memory.soft_limit_in_bytes; errno=2
01-15 16:11:31.290 2368 2368 E lowmemorykiller: Error opening /dev/memcg/apps/uid_10024/pid_3922/memory.soft_limit_in_bytes; errno=2
01-15 16:11:31.290 2368 2368 E lowmemorykiller: Error opening /dev/memcg/apps/uid_10053/pid_3460/memory.soft_limit_in_bytes; errno=2
01-15 16:11:31.294 3713 3713 D AdvertisingIdNS: Notifying advertising info update event for package com.google.android.youtube
01-15 16:11:31.295 2368 2368 E lowmemorykiller: Error opening /dev/memcg/apps/uid_10075/pid_3612/memory.soft_limit_in_bytes; errno=2
01-15 16:11:31.295 2484 4136 W SchedPolicy: add_tid_to_cgroup failed to write '3612' (Permission denied); fd=25
01-15 16:11:31.295 2368 2368 E lowmemorykiller: Error opening /dev/memcg/apps/uid_10075/pid_3612/memory.soft_limit_in_bytes; errno=2
01-15 16:11:31.295 3358 3806 D IccSmsInterfaceManager: [IccSmsInterfaceManager] Calling setCdmaBroadcastConfig with 1 configurations
01-15 16:11:31.297 3358 3806 D IccSmsInterfaceManager: [IccSmsInterfaceManager] Failed to add cdma broadcast subscription for MID range 4096 to 4096 from client com.android.cellbroadcastreceiver
01-15 16:11:31.297 2368 2368 E lowmemorykiller: Error opening /dev/memcg/apps/uid_10009/pid_4295/memory.soft_limit_in_bytes; errno=2
01-15 16:11:31.297 2484 3311 W SchedPolicy: add_tid_to_cgroup failed to write '4295' (Permission denied); fd=25
01-15 16:11:31.298 2368 2368 E lowmemorykiller: Error opening /dev/memcg/apps/uid_10028/pid_4018/memory.soft_limit_in_bytes; errno=2
01-15 16:11:31.298 2368 2368 E lowmemorykiller: Error opening /dev/memcg/apps/uid_1000/pid_3390/memory.soft_limit_in_bytes; errno=2
01-15 16:11:31.298 2368 2368 E lowmemorykiller: Error opening /dev/memcg/apps/uid_10024/pid_3922/memory.soft_limit_in_bytes; errno=2
01-15 16:11:31.298 2368 2368 E lowmemorykiller: Error opening /dev/memcg/apps/uid_10053/pid_3460/memory.soft_limit_in_bytes; errno=2
01-15 16:11:31.298 2368 2368 E lowmemorykiller: Error opening /dev/memcg/apps/uid_10075/pid_3612/memory.soft_limit_in_bytes; errno=2
01-15 16:11:31.298 2368 2368 E lowmemorykiller: Error opening /dev/memcg/apps/uid_10016/pid_4172/memory.soft_limit_in_bytes; errno=2
01-15 16:11:31.298 2368 2368 E lowmemorykiller: Error opening /dev/memcg/apps/uid_10018/pid_3963/memory.soft_limit_in_bytes; errno=2
01-15 16:11:31.298 2368 2368 E lowmemorykiller: Error opening /dev/memcg/apps/uid_1000/pid_3563/memory.soft_limit_in_bytes; errno=2
01-15 16:11:31.298 2368 2368 E lowmemorykiller: Error opening /dev/memcg/apps/uid_10018/pid_3713/memory.soft_limit_in_bytes; errno=2
01-15 16:11:31.298 3358 3806 D IccSmsInterfaceManager: [IccSmsInterfaceManager] Calling setCdmaBroadcastConfig with 1 configurations
01-15 16:11:31.298 3358 3806 D IccSmsInterfaceManager: [IccSmsInterfaceManager] Failed to add cdma broadcast subscription for MID range 4097 to 4097 from client com.android.cellbroadcastreceiver
01-15 16:11:31.299 3358 3806 D IccSmsInterfaceManager: [IccSmsInterfaceManager] Calling setCdmaBroadcastConfig with 1 configurations
01-15 16:11:31.301 3358 3806 D IccSmsInterfaceManager: [IccSmsInterfaceManager] Failed to add cdma broadcast subscription for MID range 4098 to 4098 from client com.android.cellbroadcastreceiver
01-15 16:11:31.302 3358 3806 D IccSmsInterfaceManager: [IccSmsInterfaceManager] Calling setCdmaBroadcastConfig with 1 configurations
01-15 16:11:31.302 3358 3806 D IccSmsInterfaceManager: [IccSmsInterfaceManager] Failed to add cdma broadcast subscription for MID range 4099 to 4099 from client com.android.cellbroadcastreceiver
01-15 16:11:31.303 3358 3806 D IccSmsInterfaceManager: [IccSmsInterfaceManager] Failed to remove cdma broadcast subscription for MID range 4100 to 4100 from client com.android.cellbroadcastreceiver
01-15 16:11:31.305 3713 4301 I Authzen : [PermitStore] Getting all permits...
01-15 16:11:31.307 3358 3806 D IccSmsInterfaceManager: [IccSmsInterfaceManager] Calling setGsmBroadcastConfig with 1 configurations
01-15 16:11:31.308 3358 3806 D IccSmsInterfaceManager: [IccSmsInterfaceManager] Failed to add GSM cell broadcast subscription for MID range 4352 to 4354 from client com.android.cellbroadcastreceiver
01-15 16:11:31.309 4290 4290 W dex2oat : Unexpected CPU variant for X86 using defaults: x86_64
01-15 16:11:31.309 4290 4290 I dex2oat : The ClassLoaderContext is a special shared library.
01-15 16:11:31.309 4290 4290 I dex2oat : /system/bin/dex2oat --dex-file=/data/user_de/0/com.google.android.gms/app_chimera/m/00000001/DynamiteModulesA_GmsCore_prodmnc_alldpi_release.apk --output-vdex-fd=51 --oat-fd=52 --oat-location=/data/user_de/0/com.google.android.gms/app_chimera/m/00000001/oat/x86_64/DynamiteModulesA_GmsCore_prodmnc_alldpi_release.odex --compiler-filter=quicken --class-loader-context=&
01-15 16:11:31.311 2368 2368 E lowmemorykiller: Error opening /dev/memcg/apps/uid_10018/pid_3713/memory.soft_limit_in_bytes; errno=2
01-15 16:11:31.311 2368 2368 E lowmemorykiller: Error opening /dev/memcg/apps/uid_10046/pid_4204/memory.soft_limit_in_bytes; errno=2
01-15 16:11:31.311 2368 2368 E lowmemorykiller: Error opening /dev/memcg/apps/uid_10016/pid_4172/memory.soft_limit_in_bytes; errno=2
01-15 16:11:31.311 2368 2368 E lowmemorykiller: Error opening /dev/memcg/apps/uid_10018/pid_3963/memory.soft_limit_in_bytes; errno=2
01-15 16:11:31.311 2368 2368 E lowmemorykiller: Error opening /dev/memcg/apps/uid_10024/pid_3922/memory.soft_limit_in_bytes; errno=2
01-15 16:11:31.311 3358 3806 D IccSmsInterfaceManager: [IccSmsInterfaceManager] Calling setGsmBroadcastConfig with 1 configurations
01-15 16:11:31.311 2368 2368 E lowmemorykiller: Error opening /dev/memcg/apps/uid_1000/pid_3563/memory.soft_limit_in_bytes; errno=2
01-15 16:11:31.311 2368 2368 E lowmemorykiller: Error opening /dev/memcg/apps/uid_10053/pid_3460/memory.soft_limit_in_bytes; errno=2
01-15 16:11:31.311 2368 2368 E lowmemorykiller: Error opening /dev/memcg/apps/uid_1000/pid_3372/memory.soft_limit_in_bytes; errno=2
01-15 16:11:31.311 3358 3806 D IccSmsInterfaceManager: [IccSmsInterfaceManager] Failed to add GSM cell broadcast subscription for MID range 4356 to 4356 from client com.android.cellbroadcastreceiver
01-15 16:11:31.312 2484 4136 W SchedPolicy: add_tid_to_cgroup failed to write '3626' (Permission denied); fd=3
01-15 16:11:31.312 2368 2368 E lowmemorykiller: Error opening /dev/memcg/apps/uid_10018/pid_3626/memory.soft_limit_in_bytes; errno=2
01-15 16:11:31.315 3358 3806 D IccSmsInterfaceManager: [IccSmsInterfaceManager] Failed to remove GSM cell broadcast subscription for MID range 4355 to 4355 from client com.android.cellbroadcastreceiver
01-15 16:11:31.316 3713 4301 I Authzen : [ezc] Creating database auth.proximity.permit_store...
01-15 16:11:31.316 3358 3806 D IccSmsInterfaceManager: [IccSmsInterfaceManager] Calling setGsmBroadcastConfig with 1 configurations
01-15 16:11:31.316 3358 3806 D IccSmsInterfaceManager: [IccSmsInterfaceManager] Failed to add GSM cell broadcast subscription for MID range 4370 to 4370 from client com.android.cellbroadcastreceiver
01-15 16:11:31.317 3358 3806 D IccSmsInterfaceManager: [IccSmsInterfaceManager] Calling setGsmBroadcastConfig with 1 configurations
01-15 16:11:31.317 3358 3806 D IccSmsInterfaceManager: [IccSmsInterfaceManager] Failed to add GSM cell broadcast subscription for MID range 4371 to 4372 from client com.android.cellbroadcastreceiver
01-15 16:11:31.318 3358 3776 D IccSmsInterfaceManager: [IccSmsInterfaceManager] Calling setGsmBroadcastConfig with 1 configurations
01-15 16:11:31.318 3358 3776 D IccSmsInterfaceManager: [IccSmsInterfaceManager] Failed to add GSM cell broadcast subscription for MID range 4373 to 4378 from client com.android.cellbroadcastreceiver
01-15 16:11:31.318 3358 3776 D IccSmsInterfaceManager: [IccSmsInterfaceManager] Calling setGsmBroadcastConfig with 1 configurations
01-15 16:11:31.318 3358 3776 D IccSmsInterfaceManager: [IccSmsInterfaceManager] Failed to add GSM cell broadcast subscription for MID range 4379 to 4379 from client com.android.cellbroadcastreceiver
01-15 16:11:31.319 3358 3776 D IccSmsInterfaceManager: [IccSmsInterfaceManager] Failed to remove GSM cell broadcast subscription for MID range 4380 to 4382 from client com.android.cellbroadcastreceiver
01-15 16:11:31.319 3358 3776 D IccSmsInterfaceManager: [IccSmsInterfaceManager] Calling setGsmBroadcastConfig with 1 configurations
01-15 16:11:31.319 3358 3776 D IccSmsInterfaceManager: [IccSmsInterfaceManager] Failed to add GSM cell broadcast subscription for MID range 4383 to 4383 from client com.android.cellbroadcastreceiver
01-15 16:11:31.320 3358 3776 D IccSmsInterfaceManager: [IccSmsInterfaceManager] Calling setGsmBroadcastConfig with 1 configurations
01-15 16:11:31.320 3358 3776 D IccSmsInterfaceManager: [IccSmsInterfaceManager] Failed to add GSM cell broadcast subscription for MID range 4384 to 4385 from client com.android.cellbroadcastreceiver
01-15 16:11:31.321 3358 3776 D IccSmsInterfaceManager: [IccSmsInterfaceManager] Calling setGsmBroadcastConfig with 1 configurations
01-15 16:11:31.321 3358 3776 D IccSmsInterfaceManager: [IccSmsInterfaceManager] Failed to add GSM cell broadcast subscription for MID range 4386 to 4391 from client com.android.cellbroadcastreceiver
01-15 16:11:31.321 3358 3776 D IccSmsInterfaceManager: [IccSmsInterfaceManager] Calling setGsmBroadcastConfig with 1 configurations
01-15 16:11:31.321 3358 3776 D IccSmsInterfaceManager: [IccSmsInterfaceManager] Failed to add GSM cell broadcast subscription for MID range 4392 to 4392 from client com.android.cellbroadcastreceiver
01-15 16:11:31.322 3358 3776 D IccSmsInterfaceManager: [IccSmsInterfaceManager] Failed to remove GSM cell broadcast subscription for MID range 4393 to 4395 from client com.android.cellbroadcastreceiver
01-15 16:11:31.322 2368 2368 E lowmemorykiller: Error opening /dev/memcg/apps/uid_10008/pid_4269/memory.soft_limit_in_bytes; errno=2
01-15 16:11:31.323 2368 2368 E lowmemorykiller: Error opening /dev/memcg/apps/uid_10008/pid_4269/memory.soft_limit_in_bytes; errno=2
01-15 16:11:31.323 2368 2368 E lowmemorykiller: Error opening /dev/memcg/apps/uid_10018/pid_3626/memory.soft_limit_in_bytes; errno=2
01-15 16:11:31.323 2368 2368 E lowmemorykiller: Error opening /dev/memcg/apps/uid_10016/pid_4172/memory.soft_limit_in_bytes; errno=2
01-15 16:11:31.323 2368 2368 E lowmemorykiller: Error opening /dev/memcg/apps/uid_10024/pid_3922/memory.soft_limit_in_bytes; errno=2
01-15 16:11:31.323 2368 2368 E lowmemorykiller: Error opening /dev/memcg/apps/uid_1000/pid_3372/memory.soft_limit_in_bytes; errno=2
01-15 16:11:31.328 2484 4044 W SchedPolicy: add_tid_to_cgroup failed to write '3626' (Permission denied); fd=25
01-15 16:11:31.328 2368 2368 E lowmemorykiller: Error opening /dev/memcg/apps/uid_10018/pid_3626/memory.soft_limit_in_bytes; errno=2
01-15 16:11:31.328 2368 2368 E lowmemorykiller: Error opening /dev/memcg/apps/uid_10046/pid_4204/memory.soft_limit_in_bytes; errno=2
01-15 16:11:31.329 3713 4301 I Authzen : [ezc] Opening database auth.proximity.permit_store...
01-15 16:11:31.334 2484 4136 W SchedPolicy: add_tid_to_cgroup failed to write '3782' (Permission denied); fd=3
01-15 16:11:31.334 2368 2368 E lowmemorykiller: Error opening /dev/memcg/apps/uid_10002/pid_3782/memory.soft_limit_in_bytes; errno=2
01-15 16:11:31.334 2368 2368 E lowmemorykiller: Error opening /dev/memcg/apps/uid_10018/pid_3626/memory.soft_limit_in_bytes; errno=2
01-15 16:11:31.334 2484 3311 W SchedPolicy: add_tid_to_cgroup failed to write '3626' (Permission denied); fd=3
01-15 16:11:31.335 2484 4136 W Binder : Outgoing transactions from this process must be FLAG_ONEWAY
01-15 16:11:31.335 2484 4136 W Binder : java.lang.Throwable
01-15 16:11:31.335 2484 4136 W Binder : at android.os.BinderProxy.transact(Binder.java:752)
01-15 16:11:31.335 2484 4136 W Binder : at android.content.ContentProviderProxy.getType(ContentProviderNative.java:451)
01-15 16:11:31.335 2484 4136 W Binder : at com.android.server.am.ActivityManagerService.getProviderMimeType(ActivityManagerService.java:12256)
01-15 16:11:31.335 2484 4136 W Binder : at android.app.IActivityManager$Stub.onTransact(IActivityManager.java:1799)
01-15 16:11:31.335 2484 4136 W Binder : at com.android.server.am.ActivityManagerService.onTransact(ActivityManagerService.java:2919)
01-15 16:11:31.335 2484 4136 W Binder : at android.os.Binder.execTransact(Binder.java:697)
01-15 16:11:31.335 2368 2368 E lowmemorykiller: Error opening /dev/memcg/apps/uid_10053/pid_3460/memory.soft_limit_in_bytes; errno=2
01-15 16:11:31.335 2368 2368 E lowmemorykiller: Error opening /dev/memcg/apps/uid_10009/pid_4295/memory.soft_limit_in_bytes; errno=2
01-15 16:11:31.335 2368 2368 E lowmemorykiller: Error opening /dev/memcg/apps/uid_10018/pid_3626/memory.soft_limit_in_bytes; errno=2
01-15 16:11:31.335 2368 2368 E lowmemorykiller: Error opening /dev/memcg/apps/uid_10049/pid_4240/memory.soft_limit_in_bytes; errno=2
01-15 16:11:31.335 2368 2368 E lowmemorykiller: Error opening /dev/memcg/apps/uid_10046/pid_4204/memory.soft_limit_in_bytes; errno=2
01-15 16:11:31.335 2368 2368 E lowmemorykiller: Error opening /dev/memcg/apps/uid_10018/pid_3963/memory.soft_limit_in_bytes; errno=2
01-15 16:11:31.335 2368 2368 E lowmemorykiller: Error opening /dev/memcg/apps/uid_10002/pid_3782/memory.soft_limit_in_bytes; errno=2
01-15 16:11:31.335 2484 4136 W SchedPolicy: add_tid_to_cgroup failed to write '3782' (Permission denied); fd=25
01-15 16:11:31.336 3460 3460 I AlarmClock: AlarmInitReceiver android.intent.action.BOOT_COMPLETED
01-15 16:11:31.341 2368 2368 E lowmemorykiller: Error opening /dev/memcg/apps/uid_10018/pid_3626/memory.soft_limit_in_bytes; errno=2
01-15 16:11:31.342 2484 3311 W SchedPolicy: add_tid_to_cgroup failed to write '3626' (Permission denied); fd=25
01-15 16:11:31.342 2368 2368 E lowmemorykiller: Error opening /dev/memcg/apps/uid_10046/pid_4204/memory.soft_limit_in_bytes; errno=2
01-15 16:11:31.342 2368 2368 E lowmemorykiller: Error opening /dev/memcg/apps/uid_10018/pid_3590/memory.soft_limit_in_bytes; errno=2
01-15 16:11:31.342 3460 3603 I AlarmClock: Fixing alarm instances
01-15 16:11:31.343 2368 2368 E lowmemorykiller: Error opening /dev/memcg/apps/uid_10018/pid_3590/memory.soft_limit_in_bytes; errno=2
01-15 16:11:31.343 2484 4136 I WifiService: getConnectionInfo uid=10018
01-15 16:11:31.344 2484 3311 W SchedPolicy: add_tid_to_cgroup failed to write '3626' (Permission denied); fd=3
01-15 16:11:31.344 2368 2368 E lowmemorykiller: Error opening /dev/memcg/apps/uid_10018/pid_3626/memory.soft_limit_in_bytes; errno=2
01-15 16:11:31.349 3460 3603 V AlarmClock: AlarmInitReceiver finished
01-15 16:11:31.349 2368 2368 E lowmemorykiller: Error opening /dev/memcg/apps/uid_10016/pid_4172/memory.soft_limit_in_bytes; errno=2
01-15 16:11:31.349 2368 2368 E lowmemorykiller: Error opening /dev/memcg/apps/uid_10053/pid_3460/memory.soft_limit_in_bytes; errno=2
01-15 16:11:31.349 2368 2368 E lowmemorykiller: Error opening /dev/memcg/apps/uid_10008/pid_4269/memory.soft_limit_in_bytes; errno=2
01-15 16:11:31.350 2368 2368 E lowmemorykiller: Error opening /dev/memcg/apps/uid_10018/pid_3626/memory.soft_limit_in_bytes; errno=2
01-15 16:11:31.350 2368 2368 E lowmemorykiller: Error opening /dev/memcg/apps/uid_10046/pid_4204/memory.soft_limit_in_bytes; errno=2
01-15 16:11:31.351 2368 2368 E lowmemorykiller: Error opening /dev/memcg/apps/uid_10018/pid_3590/memory.soft_limit_in_bytes; errno=2
01-15 16:11:31.352 2368 2368 E lowmemorykiller: Error opening /dev/memcg/apps/uid_10018/pid_3713/memory.soft_limit_in_bytes; errno=2
01-15 16:11:31.352 2368 2368 E lowmemorykiller: Error opening /dev/memcg/apps/uid_10018/pid_3626/memory.soft_limit_in_bytes; errno=2
01-15 16:11:31.352 2368 2368 E lowmemorykiller: Error opening /dev/memcg/apps/uid_10046/pid_4204/memory.soft_limit_in_bytes; errno=2
01-15 16:11:31.352 2368 2368 E lowmemorykiller: Error opening /dev/memcg/apps/uid_10011/pid_3826/memory.soft_limit_in_bytes; errno=2
01-15 16:11:31.353 2368 2368 E lowmemorykiller: Error opening /dev/memcg/apps/uid_10018/pid_3590/memory.soft_limit_in_bytes; errno=2
01-15 16:11:31.353 4172 4172 I Dialer : VoicemailModule.provideVoicemailClient - providing VoicemailClientImpl
01-15 16:11:31.355 4172 4172 I Dialer : VvmOmtpService - onBoot
01-15 16:11:31.356 2368 2368 E lowmemorykiller: Error opening /dev/memcg/apps/uid_10018/pid_3713/memory.soft_limit_in_bytes; errno=2
01-15 16:11:31.356 2368 2368 E lowmemorykiller: Error opening /dev/memcg/apps/uid_10046/pid_4204/memory.soft_limit_in_bytes; errno=2
01-15 16:11:31.356 2368 2368 E lowmemorykiller: Error opening /dev/memcg/apps/uid_10011/pid_3826/memory.soft_limit_in_bytes; errno=2
01-15 16:11:31.356 3732 3917 I cr_LibraryLoader: Time to load native libraries: 55 ms (timestamps 9295-9350)
01-15 16:11:31.365 4323 4323 I main : type=1400 audit(0.0:511): avc: denied { dac_read_search } for capability=2 scontext=u:r:zygote:s0 tcontext=u:r:zygote:s0 tclass=capability permissive=1
01-15 16:11:31.368 4323 4323 W zygote64: Unexpected CPU variant for X86 using defaults: x86_64
01-15 16:11:31.371 2484 4136 I ActivityManager: Start proc 4323:com.android.email/u0a59 for broadcast com.android.email/.service.EmailUpgradeBroadcastReceiver
01-15 16:11:31.372 2368 2368 E lowmemorykiller: Error opening /dev/memcg/apps/uid_10016/pid_4172/memory.soft_limit_in_bytes; errno=2
01-15 16:11:31.372 2368 2368 E lowmemorykiller: Error opening /dev/memcg/apps/uid_10018/pid_3713/memory.soft_limit_in_bytes; errno=2
01-15 16:11:31.372 2368 2368 E lowmemorykiller: Error opening /dev/memcg/apps/uid_10028/pid_4018/memory.soft_limit_in_bytes; errno=2
01-15 16:11:31.372 2368 2368 E lowmemorykiller: Error opening /dev/memcg/apps/uid_10046/pid_4204/memory.soft_limit_in_bytes; errno=2
01-15 16:11:31.372 2368 2368 E lowmemorykiller: Error opening /dev/memcg/apps/uid_10011/pid_3826/memory.soft_limit_in_bytes; errno=2
01-15 16:11:31.372 2368 2368 E lowmemorykiller: Error opening /dev/memcg/apps/uid_10065/pid_3900/memory.soft_limit_in_bytes; errno=2
01-15 16:11:31.372 2368 2368 E lowmemorykiller: Error opening /dev/memcg/apps/uid_1000/pid_3563/memory.soft_limit_in_bytes; errno=2
01-15 16:11:31.375 2368 2368 E lowmemorykiller: Error opening /dev/memcg/apps/uid_10018/pid_3713/memory.soft_limit_in_bytes; errno=2
01-15 16:11:31.375 2368 2368 E lowmemorykiller: Error opening /dev/memcg/apps/uid_10046/pid_4204/memory.soft_limit_in_bytes; errno=2
01-15 16:11:31.375 2368 2368 E lowmemorykiller: Error opening /dev/memcg/apps/uid_10011/pid_3826/memory.soft_limit_in_bytes; errno=2
01-15 16:11:31.376 2368 2368 E lowmemorykiller: Error opening /dev/memcg/apps/uid_10018/pid_3590/memory.soft_limit_in_bytes; errno=2
01-15 16:11:31.376 2368 2368 E lowmemorykiller: Error opening /dev/memcg/apps/uid_10018/pid_3626/memory.soft_limit_in_bytes; errno=2
01-15 16:11:31.376 2368 2368 E lowmemorykiller: Error opening /dev/memcg/apps/uid_10018/pid_3713/memory.soft_limit_in_bytes; errno=2
01-15 16:11:31.376 2368 2368 E lowmemorykiller: Error opening /dev/memcg/apps/uid_10046/pid_4204/memory.soft_limit_in_bytes; errno=2
01-15 16:11:31.376 2368 2368 E lowmemorykiller: Error opening /dev/memcg/apps/uid_10011/pid_3826/memory.soft_limit_in_bytes; errno=2
01-15 16:11:31.377 2368 2368 E lowmemorykiller: Error opening /dev/memcg/apps/uid_10011/pid_3826/memory.soft_limit_in_bytes; errno=2
01-15 16:11:31.385 2368 2368 E lowmemorykiller: Error opening /dev/memcg/apps/uid_10059/pid_4323/memory.soft_limit_in_bytes; errno=2
01-15 16:11:31.385 2484 4044 W SchedPolicy: add_tid_to_cgroup failed to write '4323' (Permission denied); fd=25
01-15 16:11:31.385 2368 2368 E lowmemorykiller: Error opening /dev/memcg/apps/uid_10028/pid_4018/memory.soft_limit_in_bytes; errno=2
01-15 16:11:31.385 2368 2368 E lowmemorykiller: Error opening /dev/memcg/apps/uid_10065/pid_3900/memory.soft_limit_in_bytes; errno=2
01-15 16:11:31.386 2368 2368 E lowmemorykiller: Error opening /dev/memcg/apps/uid_10018/pid_3963/memory.soft_limit_in_bytes; errno=2
01-15 16:11:31.386 2368 2368 E lowmemorykiller: Error opening /dev/memcg/apps/uid_1000/pid_3563/memory.soft_limit_in_bytes; errno=2
01-15 16:11:31.386 2368 2368 E lowmemorykiller: Error opening /dev/memcg/apps/uid_1000/pid_3372/memory.soft_limit_in_bytes; errno=2
01-15 16:11:31.392 2368 2368 E lowmemorykiller: Error opening /dev/memcg/apps/uid_10018/pid_3590/memory.soft_limit_in_bytes; errno=2
01-15 16:11:31.393 2484 4044 W SchedPolicy: add_tid_to_cgroup failed to write '3626' (Permission denied); fd=25
01-15 16:11:31.393 2368 2368 E lowmemorykiller: Error opening /dev/memcg/apps/uid_10018/pid_3626/memory.soft_limit_in_bytes; errno=2
01-15 16:11:31.393 2368 2368 E lowmemorykiller: Error opening /dev/memcg/apps/uid_10018/pid_3713/memory.soft_limit_in_bytes; errno=2
01-15 16:11:31.393 2368 2368 E lowmemorykiller: Error opening /dev/memcg/apps/uid_10028/pid_4018/memory.soft_limit_in_bytes; errno=2
01-15 16:11:31.393 2368 2368 E lowmemorykiller: Error opening /dev/memcg/apps/uid_10046/pid_4204/memory.soft_limit_in_bytes; errno=2
01-15 16:11:31.393 2368 2368 E lowmemorykiller: Error opening /dev/memcg/apps/uid_10065/pid_3900/memory.soft_limit_in_bytes; errno=2
01-15 16:11:31.393 2368 2368 E lowmemorykiller: Error opening /dev/memcg/apps/uid_10018/pid_3963/memory.soft_limit_in_bytes; errno=2
01-15 16:11:31.393 2368 2368 E lowmemorykiller: Error opening /dev/memcg/apps/uid_1000/pid_3563/memory.soft_limit_in_bytes; errno=2
01-15 16:11:31.393 2368 2368 E lowmemorykiller: Error opening /dev/memcg/apps/uid_1000/pid_3372/memory.soft_limit_in_bytes; errno=2
01-15 16:11:31.395 2484 4044 W SchedPolicy: add_tid_to_cgroup failed to write '3626' (Permission denied); fd=3
01-15 16:11:31.395 2368 2368 E lowmemorykiller: Error opening /dev/memcg/apps/uid_10018/pid_3626/memory.soft_limit_in_bytes; errno=2
01-15 16:11:31.412 2484 4044 W SchedPolicy: add_tid_to_cgroup failed to write '3626' (Permission denied); fd=25
01-15 16:11:31.412 2368 2368 E lowmemorykiller: Error opening /dev/memcg/apps/uid_10018/pid_3626/memory.soft_limit_in_bytes; errno=2
01-15 16:11:31.413 2368 2368 E lowmemorykiller: Error opening /dev/memcg/apps/uid_10046/pid_4204/memory.soft_limit_in_bytes; errno=2
01-15 16:11:31.445 2484 3311 W SchedPolicy: add_tid_to_cgroup failed to write '3626' (Permission denied); fd=3
01-15 16:11:31.445 2368 2368 E lowmemorykiller: Error opening /dev/memcg/apps/uid_10018/pid_3626/memory.soft_limit_in_bytes; errno=2
01-15 16:11:31.450 2484 4044 W SchedPolicy: add_tid_to_cgroup failed to write '3626' (Permission denied); fd=25
01-15 16:11:31.450 2368 2368 E lowmemorykiller: Error opening /dev/memcg/apps/uid_10018/pid_3626/memory.soft_limit_in_bytes; errno=2
01-15 16:11:31.450 2484 2484 I android.display: type=1400 audit(0.0:512): avc: denied { read } for name="vendor" dev="tmpfs" ino=7264 scontext=u:r:system_server:s0 tcontext=u:object_r:tmpfs:s0 tclass=lnk_file permissive=1
01-15 16:11:31.451 2484 2506 D vndksupport: Loading /vendor/lib64/hw/android.hardware.graphics.mapper@2.0-impl.so from current namespace instead of sphal namespace.
01-15 16:11:31.453 2484 2506 D vndksupport: Loading /vendor/lib64/hw/gralloc.drm.so from current namespace instead of sphal namespace.
01-15 16:11:31.455 2484 2506 I GRALLOC-DRM: create intel for driver i915
01-15 16:11:31.454 2484 2484 I android.display: type=1400 audit(0.0:513): avc: denied { read write } for name="card0" dev="tmpfs" ino=8777 scontext=u:r:system_server:s0 tcontext=u:object_r:device:s0 tclass=chr_file permissive=1
01-15 16:11:31.454 2484 2484 I android.display: type=1400 audit(0.0:514): avc: denied { open } for path="/dev/dri/card0" dev="tmpfs" ino=8777 scontext=u:r:system_server:s0 tcontext=u:object_r:device:s0 tclass=chr_file permissive=1
01-15 16:11:31.454 2484 2484 I android.display: type=1400 audit(0.0:515): avc: denied { ioctl } for path="/dev/dri/card0" dev="tmpfs" ino=8777 ioctlcmd=0x6400 scontext=u:r:system_server:s0 tcontext=u:object_r:device:s0 tclass=chr_file permissive=1
01-15 16:11:31.454 2484 2484 I android.display: type=1400 audit(0.0:516): avc: denied { map } for path=2F69393135202864656C6574656429 dev="tmpfs" ino=67241 scontext=u:r:system_server:s0 tcontext=u:object_r:surfaceflinger_tmpfs:s0 tclass=file permissive=1
01-15 16:11:31.454 2484 2484 I android.display: type=1400 audit(0.0:517): avc: denied { read write } for path=2F69393135202864656C6574656429 dev="tmpfs" ino=67241 scontext=u:r:system_server:s0 tcontext=u:object_r:surfaceflinger_tmpfs:s0 tclass=file permissive=1
01-15 16:11:31.464 2484 3311 W ActivityManager: Unable to start service Intent { act=com.android.email.EXCHANGE_INTENT pkg=com.android.exchange } U=0: not found
01-15 16:11:31.468 3713 4050 I CastNearbyRequest: [FilterRequest] Http request sent to url: https://cast.google.com/cast/nearby/search
01-15 16:11:31.469 3713 4050 W CastNearbyRequest: [FilterRequest] Exception sending HTTP request to https://cast.google.com/cast/nearby/search
01-15 16:11:31.470 4323 4343 D ActivityThread: Loading provider com.android.email.provider;com.android.email.notifier: com.android.email.provider.EmailProvider
01-15 16:11:31.470 2368 2368 E lowmemorykiller: Error opening /dev/memcg/apps/uid_10018/pid_3626/memory.soft_limit_in_bytes; errno=2
01-15 16:11:31.470 2484 3311 W SchedPolicy: add_tid_to_cgroup failed to write '3626' (Permission denied); fd=3
01-15 16:11:31.471 2484 4044 W ActivityManager: Unable to start service Intent { act=com.android.email.EXCHANGE_INTENT pkg=com.android.exchange } U=0: not found
01-15 16:11:31.477 2484 3311 W SchedPolicy: add_tid_to_cgroup failed to write '3626' (Permission denied); fd=25
01-15 16:11:31.477 4323 4323 D ActivityThread: Loading provider com.android.email.provider;com.android.email.notifier: com.android.email.provider.EmailProvider
01-15 16:11:31.478 2484 4044 W ActivityManager: Unable to start service Intent { act=com.android.email.EXCHANGE_INTENT pkg=com.android.exchange } U=0: not found
01-15 16:11:31.478 4323 4344 D ActivityThread: Loading provider com.android.email.provider;com.android.email.notifier: com.android.email.provider.EmailProvider
01-15 16:11:31.479 4323 4350 D ActivityThread: Loading provider com.android.email.provider;com.android.email.notifier: com.android.email.provider.EmailProvider
01-15 16:11:31.480 2484 4044 W ActivityManager: Unable to start service Intent { act=com.android.email.EXCHANGE_INTENT pkg=com.android.exchange } U=0: not found
01-15 16:11:31.485 2484 4136 W ActivityManager: Unable to start service Intent { act=com.android.email.EXCHANGE_INTENT pkg=com.android.exchange } U=0: not found
01-15 16:11:31.477 2368 2368 E lowmemorykiller: Error opening /dev/memcg/apps/uid_10018/pid_3626/memory.soft_limit_in_bytes; errno=2
01-15 16:11:31.490 3590 4342 W FetchTask: exception on config fetch: java.net.UnknownHostException: Unable to resolve host "cloudconfig.googleapis.com": No address associated with hostname
01-15 16:11:31.499 2484 4136 W SchedPolicy: add_tid_to_cgroup failed to write '3626' (Permission denied); fd=3
01-15 16:11:31.499 2368 2368 E lowmemorykiller: Error opening /dev/memcg/apps/uid_10018/pid_3626/memory.soft_limit_in_bytes; errno=2
01-15 16:11:31.500 2484 4136 W SchedPolicy: add_tid_to_cgroup failed to write '3626' (Permission denied); fd=25
01-15 16:11:31.500 2368 2368 E lowmemorykiller: Error opening /dev/memcg/apps/uid_10018/pid_3626/memory.soft_limit_in_bytes; errno=2
01-15 16:11:31.503 3732 3917 I chromium: [INFO:library_loader_hooks.cc(136)] Chromium logging enabled: level = 0, default verbosity = 0
01-15 16:11:31.503 3732 3917 I cr_LibraryLoader: Expected native library version number "61.0.3163.98", actual native library version number "61.0.3163.98"
01-15 16:11:31.503 2484 4136 I WifiService: getDhcpInfo uid=10018
01-15 16:11:31.505 2484 4136 W ActivityManager: Unable to start service Intent { act=com.android.mail.action.BACKUP_DATA_CHANGED pkg=com.android.email } U=0: not found
01-15 16:11:31.507 2484 4136 I chatty : uid=1000(system) Binder:2484_C identical 5 lines
01-15 16:11:31.508 2484 4136 W ActivityManager: Unable to start service Intent { act=com.android.mail.action.BACKUP_DATA_CHANGED pkg=com.android.email } U=0: not found
01-15 16:11:31.512 2484 4136 D PackageManager: Ephemeral installer not found with new action; try old one
01-15 16:11:31.512 2484 4136 D PackageManager: Clear ephemeral installer activity
01-15 16:11:31.512 2484 4044 W ActivityManager: Unable to start service Intent { cmp=com.android.email/.service.AttachmentService } U=0: not found
01-15 16:11:31.522 3713 4045 W Herrevad: [117] rwh.b: Invalid mccmnc
01-15 16:11:31.519 2484 4044 W ActivityManager: Unable to start service Intent { cmp=com.android.email/.service.AttachmentService } U=0: not found
01-15 16:11:31.523 2484 4044 W ActivityManager: Unable to start service Intent { act=com.android.email.EXCHANGE_INTENT pkg=com.android.exchange } U=0: not found
01-15 16:11:31.523 2484 4044 D PackageManager: Ephemeral installer not found with new action; try old one
01-15 16:11:31.523 2484 4044 D PackageManager: Clear ephemeral installer activity
01-15 16:11:31.523 2484 4044 D PackageManager: Ephemeral installer not found with new action; try old one
01-15 16:11:31.523 2484 4044 D PackageManager: Clear ephemeral installer activity
01-15 16:11:31.523 2484 4044 D PackageManager: Ephemeral installer not found with new action; try old one
01-15 16:11:31.524 2484 4044 D PackageManager: Clear ephemeral installer activity
01-15 16:11:31.528 2484 4044 W ActivityManager: Unable to start service Intent { act=com.android.email.EXCHANGE_INTENT pkg=com.android.exchange } U=0: not found
01-15 16:11:31.528 2484 4044 D PackageManager: Ephemeral installer not found with new action; try old one
01-15 16:11:31.528 2484 4044 D PackageManager: Clear ephemeral installer activity
01-15 16:11:31.528 2484 3311 D PackageManager: Ephemeral installer not found with new action; try old one
01-15 16:11:31.528 2484 3311 D PackageManager: Clear ephemeral installer activity
01-15 16:11:31.529 3713 4045 W Herrevad: [117] rwh.b: Invalid mccmnc
01-15 16:11:31.532 4360 4360 I main : type=1400 audit(0.0:518): avc: denied { create } for name="cgroup.procs" scontext=u:r:zygote:s0 tcontext=u:object_r:cgroup:s0 tclass=file permissive=1
01-15 16:11:31.535 4360 4360 W zygote64: Unexpected CPU variant for X86 using defaults: x86_64
01-15 16:11:31.539 2484 3311 I ActivityManager: Start proc 4360:com.android.gallery3d/u0a57 for broadcast com.android.gallery3d/com.android.camera.DisableCameraReceiver
01-15 16:11:31.540 2368 2368 E lowmemorykiller: Error opening /dev/memcg/apps/uid_10059/pid_4323/memory.soft_limit_in_bytes; errno=2
01-15 16:11:31.542 4323 4359 I Email : Observing account changes for notifications
01-15 16:11:31.544 2484 3311 D PackageManager: Ephemeral installer not found with new action; try old one
01-15 16:11:31.544 2484 3311 D PackageManager: Clear ephemeral installer activity
01-15 16:11:31.544 2484 2496 W ActivityManager: Unable to start service Intent { cmp=com.android.email/.service.AttachmentService } U=0: not found
01-15 16:11:31.544 4323 4358 I Email : Onetime initialization: 1
01-15 16:11:31.545 2484 2496 D PackageManager: Ephemeral installer not found with new action; try old one
01-15 16:11:31.545 2484 2496 D PackageManager: Clear ephemeral installer activity
01-15 16:11:31.545 4323 4358 I Email : Onetime initialization: 2
01-15 16:11:31.546 4323 4358 I Email : Onetime initialization: completed.
01-15 16:11:31.546 2484 2496 W ActivityManager: Unable to start service Intent { cmp=com.android.email/.service.AttachmentService } U=0: not found
01-15 16:11:31.547 2484 3311 W SchedPolicy: add_tid_to_cgroup failed to write '4360' (Permission denied); fd=25
01-15 16:11:31.547 2368 2368 E lowmemorykiller: Error opening /dev/memcg/apps/uid_10057/pid_4360/memory.soft_limit_in_bytes; errno=2
01-15 16:11:31.547 2368 2368 E lowmemorykiller: Error opening /dev/memcg/apps/uid_10028/pid_4018/memory.soft_limit_in_bytes; errno=2
01-15 16:11:31.547 2368 2368 E lowmemorykiller: Error opening /dev/memcg/apps/uid_10046/pid_4204/memory.soft_limit_in_bytes; errno=2
01-15 16:11:31.547 2368 2368 E lowmemorykiller: Error opening /dev/memcg/apps/uid_10065/pid_3900/memory.soft_limit_in_bytes; errno=2
01-15 16:11:31.547 2368 2368 E lowmemorykiller: Error opening /dev/memcg/apps/uid_10018/pid_3963/memory.soft_limit_in_bytes; errno=2
01-15 16:11:31.547 2368 2368 E lowmemorykiller: Error opening /dev/memcg/apps/uid_1000/pid_3563/memory.soft_limit_in_bytes; errno=2
01-15 16:11:31.547 2368 2368 E lowmemorykiller: Error opening /dev/memcg/apps/uid_1000/pid_3372/memory.soft_limit_in_bytes; errno=2
01-15 16:11:31.549 2484 3311 W ActivityManager: Unable to start service Intent { act=com.android.email.EXCHANGE_INTENT pkg=com.android.exchange } U=0: not found
01-15 16:11:31.549 2484 3311 D PackageManager: Ephemeral installer not found with new action; try old one
01-15 16:11:31.550 2484 3311 D PackageManager: Clear ephemeral installer activity
01-15 16:11:31.554 2484 2496 W ActivityManager: Unable to start service Intent { cmp=com.android.email/.service.AttachmentService } U=0: not found
