01-15 16:11:28.672 2484 2498 I ActivityManager: Start proc 3657:com.android.printspooler/u0a71 for service com.android.printspooler/.model.PrintSpoolerService
01-15 16:11:28.673 3657 3657 W zygote64: Unexpected CPU variant for X86 using defaults: x86_64
01-15 16:11:28.677 2368 2368 E lowmemorykiller: Error opening /dev/memcg/apps/uid_10071/pid_3657/memory.soft_limit_in_bytes; errno=2
01-15 16:11:28.677 3612 3652 I zygote64: The ClassLoaderContext is a special shared library.
01-15 16:11:28.690 3612 3652 W FileUtils: Failed to chmod(/data/user_de/0/com.google.android.gms/app_extracted_libs): android.system.ErrnoException: chmod failed: ENOENT (No such file or directory)
01-15 16:11:28.729 2368 2368 E lowmemorykiller: Error opening /dev/memcg/apps/uid_10071/pid_3657/memory.soft_limit_in_bytes; errno=2
01-15 16:11:28.732 2368 2368 E lowmemorykiller: Error opening /dev/memcg/apps/uid_1000/pid_3563/memory.soft_limit_in_bytes; errno=2
01-15 16:11:28.732 2368 2368 E lowmemorykiller: Error opening /dev/memcg/apps/uid_10015/pid_3433/memory.soft_limit_in_bytes; errno=2
01-15 16:11:28.732 2368 2368 E lowmemorykiller: Error opening /dev/memcg/apps/uid_10053/pid_3460/memory.soft_limit_in_bytes; errno=2
01-15 16:11:28.732 2368 2368 E lowmemorykiller: Error opening /dev/memcg/apps/uid_1000/pid_3372/memory.soft_limit_in_bytes; errno=2
01-15 16:11:28.733 2368 2368 E lowmemorykiller: Error opening /dev/memcg/apps/uid_1000/pid_3563/memory.soft_limit_in_bytes; errno=2
01-15 16:11:28.733 3533 3533 I SetupWizard.AddContactsIntentService: Starting intent to add contacts
01-15 16:11:28.691 3612 3652 I chatty : uid=10075(com.google.android.youtube) background2-4 identical 4 lines
01-15 16:11:28.691 3612 3652 W FileUtils: Failed to chmod(/data/user_de/0/com.google.android.gms/app_extracted_libs): android.system.ErrnoException: chmod failed: ENOENT (No such file or directory)
01-15 16:11:28.734 2484 3311 D PackageManager: Ephemeral installer not found with new action; try old one
01-15 16:11:28.734 2484 3311 D PackageManager: Clear ephemeral installer activity
01-15 16:11:28.734 2368 2368 E lowmemorykiller: Error opening /dev/memcg/apps/uid_1000/pid_3563/memory.soft_limit_in_bytes; errno=2
01-15 16:11:28.735 2368 2368 E lowmemorykiller: Error opening /dev/memcg/apps/uid_1000/pid_3563/memory.soft_limit_in_bytes; errno=2
01-15 16:11:28.735 2368 2368 E lowmemorykiller: Error opening /dev/memcg/apps/uid_10015/pid_3433/memory.soft_limit_in_bytes; errno=2
01-15 16:11:28.735 2368 2368 E lowmemorykiller: Error opening /dev/memcg/apps/uid_10053/pid_3460/memory.soft_limit_in_bytes; errno=2
01-15 16:11:28.735 2368 2368 E lowmemorykiller: Error opening /dev/memcg/apps/uid_1000/pid_3372/memory.soft_limit_in_bytes; errno=2
01-15 16:11:28.736 2484 2496 D PackageManager: Ephemeral installer not found with new action; try old one
01-15 16:11:28.736 2484 2496 D PackageManager: Clear ephemeral installer activity
01-15 16:11:28.736 2484 2484 I FusedLocation: engine stopped (com.android.location.fused)
01-15 16:11:28.739 2484 2484 I LockSettingsService: Reporting device setup complete to IGateKeeperService
01-15 16:11:28.739 2484 2498 I SyncManager: Loaded persisted syncs: 0 periodic syncs, 0 oneshot syncs, 7 total system server jobs, JobStats: FirstLoad: 0/0/0 LastSave: -1/-1/-1
01-15 16:11:28.739 2389 2389 D PermissionCache: checking android.permission.ACCESS_KEYGUARD_SECURE_STORAGE for uid=1000 => granted (225 us)
01-15 16:11:28.740 2389 2389 I gatekeeperd: cold boot: clearing state
01-15 16:11:28.741 2484 2484 I DevicePolicyManager: Set ro.device_owner property to false
01-15 16:11:28.749 2484 2498 D AutofillManagerServiceImpl: Reset component for user 0
01-15 16:11:28.749 2484 2498 D AutofillManagerServiceImpl: Reset component for user 0
01-15 16:11:28.749 2484 2500 D AutofillUI: destroySaveUiUiThread(): already destroyed
01-15 16:11:28.749 2484 2496 I ActivityManager: START u0 {act=android.intent.action.MAIN cat=[android.intent.category.HOME] flg=0x10000100 cmp=android/com.android.internal.app.ResolverActivity} from uid 0
01-15 16:11:28.756 3683 3683 W zygote64: Unexpected CPU variant for X86 using defaults: x86_64
01-15 16:11:28.757 3612 3651 W YouTube : Fetching the Gservices key 'disable_binder_callback_flush' before the end of the bulk initialization
01-15 16:11:28.760 2484 2496 I ActivityManager: Start proc 3683:system:ui/1000 for activity android/com.android.internal.app.ResolverActivity
01-15 16:11:28.762 3358 3358 I ImsResolver: Initializing cache and binding.
01-15 16:11:28.765 2368 2368 E lowmemorykiller: Error opening /dev/memcg/apps/uid_1000/pid_3683/memory.soft_limit_in_bytes; errno=2
01-15 16:11:28.765 2368 2368 E lowmemorykiller: Error opening /dev/memcg/apps/uid_10030/pid_3533/memory.soft_limit_in_bytes; errno=2
01-15 16:11:28.765 2484 3311 W SchedPolicy: add_tid_to_cgroup failed to write '3533' (Permission denied); fd=3
01-15 16:11:28.767 2368 2368 E lowmemorykiller: Error opening /dev/memcg/apps/uid_10030/pid_3533/memory.soft_limit_in_bytes; errno=2
01-15 16:11:28.767 3590 3590 V NativeCrypto: Registering com/google/android/gms/org/conscrypt/NativeCrypto's 259 native methods...
01-15 16:11:28.768 3612 3652 V NativeCrypto: Registering com/google/android/gms/org/conscrypt/NativeCrypto's 259 native methods...
01-15 16:11:28.772 2368 2368 E lowmemorykiller: Error opening /dev/memcg/apps/uid_10030/pid_3533/memory.soft_limit_in_bytes; errno=2
01-15 16:11:28.785 3135 3135 I zygote64: Deoptimizing void com.android.systemui.statusbar.ViewTransformationHelper.setVisible(boolean) due to JIT inline cache
01-15 16:11:28.791 2368 2368 E lowmemorykiller: Error opening /dev/memcg/apps/uid_10015/pid_3433/memory.soft_limit_in_bytes; errno=2
01-15 16:11:28.791 2484 3159 W SchedPolicy: add_tid_to_cgroup failed to write '3433' (Permission denied); fd=3
01-15 16:11:28.791 2368 2368 E lowmemorykiller: Error opening /dev/memcg/apps/uid_10053/pid_3460/memory.soft_limit_in_bytes; errno=2
01-15 16:11:28.791 2368 2368 E lowmemorykiller: Error opening /dev/memcg/apps/uid_1000/pid_3372/memory.soft_limit_in_bytes; errno=2
01-15 16:11:28.800 2368 2368 E lowmemorykiller: Error opening /dev/memcg/apps/uid_10015/pid_3433/memory.soft_limit_in_bytes; errno=2
01-15 16:11:28.805 3135 3135 I zygote64: Deoptimizing void com.android.systemui.statusbar.stack.NotificationStackScrollLayout.updateViewShadows() due to JIT inline cache
01-15 16:11:28.811 3683 3683 D vndksupport: Loading /vendor/lib64/hw/android.hardware.graphics.mapper@2.0-impl.so from current namespace instead of sphal namespace.
01-15 16:11:28.811 3612 3649 W FileUtils: Failed to chmod(/data/user/0/com.google.android.gms/app_chimera): android.system.ErrnoException: chmod failed: ENOENT (No such file or directory)
01-15 16:11:28.811 3683 3683 D vndksupport: Loading /vendor/lib64/hw/gralloc.drm.so from current namespace instead of sphal namespace.
01-15 16:11:28.811 3612 3649 E ChimeraCfgMgr: Failed to read module config: java.io.FileNotFoundException: /data/user_de/0/com.google.android.gms/app_chimera/current_config.pb (No such file or directory)
01-15 16:11:28.812 3612 3649 W DynamiteUtils: Failed to load module: java.io.FileNotFoundException: /data/user_de/0/com.google.android.gms/app_chimera/current_config.pb (No such file or directory)
01-15 16:11:28.812 3612 3649 W DynamiteUtils: Attempt 1 failed.
01-15 16:11:28.812 3683 3683 I GRALLOC-DRM: create intel for driver i915
01-15 16:11:28.835 2484 2506 I ActivityManager: Displayed android/com.android.internal.app.ResolverActivity: +84ms
01-15 16:11:28.839 2368 2368 E lowmemorykiller: Error opening /dev/memcg/apps/uid_1000/pid_3390/memory.soft_limit_in_bytes; errno=2
01-15 16:11:28.839 2368 2368 E lowmemorykiller: Error opening /dev/memcg/apps/uid_1000/pid_3563/memory.soft_limit_in_bytes; errno=2
01-15 16:11:28.839 2368 2368 E lowmemorykiller: Error opening /dev/memcg/apps/uid_10053/pid_3460/memory.soft_limit_in_bytes; errno=2
01-15 16:11:28.839 2368 2368 E lowmemorykiller: Error opening /dev/memcg/apps/uid_1000/pid_3372/memory.soft_limit_in_bytes; errno=2
01-15 16:11:28.839 2368 2368 E lowmemorykiller: Error opening /dev/memcg/apps/uid_10030/pid_3533/memory.soft_limit_in_bytes; errno=2
01-15 16:11:28.839 2484 3407 W SchedPolicy: add_tid_to_cgroup failed to write '3533' (Permission denied); fd=25
01-15 16:11:28.848 3590 3590 D NetworkSecurityConfig: No Network Security Config specified, using platform default
01-15 16:11:28.850 3590 3590 I ProviderInstaller: Installed default security provider GmsCore_OpenSSL
01-15 16:11:28.854 2368 2368 E lowmemorykiller: Error opening /dev/memcg/apps/uid_10037/pid_3481/memory.soft_limit_in_bytes; errno=2
01-15 16:11:28.863 3713 3713 W zygote64: Unexpected CPU variant for X86 using defaults: x86_64
01-15 16:11:28.866 2484 3159 I ActivityManager: Start proc 3713:com.google.android.gms/u0a18 for service com.google.android.gms/.chimera.container.FileApkIntentOperation$ExternalFileApkService
01-15 16:11:28.875 3683 3683 D OpenGLRenderer: HWUI GL Pipeline
01-15 16:11:28.884 3612 3652 D NetworkSecurityConfig: No Network Security Config specified, using platform default
01-15 16:11:28.884 3612 3652 I ProviderInstaller: Installed default security provider GmsCore_OpenSSL
01-15 16:11:28.953 2484 3406 W SchedPolicy: add_tid_to_cgroup failed to write '3713' (Permission denied); fd=25
01-15 16:11:28.954 2368 2368 E lowmemorykiller: Error opening /dev/memcg/apps/uid_10018/pid_3713/memory.soft_limit_in_bytes; errno=2
01-15 16:11:28.961 3713 3713 I zygote64: The ClassLoaderContext is a special shared library.
01-15 16:11:28.962 3732 3732 W zygote : Unexpected CPU variant for X86 using defaults: x86_64
01-15 16:11:28.966 2484 2496 I ActivityManager: Start proc 3732:com.google.android.googlequicksearchbox:search/u0a37 for service com.google.android.googlequicksearchbox/com.google.android.hotword.service.HotwordService
01-15 16:11:28.966 1276 1276 I loop0 : type=1400 audit(0.0:494): avc: denied { read } for path="/mnt/system.sfs" dev="sdb" ino=1897 scontext=u:r:kernel:s0 tcontext=u:object_r:unlabeled:s0 tclass=file permissive=1
01-15 16:11:28.981 2368 2368 E lowmemorykiller: Error opening /dev/memcg/apps/uid_10037/pid_3732/memory.soft_limit_in_bytes; errno=2
01-15 16:11:28.984 3713 3713 I LoadedApk: No resource references to update in package FFFFFFFFFFFFFFFFFFFFFF
01-15 16:11:28.986 3590 3590 E ChimeraCfgMgr: Failed to read module config: java.io.FileNotFoundException: /data/user_de/0/com.google.android.gms/app_chimera/current_config.pb (No such file or directory)
01-15 16:11:28.986 3612 3649 E ChimeraCfgMgr: Failed to read module config: java.io.FileNotFoundException: /data/user_de/0/com.google.android.gms/app_chimera/current_config.pb (No such file or directory)
01-15 16:11:28.986 3612 3649 W DynamiteUtils: Failed to load module: java.io.FileNotFoundException: /data/user_de/0/com.google.android.gms/app_chimera/current_config.pb (No such file or directory)
01-15 16:11:28.987 3612 3649 W DynamiteUtils: Attempt 2 failed.
01-15 16:11:28.991 3481 3481 I CameraManagerGlobal: Connecting to camera service
01-15 16:11:29.001 3590 3590 E ChimeraCfgMgr: Failed to read module config: java.io.FileNotFoundException: /data/user_de/0/com.google.android.gms/app_chimera/current_config.pb (No such file or directory)
01-15 16:11:29.007 3590 3590 E ConfigFileUtils: Failed to read config file: /data/data/com.google.android.gms/app_chimera/current_fileapks.pb (No such file or directory)
01-15 16:11:29.026 3713 3713 V NativeCrypto: Registering com/google/android/gms/org/conscrypt/NativeCrypto's 259 native methods...
01-15 16:11:29.042 3713 3713 D NetworkSecurityConfig: No Network Security Config specified, using platform default
01-15 16:11:29.044 3713 3713 I ProviderInstaller: Installed default security provider GmsCore_OpenSSL
01-15 16:11:29.050 3590 3590 E ChimeraCfgMgr: Failed to read module config: java.io.FileNotFoundException: /data/user_de/0/com.google.android.gms/app_chimera/current_config.pb (No such file or directory)
01-15 16:11:29.050 3590 3590 W DynamiteLoaderImpl: Failed to load module version: java.io.FileNotFoundException: /data/user_de/0/com.google.android.gms/app_chimera/current_config.pb (No such file or directory)
01-15 16:11:29.050 3590 3590 I DynamiteModule: Considering local module com.google.android.gms.googlecertificates:3 and remote module com.google.android.gms.googlecertificates:0
01-15 16:11:29.050 3590 3590 I DynamiteModule: Selected local version of com.google.android.gms.googlecertificates
01-15 16:11:29.051 3612 3612 V MediaRouter: Adding route: RouteInfo{ name=Tablet, description=null, status=null, category=RouteCategory{ name=System types=ROUTE_TYPE_LIVE_AUDIO ROUTE_TYPE_LIVE_VIDEO groupable=false }, supportedTypes=ROUTE_TYPE_LIVE_AUDIO ROUTE_TYPE_LIVE_VIDEO , presentationDisplay=null }
01-15 16:11:29.052 3612 3612 V MediaRouter: Selecting route: RouteInfo{ name=Tablet, description=null, status=null, category=RouteCategory{ name=System types=ROUTE_TYPE_LIVE_AUDIO ROUTE_TYPE_LIVE_VIDEO groupable=false }, supportedTypes=ROUTE_TYPE_LIVE_AUDIO ROUTE_TYPE_LIVE_VIDEO , presentationDisplay=null }
01-15 16:11:29.071 3713 3713 E ChimeraCfgMgr: Failed to read module config: java.io.FileNotFoundException: /data/user_de/0/com.google.android.gms/app_chimera/current_config.pb (No such file or directory)
01-15 16:11:29.080 3713 3713 E ChimeraCfgMgr: Failed to read module config: java.io.FileNotFoundException: /data/user_de/0/com.google.android.gms/app_chimera/current_config.pb (No such file or directory)
01-15 16:11:29.087 3612 3649 E ChimeraCfgMgr: Failed to read module config: java.io.FileNotFoundException: /data/user_de/0/com.google.android.gms/app_chimera/current_config.pb (No such file or directory)
01-15 16:11:29.087 3612 3649 W DynamiteUtils: Failed to load module: java.io.FileNotFoundException: /data/user_de/0/com.google.android.gms/app_chimera/current_config.pb (No such file or directory)
01-15 16:11:29.087 3612 3649 W DynamiteUtils: Attempt 3 failed.
01-15 16:11:29.088 3713 3713 E ConfigFileUtils: Failed to read config file: /data/data/com.google.android.gms/app_chimera/current_fileapks.pb (No such file or directory)
01-15 16:11:29.091 3358 3358 D PhoneSwitcherNetworkRequstListener: Registering NetworkFactory
01-15 16:11:29.091 2484 3073 D ConnectivityService: Got NetworkFactory Messenger for PhoneSwitcherNetworkRequstListener
01-15 16:11:29.100 2484 3073 D ConnectivityService: Got NetworkFactory Messenger for TelephonyNetworkFactory[0]
01-15 16:11:29.131 2484 3407 I ActivityManager: Start proc 3782:android.process.acore/u0a2 for content provider com.android.providers.contacts/.ContactsProvider2
01-15 16:11:29.132 3713 3713 E ChimeraCfgMgr: Failed to read module config: java.io.FileNotFoundException: /data/user_de/0/com.google.android.gms/app_chimera/current_config.pb (No such file or directory)
01-15 16:11:29.132 3713 3713 W DynamiteLoaderImpl: Failed to load module version: java.io.FileNotFoundException: /data/user_de/0/com.google.android.gms/app_chimera/current_config.pb (No such file or directory)
01-15 16:11:29.132 3713 3713 I DynamiteModule: Considering local module com.google.android.gms.googlecertificates:3 and remote module com.google.android.gms.googlecertificates:0
01-15 16:11:29.132 3713 3713 I DynamiteModule: Selected local version of com.google.android.gms.googlecertificates
01-15 16:11:29.132 3612 3623 I zygote64: ThreadFlipBegin blocked for 17.832ms
01-15 16:11:29.133 3782 3782 W zygote64: Unexpected CPU variant for X86 using defaults: x86_64
01-15 16:11:29.135 3612 3649 W DynamiteUtils: Client module failure code: 1
01-15 16:11:29.136 3612 3649 D DynamitePackage: Module could not be loaded.
01-15 16:11:29.136 3612 3649 E DynamitePackage: Failed to load ads dynamite module.
01-15 16:11:29.136 3612 3649 E DynamitePackage: android.os.RemoteException
01-15 16:11:29.136 3612 3649 E DynamitePackage: at dbb.(:com.google.android.gms:4)
01-15 16:11:29.136 3612 3649 E DynamitePackage: at dbb.a(:com.google.android.gms:0)
01-15 16:11:29.136 3612 3649 E DynamitePackage: at com.google.android.gms.ads.adshield.AdShieldCreatorImpl.newAdShieldClient(:com.google.android.gms:1)
01-15 16:11:29.136 3612 3649 E DynamitePackage: at com.google.android.gms.ads.adshield.internal.b.onTransact(:com.google.android.gms:8)
01-15 16:11:29.136 3612 3649 E DynamitePackage: at android.os.Binder.transact(Binder.java:627)
01-15 16:11:29.136 3612 3649 E DynamitePackage: at kbs.a(Unknown Source:29)
01-15 16:11:29.136 3612 3649 E DynamitePackage: at kbn.b(Unknown Source:2)
01-15 16:11:29.136 3612 3649 E DynamitePackage: at kbn.a(Unknown Source:1)
01-15 16:11:29.136 3612 3649 E DynamitePackage: at jdq.(Unknown Source:3)
01-15 16:11:29.136 3612 3649 E DynamitePackage: at ksp.(SourceFile:1)
01-15 16:11:29.136 3612 3649 E DynamitePackage: at ksq.a(SourceFile:4)
01-15 16:11:29.136 3612 3649 E DynamitePackage: at ksq.a(SourceFile:2)
01-15 16:11:29.136 3612 3649 E DynamitePackage: at mlt.a(SourceFile:79)
01-15 16:11:29.136 3612 3649 E DynamitePackage: at mlu.a(SourceFile:3)
01-15 16:11:29.136 3612 3649 E DynamitePackage: at olc.get(SourceFile:21)
01-15 16:11:29.136 3612 3649 E DynamitePackage: at mlt.g(SourceFile:49)
01-15 16:11:29.136 3612 3649 E DynamitePackage: at mlt.c(SourceFile:31)
01-15 16:11:29.136 3612 3649 E DynamitePackage: at mmo.i(SourceFile:63)
01-15 16:11:29.136 3612 3649 E DynamitePackage: at mmo.c(SourceFile:38)
01-15 16:11:29.136 3612 3649 E DynamitePackage: at mmo.a(SourceFile:10)
01-15 16:11:29.136 3612 3649 E DynamitePackage: at cjc.run(SourceFile:4)
01-15 16:11:29.136 3612 3649 E DynamitePackage: at java.util.concurrent.Executors$RunnableAdapter.call(Executors.java:457)
01-15 16:11:29.136 3612 3649 E DynamitePackage: at java.util.concurrent.FutureTask.run(FutureTask.java:266)
01-15 16:11:29.136 3612 3649 E DynamitePackage: at java.util.concurrent.ScheduledThreadPoolExecutor$ScheduledFutureTask.run(ScheduledThreadPoolExecutor.java:301)
01-15 16:11:29.136 3612 3649 E DynamitePackage: at java.util.concurrent.ThreadPoolExecutor.runWorker(ThreadPoolExecutor.java:1162)
01-15 16:11:29.136 3612 3649 E DynamitePackage: at java.util.concurrent.ThreadPoolExecutor$Worker.run(ThreadPoolExecutor.java:636)
01-15 16:11:29.136 3612 3649 E DynamitePackage: at nty.run(SourceFile:24)
01-15 16:11:29.136 3612 3649 E DynamitePackage: at java.lang.Thread.run(Thread.java:764)
01-15 16:11:29.136 3612 3649 D DynamitePackage: Instantiated singleton DynamitePackage.
01-15 16:11:29.143 3358 3358 D CarrierConfigLoader: CarrierConfigLoader has started
01-15 16:11:29.150 2484 2496 D BluetoothManagerService: Trying to bind to profile: 1, while Bluetooth was disabled
01-15 16:11:29.166 3358 3358 W TelecomManager: Telecom Service not found.
01-15 16:11:29.166 3358 3358 I TelecomFramework: TtyManager: updateUiTtyMode -1 -> 0
01-15 16:11:29.169 2368 2368 E lowmemorykiller: Error opening /dev/memcg/apps/uid_10002/pid_3782/memory.soft_limit_in_bytes; errno=2
01-15 16:11:29.172 2358 2358 D Camera_Factory: CameraFactory::get_camera_info
01-15 16:11:29.172 2358 2358 D Camera_Factory: CameraFactory::getCameraInfo: id = 0, info = 0xffa8aaf0
01-15 16:11:29.172 2358 2358 D Camera_Factory: CameraFactory::getCameraNum: 1
01-15 16:11:29.172 2358 2358 D CameraHardware: CameraHardware::getCameraInfo
01-15 16:11:29.174 3590 3756 I NativeLibraryUtils: Extraction to /data/user_de/0/com.google.android.gms/app_extracted_libs/x86/libconscrypt_gmscore_jni.so true
01-15 16:11:29.176 3358 3358 D ImsResolver: maybeAddedImsService, packageName: null
01-15 16:11:29.177 2484 2496 D VoldConnector: SND -> {40 volume mkdirs /storage/emulated/0/Android/data/com.google.android.youtube/files/}
01-15 16:11:29.178 2343 2343 I vold : type=1400 audit(0.0:495): avc: denied { dac_read_search } for capability=2 scontext=u:r:vold:s0 tcontext=u:r:vold:s0 tclass=capability permissive=1
01-15 16:11:29.179 2484 2544 D VoldConnector: RCV <- {200 40 Command succeeded}
01-15 16:11:29.182 2484 2496 D VoldConnector: SND -> {41 volume mkdirs /storage/Android-x86_LiveCD/Android/data/com.google.android.youtube/files/}
01-15 16:11:29.182 2484 2544 D VoldConnector: RCV <- {200 41 Command succeeded}
01-15 16:11:29.181 2343 2343 I vold : type=1400 audit(0.0:496): avc: denied { read } for name="Android-x86_LiveCD" dev="tmpfs" ino=55761 scontext=u:r:vold:s0 tcontext=u:object_r:storage_stub_file:s0 tclass=dir permissive=1
01-15 16:11:29.181 2343 2343 I vold : type=1400 audit(0.0:497): avc: denied { open } for path="/storage/Android-x86_LiveCD" dev="tmpfs" ino=55761 scontext=u:r:vold:s0 tcontext=u:object_r:storage_stub_file:s0 tclass=dir permissive=1
01-15 16:11:29.181 2343 2343 I vold : type=1400 audit(0.0:498): avc: denied { write } for name="Android-x86_LiveCD" dev="tmpfs" ino=55761 scontext=u:r:vold:s0 tcontext=u:object_r:storage_stub_file:s0 tclass=dir permissive=1
01-15 16:11:29.181 2343 2343 I vold : type=1400 audit(0.0:499): avc: denied { add_name } for name="Android" scontext=u:r:vold:s0 tcontext=u:object_r:storage_stub_file:s0 tclass=dir permissive=1
01-15 16:11:29.183 3358 3358 D ServiceStateProvider: subId=-2
01-15 16:11:29.183 3135 3135 W KeyguardUpdateMonitor: invalid subId in handleServiceStateChange()
01-15 16:11:29.186 3590 3590 E ConfigFileUtils: Failed to read config file: /data/data/com.google.android.gms/app_chimera/current_fileapks.pb (No such file or directory)
01-15 16:11:29.191 3590 3590 E ChimeraCfgMgr: Failed to read module config: java.io.FileNotFoundException: /data/user_de/0/com.google.android.gms/app_chimera/current_config.pb (No such file or directory)
01-15 16:11:29.198 3612 3612 I android.youtube: type=1400 audit(0.0:500): avc: denied { getattr } for path="/storage/Android-x86_LiveCD" dev="tmpfs" ino=55761 scontext=u:r:untrusted_app_25:s0:c512,c768 tcontext=u:object_r:storage_stub_file:s0 tclass=dir permissive=1
01-15 16:11:29.199 2484 2496 D VoldConnector: SND -> {42 volume mkdirs /storage/Android-x86_LiveCD/Android/data/com.google.android.youtube/files/}
01-15 16:11:29.200 2484 2544 D VoldConnector: RCV <- {200 42 Command succeeded}
01-15 16:11:29.200 3590 3590 E ChimeraCfgMgr: Failed to read module config: java.io.FileNotFoundException: /data/user_de/0/com.google.android.gms/app_chimera/current_config.pb (No such file or directory)
01-15 16:11:29.207 3590 3756 I NativeLibraryUtils: Extraction to /data/user_de/0/com.google.android.gms/app_extracted_libs/x86/libgmscore.so true
01-15 16:11:29.213 3590 3756 I NativeLibraryUtils: Extraction to /data/user_de/0/com.google.android.gms/app_extracted_libs/x86_64/libjgcastservice.so true
01-15 16:11:29.219 3590 3756 I NativeLibraryUtils: Extraction to /data/user_de/0/com.google.android.gms/app_extracted_libs/x86_64/libgoogle-ocrclient-v3.so true
01-15 16:11:29.220 3612 3612 W InstanceID/Rpc: Found 10018
01-15 16:11:29.220 3713 3713 E ConfigFileUtils: Failed to read config file: /data/data/com.google.android.gms/app_chimera/current_fileapks.pb (No such file or directory)
01-15 16:11:29.223 3713 3713 E ChimeraCfgMgr: Failed to read module config: java.io.FileNotFoundException: /data/user_de/0/com.google.android.gms/app_chimera/current_config.pb (No such file or directory)
01-15 16:11:29.224 3590 3756 I NativeLibraryUtils: Extraction to /data/user_de/0/com.google.android.gms/app_extracted_libs/x86_64/libgcastv2_support.so true
01-15 16:11:29.228 3590 3756 I NativeLibraryUtils: Extraction to /data/user_de/0/com.google.android.gms/app_extracted_libs/x86_64/libconscrypt_gmscore_jni.so true
01-15 16:11:29.230 3713 3713 E ChimeraCfgMgr: Failed to read module config: java.io.FileNotFoundException: /data/user_de/0/com.google.android.gms/app_chimera/current_config.pb (No such file or directory)
01-15 16:11:29.231 3590 3756 I NativeLibraryUtils: Extraction to /data/user_de/0/com.google.android.gms/app_extracted_libs/x86_64/libwearable-selector.so true
01-15 16:11:29.232 3358 3358 D PhoneSwitcherNetworkRequstListener: got request NetworkRequest [ TRACK_DEFAULT id=5, [ Capabilities: INTERNET&NOT_RESTRICTED&TRUSTED&NOT_VPN] ] with score 0
01-15 16:11:29.232 3358 3358 D PhoneSwitcherNetworkRequstListener: got request NetworkRequest [ REQUEST id=1, [ Capabilities: INTERNET&NOT_RESTRICTED&TRUSTED&NOT_VPN] ] with score 0
01-15 16:11:29.232 3358 3358 D PhoneSwitcherNetworkRequstListener: got request NetworkRequest [ TRACK_DEFAULT id=3, [ Capabilities: INTERNET&NOT_RESTRICTED&TRUSTED&NOT_VPN] ] with score 0
01-15 16:11:29.232 3358 3358 D PhoneSwitcherNetworkRequstListener: got request NetworkRequest [ BACKGROUND_REQUEST id=2, [ Transports: CELLULAR Capabilities: INTERNET&NOT_RESTRICTED&TRUSTED&NOT_VPN] ] with score 0
01-15 16:11:29.233 3358 3358 D TelephonyDebugService: TelephonyDebugService()
01-15 16:11:29.240 3590 3756 I NativeLibraryUtils: Extraction to /data/user_de/0/com.google.android.gms/app_extracted_libs/x86_64/libleveldbjni.so true
01-15 16:11:29.249 3590 3756 I NativeLibraryUtils: Extraction to /data/user_de/0/com.google.android.gms/app_extracted_libs/x86_64/libgcastv2_base.so true
01-15 16:11:29.252 3358 3358 D CarrierConfigLoader: mHandler: 12 phoneId: 0
01-15 16:11:29.252 3358 3358 D CarrierConfigLoader: Build fingerprint changed. old: null new: Android-x86/android_x86_64/x86_64:8.1.0/OPM1.171019.011/utente12162000:eng/test-keys
01-15 16:11:29.254 3358 3358 E PhoneInterfaceManager: [PhoneIntfMgr] getIccId: No UICC
01-15 16:11:29.264 3358 3358 D OpenGLRenderer: HWUI GL Pipeline
01-15 16:11:29.266 3358 3358 W TelecomManager: Telecom Service not found.
01-15 16:11:29.266 3358 3358 I TelecomFramework: AccountEntry: Registered phoneAccount: [[ ] PhoneAccount: ComponentInfo{com.android.phone/com.android.services.telephony.TelephonyConnectionService}, [e0184adedf913b076626646d3f52c3b49c39ad6d], UserHandle{0} Capabilities: CallProvider MultiUser PlaceEmerg SimSub Audio Routes: BESW Schemes: tel voicemail Extras: Bundle[{android.telecom.extra.SUPPORTS_VIDEO_CALLING_FALLBACK=false}] GroupId: [da39a3ee5e6b4b0d3255bfef95601890afd80709]] with handle: ComponentInfo{com.android.phone/com.android.services.telephony.TelephonyConnectionService}, [e0184adedf913b076626646d3f52c3b49c39ad6d], UserHandle{0}
01-15 16:11:29.267 3358 3358 I TelecomFramework: PstnIncomingCallNotifier: Registering: Handler (com.android.internal.telephony.GsmCdmaPhone) {60fbc94}
01-15 16:11:29.285 3358 3358 I TelecomFramework: PstnPhoneCapabilitiesNotifier: handleVideoCapabilitesChanged. Video capability - false
01-15 16:11:29.268 3358 3358 I chatty : uid=1001(radio) com.android.phone identical 2 lines
01-15 16:11:29.270 3358 3358 W TelecomManager: Telecom Service not found.
01-15 16:11:29.286 3358 3358 E PhoneInterfaceManager: [PhoneIntfMgr] getIccId: No UICC
01-15 16:11:29.287 3358 3816 D SIP : [SipPreferences] isReceivingCallsEnabled, option not set; use default value, exception: android.provider.Settings$SettingNotFoundException: sip_receive_calls
01-15 16:11:29.290 3358 3358 W TelecomManager: Telecom Service not found.
01-15 16:11:29.331 3782 3818 I ContactsDatabaseHelper: Bootstrapping database contacts2.db version: 1202
01-15 16:11:29.340 3590 3595 I zygote64: Do partial code cache collection, code=30KB, data=20KB
01-15 16:11:29.340 3590 3756 I NativeLibraryUtils: Extraction to /data/user_de/0/com.google.android.gms/app_extracted_libs/x86_64/libAppDataSearch.so true
01-15 16:11:29.343 3590 3756 I NativeLibraryUtils: Extraction to /data/user_de/0/com.google.android.gms/app_extracted_libs/x86_64/libgmscore.so true
01-15 16:11:29.344 3782 3782 I ContactsPerf: VoicemailContentProvider.onCreate start
01-15 16:11:29.350 2484 3150 D VoldConnector: SND -> {43 volume mkdirs /storage/Android-x86_LiveCD/Android/data/com.google.android.youtube/cache/}
01-15 16:11:29.351 2484 2544 D VoldConnector: RCV <- {200 43 Command succeeded}
01-15 16:11:29.356 2484 2496 W ActivityManager: Unable to start service Intent { act=com.google.android.gms.gass.START pkg=com.google.android.gms } U=0: not found
01-15 16:11:29.357 2484 2496 W ActivityManager: Unbind failed: could not find connection for android.os.BinderProxy@bfb30db
01-15 16:11:29.357 3612 3811 E GmsClient: unable to connect to service: com.google.android.gms.gass.START on com.google.android.gms
01-15 16:11:29.360 3590 3756 I NativeLibraryUtils: Extraction to /data/user_de/0/com.google.android.gms/app_extracted_libs/x86_64/libWhisper.so true
01-15 16:11:29.360 3590 3756 I NativeLibraryUtils: Extraction to /data/user_de/0/com.google.android.gms/app_extracted_libs/x86_64/libsslwrapper_jni.so true
01-15 16:11:29.361 3612 3612 V MediaRouter: Selecting route: RouteInfo{ name=Tablet, description=null, status=null, category=RouteCategory{ name=System types=ROUTE_TYPE_LIVE_AUDIO ROUTE_TYPE_LIVE_VIDEO groupable=false }, supportedTypes=ROUTE_TYPE_LIVE_AUDIO ROUTE_TYPE_LIVE_VIDEO , presentationDisplay=null }
01-15 16:11:29.362 3590 3756 I NativeLibraryUtils: Extraction to /data/user_de/0/com.google.android.gms/app_extracted_libs/x86_64/libvcdiffjni.so true
01-15 16:11:29.363 3590 3595 I zygote64: After code cache collection, code=30KB, data=23KB
01-15 16:11:29.363 3590 3595 I zygote64: Increasing code cache capacity to 128KB
01-15 16:11:29.367 3782 3782 I ContactsPerf: VoicemailContentProvider.onCreate finish
01-15 16:11:29.372 2484 2496 I ActivityManager: Start proc 3826:android.process.media/u0a11 for broadcast com.android.providers.downloads/.DownloadReceiver
01-15 16:11:29.372 2368 2368 E lowmemorykiller: Error opening /dev/memcg/apps/uid_10075/pid_3612/memory.soft_limit_in_bytes; errno=2
01-15 16:11:29.372 2368 2368 E lowmemorykiller: Error opening /dev/memcg/apps/uid_10053/pid_3460/memory.soft_limit_in_bytes; errno=2
01-15 16:11:29.373 2369 2369 I surfaceflinger: type=1400 audit(0.0:502): avc: denied { ioctl } for path="/dev/dri/card0" dev="tmpfs" ino=8777 ioctlcmd=0x640b scontext=u:r:surfaceflinger:s0 tcontext=u:object_r:device:s0 tclass=chr_file permissive=1
01-15 16:11:29.372 2484 2498 E memtrack: Couldn't load memtrack module
01-15 16:11:29.372 2484 2498 W android.os.Debug: failed to get memory consumption info: -1
01-15 16:11:29.372 2484 2498 E memtrack: Couldn't load memtrack module
01-15 16:11:29.372 2484 2498 W android.os.Debug: failed to get memory consumption info: -1
01-15 16:11:29.373 2484 2498 E memtrack: Couldn't load memtrack module
01-15 16:11:29.373 2484 2498 W android.os.Debug: failed to get memory consumption info: -1
01-15 16:11:29.373 2484 2498 E memtrack: Couldn't load memtrack module
01-15 16:11:29.373 2484 2498 W android.os.Debug: failed to get memory consumption info: -1
01-15 16:11:29.373 2484 2498 E memtrack: Couldn't load memtrack module
01-15 16:11:29.373 2484 2498 W android.os.Debug: failed to get memory consumption info: -1
01-15 16:11:29.373 2484 2498 E memtrack: Couldn't load memtrack module
01-15 16:11:29.373 2484 2498 W android.os.Debug: failed to get memory consumption info: -1
01-15 16:11:29.373 2484 2498 E memtrack: Couldn't load memtrack module
01-15 16:11:29.373 2484 2498 W android.os.Debug: failed to get memory consumption info: -1
01-15 16:11:29.373 2484 2498 E memtrack: Couldn't load memtrack module
01-15 16:11:29.373 2484 2498 W android.os.Debug: failed to get memory consumption info: -1
01-15 16:11:29.373 2484 2498 E memtrack: Couldn't load memtrack module
01-15 16:11:29.373 2484 2498 W android.os.Debug: failed to get memory consumption info: -1
01-15 16:11:29.373 2484 2498 E memtrack: Couldn't load memtrack module
01-15 16:11:29.373 2484 2498 W android.os.Debug: failed to get memory consumption info: -1
01-15 16:11:29.374 2484 2498 E memtrack: Couldn't load memtrack module
01-15 16:11:29.374 2484 2498 W android.os.Debug: failed to get memory consumption info: -1
01-15 16:11:29.374 3826 3826 W zygote64: Unexpected CPU variant for X86 using defaults: x86_64
01-15 16:11:29.397 2368 2368 E lowmemorykiller: Error opening /dev/memcg/apps/uid_10011/pid_3826/memory.soft_limit_in_bytes; errno=2
01-15 16:11:29.397 2484 3150 W SchedPolicy: add_tid_to_cgroup failed to write '3826' (Permission denied); fd=25
01-15 16:11:29.397 2368 2368 E lowmemorykiller: Error opening /dev/memcg/apps/uid_1000/pid_3563/memory.soft_limit_in_bytes; errno=2
01-15 16:11:29.398 2368 2368 E lowmemorykiller: Error opening /dev/memcg/apps/uid_10075/pid_3612/memory.soft_limit_in_bytes; errno=2
01-15 16:11:29.398 2368 2368 E lowmemorykiller: Error opening /dev/memcg/apps/uid_10053/pid_3460/memory.soft_limit_in_bytes; errno=2
01-15 16:11:29.398 2368 2368 E lowmemorykiller: Error opening /dev/memcg/apps/uid_1000/pid_3372/memory.soft_limit_in_bytes; errno=2
01-15 16:11:29.403 2368 2368 E lowmemorykiller: Error opening /dev/memcg/apps/uid_1000/pid_3563/memory.soft_limit_in_bytes; errno=2
01-15 16:11:29.403 2368 2368 E lowmemorykiller: Error opening /dev/memcg/apps/uid_10075/pid_3612/memory.soft_limit_in_bytes; errno=2
01-15 16:11:29.403 2368 2368 E lowmemorykiller: Error opening /dev/memcg/apps/uid_10053/pid_3460/memory.soft_limit_in_bytes; errno=2
01-15 16:11:29.403 2368 2368 E lowmemorykiller: Error opening /dev/memcg/apps/uid_1000/pid_3372/memory.soft_limit_in_bytes; errno=2
01-15 16:11:29.413 2484 3160 W SchedPolicy: add_tid_to_cgroup failed to write '3713' (Permission denied); fd=3
01-15 16:11:29.420 3782 3818 I ContactsProviderV1: Bootstrapping database legacy support
01-15 16:11:29.421 3590 3590 W SystemServiceRegistry: No service published for: persistent_data_block
01-15 16:11:29.422 2484 2498 E memtrack: Couldn't load memtrack module
01-15 16:11:29.422 2484 2498 W android.os.Debug: failed to get memory consumption info: -1
01-15 16:11:29.423 3782 3782 D StrictMode: StrictMode policy violation; ~duration=123 ms: android.os.StrictMode$StrictModeDiskWriteViolation: policy=65597 violation=1
01-15 16:11:29.423 3782 3782 D StrictMode: at android.os.StrictMode$AndroidBlockGuardPolicy.onWriteToDisk(StrictMode.java:1386)
01-15 16:11:29.423 3782 3782 D StrictMode: at libcore.io.BlockGuardOs.mkdir(BlockGuardOs.java:193)
01-15 16:11:29.423 3782 3782 D StrictMode: at android.system.Os.mkdir(Os.java:321)
01-15 16:11:29.423 3782 3782 D StrictMode: at android.app.ContextImpl.ensurePrivateDirExists(ContextImpl.java:575)
01-15 16:11:29.423 3782 3782 D StrictMode: at android.app.ContextImpl.ensurePrivateDirExists(ContextImpl.java:563)
01-15 16:11:29.423 3782 3782 D StrictMode: at android.app.ContextImpl.getPreferencesDir(ContextImpl.java:519)
01-15 16:11:29.423 3782 3782 D StrictMode: at android.app.ContextImpl.getSharedPreferencesPath(ContextImpl.java:714)
01-15 16:11:29.423 3782 3782 D StrictMode: at android.app.ContextImpl.getSharedPreferences(ContextImpl.java:368)
01-15 16:11:29.423 3782 3782 D StrictMode: at android.content.ContextWrapper.getSharedPreferences(ContextWrapper.java:167)
01-15 16:11:29.423 3782 3782 D StrictMode: at android.preference.PreferenceManager.getDefaultSharedPreferences(PreferenceManager.java:526)
01-15 16:11:29.423 3782 3782 D StrictMode: at com.android.providers.contacts.FastScrollingIndexCache.getInstance(FastScrollingIndexCache.java:95)
01-15 16:11:29.423 3782 3782 D StrictMode: at com.android.providers.contacts.ContactsProvider2.initialize(ContactsProvider2.java:1586)
01-15 16:11:29.423 3782 3782 D StrictMode: at com.android.providers.contacts.ContactsProvider2.onCreate(ContactsProvider2.java:1561)
01-15 16:11:29.423 3782 3782 D StrictMode: at android.content.ContentProvider.attachInfo(ContentProvider.java:1917)
01-15 16:11:29.423 3782 3782 D StrictMode: at android.content.ContentProvider.attachInfo(ContentProvider.java:1892)
01-15 16:11:29.423 3782 3782 D StrictMode: at android.app.ActivityThread.installProvider(ActivityThread.java:6239)
01-15 16:11:29.423 3782 3782 D StrictMode: at android.app.ActivityThread.installContentProviders(ActivityThread.java:5805)
01-15 16:11:29.423 3782 3782 D StrictMode: at android.app.ActivityThread.handleBindApplication(ActivityThread.java:5722)
01-15 16:11:29.423 3782 3782 D StrictMode: at android.app.ActivityThread.-wrap1(Unknown Source:0)
01-15 16:11:29.423 3782 3782 D StrictMode: at android.app.ActivityThread$H.handleMessage(ActivityThread.java:1656)
01-15 16:11:29.423 3782 3782 D StrictMode: at android.os.Handler.dispatchMessage(Handler.java:106)
01-15 16:11:29.423 3782 3782 D StrictMode: at android.os.Looper.loop(Looper.java:164)
01-15 16:11:29.423 3782 3782 D StrictMode: at android.app.ActivityThread.main(ActivityThread.java:6494)
01-15 16:11:29.423 3782 3782 D StrictMode: at java.lang.reflect.Method.invoke(Native Method)
01-15 16:11:29.423 3782 3782 D StrictMode: at com.android.internal.os.RuntimeInit$MethodAndArgsCaller.run(RuntimeInit.java:463)
01-15 16:11:29.423 3782 3782 D StrictMode: at com.android.internal.os.ZygoteInit.main(ZygoteInit.java:807)
01-15 16:11:29.423 3782 3782 D StrictMode: StrictMode policy violation; ~duration=123 ms: android.os.StrictMode$StrictModeDiskWriteViolation: policy=65597 violation=1
01-15 16:11:29.423 3782 3782 D StrictMode: at android.os.StrictMode$AndroidBlockGuardPolicy.onWriteToDisk(StrictMode.java:1386)
01-15 16:11:29.423 3782 3782 D StrictMode: at libcore.io.BlockGuardOs.chmod(BlockGuardOs.java:77)
01-15 16:11:29.423 3782 3782 D StrictMode: at android.system.Os.chmod(Os.java:87)
01-15 16:11:29.423 3782 3782 D StrictMode: at android.app.ContextImpl.ensurePrivateDirExists(ContextImpl.java:576)
01-15 16:11:29.423 3782 3782 D StrictMode: at android.app.ContextImpl.ensurePrivateDirExists(ContextImpl.java:563)
01-15 16:11:29.423 3782 3782 D StrictMode: at android.app.ContextImpl.getPreferencesDir(ContextImpl.java:519)
01-15 16:11:29.423 3782 3782 D StrictMode: at android.app.ContextImpl.getSharedPreferencesPath(ContextImpl.java:714)
01-15 16:11:29.423 3782 3782 D StrictMode: at android.app.ContextImpl.getSharedPreferences(ContextImpl.java:368)
01-15 16:11:29.423 3782 3782 D StrictMode: at android.content.ContextWrapper.getSharedPreferences(ContextWrapper.java:167)
01-15 16:11:29.423 3782 3782 D StrictMode: at android.preference.PreferenceManager.getDefaultSharedPreferences(PreferenceManager.java:526)
01-15 16:11:29.423 3782 3782 D StrictMode: at com.android.providers.contacts.FastScrollingIndexCache.getInstance(FastScrollingIndexCache.java:95)
01-15 16:11:29.423 3782 3782 D StrictMode: at com.android.providers.contacts.ContactsProvider2.initialize(ContactsProvider2.java:1586)
01-15 16:11:29.423 3782 3782 D StrictMode: at com.android.providers.contacts.ContactsProvider2.onCreate(ContactsProvider2.java:1561)
01-15 16:11:29.423 3782 3782 D StrictMode: at android.content.ContentProvider.attachInfo(ContentProvider.java:1917)
01-15 16:11:29.423 3782 3782 D StrictMode: at android.content.ContentProvider.attachInfo(ContentProvider.java:1892)
01-15 16:11:29.423 3782 3782 D StrictMode: at android.app.ActivityThread.installProvider(ActivityThread.java:6239)
01-15 16:11:29.423 3782 3782 D StrictMode: at android.app.ActivityThread.installContentProviders(ActivityThread.java:5805)
01-15 16:11:29.423 3782 3782 D StrictMode: at android.app.ActivityThread.handleBindApplication(ActivityThread.java:5722)
01-15 16:11:29.423 3782 3782 D StrictMode: at android.app.ActivityThread.-wrap1(Unknown Source:0)
01-15 16:11:29.423 3782 3782 D StrictMode: at android.app.ActivityThread$H.handleMessage(ActivityThread.java:1656)
01-15 16:11:29.423 3782 3782 D StrictMode: at android.os.Handler.dispatchMessage(Handler.java:106)
01-15 16:11:29.423 3782 3782 D StrictMode: at android.os.Looper.loop(Looper.java:164)
01-15 16:11:29.423 3782 3782 D StrictMode: at android.app.ActivityThread.main(ActivityThread.java:6494)
01-15 16:11:29.423 3782 3782 D StrictMode: at java.lang.reflect.Method.invoke(Native Method)
01-15 16:11:29.423 3782 3782 D StrictMode: at com.android.internal.os.RuntimeInit$MethodAndArgsCaller.run(RuntimeInit.java:463)
01-15 16:11:29.423 3782 3782 D StrictMode: at com.android.internal.os.ZygoteInit.main(ZygoteInit.java:807)
01-15 16:11:29.428 2484 2498 E memtrack: Couldn't load memtrack module
01-15 16:11:29.428 2484 2498 W android.os.Debug: failed to get memory consumption info: -1
01-15 16:11:29.428 2484 2498 E memtrack: Couldn't load memtrack module
01-15 16:11:29.428 2484 2498 W android.os.Debug: failed to get memory consumption info: -1
01-15 16:11:29.428 2484 2498 E memtrack: Couldn't load memtrack module
01-15 16:11:29.428 2484 2498 W android.os.Debug: failed to get memory consumption info: -1
01-15 16:11:29.428 2484 2498 E memtrack: Couldn't load memtrack module
01-15 16:11:29.428 2484 2498 W android.os.Debug: failed to get memory consumption info: -1
01-15 16:11:29.429 2484 2498 E memtrack: Couldn't load memtrack module
01-15 16:11:29.429 2484 2498 W android.os.Debug: failed to get memory consumption info: -1
01-15 16:11:29.429 2484 2498 E memtrack: Couldn't load memtrack module
01-15 16:11:29.429 2484 2498 W android.os.Debug: failed to get memory consumption info: -1
01-15 16:11:29.429 2484 2498 E memtrack: Couldn't load memtrack module
01-15 16:11:29.429 2484 2498 W android.os.Debug: failed to get memory consumption info: -1
01-15 16:11:29.429 2484 2498 E memtrack: Couldn't load memtrack module
01-15 16:11:29.429 2484 2498 W android.os.Debug: failed to get memory consumption info: -1
01-15 16:11:29.429 2484 2498 E memtrack: Couldn't load memtrack module
01-15 16:11:29.429 2484 2498 W android.os.Debug: failed to get memory consumption info: -1
01-15 16:11:29.429 2484 2498 E memtrack: Couldn't load memtrack module
01-15 16:11:29.429 2484 2498 W android.os.Debug: failed to get memory consumption info: -1
01-15 16:11:29.430 2484 2498 E memtrack: Couldn't load memtrack module
01-15 16:11:29.430 2484 2498 W android.os.Debug: failed to get memory consumption info: -1
01-15 16:11:29.430 2484 2498 E memtrack: Couldn't load memtrack module
01-15 16:11:29.430 2484 2498 W android.os.Debug: failed to get memory consumption info: -1
01-15 16:11:29.430 2484 2498 E memtrack: Couldn't load memtrack module
01-15 16:11:29.430 2484 2498 W android.os.Debug: failed to get memory consumption info: -1
01-15 16:11:29.430 2484 2498 E memtrack: Couldn't load memtrack module
01-15 16:11:29.430 2484 2498 W android.os.Debug: failed to get memory consumption info: -1
01-15 16:11:29.430 2484 2498 E memtrack: Couldn't load memtrack module
01-15 16:11:29.430 2484 2498 W android.os.Debug: failed to get memory consumption info: -1
01-15 16:11:29.433 3590 3590 I GCoreNlp: shouldConfirmNlp, NLP off. Ensuring opt-in disabled
01-15 16:11:29.433 3782 3818 D ContactsDatabaseHelper: WAL enabled for contacts2.db: true
01-15 16:11:29.435 3782 3818 E SQLiteLog: (1) no such table: _sync_state_metadata
01-15 16:11:29.440 3782 3822 I CallLogDatabaseHelper: Migrating from old tables...
01-15 16:11:29.440 3782 3822 I CallLogDatabaseHelper: Source tables don't exist.
01-15 16:11:29.450 3782 3822 I CallLogDatabaseHelper: Migrating from old tables...
01-15 16:11:29.450 3782 3822 I CallLogDatabaseHelper: Source tables don't exist.
01-15 16:11:29.451 2484 2498 E memtrack: Couldn't load memtrack module
01-15 16:11:29.451 2484 2498 W android.os.Debug: failed to get memory consumption info: -1
01-15 16:11:29.451 2484 2498 E memtrack: Couldn't load memtrack module
01-15 16:11:29.451 2484 2498 W android.os.Debug: failed to get memory consumption info: -1
01-15 16:11:29.451 2484 2498 E memtrack: Couldn't load memtrack module
01-15 16:11:29.451 2484 2498 W android.os.Debug: failed to get memory consumption info: -1
01-15 16:11:29.451 2484 2498 E memtrack: Couldn't load memtrack module
01-15 16:11:29.451 2484 2498 W android.os.Debug: failed to get memory consumption info: -1
01-15 16:11:29.451 2484 2498 E memtrack: Couldn't load memtrack module
01-15 16:11:29.451 2484 2498 W android.os.Debug: failed to get memory consumption info: -1
01-15 16:11:29.452 2484 2498 E memtrack: Couldn't load memtrack module
01-15 16:11:29.452 2484 2498 W android.os.Debug: failed to get memory consumption info: -1
01-15 16:11:29.452 2484 2498 E memtrack: Couldn't load memtrack module
01-15 16:11:29.452 2484 2498 W android.os.Debug: failed to get memory consumption info: -1
01-15 16:11:29.452 2484 2498 E memtrack: Couldn't load memtrack module
01-15 16:11:29.452 2484 2498 W android.os.Debug: failed to get memory consumption info: -1
01-15 16:11:29.452 2484 2498 E memtrack: Couldn't load memtrack module
01-15 16:11:29.452 2484 2498 W android.os.Debug: failed to get memory consumption info: -1
01-15 16:11:29.462 2484 2498 E memtrack: Couldn't load memtrack module
01-15 16:11:29.462 2484 2498 W android.os.Debug: failed to get memory consumption info: -1
01-15 16:11:29.463 2484 2498 E memtrack: Couldn't load memtrack module
01-15 16:11:29.463 2484 2498 W android.os.Debug: failed to get memory consumption info: -1
01-15 16:11:29.466 3826 3826 I DownloadManager: Upgrading downloads database from version 0 to version 110, which will destroy all old data
01-15 16:11:29.473 2484 2498 E memtrack: Couldn't load memtrack module
01-15 16:11:29.473 2484 2498 W android.os.Debug: failed to get memory consumption info: -1
01-15 16:11:29.480 2484 2498 E memtrack: Couldn't load memtrack module
01-15 16:11:29.480 2484 2498 W android.os.Debug: failed to get memory consumption info: -1
01-15 16:11:29.480 2484 2498 E memtrack: Couldn't load memtrack module
01-15 16:11:29.480 2484 2498 W android.os.Debug: failed to get memory consumption info: -1
01-15 16:11:29.481 2484 2498 E memtrack: Couldn't load memtrack module
01-15 16:11:29.481 2484 2498 W android.os.Debug: failed to get memory consumption info: -1
01-15 16:11:29.481 2484 2498 E memtrack: Couldn't load memtrack module
01-15 16:11:29.481 2484 2498 W android.os.Debug: failed to get memory consumption info: -1
01-15 16:11:29.482 2484 2498 E memtrack: Couldn't load memtrack module
01-15 16:11:29.482 2484 2498 W android.os.Debug: failed to get memory consumption info: -1
01-15 16:11:29.482 2484 2498 E memtrack: Couldn't load memtrack module
01-15 16:11:29.482 2484 2498 W android.os.Debug: failed to get memory consumption info: -1
01-15 16:11:29.482 2484 2498 E memtrack: Couldn't load memtrack module
01-15 16:11:29.482 2484 2498 W android.os.Debug: failed to get memory consumption info: -1
01-15 16:11:29.482 2484 2498 E memtrack: Couldn't load memtrack module
01-15 16:11:29.493 3713 3718 I zygote64: Do partial code cache collection, code=28KB, data=19KB
01-15 16:11:29.482 2484 2498 W android.os.Debug: failed to get memory consumption info: -1
01-15 16:11:29.493 2484 2498 E memtrack: Couldn't load memtrack module
01-15 16:11:29.493 2484 2498 W android.os.Debug: failed to get memory consumption info: -1
01-15 16:11:29.493 2484 2498 E memtrack: Couldn't load memtrack module
01-15 16:11:29.493 2484 2498 W android.os.Debug: failed to get memory consumption info: -1
01-15 16:11:29.494 2484 2498 E memtrack: Couldn't load memtrack module
01-15 16:11:29.494 2484 2498 W android.os.Debug: failed to get memory consumption info: -1
01-15 16:11:29.494 2484 2498 E memtrack: Couldn't load memtrack module
01-15 16:11:29.494 2484 2498 W android.os.Debug: failed to get memory consumption info: -1
01-15 16:11:29.502 3732 3852 I SharedPreferencesProto: load shared preferences: file not found
01-15 16:11:29.502 3713 3718 I zygote64: After code cache collection, code=28KB, data=19KB
01-15 16:11:29.502 3713 3718 I zygote64: Increasing code cache capacity to 128KB
01-15 16:11:29.506 3732 3854 I SharedPreferencesProto: load shared preferences: file not found
01-15 16:11:29.513 3732 3758 E ActivityThread: Failed to find provider info for com.google.android.voicesearch
01-15 16:11:29.518 2484 2498 E memtrack: Couldn't load memtrack module
01-15 16:11:29.518 2484 2498 W android.os.Debug: failed to get memory consumption info: -1
01-15 16:11:29.519 2484 2498 E memtrack: Couldn't load memtrack module
01-15 16:11:29.519 2484 2498 W android.os.Debug: failed to get memory consumption info: -1
01-15 16:11:29.520 3782 3818 I ContactLocale: AddressBook Labels [[en_US]]: […, A, B, C, D, E, F, G, H, I, J, K, L, M, N, O, P, Q, R, S, T, U, V, W, X, Y, Z, Α, Β, Γ, Δ, Ε, Ζ, Η, Θ, Ι, Κ, Λ, Μ, Ν, Ξ, Ο, Π, Ρ, Σ, Τ, Υ, Φ, Χ, Ψ, Ω, …, А, Б, В, Г, Д, Ђ, Е, Є, Ж, З, И, І, Й, Ј, К, Л, Љ, М, Н, Њ, О, П, Р, С, Т, Ћ, У, Ф, Х, Ц, Ч, Џ, Ш, Щ, Ю, Я, …, א, ב, ג, ד, ה, ו, ז, ח, ט, י, כ, ל, מ, נ, ס, ע, פ, צ, ק, ר, ש, ת, …, ا, ب, ت, ث, ج, ح, خ, د, ذ, ر, ز, س, ش, ص, ض, ط, ظ, ع, غ, ف, ق, ك, ل, م, ن, ه, و, ي, …, ก, ข, ฃ, ค, ฅ, ฆ, ง, จ, ฉ, ช, ซ, ฌ, ญ, ฎ, ฏ, ฐ, ฑ, ฒ, ณ, ด, ต, ถ, ท, ธ, น, บ, ป, ผ, ฝ, พ, ฟ, ภ, ม, ย, ร, ฤ, ล, ฦ, ว, ศ, ษ, ส, ห, ฬ, อ, ฮ, …, ㄱ, ㄴ, ㄷ, ㄹ, ㅁ, ㅂ, ㅅ, ㅇ, ㅈ, ㅊ, ㅋ, ㅌ, ㅍ, ㅎ, …, あ, か, さ, た, な, は, ま, や, ら, わ, #, …]
01-15 16:11:29.525 3826 3826 E SQLiteLog: (1) no such table: album_info
01-15 16:11:29.530 3782 3818 I ContactsDatabaseHelper: Bootstrapping database contacts2.db version: 1202
01-15 16:11:29.538 2484 2498 W Binder : Outgoing transactions from this process must be FLAG_ONEWAY
01-15 16:11:29.538 2484 2498 W Binder : java.lang.Throwable
01-15 16:11:29.538 2484 2498 W Binder : at android.os.BinderProxy.transact(Binder.java:752)
01-15 16:11:29.538 2484 2498 W Binder : at com.android.internal.location.ILocationProvider$Stub$Proxy.getProperties(ILocationProvider.java:232)
01-15 16:11:29.538 2484 2498 W Binder : at com.android.server.location.LocationProviderProxy$1.run(LocationProviderProxy.java:119)
01-15 16:11:29.538 2484 2498 W Binder : at android.os.Handler.handleCallback(Handler.java:790)
01-15 16:11:29.538 2484 2498 W Binder : at android.os.Handler.dispatchMessage(Handler.java:99)
01-15 16:11:29.538 2484 2498 W Binder : at android.os.Looper.loop(Looper.java:164)
01-15 16:11:29.538 2484 2498 W Binder : at android.os.HandlerThread.run(HandlerThread.java:65)
01-15 16:11:29.538 2484 2498 W Binder : Outgoing transactions from this process must be FLAG_ONEWAY
01-15 16:11:29.538 2484 2498 W Binder : java.lang.Throwable
01-15 16:11:29.538 2484 2498 W Binder : at android.os.BinderProxy.transact(Binder.java:752)
01-15 16:11:29.538 2484 2498 W Binder : at com.android.internal.location.ILocationProvider$Stub$Proxy.getProperties(ILocationProvider.java:232)
