01-15 16:11:32.241 4503 4503 W zygote : Unexpected CPU variant for X86 using defaults: x86_64
01-15 16:11:32.247 2484 3311 I ActivityManager: Start proc 4503:com.android.chrome/u0a54 for service com.android.chrome/org.chromium.chrome.browser.customtabs.CustomTabsConnectionService
01-15 16:11:32.248 3713 4104 I Auth : [AddAccount,UncertifiedNotificationIntentOperation] UncertifiedNotification is disabled on this device.
01-15 16:11:32.249 2484 3406 D PackageManager: Ephemeral installer not found with new action; try old one
01-15 16:11:32.249 2484 3406 D PackageManager: Clear ephemeral installer activity
01-15 16:11:32.251 3713 4508 I Authzen : [PermitStore] Getting all permits...
01-15 16:11:32.256 3713 4008 W Herrevad: [114] rwh.b: Invalid mccmnc
01-15 16:11:32.258 3713 4008 W Herrevad: [114] rwh.b: Invalid mccmnc
01-15 16:11:32.258 4521 4521 W zygote64: Unexpected CPU variant for X86 using defaults: x86_64
01-15 16:11:32.263 2484 3159 I ActivityManager: Start proc 4521:com.google.android.onetimeinitializer/u0a22 for broadcast com.google.android.onetimeinitializer/.OneTimeInitializerReceiver
01-15 16:11:32.264 2368 2368 E lowmemorykiller: Error opening /dev/memcg/apps/uid_10018/pid_3590/memory.soft_limit_in_bytes; errno=2
01-15 16:11:32.270 2368 2368 E lowmemorykiller: Error opening /dev/memcg/apps/uid_10054/pid_4503/memory.soft_limit_in_bytes; errno=2
01-15 16:11:32.270 2484 3406 W SchedPolicy: add_tid_to_cgroup failed to write '4503' (Permission denied); fd=25
01-15 16:11:32.274 2368 2368 E lowmemorykiller: Error opening /dev/memcg/apps/uid_10037/pid_3732/memory.soft_limit_in_bytes; errno=2
01-15 16:11:32.277 2368 2368 E lowmemorykiller: Error opening /dev/memcg/apps/uid_10022/pid_4521/memory.soft_limit_in_bytes; errno=2
01-15 16:11:32.277 2484 3407 W SchedPolicy: add_tid_to_cgroup failed to write '4521' (Permission denied); fd=25
01-15 16:11:32.287 2368 2368 E lowmemorykiller: Error opening /dev/memcg/apps/uid_10018/pid_3590/memory.soft_limit_in_bytes; errno=2
01-15 16:11:32.287 2368 2368 I chatty : uid=0(root) /system/bin/lmkd identical 1 line
01-15 16:11:32.288 2368 2368 E lowmemorykiller: Error opening /dev/memcg/apps/uid_10018/pid_3590/memory.soft_limit_in_bytes; errno=2
01-15 16:11:32.293 4521 4521 V OneTimeInitializerReceiver: OneTimeInitializerReceiver.onReceive
01-15 16:11:32.294 2368 2368 E lowmemorykiller: Error opening /dev/memcg/apps/uid_10018/pid_3590/memory.soft_limit_in_bytes; errno=2
01-15 16:11:32.295 2368 2368 E lowmemorykiller: Error opening /dev/memcg/apps/uid_10023/pid_4037/memory.soft_limit_in_bytes; errno=2
01-15 16:11:32.297 2368 2368 E lowmemorykiller: Error opening /dev/memcg/apps/uid_10018/pid_3590/memory.soft_limit_in_bytes; errno=2
01-15 16:11:32.297 2484 3311 D PackageManager: Ephemeral installer not found with new action; try old one
01-15 16:11:32.297 2484 3311 D PackageManager: Clear ephemeral installer activity
01-15 16:11:32.299 4521 4541 V OneTimeService: OneTimeService.onHandleIntent
01-15 16:11:32.299 3713 4081 V Backup : Boot completed, flushing queues
01-15 16:11:32.300 3713 4080 I Backup : [PreLComponentEnabler] Disabling pre-L components
01-15 16:11:32.300 3713 4080 V Backup : [PreLComponentEnabler] Disabling Component: com.google.android.gms.backup.component.D2dPreLSourceActivity
01-15 16:11:32.300 2368 2368 E lowmemorykiller: Error opening /dev/memcg/apps/uid_10018/pid_3626/memory.soft_limit_in_bytes; errno=2
01-15 16:11:32.301 2484 2496 W SchedPolicy: add_tid_to_cgroup failed to write '3626' (Permission denied); fd=25
01-15 16:11:32.303 2368 2368 E lowmemorykiller: Error opening /dev/memcg/apps/uid_10018/pid_3590/memory.soft_limit_in_bytes; errno=2
01-15 16:11:32.303 2368 2368 E lowmemorykiller: Error opening /dev/memcg/apps/uid_10018/pid_3590/memory.soft_limit_in_bytes; errno=2
01-15 16:11:32.304 2368 2368 E lowmemorykiller: Error opening /dev/memcg/apps/uid_10018/pid_3626/memory.soft_limit_in_bytes; errno=2
01-15 16:11:32.305 2484 3159 W SchedPolicy: add_tid_to_cgroup failed to write '3626' (Permission denied); fd=3
01-15 16:11:32.305 2368 2368 E lowmemorykiller: Error opening /dev/memcg/apps/uid_10018/pid_3626/memory.soft_limit_in_bytes; errno=2
01-15 16:11:32.305 4521 4541 V OneTimeService: Device Policy is not installed, doing nothing.
01-15 16:11:32.312 3590 4068 I ClearcutBootCompleteIntentOperation: Device boot count in clearcut increased.
01-15 16:11:32.313 2484 3407 I ActivityManager: Killing 3390:com.android.settings/1000 (adj 906): empty #17
01-15 16:11:32.313 2368 2368 E lowmemorykiller: Error opening /dev/memcg/apps/uid_10022/pid_4521/memory.soft_limit_in_bytes; errno=2
01-15 16:11:32.313 2368 2368 E lowmemorykiller: Error opening /dev/memcg/apps/uid_10033/pid_4394/memory.soft_limit_in_bytes; errno=2
01-15 16:11:32.313 2368 2368 E lowmemorykiller: Error opening /dev/memcg/apps/uid_10016/pid_4172/memory.soft_limit_in_bytes; errno=2
01-15 16:11:32.313 2368 2368 E lowmemorykiller: Error opening /dev/memcg/apps/uid_10049/pid_4240/memory.soft_limit_in_bytes; errno=2
01-15 16:11:32.313 2484 2501 W system_server: kill(-3390, 9) failed: No such process
01-15 16:11:32.318 2368 2368 E lowmemorykiller: Error opening /dev/memcg/apps/uid_10018/pid_3590/memory.soft_limit_in_bytes; errno=2
01-15 16:11:32.326 4556 4556 W zygote64: Unexpected CPU variant for X86 using defaults: x86_64
01-15 16:11:32.331 2484 3407 I ActivityManager: Start proc 4556:com.google.process.gapps/u0a61 for broadcast com.google.android.syncadapters.contacts/.ContactsSyncAdapterBroadcastReceiver
01-15 16:11:32.334 2368 2368 E lowmemorykiller: Error opening /dev/memcg/apps/uid_10023/pid_4037/memory.soft_limit_in_bytes; errno=2
01-15 16:11:32.336 2484 3407 W SchedPolicy: add_tid_to_cgroup failed to write '4556' (Permission denied); fd=25
01-15 16:11:32.336 2368 2368 E lowmemorykiller: Error opening /dev/memcg/apps/uid_10061/pid_4556/memory.soft_limit_in_bytes; errno=2
01-15 16:11:32.336 2368 2368 E lowmemorykiller: Error opening /dev/memcg/apps/uid_10011/pid_3826/memory.soft_limit_in_bytes; errno=2
01-15 16:11:32.337 2368 2368 E lowmemorykiller: Error opening /dev/memcg/apps/uid_10011/pid_3826/memory.soft_limit_in_bytes; errno=2
01-15 16:11:32.338 2368 2368 E lowmemorykiller: Error opening /dev/memcg/apps/uid_10018/pid_3590/memory.soft_limit_in_bytes; errno=2
01-15 16:11:32.338 2368 2368 E lowmemorykiller: Error opening /dev/memcg/apps/uid_10023/pid_4037/memory.soft_limit_in_bytes; errno=2
01-15 16:11:32.340 2368 2368 E lowmemorykiller: Error opening /dev/memcg/apps/uid_10023/pid_4037/memory.soft_limit_in_bytes; errno=2
01-15 16:11:32.345 2368 2368 E lowmemorykiller: Error opening /dev/memcg/apps/uid_10018/pid_3590/memory.soft_limit_in_bytes; errno=2
01-15 16:11:32.351 2484 3160 I ActivityManager: Killing 4240:com.android.camera2/u0a49 (adj 906): empty #17
01-15 16:11:32.351 2368 2368 E lowmemorykiller: Error opening /dev/memcg/apps/uid_10054/pid_4503/memory.soft_limit_in_bytes; errno=2
01-15 16:11:32.351 2368 2368 E lowmemorykiller: Error opening /dev/memcg/apps/uid_10028/pid_4018/memory.soft_limit_in_bytes; errno=2
01-15 16:11:32.351 2368 2368 E lowmemorykiller: Error opening /dev/memcg/apps/uid_10059/pid_4323/memory.soft_limit_in_bytes; errno=2
01-15 16:11:32.351 2368 2368 E lowmemorykiller: Error opening /dev/memcg/apps/uid_10008/pid_4269/memory.soft_limit_in_bytes; errno=2
01-15 16:11:32.356 3713 4085 I Fido : [FidoInitIntentOperation] Initializing Fido module, InitRuntimeState=2
01-15 16:11:32.356 4037 4554 I RlzPingService: Setting next ping for 1516637492340
01-15 16:11:32.356 2484 3160 D PackageManager: Ephemeral installer not found with new action; try old one
01-15 16:11:32.356 2484 3160 D PackageManager: Clear ephemeral installer activity
01-15 16:11:32.356 2484 3406 D PackageManager: Ephemeral installer not found with new action; try old one
01-15 16:11:32.356 2484 3406 D PackageManager: Clear ephemeral installer activity
01-15 16:11:32.358 3713 4574 I CheckinService: Disabling old GoogleServicesFramework version
01-15 16:11:32.359 2484 2496 D PackageManager: Ephemeral installer not found with new action; try old one
01-15 16:11:32.359 2484 2496 D PackageManager: Clear ephemeral installer activity
01-15 16:11:32.359 2484 2496 D PackageManager: Ephemeral installer not found with new action; try old one
01-15 16:11:32.359 2484 2496 D PackageManager: Clear ephemeral installer activity
01-15 16:11:32.359 2484 2496 D PackageManager: Ephemeral installer not found with new action; try old one
01-15 16:11:32.359 2484 2496 D PackageManager: Clear ephemeral installer activity
01-15 16:11:32.360 2484 2501 W system_server: kill(-3390, 9) failed: No such process
01-15 16:11:32.360 2484 2501 I system_server: Successfully killed process cgroup uid 1000 pid 3390 in 47ms
01-15 16:11:32.360 2484 2501 W system_server: kill(-4240, 9) failed: No such process
01-15 16:11:32.377 2368 2368 E lowmemorykiller: Error opening /dev/memcg/apps/uid_10023/pid_4037/memory.soft_limit_in_bytes; errno=2
01-15 16:11:32.378 2368 2368 E lowmemorykiller: Error opening /dev/memcg/apps/uid_10046/pid_4204/memory.soft_limit_in_bytes; errno=2
01-15 16:11:32.381 2484 2496 D PackageManager: Ephemeral installer not found with new action; try old one
01-15 16:11:32.381 2484 2496 D PackageManager: Clear ephemeral installer activity
01-15 16:11:32.393 2484 2506 W ActivityManager: setHasOverlayUi called on unknown pid: 3390
01-15 16:11:32.393 2368 2368 E lowmemorykiller: Error opening /dev/memcg/apps/uid_10046/pid_4204/memory.soft_limit_in_bytes; errno=2
01-15 16:11:32.394 2368 2368 E lowmemorykiller: Error opening /dev/memcg/apps/uid_10023/pid_4037/memory.soft_limit_in_bytes; errno=2
01-15 16:11:32.396 2368 2368 E lowmemorykiller: Error opening /dev/memcg/apps/uid_10011/pid_3826/memory.soft_limit_in_bytes; errno=2
01-15 16:11:32.397 2368 2368 E lowmemorykiller: Error opening /dev/memcg/apps/uid_10023/pid_4037/memory.soft_limit_in_bytes; errno=2
01-15 16:11:32.397 2368 2368 E lowmemorykiller: Error opening /dev/memcg/apps/uid_10023/pid_4037/memory.soft_limit_in_bytes; errno=2
01-15 16:11:32.406 2484 2501 W system_server: kill(-4240, 9) failed: No such process
01-15 16:11:32.406 2484 2501 I system_server: Successfully killed process cgroup uid 10049 pid 4240 in 45ms
01-15 16:11:32.413 2368 2368 E lowmemorykiller: Error opening /dev/memcg/apps/uid_10011/pid_3826/memory.soft_limit_in_bytes; errno=2
01-15 16:11:32.415 2368 2368 E lowmemorykiller: Error opening /dev/memcg/apps/uid_10075/pid_3612/memory.soft_limit_in_bytes; errno=2
01-15 16:11:32.415 2368 2368 E lowmemorykiller: Error opening /dev/memcg/apps/uid_10008/pid_4269/memory.soft_limit_in_bytes; errno=2
01-15 16:11:32.416 2368 2368 E lowmemorykiller: Error opening /dev/memcg/apps/uid_10075/pid_3612/memory.soft_limit_in_bytes; errno=2
01-15 16:11:32.416 2368 2368 E lowmemorykiller: Error opening /dev/memcg/apps/uid_10006/pid_4417/memory.soft_limit_in_bytes; errno=2
01-15 16:11:32.416 2368 2368 E lowmemorykiller: Error opening /dev/memcg/apps/uid_10057/pid_4360/memory.soft_limit_in_bytes; errno=2
01-15 16:11:32.416 2368 2368 E lowmemorykiller: Error opening /dev/memcg/apps/uid_10008/pid_4269/memory.soft_limit_in_bytes; errno=2
01-15 16:11:32.422 2484 3311 I ActivityManager: Finished processing BOOT_COMPLETED for u0
01-15 16:11:32.424 2368 2368 E lowmemorykiller: Error opening /dev/memcg/apps/uid_10061/pid_4556/memory.soft_limit_in_bytes; errno=2
01-15 16:11:32.425 2368 2368 E lowmemorykiller: Error opening /dev/memcg/apps/uid_10011/pid_3826/memory.soft_limit_in_bytes; errno=2
01-15 16:11:32.430 2368 2368 E lowmemorykiller: Error opening /dev/memcg/apps/uid_10018/pid_3713/memory.soft_limit_in_bytes; errno=2
01-15 16:11:32.431 2368 2368 E lowmemorykiller: Error opening /dev/memcg/apps/uid_10018/pid_3713/memory.soft_limit_in_bytes; errno=2
01-15 16:11:32.437 2368 2368 E lowmemorykiller: Error opening /dev/memcg/apps/uid_10002/pid_3782/memory.soft_limit_in_bytes; errno=2
01-15 16:11:32.437 2368 2368 E lowmemorykiller: Error opening /dev/memcg/apps/uid_10002/pid_3782/memory.soft_limit_in_bytes; errno=2
01-15 16:11:32.438 2368 2368 E lowmemorykiller: Error opening /dev/memcg/apps/uid_10023/pid_4037/memory.soft_limit_in_bytes; errno=2
01-15 16:11:32.438 2368 2368 E lowmemorykiller: Error opening /dev/memcg/apps/uid_10023/pid_4037/memory.soft_limit_in_bytes; errno=2
01-15 16:11:32.440 2368 2368 E lowmemorykiller: Error opening /dev/memcg/apps/uid_10061/pid_4556/memory.soft_limit_in_bytes; errno=2
01-15 16:11:32.441 2368 2368 E lowmemorykiller: Error opening /dev/memcg/apps/uid_10011/pid_3826/memory.soft_limit_in_bytes; errno=2
01-15 16:11:32.441 2368 2368 E lowmemorykiller: Error opening /dev/memcg/apps/uid_10046/pid_4204/memory.soft_limit_in_bytes; errno=2
01-15 16:11:32.441 2368 2368 E lowmemorykiller: Error opening /dev/memcg/apps/uid_10002/pid_3782/memory.soft_limit_in_bytes; errno=2
01-15 16:11:32.441 3713 3997 I GCM-GMS : Scheduling task to register GMS
01-15 16:11:32.441 3497 3497 W zygote64: Class com.google.analytics.tracking.android.GoogleAnalytics failed lock verification and will run slower.
01-15 16:11:32.441 3497 3497 W zygote64: Common causes for lock verification issues are non-optimized dex code
01-15 16:11:32.441 3497 3497 W zygote64: and incorrect proguard optimizations.
01-15 16:11:32.442 2484 3996 I ActivityManager: Killing 4269:com.android.cellbroadcastreceiver/u0a8 (adj 906): empty #17
01-15 16:11:32.442 2368 2368 E lowmemorykiller: Error opening /dev/memcg/apps/uid_10061/pid_4556/memory.soft_limit_in_bytes; errno=2
01-15 16:11:32.442 2368 2368 E lowmemorykiller: Error opening /dev/memcg/apps/uid_10071/pid_3657/memory.soft_limit_in_bytes; errno=2
01-15 16:11:32.442 2368 2368 E lowmemorykiller: Error opening /dev/memcg/apps/uid_10024/pid_3922/memory.soft_limit_in_bytes; errno=2
01-15 16:11:32.442 2368 2368 E lowmemorykiller: Error opening /dev/memcg/apps/uid_10009/pid_4295/memory.soft_limit_in_bytes; errno=2
01-15 16:11:32.442 2368 2368 E lowmemorykiller: Error opening /dev/memcg/apps/uid_10046/pid_4204/memory.soft_limit_in_bytes; errno=2
01-15 16:11:32.443 2484 2501 W system_server: kill(-4269, 9) failed: No such process
01-15 16:11:32.457 3497 4587 D LogHelper: Google Analytics log entry: {&ea=boot_completed, &ec=power, &ev=70, &cd1=eng, &cd5=8.1.0-eng.utente.20171216.200057, &cd13=240, &el=android_x86_64 8.1.0 OPM1.171019.011, &cd12=1920 * 1080 60Hz, &t=event, &cd3=x86_64, &cd4=20FMS27L0F}
01-15 16:11:32.458 3826 3826 I MediaScannerSer: type=1400 audit(0.0:529): avc: denied { getattr } for path="/storage/Android-x86_LiveCD" dev="tmpfs" ino=55761 scontext=u:r:mediaprovider:s0:c512,c768 tcontext=u:object_r:storage_stub_file:s0 tclass=dir permissive=1
01-15 16:11:32.458 3497 4587 D vndksupport: Loading /vendor/lib64/hw/gralloc.drm.so from current namespace instead of sphal namespace.
01-15 16:11:32.459 3497 4587 I GRALLOC-DRM: create intel for driver i915
01-15 16:11:32.458 3497 3497 I IntentService[A: type=1400 audit(0.0:530): avc: denied { read write } for name="card0" dev="tmpfs" ino=8777 scontext=u:r:platform_app:s0:c512,c768 tcontext=u:object_r:device:s0 tclass=chr_file permissive=1
01-15 16:11:32.458 3497 3497 I IntentService[A: type=1400 audit(0.0:531): avc: denied { open } for path="/dev/dri/card0" dev="tmpfs" ino=8777 scontext=u:r:platform_app:s0:c512,c768 tcontext=u:object_r:device:s0 tclass=chr_file permissive=1
01-15 16:11:32.458 3497 3497 I IntentService[A: type=1400 audit(0.0:532): avc: denied { ioctl } for path="/dev/dri/card0" dev="tmpfs" ino=8777 ioctlcmd=0x6400 scontext=u:r:platform_app:s0:c512,c768 tcontext=u:object_r:device:s0 tclass=chr_file permissive=1
01-15 16:11:32.459 3497 3497 I IntentService[A: type=1400 audit(0.0:533): avc: denied { getattr } for path="/dev/dri/card0" dev="tmpfs" ino=8777 scontext=u:r:platform_app:s0:c512,c768 tcontext=u:object_r:device:s0 tclass=chr_file permissive=1
01-15 16:11:32.460 3497 4587 I EGL-MAIN: found extension DRI_Core version 2
01-15 16:11:32.460 3497 4587 I EGL-MAIN: found extension DRI_DRI2 version 4
01-15 16:11:32.466 3497 4587 I EGL-MAIN: found extension DRI_TexBuffer version 3
01-15 16:11:32.466 3497 4587 I EGL-MAIN: found extension DRI2_Flush version 4
01-15 16:11:32.466 3497 4587 I EGL-MAIN: found extension DRI_IMAGE version 16
01-15 16:11:32.466 3497 4587 I EGL-MAIN: found extension DRI2_Fence version 2
01-15 16:11:32.466 3497 4587 I EGL-MAIN: found extension DRI_RENDERER_QUERY version 1
01-15 16:11:32.466 3497 4587 I EGL-MAIN: found extension DRI_CONFIG_QUERY version 1
01-15 16:11:32.466 3497 4587 I EGL-MAIN: found extension DRI_FlushControl version 1
01-15 16:11:32.466 3497 4587 I EGL-MAIN: found extension DRI_Robustness version 1
01-15 16:11:32.466 3497 4587 I EGL-MAIN: found extension DRI_NoError version 1
01-15 16:11:32.467 3497 3497 I IntentService[A: type=1400 audit(0.0:536): avc: denied { map } for path=2F69393135202864656C6574656429 dev="tmpfs" ino=69969 scontext=u:r:platform_app:s0:c512,c768 tcontext=u:object_r:platform_app_tmpfs:s0:c512,c768 tclass=file permissive=1
01-15 16:11:32.466 3497 4587 I org.android_x86.analytics: android::hardware::configstore::V1_0::ISurfaceFlingerConfigs::hasWideColorDisplay retrieved: 0
01-15 16:11:32.468 3497 4587 D vndksupport: Loading /vendor/lib64/hw/android.hardware.graphics.mapper@2.0-impl.so from current namespace instead of sphal namespace.
01-15 16:11:32.469 3497 4587 D vndksupport: Loading /vendor/lib64/hw/gralloc.drm.so from current namespace instead of sphal namespace.
01-15 16:11:32.469 3497 4587 D vndksupport: Loading /vendor/lib64/hw/android.hardware.graphics.allocator@2.0-impl.so from current namespace instead of sphal namespace.
01-15 16:11:32.472 3497 4587 D vndksupport: Loading /vendor/lib64/hw/gralloc.drm.so from current namespace instead of sphal namespace.
01-15 16:11:32.473 3497 4587 D AnalyticsHelper: send CustomEvent {Category: system:hardware_info Action: gpu_renderer Package: org.android_x86.analytics Label: Mesa DRI Intel(R) HD Graphics 520 (Skylake GT2) Value: null Sampling: false}
01-15 16:11:32.484 4471 4481 W dex2oat : Class no failed lock verification and will run slower.
01-15 16:11:32.484 4471 4481 W dex2oat : Common causes for lock verification issues are non-optimized dex code
01-15 16:11:32.484 4471 4481 W dex2oat : and incorrect proguard optimizations.
01-15 16:11:32.488 3713 4581 I CheckinChimeraService: Checking schedule, now: 1516032692488 next: 0
01-15 16:11:32.488 2484 2501 W system_server: kill(-4269, 9) failed: No such process
01-15 16:11:32.488 2484 2501 I system_server: Successfully killed process cgroup uid 10008 pid 4269 in 45ms
01-15 16:11:32.493 3497 4587 D AnalyticsHelper: send CustomEvent {Category: system:hardware_info Action: cpu_model Package: org.android_x86.analytics Label: Intel(R) Core(TM) i5-6300U CPU @ 2.40GHz Value: null Sampling: false}
01-15 16:11:32.499 2484 3160 D PackageManager: Ephemeral installer not found with new action; try old one
01-15 16:11:32.499 2484 3160 D PackageManager: Clear ephemeral installer activity
01-15 16:11:32.499 2484 4452 D PackageManager: Ephemeral installer not found with new action; try old one
01-15 16:11:32.499 2484 4452 D PackageManager: Clear ephemeral installer activity
01-15 16:11:32.499 2484 3160 D PackageManager: Ephemeral installer not found with new action; try old one
01-15 16:11:32.499 2484 3160 D PackageManager: Clear ephemeral installer activity
01-15 16:11:32.500 2484 3311 D PackageManager: Ephemeral installer not found with new action; try old one
01-15 16:11:32.500 2484 3311 D PackageManager: Clear ephemeral installer activity
01-15 16:11:32.500 3713 4581 I CheckinChimeraService: active receiver: enabled
01-15 16:11:32.500 2484 3996 D PackageManager: Ephemeral installer not found with new action; try old one
01-15 16:11:32.500 2484 3996 D PackageManager: Clear ephemeral installer activity
01-15 16:11:32.501 3497 4587 D AnalyticsHelper: send CustomEvent {Category: system:hardware_info Action: has_battery Package: org.android_x86.analytics Label: battery Value: null Sampling: true}
01-15 16:11:32.501 2368 2368 E lowmemorykiller: Error opening /dev/memcg/apps/uid_10018/pid_3713/memory.soft_limit_in_bytes; errno=2
01-15 16:11:32.502 3497 3497 I IntentService[A: type=1400 audit(0.0:537): avc: denied { open } for path="/dev/__properties__/u:object_r:wifi_prop:s0" dev="tmpfs" ino=7390 scontext=u:r:platform_app:s0:c512,c768 tcontext=u:object_r:wifi_prop:s0 tclass=file permissive=1
01-15 16:11:32.502 3497 3497 I IntentService[A: type=1400 audit(0.0:538): avc: denied { getattr } for path="/dev/__properties__/u:object_r:wifi_prop:s0" dev="tmpfs" ino=7390 scontext=u:r:platform_app:s0:c512,c768 tcontext=u:object_r:wifi_prop:s0 tclass=file permissive=1
01-15 16:11:32.502 3497 3497 I IntentService[A: type=1400 audit(0.0:539): avc: denied { map } for path="/dev/__properties__/u:object_r:wifi_prop:s0" dev="tmpfs" ino=7390 scontext=u:r:platform_app:s0:c512,c768 tcontext=u:object_r:wifi_prop:s0 tclass=file permissive=1
01-15 16:11:32.502 3497 4587 D AnalyticsHelper: send CustomEvent {Category: system:hardware_info Action: has_ethernet Package: org.android_x86.analytics Label: e1000e Value: null Sampling: false}
01-15 16:11:32.504 2368 2368 E lowmemorykiller: Error opening /dev/memcg/apps/uid_10018/pid_3713/memory.soft_limit_in_bytes; errno=2
01-15 16:11:32.504 3497 4587 D LogHelper: Google Analytics log entry: {&ea=gpu_renderer, &ec=system:hardware_info, &cd13=240, &el=Mesa DRI Intel(R) HD Graphics 520 (Skylake GT2) , &cd12=1920 * 1080 60Hz, &t=event, &an=org.android_x86.analytics, &ev=null, &cd1=eng, &cd5=8.1.0-eng.utente.20171216.200057, &cd3=x86_64, &cd4=20FMS27L0F}
01-15 16:11:32.505 3713 4588 I EventLogChimeraService: Aggregate from 0 (log), 0 (data)
01-15 16:11:32.505 3497 4587 D LogHelper: Google Analytics log entry: {&ea=cpu_model, &ec=system:hardware_info, &cd13=240, &el=Intel(R) Core(TM) i5-6300U CPU @ 2.40GHz, &cd12=1920 * 1080 60Hz, &t=event, &an=org.android_x86.analytics, &ev=null, &cd1=eng, &cd5=8.1.0-eng.utente.20171216.200057, &cd3=x86_64, &cd4=20FMS27L0F}
01-15 16:11:32.506 3497 4587 D LogHelper: Google Analytics log entry: {&ea=has_battery, &ec=system:hardware_info, &cd13=240, &el=battery, &cd12=1920 * 1080 60Hz, &t=event, &an=org.android_x86.analytics, &ev=null, &cd1=eng, &cd5=8.1.0-eng.utente.20171216.200057, &cd3=x86_64, &cd4=20FMS27L0F}
01-15 16:11:32.507 3497 4587 D LogHelper: Google Analytics log entry: {&ea=has_ethernet, &ec=system:hardware_info, &cd13=240, &el=e1000e, &cd12=1920 * 1080 60Hz, &t=event, &an=org.android_x86.analytics, &ev=null, &cd1=eng, &cd5=8.1.0-eng.utente.20171216.200057, &cd3=x86_64, &cd4=20FMS27L0F}
01-15 16:11:32.519 2484 3996 D PackageManager: Ephemeral installer not found with new action; try old one
01-15 16:11:32.519 2484 3996 D PackageManager: Clear ephemeral installer activity
01-15 16:11:32.519 2484 3996 D PackageManager: Ephemeral installer not found with new action; try old one
01-15 16:11:32.520 2484 3996 D PackageManager: Clear ephemeral installer activity
01-15 16:11:32.520 2484 3996 D PackageManager: Ephemeral installer not found with new action; try old one
01-15 16:11:32.520 2484 3996 D PackageManager: Clear ephemeral installer activity
01-15 16:11:32.520 2484 3996 D PackageManager: Ephemeral installer not found with new action; try old one
01-15 16:11:32.520 2484 3996 D PackageManager: Clear ephemeral installer activity
01-15 16:11:32.520 2484 3160 D PackageManager: Ephemeral installer not found with new action; try old one
01-15 16:11:32.520 2484 3160 D PackageManager: Clear ephemeral installer activity
01-15 16:11:32.520 2484 3160 D PackageManager: Ephemeral installer not found with new action; try old one
01-15 16:11:32.520 2484 3160 D PackageManager: Clear ephemeral installer activity
01-15 16:11:32.521 2484 3160 D PackageManager: Ephemeral installer not found with new action; try old one
01-15 16:11:32.521 2484 3160 D PackageManager: Clear ephemeral installer activity
01-15 16:11:32.525 2368 2368 E lowmemorykiller: Error opening /dev/memcg/apps/uid_10018/pid_3713/memory.soft_limit_in_bytes; errno=2
01-15 16:11:32.533 2484 3996 D PackageManager: Ephemeral installer not found with new action; try old one
01-15 16:11:32.533 2484 3996 D PackageManager: Clear ephemeral installer activity
01-15 16:11:32.533 2484 3996 D PackageManager: Ephemeral installer not found with new action; try old one
01-15 16:11:32.533 2484 3996 D PackageManager: Clear ephemeral installer activity
01-15 16:11:32.534 2484 3996 D PackageManager: Ephemeral installer not found with new action; try old one
01-15 16:11:32.534 2484 3996 D PackageManager: Clear ephemeral installer activity
01-15 16:11:32.535 2484 3996 D PackageManager: Ephemeral installer not found with new action; try old one
01-15 16:11:32.535 2484 3996 D PackageManager: Clear ephemeral installer activity
01-15 16:11:32.536 2484 3996 D PackageManager: Ephemeral installer not found with new action; try old one
01-15 16:11:32.536 2484 3996 D PackageManager: Clear ephemeral installer activity
01-15 16:11:32.536 2484 3996 D PackageManager: Ephemeral installer not found with new action; try old one
01-15 16:11:32.536 2484 3996 D PackageManager: Clear ephemeral installer activity
01-15 16:11:32.537 2484 3996 D PackageManager: Ephemeral installer not found with new action; try old one
01-15 16:11:32.537 2484 3996 D PackageManager: Clear ephemeral installer activity
01-15 16:11:32.537 2484 3160 D PackageManager: Ephemeral installer not found with new action; try old one
01-15 16:11:32.537 2484 3160 D PackageManager: Clear ephemeral installer activity
01-15 16:11:32.544 4604 4604 W zygote64: Unexpected CPU variant for X86 using defaults: x86_64
01-15 16:11:32.550 2484 4452 I ActivityManager: Start proc 4604:com.google.android.gms.ui/u0a18 for service com.google.android.gms/.chimera.UiIntentOperationService
01-15 16:11:32.552 2368 2368 E lowmemorykiller: Error opening /dev/memcg/apps/uid_10018/pid_4604/memory.soft_limit_in_bytes; errno=2
01-15 16:11:32.552 3713 4085 I IcingInternalCorpora: Delta update with no prior full sync - doing full sync instead.
01-15 16:11:32.553 2484 3996 D PackageManager: Ephemeral installer not found with new action; try old one
01-15 16:11:32.553 2484 3996 D PackageManager: Clear ephemeral installer activity
01-15 16:11:32.554 2484 3160 D PackageManager: Ephemeral installer not found with new action; try old one
01-15 16:11:32.554 2484 3160 D PackageManager: Clear ephemeral installer activity
01-15 16:11:32.554 2368 2368 E lowmemorykiller: Error opening /dev/memcg/apps/uid_10002/pid_3782/memory.soft_limit_in_bytes; errno=2
01-15 16:11:32.554 2484 4499 W SchedPolicy: add_tid_to_cgroup failed to write '3782' (Permission denied); fd=3
01-15 16:11:32.564 2484 3160 D PackageManager: Ephemeral installer not found with new action; try old one
01-15 16:11:32.564 2484 3160 D PackageManager: Clear ephemeral installer activity
01-15 16:11:32.567 4604 4604 I zygote64: The ClassLoaderContext is a special shared library.
01-15 16:11:32.568 2368 2368 E lowmemorykiller: Error opening /dev/memcg/apps/uid_10018/pid_3713/memory.soft_limit_in_bytes; errno=2
01-15 16:11:32.568 2368 2368 E lowmemorykiller: Error opening /dev/memcg/apps/uid_10002/pid_3782/memory.soft_limit_in_bytes; errno=2
01-15 16:11:32.570 2368 2368 E lowmemorykiller: Error opening /dev/memcg/apps/uid_10018/pid_3713/memory.soft_limit_in_bytes; errno=2
01-15 16:11:32.571 2484 3160 W SchedPolicy: add_tid_to_cgroup failed to write '3782' (Permission denied); fd=25
01-15 16:11:32.571 2368 2368 E lowmemorykiller: Error opening /dev/memcg/apps/uid_10002/pid_3782/memory.soft_limit_in_bytes; errno=2
01-15 16:11:32.572 2368 2368 E lowmemorykiller: Error opening /dev/memcg/apps/uid_10018/pid_3713/memory.soft_limit_in_bytes; errno=2
01-15 16:11:32.579 3713 4081 I FA-SVC : App measurement is starting up, version: 11055
01-15 16:11:32.581 2368 2368 E lowmemorykiller: Error opening /dev/memcg/apps/uid_10018/pid_3713/memory.soft_limit_in_bytes; errno=2
01-15 16:11:32.582 2368 2368 I chatty : uid=0(root) /system/bin/lmkd identical 1 line
01-15 16:11:32.585 2368 2368 E lowmemorykiller: Error opening /dev/memcg/apps/uid_10018/pid_3713/memory.soft_limit_in_bytes; errno=2
01-15 16:11:32.586 4604 4604 I LoadedApk: No resource references to update in package FFFFFFFFFFFFFFFFFFFFFF
01-15 16:11:32.614 2368 2368 E lowmemorykiller: Error opening /dev/memcg/apps/uid_10018/pid_3713/memory.soft_limit_in_bytes; errno=2
01-15 16:11:32.615 2368 2368 E lowmemorykiller: Error opening /dev/memcg/apps/uid_10018/pid_3713/memory.soft_limit_in_bytes; errno=2
01-15 16:11:32.616 4604 4604 V NativeCrypto: Registering com/google/android/gms/org/conscrypt/NativeCrypto's 259 native methods...
01-15 16:11:32.617 2368 2368 E lowmemorykiller: Error opening /dev/memcg/apps/uid_10018/pid_3713/memory.soft_limit_in_bytes; errno=2
01-15 16:11:32.624 2368 2368 I chatty : uid=0(root) /system/bin/lmkd identical 3 lines
01-15 16:11:32.626 2368 2368 E lowmemorykiller: Error opening /dev/memcg/apps/uid_10018/pid_3713/memory.soft_limit_in_bytes; errno=2
01-15 16:11:32.627 3713 4626 I FA-SVC : This instance being marked as an uploader
01-15 16:11:32.628 2368 2368 E lowmemorykiller: Error opening /dev/memcg/apps/uid_10018/pid_3713/memory.soft_limit_in_bytes; errno=2
01-15 16:11:32.628 2368 2368 I chatty : uid=0(root) /system/bin/lmkd identical 1 line
01-15 16:11:32.629 2368 2368 E lowmemorykiller: Error opening /dev/memcg/apps/uid_10018/pid_3713/memory.soft_limit_in_bytes; errno=2
01-15 16:11:32.630 4604 4604 D NetworkSecurityConfig: No Network Security Config specified, using platform default
01-15 16:11:32.632 4604 4604 I ProviderInstaller: Installed default security provider GmsCore_OpenSSL
01-15 16:11:32.641 2484 4452 W ActivityManager: Unable to start service Intent { act=com.google.android.gms.nearby.discovery:ACTION_INIT_MESSAGES_PATH cmp=com.google.android.gms/.nearby.discovery.service.DiscoveryService } U=0: not found
01-15 16:11:32.663 2368 2368 E lowmemorykiller: Error opening /dev/memcg/apps/uid_10018/pid_3713/memory.soft_limit_in_bytes; errno=2
01-15 16:11:32.667 2368 2368 I chatty : uid=0(root) /system/bin/lmkd identical 1 line
01-15 16:11:32.671 2368 2368 E lowmemorykiller: Error opening /dev/memcg/apps/uid_10018/pid_3713/memory.soft_limit_in_bytes; errno=2
01-15 16:11:32.674 4471 4471 I dex2oat : dex2oat took 711.520ms (695.437ms cpu) (threads: 4) arena alloc=122KB (125008B) java alloc=1930KB (1976792B) native alloc=3MB (3615272B) free=2MB (2151896B)
01-15 16:11:32.683 2368 2368 E lowmemorykiller: Error opening /dev/memcg/apps/uid_10018/pid_3713/memory.soft_limit_in_bytes; errno=2
01-15 16:11:32.685 2368 2368 E lowmemorykiller: Error opening /dev/memcg/apps/uid_10018/pid_3713/memory.soft_limit_in_bytes; errno=2
01-15 16:11:32.691 3713 4101 I MS_RegisterService: RegisterService intent:Intent { act=com.google.android.gms.matchstick.register_intent_action cat=[targeted_intent_op_prefix:com.google.android.libraries.matchstick.net.SilentRegisterIntentOperation] cmp=com.google.android.gms/.chimera.GmsIntentOperationService } isPeriodic:false
01-15 16:11:32.695 3713 3931 I Icing : Storage manager: low false usage 0 Bytes avail 3.34GB capacity 3.61GB
01-15 16:11:32.711 3713 4132 I zygote64: The ClassLoaderContext is a special shared library.
01-15 16:11:32.743 2368 2368 E lowmemorykiller: Error opening /dev/memcg/apps/uid_10018/pid_3713/memory.soft_limit_in_bytes; errno=2
01-15 16:11:32.745 3713 4098 V SmartDevice: [service,SmartDeviceIntentHandlers] OnUpgradeOrBootOperation got intent: Intent { act=android.intent.action.BOOT_COMPLETED flg=0x9000010 cmp=com.google.android.gms/.chimera.GmsIntentOperationService (has extras) } with flag 2
01-15 16:11:32.749 3590 4536 I HeterodyneSyncScheduler: Scheduling Phenotype for a PhenotypeSyncImmediately(6, com.google.android.gms.people) one off with window [1, 2] in seconds
01-15 16:11:32.755 3590 4321 I HeterodyneSyncScheduler: Scheduling Phenotype for a PhenotypeSyncImmediately(6, com.google.android.gms.people.ui) one off with window [1, 2] in seconds
01-15 16:11:32.762 3713 4101 I MS_PhoneUtils: Phone type: 1
01-15 16:11:32.767 2368 2368 E lowmemorykiller: Error opening /dev/memcg/apps/uid_10018/pid_3713/memory.soft_limit_in_bytes; errno=2
01-15 16:11:32.771 2368 2368 E lowmemorykiller: Error opening /dev/memcg/apps/uid_10018/pid_4604/memory.soft_limit_in_bytes; errno=2
01-15 16:11:32.771 2484 3311 W SchedPolicy: add_tid_to_cgroup failed to write '4604' (Permission denied); fd=25
01-15 16:11:32.774 3590 3985 I MagicTether: [HostValidator] InvalidHost. MobileData: false, Tethering: true, whitelist: false, ble: true
01-15 16:11:32.782 2368 2368 E lowmemorykiller: Error opening /dev/memcg/apps/uid_10011/pid_3826/memory.soft_limit_in_bytes; errno=2
01-15 16:11:32.784 4640 4640 W dex2oat : Unexpected CPU variant for X86 using defaults: x86_64
01-15 16:11:32.784 4640 4640 I dex2oat : The ClassLoaderContext is a special shared library.
01-15 16:11:32.784 4640 4640 I dex2oat : /system/bin/dex2oat --dex-file=/data/user_de/0/com.google.android.gms/app_chimera/m/00000003/DynamiteModulesC_GmsCore_prodmnc_alldpi_release.apk --output-vdex-fd=43 --oat-fd=44 --oat-location=/data/user_de/0/com.google.android.gms/app_chimera/m/00000003/oat/x86_64/DynamiteModulesC_GmsCore_prodmnc_alldpi_release.odex --compiler-filter=quicken --class-loader-context=&
01-15 16:11:32.785 2368 2368 E lowmemorykiller: Error opening /dev/memcg/apps/uid_10011/pid_3826/memory.soft_limit_in_bytes; errno=2
01-15 16:11:32.785 4604 4655 I MagicTether: [HostValidator] InvalidHost. MobileData: false, Tethering: true, whitelist: false, ble: true
01-15 16:11:32.790 2368 2368 E lowmemorykiller: Error opening /dev/memcg/apps/uid_10018/pid_4604/memory.soft_limit_in_bytes; errno=2
01-15 16:11:32.814 2484 4452 D PackageManager: Ephemeral installer not found with new action; try old one
01-15 16:11:32.814 2484 4452 D PackageManager: Clear ephemeral installer activity
01-15 16:11:32.815 2484 4452 D PackageManager: Ephemeral installer not found with new action; try old one
01-15 16:11:32.815 2484 4452 D PackageManager: Clear ephemeral installer activity
01-15 16:11:32.815 2484 3996 D PackageManager: Ephemeral installer not found with new action; try old one
01-15 16:11:32.815 2484 3996 D PackageManager: Clear ephemeral installer activity
01-15 16:11:32.816 2484 3996 D PackageManager: Ephemeral installer not found with new action; try old one
01-15 16:11:32.816 2484 3996 D PackageManager: Clear ephemeral installer activity
01-15 16:11:32.816 2484 4499 D PackageManager: Ephemeral installer not found with new action; try old one
01-15 16:11:32.816 2484 4499 D PackageManager: Clear ephemeral installer activity
01-15 16:11:32.816 2484 3996 D PackageManager: Ephemeral installer not found with new action; try old one
01-15 16:11:32.816 2484 3996 D PackageManager: Clear ephemeral installer activity
01-15 16:11:32.816 2484 3996 D PackageManager: Ephemeral installer not found with new action; try old one
01-15 16:11:32.816 2484 3996 D PackageManager: Clear ephemeral installer activity
01-15 16:11:32.817 2484 3159 D PackageManager: Ephemeral installer not found with new action; try old one
01-15 16:11:32.817 2484 3159 D PackageManager: Clear ephemeral installer activity
01-15 16:11:32.818 2484 4499 D PackageManager: Ephemeral installer not found with new action; try old one
01-15 16:11:32.818 2484 4499 D PackageManager: Clear ephemeral installer activity
01-15 16:11:32.818 2484 3159 D PackageManager: Ephemeral installer not found with new action; try old one
01-15 16:11:32.818 2484 3159 D PackageManager: Clear ephemeral installer activity
01-15 16:11:32.818 2484 3159 D PackageManager: Ephemeral installer not found with new action; try old one
01-15 16:11:32.818 2484 3159 D PackageManager: Clear ephemeral installer activity
01-15 16:11:32.819 2484 3159 D PackageManager: Ephemeral installer not found with new action; try old one
01-15 16:11:32.819 2484 3159 D PackageManager: Clear ephemeral installer activity
01-15 16:11:32.797 2368 2368 E lowmemorykiller: Error opening /dev/memcg/apps/uid_10018/pid_4604/memory.soft_limit_in_bytes; errno=2
01-15 16:11:32.821 3590 4536 I HeterodyneSyncScheduler: Scheduling Phenotype for a PhenotypeSyncImmediately(6, com.google.android.gms.lockbox) one off with window [1, 2] in seconds
01-15 16:11:32.829 2368 2368 E lowmemorykiller: Error opening /dev/memcg/apps/uid_10018/pid_3590/memory.soft_limit_in_bytes; errno=2
01-15 16:11:32.829 3713 4600 I Icing : MaintenanceDriver: Registering all GCM Tasks.
01-15 16:11:32.836 2484 3160 D PackageManager: Ephemeral installer not found with new action; try old one
01-15 16:11:32.836 2484 3160 D PackageManager: Clear ephemeral installer activity
01-15 16:11:32.836 2484 3081 W AudioTrack: AUDIO_OUTPUT_FLAG_FAST denied, rates do not match 44100 Hz, require 48000 Hz
01-15 16:11:32.852 2356 2446 W DeviceHAL: Device 0xe6c0c000 set_voice_volume: Function not implemented
01-15 16:11:32.856 3713 3718 I zygote64: Do full code cache collection, code=125KB, data=80KB
01-15 16:11:32.863 2484 3159 D PackageManager: Ephemeral installer not found with new action; try old one
01-15 16:11:32.863 2484 3159 D PackageManager: Clear ephemeral installer activity
01-15 16:11:32.863 2368 2368 E lowmemorykiller: Error opening /dev/memcg/apps/uid_10018/pid_4604/memory.soft_limit_in_bytes; errno=2
01-15 16:11:32.863 2484 3160 W SchedPolicy: add_tid_to_cgroup failed to write '4604' (Permission denied); fd=3
01-15 16:11:32.863 2484 3996 D PackageManager: Ephemeral installer not found with new action; try old one
01-15 16:11:32.863 2484 3996 D PackageManager: Clear ephemeral installer activity
01-15 16:11:32.863 2484 3160 W SchedPolicy: add_tid_to_cgroup failed to write '4604' (Permission denied); fd=25
01-15 16:11:32.866 2484 4499 D PackageManager: Ephemeral installer not found with new action; try old one
01-15 16:11:32.866 2484 4499 D PackageManager: Clear ephemeral installer activity
01-15 16:11:32.866 2484 3160 D PackageManager: Ephemeral installer not found with new action; try old one
01-15 16:11:32.866 2484 3160 D PackageManager: Clear ephemeral installer activity
01-15 16:11:32.866 2484 4499 D PackageManager: Ephemeral installer not found with new action; try old one
01-15 16:11:32.866 2484 4499 D PackageManager: Clear ephemeral installer activity
01-15 16:11:32.866 2484 4499 D PackageManager: Ephemeral installer not found with new action; try old one
01-15 16:11:32.866 2484 4499 D PackageManager: Clear ephemeral installer activity
01-15 16:11:32.867 2484 4499 D PackageManager: Ephemeral installer not found with new action; try old one
01-15 16:11:32.867 2484 4499 D PackageManager: Clear ephemeral installer activity
01-15 16:11:32.867 2484 4499 D PackageManager: Ephemeral installer not found with new action; try old one
01-15 16:11:32.867 2484 4499 D PackageManager: Clear ephemeral installer activity
01-15 16:11:32.867 2484 4499 D PackageManager: Ephemeral installer not found with new action; try old one
01-15 16:11:32.867 2484 4499 D PackageManager: Clear ephemeral installer activity
01-15 16:11:32.868 2484 4499 D PackageManager: Ephemeral installer not found with new action; try old one
01-15 16:11:32.868 2484 4499 D PackageManager: Clear ephemeral installer activity
01-15 16:11:32.869 2484 4499 D PackageManager: Ephemeral installer not found with new action; try old one
01-15 16:11:32.863 2368 2368 E lowmemorykiller: Error opening /dev/memcg/apps/uid_10018/pid_4604/memory.soft_limit_in_bytes; errno=2
01-15 16:11:32.869 3713 3718 I zygote64: After code cache collection, code=74KB, data=47KB
01-15 16:11:32.869 2484 4499 D PackageManager: Clear ephemeral installer activity
01-15 16:11:32.869 2484 4499 D PackageManager: Ephemeral installer not found with new action; try old one
01-15 16:11:32.869 2484 4499 D PackageManager: Clear ephemeral installer activity
01-15 16:11:32.870 2484 4499 D PackageManager: Ephemeral installer not found with new action; try old one
01-15 16:11:32.870 2484 4499 D PackageManager: Clear ephemeral installer activity
01-15 16:11:32.872 2484 4499 D PackageManager: Ephemeral installer not found with new action; try old one
01-15 16:11:32.872 2484 4499 D PackageManager: Clear ephemeral installer activity
01-15 16:11:32.873 2484 4499 D PackageManager: Ephemeral installer not found with new action; try old one
01-15 16:11:32.873 2484 4499 D PackageManager: Clear ephemeral installer activity
01-15 16:11:32.873 2368 2368 E lowmemorykiller: Error opening /dev/memcg/apps/uid_10018/pid_3590/memory.soft_limit_in_bytes; errno=2
01-15 16:11:32.876 2484 3996 D PackageManager: Ephemeral installer not found with new action; try old one
01-15 16:11:32.876 2484 3996 D PackageManager: Clear ephemeral installer activity
01-15 16:11:32.878 3713 3713 I zygote64: Deoptimizing boolean bzo.a(android.content.Context, bzq) due to JIT inline cache
01-15 16:11:32.885 2484 3159 D PackageManager: Ephemeral installer not found with new action; try old one
01-15 16:11:32.885 2484 3159 D PackageManager: Clear ephemeral installer activity
01-15 16:11:32.885 3713 4098 I SubscribedFeeds: Wrote 404 new signatures
01-15 16:11:32.886 2484 4499 D PackageManager: Ephemeral installer not found with new action; try old one
01-15 16:11:32.886 2484 4499 D PackageManager: Clear ephemeral installer activity
01-15 16:11:32.890 2484 4452 D PackageManager: Ephemeral installer not found with new action; try old one
01-15 16:11:32.890 2484 4452 D PackageManager: Clear ephemeral installer activity
01-15 16:11:32.892 2484 4452 D PackageManager: Ephemeral installer not found with new action; try old one
01-15 16:11:32.892 2484 4452 D PackageManager: Clear ephemeral installer activity
01-15 16:11:32.896 2484 4499 D PackageManager: Ephemeral installer not found with new action; try old one
01-15 16:11:32.896 2484 4499 D PackageManager: Clear ephemeral installer activity
01-15 16:11:32.902 3713 4098 I SubscribedFeeds: Setting ComponentInfo{com.google.android.gsf/com.google.android.gsf.subscribedfeeds.SubscribedFeedsSyncAdapterService} to 2
01-15 16:11:32.902 2484 4452 D PackageManager: Ephemeral installer not found with new action; try old one
01-15 16:11:32.902 2484 4452 D PackageManager: Clear ephemeral installer activity
01-15 16:11:32.903 3713 4098 I SubscribedFeeds: Setting ComponentInfo{com.google.android.gms/com.google.android.gms.subscribedfeeds.SyncService} to 1
01-15 16:11:32.903 2484 4452 D PackageManager: Ephemeral installer not found with new action; try old one
01-15 16:11:32.903 2484 4452 D PackageManager: Clear ephemeral installer activity
01-15 16:11:32.919 3590 4201 D WearableService: onGetService - Wear is not available on this device.
01-15 16:11:32.937 2368 2368 E lowmemorykiller: Error opening /dev/memcg/apps/uid_10059/pid_4323/memory.soft_limit_in_bytes; errno=2
01-15 16:11:32.937 2368 2368 E lowmemorykiller: Error opening /dev/memcg/apps/uid_10009/pid_4295/memory.soft_limit_in_bytes; errno=2
01-15 16:11:32.937 3713 4098 I CmaSystemUpdateService: Runtime init receiver: Intent { act=android.intent.action.BOOT_COMPLETED flg=0x9000010 cmp=com.google.android.gms/.chimera.GmsIntentOperationService (has extras) } with flags: 2
01-15 16:11:32.941 3713 4098 I CmaSystemUpdateService: receiver: Intent { act=android.intent.action.BOOT_COMPLETED flg=0x9000010 cmp=com.google.android.gms/.chimera.GmsIntentOperationService (has extras) }
01-15 16:11:32.941 2484 3311 I WifiService: getWifiEnabledState uid=10018
01-15 16:11:32.941 3713 4670 E MDM : [213] uvi.run: Couldn't connect to Google API client: jog{statusCode=API_UNAVAILABLE, resolution=null, message=null}
01-15 16:11:32.941 2484 3311 W ActivityManager: Unable to start service Intent { act=android.intent.action.USER_PRESENT cmp=com.google.android.gms/.cast.service.CastPersistentService } U=0: not found
01-15 16:11:32.946 2368 2368 E lowmemorykiller: Error opening /dev/memcg/apps/uid_10018/pid_3590/memory.soft_limit_in_bytes; errno=2
01-15 16:11:32.960 3713 3726 I zygote64: Background concurrent copying GC freed 22157(2013KB) AllocSpace objects, 18(936KB) LOS objects, 49% free, 7MB/15MB, paused 29us total 122.722ms
01-15 16:11:32.967 2368 2368 E lowmemorykiller: Error opening /dev/memcg/apps/uid_10018/pid_3590/memory.soft_limit_in_bytes; errno=2
01-15 16:11:32.968 2368 2368 E lowmemorykiller: Error opening /dev/memcg/apps/uid_10018/pid_3590/memory.soft_limit_in_bytes; errno=2
01-15 16:11:32.970 2368 2368 E lowmemorykiller: Error opening /dev/memcg/apps/uid_10028/pid_4018/memory.soft_limit_in_bytes; errno=2
01-15 16:11:32.970 2368 2368 E lowmemorykiller: Error opening /dev/memcg/apps/uid_10059/pid_4323/memory.soft_limit_in_bytes; errno=2
01-15 16:11:32.970 2368 2368 E lowmemorykiller: Error opening /dev/memcg/apps/uid_10065/pid_4453/memory.soft_limit_in_bytes; errno=2
01-15 16:11:32.970 2368 2368 E lowmemorykiller: Error opening /dev/memcg/apps/uid_10018/pid_3590/memory.soft_limit_in_bytes; errno=2
01-15 16:11:32.979 4018 4018 I Finsky : [2] com.google.android.finsky.verifier.impl.VerifyInstalledPackagesReceiver.a(29): Skipping verification because network inactive
01-15 16:11:32.980 2368 2368 E lowmemorykiller: Error opening /dev/memcg/apps/uid_10018/pid_3590/memory.soft_limit_in_bytes; errno=2
01-15 16:11:32.983 2368 2368 E lowmemorykiller: Error opening /dev/memcg/apps/uid_10065/pid_4453/memory.soft_limit_in_bytes; errno=2
01-15 16:11:32.983 2368 2368 E lowmemorykiller: Error opening /dev/memcg/apps/uid_10028/pid_4018/memory.soft_limit_in_bytes; errno=2
01-15 16:11:32.983 2368 2368 E lowmemorykiller: Error opening /dev/memcg/apps/uid_10054/pid_4503/memory.soft_limit_in_bytes; errno=2
01-15 16:11:33.001 2368 2368 E lowmemorykiller: Error opening /dev/memcg/apps/uid_10018/pid_3590/memory.soft_limit_in_bytes; errno=2
01-15 16:11:33.001 2484 3996 D PackageManager: Ephemeral installer not found with new action; try old one
01-15 16:11:33.001 2484 3996 D PackageManager: Clear ephemeral installer activity
01-15 16:11:33.001 3713 3931 I Icing : Version not set, assuming clear data.
01-15 16:11:33.001 3713 3931 I Icing : Clearing storage
01-15 16:11:33.001 2484 4499 D PackageManager: Ephemeral installer not found with new action; try old one
01-15 16:11:33.001 2484 4499 D PackageManager: Clear ephemeral installer activity
01-15 16:11:33.002 2484 3407 D PackageManager: Ephemeral installer not found with new action; try old one
01-15 16:11:33.002 2484 3407 D PackageManager: Clear ephemeral installer activity
01-15 16:11:33.002 2484 3407 D PackageManager: Ephemeral installer not found with new action; try old one
01-15 16:11:33.002 2484 3407 D PackageManager: Clear ephemeral installer activity
01-15 16:11:33.006 2484 2484 I Binder:2484_2: type=1400 audit(0.0:540): avc: denied { write } for name="timerslack_ns" dev="proc" ino=70239 scontext=u:r:system_server:s0 tcontext=u:r:hal_audio_default:s0 tclass=file permissive=1
01-15 16:11:33.006 2356 4691 I audio_hw_primary: choose pcmC0D0p for 0
01-15 16:11:33.007 2368 2368 E lowmemorykiller: Error opening /dev/memcg/apps/uid_10028/pid_4018/memory.soft_limit_in_bytes; errno=2
01-15 16:11:33.007 2368 2368 E lowmemorykiller: Error opening /dev/memcg/apps/uid_10054/pid_4503/memory.soft_limit_in_bytes; errno=2
01-15 16:11:33.007 2368 2368 E lowmemorykiller: Error opening /dev/memcg/apps/uid_10024/pid_3922/memory.soft_limit_in_bytes; errno=2
01-15 16:11:33.007 2368 2368 E lowmemorykiller: Error opening /dev/memcg/apps/uid_10054/pid_4503/memory.soft_limit_in_bytes; errno=2
01-15 16:11:33.007 2368 2368 E lowmemorykiller: Error opening /dev/memcg/apps/uid_10026/pid_4377/memory.soft_limit_in_bytes; errno=2
01-15 16:11:33.007 2368 2368 E lowmemorykiller: Error opening /dev/memcg/apps/uid_10024/pid_3922/memory.soft_limit_in_bytes; errno=2
01-15 16:11:33.007 2368 2368 E lowmemorykiller: Error opening /dev/memcg/apps/uid_10053/pid_3460/memory.soft_limit_in_bytes; errno=2
01-15 16:11:33.007 2368 2368 E lowmemorykiller: Error opening /dev/memcg/apps/uid_10009/pid_4295/memory.soft_limit_in_bytes; errno=2
01-15 16:11:33.007 2368 2368 E lowmemorykiller: Error opening /dev/memcg/apps/uid_10018/pid_3590/memory.soft_limit_in_bytes; errno=2
01-15 16:11:33.007 2368 2368 E lowmemorykiller: Error opening /dev/memcg/apps/uid_10065/pid_4453/memory.soft_limit_in_bytes; errno=2
01-15 16:11:33.009 2368 2368 E lowmemorykiller: Error opening /dev/memcg/apps/uid_10011/pid_3826/memory.soft_limit_in_bytes; errno=2
01-15 16:11:33.011 2368 2368 E lowmemorykiller: Error opening /dev/memcg/apps/uid_10018/pid_3590/memory.soft_limit_in_bytes; errno=2
01-15 16:11:33.011 2368 2368 E lowmemorykiller: Error opening /dev/memcg/apps/uid_10065/pid_4453/memory.soft_limit_in_bytes; errno=2
01-15 16:11:33.012 3590 4536 E CommitToConfigurationOperation: Empty snapshot token - package not registered?
01-15 16:11:33.012 2368 2368 E lowmemorykiller: Error opening /dev/memcg/apps/uid_10018/pid_4604/memory.soft_limit_in_bytes; errno=2
01-15 16:11:33.013 2368 2368 E lowmemorykiller: Error opening /dev/memcg/apps/uid_10011/pid_3826/memory.soft_limit_in_bytes; errno=2
01-15 16:11:33.013 2368 2368 E lowmemorykiller: Error opening /dev/memcg/apps/uid_10046/pid_4204/memory.soft_limit_in_bytes; errno=2
01-15 16:11:33.014 3590 4068 W PhenotypeFlagCommitter: Committing snapshot for com.google.android.location failed, retrying
01-15 16:11:33.014 3590 4068 W PhenotypeFlagCommitter: java.util.concurrent.ExecutionException: khc
01-15 16:11:33.014 3590 4068 W PhenotypeFlagCommitter: at adys.b(:com.google.android.gms:1)
01-15 16:11:33.014 3590 4068 W PhenotypeFlagCommitter: at adys.a(:com.google.android.gms:17)
01-15 16:11:33.014 3590 4068 W PhenotypeFlagCommitter: at ymf.a(:com.google.android.gms:32)
01-15 16:11:33.014 3590 4068 W PhenotypeFlagCommitter: at ymf.a(:com.google.android.gms:37)
01-15 16:11:33.014 3590 4068 W PhenotypeFlagCommitter: at com.google.android.location.internal.AnalyticsUploadChimeraIntentService.a(:com.google.android.gms:7)
