01-15 16:10:58.783 3135 3135 D StorageNotification: mountUserId=0 state=UNMOUNTABLE
01-15 16:10:58.783 3135 3135 D StorageNotification: fsType=iso9660 fsUuid=Android-x86_LiveCD fsLabel=Android-x86_LiveCD
01-15 16:10:58.783 3135 3135 D StorageNotification: path=/storage/Android-x86_LiveCD
01-15 16:10:58.783 3135 3135 D StorageNotification: internalPath=/mnt/media_rw/Android-x86_LiveCD
01-15 16:10:58.785 2484 3150 W TelecomManager: Telecom Service not found.
01-15 16:10:58.786 3135 3135 D StorageNotification: Notifying about public volume: VolumeInfo{public:8,33}:
01-15 16:10:58.786 3135 3135 D StorageNotification: type=PUBLIC diskId=disk:8,32 partGuid=null mountFlags=VISIBLE
01-15 16:10:58.786 3135 3135 D StorageNotification: mountUserId=0 state=CHECKING
01-15 16:10:58.786 3135 3135 D StorageNotification: fsType=vfat fsUuid=643C-0AF9 fsLabel=TDK16GB_WHT
01-15 16:10:58.786 3135 3135 D StorageNotification: path=/storage/643C-0AF9 internalPath=/mnt/media_rw/643C-0AF9
01-15 16:10:58.787 2484 3150 W TelecomManager: Telecom Service not found.
01-15 16:10:58.788 3135 3135 D StorageNotification: Notifying about private volume: VolumeInfo{private}:
01-15 16:10:58.788 3135 3135 D StorageNotification: type=PRIVATE diskId=null partGuid=null mountFlags=0 mountUserId=-1
01-15 16:10:58.788 3135 3135 D StorageNotification: state=MOUNTED
01-15 16:10:58.788 3135 3135 D StorageNotification: fsType=null fsUuid=null fsLabel=null
01-15 16:10:58.788 3135 3135 D StorageNotification: path=/data internalPath=null
01-15 16:10:58.795 3135 3135 D SystemUIBootTiming: StartServicesStorageNotification took to complete: 17ms
01-15 16:10:58.801 2484 3150 E PowerManagerService: Failed to read last_reboot_reason file
01-15 16:10:58.801 2484 3150 E PowerManagerService: java.io.FileNotFoundException: /data/misc/reboot/last_reboot_reason (No such file or directory)
01-15 16:10:58.801 2484 3150 E PowerManagerService: at java.io.FileInputStream.open0(Native Method)
01-15 16:10:58.801 2484 3150 E PowerManagerService: at java.io.FileInputStream.open(FileInputStream.java:200)
01-15 16:10:58.801 2484 3150 E PowerManagerService: at java.io.FileInputStream.(FileInputStream.java:150)
01-15 16:10:58.801 2484 3150 E PowerManagerService: at java.io.FileReader.(FileReader.java:72)
01-15 16:10:58.801 2484 3150 E PowerManagerService: at com.android.server.power.PowerManagerService.getLastShutdownReasonInternal(PowerManagerService.java:4641)
01-15 16:10:58.801 2484 3150 E PowerManagerService: at com.android.server.power.PowerManagerService$BinderService.getLastShutdownReason(PowerManagerService.java:4405)
01-15 16:10:58.801 2484 3150 E PowerManagerService: at android.os.IPowerManager$Stub.onTransact(IPowerManager.java:302)
01-15 16:10:58.801 2484 3150 E PowerManagerService: at android.os.Binder.execTransact(Binder.java:697)
01-15 16:10:58.802 3135 3135 D SystemUIBootTiming: StartServicesPowerUI took to complete: 6ms
01-15 16:10:58.804 3135 3135 D SystemUIBootTiming: StartServicesRingtonePlayer took to complete: 2ms
01-15 16:10:58.808 3135 3135 D SystemUIBootTiming: StartServicesKeyboardUI took to complete: 4ms
01-15 16:10:58.820 3135 3135 D SystemUIBootTiming: StartServicesPipUI took to complete: 11ms
01-15 16:10:58.820 3135 3135 D SystemUIBootTiming: StartServicesShortcutKeyDispatcher took to complete: 1ms
01-15 16:10:58.821 3135 3135 D SystemUIBootTiming: StartServicesVendorServices took to complete: 0ms
01-15 16:10:58.821 3135 3135 D SystemUIBootTiming: StartServicesService took to complete: 0ms
01-15 16:10:58.821 3135 3135 D SystemUIBootTiming: StartServicesLatencyTester took to complete: 1ms
01-15 16:10:58.823 3135 3135 D SystemUIBootTiming: StartServicesGlobalActionsComponent took to complete: 1ms
01-15 16:10:58.824 3135 3135 D SystemUIBootTiming: StartServicesRoundedCorners took to complete: 2ms
01-15 16:10:58.824 3135 3135 D SystemUIBootTiming: StartServices took to complete: 1282ms
01-15 16:10:58.835 3135 3135 I Choreographer: Skipped 33 frames! The application may be doing too much work on its main thread.
01-15 16:10:58.839 3135 3284 D vndksupport: Loading /vendor/lib64/hw/gralloc.drm.so from current namespace instead of sphal namespace.
01-15 16:10:58.840 3135 3135 D ViewRootImpl[StatusBar]: changeCanvasOpacity: opaque=true
01-15 16:10:58.842 3135 3135 I RenderThread: type=1400 audit(0.0:340): avc: denied { read write } for name="card0" dev="tmpfs" ino=8777 scontext=u:r:platform_app:s0:c512,c768 tcontext=u:object_r:device:s0 tclass=chr_file permissive=1
01-15 16:10:58.843 3135 3284 I GRALLOC-DRM: create intel for driver i915
01-15 16:10:58.843 3135 3135 I RenderThread: type=1400 audit(0.0:343): avc: denied { getattr } for path="/dev/dri/card0" dev="tmpfs" ino=8777 scontext=u:r:platform_app:s0:c512,c768 tcontext=u:object_r:device:s0 tclass=chr_file permissive=1
01-15 16:10:58.847 3182 3182 I main : type=1400 audit(0.0:346): avc: denied { read } for name="etc" dev="tmpfs" ino=7228 scontext=u:r:webview_zygote:s0 tcontext=u:object_r:tmpfs:s0 tclass=lnk_file permissive=1
01-15 16:10:58.866 3135 3284 I EGL-MAIN: found extension DRI_Core version 2
01-15 16:10:58.866 3135 3284 I EGL-MAIN: found extension DRI_DRI2 version 4
01-15 16:10:58.877 3135 3284 I EGL-MAIN: found extension DRI_TexBuffer version 3
01-15 16:10:58.877 3135 3284 I EGL-MAIN: found extension DRI2_Flush version 4
01-15 16:10:58.877 3135 3284 I EGL-MAIN: found extension DRI_IMAGE version 16
01-15 16:10:58.877 3135 3284 I EGL-MAIN: found extension DRI2_Fence version 2
01-15 16:10:58.877 3135 3284 I EGL-MAIN: found extension DRI_RENDERER_QUERY version 1
01-15 16:10:58.877 3135 3284 I EGL-MAIN: found extension DRI_CONFIG_QUERY version 1
01-15 16:10:58.877 3135 3284 I EGL-MAIN: found extension DRI_FlushControl version 1
01-15 16:10:58.877 3135 3284 I EGL-MAIN: found extension DRI_Robustness version 1
01-15 16:10:58.877 3135 3284 I EGL-MAIN: found extension DRI_NoError version 1
01-15 16:10:58.878 3135 3284 I com.android.systemui: android::hardware::configstore::V1_0::ISurfaceFlingerConfigs::hasWideColorDisplay retrieved: 0
01-15 16:10:58.878 3135 3284 I OpenGLRenderer: Initialized EGL, version 1.4
01-15 16:10:58.878 3135 3284 D OpenGLRenderer: Swap behavior 2
01-15 16:10:58.879 3135 3135 I RenderThread: type=1400 audit(0.0:347): avc: denied { map } for path=2F69393135202864656C6574656429 dev="tmpfs" ino=51080 scontext=u:r:platform_app:s0:c512,c768 tcontext=u:object_r:platform_app_tmpfs:s0:c512,c768 tclass=file permissive=1
01-15 16:10:58.891 2343 2347 I fsck_msdos: ** Phase 4 - Checking for Lost Files
01-15 16:10:58.894 2343 2347 I fsck_msdos: 2655 files, 1998592 free (774112 clusters)
01-15 16:10:58.896 2343 2347 I Vold : Filesystem check completed OK
01-15 16:10:58.897 3135 3299 E ActivityThread: Failed to find provider info for com.android.contacts
01-15 16:10:58.903 3135 3332 E ActivityThread: Failed to find provider info for com.android.contacts
01-15 16:10:58.904 2343 2343 I vold : type=1400 audit(0.0:348): avc: denied { dac_read_search } for capability=2 scontext=u:r:vold:s0 tcontext=u:r:vold:s0 tclass=capability permissive=1
01-15 16:10:58.907 2343 2347 V vold : Waiting for FUSE to spin up...
01-15 16:10:58.910 3349 3349 W /system/bin/sdcard: Device explicitly enabled sdcardfs
01-15 16:10:58.929 2484 3068 D WifiService: New client listening to asynchronous messages
01-15 16:10:58.950 3135 3140 I zygote64: Do partial code cache collection, code=27KB, data=26KB
01-15 16:10:58.950 3135 3140 I zygote64: After code cache collection, code=27KB, data=26KB
01-15 16:10:58.950 3135 3140 I zygote64: Increasing code cache capacity to 128KB
01-15 16:10:58.957 2484 2544 D VoldConnector: RCV <- {651 public:8,33 2}
01-15 16:10:58.957 2484 2544 D VoldConnector: RCV <- {200 38 Command succeeded}
01-15 16:10:58.958 2484 2543 E VoldConnector: NDC Command {38 volume mount public:8,33 2 0} took too long (1129ms)
01-15 16:10:59.058 3135 3284 D vndksupport: Loading /vendor/lib64/hw/android.hardware.graphics.mapper@2.0-impl.so from current namespace instead of sphal namespace.
01-15 16:10:59.059 3135 3284 D vndksupport: Loading /vendor/lib64/hw/gralloc.drm.so from current namespace instead of sphal namespace.
01-15 16:10:59.077 2484 2542 I InputReader: Reconfiguring input devices. changes=0x00000004
01-15 16:10:59.090 3135 3135 D StorageNotification: Notifying about public volume: VolumeInfo{public:8,33}:
01-15 16:10:59.090 3135 3135 D StorageNotification: type=PUBLIC diskId=disk:8,32 partGuid=null mountFlags=VISIBLE
01-15 16:10:59.090 3135 3135 D StorageNotification: mountUserId=0 state=MOUNTED
01-15 16:10:59.090 3135 3135 D StorageNotification: fsType=vfat fsUuid=643C-0AF9 fsLabel=TDK16GB_WHT
01-15 16:10:59.090 3135 3135 D StorageNotification: path=/storage/643C-0AF9 internalPath=/mnt/media_rw/643C-0AF9
01-15 16:10:59.092 2484 3150 W TelecomManager: Telecom Service not found.
01-15 16:10:59.100 3135 3135 W StatusBar/NavBarView: *** Invalid layout in navigation bar (sizeChanged this=1920x72 cur=1896x72)
01-15 16:10:59.121 3135 3140 I zygote64: Do partial code cache collection, code=62KB, data=47KB
01-15 16:10:59.121 3135 3140 I zygote64: After code cache collection, code=62KB, data=47KB
01-15 16:10:59.121 3135 3140 I zygote64: Increasing code cache capacity to 256KB
01-15 16:11:00.088 2484 2505 E BluetoothManagerService: MESSAGE_TIMEOUT_BIND
01-15 16:11:02.390 2369 2369 I surfaceflinger: type=1400 audit(0.0:349): avc: denied { map } for path=2F69393135202864656C6574656429 dev="tmpfs" ino=53766 scontext=u:r:surfaceflinger:s0 tcontext=u:object_r:surfaceflinger_tmpfs:s0 tclass=file permissive=1
01-15 16:11:10.011 2484 2499 W BroadcastQueue: Timeout of broadcast BroadcastRecord{be97876 u-1 android.intent.action.TIME_TICK} - receiver=android.app.LoadedApk$ReceiverDispatcher$InnerReceiver@88f04ad, started 10010ms ago
01-15 16:11:10.011 2484 2499 W BroadcastQueue: Receiver during timeout of BroadcastRecord{be97876 u-1 android.intent.action.TIME_TICK} : BroadcastFilter{ecf1373 u0 ReceiverList{31fe3e2 2484 system/1000/u0 local:88f04ad}}
01-15 16:11:27.332 3135 3242 I vol.Events: writeEvent level_changed STREAM_MUSIC 3
01-15 16:11:27.598 2484 2484 W SystemServer: ***********************************************
01-15 16:11:27.607 2484 2484 E SystemServer: BOOT FAILURE making Network Policy Service ready
01-15 16:11:27.607 2484 2484 E SystemServer: java.lang.IllegalStateException: Service NetworkPolicy init timeout
01-15 16:11:27.607 2484 2484 E SystemServer: at com.android.server.net.NetworkPolicyManagerService.systemReady(NetworkPolicyManagerService.java:816)
01-15 16:11:27.607 2484 2484 E SystemServer: at com.android.server.SystemServer.lambda$-com_android_server_SystemServer_75815(SystemServer.java:1752)
01-15 16:11:27.607 2484 2484 E SystemServer: at com.android.server.-$Lambda$T7cKu_OKm_Fk2kBNthmo_uUJTSo$1.$m$0(Unknown Source:98)
01-15 16:11:27.607 2484 2484 E SystemServer: at com.android.server.-$Lambda$T7cKu_OKm_Fk2kBNthmo_uUJTSo$1.run(Unknown Source:0)
01-15 16:11:27.607 2484 2484 E SystemServer: at com.android.server.am.ActivityManagerService.systemReady(ActivityManagerService.java:14252)
01-15 16:11:27.607 2484 2484 E SystemServer: at com.android.server.SystemServer.startOtherServices(SystemServer.java:1672)
01-15 16:11:27.607 2484 2484 E SystemServer: at com.android.server.SystemServer.run(SystemServer.java:391)
01-15 16:11:27.607 2484 2484 E SystemServer: at com.android.server.SystemServer.main(SystemServer.java:267)
01-15 16:11:27.607 2484 2484 E SystemServer: at java.lang.reflect.Method.invoke(Native Method)
01-15 16:11:27.607 2484 2484 E SystemServer: at com.android.internal.os.RuntimeInit$MethodAndArgsCaller.run(RuntimeInit.java:463)
01-15 16:11:27.607 2484 2484 E SystemServer: at com.android.internal.os.ZygoteInit.main(ZygoteInit.java:787)
01-15 16:11:27.617 2484 2484 D SystemServerTiming: MakeNetworkPolicyServiceReady took to complete: 30020ms
01-15 16:11:27.618 2484 2484 I SystemServer: StartWatchdog
01-15 16:11:27.618 2484 2484 D SystemServerTiming: StartWatchdog took to complete: 0ms
01-15 16:11:27.618 2484 2484 I SystemServer: PhaseThirdPartyAppsCanStart
01-15 16:11:27.618 2484 2484 I SystemServiceManager: Starting phase 600
01-15 16:11:27.620 2484 2484 E LightsService: Light requested not available on this device. 4
01-15 16:11:27.628 2484 2484 V WallpaperManagerService: bindWallpaperComponentLocked: componentName=null
01-15 16:11:27.628 2484 2484 V WallpaperManagerService: No default component; using image wallpaper
01-15 16:11:27.630 2484 2498 E memtrack: Couldn't load memtrack module
01-15 16:11:27.630 2484 2498 W android.os.Debug: failed to get memory consumption info: -1
01-15 16:11:27.630 2484 2498 I android.os.Debug: using rollup pss collection
01-15 16:11:27.631 2484 2504 W WallpaperManagerService: Cannot extract colors because wallpaper could not be read.
01-15 16:11:27.635 2484 2498 E memtrack: Couldn't load memtrack module
01-15 16:11:27.635 2484 2498 W android.os.Debug: failed to get memory consumption info: -1
01-15 16:11:27.631 2484 2504 W WallpaperManagerService: Cannot extract colors because wallpaper could not be read.
01-15 16:11:27.640 2484 2484 D SystemServerTiming: PhaseThirdPartyAppsCanStart took to complete: 23ms
01-15 16:11:27.640 2484 2484 I SystemServer: MakeLocationServiceReady
01-15 16:11:27.653 2293 2293 W /system/bin/hwservicemanager: getTransport: Cannot find entry android.hardware.gnss@1.0::IGnss/default in either framework or device manifest.
01-15 16:11:27.653 2484 2484 I system_server: type=1400 audit(0.0:350): avc: denied { read } for name="vendor" dev="tmpfs" ino=7264 scontext=u:r:system_server:s0 tcontext=u:object_r:tmpfs:s0 tclass=lnk_file permissive=1
01-15 16:11:27.654 2484 2484 E GnssLocationProvider: Unable to get GPS service
01-15 16:11:27.655 2484 2484 W LocationProviderProxy-network: Odd, no component found for service com.android.location.service.v3.NetworkLocationProvider
01-15 16:11:27.657 2484 2484 W GeocoderProxy: Odd, no component found for service com.android.location.service.GeocodeProvider
01-15 16:11:27.658 2484 2484 D LocationManagerService: FLP HAL not supported
01-15 16:11:27.660 2484 2484 W GeofenceProxy: Odd, no component found for service com.android.location.service.GeofenceProvider
01-15 16:11:27.660 2484 2484 E ActivityRecognitionHardware: activity_recognition HAL is deprecated. is_supported is effectively a no-op
01-15 16:11:27.660 2484 2484 D LocationManagerService: Hardware Activity-Recognition not supported.
01-15 16:11:27.661 2484 2484 W ActivityRecognitionProxy: Odd, no component found for service com.android.location.service.ActivityRecognitionProvider
01-15 16:11:27.663 2484 2484 D SystemServerTiming: MakeLocationServiceReady took to complete: 22ms
01-15 16:11:27.663 2484 2484 I SystemServer: MakeCountryDetectionServiceReady
01-15 16:11:27.663 2484 2484 D SystemServerTiming: MakeCountryDetectionServiceReady took to complete: 0ms
01-15 16:11:27.663 2484 2484 I SystemServer: MakeNetworkTimeUpdateReady
01-15 16:11:27.664 2484 2484 D ConnectivityService: requestNetwork for uid/pid:1000/2484 NetworkRequest [ TRACK_DEFAULT id=5, [ Capabilities: INTERNET&NOT_RESTRICTED&TRUSTED&NOT_VPN] ]
01-15 16:11:27.664 2484 2484 D SystemServerTiming: MakeNetworkTimeUpdateReady took to complete: 2ms
01-15 16:11:27.664 2484 2484 I SystemServer: MakeCommonTimeManagementServiceReady
01-15 16:11:27.664 2484 3089 D Ethernet: got request NetworkRequest [ TRACK_DEFAULT id=5, [ Capabilities: INTERNET&NOT_RESTRICTED&TRUSTED&NOT_VPN] ] with score 0
01-15 16:11:27.664 2484 2484 I CommonTimeManagementService: No common time service detected on this platform. Common time services will be unavailable.
01-15 16:11:27.664 2484 2484 D SystemServerTiming: MakeCommonTimeManagementServiceReady took to complete: 0ms
01-15 16:11:27.664 2484 2484 I SystemServer: MakeInputManagerServiceReady
01-15 16:11:27.665 2484 2484 D SystemServerTiming: MakeInputManagerServiceReady took to complete: 0ms
01-15 16:11:27.665 2484 2484 I SystemServer: MakeTelephonyRegistryReady
01-15 16:11:27.665 2484 2484 D SystemServerTiming: MakeTelephonyRegistryReady took to complete: 0ms
01-15 16:11:27.665 2484 2484 I SystemServer: MakeMediaRouterServiceReady
01-15 16:11:27.666 2484 2484 D SystemServerTiming: MakeMediaRouterServiceReady took to complete: 0ms
01-15 16:11:27.666 2484 2484 I SystemServer: MakeMmsServiceReady
01-15 16:11:27.666 2484 2484 I MmsServiceBroker: Delay connecting to MmsService until an API is called
01-15 16:11:27.666 2484 2484 D SystemServerTiming: MakeMmsServiceReady took to complete: 0ms
01-15 16:11:27.666 2484 2542 I InputReader: Reconfiguring input devices. changes=0x00000020
01-15 16:11:27.666 2484 2484 I SystemServer: MakeNetworkScoreServiceReady
01-15 16:11:27.666 2484 2484 D SystemServerTiming: MakeNetworkScoreServiceReady took to complete: 0ms
01-15 16:11:27.666 2484 2484 I SystemServer: IncidentDaemonReady
01-15 16:11:27.666 2484 2484 D SystemServerTiming: IncidentDaemonReady took to complete: 1ms
01-15 16:11:27.666 2484 2484 I SystemServiceManager: Calling onStartUser u0
01-15 16:11:27.667 2484 2542 I InputReader: Reconfiguring input devices. changes=0x00000010
01-15 16:11:27.672 3358 3358 I main : type=1400 audit(0.0:351): avc: denied { mounton } for path="/storage" dev="tmpfs" ino=7259 scontext=u:r:zygote:s0 tcontext=u:object_r:tmpfs:s0 tclass=dir permissive=1
01-15 16:11:27.675 3358 3358 W zygote64: Unexpected CPU variant for X86 using defaults: x86_64
01-15 16:11:27.679 2484 2484 I ActivityManager: Start proc 3358:com.android.phone/1001 for added application com.android.phone
01-15 16:11:27.679 2484 2484 I ActivityManager: START u0 {act=android.intent.action.MAIN cat=[android.intent.category.HOME] flg=0x10000100 cmp=com.android.settings/.CryptKeeper} from uid 0
01-15 16:11:27.747 2484 2484 I ActivityManager: Loaded persisted task ids for user 0
01-15 16:11:27.750 3372 3372 I main : type=1400 audit(0.0:353): avc: denied { mounton } for path="/storage" dev="tmpfs" ino=7259 scontext=u:r:zygote:s0 tcontext=u:object_r:tmpfs:s0 tclass=dir permissive=1
01-15 16:11:27.752 3372 3372 W zygote64: Unexpected CPU variant for X86 using defaults: x86_64
01-15 16:11:27.760 2484 2484 I ActivityManager: Start proc 3372:com.android.settings:CryptKeeper/1000 for activity com.android.settings/.CryptKeeper
01-15 16:11:27.760 2484 2484 D SystemServerTiming: ActivityManagerStartApps took to complete: 94ms
01-15 16:11:27.760 2484 2484 D SystemServerTiming: PhaseActivityManagerReady took to complete: 30679ms
01-15 16:11:27.761 2484 2484 D SystemServerInitThreadPool: Shutdown successful
01-15 16:11:27.761 2484 2484 D SystemServerTiming: StartServices took to complete: 43949ms
01-15 16:11:27.761 2368 2368 E lowmemorykiller: Error opening /dev/memcg/apps/uid_1001/pid_3358/memory.soft_limit_in_bytes; errno=2
01-15 16:11:27.762 1276 1276 I loop0 : type=1400 audit(0.0:354): avc: denied { read } for path="/mnt/system.sfs" dev="sdb" ino=1897 scontext=u:r:kernel:s0 tcontext=u:object_r:unlabeled:s0 tclass=file permissive=1
01-15 16:11:27.762 2484 2498 W LocationProviderProxy-network: Odd, no component found for service com.android.location.service.v3.NetworkLocationProvider
01-15 16:11:27.767 2484 2498 W GeocoderProxy: Odd, no component found for service com.android.location.service.GeocodeProvider
01-15 16:11:27.767 2484 2498 W GeofenceProxy: Odd, no component found for service com.android.location.service.GeofenceProvider
01-15 16:11:27.767 2484 2498 W ActivityRecognitionProxy: Odd, no component found for service com.android.location.service.ActivityRecognitionProvider
01-15 16:11:27.769 3135 3135 V StatusBar: userId 0 is in the house
01-15 16:11:27.776 3135 3135 I RenderThread: type=1400 audit(0.0:355): avc: denied { ioctl } for path="/dev/dri/card0" dev="tmpfs" ino=8777 ioctlcmd=0x640b scontext=u:r:platform_app:s0:c512,c768 tcontext=u:object_r:device:s0 tclass=chr_file permissive=1
01-15 16:11:27.779 2368 2368 E lowmemorykiller: Error opening /dev/memcg/apps/uid_1000/pid_3372/memory.soft_limit_in_bytes; errno=2
01-15 16:11:27.779 2484 2484 I Binder:2484_3: type=1400 audit(0.0:356): avc: denied { write } for name="timerslack_ns" dev="proc" ino=51680 scontext=u:r:system_server:s0 tcontext=u:r:system_app:s0 tclass=file permissive=1
01-15 16:11:27.781 3135 3300 E ActivityThread: Failed to find provider info for com.android.contacts
01-15 16:11:27.782 2484 2484 D ConditionProviders.SCP: onConnected
01-15 16:11:27.784 2484 2484 D RttService: SCAN_AVAILABLE : 1
01-15 16:11:27.784 2484 2484 D ZenLog : set_zen_mode: off,cleanUpZenRules
01-15 16:11:27.784 2484 3071 I WifiScanningService: wifi driver unloaded
01-15 16:11:27.784 2484 3072 D RttService: DefaultState got{ when=-1ms what=160513 target=com.android.internal.util.StateMachine$SmHandler }
01-15 16:11:27.785 2484 2484 D ConditionProviders: Subscribing to condition://android/event?userId=-10000&calendar=&reply=1 with ComponentInfo{android/com.android.server.notification.EventConditionProvider}
01-15 16:11:27.785 2484 2484 D ZenLog : subscribe: condition://android/event?userId=-10000&calendar=&reply=1,ok
01-15 16:11:27.785 2484 2484 D ConditionProviders: Subscribing to condition://android/schedule?days=1.2.3.4.5&start=22.0&end=7.0&exitAtAlarm=false with ComponentInfo{android/com.android.server.notification.ScheduleConditionProvider}
01-15 16:11:27.785 2484 2484 D ZenLog : subscribe: condition://android/schedule?days=1.2.3.4.5&start=22.0&end=7.0&exitAtAlarm=false,ok
01-15 16:11:27.785 2484 2484 D ConditionProviders: Subscribing to condition://android/schedule?days=6.7&start=23.30&end=10.0&exitAtAlarm=false with ComponentInfo{android/com.android.server.notification.ScheduleConditionProvider}
01-15 16:11:27.785 2484 2484 D ZenLog : subscribe: condition://android/schedule?days=6.7&start=23.30&end=10.0&exitAtAlarm=false,ok
01-15 16:11:27.791 2484 2484 I AccountsDb: Creating DE database for user 0
01-15 16:11:27.800 2484 2484 W ContextImpl: Calling a method in the system process without a qualified user: android.app.ContextImpl.startService:1476 com.android.server.content.SyncManager$13.run:722 android.os.Handler.handleCallback:790 android.os.Handler.dispatchMessage:99 android.os.Looper.loop:164
01-15 16:11:27.802 2378 2531 D installd: Found storage mount /dev/fuse at /mnt/runtime/default/emulated
01-15 16:11:27.802 2378 2531 D installd: Found storage mount /dev/fuse at /mnt/runtime/default/643C-0AF9
01-15 16:11:27.803 2484 2484 D BluetoothManagerService: BluetoothServiceConnection: com.android.bluetooth.btservice.AdapterService
01-15 16:11:27.803 2484 2505 D BluetoothManagerService: MESSAGE_BLUETOOTH_SERVICE_CONNECTED: 1
01-15 16:11:27.803 2484 2505 D BluetoothManagerService: MESSAGE_GET_NAME_AND_ADDRESS
01-15 16:11:27.805 2484 2505 D BluetoothManagerService: unbindAndFinish(): android.bluetooth.IBluetooth$Stub$Proxy@73066aa mBinding = false mUnbinding = false
01-15 16:11:27.806 3372 3372 D CryptKeeper: Disabling component ComponentInfo{com.android.settings/com.android.settings.CryptKeeper}
01-15 16:11:27.806 2368 2368 E lowmemorykiller: Error opening /dev/memcg/apps/uid_1002/pid_3100/memory.soft_limit_in_bytes; errno=2
01-15 16:11:27.806 2484 2495 D PackageManager: Ephemeral installer not found with new action; try old one
01-15 16:11:27.806 2484 2505 W SchedPolicy: add_tid_to_cgroup failed to write '3100' (Permission denied); fd=25
01-15 16:11:27.806 2484 2495 D PackageManager: Clear ephemeral installer activity
01-15 16:11:27.806 3100 3100 D BluetoothAdapterService: onUnbind() - calling cleanup
01-15 16:11:27.806 3100 3100 D BluetoothAdapterService: cleanup()
01-15 16:11:27.809 3100 3100 W BluetoothSdpJni: Cleaning up Bluetooth SDP Interface...
01-15 16:11:27.810 3100 3100 W BluetoothSdpJni: Cleaning up Bluetooth SDP object
01-15 16:11:27.810 3100 3100 D BluetoothAdapterService: cleanup() - Cleaning up adapter native
01-15 16:11:27.810 2484 2484 I zygote64: The ClassLoaderContext is a special shared library.
01-15 16:11:27.810 3100 3185 I bt_stack_manager: event_clean_up_stack is cleaning up the stack
01-15 16:11:27.810 3100 3185 I bt_btif_core: btif_cleanup_bluetooth entered
01-15 16:11:27.820 3100 3185 E BluetoothServiceJni: Callback: 'callback_thread_event' is not called on the correct thread
01-15 16:11:27.820 3100 3185 I bt_btif_queue: btif_queue_release
01-15 16:11:27.820 3100 3190 I bt_btif_core: run_message_loop finished
01-15 16:11:27.820 3100 3190 W bt_osi_thread: run_thread: thread id 3190, thread name bt_jni_workqueue exited
01-15 16:11:27.820 3100 3185 I bt_core_module: module_clean_up Cleaning up module "stack_config_module"
01-15 16:11:27.820 3100 3185 I bt_core_module: module_clean_up Cleanup of module "stack_config_module" completed
01-15 16:11:27.820 3100 3185 I bt_core_module: module_clean_up Cleaning up module "interop_module"
01-15 16:11:27.820 3100 3185 I bt_core_module: module_clean_up Cleanup of module "interop_module" completed
01-15 16:11:27.820 3100 3185 I bt_btif_core: btif_cleanup_bluetooth finished
01-15 16:11:27.820 3100 3185 I bt_core_module: module_clean_up Cleaning up module "btif_config_module"
01-15 16:11:27.820 3100 3185 I bt_core_module: module_clean_up Cleanup of module "btif_config_module" completed
01-15 16:11:27.820 3100 3185 I bt_core_module: module_clean_up Cleaning up module "bt_utils_module"
01-15 16:11:27.820 3100 3185 I bt_core_module: module_clean_up Cleanup of module "bt_utils_module" completed
01-15 16:11:27.820 3100 3185 I bt_core_module: module_clean_up Cleaning up module "osi_module"
01-15 16:11:27.820 3100 3189 D bt_osi_alarm: callback_dispatch Callback thread exited
01-15 16:11:27.820 3100 3189 W bt_osi_thread: run_thread: thread id 3189, thread name alarm_dispatcher exited
01-15 16:11:27.820 3100 3188 W bt_osi_thread: run_thread: thread id 3188, thread name alarm_default_ca exited
01-15 16:11:27.820 3100 3185 I bt_core_module: module_clean_up Cleanup of module "osi_module" completed
01-15 16:11:27.820 3100 3185 I bt_stack_manager: event_clean_up_stack finished
01-15 16:11:27.820 3100 3100 I BluetoothServiceJni: cleanupNative: return from cleanup
01-15 16:11:27.826 2484 2496 I ActivityManager: START u0 {act=android.intent.action.MAIN cat=[android.intent.category.HOME] flg=0x10000100 cmp=com.android.settings/.FallbackHome} from uid 0
01-15 16:11:27.831 3390 3390 W zygote64: Unexpected CPU variant for X86 using defaults: x86_64
01-15 16:11:27.838 2484 2496 I ActivityManager: Start proc 3390:com.android.settings/1000 for activity com.android.settings/.FallbackHome
01-15 16:11:27.838 2470 2470 I BootAnimation: type=1400 audit(0.0:357): avc: denied { ioctl } for path="/dev/dri/card0" dev="tmpfs" ino=8777 ioctlcmd=0x640b scontext=u:r:bootanim:s0 tcontext=u:object_r:device:s0 tclass=chr_file permissive=1
01-15 16:11:27.843 3135 3135 I RenderThread: type=1400 audit(0.0:358): avc: denied { map } for path=2F69393135202864656C6574656429 dev="tmpfs" ino=53138 scontext=u:r:platform_app:s0:c512,c768 tcontext=u:object_r:platform_app_tmpfs:s0:c512,c768 tclass=file permissive=1
01-15 16:11:27.845 2368 2368 E lowmemorykiller: Error opening /dev/memcg/apps/uid_1000/pid_3390/memory.soft_limit_in_bytes; errno=2
01-15 16:11:27.845 2368 2368 E lowmemorykiller: Error opening /dev/memcg/apps/uid_1000/pid_3372/memory.soft_limit_in_bytes; errno=2
01-15 16:11:27.848 3100 3100 D BluetoothAdapterService: onDestroy()
01-15 16:11:27.849 3100 3100 I BluetoothAdapterService: Force exit to cleanup internal state in Bluetooth stack
01-15 16:11:27.849 2484 2484 I WiredAccessoryManager: notifyWiredAccessoryChanged: when=0 bits= mask=154
01-15 16:11:27.849 2484 2484 V WiredAccessoryManager: newName=h2w newState=0 headsetState=0 prev headsetState=0
01-15 16:11:27.849 2484 2484 E WiredAccessoryManager: No state change.
01-15 16:11:27.849 2484 2484 V WiredAccessoryManager: init()
01-15 16:11:27.850 3100 3100 I com.android.bluetooth: System.exit called, status: 0
01-15 16:11:27.850 3100 3100 I AndroidRuntime: VM exiting with result code 0, cleanup skipped.
01-15 16:11:27.856 2369 2369 I surfaceflinger: type=1400 audit(0.0:359): avc: denied { ioctl } for path="/dev/dri/card0" dev="tmpfs" ino=8777 ioctlcmd=0x6469 scontext=u:r:surfaceflinger:s0 tcontext=u:object_r:device:s0 tclass=chr_file permissive=1
01-15 16:11:27.872 2484 2484 D AccessibilityManagerService: Ignoring non-encryption-aware service ComponentInfo{com.farmerbb.taskbar.androidx86/com.farmerbb.taskbar.service.PowerMenuService}
01-15 16:11:27.872 2484 2484 V NotificationListeners: enabling notification listener for 0: ComponentInfo{com.android.launcher3/com.android.launcher3.notification.NotificationListener}
01-15 16:11:27.872 2484 2484 V NotificationListeners: binding: Intent { act=android.service.notification.NotificationListenerService cmp=com.android.launcher3/.notification.NotificationListener (has extras) }
01-15 16:11:27.873 2484 2484 W ActivityManager: Unable to start service Intent { act=android.service.notification.NotificationListenerService cmp=com.android.launcher3/.notification.NotificationListener } U=0: not found
01-15 16:11:27.873 2484 2484 W NotificationListeners: Unable to bind notification listener service: Intent { act=android.service.notification.NotificationListenerService cmp=com.android.launcher3/.notification.NotificationListener (has extras) }
01-15 16:11:27.874 2356 2446 W DeviceHAL: Device 0xe6c5f000 set_mic_mute: Function not implemented
01-15 16:11:27.880 2484 3311 I ActivityManager: Process com.android.bluetooth (pid 3100) has died: fore SVC
01-15 16:11:27.880 2484 2484 D ConditionProviders.SCP: onSubscribe condition://android/schedule?days=1.2.3.4.5&start=22.0&end=7.0&exitAtAlarm=false
01-15 16:11:27.880 2484 2501 W system_server: kill(-3100, 9) failed: No such process
01-15 16:11:27.880 2484 2501 I system_server: Successfully killed process cgroup uid 1002 pid 3100 in 0ms
01-15 16:11:27.880 2484 2484 D ConditionProviders.SCP: setRegistered true
01-15 16:11:27.881 2484 2484 D ConditionProviders.SCP: notifyCondition condition://android/schedule?days=1.2.3.4.5&start=22.0&end=7.0&exitAtAlarm=false STATE_FALSE reason=!meetsSchedule
01-15 16:11:27.888 2484 3079 E ActivityThread: Failed to find provider info for com.android.calendar
01-15 16:11:27.894 3390 3414 D OpenGLRenderer: HWUI GL Pipeline
01-15 16:11:27.888 2484 3079 E ActivityThread: Failed to find provider info for com.android.calendar
01-15 16:11:27.906 2484 2484 D ConditionProviders.SCP: Scheduling evaluate for Mon Jan 15 22:00:00 GMT+00:00 2018 (1516053600000), in +5h48m32s120ms, now=Mon Jan 15 16:11:27 GMT+00:00 2018 (1516032687880)
01-15 16:11:27.906 2484 2484 D ConditionProviders.SCP: onSubscribe condition://android/schedule?days=6.7&start=23.30&end=10.0&exitAtAlarm=false
01-15 16:11:27.907 2484 2484 D ConditionProviders.SCP: notifyCondition condition://android/schedule?days=6.7&start=23.30&end=10.0&exitAtAlarm=false STATE_FALSE reason=!meetsSchedule
01-15 16:11:27.907 2484 2484 D ConditionProviders.SCP: notifyCondition condition://android/schedule?days=1.2.3.4.5&start=22.0&end=7.0&exitAtAlarm=false STATE_FALSE reason=!meetsSchedule
01-15 16:11:27.907 2484 2484 D ConditionProviders.SCP: Scheduling evaluate for Mon Jan 15 22:00:00 GMT+00:00 2018 (1516053600000), in +5h48m32s93ms, now=Mon Jan 15 16:11:27 GMT+00:00 2018 (1516032687907)
01-15 16:11:27.910 3390 3390 I RenderThread: type=1400 audit(0.0:360): avc: denied { read write } for name="card0" dev="tmpfs" ino=8777 scontext=u:r:system_app:s0 tcontext=u:object_r:device:s0 tclass=chr_file permissive=1
01-15 16:11:27.910 3390 3414 D vndksupport: Loading /vendor/lib64/hw/gralloc.drm.so from current namespace instead of sphal namespace.
01-15 16:11:27.910 2484 2498 I SyncManager: Got SyncJobService instance.
01-15 16:11:27.911 3390 3414 I GRALLOC-DRM: create intel for driver i915
01-15 16:11:27.912 3390 3414 I EGL-MAIN: found extension DRI_Core version 2
01-15 16:11:27.912 3390 3414 I EGL-MAIN: found extension DRI_DRI2 version 4
01-15 16:11:27.910 3390 3390 I RenderThread: type=1400 audit(0.0:361): avc: denied { open } for path="/dev/dri/card0" dev="tmpfs" ino=8777 scontext=u:r:system_app:s0 tcontext=u:object_r:device:s0 tclass=chr_file permissive=1
01-15 16:11:27.910 3390 3390 I RenderThread: type=1400 audit(0.0:362): avc: denied { ioctl } for path="/dev/dri/card0" dev="tmpfs" ino=8777 ioctlcmd=0x6400 scontext=u:r:system_app:s0 tcontext=u:object_r:device:s0 tclass=chr_file permissive=1
01-15 16:11:27.910 3390 3390 I RenderThread: type=1400 audit(0.0:363): avc: denied { getattr } for path="/dev/dri/card0" dev="tmpfs" ino=8777 scontext=u:r:system_app:s0 tcontext=u:object_r:device:s0 tclass=chr_file permissive=1
01-15 16:11:27.910 3390 3390 I RenderThread: type=1400 audit(0.0:364): avc: denied { read } for name="dri" dev="tmpfs" ino=8775 scontext=u:r:system_app:s0 tcontext=u:object_r:device:s0 tclass=dir permissive=1
01-15 16:11:27.910 3390 3390 I RenderThread: type=1400 audit(0.0:365): avc: denied { open } for path="/dev/dri" dev="tmpfs" ino=8775 scontext=u:r:system_app:s0 tcontext=u:object_r:device:s0 tclass=dir permissive=1
01-15 16:11:27.913 2484 2484 D AutofillManagerService: Autofill restriction did not change for user 0: null
01-15 16:11:27.915 2484 2484 D ZenLog : config: conditionChanged,ZenModeConfig[user=0,allowCalls=true,allowRepeatCallers=false,allowMessages=false,allowCallsFrom=contacts,allowMessagesFrom=contacts,allowReminders=true,allowEvents=true,allowWhenScreenOff=true,allowWhenScreenOn=true,automaticRules={EVENTS_DEFAULT_RULE=ZenRule[enabled=false,snoozing=false,name=Event,zenMode=ZEN_MODE_ALARMS,conditionId=condition://android/event?userId=-10000&calendar=&reply=1,condition=null,component=ComponentInfo{android/com.android.server.notification.EventConditionProvider},id=EVENTS_DEFAULT_RULE,creationTime=1516032656208,enabler=null], SCHEDULED_DEFAULT_RULE_1=ZenRule[enabled=false,snoozing=false,name=Weeknight,zenMode=ZEN_MODE_ALARMS,conditionId=condition://android/schedule?days=1.2.3.4.5&start=22.0&end=7.0&exitAtAlarm=false,condition=Condition[id=condition://android/schedule?days=1.2.3.4.5&start=22.0&end=7.0&exitAtAlarm=false,summary=...,line1=...,line2=...,icon=0,state=STATE_FALSE,flags=2],component=ComponentInfo{android/com.android.server.notification.ScheduleConditionProvider},id=SCHEDULED_DEFAULT_RULE_1,creationTime=1516032656207,enabler=null], SCHEDULED_DEFAULT_RULE_2=ZenRule[enabled=false,snoozing=false,name=Weekend,zenMode=ZEN_MODE_ALARMS,conditionId=condition://android/schedule?days=6.7&start=23.30&end=10.0&exitAtAlarm=false,condition=null,component=ComponentInfo{android/com.android.server.notification.ScheduleConditionProvider},id=SCHEDULED_DEFAULT_RULE_2,creationTime=1516032656207,enabler=null]},manualRule=null],Diff[automaticRule[SCHEDULED_DEFAULT_RULE_1].condition:null->Condition[id=condition://android/schedule?days=1.2.3.4.5&start=22.0&end=7.0&exitAtAlarm=false,summary=...,line1=...,line2=...,icon=0,state=STATE_FALSE,flags=2]]
01-15 16:11:27.915 2484 2484 D ZenLog : config: conditionChanged,ZenModeConfig[user=0,allowCalls=true,allowRepeatCallers=false,allowMessages=false,allowCallsFrom=contacts,allowMessagesFrom=contacts,allowReminders=true,allowEvents=true,allowWhenScreenOff=true,allowWhenScreenOn=true,automaticRules={EVENTS_DEFAULT_RULE=ZenRule[enabled=false,snoozing=false,name=Event,zenMode=ZEN_MODE_ALARMS,conditionId=condition://android/event?userId=-10000&calendar=&reply=1,condition=Condition[id=condition://android/event?userId=-10000&calendar=&reply=1,summary=...,line1=...,line2=...,icon=0,state=STATE_FALSE,flags=2],component=ComponentInfo{android/com.android.server.notification.EventConditionProvider},id=EVENTS_DEFAULT_RULE,creationTime=1516032656208,enabler=null], SCHEDULED_DEFAULT_RULE_1=ZenRule[enabled=false,snoozing=false,name=Weeknight,zenMode=ZEN_MODE_ALARMS,conditionId=condition://android/schedule?days=1.2.3.4.5&start=22.0&end=7.0&exitAtAlarm=false,condition=Condition[id=condition://android/schedule?days=1.2.3.4.5&start=22.0&end=7.0&exitAtAlarm=false,summary=...,line1=...,line2=...,icon=0,state=STATE_FALSE,flags=2],component=ComponentInfo{android/com.android.server.notification.ScheduleConditionProvider},id=SCHEDULED_DEFAULT_RULE_1,creationTime=1516032656207,enabler=null], SCHEDULED_DEFAULT_RULE_2=ZenRule[enabled=false,snoozing=false,name=Weekend,zenMode=ZEN_MODE_ALARMS,conditionId=condition://android/schedule?days=6.7&start=23.30&end=10.0&exitAtAlarm=false,condition=null,component=ComponentInfo{android/com.android.server.notification.ScheduleConditionProvider},id=SCHEDULED_DEFAULT_RULE_2,creationTime=1516032656207,enabler=null]},manualRule=null],Diff[automaticRule[EVENTS_DEFAULT_RULE].condition:null->Condition[id=condition://android/event?userId=-10000&calendar=&reply=1,summary=...,line1=...,line2=...,icon=0,state=STATE_FALSE,flags=2]]
01-15 16:11:27.916 2484 2484 D ZenLog : config: conditionChanged,ZenModeConfig[user=0,allowCalls=true,allowRepeatCallers=false,allowMessages=false,allowCallsFrom=contacts,allowMessagesFrom=contacts,allowReminders=true,allowEvents=true,allowWhenScreenOff=true,allowWhenScreenOn=true,automaticRules={EVENTS_DEFAULT_RULE=ZenRule[enabled=false,snoozing=false,name=Event,zenMode=ZEN_MODE_ALARMS,conditionId=condition://android/event?userId=-10000&calendar=&reply=1,condition=Condition[id=condition://android/event?userId=-10000&calendar=&reply=1,summary=...,line1=...,line2=...,icon=0,state=STATE_FALSE,flags=2],component=ComponentInfo{android/com.android.server.notification.EventConditionProvider},id=EVENTS_DEFAULT_RULE,creationTime=1516032656208,enabler=null], SCHEDULED_DEFAULT_RULE_1=ZenRule[enabled=false,snoozing=false,name=Weeknight,zenMode=ZEN_MODE_ALARMS,conditionId=condition://android/schedule?days=1.2.3.4.5&start=22.0&end=7.0&exitAtAlarm=false,condition=Condition[id=condition://android/schedule?days=1.2.3.4.5&start=22.0&end=7.0&exitAtAlarm=false,summary=...,line1=...,line2=...,icon=0,state=STATE_FALSE,flags=2],component=ComponentInfo{android/com.android.server.notification.ScheduleConditionProvider},id=SCHEDULED_DEFAULT_RULE_1,creationTime=1516032656207,enabler=null], SCHEDULED_DEFAULT_RULE_2=ZenRule[enabled=false,snoozing=false,name=Weekend,zenMode=ZEN_MODE_ALARMS,conditionId=condition://android/schedule?days=6.7&start=23.30&end=10.0&exitAtAlarm=false,condition=Condition[id=condition://android/schedule?days=6.7&start=23.30&end=10.0&exitAtAlarm=false,summary=...,line1=...,line2=...,icon=0,state=STATE_FALSE,flags=2],component=ComponentInfo{android/com.android.server.notification.ScheduleConditionProvider},id=SCHEDULED_DEFAULT_RULE_2,creationTime=1516032656207,enabler=null]},manualRule=null],Diff[automaticRule[SCHEDULED_DEFAULT_RULE_2].condition:null->Condition[id=condition://android/schedule?days=6.7&start=23.30&end=10.0&exitAtAlarm=false,summary=...,line1=...,line2=...,icon=0,state=STATE_FALSE,flags=2]]
01-15 16:11:27.916 2484 2484 I FusedLocation: engine started (com.android.location.fused)
01-15 16:11:27.917 2484 2484 D ZenLog : set_zen_mode: off,conditionChanged
01-15 16:11:27.917 3390 3414 I EGL-MAIN: found extension DRI_TexBuffer version 3
01-15 16:11:27.917 3390 3414 I EGL-MAIN: found extension DRI2_Flush version 4
01-15 16:11:27.917 3390 3414 I EGL-MAIN: found extension DRI_IMAGE version 16
01-15 16:11:27.917 3390 3414 I EGL-MAIN: found extension DRI2_Fence version 2
01-15 16:11:27.917 3390 3414 I EGL-MAIN: found extension DRI_RENDERER_QUERY version 1
01-15 16:11:27.917 3390 3414 I EGL-MAIN: found extension DRI_CONFIG_QUERY version 1
01-15 16:11:27.917 3390 3414 I EGL-MAIN: found extension DRI_FlushControl version 1
01-15 16:11:27.917 3390 3414 I EGL-MAIN: found extension DRI_Robustness version 1
01-15 16:11:27.917 3390 3414 I EGL-MAIN: found extension DRI_NoError version 1
01-15 16:11:27.920 2484 3077 D NotificationSQLiteLog: Pruned event entries: 0
01-15 16:11:27.921 3390 3414 I com.android.settings: android::hardware::configstore::V1_0::ISurfaceFlingerConfigs::hasWideColorDisplay retrieved: 0
01-15 16:11:27.921 3390 3414 I OpenGLRenderer: Initialized EGL, version 1.4
01-15 16:11:27.921 3390 3414 D OpenGLRenderer: Swap behavior 2
01-15 16:11:27.922 3390 3390 I RenderThread: type=1400 audit(0.0:366): avc: denied { map } for path=2F69393135202864656C6574656429 dev="tmpfs" ino=54291 scontext=u:r:system_app:s0 tcontext=u:object_r:system_app_tmpfs:s0 tclass=file permissive=1
01-15 16:11:27.932 3390 3414 D vndksupport: Loading /vendor/lib64/hw/android.hardware.graphics.mapper@2.0-impl.so from current namespace instead of sphal namespace.
01-15 16:11:27.932 3390 3414 D vndksupport: Loading /vendor/lib64/hw/gralloc.drm.so from current namespace instead of sphal namespace.
01-15 16:11:27.938 3358 3358 D TelephonyProvider: dbh.onCreate:+ db=SQLiteDatabase: /data/user_de/0/com.android.providers.telephony/databases/telephony.db
01-15 16:11:27.938 3358 3358 D TelephonyProvider: dbh.createSimInfoTable:+
01-15 16:11:27.939 3358 3358 D TelephonyProvider: dbh.createSimInfoTable:-
01-15 16:11:27.939 3358 3358 D TelephonyProvider: dbh.createCarriersTable: carriers
01-15 16:11:27.939 3358 3358 D TelephonyProvider: dbh.createCarriersTable:-
01-15 16:11:27.939 3358 3358 D TelephonyProvider: dbh.onCreate: Apply apns from xml.
01-15 16:11:27.940 3358 3358 D TelephonyProvider: No APNs in OEM image = /oem/telephony/apns-conf.xml Load APNs from system image
01-15 16:11:27.940 3358 3358 D TelephonyProvider: No APNs in OEM image = /data/misc/apns-conf.xml Load APNs from system image
01-15 16:11:27.940 3358 3358 D TelephonyProvider: confFile = /system/etc/apns-conf.xml
01-15 16:11:27.950 2368 2368 E lowmemorykiller: Error opening /dev/memcg/apps/uid_1000/pid_3372/memory.soft_limit_in_bytes; errno=2
01-15 16:11:27.951 2484 2499 D KbdSensor: poll_batch: dev=0x793560d8b400 sensor_handle=0 flags=0 sampling_period_ns=2000000 max_report_latency_ns=100000000
01-15 16:11:27.951 2484 2499 D KbdSensor: poll_activate: dev=0x793560d8b400 handle=0 enabled=1
01-15 16:11:27.951 2484 2506 I ActivityManager: Displayed com.android.settings/.FallbackHome: +121ms (total +200ms)
01-15 16:11:27.953 3358 3358 E TelephonyProvider: dbh.selectConflictingRow: Expected 1 but found 0 matching rows found for cv mnc=010 sub_id=-1 max_conns=1023 max_conns_time=300 numeric=001010 mcc=001 type=ims,ia modem_cognitive=true protocol=IPV4V6 roaming_protocol=IPV4V6 profile_id=2 name=Test IMS bearer_bitmask=8192 apn=VZWIMS
01-15 16:11:27.954 3358 3358 E TelephonyProvider: dbh.selectConflictingRow: Expected 1 but found 0 matching rows found for cv mnc=010 mmsc=http://mms.vtext.com/servlets/mms sub_id=-1 max_conns=1023 max_conns_time=300 numeric=001010 mcc=001 type=default,dun modem_cognitive=true protocol=IPV4V6 roaming_protocol=IPV4V6 profile_id=0 name=Test Internet bearer_bitmask=8192 apn=VZWINTERNET
01-15 16:11:27.960 3358 3358 E TelephonyProvider: dbh.selectConflictingRow: Expected 1 but found 0 matching rows found for cv mnc=04 mvno_match_data=BAE0000000000000 sub_id=-1 max_conns=1023 max_conns_time=300 numeric=20404 mcc=204 type=default,dun modem_cognitive=true protocol=IPV4V6 roaming_protocol=IPV4V6 profile_id=0 name=LTE - VZW Roaming Internet mvno_type=gid bearer_bitmask=0 apn=VZWINTERNET
01-15 16:11:27.962 3358 3358 E TelephonyProvider: dbh.selectConflictingRow: Expected 1 but found 0 matching rows found for cv mnc=04 mvno_match_data=BAE0000000000000 sub_id=-1 max_conns=1023 max_conns_time=300 numeric=20404 mcc=204 type=fota modem_cognitive=true protocol=IPV4V6 roaming_protocol=IPV4V6 profile_id=3 name=LTE - VZW Roaming FOTA mvno_type=gid bearer_bitmask=0 apn=VZWADMIN
01-15 16:11:27.962 3358 3358 E TelephonyProvider: dbh.selectConflictingRow: Expected 1 but found 0 matching rows found for cv mnc=04 mvno_match_data=BAE0000000000000 sub_id=-1 max_conns=1023 max_conns_time=300 numeric=20404 mcc=204 type=ims,ia modem_cognitive=true protocol=IPV4V6 roaming_protocol=IPV4V6 profile_id=2 name=EHRPD - VZW Roaming IMS mvno_type=gid bearer_bitmask=4096 apn=VZWIMS
01-15 16:11:27.963 3358 3358 E TelephonyProvider: dbh.selectConflictingRow: Expected 1 but found 0 matching rows found for cv mnc=04 mmsc=http://mms.vtext.com/servlets/mms mvno_match_data=BAE0000000000000 sub_id=-1 max_conns=1023 max_conns_time=300 numeric=20404 mcc=204 type=cbs,mms modem_cognitive=true protocol=IPV4V6 roaming_protocol=IPV4V6 profile_id=4 name=EHRPD - VZW Roaming CBS mvno_type=gid bearer_bitmask=4096 apn=VZWAPP
01-15 16:11:27.918 2484 2484 I chatty : uid=1000 system_server identical 1 line
01-15 16:11:27.919 2484 2484 D ZenLog : set_zen_mode: off,conditionChanged
01-15 16:11:27.964 2484 3406 I ActivityManager: user 0 is still locked. Cannot load recents
01-15 16:11:27.980 3358 3358 E TelephonyProvider: dbh.selectConflictingRow: Expected 1 but found 0 matching rows found for cv mnc=01 mmsc=http://mms.orange.fr mmsport=8080 sub_id=-1 numeric=20801 mcc=208 type=mms password=orange name=Tele2 MMS bearer_bitmask=0 user=orange apn=orange.acte mmsproxy=192.168.10.200
01-15 16:11:28.010 3358 3358 E TelephonyProvider: dbh.selectConflictingRow: Expected 1 but found 0 matching rows found for cv password=O2web mnc=11 sub_id=-1 name=O2 MOBILE WEB numeric=23411 mcc=234 type=default,supl bearer_bitmask=0 user=O2web apn=mobile.o2.co.uk
01-15 16:11:28.029 3358 3358 E TelephonyProvider: dbh.selectConflictingRow: Expected 1 but found 0 matching rows found for cv protocol=IPV4V6 mnc=081 roaming_protocol=IPV4V6 sub_id=-1 name=Test 800 numeric=246081 mcc=246 type=vzw800 bearer_bitmask=8192 apn=VZW800
01-15 16:11:28.030 3358 3358 E TelephonyProvider: dbh.selectConflictingRow: Expected 1 but found 0 matching rows found for cv protocol=IPV4V6 mnc=081 roaming_protocol=IPV4V6 sub_id=-1 name=Test FOTA numeric=246081 mcc=246 type=fota bearer_bitmask=8192 apn=VZWADMIN
01-15 16:11:28.030 3358 3358 E TelephonyProvider: dbh.selectConflictingRow: Expected 1 but found 0 matching rows found for cv protocol=IPV4V6 mnc=081 roaming_protocol=IPV4V6 sub_id=-1 name=Test CBS numeric=246081 mcc=246 type=cbs,mms bearer_bitmask=8192 apn=VZWAPP
01-15 16:11:28.031 3358 3358 E TelephonyProvider: dbh.selectConflictingRow: Expected 1 but found 0 matching rows found for cv protocol=IPV4V6 mnc=081 roaming_protocol=IPV4V6 sub_id=-1 name=Test IMS numeric=246081 mcc=246 type=ims,ia bearer_bitmask=8192 apn=VZWIMS
01-15 16:11:28.032 3358 3358 E TelephonyProvider: dbh.selectConflictingRow: Expected 1 but found 0 matching rows found for cv mnc=081 mmsc=http://mms.vtext.com/servlets/mms sub_id=-1 max_conns=1023 max_conns_time=300 numeric=246081 mcc=246 type=default,dun modem_cognitive=true protocol=IPV4V6 roaming_protocol=IPV4V6 profile_id=0 name=Test Internet bearer_bitmask=8192 apn=VZWINTERNET
01-15 16:11:28.032 3358 3358 E TelephonyProvider: dbh.selectConflictingRow: Expected 1 but found 0 matching rows found for cv protocol=IPV4V6 mnc=81 roaming_protocol=IPV4V6 sub_id=-1 name=Test 800 numeric=24681 mcc=246 type=vzw800 bearer_bitmask=8192 apn=VZW800
01-15 16:11:28.035 3358 3358 E TelephonyProvider: dbh.selectConflictingRow: Expected 1 but found 0 matching rows found for cv mnc=81 sub_id=-1 max_conns=1023 max_conns_time=300 numeric=24681 mcc=246 type=fota modem_cognitive=true protocol=IPV4V6 roaming_protocol=IPV4V6 profile_id=3 name=Test FOTA bearer_bitmask=8192 apn=VZWADMIN
01-15 16:11:28.038 3358 3358 E TelephonyProvider: dbh.selectConflictingRow: Expected 1 but found 0 matching rows found for cv mnc=81 sub_id=-1 max_conns=1023 max_conns_time=300 numeric=24681 mcc=246 type=cbs,mms modem_cognitive=true protocol=IPV4V6 roaming_protocol=IPV4V6 profile_id=4 name=Test CBS bearer_bitmask=8192 apn=VZWAPP
01-15 16:11:28.042 3358 3358 E TelephonyProvider: dbh.selectConflictingRow: Expected 1 but found 0 matching rows found for cv mnc=81 sub_id=-1 max_conns=1023 max_conns_time=300 numeric=24681 mcc=246 type=ims,ia modem_cognitive=true protocol=IPV4V6 roaming_protocol=IPV4V6 profile_id=2 name=Test IMS bearer_bitmask=8192 apn=VZWIMS
01-15 16:11:28.044 3358 3358 E TelephonyProvider: dbh.selectConflictingRow: Expected 1 but found 0 matching rows found for cv mnc=81 mmsc=http://mms.vtext.com/servlets/mms sub_id=-1 max_conns=1023 max_conns_time=300 numeric=24681 mcc=246 type=default,dun modem_cognitive=true protocol=IPV4V6 roaming_protocol=IPV4V6 profile_id=0 name=Test Internet bearer_bitmask=8192 apn=VZWINTERNET
01-15 16:11:28.052 3358 3358 E TelephonyProvider: dbh.selectConflictingRow: Expected 1 but found 0 matching rows found for cv mnc=01 mmsc=http://mms/mms mmsport=3128 sub_id=-1 name=Orange MMS numeric=25901 mcc=259 type=mms bearer_bitmask=0 apn=mms.orange.md mmsproxy=192.168.127.125
01-15 16:11:27.971 2484 3406 I ActivityManager: user 0 is still locked. Cannot load recents
01-15 16:11:28.060 2484 2506 I WindowManager: ******* TELLING SURFACE FLINGER WE ARE BOOTED!
01-15 16:11:28.060 2369 3353 I SurfaceFlinger: Boot is finished (47685 ms)
01-15 16:11:28.061 2378 2531 E installd: Failed to unlink /data//dalvik-cache/x86_64/.booting: No such file or directory
01-15 16:11:28.061 2484 2506 W ActivityManager: Unable to mark boot complete for abi: x86_64 (android.os.ServiceSpecificException: Failed to unlink /data//dalvik-cache/x86_64/.booting (code 2))
01-15 16:11:28.061 2378 2531 E installd: Failed to unlink /data//dalvik-cache/x86/.booting: No such file or directory
01-15 16:11:28.061 2484 2506 W ActivityManager: Unable to mark boot complete for abi: x86 (android.os.ServiceSpecificException: Failed to unlink /data//dalvik-cache/x86/.booting (code 2))
01-15 16:11:28.061 2378 2531 E installd: Failed to unlink /data//dalvik-cache/arm64/.booting: No such file or directory
01-15 16:11:28.061 2484 2506 W ActivityManager: Unable to mark boot complete for abi: arm64-v8a (android.os.ServiceSpecificException: Failed to unlink /data//dalvik-cache/arm64/.booting (code 2))
01-15 16:11:28.062 2378 2531 E installd: Failed to unlink /data//dalvik-cache/arm/.booting: No such file or directory
