01-15 16:11:51.376 2368 2368 E lowmemorykiller: Error opening /dev/memcg/apps/uid_10018/pid_3713/memory.soft_limit_in_bytes; errno=2
01-15 16:11:51.376 2484 3407 D PackageManager: Ephemeral installer not found with new action; try old one
01-15 16:11:51.376 2484 3407 D PackageManager: Clear ephemeral installer activity
01-15 16:11:51.376 2484 3407 D PackageManager: Ephemeral installer not found with new action; try old one
01-15 16:11:51.376 2484 3407 D PackageManager: Clear ephemeral installer activity
01-15 16:11:51.377 2368 2368 E lowmemorykiller: Error opening /dev/memcg/apps/uid_10046/pid_4204/memory.soft_limit_in_bytes; errno=2
01-15 16:11:51.378 2368 2368 E lowmemorykiller: Error opening /dev/memcg/apps/uid_10018/pid_3713/memory.soft_limit_in_bytes; errno=2
01-15 16:11:51.379 3713 4768 W DynamiteLoaderImpl: Failed to load module version: module com.google.android.gms.flags not found
01-15 16:11:51.379 3713 4768 I DynamiteModule: Considering local module com.google.android.gms.flags:2 and remote module com.google.android.gms.flags:0
01-15 16:11:51.379 3713 4768 I DynamiteModule: Selected local version of com.google.android.gms.flags
01-15 16:11:51.393 2484 2501 W system_server: kill(-3922, 9) failed: No such process
01-15 16:11:51.393 2484 2501 I system_server: Successfully killed process cgroup uid 10024 pid 3922 in 45ms
01-15 16:11:51.393 2368 2368 E lowmemorykiller: Error opening /dev/memcg/apps/uid_10018/pid_3713/memory.soft_limit_in_bytes; errno=2
01-15 16:11:51.393 2484 2501 W system_server: kill(-4360, 9) failed: No such process
01-15 16:11:51.393 2484 2501 I system_server: Successfully killed process cgroup uid 10057 pid 4360 in 0ms
01-15 16:11:51.403 2484 4452 D PackageManager: Ephemeral installer not found with new action; try old one
01-15 16:11:51.403 2484 4452 D PackageManager: Clear ephemeral installer activity
01-15 16:11:51.404 3713 4104 I GCM-GMS : Scheduling task to register GMS
01-15 16:11:51.404 3590 3711 I zygote64: Deoptimizing void lha.execute(java.lang.Runnable) due to JIT inline cache
01-15 16:11:51.410 3590 4321 I HeterodyneSyncScheduler: Scheduling Phenotype for a PhenotypeSyncImmediately(6, com.google.android.gms.gcm) one off with window [1, 2] in seconds
01-15 16:11:51.416 2484 3407 D PackageManager: Ephemeral installer not found with new action; try old one
01-15 16:11:51.416 2484 3407 D PackageManager: Clear ephemeral installer activity
01-15 16:11:51.416 2484 3407 D PackageManager: Ephemeral installer not found with new action; try old one
01-15 16:11:51.416 2484 3407 D PackageManager: Clear ephemeral installer activity
01-15 16:11:51.416 2484 3407 D PackageManager: Ephemeral installer not found with new action; try old one
01-15 16:11:51.416 2484 3407 D PackageManager: Clear ephemeral installer activity
01-15 16:11:51.416 2484 3407 D PackageManager: Ephemeral installer not found with new action; try old one
01-15 16:11:51.416 2484 3407 D PackageManager: Clear ephemeral installer activity
01-15 16:11:51.417 2484 3407 D PackageManager: Ephemeral installer not found with new action; try old one
01-15 16:11:51.417 2484 3407 D PackageManager: Clear ephemeral installer activity
01-15 16:11:51.418 2484 3407 D PackageManager: Ephemeral installer not found with new action; try old one
01-15 16:11:51.418 2484 3407 D PackageManager: Clear ephemeral installer activity
01-15 16:11:51.419 2368 2368 E lowmemorykiller: Error opening /dev/memcg/apps/uid_10018/pid_3713/memory.soft_limit_in_bytes; errno=2
01-15 16:11:51.419 2368 2368 I chatty : uid=0(root) /system/bin/lmkd identical 1 line
01-15 16:11:51.420 2368 2368 E lowmemorykiller: Error opening /dev/memcg/apps/uid_10018/pid_3713/memory.soft_limit_in_bytes; errno=2
01-15 16:11:51.420 2368 2368 E lowmemorykiller: Error opening /dev/memcg/apps/uid_10046/pid_4204/memory.soft_limit_in_bytes; errno=2
01-15 16:11:51.421 2368 2368 E lowmemorykiller: Error opening /dev/memcg/apps/uid_10002/pid_3782/memory.soft_limit_in_bytes; errno=2
01-15 16:11:51.423 2368 2368 E lowmemorykiller: Error opening /dev/memcg/apps/uid_10018/pid_3713/memory.soft_limit_in_bytes; errno=2
01-15 16:11:51.428 2368 2368 E lowmemorykiller: Error opening /dev/memcg/apps/uid_10002/pid_3782/memory.soft_limit_in_bytes; errno=2
01-15 16:11:51.428 2368 2368 E lowmemorykiller: Error opening /dev/memcg/apps/uid_10046/pid_4204/memory.soft_limit_in_bytes; errno=2
01-15 16:11:51.428 2368 2368 E lowmemorykiller: Error opening /dev/memcg/apps/uid_10002/pid_3782/memory.soft_limit_in_bytes; errno=2
01-15 16:11:51.428 2368 2368 E lowmemorykiller: Error opening /dev/memcg/apps/uid_10046/pid_4204/memory.soft_limit_in_bytes; errno=2
01-15 16:11:51.432 2368 2368 E lowmemorykiller: Error opening /dev/memcg/apps/uid_10046/pid_4204/memory.soft_limit_in_bytes; errno=2
01-15 16:11:51.434 3590 4536 I HeterodyneSyncScheduler: Scheduling Phenotype for a PhenotypeSyncImmediately(6, com.google.android.gms.icing) one off with window [1, 2] in seconds
01-15 16:11:51.436 2368 2368 E lowmemorykiller: Error opening /dev/memcg/apps/uid_10018/pid_3713/memory.soft_limit_in_bytes; errno=2
01-15 16:11:51.436 2368 2368 I chatty : uid=0(root) /system/bin/lmkd identical 1 line
01-15 16:11:51.439 2368 2368 E lowmemorykiller: Error opening /dev/memcg/apps/uid_10018/pid_3713/memory.soft_limit_in_bytes; errno=2
01-15 16:11:51.439 2368 2368 E lowmemorykiller: Error opening /dev/memcg/apps/uid_10046/pid_4204/memory.soft_limit_in_bytes; errno=2
01-15 16:11:51.443 2368 2368 E lowmemorykiller: Error opening /dev/memcg/apps/uid_10018/pid_3626/memory.soft_limit_in_bytes; errno=2
01-15 16:11:51.448 3713 4600 I Icing : MaintenanceDriver: Registering all GCM Tasks.
01-15 16:11:51.449 2368 2368 E lowmemorykiller: Error opening /dev/memcg/apps/uid_10018/pid_3590/memory.soft_limit_in_bytes; errno=2
01-15 16:11:51.455 3590 3863 W GeofencerStateMachine: Ignoring removeGeofence because network location is disabled.
01-15 16:11:51.455 2368 2368 E lowmemorykiller: Error opening /dev/memcg/apps/uid_10018/pid_3626/memory.soft_limit_in_bytes; errno=2
01-15 16:11:51.456 2368 2368 E lowmemorykiller: Error opening /dev/memcg/apps/uid_10018/pid_3590/memory.soft_limit_in_bytes; errno=2
01-15 16:11:51.456 2368 2368 E lowmemorykiller: Error opening /dev/memcg/apps/uid_10018/pid_3626/memory.soft_limit_in_bytes; errno=2
01-15 16:11:51.457 2368 2368 E lowmemorykiller: Error opening /dev/memcg/apps/uid_10018/pid_3590/memory.soft_limit_in_bytes; errno=2
01-15 16:11:51.457 2368 2368 E lowmemorykiller: Error opening /dev/memcg/apps/uid_10018/pid_3626/memory.soft_limit_in_bytes; errno=2
01-15 16:11:51.461 2368 2368 E lowmemorykiller: Error opening /dev/memcg/apps/uid_10018/pid_3626/memory.soft_limit_in_bytes; errno=2
01-15 16:11:51.462 3590 4158 E ctxmgr : [FenceManager]Failure remove all geofences., status=Status{statusCode=unknown status code: 1000, resolution=null}
01-15 16:11:51.463 2368 2368 E lowmemorykiller: Error opening /dev/memcg/apps/uid_10018/pid_3590/memory.soft_limit_in_bytes; errno=2
01-15 16:11:51.475 2484 3159 D PackageManager: Ephemeral installer not found with new action; try old one
01-15 16:11:51.475 2484 3159 D PackageManager: Clear ephemeral installer activity
01-15 16:11:51.475 2484 4726 D PackageManager: Ephemeral installer not found with new action; try old one
01-15 16:11:51.475 2484 4726 D PackageManager: Clear ephemeral installer activity
01-15 16:11:51.476 2484 4726 D PackageManager: Ephemeral installer not found with new action; try old one
01-15 16:11:51.476 2484 4726 D PackageManager: Clear ephemeral installer activity
01-15 16:11:51.476 2484 4726 D PackageManager: Ephemeral installer not found with new action; try old one
01-15 16:11:51.476 2484 4726 D PackageManager: Clear ephemeral installer activity
01-15 16:11:51.475 2368 2368 I chatty : uid=0(root) /system/bin/lmkd identical 6 lines
01-15 16:11:51.476 2368 2368 E lowmemorykiller: Error opening /dev/memcg/apps/uid_10018/pid_3590/memory.soft_limit_in_bytes; errno=2
01-15 16:11:51.477 2368 2368 E lowmemorykiller: Error opening /dev/memcg/apps/uid_10018/pid_3626/memory.soft_limit_in_bytes; errno=2
01-15 16:11:51.477 2368 2368 E lowmemorykiller: Error opening /dev/memcg/apps/uid_10018/pid_3713/memory.soft_limit_in_bytes; errno=2
01-15 16:11:51.478 2368 2368 E lowmemorykiller: Error opening /dev/memcg/apps/uid_10018/pid_3626/memory.soft_limit_in_bytes; errno=2
01-15 16:11:51.478 2368 2368 E lowmemorykiller: Error opening /dev/memcg/apps/uid_10046/pid_4204/memory.soft_limit_in_bytes; errno=2
01-15 16:11:51.479 2368 2368 E lowmemorykiller: Error opening /dev/memcg/apps/uid_10018/pid_3590/memory.soft_limit_in_bytes; errno=2
01-15 16:11:51.485 2368 2368 E lowmemorykiller: Error opening /dev/memcg/apps/uid_10018/pid_3626/memory.soft_limit_in_bytes; errno=2
01-15 16:11:51.485 2368 2368 E lowmemorykiller: Error opening /dev/memcg/apps/uid_10018/pid_4604/memory.soft_limit_in_bytes; errno=2
01-15 16:11:51.485 2368 2368 E lowmemorykiller: Error opening /dev/memcg/apps/uid_1000/pid_3683/memory.soft_limit_in_bytes; errno=2
01-15 16:11:51.485 2368 2368 E lowmemorykiller: Error opening /dev/memcg/apps/uid_10023/pid_4037/memory.soft_limit_in_bytes; errno=2
01-15 16:11:51.485 2368 2368 E lowmemorykiller: Error opening /dev/memcg/apps/uid_10026/pid_4377/memory.soft_limit_in_bytes; errno=2
01-15 16:11:51.490 2368 2368 E lowmemorykiller: Error opening /dev/memcg/apps/uid_10018/pid_3626/memory.soft_limit_in_bytes; errno=2
01-15 16:11:51.492 2368 2368 E lowmemorykiller: Error opening /dev/memcg/apps/uid_10018/pid_4604/memory.soft_limit_in_bytes; errno=2
01-15 16:11:51.492 2368 2368 E lowmemorykiller: Error opening /dev/memcg/apps/uid_10018/pid_4604/memory.soft_limit_in_bytes; errno=2
01-15 16:11:51.492 2368 2368 E lowmemorykiller: Error opening /dev/memcg/apps/uid_10018/pid_3713/memory.soft_limit_in_bytes; errno=2
01-15 16:11:51.492 2368 2368 I chatty : uid=0(root) /system/bin/lmkd identical 1 line
01-15 16:11:51.494 2368 2368 E lowmemorykiller: Error opening /dev/memcg/apps/uid_10018/pid_3713/memory.soft_limit_in_bytes; errno=2
01-15 16:11:51.494 2368 2368 E lowmemorykiller: Error opening /dev/memcg/apps/uid_10046/pid_4204/memory.soft_limit_in_bytes; errno=2
01-15 16:11:51.494 2368 2368 E lowmemorykiller: Error opening /dev/memcg/apps/uid_10018/pid_3590/memory.soft_limit_in_bytes; errno=2
01-15 16:11:51.494 3590 3984 I MagicTether: [HostValidator] InvalidHost. MobileData: false, Tethering: true, whitelist: false, ble: true
01-15 16:11:51.494 2484 3407 D PackageManager: Ephemeral installer not found with new action; try old one
01-15 16:11:51.494 2484 3407 D PackageManager: Clear ephemeral installer activity
01-15 16:11:51.495 2368 2368 E lowmemorykiller: Error opening /dev/memcg/apps/uid_10018/pid_4604/memory.soft_limit_in_bytes; errno=2
01-15 16:11:51.495 2368 2368 E lowmemorykiller: Error opening /dev/memcg/apps/uid_10018/pid_3590/memory.soft_limit_in_bytes; errno=2
01-15 16:11:51.495 4604 4782 I MagicTether: [HostValidator] InvalidHost. MobileData: false, Tethering: true, whitelist: false, ble: true
01-15 16:11:51.495 2368 2368 E lowmemorykiller: Error opening /dev/memcg/apps/uid_10018/pid_3713/memory.soft_limit_in_bytes; errno=2
01-15 16:11:51.496 2368 2368 E lowmemorykiller: Error opening /dev/memcg/apps/uid_10018/pid_4604/memory.soft_limit_in_bytes; errno=2
01-15 16:11:51.496 2368 2368 E lowmemorykiller: Error opening /dev/memcg/apps/uid_10046/pid_4204/memory.soft_limit_in_bytes; errno=2
01-15 16:11:51.496 2368 2368 E lowmemorykiller: Error opening /dev/memcg/apps/uid_10018/pid_4604/memory.soft_limit_in_bytes; errno=2
01-15 16:11:51.496 2484 2495 D PackageManager: Ephemeral installer not found with new action; try old one
01-15 16:11:51.496 2484 2495 D PackageManager: Clear ephemeral installer activity
01-15 16:11:51.496 2484 2495 D PackageManager: Ephemeral installer not found with new action; try old one
01-15 16:11:51.496 2484 2495 D PackageManager: Clear ephemeral installer activity
01-15 16:11:51.497 2368 2368 E lowmemorykiller: Error opening /dev/memcg/apps/uid_10018/pid_3713/memory.soft_limit_in_bytes; errno=2
01-15 16:11:51.497 2368 2368 E lowmemorykiller: Error opening /dev/memcg/apps/uid_10046/pid_4204/memory.soft_limit_in_bytes; errno=2
01-15 16:11:51.497 3713 4104 I MS_RegisterService: RegisterService intent:Intent { act=com.google.android.gms.matchstick.register_intent_action cat=[targeted_intent_op_prefix:com.google.android.libraries.matchstick.net.SilentRegisterIntentOperation] cmp=com.google.android.gms/.chimera.GmsIntentOperationService } isPeriodic:false
01-15 16:11:51.499 2368 2368 E lowmemorykiller: Error opening /dev/memcg/apps/uid_10018/pid_4604/memory.soft_limit_in_bytes; errno=2
01-15 16:11:51.499 2368 2368 E lowmemorykiller: Error opening /dev/memcg/apps/uid_10018/pid_3713/memory.soft_limit_in_bytes; errno=2
01-15 16:11:51.500 2368 2368 E lowmemorykiller: Error opening /dev/memcg/apps/uid_10046/pid_4204/memory.soft_limit_in_bytes; errno=2
01-15 16:11:51.501 2368 2368 E lowmemorykiller: Error opening /dev/memcg/apps/uid_10018/pid_3590/memory.soft_limit_in_bytes; errno=2
01-15 16:11:51.501 2368 2368 E lowmemorykiller: Error opening /dev/memcg/apps/uid_10018/pid_3713/memory.soft_limit_in_bytes; errno=2
01-15 16:11:51.501 2368 2368 E lowmemorykiller: Error opening /dev/memcg/apps/uid_10018/pid_4604/memory.soft_limit_in_bytes; errno=2
01-15 16:11:51.501 2368 2368 E lowmemorykiller: Error opening /dev/memcg/apps/uid_10046/pid_4204/memory.soft_limit_in_bytes; errno=2
01-15 16:11:51.502 3713 4104 I MS_PhoneUtils: Phone type: 1
01-15 16:11:51.503 2368 2368 E lowmemorykiller: Error opening /dev/memcg/apps/uid_10046/pid_4204/memory.soft_limit_in_bytes; errno=2
01-15 16:11:51.504 2368 2368 E lowmemorykiller: Error opening /dev/memcg/apps/uid_10018/pid_3590/memory.soft_limit_in_bytes; errno=2
01-15 16:11:51.504 2368 2368 E lowmemorykiller: Error opening /dev/memcg/apps/uid_10018/pid_3590/memory.soft_limit_in_bytes; errno=2
01-15 16:11:51.505 2368 2368 E lowmemorykiller: Error opening /dev/memcg/apps/uid_10018/pid_3713/memory.soft_limit_in_bytes; errno=2
01-15 16:11:51.505 2368 2368 I chatty : uid=0(root) /system/bin/lmkd identical 1 line
01-15 16:11:51.506 2368 2368 E lowmemorykiller: Error opening /dev/memcg/apps/uid_10018/pid_3713/memory.soft_limit_in_bytes; errno=2
01-15 16:11:51.506 3590 4536 I HeterodyneSyncScheduler: Scheduling Phenotype for a PhenotypeSyncImmediately(6, com.google.android.gms.matchstick) one off with window [1, 2] in seconds
01-15 16:11:51.511 2368 2368 E lowmemorykiller: Error opening /dev/memcg/apps/uid_10018/pid_3590/memory.soft_limit_in_bytes; errno=2
01-15 16:11:51.511 2368 2368 E lowmemorykiller: Error opening /dev/memcg/apps/uid_10018/pid_4604/memory.soft_limit_in_bytes; errno=2
01-15 16:11:51.511 2368 2368 E lowmemorykiller: Error opening /dev/memcg/apps/uid_10018/pid_3713/memory.soft_limit_in_bytes; errno=2
01-15 16:11:51.512 2368 2368 E lowmemorykiller: Error opening /dev/memcg/apps/uid_10018/pid_4604/memory.soft_limit_in_bytes; errno=2
01-15 16:11:51.512 2368 2368 E lowmemorykiller: Error opening /dev/memcg/apps/uid_10046/pid_4204/memory.soft_limit_in_bytes; errno=2
01-15 16:11:51.512 2368 2368 E lowmemorykiller: Error opening /dev/memcg/apps/uid_10046/pid_4204/memory.soft_limit_in_bytes; errno=2
01-15 16:11:51.513 2368 2368 E lowmemorykiller: Error opening /dev/memcg/apps/uid_10018/pid_3590/memory.soft_limit_in_bytes; errno=2
01-15 16:11:51.520 2484 4452 D PackageManager: Ephemeral installer not found with new action; try old one
01-15 16:11:51.521 2484 4452 D PackageManager: Clear ephemeral installer activity
01-15 16:11:51.521 2368 2368 E lowmemorykiller: Error opening /dev/memcg/apps/uid_10018/pid_3713/memory.soft_limit_in_bytes; errno=2
01-15 16:11:51.521 2484 4136 D PackageManager: Ephemeral installer not found with new action; try old one
01-15 16:11:51.521 2484 4136 D PackageManager: Clear ephemeral installer activity
01-15 16:11:51.521 2484 4136 D PackageManager: Ephemeral installer not found with new action; try old one
01-15 16:11:51.521 2484 4136 D PackageManager: Clear ephemeral installer activity
01-15 16:11:51.521 2484 2495 D PackageManager: Ephemeral installer not found with new action; try old one
01-15 16:11:51.521 2484 2495 D PackageManager: Clear ephemeral installer activity
01-15 16:11:51.521 2484 4136 D PackageManager: Ephemeral installer not found with new action; try old one
01-15 16:11:51.521 2484 4136 D PackageManager: Clear ephemeral installer activity
01-15 16:11:51.521 2484 4136 D PackageManager: Ephemeral installer not found with new action; try old one
01-15 16:11:51.521 2484 4136 D PackageManager: Clear ephemeral installer activity
01-15 16:11:51.525 2368 2368 E lowmemorykiller: Error opening /dev/memcg/apps/uid_10018/pid_3590/memory.soft_limit_in_bytes; errno=2
01-15 16:11:51.525 2368 2368 E lowmemorykiller: Error opening /dev/memcg/apps/uid_10018/pid_4604/memory.soft_limit_in_bytes; errno=2
01-15 16:11:51.526 2368 2368 E lowmemorykiller: Error opening /dev/memcg/apps/uid_10018/pid_3713/memory.soft_limit_in_bytes; errno=2
01-15 16:11:51.527 2484 2495 D PackageManager: Ephemeral installer not found with new action; try old one
01-15 16:11:51.527 2484 2495 D PackageManager: Clear ephemeral installer activity
01-15 16:11:51.527 2484 2495 D PackageManager: Ephemeral installer not found with new action; try old one
01-15 16:11:51.527 2484 2495 D PackageManager: Clear ephemeral installer activity
01-15 16:11:51.528 2368 2368 E lowmemorykiller: Error opening /dev/memcg/apps/uid_10018/pid_3626/memory.soft_limit_in_bytes; errno=2
01-15 16:11:51.529 2368 2368 E lowmemorykiller: Error opening /dev/memcg/apps/uid_10018/pid_3713/memory.soft_limit_in_bytes; errno=2
01-15 16:11:51.531 3590 4536 I HeterodyneSyncScheduler: Scheduling Phenotype for a PhenotypeSyncImmediately(6, com.google.android.gms.ocr) one off with window [1, 2] in seconds
01-15 16:11:51.532 2368 2368 E lowmemorykiller: Error opening /dev/memcg/apps/uid_10018/pid_3626/memory.soft_limit_in_bytes; errno=2
01-15 16:11:51.532 2368 2368 E lowmemorykiller: Error opening /dev/memcg/apps/uid_10018/pid_4604/memory.soft_limit_in_bytes; errno=2
01-15 16:11:51.532 2358 2358 D Camera_Factory: CameraFactory::get_camera_info
01-15 16:11:51.532 2358 2358 D Camera_Factory: CameraFactory::getCameraInfo: id = 0, info = 0xffa8aaf0
01-15 16:11:51.532 2358 2358 D Camera_Factory: CameraFactory::getCameraNum: 1
01-15 16:11:51.532 2358 2358 D CameraHardware: CameraHardware::getCameraInfo
01-15 16:11:51.535 3590 4321 I HeterodyneSyncScheduler: Scheduling Phenotype for a PhenotypeSyncImmediately(6, com.google.android.gms.octarine) one off with window [1, 2] in seconds
01-15 16:11:51.536 3713 4082 I OcrModelUpStIntentOp: Updating ocr activity enabled=false (gservicesFlag=false, lowRamDevice=false, prereqCheck=true)
01-15 16:11:51.537 2484 4136 D PackageManager: Ephemeral installer not found with new action; try old one
01-15 16:11:51.537 2484 4136 D PackageManager: Clear ephemeral installer activity
01-15 16:11:51.537 2484 4136 D PackageManager: Ephemeral installer not found with new action; try old one
01-15 16:11:51.537 2484 4136 D PackageManager: Clear ephemeral installer activity
01-15 16:11:51.537 2368 2368 E lowmemorykiller: Error opening /dev/memcg/apps/uid_10018/pid_3626/memory.soft_limit_in_bytes; errno=2
01-15 16:11:51.538 2368 2368 E lowmemorykiller: Error opening /dev/memcg/apps/uid_10018/pid_3713/memory.soft_limit_in_bytes; errno=2
01-15 16:11:51.538 2368 2368 E lowmemorykiller: Error opening /dev/memcg/apps/uid_10046/pid_4204/memory.soft_limit_in_bytes; errno=2
01-15 16:11:51.540 2368 2368 E lowmemorykiller: Error opening /dev/memcg/apps/uid_10046/pid_4204/memory.soft_limit_in_bytes; errno=2
01-15 16:11:51.541 3713 4104 I CmaSystemUpdateService: Runtime init receiver: Intent { act=com.google.android.chimera.IntentOperation.NEW_MODULE (has extras) } with flags: 12
01-15 16:11:51.541 3713 4104 I CmaSystemUpdateService: receiver: Intent { act=com.google.android.chimera.IntentOperation.NEW_MODULE (has extras) }
01-15 16:11:51.542 2368 2368 E lowmemorykiller: Error opening /dev/memcg/apps/uid_10018/pid_3713/memory.soft_limit_in_bytes; errno=2
01-15 16:11:51.542 2368 2368 E lowmemorykiller: Error opening /dev/memcg/apps/uid_10018/pid_3713/memory.soft_limit_in_bytes; errno=2
01-15 16:11:51.543 3713 3931 I SystemFontIndexJob: Created system font index (/data/user/0/com.google.android.gms/files/fonts/system.directory.pb) in 140 ms
01-15 16:11:51.547 2368 2368 E lowmemorykiller: Error opening /dev/memcg/apps/uid_10018/pid_3713/memory.soft_limit_in_bytes; errno=2
01-15 16:11:51.547 2368 2368 E lowmemorykiller: Error opening /dev/memcg/apps/uid_10018/pid_3713/memory.soft_limit_in_bytes; errno=2
01-15 16:11:51.548 3713 4788 I SystemUpdateTask: cancelUpdate (empty URL)
01-15 16:11:51.548 3713 4788 I CmaSystemUpdateService: active receiver: disabled
01-15 16:11:51.554 2368 2368 E lowmemorykiller: Error opening /dev/memcg/apps/uid_10018/pid_3713/memory.soft_limit_in_bytes; errno=2
01-15 16:11:51.554 2368 2368 E lowmemorykiller: Error opening /dev/memcg/apps/uid_10018/pid_4604/memory.soft_limit_in_bytes; errno=2
01-15 16:11:51.556 2368 2368 E lowmemorykiller: Error opening /dev/memcg/apps/uid_10018/pid_4604/memory.soft_limit_in_bytes; errno=2
01-15 16:11:51.557 4790 4790 I /system/bin/uncrypt: [libfs_mgr]fs_mgr_read_fstab_dt(): failed to read fstab from dt
01-15 16:11:51.551 1 1 I init : type=1400 audit(0.0:574): avc: denied { create } for name="cgroup.procs" scontext=u:r:init:s0 tcontext=u:object_r:cgroup:s0 tclass=file permissive=1
01-15 16:11:51.557 4790 4790 I uncrypt : type=1400 audit(0.0:575): avc: denied { read } for name="fstab.android_x86_64" dev="tmpfs" ino=7229 scontext=u:r:uncrypt:s0 tcontext=u:object_r:tmpfs:s0 tclass=file permissive=1
01-15 16:11:51.557 4790 4790 I uncrypt : type=1400 audit(0.0:576): avc: denied { open } for path="/fstab.android_x86_64" dev="tmpfs" ino=7229 scontext=u:r:uncrypt:s0 tcontext=u:object_r:tmpfs:s0 tclass=file permissive=1
01-15 16:11:51.557 4790 4790 I uncrypt : type=1400 audit(0.0:577): avc: denied { getattr } for path="/fstab.android_x86_64" dev="tmpfs" ino=7229 scontext=u:r:uncrypt:s0 tcontext=u:object_r:tmpfs:s0 tclass=file permissive=1
01-15 16:11:51.563 2368 2368 E lowmemorykiller: Error opening /dev/memcg/apps/uid_10018/pid_3590/memory.soft_limit_in_bytes; errno=2
01-15 16:11:51.563 2368 2368 E lowmemorykiller: Error opening /dev/memcg/apps/uid_10018/pid_3626/memory.soft_limit_in_bytes; errno=2
01-15 16:11:51.569 2368 2368 I chatty : uid=0(root) /system/bin/lmkd identical 6 lines
01-15 16:11:51.570 2368 2368 E lowmemorykiller: Error opening /dev/memcg/apps/uid_10018/pid_3626/memory.soft_limit_in_bytes; errno=2
01-15 16:11:51.571 2368 2368 E lowmemorykiller: Error opening /dev/memcg/apps/uid_10018/pid_3590/memory.soft_limit_in_bytes; errno=2
01-15 16:11:51.577 2368 2368 E lowmemorykiller: Error opening /dev/memcg/apps/uid_10018/pid_3713/memory.soft_limit_in_bytes; errno=2
01-15 16:11:51.577 2368 2368 E lowmemorykiller: Error opening /dev/memcg/apps/uid_10018/pid_3713/memory.soft_limit_in_bytes; errno=2
01-15 16:11:51.580 2368 2368 E lowmemorykiller: Error opening /dev/memcg/apps/uid_10018/pid_3626/memory.soft_limit_in_bytes; errno=2
01-15 16:11:51.582 2484 4726 D PackageManager: Ephemeral installer not found with new action; try old one
01-15 16:11:51.582 2484 4726 D PackageManager: Clear ephemeral installer activity
01-15 16:11:51.582 2484 4726 D PackageManager: Ephemeral installer not found with new action; try old one
01-15 16:11:51.582 2484 4726 D PackageManager: Clear ephemeral installer activity
01-15 16:11:51.583 2484 4726 D PackageManager: Ephemeral installer not found with new action; try old one
01-15 16:11:51.583 2484 4726 D PackageManager: Clear ephemeral installer activity
01-15 16:11:51.583 2484 4726 D PackageManager: Ephemeral installer not found with new action; try old one
01-15 16:11:51.583 2484 4726 D PackageManager: Clear ephemeral installer activity
01-15 16:11:51.581 2368 2368 E lowmemorykiller: Error opening /dev/memcg/apps/uid_10018/pid_3626/memory.soft_limit_in_bytes; errno=2
01-15 16:11:51.584 2368 2368 E lowmemorykiller: Error opening /dev/memcg/apps/uid_10018/pid_3713/memory.soft_limit_in_bytes; errno=2
01-15 16:11:51.585 2368 2368 I chatty : uid=0(root) /system/bin/lmkd identical 2 lines
01-15 16:11:51.586 2368 2368 E lowmemorykiller: Error opening /dev/memcg/apps/uid_10018/pid_3713/memory.soft_limit_in_bytes; errno=2
01-15 16:11:51.591 2368 2368 E lowmemorykiller: Error opening /dev/memcg/apps/uid_10018/pid_3626/memory.soft_limit_in_bytes; errno=2
01-15 16:11:51.592 2368 2368 E lowmemorykiller: Error opening /dev/memcg/apps/uid_10018/pid_3713/memory.soft_limit_in_bytes; errno=2
01-15 16:11:51.600 2368 2368 I chatty : uid=0(root) /system/bin/lmkd identical 1 line
01-15 16:11:51.601 2368 2368 E lowmemorykiller: Error opening /dev/memcg/apps/uid_10018/pid_3713/memory.soft_limit_in_bytes; errno=2
01-15 16:11:51.608 2368 2368 E lowmemorykiller: Error opening /dev/memcg/apps/uid_10046/pid_4204/memory.soft_limit_in_bytes; errno=2
01-15 16:11:51.608 2368 2368 E lowmemorykiller: Error opening /dev/memcg/apps/uid_10018/pid_4604/memory.soft_limit_in_bytes; errno=2
01-15 16:11:51.609 2368 2368 E lowmemorykiller: Error opening /dev/memcg/apps/uid_10018/pid_4604/memory.soft_limit_in_bytes; errno=2
01-15 16:11:51.611 2368 2368 E lowmemorykiller: Error opening /dev/memcg/apps/uid_10046/pid_4204/memory.soft_limit_in_bytes; errno=2
01-15 16:11:51.614 3713 4797 I PerfProfCollectionSvc: Scheduling Perf Profile Collection every 86400 seconds
01-15 16:11:51.620 2368 2368 E lowmemorykiller: Error opening /dev/memcg/apps/uid_10018/pid_3713/memory.soft_limit_in_bytes; errno=2
01-15 16:11:51.621 3713 4104 I HeterodyneSyncScheduler: Clear all shared preferences
01-15 16:11:51.621 3713 4104 I HeterodyneSyncScheduler: Cancel all previously scheduled polling
01-15 16:11:51.622 2368 2368 E lowmemorykiller: Error opening /dev/memcg/apps/uid_10018/pid_4604/memory.soft_limit_in_bytes; errno=2
01-15 16:11:51.623 2368 2368 E lowmemorykiller: Error opening /dev/memcg/apps/uid_10018/pid_4604/memory.soft_limit_in_bytes; errno=2
01-15 16:11:51.626 3713 4104 I HeterodyneSyncScheduler: Scheduling Phenotype for first execution 1634 seconds from now (1516032711626)
01-15 16:11:51.630 2368 2368 E lowmemorykiller: Error opening /dev/memcg/apps/uid_10018/pid_4604/memory.soft_limit_in_bytes; errno=2
01-15 16:11:51.631 2368 2368 E lowmemorykiller: Error opening /dev/memcg/apps/uid_10018/pid_3626/memory.soft_limit_in_bytes; errno=2
01-15 16:11:51.631 2368 2368 E lowmemorykiller: Error opening /dev/memcg/apps/uid_10018/pid_4604/memory.soft_limit_in_bytes; errno=2
01-15 16:11:51.638 2368 2368 E lowmemorykiller: Error opening /dev/memcg/apps/uid_10018/pid_3626/memory.soft_limit_in_bytes; errno=2
01-15 16:11:51.642 3590 4536 I HeterodyneSyncScheduler: Scheduling Phenotype for a PhenotypeSyncImmediately(6, com.google.android.gms.places) one off with window [1, 2] in seconds
01-15 16:11:51.648 3590 3590 I BeaconBle: Using BLE 'L' hardware layer
01-15 16:11:51.648 2368 2368 E lowmemorykiller: Error opening /dev/memcg/apps/uid_10018/pid_3713/memory.soft_limit_in_bytes; errno=2
01-15 16:11:51.648 2484 4499 D PackageManager: Ephemeral installer not found with new action; try old one
01-15 16:11:51.648 2484 4499 D PackageManager: Clear ephemeral installer activity
01-15 16:11:51.649 2484 4499 D PackageManager: Ephemeral installer not found with new action; try old one
01-15 16:11:51.649 2484 4499 D PackageManager: Clear ephemeral installer activity
01-15 16:11:51.651 2368 2368 I chatty : uid=0(root) /system/bin/lmkd identical 4 lines
01-15 16:11:51.652 2368 2368 E lowmemorykiller: Error opening /dev/memcg/apps/uid_10018/pid_3713/memory.soft_limit_in_bytes; errno=2
01-15 16:11:51.652 3590 4536 I HeterodyneSyncScheduler: Scheduling Phenotype for a PhenotypeSyncImmediately(6, com.google.android.gms.romanesco) one off with window [1, 2] in seconds
01-15 16:11:51.653 2368 2368 E lowmemorykiller: Error opening /dev/memcg/apps/uid_10018/pid_3713/memory.soft_limit_in_bytes; errno=2
01-15 16:11:51.655 3590 3590 W Nearby : Bind call too late - someone already tried to get: interface asjt
01-15 16:11:51.659 2484 3159 D PackageManager: Ephemeral installer not found with new action; try old one
01-15 16:11:51.659 2484 3159 D PackageManager: Clear ephemeral installer activity
01-15 16:11:51.659 2368 2368 E lowmemorykiller: Error opening /dev/memcg/apps/uid_10018/pid_3713/memory.soft_limit_in_bytes; errno=2
01-15 16:11:51.659 2484 3311 D PackageManager: Ephemeral installer not found with new action; try old one
01-15 16:11:51.659 2484 3311 D PackageManager: Clear ephemeral installer activity
01-15 16:11:51.660 2484 3311 D PackageManager: Ephemeral installer not found with new action; try old one
01-15 16:11:51.660 2484 3311 D PackageManager: Clear ephemeral installer activity
01-15 16:11:51.661 2368 2368 E lowmemorykiller: Error opening /dev/memcg/apps/uid_10018/pid_3626/memory.soft_limit_in_bytes; errno=2
01-15 16:11:51.662 2368 2368 I chatty : uid=0(root) /system/bin/lmkd identical 1 line
01-15 16:11:51.663 2368 2368 E lowmemorykiller: Error opening /dev/memcg/apps/uid_10018/pid_3626/memory.soft_limit_in_bytes; errno=2
01-15 16:11:51.664 3713 4797 E MDM : [250] SitrepChimeraService.a: No Google accounts; deferring server state update.
01-15 16:11:51.664 2484 4726 D PackageManager: Ephemeral installer not found with new action; try old one
01-15 16:11:51.664 2484 4726 D PackageManager: Clear ephemeral installer activity
01-15 16:11:51.665 2484 3159 D PackageManager: Ephemeral installer not found with new action; try old one
01-15 16:11:51.665 2484 3159 D PackageManager: Clear ephemeral installer activity
01-15 16:11:51.665 2484 4499 D PackageManager: Ephemeral installer not found with new action; try old one
01-15 16:11:51.665 2484 4499 D PackageManager: Clear ephemeral installer activity
01-15 16:11:51.665 2484 4499 D PackageManager: Ephemeral installer not found with new action; try old one
01-15 16:11:51.665 2484 4499 D PackageManager: Clear ephemeral installer activity
01-15 16:11:51.668 2368 2368 E lowmemorykiller: Error opening /dev/memcg/apps/uid_10018/pid_3626/memory.soft_limit_in_bytes; errno=2
01-15 16:11:51.670 2484 3160 D PackageManager: Ephemeral installer not found with new action; try old one
01-15 16:11:51.671 2484 3160 D PackageManager: Clear ephemeral installer activity
01-15 16:11:51.670 2368 2368 E lowmemorykiller: Error opening /dev/memcg/apps/uid_10018/pid_3626/memory.soft_limit_in_bytes; errno=2
01-15 16:11:51.671 3713 4797 V SmartDevice: [service,SmartDeviceIntentHandlers] OnUpgradeOrBootOperation got intent: Intent { act=com.google.android.chimera.IntentOperation.NEW_MODULE (has extras) } with flag 12
01-15 16:11:51.671 2484 3160 D PackageManager: Ephemeral installer not found with new action; try old one
01-15 16:11:51.671 2484 3160 D PackageManager: Clear ephemeral installer activity
01-15 16:11:51.672 2484 3160 D PackageManager: Ephemeral installer not found with new action; try old one
01-15 16:11:51.672 2484 3160 D PackageManager: Clear ephemeral installer activity
01-15 16:11:51.672 2484 3159 D PackageManager: Ephemeral installer not found with new action; try old one
01-15 16:11:51.672 2484 3159 D PackageManager: Clear ephemeral installer activity
01-15 16:11:51.675 3590 3590 I WearableService: onCreate - Wear is not available on this device.
01-15 16:11:51.676 3590 3604 D WearableService: onGetService - Wear is not available on this device.
01-15 16:11:51.677 2368 2368 E lowmemorykiller: Error opening /dev/memcg/apps/uid_10018/pid_3590/memory.soft_limit_in_bytes; errno=2
01-15 16:11:51.677 2368 2368 E lowmemorykiller: Error opening /dev/memcg/apps/uid_10018/pid_3626/memory.soft_limit_in_bytes; errno=2
01-15 16:11:51.678 2368 2368 E lowmemorykiller: Error opening /dev/memcg/apps/uid_10018/pid_3626/memory.soft_limit_in_bytes; errno=2
01-15 16:11:51.678 3713 4806 E MDM : [253] uvi.run: Couldn't connect to Google API client: jog{statusCode=API_UNAVAILABLE, resolution=null, message=null}
01-15 16:11:51.679 2368 2368 E lowmemorykiller: Error opening /dev/memcg/apps/uid_10018/pid_3626/memory.soft_limit_in_bytes; errno=2
01-15 16:11:51.679 2368 2368 E lowmemorykiller: Error opening /dev/memcg/apps/uid_10018/pid_4604/memory.soft_limit_in_bytes; errno=2
01-15 16:11:51.680 2368 2368 E lowmemorykiller: Error opening /dev/memcg/apps/uid_10018/pid_3626/memory.soft_limit_in_bytes; errno=2
01-15 16:11:51.680 2368 2368 E lowmemorykiller: Error opening /dev/memcg/apps/uid_10018/pid_4604/memory.soft_limit_in_bytes; errno=2
01-15 16:11:51.680 2368 2368 E lowmemorykiller: Error opening /dev/memcg/apps/uid_10018/pid_3626/memory.soft_limit_in_bytes; errno=2
01-15 16:11:51.681 2368 2368 I chatty : uid=0(root) /system/bin/lmkd identical 2 lines
01-15 16:11:51.683 2368 2368 E lowmemorykiller: Error opening /dev/memcg/apps/uid_10018/pid_3626/memory.soft_limit_in_bytes; errno=2
01-15 16:11:51.688 3713 4797 I PlatformStatsCollectorService: Start Graphicsstats in 6034 seconds.
01-15 16:11:51.688 2368 2368 E lowmemorykiller: Error opening /dev/memcg/apps/uid_10018/pid_3590/memory.soft_limit_in_bytes; errno=2
01-15 16:11:51.689 2368 2368 E lowmemorykiller: Error opening /dev/memcg/apps/uid_10018/pid_3590/memory.soft_limit_in_bytes; errno=2
01-15 16:11:51.692 2368 2368 E lowmemorykiller: Error opening /dev/memcg/apps/uid_10018/pid_3626/memory.soft_limit_in_bytes; errno=2
01-15 16:11:51.693 2368 2368 E lowmemorykiller: Error opening /dev/memcg/apps/uid_10018/pid_3626/memory.soft_limit_in_bytes; errno=2
01-15 16:11:51.694 3713 4797 I PlatformStatsCollectorService: Start Batterystats in 6034 seconds.
01-15 16:11:51.694 2368 2368 E lowmemorykiller: Error opening /dev/memcg/apps/uid_10018/pid_3590/memory.soft_limit_in_bytes; errno=2
01-15 16:11:51.695 2368 2368 I chatty : uid=0(root) /system/bin/lmkd identical 1 line
01-15 16:11:51.700 2368 2368 E lowmemorykiller: Error opening /dev/memcg/apps/uid_10018/pid_3590/memory.soft_limit_in_bytes; errno=2
01-15 16:11:51.701 2368 2368 E lowmemorykiller: Error opening /dev/memcg/apps/uid_10018/pid_3626/memory.soft_limit_in_bytes; errno=2
01-15 16:11:51.702 3713 4797 I PlatformStatsCollectorService: Start Diskstats in 6034 seconds.
01-15 16:11:51.702 2368 2368 E lowmemorykiller: Error opening /dev/memcg/apps/uid_10018/pid_3590/memory.soft_limit_in_bytes; errno=2
01-15 16:11:51.702 2368 2368 I chatty : uid=0(root) /system/bin/lmkd identical 1 line
01-15 16:11:51.703 2368 2368 E lowmemorykiller: Error opening /dev/memcg/apps/uid_10018/pid_3590/memory.soft_limit_in_bytes; errno=2
01-15 16:11:51.703 2368 2368 E lowmemorykiller: Error opening /dev/memcg/apps/uid_10018/pid_3626/memory.soft_limit_in_bytes; errno=2
01-15 16:11:51.703 2368 2368 I chatty : uid=0(root) /system/bin/lmkd identical 1 line
01-15 16:11:51.708 2368 2368 E lowmemorykiller: Error opening /dev/memcg/apps/uid_10018/pid_3626/memory.soft_limit_in_bytes; errno=2
01-15 16:11:51.711 2368 2368 E lowmemorykiller: Error opening /dev/memcg/apps/uid_10018/pid_3590/memory.soft_limit_in_bytes; errno=2
01-15 16:11:51.711 2368 2368 E lowmemorykiller: Error opening /dev/memcg/apps/uid_10018/pid_3626/memory.soft_limit_in_bytes; errno=2
01-15 16:11:51.711 3713 4797 I PlatformStatsCollectorService: Start DropboxRealtime in 6034 seconds.
01-15 16:11:51.711 3590 3595 I zygote64: Do partial code cache collection, code=117KB, data=79KB
01-15 16:11:51.712 2368 2368 E lowmemorykiller: Error opening /dev/memcg/apps/uid_10018/pid_3590/memory.soft_limit_in_bytes; errno=2
01-15 16:11:51.712 2368 2368 E lowmemorykiller: Error opening /dev/memcg/apps/uid_10018/pid_3626/memory.soft_limit_in_bytes; errno=2
01-15 16:11:51.712 3590 3595 I zygote64: After code cache collection, code=102KB, data=72KB
01-15 16:11:51.712 3590 3595 I zygote64: Increasing code cache capacity to 512KB
01-15 16:11:51.714 2368 2368 E lowmemorykiller: Error opening /dev/memcg/apps/uid_10018/pid_3626/memory.soft_limit_in_bytes; errno=2
01-15 16:11:51.716 3713 4797 I PlatformStatsCollectorService: Start Notificationstats in 6034 seconds.
01-15 16:11:51.716 2368 2368 E lowmemorykiller: Error opening /dev/memcg/apps/uid_10018/pid_3590/memory.soft_limit_in_bytes; errno=2
01-15 16:11:51.717 2368 2368 E lowmemorykiller: Error opening /dev/memcg/apps/uid_10018/pid_3590/memory.soft_limit_in_bytes; errno=2
01-15 16:11:51.717 2368 2368 E lowmemorykiller: Error opening /dev/memcg/apps/uid_10018/pid_3626/memory.soft_limit_in_bytes; errno=2
01-15 16:11:51.719 2368 2368 I chatty : uid=0(root) /system/bin/lmkd identical 1 line
01-15 16:11:51.720 2368 2368 E lowmemorykiller: Error opening /dev/memcg/apps/uid_10018/pid_3626/memory.soft_limit_in_bytes; errno=2
01-15 16:11:51.720 2368 2368 E lowmemorykiller: Error opening /dev/memcg/apps/uid_10018/pid_3590/memory.soft_limit_in_bytes; errno=2
01-15 16:11:51.721 2368 2368 E lowmemorykiller: Error opening /dev/memcg/apps/uid_10018/pid_3590/memory.soft_limit_in_bytes; errno=2
01-15 16:11:51.722 3590 4798 I BeaconBle: Scan canceled successfully.
01-15 16:11:51.722 2368 2368 E lowmemorykiller: Error opening /dev/memcg/apps/uid_10018/pid_3590/memory.soft_limit_in_bytes; errno=2
01-15 16:11:51.722 2368 2368 E lowmemorykiller: Error opening /dev/memcg/apps/uid_10018/pid_3626/memory.soft_limit_in_bytes; errno=2
01-15 16:11:51.722 2368 2368 I chatty : uid=0(root) /system/bin/lmkd identical 1 line
01-15 16:11:51.722 2368 2368 E lowmemorykiller: Error opening /dev/memcg/apps/uid_10018/pid_3626/memory.soft_limit_in_bytes; errno=2
01-15 16:11:51.723 3713 4797 I PlatformStatsCollectorService: Start UnifiedDumpsysTask in 6034 seconds.
01-15 16:11:51.724 2368 2368 E lowmemorykiller: Error opening /dev/memcg/apps/uid_10018/pid_3590/memory.soft_limit_in_bytes; errno=2
01-15 16:11:51.724 2368 2368 E lowmemorykiller: Error opening /dev/memcg/apps/uid_10018/pid_3626/memory.soft_limit_in_bytes; errno=2
01-15 16:11:51.725 3590 4798 I NearbyDirect: MagicPairScanner: BluetoothLeScanner is null, Bluetooth might be off. Enabled=false
01-15 16:11:51.725 2368 2368 E lowmemorykiller: Error opening /dev/memcg/apps/uid_10018/pid_3590/memory.soft_limit_in_bytes; errno=2
01-15 16:11:51.726 2368 2368 E lowmemorykiller: Error opening /dev/memcg/apps/uid_10018/pid_3626/memory.soft_limit_in_bytes; errno=2
01-15 16:11:51.726 2368 2368 E lowmemorykiller: Error opening /dev/memcg/apps/uid_10018/pid_3590/memory.soft_limit_in_bytes; errno=2
01-15 16:11:51.728 3713 4797 I PlatformStatsCollectorService: Start Settingsstats in 6034 seconds.
01-15 16:11:51.728 2368 2368 E lowmemorykiller: Error opening /dev/memcg/apps/uid_10018/pid_3590/memory.soft_limit_in_bytes; errno=2
01-15 16:11:51.728 3590 4795 W NearbyMessages: LocationProvider returns null
01-15 16:11:51.729 2368 2368 E lowmemorykiller: Error opening /dev/memcg/apps/uid_10018/pid_3590/memory.soft_limit_in_bytes; errno=2
01-15 16:11:51.729 2368 2368 E lowmemorykiller: Error opening /dev/memcg/apps/uid_10018/pid_3626/memory.soft_limit_in_bytes; errno=2
01-15 16:11:51.729 2368 2368 E lowmemorykiller: Error opening /dev/memcg/apps/uid_10018/pid_3626/memory.soft_limit_in_bytes; errno=2
01-15 16:11:51.733 3713 4797 I PlatformStatsCollectorService: Start Dropbox in 6034 seconds.
01-15 16:11:51.733 2368 2368 E lowmemorykiller: Error opening /dev/memcg/apps/uid_10018/pid_3590/memory.soft_limit_in_bytes; errno=2
01-15 16:11:51.735 2368 2368 E lowmemorykiller: Error opening /dev/memcg/apps/uid_10018/pid_3590/memory.soft_limit_in_bytes; errno=2
01-15 16:11:51.737 3713 4797 I PlatformStatsCollectorService: Start Netstats in 6034 seconds.
01-15 16:11:51.737 2368 2368 E lowmemorykiller: Error opening /dev/memcg/apps/uid_10018/pid_3590/memory.soft_limit_in_bytes; errno=2
01-15 16:11:51.738 2368 2368 E lowmemorykiller: Error opening /dev/memcg/apps/uid_10018/pid_3590/memory.soft_limit_in_bytes; errno=2
01-15 16:11:51.742 3713 4797 I PlatformStatsCollectorService: Start Procstats in 6034 seconds.
01-15 16:11:51.742 2368 2368 E lowmemorykiller: Error opening /dev/memcg/apps/uid_10018/pid_3590/memory.soft_limit_in_bytes; errno=2
01-15 16:11:51.743 2368 2368 E lowmemorykiller: Error opening /dev/memcg/apps/uid_10018/pid_3590/memory.soft_limit_in_bytes; errno=2
01-15 16:11:51.747 3713 4797 I PlatformStatsCollectorService: Start Fingerprintstats in 6034 seconds.
01-15 16:11:51.747 2368 2368 E lowmemorykiller: Error opening /dev/memcg/apps/uid_10018/pid_3590/memory.soft_limit_in_bytes; errno=2
01-15 16:11:51.763 2368 2368 I chatty : uid=0(root) /system/bin/lmkd identical 6 lines
01-15 16:11:51.765 2368 2368 E lowmemorykiller: Error opening /dev/memcg/apps/uid_10018/pid_3590/memory.soft_limit_in_bytes; errno=2
01-15 16:11:51.766 3590 4536 I HeterodyneSyncScheduler: Scheduling Phenotype for a PhenotypeSyncImmediately(6, com.google.android.gms.tron.metrics) one off with window [1, 2] in seconds
01-15 16:11:51.771 2368 2368 E lowmemorykiller: Error opening /dev/memcg/apps/uid_10018/pid_3590/memory.soft_limit_in_bytes; errno=2
01-15 16:11:51.772 2368 2368 E lowmemorykiller: Error opening /dev/memcg/apps/uid_10018/pid_3590/memory.soft_limit_in_bytes; errno=2
01-15 16:11:51.773 2368 2368 E lowmemorykiller: Error opening /dev/memcg/apps/uid_10018/pid_3626/memory.soft_limit_in_bytes; errno=2
01-15 16:11:51.774 2484 3159 D PackageManager: Ephemeral installer not found with new action; try old one
01-15 16:11:51.774 2484 3159 D PackageManager: Clear ephemeral installer activity
01-15 16:11:51.774 2368 2368 E lowmemorykiller: Error opening /dev/memcg/apps/uid_10018/pid_3626/memory.soft_limit_in_bytes; errno=2
01-15 16:11:51.774 2368 2368 E lowmemorykiller: Error opening /dev/memcg/apps/uid_10018/pid_3590/memory.soft_limit_in_bytes; errno=2
01-15 16:11:51.784 2484 3159 D PackageManager: Ephemeral installer not found with new action; try old one
01-15 16:11:51.784 2484 3159 D PackageManager: Clear ephemeral installer activity
01-15 16:11:51.784 2484 3159 D PackageManager: Ephemeral installer not found with new action; try old one
01-15 16:11:51.784 2484 3159 D PackageManager: Clear ephemeral installer activity
01-15 16:11:51.785 2484 3159 D PackageManager: Ephemeral installer not found with new action; try old one
01-15 16:11:51.785 2484 3159 D PackageManager: Clear ephemeral installer activity
01-15 16:11:51.785 2484 4452 D PackageManager: Ephemeral installer not found with new action; try old one
01-15 16:11:51.785 2484 4452 D PackageManager: Clear ephemeral installer activity
01-15 16:11:51.785 2484 3159 D PackageManager: Ephemeral installer not found with new action; try old one
01-15 16:11:51.785 2484 3159 D PackageManager: Clear ephemeral installer activity
01-15 16:11:51.785 2484 3159 D PackageManager: Ephemeral installer not found with new action; try old one
01-15 16:11:51.785 2484 3159 D PackageManager: Clear ephemeral installer activity
01-15 16:11:51.785 2484 3159 D PackageManager: Ephemeral installer not found with new action; try old one
01-15 16:11:51.785 2484 3159 D PackageManager: Clear ephemeral installer activity
01-15 16:11:51.784 2368 2368 I chatty : uid=0(root) /system/bin/lmkd identical 6 lines
01-15 16:11:51.785 2368 2368 E lowmemorykiller: Error opening /dev/memcg/apps/uid_10018/pid_3590/memory.soft_limit_in_bytes; errno=2
01-15 16:11:51.787 2368 2368 E lowmemorykiller: Error opening /dev/memcg/apps/uid_10018/pid_3713/memory.soft_limit_in_bytes; errno=2
01-15 16:11:51.788 3713 4768 I Wear_Controller: onStartup - Wear is not available on this device.
01-15 16:11:51.788 2368 2368 E lowmemorykiller: Error opening /dev/memcg/apps/uid_10018/pid_3713/memory.soft_limit_in_bytes; errno=2
01-15 16:11:51.824 2368 2368 E lowmemorykiller: Error opening /dev/memcg/apps/uid_10018/pid_3590/memory.soft_limit_in_bytes; errno=2
01-15 16:11:51.824 2368 2368 E lowmemorykiller: Error opening /dev/memcg/apps/uid_10018/pid_3590/memory.soft_limit_in_bytes; errno=2
01-15 16:11:51.853 2368 2368 E lowmemorykiller: Error opening /dev/memcg/apps/uid_10018/pid_3713/memory.soft_limit_in_bytes; errno=2
01-15 16:11:52.400 2484 4726 D PackageManager: Ephemeral installer not found with new action; try old one
01-15 16:11:52.400 2484 4726 D PackageManager: Clear ephemeral installer activity
01-15 16:11:52.401 2484 4726 D PackageManager: Ephemeral installer not found with new action; try old one
01-15 16:11:52.402 2484 4726 D PackageManager: Clear ephemeral installer activity
01-15 16:11:52.402 2484 4726 D PackageManager: Ephemeral installer not found with new action; try old one
01-15 16:11:52.402 2484 4726 D PackageManager: Clear ephemeral installer activity
01-15 16:11:51.856 2368 2368 I chatty : uid=0(root) /system/bin/lmkd identical 2 lines
01-15 16:11:51.857 2368 2368 E lowmemorykiller: Error opening /dev/memcg/apps/uid_10018/pid_3713/memory.soft_limit_in_bytes; errno=2
01-15 16:11:52.403 3713 4574 I CheckinService: Done disabling old GoogleServicesFramework version
01-15 16:11:52.404 3358 3358 D ImsResolver: maybeAddedImsService, packageName: com.google.android.gms
01-15 16:11:52.409 3358 3358 E PhoneInterfaceManager: [PhoneIntfMgr] getCarrierPackageNamesForIntent: No UICC
01-15 16:11:52.409 3358 3358 D CarrierSvcBindHelper: No carrier app for: 0
01-15 16:11:52.409 2484 2542 I InputReader: Reconfiguring input devices. changes=0x00000010
01-15 16:11:52.410 2484 2542 I InputReader: Reconfiguring input devices. changes=0x00000010
01-15 16:11:52.411 3358 3358 E PhoneInterfaceManager: [PhoneIntfMgr] getCarrierPackageNamesForIntent: No UICC
01-15 16:11:52.411 3358 3358 D CarrierSvcBindHelper: No carrier app for: 0
01-15 16:11:52.411 3358 3358 D ImsResolver: maybeAddedImsService, packageName: com.google.android.gsf
01-15 16:11:52.420 2368 2368 E lowmemorykiller: Error opening /dev/memcg/apps/uid_10018/pid_3590/memory.soft_limit_in_bytes; errno=2
01-15 16:11:52.421 2484 2498 W SchedPolicy: add_tid_to_cgroup failed to write '3590' (Permission denied); fd=3
01-15 16:11:52.421 2484 4452 W SchedPolicy: add_tid_to_cgroup failed to write '3590' (Permission denied); fd=25
01-15 16:11:52.422 2484 2498 W SchedPolicy: add_tid_to_cgroup failed to write '3590' (Permission denied); fd=3
01-15 16:11:52.426 3590 3590 I GCoreNlp: shouldConfirmNlp, NLP off. Ensuring opt-in disabled
01-15 16:11:52.426 2484 4452 W SchedPolicy: add_tid_to_cgroup failed to write '3626' (Permission denied); fd=3
01-15 16:11:52.427 2368 2368 E lowmemorykiller: Error opening /dev/memcg/apps/uid_10018/pid_3626/memory.soft_limit_in_bytes; errno=2
01-15 16:11:52.429 2484 4452 W SchedPolicy: add_tid_to_cgroup failed to write '3590' (Permission denied); fd=25
01-15 16:11:52.430 2484 2498 W Binder : Outgoing transactions from this process must be FLAG_ONEWAY
01-15 16:11:52.430 2484 2498 W Binder : java.lang.Throwable
01-15 16:11:52.430 2484 2498 W Binder : at android.os.BinderProxy.transact(Binder.java:752)
01-15 16:11:52.430 2484 2498 W Binder : at com.android.internal.location.ILocationProvider$Stub$Proxy.getProperties(ILocationProvider.java:232)
01-15 16:11:52.430 2484 2498 W Binder : at com.android.server.location.LocationProviderProxy$1.run(LocationProviderProxy.java:119)
01-15 16:11:52.430 2484 2498 W Binder : at android.os.Handler.handleCallback(Handler.java:790)
01-15 16:11:52.430 2484 2498 W Binder : at android.os.Handler.dispatchMessage(Handler.java:99)
01-15 16:11:52.430 2484 2498 W Binder : at android.os.Looper.loop(Looper.java:164)
01-15 16:11:52.430 2484 2498 W Binder : at android.os.HandlerThread.run(HandlerThread.java:65)
01-15 16:11:52.431 2484 3159 W SchedPolicy: add_tid_to_cgroup failed to write '3590' (Permission denied); fd=3
01-15 16:11:52.432 2484 3159 W SchedPolicy: add_tid_to_cgroup failed to write '3590' (Permission denied); fd=25
01-15 16:11:52.433 2484 3159 W SchedPolicy: add_tid_to_cgroup failed to write '3590' (Permission denied); fd=3
01-15 16:11:52.433 2484 3159 W SchedPolicy: add_tid_to_cgroup failed to write '3590' (Permission denied); fd=25
01-15 16:11:52.434 2484 3159 W SchedPolicy: add_tid_to_cgroup failed to write '3590' (Permission denied); fd=3
01-15 16:11:52.434 2484 3159 W SchedPolicy: add_tid_to_cgroup failed to write '3590' (Permission denied); fd=25
01-15 16:11:52.431 2484 2498 W Binder : Outgoing transactions from this process must be FLAG_ONEWAY
01-15 16:11:52.431 2484 2498 W Binder : java.lang.Throwable
01-15 16:11:52.431 2484 2498 W Binder : at android.os.BinderProxy.transact(Binder.java:752)
01-15 16:11:52.431 2484 2498 W Binder : at com.android.internal.location.ILocationProvider$Stub$Proxy.getProperties(ILocationProvider.java:232)
01-15 16:11:52.431 2484 2498 W Binder : at com.android.server.location.LocationProviderProxy$1.run(LocationProviderProxy.java:119)
01-15 16:11:52.431 2484 2498 W Binder : at android.os.Handler.handleCallback(Handler.java:790)
01-15 16:11:52.431 2484 2498 W Binder : at android.os.Handler.dispatchMessage(Handler.java:99)
01-15 16:11:52.431 2484 2498 W Binder : at android.os.Looper.loop(Looper.java:164)
01-15 16:11:52.431 2484 2498 W Binder : at android.os.HandlerThread.run(HandlerThread.java:65)
01-15 16:11:52.435 2368 2368 E lowmemorykiller: Error opening /dev/memcg/apps/uid_10018/pid_3590/memory.soft_limit_in_bytes; errno=2
01-15 16:11:52.435 2484 3311 W SchedPolicy: add_tid_to_cgroup failed to write '3626' (Permission denied); fd=25
01-15 16:11:52.435 2368 2368 E lowmemorykiller: Error opening /dev/memcg/apps/uid_10018/pid_3626/memory.soft_limit_in_bytes; errno=2
01-15 16:11:52.553 4790 4790 I /system/bin/uncrypt: [libfs_mgr]fs_mgr_read_fstab_dt(): failed to read fstab from dt
01-15 16:11:52.553 4790 4790 E /system/bin/uncrypt: failed to clear bootloader message: failed to find /misc partition
01-15 16:11:52.553 4790 4790 I /system/bin/uncrypt: received 0, exiting now
01-15 16:11:52.553 2484 2495 E RecoverySystemService: uncrypt failed with status: -1
