--------- beginning of main
01-15 16:10:37.985 2292 2292 I SELinux : SELinux: Loaded service_contexts from:
01-15 16:10:37.991 2292 2292 I SELinux : /plat_service_contexts
01-15 16:10:37.991 2292 2292 I SELinux : /nonplat_service_contexts
01-15 16:10:38.001 2294 2294 I SELinux : SELinux: Loaded service_contexts from:
01-15 16:10:38.002 2294 2294 I SELinux : /vndservice_contexts
01-15 16:10:38.013 2295 2295 I sh : + hw_sh=/vendor/etc/init.sh
01-15 16:10:38.013 2295 2295 I sh : + '[' -e /vendor/etc/init.sh ']'
01-15 16:10:38.013 2295 2295 I sh : + do_init
01-15 16:10:38.013 2295 2295 I sh : + init_misc
01-15 16:10:38.013 2295 2295 I sh : + cat /sys/class/dmi/id/sys_vendor
01-15 16:10:38.017 2295 2295 I sh : + setprop ro.product.manufacturer LENOVO
01-15 16:10:38.020 2295 2295 I sh : + setprop ro.product.model 20FMS27L0F
01-15 16:10:21.050 2291 2291 W auditd : type=2000 audit(0.0:1): state=initialized audit_enabled=0 res=1
01-15 16:10:37.412 2291 2291 I auditd : type=1403 audit(0.0:2): policy loaded auid=4294967295 ses=4294967295
01-15 16:10:37.412 1 1 I init : type=1400 audit(0.0:3): avc: denied { getattr } for path="/plat_file_contexts" dev="tmpfs" ino=7245 scontext=u:r:kernel:s0 tcontext=u:object_r:tmpfs:s0 tclass=file permissive=1
01-15 16:10:37.412 1 1 I init : type=1400 audit(0.0:4): avc: denied { read } for name="plat_file_contexts" dev="tmpfs" ino=7245 scontext=u:r:kernel:s0 tcontext=u:object_r:tmpfs:s0 tclass=file permissive=1
01-15 16:10:37.412 1 1 I init : type=1400 audit(0.0:5): avc: denied { open } for path="/plat_file_contexts" dev="tmpfs" ino=7245 scontext=u:r:kernel:s0 tcontext=u:object_r:tmpfs:s0 tclass=file permissive=1
01-15 16:10:37.412 1 1 I init : type=1400 audit(0.0:6): avc: denied { map } for path="/plat_file_contexts" dev="tmpfs" ino=7245 scontext=u:r:kernel:s0 tcontext=u:object_r:tmpfs:s0 tclass=file permissive=1
01-15 16:10:37.412 1 1 I init : type=1400 audit(0.0:7): avc: denied { relabelfrom } for name="init" dev="tmpfs" ino=7230 scontext=u:r:kernel:s0 tcontext=u:object_r:tmpfs:s0 tclass=file permissive=1
01-15 16:10:37.413 1 1 I init : type=1400 audit(0.0:8): avc: denied { getattr } for path="/plat_property_contexts" dev="tmpfs" ino=7247 scontext=u:r:init:s0 tcontext=u:object_r:tmpfs:s0 tclass=file permissive=1
01-15 16:10:37.414 1 1 I init : type=1400 audit(0.0:9): avc: denied { map } for path="/plat_file_contexts" dev="tmpfs" ino=7245 scontext=u:r:init:s0 tcontext=u:object_r:tmpfs:s0 tclass=file permissive=1
01-15 16:10:37.414 1 1 I init : type=1400 audit(0.0:10): avc: denied { relabelfrom } for name="plat_file_contexts" dev="tmpfs" ino=7245 scontext=u:r:init:s0 tcontext=u:object_r:tmpfs:s0 tclass=file permissive=1
01-15 16:10:37.415 1276 1276 I loop0 : type=1400 audit(0.0:11): avc: denied { read } for path="/mnt/system.sfs" dev="sdb" ino=1897 scontext=u:r:kernel:s0 tcontext=u:object_r:unlabeled:s0 tclass=file permissive=1
01-15 16:10:38.024 2295 2295 I sh : + lsusb
01-15 16:10:38.025 2295 2295 I sh : + grep 1a8d:1000
01-15 16:10:38.026 2308 2308 I lsusb : type=1400 audit(0.0:47): avc: denied { read } for name="devices" dev="sysfs" ino=4821 scontext=u:r:toolbox:s0 tcontext=u:object_r:sysfs:s0 tclass=dir permissive=1
01-15 16:10:38.026 2308 2308 I lsusb : type=1400 audit(0.0:48): avc: denied { open } for path="/sys/bus/usb/devices" dev="sysfs" ino=4821 scontext=u:r:toolbox:s0 tcontext=u:object_r:sysfs:s0 tclass=dir permissive=1
01-15 16:10:38.026 2308 2308 I lsusb : type=1400 audit(0.0:49): avc: denied { getattr } for path="/sys/devices/pci0000:00/0000:00:14.0/usb1/1-3/1-3:1.13/uevent" dev="sysfs" ino=13190 scontext=u:r:toolbox:s0 tcontext=u:object_r:sysfs:s0 tclass=file permissive=1
01-15 16:10:38.026 2308 2308 I lsusb : type=1400 audit(0.0:50): avc: denied { getattr } for path="pipe:[10563]" dev="pipefs" ino=10563 scontext=u:r:toolbox:s0 tcontext=u:r:init:s0 tclass=fifo_file permissive=1
01-15 16:10:38.029 2295 2295 I sh : + '[' -d /sys/devices/system/cpu/cpu0/cpufreq ']'
01-15 16:10:38.029 2295 2295 I sh : + mount
01-15 16:10:38.029 2295 2295 I sh : + grep '/data '
01-15 16:10:38.030 2295 2295 I sh : + grep -qE 'tmpfs|9p'
01-15 16:10:38.032 2312 2312 I mount : type=1400 audit(0.0:51): avc: denied { getattr } for path="/cache" dev="tmpfs" ino=9930 scontext=u:r:toolbox:s0 tcontext=u:object_r:cache_file:s0 tclass=dir permissive=1
01-15 16:10:38.032 2312 2312 I mount : type=1400 audit(0.0:52): avc: denied { getattr } for path="/storage" dev="tmpfs" ino=7655 scontext=u:r:toolbox:s0 tcontext=u:object_r:storage_file:s0 tclass=dir permissive=1
01-15 16:10:38.032 2312 2312 I mount : type=1400 audit(0.0:53): avc: denied { read } for name="/" dev="tmpfs" ino=6803 scontext=u:r:toolbox:s0 tcontext=u:object_r:tmpfs:s0 tclass=dir permissive=1
01-15 16:10:38.032 2312 2312 I mount : type=1400 audit(0.0:54): avc: denied { open } for path="/" dev="tmpfs" ino=6803 scontext=u:r:toolbox:s0 tcontext=u:object_r:tmpfs:s0 tclass=dir permissive=1
01-15 16:10:38.032 2312 2312 I mount : type=1400 audit(0.0:55): avc: denied { read } for name="/" dev="tmpfs" ino=7382 scontext=u:r:toolbox:s0 tcontext=u:object_r:device:s0 tclass=dir permissive=1
01-15 16:10:38.032 2312 2312 I mount : type=1400 audit(0.0:56): avc: denied { open } for path="/dev" dev="tmpfs" ino=7382 scontext=u:r:toolbox:s0 tcontext=u:object_r:device:s0 tclass=dir permissive=1
01-15 16:10:38.033 2295 2295 I sh : + '[' 0 -ne 0 ']'
01-15 16:10:38.033 2295 2295 I sh : + init_hal_audio
01-15 16:10:38.033 2295 2295 I sh : + grep -qi IntelHDMI /proc/asound/card0/id
01-15 16:10:38.035 2295 2295 I sh : grep: /proc/asound/card0/id: No such file or directory
01-15 16:10:38.035 2295 2295 I sh : + init_hal_bluetooth
01-15 16:10:38.036 2295 2295 I sh : + cat /sys/class/rfkill/rfkill0/type
01-15 16:10:38.038 2296 2296 I sh : type=1400 audit(0.0:57): avc: denied { add_name } for name="state" scontext=u:r:init:s0 tcontext=u:object_r:sysfs:s0 tclass=dir permissive=1
01-15 16:10:38.038 2296 2296 I sh : type=1400 audit(0.0:58): avc: denied { create } for name="state" scontext=u:r:init:s0 tcontext=u:object_r:sysfs:s0 tclass=file permissive=1
01-15 16:10:38.038 2295 2295 I sh : + type=bluetooth
01-15 16:10:38.038 2295 2295 I sh : + '[' bluetooth '=' wlan -o bluetooth '=' bluetooth ']'
01-15 16:10:38.038 2295 2295 I sh : + >/sys/class/rfkill/rfkill0/state
01-15 16:10:38.039 2295 2295 I sh : + echo 1
01-15 16:10:38.039 2295 2295 I sh : + cat /sys/class/rfkill/rfkill1/type
01-15 16:10:38.041 2295 2295 I sh : + type=wlan
01-15 16:10:38.041 2295 2295 I sh : + '[' wlan '=' wlan -o wlan '=' bluetooth ']'
01-15 16:10:38.041 2295 2295 I sh : + >/sys/class/rfkill/rfkill1/state
01-15 16:10:38.042 2295 2295 I sh : + echo 1
01-15 16:10:38.042 2295 2295 I sh : + cat /sys/class/rfkill/rfkill2/type
01-15 16:10:38.045 2295 2295 I sh : + type=bluetooth
01-15 16:10:38.045 2295 2295 I sh : + '[' bluetooth '=' wlan -o bluetooth '=' bluetooth ']'
01-15 16:10:38.045 2295 2295 I sh : + >/sys/class/rfkill/rfkill2/state
01-15 16:10:38.045 2295 2295 I sh : + echo 1
01-15 16:10:38.045 2295 2295 I sh : + cat /sys/class/rfkill/rfkill3/type
01-15 16:10:38.048 2295 2295 I sh : + type=wwan
01-15 16:10:38.048 2295 2295 I sh : + '[' wwan '=' wlan -o wwan '=' bluetooth ']'
01-15 16:10:38.048 2295 2295 I sh : + busybox lsusb -v
01-15 16:10:38.048 2295 2295 I sh : + awk ' /Class:.E0/ { print $9 } '
01-15 16:10:38.052 2295 2295 I sh : + chown 1002.1002 /dev/bus/usb/001/006
01-15 16:10:38.055 2322 2322 I chown : type=1400 audit(0.0:59): avc: denied { getattr } for path="/dev/bus/usb/001/006" dev="tmpfs" ino=8745 scontext=u:r:toolbox:s0 tcontext=u:object_r:usb_device:s0 tclass=chr_file permissive=1
01-15 16:10:38.055 2322 2322 I chown : type=1400 audit(0.0:60): avc: denied { setattr } for name="006" dev="tmpfs" ino=8745 scontext=u:r:toolbox:s0 tcontext=u:object_r:usb_device:s0 tclass=chr_file permissive=1
01-15 16:10:38.055 2322 2322 I chown : type=1400 audit(0.0:61): avc: denied { chown } for capability=0 scontext=u:r:toolbox:s0 tcontext=u:r:toolbox:s0 tclass=capability permissive=1
01-15 16:10:38.056 2295 2295 I sh : + chmod 660 /dev/bus/usb/001/006
01-15 16:10:38.058 2323 2323 I chmod : type=1400 audit(0.0:62): avc: denied { fowner } for capability=3 scontext=u:r:toolbox:s0 tcontext=u:r:toolbox:s0 tclass=capability permissive=1
01-15 16:10:38.058 2323 2323 I chmod : type=1400 audit(0.0:63): avc: denied { fsetid } for capability=4 scontext=u:r:toolbox:s0 tcontext=u:r:toolbox:s0 tclass=capability permissive=1
01-15 16:10:38.059 2295 2295 I sh : + '[' -n ']'
01-15 16:10:38.059 2295 2295 I sh : + dmesg -t
01-15 16:10:38.059 2295 2295 I sh : + grep -qE '8723bs.*BT'
01-15 16:10:38.061 2324 2324 I dmesg : type=1400 audit(0.0:64): avc: denied { ioctl } for path="pipe:[10103]" dev="pipefs" ino=10103 ioctlcmd=0x5401 scontext=u:r:toolbox:s0 tcontext=u:r:init:s0 tclass=fifo_file permissive=1
01-15 16:10:38.061 2324 2324 I dmesg : type=1400 audit(0.0:65): avc: denied { read } for name="kmsg" dev="tmpfs" ino=7385 scontext=u:r:toolbox:s0 tcontext=u:object_r:kmsg_device:s0 tclass=chr_file permissive=1
01-15 16:10:38.061 2324 2324 I dmesg : type=1400 audit(0.0:66): avc: denied { open } for path="/dev/kmsg" dev="tmpfs" ino=7385 scontext=u:r:toolbox:s0 tcontext=u:object_r:kmsg_device:s0 tclass=chr_file permissive=1
01-15 16:10:38.061 2324 2324 I dmesg : type=1400 audit(0.0:67): avc: denied { syslog_read } for scontext=u:r:toolbox:s0 tcontext=u:r:kernel:s0 tclass=system permissive=1
01-15 16:10:38.063 2327 2327 I head : type=1400 audit(0.0:68): avc: denied { read } for path="pipe:[7788]" dev="pipefs" ino=7788 scontext=u:r:toolbox:s0 tcontext=u:r:init:s0 tclass=fifo_file permissive=1
01-15 16:10:38.064 2295 2295 I sh : + init_hal_camera
01-15 16:10:38.064 2295 2295 I sh : + return
01-15 16:10:38.064 2295 2295 I sh : + init_hal_gps
01-15 16:10:38.064 2295 2295 I sh : + return
01-15 16:10:38.064 2295 2295 I sh : + init_hal_gralloc
01-15 16:10:38.064 2295 2295 I sh : + cat /proc/fb
01-15 16:10:38.064 2295 2295 I sh : + head -1
01-15 16:10:38.065 2293 2293 E hwservicemanager: BINDER_SET_INHERIT_FIFO_PRIO failed with error -1
01-15 16:10:39.031 1102 1102 I sh : type=1400 audit(0.0:69): avc: denied { ioctl } for path="/dev/tty2" dev="rootfs" ino=6640 ioctlcmd=0x5413 scontext=u:r:kernel:s0 tcontext=u:object_r:rootfs:s0 tclass=chr_file permissive=1
01-15 16:10:39.031 1107 1107 I sh : type=1400 audit(0.0:70): avc: denied { write } for path="/dev/tty3" dev="rootfs" ino=6643 scontext=u:r:kernel:s0 tcontext=u:object_r:rootfs:s0 tclass=chr_file permissive=1
01-15 16:10:39.060 2295 2295 I sh : + '[' '==' 1 ']'
01-15 16:10:39.060 2295 2295 I sh : + set_property ro.hardware.gralloc drm
01-15 16:10:39.060 2295 2295 I sh : + setprop ro.hardware.gralloc drm
01-15 16:10:39.064 2295 2295 I sh : + '[' -n 2 ']'
01-15 16:10:39.064 2295 2295 I sh : + >>/dev/x86.prop
01-15 16:10:39.064 2295 2295 I sh : + echo 'ro.hardware.gralloc=drm'
01-15 16:10:39.064 2295 2295 I sh : + set_drm_mode
01-15 16:10:39.064 2295 2295 I sh : + '[' -n ']'
01-15 16:10:39.064 2295 2295 I sh : + '[' -n 2 ']'
01-15 16:10:39.064 2295 2295 I sh : + set_property debug.egl.trace error
01-15 16:10:39.064 2295 2295 I sh : + setprop debug.egl.trace error
01-15 16:10:39.067 2295 2295 I sh : + '[' -n 2 ']'
01-15 16:10:39.067 2295 2295 I sh : + >>/dev/x86.prop
01-15 16:10:39.067 2295 2295 I sh : + echo 'debug.egl.trace=error'
01-15 16:10:39.067 2295 2295 I sh : + init_hal_hwcomposer
01-15 16:10:39.067 2295 2295 I sh : + return
01-15 16:10:39.067 2295 2295 I sh : + init_hal_lights
01-15 16:10:39.067 2295 2295 I sh : + chown 1000.1000 /sys/class/backlight/intel_backlight/brightness
01-15 16:10:39.070 2330 2330 I chown : type=1400 audit(0.0:71): avc: denied { setattr } for name="brightness" dev="sysfs" ino=18420 scontext=u:r:toolbox:s0 tcontext=u:object_r:sysfs:s0 tclass=file permissive=1
01-15 16:10:39.071 2295 2295 I sh : + init_hal_power
01-15 16:10:39.071 2295 2295 I sh : + >/sys/class/rtc/rtc0/device/power/wakeup
01-15 16:10:39.071 2295 2295 I sh : + echo disabled
01-15 16:10:39.071 2295 2295 I sh : + init_hal_sensors
01-15 16:10:39.071 2295 2295 I sh : + getprop ro.hardware
01-15 16:10:39.074 2295 2295 I sh : + ro_hardware=android_x86_64
01-15 16:10:39.074 2295 2295 I sh : + '[' -f /system/lib/hw/sensors.android_x86_64.so ']'
01-15 16:10:39.074 2295 2295 I sh : + typeset 'hal_sensors=kbd'
01-15 16:10:39.074 2295 2295 I sh : + typeset 'has_sensors=true'
01-15 16:10:39.074 2295 2295 I sh : + cat /sys/class/dmi/id/uevent
01-15 16:10:39.078 2295 2295 I sh : + has_sensors=false
01-15 16:10:39.078 2295 2295 I sh : + 2>/dev/null
01-15 16:10:39.078 2295 2295 I sh : + ls '/sys/bus/iio/devices/iio:device*'
01-15 16:10:39.081 2334 2334 I sh : type=1400 audit(0.0:72): avc: denied { getattr } for path="/bin/busybox" dev="tmpfs" ino=1446 scontext=u:r:init:s0 tcontext=u:object_r:tmpfs:s0 tclass=file permissive=1
01-15 16:10:39.081 2334 2334 I sh : type=1400 audit(0.0:73): avc: denied { execute } for name="busybox" dev="tmpfs" ino=1446 scontext=u:r:init:s0 tcontext=u:object_r:tmpfs:s0 tclass=file permissive=1
01-15 16:10:39.081 2334 2334 I sh : type=1400 audit(0.0:74): avc: denied { execute_no_trans } for path="/bin/busybox" dev="tmpfs" ino=1446 scontext=u:r:init:s0 tcontext=u:object_r:tmpfs:s0 tclass=file permissive=1
01-15 16:10:39.081 2334 2334 I lsmod : type=1400 audit(0.0:75): avc: denied { map } for path="/bin/busybox" dev="tmpfs" ino=1446 scontext=u:r:init:s0 tcontext=u:object_r:tmpfs:s0 tclass=file permissive=1
01-15 16:10:39.081 2334 2334 I lsmod : type=1400 audit(0.0:76): avc: denied { getattr } for path="/proc/modules" dev="proc" ino=4026532052 scontext=u:r:init:s0 tcontext=u:object_r:proc_modules:s0 tclass=file permissive=1
01-15 16:10:39.081 2295 2295 I sh : + '[' -n ']'
01-15 16:10:39.081 2295 2295 I sh : + lsmod
01-15 16:10:39.081 2295 2295 I sh : + grep -q lis3lv02d_i2c
01-15 16:10:39.083 2295 2295 I sh : + set_property ro.hardware.sensors kbd
01-15 16:10:39.083 2295 2295 I sh : + setprop ro.hardware.sensors kbd
01-15 16:10:39.086 18 18 I kworker/1:0: type=1400 audit(0.0:77): avc: denied { module_request } for kmod=6864617564696F3A7631304543303239337230303130303030336130310A scontext=u:r:kernel:s0 tcontext=u:r:kernel:s0 tclass=system permissive=1
01-15 16:10:39.087 2295 2295 I sh : + '[' -n 2 ']'
01-15 16:10:39.087 2295 2295 I sh : + >>/dev/x86.prop
01-15 16:10:39.087 2295 2295 I sh : + echo 'ro.hardware.sensors=kbd'
01-15 16:10:39.087 2295 2295 I sh : + '[' kbd '!=' kbd ']'
01-15 16:10:39.087 2295 2295 I sh : + set_property config.override_forced_orient false
01-15 16:10:39.087 2295 2295 I sh : + setprop config.override_forced_orient false
01-15 16:10:39.088 2337 2337 I /sbin/modprobe: Parsing file /system/etc/modules.blacklist...
01-15 16:10:39.088 2337 2337 I /sbin/modprobe: Parsing file /system/lib/modules/4.15.0-rc8-android-x86_64-g1ea5295b613f/modules.alias...
01-15 16:10:39.093 2295 2295 I sh : + '[' -n 2 ']'
01-15 16:10:39.093 2295 2295 I sh : + >>/dev/x86.prop
01-15 16:10:39.093 2295 2295 I sh : + echo 'config.override_forced_orient=false'
01-15 16:10:39.093 2295 2295 I sh : + init_tscal
01-15 16:10:39.093 2295 2295 I sh : + lsusb
01-15 16:10:39.093 2295 2295 I sh : + awk '{ print $6 }'
01-15 16:10:39.099 2295 2295 I sh : + init_ril
01-15 16:10:39.099 2295 2295 I sh : + cat /sys/class/dmi/id/uevent
01-15 16:10:39.104 2295 2295 I sh : + set_property ro.radio.noril yes
01-15 16:10:39.104 2295 2295 I sh : + setprop ro.radio.noril yes
01-15 16:10:39.109 2295 2295 I sh : + '[' -n 2 ']'
01-15 16:10:39.109 2295 2295 I sh : + >>/dev/x86.prop
01-15 16:10:39.109 2295 2295 I sh : + echo 'ro.radio.noril=yes'
01-15 16:10:39.109 2295 2295 I sh : + post_init
01-15 16:10:39.109 2295 2295 I sh : /system/etc/init.sh[479]: post_init: not found
01-15 16:10:39.109 2295 2295 I sh : + return 0
01-15 16:10:39.113 1276 1276 I loop0 : type=1400 audit(0.0:78): avc: denied { read } for path="/mnt/system.sfs" dev="sdb" ino=1897 scontext=u:r:kernel:s0 tcontext=u:object_r:unlabeled:s0 tclass=file permissive=1
01-15 16:10:39.116 2344 2344 I vdc : type=1400 audit(0.0:79): avc: denied { getattr } for path="/vendor" dev="tmpfs" ino=7264 scontext=u:r:vdc:s0 tcontext=u:object_r:tmpfs:s0 tclass=lnk_file permissive=1
01-15 16:10:39.116 2344 2344 I vdc : type=1400 audit(0.0:80): avc: denied { read } for name="vendor" dev="tmpfs" ino=7264 scontext=u:r:vdc:s0 tcontext=u:object_r:tmpfs:s0 tclass=lnk_file permissive=1
01-15 16:10:39.116 2343 2343 I vold : type=1400 audit(0.0:81): avc: denied { getattr } for path="/vendor" dev="tmpfs" ino=7264 scontext=u:r:vold:s0 tcontext=u:object_r:tmpfs:s0 tclass=lnk_file permissive=1
01-15 16:10:39.116 2343 2343 I vold : type=1400 audit(0.0:82): avc: denied { read } for name="vendor" dev="tmpfs" ino=7264 scontext=u:r:vold:s0 tcontext=u:object_r:tmpfs:s0 tclass=lnk_file permissive=1
01-15 16:10:39.146 2266 2266 I ueventd : type=1400 audit(0.0:83): avc: denied { module_load } for path="/system/lib/modules/4.15.0-rc8-android-x86_64-g1ea5295b613f/kernel/sound/soundcore.ko" dev="loop0" ino=5830 scontext=u:r:ueventd:s0 tcontext=u:object_r:system_file:s0 tclass=system permissive=1
01-15 16:10:39.146 2345 2345 I /sbin/modprobe: Parsing file /system/etc/modules.blacklist...
01-15 16:10:39.146 2345 2345 I /sbin/modprobe: Parsing file /system/lib/modules/4.15.0-rc8-android-x86_64-g1ea5295b613f/modules.alias... --------- beginning of system
01-15 16:10:39.178 2343 2343 I vold : Vold 3.0 (the awakening) firing up
01-15 16:10:39.178 2343 2343 V vold : Detected support for: exfat ext4 f2fs iso9660 ntfs vfat
01-15 16:10:39.180 2343 2343 I vold : type=1400 audit(0.0:84): avc: denied { read } for name="fstab.android_x86_64" dev="tmpfs" ino=7229 scontext=u:r:vold:s0 tcontext=u:object_r:tmpfs:s0 tclass=file permissive=1
01-15 16:10:39.180 2343 2343 I vold : type=1400 audit(0.0:85): avc: denied { open } for path="/fstab.android_x86_64" dev="tmpfs" ino=7229 scontext=u:r:vold:s0 tcontext=u:object_r:tmpfs:s0 tclass=file permissive=1
01-15 16:10:39.180 2343 2343 I vold : type=1400 audit(0.0:86): avc: denied { getattr } for path="/fstab.android_x86_64" dev="tmpfs" ino=7229 scontext=u:r:vold:s0 tcontext=u:object_r:tmpfs:s0 tclass=file permissive=1
01-15 16:10:39.181 2343 2343 I vold : [libfs_mgr]fs_mgr_read_fstab_dt(): failed to read fstab from dt
01-15 16:10:39.182 2343 2346 V vold : /system/bin/sgdisk
01-15 16:10:39.182 2343 2346 V vold : --android-dump
01-15 16:10:39.182 2343 2346 V vold : /dev/block/vold/disk:8,16
01-15 16:10:39.188 2343 2343 I vold : type=1400 audit(0.0:87): avc: denied { dac_read_search } for capability=2 scontext=u:r:vold:s0 tcontext=u:r:vold:s0 tclass=capability permissive=1
01-15 16:10:39.189 1 1 I init : type=1400 audit(0.0:88): avc: denied { dac_read_search } for capability=2 scontext=u:r:init:s0 tcontext=u:r:init:s0 tclass=capability permissive=1
01-15 16:10:39.189 2349 2349 I sgdisk : type=1400 audit(0.0:89): avc: denied { getattr } for path="/vendor" dev="tmpfs" ino=7264 scontext=u:r:sgdisk:s0 tcontext=u:object_r:tmpfs:s0 tclass=lnk_file permissive=1
01-15 16:10:39.189 2349 2349 I sgdisk : type=1400 audit(0.0:90): avc: denied { read } for name="vendor" dev="tmpfs" ino=7264 scontext=u:r:sgdisk:s0 tcontext=u:object_r:tmpfs:s0 tclass=lnk_file permissive=1
01-15 16:10:39.189 2343 2348 D vold : e4crypt_init_user0
01-15 16:10:39.189 2343 2348 D vold : e4crypt_prepare_user_storage for volume null, user 0, serial 0, flags 1
01-15 16:10:39.189 2343 2348 D vold : Preparing: /data/system/users/0
01-15 16:10:39.189 2343 2348 D vold : Preparing: /data/misc/profiles/cur/0
01-15 16:10:39.189 2343 2348 D vold : Preparing: /data/system_de/0
01-15 16:10:39.189 2343 2348 D vold : Preparing: /data/misc_de/0
01-15 16:10:39.189 2343 2348 D vold : Preparing: /data/user_de/0
01-15 16:10:39.189 2343 2348 D vold : e4crypt_unlock_user_key 0 serial=0 token_present=0
01-15 16:10:39.189 2343 2348 E vold : Failed to chmod /data/system_ce/0: No such file or directory
01-15 16:10:39.189 2343 2348 E vold : Failed to chmod /data/misc_ce/0: No such file or directory
01-15 16:10:39.189 2343 2348 E vold : Failed to chmod /data/media/0: No such file or directory
01-15 16:10:39.191 2350 2350 I tzdatacheck: type=1400 audit(0.0:91): avc: denied { getattr } for path="/vendor" dev="tmpfs" ino=7264 scontext=u:r:tzdatacheck:s0 tcontext=u:object_r:tmpfs:s0 tclass=lnk_file permissive=1
01-15 16:10:39.191 2350 2350 I tzdatacheck: type=1400 audit(0.0:92): avc: denied { read } for name="vendor" dev="tmpfs" ino=7264 scontext=u:r:tzdatacheck:s0 tcontext=u:object_r:tmpfs:s0 tclass=lnk_file permissive=1
01-15 16:10:39.193 2350 2350 I /system/bin/tzdatacheck: timezone distro dir /data/misc/zoneinfo/current does not exist. No action required.
01-15 16:10:39.195 2354 2354 I logd : type=1400 audit(0.0:93): avc: denied { getattr } for path="/vendor" dev="tmpfs" ino=7264 scontext=u:r:logd:s0 tcontext=u:object_r:tmpfs:s0 tclass=lnk_file permissive=1
01-15 16:10:39.195 2354 2354 I logd : type=1400 audit(0.0:94): avc: denied { read } for name="vendor" dev="tmpfs" ino=7264 scontext=u:r:logd:s0 tcontext=u:object_r:tmpfs:s0 tclass=lnk_file permissive=1
01-15 16:10:39.198 2357 2357 I init : type=1400 audit(0.0:95): avc: denied { execute_no_trans } for path="/system/vendor/bin/hw/android.hardware.bluetooth@1.0-service.btlinux" dev="loop0" ino=6773 scontext=u:r:init:s0 tcontext=u:object_r:vendor_file:s0 tclass=file permissive=1
01-15 16:10:39.199 2352 2352 I app_process64: type=1400 audit(0.0:96): avc: denied { getattr } for path="/vendor" dev="tmpfs" ino=7264 scontext=u:r:zygote:s0 tcontext=u:object_r:tmpfs:s0 tclass=lnk_file permissive=1
01-15 16:10:39.199 2352 2352 I app_process64: type=1400 audit(0.0:97): avc: denied { read } for name="vendor" dev="tmpfs" ino=7264 scontext=u:r:zygote:s0 tcontext=u:object_r:tmpfs:s0 tclass=lnk_file permissive=1
01-15 16:10:39.201 2374 2374 I init : type=1400 audit(0.0:98): avc: denied { execute_no_trans } for path="/system/bin/enable_nativebridge" dev="loop0" ino=200 scontext=u:r:init:s0 tcontext=u:object_r:system_file:s0 tclass=file permissive=1
01-15 16:10:39.204 2351 2351 I netd : type=1400 audit(0.0:99): avc: denied { getattr } for path="/vendor" dev="tmpfs" ino=7264 scontext=u:r:netd:s0 tcontext=u:object_r:tmpfs:s0 tclass=lnk_file permissive=1
01-15 16:10:39.204 2351 2351 I netd : type=1400 audit(0.0:100): avc: denied { read } for name="vendor" dev="tmpfs" ino=7264 scontext=u:r:netd:s0 tcontext=u:object_r:tmpfs:s0 tclass=lnk_file permissive=1
01-15 16:10:39.206 2355 2355 I android.hidl.al: type=1400 audit(0.0:101): avc: denied { getattr } for path="/vendor" dev="tmpfs" ino=7264 scontext=u:r:hal_allocator_default:s0 tcontext=u:object_r:tmpfs:s0 tclass=lnk_file permissive=1
01-15 16:10:39.206 2355 2355 I android.hidl.al: type=1400 audit(0.0:102): avc: denied { read } for name="vendor" dev="tmpfs" ino=7264 scontext=u:r:hal_allocator_default:s0 tcontext=u:object_r:tmpfs:s0 tclass=lnk_file permissive=1
01-15 16:10:39.206 2373 2373 I logcat : type=1400 audit(0.0:103): avc: denied { getattr } for path="/vendor" dev="tmpfs" ino=7264 scontext=u:r:logpersist:s0 tcontext=u:object_r:tmpfs:s0 tclass=lnk_file permissive=1
01-15 16:10:39.207 2373 2373 I logcat : type=1400 audit(0.0:104): avc: denied { read } for name="vendor" dev="tmpfs" ino=7264 scontext=u:r:logpersist:s0 tcontext=u:object_r:tmpfs:s0 tclass=lnk_file permissive=1
01-15 16:10:39.208 2363 2363 I android.hardwar: type=1400 audit(0.0:105): avc: denied { getattr } for path="/vendor" dev="tmpfs" ino=7264 scontext=u:r:hal_light_default:s0 tcontext=u:object_r:tmpfs:s0 tclass=lnk_file permissive=1
01-15 16:10:39.286 2392 2392 I houdini : found /system/lib/libhoudini.so
01-15 16:10:39.311 2390 2390 I /system/bin/tombstoned: tombstoned successfully initialized
01-15 16:10:39.318 2365 2365 I ServiceManagement: Removing namespace from process name android.hardware.usb@1.0-service to usb@1.0-service.
01-15 16:10:39.331 2395 2395 I houdini : houdini enabled
01-15 16:10:39.340 2398 2398 I houdini : found /system/lib64/libhoudini.so
01-15 16:10:39.343 2399 2399 I houdini : houdini64 enabled
01-15 16:10:39.350 2384 2401 I /system/bin/storaged: storaged: Start
01-15 16:10:39.350 2378 2378 I installd: installd firing up
01-15 16:10:39.350 2378 2378 E cutils : Failed to read /data/.layout_version: No such file or directory
01-15 16:10:39.350 2378 2378 D installd: Assuming that device has multi-user storage layout; upgrade no longer supported
01-15 16:10:39.351 2378 2378 D installd: Upgrading to /data/misc/user directories
01-15 16:10:39.400 2355 2355 I ServiceManagement: Removing namespace from process name android.hidl.allocator@1.0-service to allocator@1.0-s.
01-15 16:10:39.402 2361 2361 W /vendor/bin/hw/android.hardware.configstore@1.0-service: Could not find seccomp policy file at: /vendor/etc/seccomp_policy/configstore@1.0.policy
01-15 16:10:39.404 2361 2361 I ServiceManagement: Removing namespace from process name android.hardware.configstore@1.0-service to configstore@1.0.
01-15 16:10:39.418 2362 2362 I ServiceManagement: Removing namespace from process name android.hardware.dumpstate@1.0-service to dumpstate@1.0-s.
01-15 16:10:39.426 2389 2389 I gatekeeperd: Starting gatekeeperd...
01-15 16:10:39.427 2357 2357 I ServiceManagement: Removing namespace from process name android.hardware.bluetooth@1.0-service.btlinux to bluetooth@1.0-s.
01-15 16:10:39.483 2365 2365 I android.hardware.usb@1.0-service: USB HAL Ready.
01-15 16:10:39.484 2363 2363 D vndksupport: Loading /vendor/lib64/hw/android.hardware.light@2.0-impl.so from current namespace instead of sphal namespace.
01-15 16:10:39.485 2293 2293 W /system/bin/hwservicemanager: getTransport: Cannot find entry android.hardware.gatekeeper@1.0::IGatekeeper/default in either framework or device manifest.
01-15 16:10:39.485 2293 2293 E SELinux : avc: denied { add } for interface=android.hardware.bluetooth::IBluetoothHci pid=2357 scontext=u:r:init:s0 tcontext=u:object_r:hal_bluetooth_hwservice:s0 tclass=hwservice_manager permissive=1
01-15 16:10:39.489 2293 2293 E SELinux : avc: denied { add } for interface=android.hidl.base::IBase pid=2357 scontext=u:r:init:s0 tcontext=u:object_r:hidl_base_hwservice:s0 tclass=hwservice_manager permissive=1
01-15 16:10:39.489 2293 2293 W /system/bin/hwservicemanager: getTransport: Cannot find entry android.hardware.health@1.0::IHealth/default in either framework or device manifest.
01-15 16:10:39.489 2367 2367 D vndksupport: Loading /vendor/lib64/hw/android.hardware.health@1.0-impl.so from current namespace instead of sphal namespace.
01-15 16:10:39.490 2389 2389 W gatekeeperd: falling back to software GateKeeper
01-15 16:10:39.495 2364 2364 D vndksupport: Loading /vendor/lib64/hw/android.hardware.power@1.0-impl.so from current namespace instead of sphal namespace.
01-15 16:10:39.528 2364 2364 I ServiceManagement: Removing namespace from process name android.hardware.power@1.0-service to power@1.0-servi.
01-15 16:10:39.528 2364 2364 I android.hardware.power@1.0-service: Registration complete for android.hardware.power@1.0::IPower/default.
01-15 16:10:39.538 2343 2346 V vold : DISK mbr
01-15 16:10:39.538 2343 2346 V vold :
01-15 16:10:39.538 2343 2346 V vold : PART 1 0
01-15 16:10:39.538 2343 2346 V vold :
01-15 16:10:39.538 2343 2346 V vold : PART 2 ef
01-15 16:10:39.538 2343 2346 V vold :
01-15 16:10:39.555 2363 2363 D lights : Detect /sys/class/backlight/intel_backlight/max_brightness
01-15 16:10:39.555 2363 2363 D lights : Detect /sys/class/backlight/intel_backlight/brightness
01-15 16:10:39.555 2363 2363 E light : light_open lights keyboard failed: -22
01-15 16:10:39.555 2363 2363 E light : Light passthrough failed to load legacy HAL.
01-15 16:10:39.555 2363 2363 E light : light_open lights buttons failed: -22
01-15 16:10:39.555 2363 2363 E light : Light passthrough failed to load legacy HAL.
01-15 16:10:39.555 2363 2363 E light : light_open lights battery failed: -22
01-15 16:10:39.555 2363 2363 E light : Light passthrough failed to load legacy HAL.
01-15 16:10:39.555 2363 2363 E light : light_open lights notifications failed: -22
01-15 16:10:39.555 2363 2363 E light : Light passthrough failed to load legacy HAL.
01-15 16:10:39.555 2363 2363 E light : light_open lights attention failed: -22
01-15 16:10:39.555 2363 2363 E light : Light passthrough failed to load legacy HAL.
01-15 16:10:39.556 2363 2363 E light : light_open lights bluetooth failed: -22
01-15 16:10:39.556 2363 2363 E light : Light passthrough failed to load legacy HAL.
01-15 16:10:39.556 2363 2363 E light : light_open lights wifi failed: -22
01-15 16:10:39.556 2363 2363 E light : Light passthrough failed to load legacy HAL.
01-15 16:10:39.556 2363 2363 I ServiceManagement: Removing namespace from process name android.hardware.light@2.0-service to light@2.0-servi.
01-15 16:10:39.556 2363 2363 I android.hardware.light@2.0-service: Registration complete for android.hardware.light@2.0::ILight/default.
01-15 16:10:39.561 2368 2368 I lowmemorykiller: No kernel memory.pressure_level support (errno=2)
01-15 16:10:39.561 2368 2368 I lowmemorykiller: No kernel memory.pressure_level support (errno=2)
01-15 16:10:39.561 2368 2368 E lowmemorykiller: Kernel does not support memory pressure events or in-kernel low memory killer
01-15 16:10:39.746 2293 2293 W /system/bin/hwservicemanager: getTransport: Cannot find entry android.hardware.thermal@1.1::IThermal/default in either framework or device manifest.
01-15 16:10:39.748 2370 2370 W thermalserviced: Unable to get Thermal HAL V1.1, vendor thermal event notification not available
01-15 16:10:39.850 2351 2351 I Netd : Netd 1.0 starting
01-15 16:10:39.850 2351 2351 D TetherController: Setting IP forward enable = 0
01-15 16:10:39.861 2386 2386 I wificond: wificond is starting up...
01-15 16:10:39.876 2293 2293 W /system/bin/hwservicemanager: getTransport: Cannot find entry android.hardware.keymaster@3.0::IKeymasterDevice/default in either framework or device manifest.
01-15 16:10:39.877 2379 2379 D vndksupport: Loading /vendor/lib64/hw/android.hardware.keymaster@3.0-impl.so from current namespace instead of sphal namespace.
01-15 16:10:39.898 2379 2379 I android.hardware.keymaster@3.0-impl: Fetching keymaster device name default
01-15 16:10:39.907 2379 2379 I android.hardware.keymaster@3.0-impl: Found keymaster0 module Keymaster OpenSSL HAL, version 2
01-15 16:10:39.907 2379 2379 I android.hardware.keymaster@3.0-impl: Keymaster0 module is software-only. Using SoftKeymasterDevice instead.
01-15 16:10:39.994 2351 2351 I Netd : Creating child chains: 141.6ms
01-15 16:10:39.995 2351 2351 I Netd : Setting up OEM hooks: 0.4ms
01-15 16:10:39.997 2351 2351 I Netd : Setting up FirewallController hooks: 2.1ms
01-15 16:10:39.998 2351 2351 I Netd : Setting up NatController hooks: 1.3ms
01-15 16:10:39.999 2351 2351 I Netd : Setting up BandwidthController hooks: 0.9ms
01-15 16:10:39.999 2351 2351 I Netd : Setting up IdletimerController hooks: 0.0ms
01-15 16:10:40.005 2351 2351 W IptablesRestoreController: iptables-restore process 2405 terminated status=256
01-15 16:10:40.005 2351 2351 E IptablesRestoreController: iptables error:
01-15 16:10:40.005 2351 2351 E IptablesRestoreController: ------- COMMAND -------
01-15 16:10:40.005 2351 2351 E IptablesRestoreController: *filter
01-15 16:10:40.005 2351 2351 E IptablesRestoreController: -A bw_INPUT -m owner --socket-exists
01-15 16:10:40.005 2351 2351 E IptablesRestoreController: -A bw_OUTPUT -m owner --socket-exists
01-15 16:10:40.005 2351 2351 E IptablesRestoreController: -A bw_costly_shared --jump bw_penalty_box
01-15 16:10:40.005 2351 2351 E IptablesRestoreController: -A bw_penalty_box --jump bw_happy_box
01-15 16:10:40.005 2351 2351 E IptablesRestoreController: -A bw_happy_box --jump bw_data_saver
01-15 16:10:40.005 2351 2351 E IptablesRestoreController: -A bw_data_saver -j RETURN
01-15 16:10:40.005 2351 2351 E IptablesRestoreController: -I bw_happy_box -m owner --uid-owner 0-9999 --jump RETURN
01-15 16:10:40.005 2351 2351 E IptablesRestoreController: COMMIT
01-15 16:10:40.005 2351 2351 E IptablesRestoreController: *raw
01-15 16:10:40.005 2351 2351 E IptablesRestoreController: -A bw_raw_PREROUTING -m owner --socket-exists
01-15 16:10:40.005 2351 2351 E IptablesRestoreController: COMMIT
01-15 16:10:40.005 2351 2351 E IptablesRestoreController: *mangle
01-15 16:10:40.005 2351 2351 E IptablesRestoreController: -A bw_mangle_POSTROUTING -m owner --socket-exists
01-15 16:10:40.005 2351 2351 E IptablesRestoreController: COMMIT
01-15 16:10:40.005 2351 2351 E IptablesRestoreController:
01-15 16:10:40.005 2351 2351 E IptablesRestoreController: ------- ERROR -------
01-15 16:10:40.005 2351 2351 E IptablesRestoreController: iptables-restore: line 181 failed
01-15 16:10:40.005 2351 2351 E IptablesRestoreController: ----------------------
01-15 16:10:40.009 2351 2351 W IptablesRestoreController: iptables-restore process 2406 terminated status=256
01-15 16:10:40.009 2351 2351 E IptablesRestoreController: iptables error:
01-15 16:10:40.009 2351 2351 E IptablesRestoreController: ------- COMMAND -------
01-15 16:10:40.009 2351 2351 E IptablesRestoreController: *filter
01-15 16:10:40.009 2351 2351 E IptablesRestoreController: -A bw_INPUT -m owner --socket-exists
01-15 16:10:40.009 2351 2351 E IptablesRestoreController: -A bw_OUTPUT -m owner --socket-exists
01-15 16:10:40.009 2351 2351 E IptablesRestoreController: -A bw_costly_shared --jump bw_penalty_box
01-15 16:10:40.009 2351 2351 E IptablesRestoreController: -A bw_penalty_box --jump bw_happy_box
01-15 16:10:40.009 2351 2351 E IptablesRestoreController: -A bw_happy_box --jump bw_data_saver
01-15 16:10:40.009 2351 2351 E IptablesRestoreController: -A bw_data_saver -j RETURN
01-15 16:10:40.009 2351 2351 E IptablesRestoreController: -I bw_happy_box -m owner --uid-owner 0-9999 --jump RETURN
01-15 16:10:40.009 2351 2351 E IptablesRestoreController: COMMIT
01-15 16:10:40.009 2351 2351 E IptablesRestoreController: *raw
01-15 16:10:40.009 2351 2351 E IptablesRestoreController: -A bw_raw_PREROUTING -m owner --socket-exists
01-15 16:10:40.009 2351 2351 E IptablesRestoreController: COMMIT
01-15 16:10:40.009 2351 2351 E IptablesRestoreController: *mangle
01-15 16:10:40.009 2351 2351 E IptablesRestoreController: -A bw_mangle_POSTROUTING -m owner --socket-exists
01-15 16:10:40.009 2351 2351 E IptablesRestoreController: COMMIT
01-15 16:10:40.009 2351 2351 E IptablesRestoreController:
01-15 16:10:40.009 2351 2351 E IptablesRestoreController: ------- ERROR -------
01-15 16:10:40.009 2351 2351 E IptablesRestoreController: ip6tables-restore: line 166 failed
01-15 16:10:40.009 2351 2351 E IptablesRestoreController: ----------------------
01-15 16:10:40.009 2351 2351 I Netd : Disabling bandwidth control: 9.7ms
01-15 16:10:40.013 2412 2412 I /sbin/modprobe: Parsing file /system/etc/modules.blacklist...
01-15 16:10:40.013 2412 2412 I /sbin/modprobe: Parsing file /system/lib/modules/4.15.0-rc8-android-x86_64-g1ea5295b613f/modules.alias...
01-15 16:10:40.066 2412 2412 E ProbeModule: insmod_by_dep: cannot load module: [netdev-dummy0]
01-15 16:10:40.066 2412 2412 W /sbin/modprobe: failed to load netdev-dummy0: Invalid argument
01-15 16:10:40.071 2351 2351 E Netd : cannot find interface dummy0
01-15 16:10:40.071 2351 2351 I Netd : Initializing RouteController: 61.9ms
01-15 16:10:40.074 2415 2415 I /sbin/modprobe: Parsing file /system/etc/modules.blacklist...
01-15 16:10:40.074 2415 2415 I /sbin/modprobe: Parsing file /system/lib/modules/4.15.0-rc8-android-x86_64-g1ea5295b613f/modules.alias...
01-15 16:10:40.094 2415 2415 E ProbeModule: insmod_by_dep: cannot load module: [net-pf-16-proto-5]
01-15 16:10:40.094 2415 2415 W /sbin/modprobe: failed to load net-pf-16-proto-5: Invalid argument
01-15 16:10:40.096 2351 2351 E Netd : Unable to create netlink socket: Protocol not supported
01-15 16:10:40.096 2351 2351 W Netd : Unable to open qlog quota socket, check if xt_quota2 can send via UeventHandler
01-15 16:10:40.096 2351 2351 D MDnsDS : MDnsSdListener::Hander starting up
01-15 16:10:40.097 2351 2351 I Netd : Registering NetdNativeService: 0.9ms
01-15 16:10:40.097 2351 2351 I Netd : Starting CommandListener: 0.0ms
01-15 16:10:40.098 2351 2351 I Netd : Registering NetdHwService: 0.6ms
01-15 16:10:40.098 2351 2351 I Netd : Netd started in 247ms
01-15 16:10:40.098 2351 2419 D MDnsDS : MDnsSdListener starting to monitor
01-15 16:10:40.098 2351 2419 D MDnsDS : Going to poll with pollCount 1
01-15 16:10:40.166 2366 2366 I android.hardware.wifi@1.0-service: Wifi Hal is booting up...
01-15 16:10:40.211 2359 2359 D android.hardware.cas@1.0-service: android.hardware.cas@1.0-service starting...
01-15 16:10:40.211 2359 2359 I ServiceManagement: Removing namespace from process name android.hardware.cas@1.0-service to cas@1.0-service.
01-15 16:10:40.232 2358 2358 I android.hardwar: type=1400 audit(0.0:214): avc: denied { read write } for name="vndbinder" dev="tmpfs" ino=7605 scontext=u:r:hal_camera_default:s0 tcontext=u:object_r:vndbinder_device:s0 tclass=chr_file permissive=1
01-15 16:10:40.233 2358 2358 I android.hardwar: type=1400 audit(0.0:215): avc: denied { open } for path="/dev/vndbinder" dev="tmpfs" ino=7605 scontext=u:r:hal_camera_default:s0 tcontext=u:object_r:vndbinder_device:s0 tclass=chr_file permissive=1
01-15 16:10:40.233 2358 2358 I android.hardwar: type=1400 audit(0.0:216): avc: denied { ioctl } for path="/dev/vndbinder" dev="tmpfs" ino=7605 ioctlcmd=0x6209 scontext=u:r:hal_camera_default:s0 tcontext=u:object_r:vndbinder_device:s0 tclass=chr_file permissive=1
01-15 16:10:40.233 2358 2358 I android.hardwar: type=1400 audit(0.0:217): avc: denied { map } for path="/dev/vndbinder" dev="tmpfs" ino=7605 scontext=u:r:hal_camera_default:s0 tcontext=u:object_r:vndbinder_device:s0 tclass=chr_file permissive=1
01-15 16:10:40.233 2358 2358 I android.hardwar: type=1400 audit(0.0:218): avc: denied { read } for name="vendor" dev="tmpfs" ino=7264 scontext=u:r:hal_camera_default:s0 tcontext=u:object_r:tmpfs:s0 tclass=lnk_file permissive=1
01-15 16:10:40.233 2358 2358 I android.hardware.camera.provider@2.4-service: Camera provider Service is starting.
01-15 16:10:40.234 2358 2358 D vndksupport: Loading /vendor/lib/hw/android.hardware.camera.provider@2.4-impl.so from current namespace instead of sphal namespace.
01-15 16:10:40.261 2387 2387 I /vendor/bin/hw/android.hardware.media.omx@1.0-service: mediacodecservice starting
01-15 16:10:40.261 2387 2387 W /vendor/bin/hw/android.hardware.media.omx@1.0-service: No seccomp policy defined for this architecture.
01-15 16:10:40.281 2387 2387 I android.hardwar: type=1400 audit(0.0:219): avc: denied { read } for name="vendor" dev="tmpfs" ino=7264 scontext=u:r:mediacodec:s0 tcontext=u:object_r:tmpfs:s0 tclass=lnk_file permissive=1
01-15 16:10:40.290 2380 2380 I mediaserver: ServiceManager: 0xeda37340
01-15 16:10:40.297 2387 2387 W MediaCodecsXmlParser: unable to open media codecs configuration xml file: /data/misc/media/media_codecs_profiling_results.xml
01-15 16:10:40.298 2387 2387 W MediaCodecsXmlParser: parseTopLevelXMLFile(/data/misc/media/media_codecs_profiling_results.xml) failed
01-15 16:10:40.301 2387 2387 I ServiceManagement: Removing namespace from process name android.hardware.media.omx@1.0-service to omx@1.0-service.
01-15 16:10:40.319 2387 2387 W MediaCodecsXmlParser: unable to open media codecs configuration xml file: /data/misc/media/media_codecs_profiling_results.xml
01-15 16:10:40.319 2387 2387 W MediaCodecsXmlParser: parseTopLevelXMLFile(/data/misc/media/media_codecs_profiling_results.xml) failed
01-15 16:10:40.319 2387 2387 I ServiceManagement: Removing namespace from process name android.hardware.media.omx@1.0-service to omx@1.0-service.
01-15 16:10:40.320 2369 2369 I /system/bin/surfaceflinger: android::hardware::configstore::V1_0::ISurfaceFlingerConfigs::maxFrameBufferAcquiredBuffers retrieved: 3
01-15 16:10:40.330 2369 2369 I /system/bin/surfaceflinger: android::hardware::configstore::V1_0::ISurfaceFlingerConfigs::startGraphicsAllocatorService retrieved: 1
01-15 16:10:40.330 2369 2369 I surfaceflinger: type=1400 audit(0.0:220): avc: denied { read } for name="vendor" dev="tmpfs" ino=7264 scontext=u:r:surfaceflinger:s0 tcontext=u:object_r:tmpfs:s0 tclass=lnk_file permissive=1
01-15 16:10:40.331 2369 2369 D vndksupport: Loading /vendor/lib64/hw/android.hardware.graphics.allocator@2.0-impl.so from current namespace instead of sphal namespace.
01-15 16:10:40.334 2369 2369 D vndksupport: Loading /vendor/lib64/hw/gralloc.drm.so from current namespace instead of sphal namespace.
01-15 16:10:40.336 2387 2387 I /vendor/bin/hw/android.hardware.media.omx@1.0-service: Treble OMX service created.
01-15 16:10:40.360 2358 2358 D Camera_Factory: CameraFactory::CameraFactory
01-15 16:10:40.360 2358 2358 D Camera_Factory: CameraFactory::parseConfig: configFile = /etc/camera.cfg
01-15 16:10:40.360 2358 2358 D Camera_Factory: /etc/camera.cfg not found, using camera configuration defaults
01-15 16:10:40.360 2358 2358 D Camera_Factory: Found device /dev/video0
01-15 16:10:40.360 2358 2358 D Camera_Factory: CameraFactory::newCameraConfig: 0 -> /dev/video0 (0)
01-15 16:10:40.360 2358 2358 D Camera_Factory: CameraFactory::get_number_of_cameras
01-15 16:10:40.360 2358 2358 D Camera_Factory: CameraFactory::getCameraNum: 1
01-15 16:10:40.360 2358 2358 I CamProvider@2.4-impl: Loaded "Camera Module" camera module
01-15 16:10:40.360 2358 2358 I CamProvider@2.4-impl: setUpVendorTags: No vendor tags defined for this device.
01-15 16:10:40.360 2358 2358 D Camera_Factory: CameraFactory::get_number_of_cameras
01-15 16:10:40.360 2358 2358 D Camera_Factory: CameraFactory::getCameraNum: 1
01-15 16:10:40.360 2358 2358 D Camera_Factory: CameraFactory::get_camera_info
01-15 16:10:40.360 2358 2358 D Camera_Factory: CameraFactory::getCameraInfo: id = 0, info = 0xffa8ae18
01-15 16:10:40.360 2358 2358 D Camera_Factory: CameraFactory::getCameraNum: 1
01-15 16:10:40.360 2358 2358 D CameraHardware: CameraHardware::getCameraInfo
01-15 16:10:40.360 2358 2358 I ServiceManagement: Removing namespace from process name android.hardware.camera.provider@2.4-service to provider@2.4-se.
01-15 16:10:40.368 2369 2369 I surfaceflinger: type=1400 audit(0.0:221): avc: denied { read write } for name="card0" dev="tmpfs" ino=8777 scontext=u:r:surfaceflinger:s0 tcontext=u:object_r:device:s0 tclass=chr_file permissive=1
01-15 16:10:40.368 2369 2369 I surfaceflinger: type=1400 audit(0.0:222): avc: denied { open } for path="/dev/dri/card0" dev="tmpfs" ino=8777 scontext=u:r:surfaceflinger:s0 tcontext=u:object_r:device:s0 tclass=chr_file permissive=1
01-15 16:10:40.368 2369 2369 I surfaceflinger: type=1400 audit(0.0:223): avc: denied { ioctl } for path="/dev/dri/card0" dev="tmpfs" ino=8777 ioctlcmd=0x6400 scontext=u:r:surfaceflinger:s0 tcontext=u:object_r:device:s0 tclass=chr_file permissive=1
01-15 16:10:40.369 2369 2369 I GRALLOC-DRM: create intel for driver i915
01-15 16:10:40.369 2293 2293 E SELinux : avc: denied { add } for interface=android.hardware.graphics.allocator::IAllocator pid=2369 scontext=u:r:surfaceflinger:s0 tcontext=u:object_r:hal_graphics_allocator_hwservice:s0 tclass=hwservice_manager permissive=1
01-15 16:10:40.369 2369 2369 I SurfaceFlinger: Registration complete for android.hardware.graphics.allocator@2.0::IAllocator/default.
01-15 16:10:40.375 2369 2369 I SurfaceFlinger: SurfaceFlinger is starting
01-15 16:10:40.375 2369 2369 I /system/bin/surfaceflinger: android::hardware::configstore::V1_0::ISurfaceFlingerConfigs::vsyncEventPhaseOffsetNs retrieved: 1000000 (default)
01-15 16:10:40.375 2369 2369 I /system/bin/surfaceflinger: android::hardware::configstore::V1_0::ISurfaceFlingerConfigs::vsyncSfEventPhaseOffsetNs retrieved: 1000000 (default)
01-15 16:10:40.375 2369 2369 I /system/bin/surfaceflinger: android::hardware::configstore::V1_0::ISurfaceFlingerConfigs::maxVirtualDisplaySize retrieved: 0 (default)
01-15 16:10:40.375 2369 2369 I /system/bin/surfaceflinger: android::hardware::configstore::V1_0::ISurfaceFlingerConfigs::hasSyncFramework retrieved: 1
01-15 16:10:40.375 2369 2369 I /system/bin/surfaceflinger: android::hardware::configstore::V1_0::ISurfaceFlingerConfigs::useContextPriority retrieved: 0 (default)
01-15 16:10:40.375 2369 2369 I /system/bin/surfaceflinger: android::hardware::configstore::V1_0::ISurfaceFlingerConfigs::presentTimeOffsetFromVSyncNs retrieved: 0
01-15 16:10:40.375 2369 2369 I /system/bin/surfaceflinger: android::hardware::configstore::V1_0::ISurfaceFlingerConfigs::useHwcForRGBtoYUV retrieved: 0
01-15 16:10:40.375 2369 2369 I /system/bin/surfaceflinger: android::hardware::configstore::V1_0::ISurfaceFlingerConfigs::maxFrameBufferAcquiredBuffers retrieved: 3
01-15 16:10:40.375 2369 2369 I SurfaceFlinger: Enabling HWC virtual displays
01-15 16:10:40.375 2369 2369 I SurfaceFlinger: Disabling Triple Buffering
01-15 16:10:40.375 2369 2369 I surfaceflinger: type=1400 audit(0.0:224): avc: denied { dac_override } for capability=1 scontext=u:r:surfaceflinger:s0 tcontext=u:r:surfaceflinger:s0 tclass=capability permissive=1
01-15 16:10:40.379 2358 2358 I android.hardware.camera.provider@2.4-service: Registration complete for android.hardware.camera.provider@2.4::ICameraProvider/legacy/0.
01-15 16:10:40.379 2369 2369 I SurfaceFlinger: SurfaceFlinger's main thread ready to run. Initializing graphics H/W...
01-15 16:10:40.380 2369 2369 D vndksupport: Loading /vendor/lib64/egl/libGLES_mesa.so from current namespace instead of sphal namespace.
01-15 16:10:40.382 2356 2356 I android.hardwar: type=1400 audit(0.0:225): avc: denied { read } for name="vendor" dev="tmpfs" ino=7264 scontext=u:r:hal_audio_default:s0 tcontext=u:object_r:tmpfs:s0 tclass=lnk_file permissive=1
01-15 16:10:40.383 2356 2356 D vndksupport: Loading /vendor/lib/hw/android.hardware.audio@2.0-impl.so from current namespace instead of sphal namespace.
01-15 16:10:40.388 2369 2369 D libEGL : loaded /vendor/lib64/egl/libGLES_mesa.so
01-15 16:10:40.408 2356 2356 I ServiceManagement: Removing namespace from process name android.hardware.audio@2.0-service to audio@2.0-servi.
01-15 16:10:40.408 2356 2356 I audiohalservice: Registration complete for android.hardware.audio@2.0::IDevicesFactory/default.
01-15 16:10:40.408 2356 2356 D vndksupport: Loading /vendor/lib/hw/android.hardware.audio.effect@2.0-impl.so from current namespace instead of sphal namespace.
01-15 16:10:40.439 2369 2369 I surfaceflinger: type=1400 audit(0.0:226): avc: denied { getattr } for path="/dev/dri/card0" dev="tmpfs" ino=8777 scontext=u:r:surfaceflinger:s0 tcontext=u:object_r:device:s0 tclass=chr_file permissive=1
01-15 16:10:40.439 2369 2369 D vndksupport: Loading /vendor/lib64/hw/gralloc.drm.so from current namespace instead of sphal namespace.
01-15 16:10:40.445 2382 2382 I mediametrics: ServiceManager: 0x72b546c3e680
01-15 16:10:40.445 2382 2382 D MediaAnalyticsService: MediaAnalyticsService created
01-15 16:10:40.445 2382 2382 D MediaAnalyticsService: MediaAnalyticsService::newSummarizerSet
01-15 16:10:40.447 2356 2356 I audiohalservice: Registration complete for android.hardware.audio.effect@2.0::IEffectsFactory/default.
01-15 16:10:40.447 2293 2293 W /system/bin/hwservicemanager: getTransport: Cannot find entry android.hardware.soundtrigger@2.0::ISoundTriggerHw/default in either framework or device manifest.
01-15 16:10:40.447 2356 2356 D vndksupport: Loading /vendor/lib/hw/android.hardware.soundtrigger@2.0-impl.so from current namespace instead of sphal namespace.
01-15 16:10:40.452 2356 2356 E SoundTriggerHalImpl: couldn't load sound trigger module sound_trigger.primary (No such file or directory)
01-15 16:10:40.452 2356 2356 I audiohalservice: Registration complete for android.hardware.soundtrigger@2.0::ISoundTriggerHw/default.
01-15 16:10:40.474 2376 2376 I cameraserver: ServiceManager: 0xf4db7340
01-15 16:10:40.486 2376 2376 I CameraService: CameraService started (pid=2376)
01-15 16:10:40.486 2376 2376 I CameraService: CameraService process starting
01-15 16:10:40.486 2376 2376 W BatteryNotifier: batterystats service unavailable!
01-15 16:10:40.486 2376 2376 W BatteryNotifier: batterystats service unavailable!
01-15 16:10:40.493 2369 2369 I EGL-MAIN: found extension DRI_Core version 2
01-15 16:10:40.493 2369 2369 I EGL-MAIN: found extension DRI_DRI2 version 4
01-15 16:10:40.495 2376 2376 I CameraProviderManager: Connecting to new camera provider: legacy/0, isRemote? 1
01-15 16:10:40.496 2376 2376 I CameraProviderManager: Enumerating new camera device: device@1.0/legacy/0
01-15 16:10:40.496 2358 2358 D Camera_Factory: CameraFactory::get_number_of_cameras
01-15 16:10:40.496 2358 2358 D Camera_Factory: CameraFactory::getCameraNum: 1
01-15 16:10:40.496 2358 2358 I CamDev@1.0-impl: Opening camera 0
01-15 16:10:40.496 2358 2358 D Camera_Factory: CameraFactory::get_camera_info
01-15 16:10:40.496 2358 2358 D Camera_Factory: CameraFactory::getCameraInfo: id = 0, info = 0xffa8aaf8
01-15 16:10:40.496 2358 2358 D Camera_Factory: CameraFactory::getCameraNum: 1
01-15 16:10:40.496 2358 2358 D CameraHardware: CameraHardware::getCameraInfo
01-15 16:10:40.496 2358 2358 D Camera_Factory: CameraFactory::device_open: name = 0
01-15 16:10:40.496 2358 2358 D Camera_Factory: CameraFactory::cameraDeviceOpen: id = 0
01-15 16:10:40.496 2358 2358 D Camera_Factory: CameraFactory::getCameraNum: 1
01-15 16:10:40.496 2358 2358 D CameraHardware: CameraHardware::PowerOn: Power ON camera.
01-15 16:10:40.496 2358 2358 D CameraHardware: CameraHardware::PowerOn: no power_file set
01-15 16:10:40.496 2358 2358 D CameraHardware: CameraHardware::initDefaultParameters
01-15 16:10:40.523 2369 2369 I EGL-MAIN: found extension DRI_TexBuffer version 3
01-15 16:10:40.523 2369 2369 I EGL-MAIN: found extension DRI2_Flush version 4
01-15 16:10:40.523 2369 2369 I EGL-MAIN: found extension DRI_IMAGE version 16
01-15 16:10:40.523 2369 2369 I EGL-MAIN: found extension DRI2_Fence version 2
01-15 16:10:40.523 2369 2369 I EGL-MAIN: found extension DRI_RENDERER_QUERY version 1
