--------- beginning of kernel
07-22 19:47:16.952 0 0 I : Linux version 4.16.0-android-x86_64-g6ca95bc28343 (maurossi@ANDROIDDEV) (gcc version 4.6 20120106 (prerelease) (GCC)) #9 SMP PREEMPT Sat Jul 14 12:22:42 CEST 2018
07-22 19:47:16.952 0 0 I Command line: root=/dev/ram0 androidboot.selinux=permissive vmalloc=512M DEBUG=2 SRC=/android-2018-07-14
07-22 19:47:16.952 0 0 I : KERNEL supported cpus:
07-22 19:47:16.952 0 0 I : Intel GenuineIntel
07-22 19:47:16.952 0 0 I : AMD AuthenticAMD
07-22 19:47:16.952 0 0 I : Centaur CentaurHauls
07-22 19:47:16.952 0 0 I x86/fpu : Supporting XSAVE feature 0x001: 'x87 floating point registers'
07-22 19:47:16.952 0 0 I x86/fpu : Supporting XSAVE feature 0x002: 'SSE registers'
07-22 19:47:16.952 0 0 I x86/fpu : Enabled xstate features 0x3, context size is 576 bytes, using 'standard' format.
07-22 19:47:16.952 0 0 I e820 : BIOS-provided physical RAM map:
07-22 19:47:16.952 0 0 I BIOS-e820: [mem 0x0000000000000000-0x000000000009d7ff] usable
07-22 19:47:16.952 0 0 I BIOS-e820: [mem 0x000000000009d800-0x000000000009ffff] reserved
07-22 19:47:16.952 0 0 I BIOS-e820: [mem 0x00000000000e0000-0x00000000000fffff] reserved
07-22 19:47:16.952 0 0 I BIOS-e820: [mem 0x0000000000100000-0x00000000dd4dcfff] usable
07-22 19:47:16.952 0 0 I BIOS-e820: [mem 0x00000000dd4dd000-0x00000000dda70fff] reserved
07-22 19:47:16.952 0 0 I BIOS-e820: [mem 0x00000000dda71000-0x00000000dda80fff] ACPI data
07-22 19:47:16.952 0 0 I BIOS-e820: [mem 0x00000000dda81000-0x00000000ddb9efff] ACPI NVS
07-22 19:47:16.952 0 0 I BIOS-e820: [mem 0x00000000ddb9f000-0x00000000de80ffff] reserved
07-22 19:47:16.952 0 0 I BIOS-e820: [mem 0x00000000de810000-0x00000000de810fff] usable
07-22 19:47:16.952 0 0 I BIOS-e820: [mem 0x00000000de811000-0x00000000de853fff] ACPI NVS
07-22 19:47:16.952 0 0 I BIOS-e820: [mem 0x00000000de854000-0x00000000dec85fff] usable
07-22 19:47:16.952 0 0 I BIOS-e820: [mem 0x00000000dec86000-0x00000000deff3fff] reserved
07-22 19:47:16.952 0 0 I BIOS-e820: [mem 0x00000000deff4000-0x00000000deffffff] usable
07-22 19:47:16.952 0 0 I BIOS-e820: [mem 0x00000000f8000000-0x00000000fbffffff] reserved
07-22 19:47:16.952 0 0 I BIOS-e820: [mem 0x00000000fec00000-0x00000000fec00fff] reserved
07-22 19:47:16.952 0 0 I BIOS-e820: [mem 0x00000000fed00000-0x00000000fed03fff] reserved
07-22 19:47:16.952 0 0 I BIOS-e820: [mem 0x00000000fed1c000-0x00000000fed1ffff] reserved
07-22 19:47:16.952 0 0 I BIOS-e820: [mem 0x00000000fee00000-0x00000000fee00fff] reserved
07-22 19:47:16.952 0 0 I BIOS-e820: [mem 0x00000000ff000000-0x00000000ffffffff] reserved
07-22 19:47:16.952 0 0 I BIOS-e820: [mem 0x0000000100000000-0x000000011effffff] usable
07-22 19:47:16.952 0 0 I : NX (Execute Disable) protection: active
07-22 19:47:16.952 0 0 I random : fast init done
07-22 19:47:16.952 0 0 I : SMBIOS 2.7 present.
07-22 19:47:16.952 0 0 I DMI : System manufacturer System Product Name/H61M-K, BIOS 0801 07/21/2014
07-22 19:47:16.952 0 0 D e820 : update [mem 0x00000000-0x00000fff] usable ==> reserved
07-22 19:47:16.952 0 0 D e820 : remove [mem 0x000a0000-0x000fffff] usable
07-22 19:47:16.952 0 0 I e820 : last_pfn = 0x11f000 max_arch_pfn = 0x400000000
07-22 19:47:16.952 0 0 D : MTRR default type: uncachable
07-22 19:47:16.952 0 0 D : MTRR fixed ranges enabled:
07-22 19:47:16.952 0 0 D : 00000-9FFFF write-back
07-22 19:47:16.952 0 0 D : A0000-BFFFF uncachable
07-22 19:47:16.952 0 0 D : C0000-CFFFF write-protect
07-22 19:47:16.952 0 0 D : D0000-E7FFF uncachable
07-22 19:47:16.952 0 0 D : E8000-FFFFF write-protect
07-22 19:47:16.952 0 0 D : MTRR variable ranges enabled:
07-22 19:47:16.952 0 0 D : 0 base 000000000 mask F00000000 write-back
07-22 19:47:16.952 0 0 D : 1 base 100000000 mask FF0000000 write-back
07-22 19:47:16.952 0 0 D : 2 base 110000000 mask FF8000000 write-back
07-22 19:47:16.952 0 0 D : 3 base 118000000 mask FFC000000 write-back
07-22 19:47:16.952 0 0 D : 4 base 11C000000 mask FFE000000 write-back
07-22 19:47:16.952 0 0 D : 5 base 11E000000 mask FFF000000 write-back
07-22 19:47:16.952 0 0 D : 6 base 0E0000000 mask FE0000000 uncachable
07-22 19:47:16.952 0 0 D : 7 disabled
07-22 19:47:16.952 0 0 D : 8 disabled
07-22 19:47:16.952 0 0 D : 9 disabled
07-22 19:47:16.952 0 0 I x86/PAT : Configuration [0-7]: WB WC UC- UC WB WP UC- WT
07-22 19:47:16.952 0 0 D e820 : update [mem 0xe0000000-0xffffffff] usable ==> reserved
07-22 19:47:16.952 0 0 I e820 : last_pfn = 0xdf000 max_arch_pfn = 0x400000000
07-22 19:47:16.952 0 0 I : found SMP MP-table at [mem 0x000fd6d0-0x000fd6df] mapped at [ (ptrval)]
07-22 19:47:16.952 0 0 D : Base memory trampoline at [ (ptrval)] 97000 size 24576
07-22 19:47:16.952 0 0 D : BRK [0x49dfc000, 0x49dfcfff] PGTABLE
07-22 19:47:16.952 0 0 D : BRK [0x49dfd000, 0x49dfdfff] PGTABLE
07-22 19:47:16.952 0 0 D : BRK [0x49dfe000, 0x49dfefff] PGTABLE
07-22 19:47:16.952 0 0 D : BRK [0x49dff000, 0x49dfffff] PGTABLE
07-22 19:47:16.952 0 0 D : BRK [0x49e00000, 0x49e00fff] PGTABLE
07-22 19:47:16.952 0 0 D : BRK [0x49e01000, 0x49e01fff] PGTABLE
07-22 19:47:16.952 0 0 D : BRK [0x49e02000, 0x49e02fff] PGTABLE
07-22 19:47:16.952 0 0 D : BRK [0x49e03000, 0x49e03fff] PGTABLE
07-22 19:47:16.952 0 0 D : BRK [0x49e04000, 0x49e04fff] PGTABLE
07-22 19:47:16.952 0 0 D : BRK [0x49e05000, 0x49e05fff] PGTABLE
07-22 19:47:16.952 0 0 I RAMDISK : [mem 0x7fea4000-0x7ffeffff]
07-22 19:47:16.952 0 0 I ACPI : Early table checksum verification disabled
07-22 19:47:16.952 0 0 I ACPI : RSDP 0x00000000000F0490 000024 (v02 ALASKA)
07-22 19:47:16.952 0 0 I ACPI : XSDT 0x00000000DDA75078 00006C (v01 ALASKA A M I 01072009 AMI 00010013)
07-22 19:47:16.952 0 0 I ACPI : FACP 0x00000000DDA7F150 00010C (v05 ALASKA A M I 01072009 AMI 00010013)
07-22 19:47:16.952 0 0 I ACPI : DSDT 0x00000000DDA75180 009FCD (v02 ALASKA A M I 00000022 INTL 20051117)
07-22 19:47:16.952 0 0 I ACPI : FACS 0x00000000DDB9D080 000040
07-22 19:47:16.952 0 0 I ACPI : APIC 0x00000000DDA7F260 000062 (v03 ALASKA A M I 01072009 AMI 00010013)
07-22 19:47:16.952 0 0 I ACPI : FPDT 0x00000000DDA7F2C8 000044 (v01 ALASKA A M I 01072009 AMI 00010013)
07-22 19:47:16.952 0 0 I ACPI : MCFG 0x00000000DDA7F310 00003C (v01 ALASKA A M I 01072009 MSFT 00000097)
07-22 19:47:16.952 0 0 I ACPI : HPET 0x00000000DDA7F350 000038 (v01 ALASKA A M I 01072009 AMI. 00000005)
07-22 19:47:16.952 0 0 I ACPI : SSDT 0x00000000DDA7F388 00036D (v01 SataRe SataTabl 00001000 INTL 20091112)
07-22 19:47:16.952 0 0 I ACPI : BGRT 0x00000000DDA80AD0 000038 (v00 ALASKA A M I 01072009 AMI 00010013)
07-22 19:47:16.952 0 0 I ACPI : SSDT 0x00000000DDA7F750 0008E4 (v01 PmRef Cpu0Ist 00003000 INTL 20051117)
07-22 19:47:16.952 0 0 I ACPI : SSDT 0x00000000DDA80038 000A92 (v01 PmRef CpuPm 00003000 INTL 20051117)
07-22 19:47:16.952 0 0 D ACPI : Local APIC address 0xfee00000
07-22 19:47:16.952 0 0 I tsc : Fast TSC calibration using PIT
07-22 19:47:16.952 0 0 I Zone ranges:
07-22 19:47:16.952 0 0 I : DMA [mem 0x0000000000001000-0x0000000000ffffff]
07-22 19:47:16.952 0 0 I : DMA32 [mem 0x0000000001000000-0x00000000ffffffff]
07-22 19:47:16.952 0 0 I : Normal [mem 0x0000000100000000-0x000000011effffff]
07-22 19:47:16.952 0 0 I : Movable zone start for each node
07-22 19:47:16.952 0 0 I : Early memory node ranges
07-22 19:47:16.952 0 0 I node 0: [mem 0x0000000000001000-0x000000000009cfff]
07-22 19:47:16.952 0 0 I node 0: [mem 0x0000000000100000-0x00000000dd4dcfff]
07-22 19:47:16.952 0 0 I node 0: [mem 0x00000000de810000-0x00000000de810fff]
07-22 19:47:16.952 0 0 I node 0: [mem 0x00000000de854000-0x00000000dec85fff]
07-22 19:47:16.952 0 0 I node 0: [mem 0x00000000deff4000-0x00000000deffffff]
07-22 19:47:16.952 0 0 I node 0: [mem 0x0000000100000000-0x000000011effffff]
07-22 19:47:16.952 0 0 I : Initmem setup node 0 [mem 0x0000000000001000-0x000000011effffff]
07-22 19:47:16.952 0 0 D : On node 0 totalpages: 1034424
07-22 19:47:16.952 0 0 D DMA zone: 64 pages used for memmap
07-22 19:47:16.952 0 0 D DMA zone: 21 pages reserved
07-22 19:47:16.952 0 0 D DMA zone: 3996 pages, LIFO batch:0
07-22 19:47:16.952 0 0 D DMA32 zone: 14117 pages used for memmap
07-22 19:47:16.952 0 0 D DMA32 zone: 903452 pages, LIFO batch:31
07-22 19:47:16.952 0 0 D Normal zone: 1984 pages used for memmap
07-22 19:47:16.952 0 0 D Normal zone: 126976 pages, LIFO batch:31
07-22 19:47:16.952 0 0 I : Reserved but unavailable: 100 pages
07-22 19:47:16.952 0 0 I ACPI : PM-Timer IO Port: 0x408
07-22 19:47:16.952 0 0 D ACPI : Local APIC address 0xfee00000
07-22 19:47:16.952 0 0 I ACPI : LAPIC_NMI (acpi_id[0xff] high edge lint[0x1])
07-22 19:47:16.952 0 0 I IOAPIC[0]: apic_id 2, version 32, address 0xfec00000, GSI 0-23
07-22 19:47:16.952 0 0 I ACPI : INT_SRC_OVR (bus 0 bus_irq 0 global_irq 2 dfl dfl)
07-22 19:47:16.952 0 0 I ACPI : INT_SRC_OVR (bus 0 bus_irq 9 global_irq 9 high level)
07-22 19:47:16.952 0 0 D ACPI : IRQ0 used by override.
07-22 19:47:16.952 0 0 D ACPI : IRQ9 used by override.
07-22 19:47:16.952 0 0 I : Using ACPI (MADT) for SMP configuration information
07-22 19:47:16.952 0 0 I ACPI : HPET id: 0x8086a701 base: 0xfed00000
07-22 19:47:16.952 0 0 I smpboot : Allowing 2 CPUs, 0 hotplug CPUs
07-22 19:47:16.952 0 0 I e820 : [mem 0xdf000000-0xf7ffffff] available for PCI devices
07-22 19:47:16.952 0 0 I : Booting paravirtualized kernel on bare hardware
07-22 19:47:16.952 0 0 I clocksource: refined-jiffies: mask: 0xffffffff max_cycles: 0xffffffff, max_idle_ns: 1910969940391419 ns
07-22 19:47:16.952 0 0 I setup_percpu: NR_CPUS:8 nr_cpumask_bits:8 nr_cpu_ids:2 nr_node_ids:1
07-22 19:47:16.952 0 0 I percpu : Embedded 44 pages/cpu @ (ptrval) s140312 r8192 d31720 u1048576
07-22 19:47:16.952 0 0 D pcpu-alloc: s140312 r8192 d31720 u1048576 alloc=1*2097152
07-22 19:47:16.952 0 0 D pcpu-alloc: [0] 0 1
07-22 19:47:16.952 0 0 I : Built 1 zonelists, mobility grouping on. Total pages: 1018238
07-22 19:47:16.952 0 0 I : Kernel command line: root=/dev/ram0 androidboot.selinux=permissive vmalloc=512M DEBUG=2 SRC=/android-2018-07-14
07-22 19:47:16.952 0 0 I : Dentry cache hash table entries: 524288 (order: 10, 4194304 bytes)
07-22 19:47:16.952 0 0 I : Inode-cache hash table entries: 262144 (order: 9, 2097152 bytes)
07-22 19:47:16.952 0 0 I Memory : 3973624K/4137696K available (12300K kernel code, 1090K rwdata, 3816K rodata, 1444K init, 576K bss, 164072K reserved, 0K cma-reserved)
07-22 19:47:16.952 0 0 I ftrace : allocating 34855 entries in 137 pages
07-22 19:47:16.952 0 0 I : Preemptible hierarchical RCU implementation.
07-22 19:47:16.952 0 0 I : RCU restricting CPUs from NR_CPUS=8 to nr_cpu_ids=2.
07-22 19:47:16.952 0 0 I : Tasks RCU enabled.
07-22 19:47:16.952 0 0 I RCU : Adjusting geometry for rcu_fanout_leaf=16, nr_cpu_ids=2
07-22 19:47:16.952 0 0 I NR_IRQS : 4352, nr_irqs: 440, preallocated irqs: 16
07-22 19:47:16.952 0 0 I Console : colour VGA+ 80x25
07-22 19:47:16.952 0 0 I : console [tty0] enabled
07-22 19:47:16.952 0 0 I ACPI : Core revision 20180105
07-22 19:47:16.952 0 0 I ACPI : 4 ACPI AML tables successfully acquired and loaded
07-22 19:47:16.952 0 0 I clocksource: hpet: mask: 0xffffffff max_cycles: 0xffffffff, max_idle_ns: 133484882848 ns
07-22 19:47:16.952 0 0 D : hpet clockevent registered
07-22 19:47:16.952 0 0 I APIC : Switch to symmetric I/O mode setup
07-22 19:47:16.952 0 0 I ..TIMER : vector=0x30 apic1=0 pin1=2 apic2=-1 pin2=-1
07-22 19:47:16.957 0 0 I tsc : Fast TSC calibration using PIT
07-22 19:47:16.958 0 0 I tsc : Detected 2793.710 MHz processor
07-22 19:47:16.958 0 0 I clocksource: tsc-early: mask: 0xffffffffffffffff max_cycles: 0x28450b2ca22, max_idle_ns: 440795325463 ns
07-22 19:47:16.958 0 0 I : Calibrating delay loop (skipped), value calculated using timer frequency.. 5587.42 BogoMIPS (lpj=2793710)
07-22 19:47:16.958 0 0 I pid_max : default: 32768 minimum: 301
07-22 19:47:16.958 0 0 I : Security Framework initialized
07-22 19:47:16.958 0 0 I SELinux : Initializing.
07-22 19:47:16.958 0 0 D SELinux : Starting in permissive mode
07-22 19:47:16.958 0 0 I : Mount-cache hash table entries: 8192 (order: 4, 65536 bytes)
07-22 19:47:16.958 0 0 I : Mountpoint-cache hash table entries: 8192 (order: 4, 65536 bytes)
07-22 19:47:16.958 0 0 I : CPU: Physical Processor ID: 0
07-22 19:47:16.958 0 0 I : CPU: Processor Core ID: 0
07-22 19:47:16.958 0 0 W ENERGY_PERF_BIAS: Set to 'normal', was 'performance'
07-22 19:47:16.958 0 0 W ENERGY_PERF_BIAS: View and update with x86_energy_perf_policy(8)
07-22 19:47:16.958 0 0 I mce : CPU supports 7 MCE banks
07-22 19:47:16.958 0 0 I CPU0 : Thermal monitoring enabled (TM1)
07-22 19:47:16.958 0 0 I process : using mwait in idle threads
07-22 19:47:16.959 0 0 I : Last level iTLB entries: 4KB 512, 2MB 8, 4MB 8
07-22 19:47:16.959 0 0 I : Last level dTLB entries: 4KB 512, 2MB 32, 4MB 32, 1GB 0
07-22 19:47:16.959 0 0 I Spectre V2: Vulnerable: Minimal generic ASM retpoline
07-22 19:47:16.959 0 0 I Spectre V2: Spectre v2 mitigation: Filling RSB on context switch
07-22 19:47:16.960 0 0 I : Freeing SMP alternatives memory: 28K
07-22 19:47:16.960 0 0 D : TSC deadline timer enabled
07-22 19:47:16.960 0 0 I smpboot : CPU0: Intel(R) Pentium(R) CPU G640 @ 2.80GHz (family: 0x6, model: 0x2a, stepping: 0x7)
07-22 19:47:16.964 0 0 I Performance Events: PEBS fmt1+, SandyBridge events, 16-deep LBR, full-width counters, Intel PMU driver.
07-22 19:47:16.964 0 0 I ... version: 3
07-22 19:47:16.964 0 0 I : ... bit width: 48
07-22 19:47:16.964 0 0 I : ... generic registers: 8
07-22 19:47:16.965 0 0 I : ... value mask: 0000ffffffffffff
07-22 19:47:16.965 0 0 I : ... max period: 00007fffffffffff
07-22 19:47:16.965 0 0 I : ... fixed-purpose events: 3
07-22 19:47:16.965 0 0 I : ... event mask: 00000007000000ff
07-22 19:47:16.966 0 0 I : Hierarchical SRCU implementation.
07-22 19:47:16.970 0 0 I NMI watchdog: Enabled. Permanently consumes one hw-PMU counter.
07-22 19:47:16.972 0 0 I smp : Bringing up secondary CPUs ...
07-22 19:47:16.980 0 0 I : x86: Booting SMP configuration:
07-22 19:47:16.980 0 0 I : .... node #0, CPUs: #1
07-22 19:47:16.981 0 0 I smp : Brought up 1 node, 2 CPUs
07-22 19:47:16.981 0 0 I smpboot : Max logical packages: 1
07-22 19:47:16.981 0 0 I smpboot : Total of 2 processors activated (11174.84 BogoMIPS)
07-22 19:47:16.983 0 0 I PM : Registering ACPI NVS region [mem 0xdda81000-0xddb9efff] (1171456 bytes)
07-22 19:47:16.983 0 0 I PM : Registering ACPI NVS region [mem 0xde811000-0xde853fff] (274432 bytes)
07-22 19:47:16.983 0 0 I clocksource: jiffies: mask: 0xffffffff max_cycles: 0xffffffff, max_idle_ns: 1911260446275000 ns
07-22 19:47:16.983 0 0 I : futex hash table entries: 512 (order: 3, 32768 bytes)
07-22 19:47:16.983 0 0 I pinctrl core: initialized pinctrl subsystem
07-22 19:47:16.983 0 0 I RTC time: 19:47:17, date: 07/22/18
07-22 19:47:16.983 0 0 I NET : Registered protocol family 16
07-22 19:47:16.983 0 0 I audit : initializing netlink subsys (disabled)
07-22 19:47:16.984 0 0 I cpuidle : using governor ladder
07-22 19:47:16.984 0 0 I cpuidle : using governor menu
07-22 19:47:16.984 0 0 I : ACPI FADT declares the system doesn't support PCIe ASPM, so disable it
07-22 19:47:16.984 0 0 I ACPI : bus type PCI registered
07-22 19:47:16.984 0 0 I acpiphp : ACPI Hot Plug PCI Controller Driver version: 0.5
07-22 19:47:16.985 0 0 I PCI : MMCONFIG for domain 0000 [bus 00-3f] at [mem 0xf8000000-0xfbffffff] (base 0xf8000000)
07-22 19:47:16.985 0 0 I PCI : MMCONFIG at [mem 0xf8000000-0xfbffffff] reserved in E820
07-22 19:47:16.985 0 0 W pmd_set_huge: Cannot satisfy [mem 0xf8000000-0xf8200000] with a huge-page mapping due to MTRR override.
07-22 19:47:16.985 0 0 I PCI : Using configuration type 1 for base access
07-22 19:47:16.985 0 0 I core : PMU erratum BJ122, BV98, HSD29 workaround disabled, HT off
07-22 19:47:16.988 0 0 I cryptd : max_cpu_qlen set to 1000
07-22 19:47:16.988 0 0 I ACPI : Added _OSI(Module Device)
07-22 19:47:16.988 0 0 I ACPI : Added _OSI(Processor Device)
07-22 19:47:16.989 0 0 I ACPI : Added _OSI(3.0 _SCP Extensions)
07-22 19:47:16.989 0 0 I ACPI : Added _OSI(Processor Aggregator Device)
07-22 19:47:16.989 0 0 I ACPI : Executed 1 blocks of module-level executable AML code
07-22 19:47:16.992 0 0 I ACPI : Dynamic OEM Table Load:
07-22 19:47:16.992 0 0 I ACPI : SSDT 0xFFFF92771A29B000 00083B (v01 PmRef Cpu0Cst 00003001 INTL 20051117)
07-22 19:47:16.993 0 0 I ACPI : Dynamic OEM Table Load:
07-22 19:47:16.993 0 0 I ACPI : SSDT 0xFFFF927719796C00 000303 (v01 PmRef ApIst 00003000 INTL 20051117)
07-22 19:47:16.994 0 0 I ACPI : Dynamic OEM Table Load:
07-22 19:47:16.994 0 0 I ACPI : SSDT 0xFFFF9277197F3C00 000119 (v01 PmRef ApCst 00003000 INTL 20051117)
07-22 19:47:16.994 0 0 I ACPI : Interpreter enabled
07-22 19:47:16.994 0 0 I ACPI : (supports S0 S3 S5)
07-22 19:47:16.994 0 0 I ACPI : Using IOAPIC for interrupt routing
07-22 19:47:16.994 0 0 I PCI : Using host bridge windows from ACPI; if necessary, use "pci=nocrs" and report a bug
07-22 19:47:16.994 0 0 I ACPI : Enabled 9 GPEs in block 00 to 3F
07-22 19:47:16.999 0 0 I ACPI : Power Resource [FN00] (off)
07-22 19:47:16.999 0 0 I ACPI : Power Resource [FN01] (off)
07-22 19:47:17.000 0 0 I ACPI : Power Resource [FN02] (off)
07-22 19:47:17.000 0 0 I ACPI : Power Resource [FN03] (off)
07-22 19:47:17.000 0 0 I ACPI : Power Resource [FN04] (off)
07-22 19:47:17.000 0 0 I ACPI : PCI Root Bridge [PCI0] (domain 0000 [bus 00-3e])
07-22 19:47:17.000 0 0 I acpi PNP0A08: 00: _OSC: OS supports [ExtendedConfig ASPM ClockPM Segments MSI]
07-22 19:47:17.001 0 0 I acpi PNP0A08: 00: _OSC: platform does not support [PCIeHotplug PME]
07-22 19:47:17.001 0 0 I acpi PNP0A08: 00: _OSC: OS now controls [AER PCIeCapability]
07-22 19:47:17.001 0 0 I acpi PNP0A08: 00: FADT indicates ASPM is unsupported, using BIOS configuration
07-22 19:47:17.001 0 0 I : PCI host bridge to bus 0000:00
07-22 19:47:17.001 0 0 I pci_bus 0000: 00: root bus resource [io 0x0000-0x0cf7 window]
07-22 19:47:17.001 0 0 I pci_bus 0000: 00: root bus resource [io 0x0d00-0xffff window]
07-22 19:47:17.001 0 0 I pci_bus 0000: 00: root bus resource [mem 0x000a0000-0x000bffff window]
07-22 19:47:17.001 0 0 I pci_bus 0000: 00: root bus resource [mem 0x000d0000-0x000d3fff window]
07-22 19:47:17.001 0 0 I pci_bus 0000: 00: root bus resource [mem 0x000d4000-0x000d7fff window]
07-22 19:47:17.001 0 0 I pci_bus 0000: 00: root bus resource [mem 0x000d8000-0x000dbfff window]
07-22 19:47:17.001 0 0 I pci_bus 0000: 00: root bus resource [mem 0x000dc000-0x000dffff window]
07-22 19:47:17.002 0 0 I pci_bus 0000: 00: root bus resource [mem 0x000e0000-0x000e3fff window]
07-22 19:47:17.002 0 0 I pci_bus 0000: 00: root bus resource [mem 0x000e4000-0x000e7fff window]
07-22 19:47:17.002 0 0 I pci_bus 0000: 00: root bus resource [mem 0xe0000000-0xfeafffff window]
07-22 19:47:17.002 0 0 I pci_bus 0000: 00: root bus resource [bus 00-3e]
07-22 19:47:17.002 8086 8086 D pci 0000: 00:00.0: [8086:0100] type 00 class 0x060000
07-22 19:47:17.002 8086 8086 D pci 0000: 00:01.0: [8086:0101] type 01 class 0x060400
07-22 19:47:17.002 0 0 D pci 0000: 00:01.0: PME# supported from D0 D3hot D3cold
07-22 19:47:17.002 8086 8086 D pci 0000: 00:16.0: [8086:1c3a] type 00 class 0x078000
07-22 19:47:17.002 0 0 D pci 0000: 00:16.0: reg 0x10: [mem 0xf7f0a000-0xf7f0a00f 64bit]
07-22 19:47:17.002 0 0 D pci 0000: 00:16.0: PME# supported from D0 D3hot D3cold
07-22 19:47:17.002 8086 8086 D pci 0000: 00:1a.0: [8086:1c2d] type 00 class 0x0c0320
07-22 19:47:17.002 0 0 D pci 0000: 00:1a.0: reg 0x10: [mem 0xf7f08000-0xf7f083ff]
07-22 19:47:17.002 0 0 D pci 0000: 00:1a.0: PME# supported from D0 D3hot D3cold
07-22 19:47:17.002 8086 8086 D pci 0000: 00:1b.0: [8086:1c20] type 00 class 0x040300
07-22 19:47:17.002 0 0 D pci 0000: 00:1b.0: reg 0x10: [mem 0xf7f00000-0xf7f03fff 64bit]
07-22 19:47:17.002 0 0 D pci 0000: 00:1b.0: PME# supported from D0 D3hot D3cold
07-22 19:47:17.002 8086 8086 D pci 0000: 00:1d.0: [8086:1c26] type 00 class 0x0c0320
07-22 19:47:17.003 0 0 D pci 0000: 00:1d.0: reg 0x10: [mem 0xf7f07000-0xf7f073ff]
07-22 19:47:17.003 0 0 D pci 0000: 00:1d.0: PME# supported from D0 D3hot D3cold
07-22 19:47:17.003 8086 8086 D pci 0000: 00:1f.0: [8086:1c5c] type 00 class 0x060100
07-22 19:47:17.003 8086 8086 D pci 0000: 00:1f.2: [8086:1c02] type 00 class 0x010601
07-22 19:47:17.003 0 0 D pci 0000: 00:1f.2: reg 0x10: [io 0xf070-0xf077]
07-22 19:47:17.003 0 0 D pci 0000: 00:1f.2: reg 0x14: [io 0xf060-0xf063]
07-22 19:47:17.003 0 0 D pci 0000: 00:1f.2: reg 0x18: [io 0xf050-0xf057]
07-22 19:47:17.003 0 0 D pci 0000: 00:1f.2: reg 0x1c: [io 0xf040-0xf043]
07-22 19:47:17.003 0 0 D pci 0000: 00:1f.2: reg 0x20: [io 0xf020-0xf03f]
07-22 19:47:17.003 0 0 D pci 0000: 00:1f.2: reg 0x24: [mem 0xf7f06000-0xf7f067ff]
07-22 19:47:17.003 0 0 D pci 0000: 00:1f.2: PME# supported from D3hot
07-22 19:47:17.003 8086 8086 D pci 0000: 00:1f.3: [8086:1c22] type 00 class 0x0c0500
07-22 19:47:17.003 0 0 D pci 0000: 00:1f.3: reg 0x10: [mem 0xf7f05000-0xf7f050ff 64bit]
07-22 19:47:17.003 0 0 D pci 0000: 00:1f.3: reg 0x20: [io 0xf000-0xf01f]
07-22 19:47:17.003 1002 1002 D pci 0000: 01:00.0: [1002:665c] type 00 class 0x030000
07-22 19:47:17.003 0 0 D pci 0000: 01:00.0: reg 0x10: [mem 0xe0000000-0xefffffff 64bit pref]
07-22 19:47:17.003 0 0 D pci 0000: 01:00.0: reg 0x18: [mem 0xf0000000-0xf07fffff 64bit pref]
07-22 19:47:17.003 0 0 D pci 0000: 01:00.0: reg 0x20: [io 0xe000-0xe0ff]
07-22 19:47:17.003 0 0 D pci 0000: 01:00.0: reg 0x24: [mem 0xf7e00000-0xf7e3ffff]
07-22 19:47:17.003 0 0 D pci 0000: 01:00.0: reg 0x30: [mem 0xf7e40000-0xf7e5ffff pref]
07-22 19:47:17.003 0 0 I pci 0000: 01:00.0: enabling Extended Tags
07-22 19:47:17.003 0 0 D pci 0000: 01:00.0: supports D1 D2
07-22 19:47:17.003 0 0 D pci 0000: 01:00.0: PME# supported from D1 D2 D3hot
07-22 19:47:17.003 1002 1002 D pci 0000: 01:00.1: [1002:0002] type 00 class 0x040300
07-22 19:47:17.003 0 0 D pci 0000: 01:00.1: reg 0x10: [mem 0xf7e60000-0xf7e63fff 64bit]
07-22 19:47:17.003 0 0 I pci 0000: 01:00.1: enabling Extended Tags
07-22 19:47:17.003 0 0 D pci 0000: 01:00.1: supports D1 D2
07-22 19:47:17.006 0 0 I pci 0000: 00:01.0: PCI bridge to [bus 01]
07-22 19:47:17.006 0 0 D pci 0000: 00:01.0: bridge window [io 0xe000-0xefff]
07-22 19:47:17.006 0 0 D pci 0000: 00:01.0: bridge window [mem 0xf7e00000-0xf7efffff]
07-22 19:47:17.006 0 0 D pci 0000: 00:01.0: bridge window [mem 0xe0000000-0xf07fffff 64bit pref]
07-22 19:47:17.006 0 0 D pci_bus 0000: 00: on NUMA node 0
07-22 19:47:17.007 0 0 I ACPI : PCI Interrupt Link [LNKA] (IRQs 3 4 5 6 10 *11 12 14 15)
07-22 19:47:17.007 0 0 I ACPI : PCI Interrupt Link [LNKB] (IRQs 3 4 5 6 *10 11 12 14 15)
07-22 19:47:17.007 0 0 I ACPI : PCI Interrupt Link [LNKC] (IRQs 3 4 5 6 10 11 12 *14 15)
07-22 19:47:17.007 0 0 I ACPI : PCI Interrupt Link [LNKD] (IRQs 3 4 *5 6 10 11 12 14 15)
07-22 19:47:17.007 0 0 I ACPI : PCI Interrupt Link [LNKE] (IRQs 3 4 5 6 10 11 12 14 15) *0, disabled.
07-22 19:47:17.007 0 0 I ACPI : PCI Interrupt Link [LNKF] (IRQs 3 4 5 6 10 11 12 14 *15)
07-22 19:47:17.007 0 0 I ACPI : PCI Interrupt Link [LNKG] (IRQs 3 *4 5 6 10 11 12 14 15)
07-22 19:47:17.007 0 0 I ACPI : PCI Interrupt Link [LNKH] (IRQs *3 4 5 6 10 11 12 14 15)
07-22 19:47:17.008 0 0 I pci 0000: 01:00.0: vgaarb: setting as boot VGA device
07-22 19:47:17.008 0 0 I pci 0000: 01:00.0: vgaarb: VGA device added: decodes=io+mem,owns=io+mem,locks=none
07-22 19:47:17.008 0 0 I pci 0000: 01:00.0: vgaarb: bridge control possible
07-22 19:47:17.008 0 0 I vgaarb : loaded
07-22 19:47:17.008 0 0 I : SCSI subsystem initialized
07-22 19:47:17.008 0 0 D : libata version 3.00 loaded.
07-22 19:47:17.008 0 0 I ACPI : bus type USB registered
07-22 19:47:17.008 0 0 I usbcore : registered new interface driver usbfs
07-22 19:47:17.008 0 0 I usbcore : registered new interface driver hub
07-22 19:47:17.008 0 0 I usbcore : registered new device driver usb
07-22 19:47:17.008 0 0 I media : Linux media interface: v0.10
07-22 19:47:17.008 0 0 I : Linux video capture interface: v2.00
07-22 19:47:17.008 0 0 I pps_core: LinuxPPS API ver. 1 registered
07-22 19:47:17.008 0 0 I pps_core: Software ver. 5.3.6 - Copyright 2005-2007 Rodolfo Giometti
07-22 19:47:17.008 0 0 I : PTP clock support registered
07-22 19:47:17.009 0 0 I PCI : Using ACPI for IRQ routing
07-22 19:47:17.010 0 0 D PCI : pci_cache_line_size set to 64 bytes
07-22 19:47:17.010 0 0 D e820 : reserve RAM buffer [mem 0x0009d800-0x0009ffff]
07-22 19:47:17.010 0 0 D e820 : reserve RAM buffer [mem 0xdd4dd000-0xdfffffff]
07-22 19:47:17.010 0 0 D e820 : reserve RAM buffer [mem 0xde811000-0xdfffffff]
07-22 19:47:17.010 0 0 D e820 : reserve RAM buffer [mem 0xdec86000-0xdfffffff]
07-22 19:47:17.010 0 0 D e820 : reserve RAM buffer [mem 0xdf000000-0xdfffffff]
07-22 19:47:17.010 0 0 D e820 : reserve RAM buffer [mem 0x11f000000-0x11fffffff]
07-22 19:47:17.010 0 0 I hpet0 : at MMIO 0xfed00000, IRQs 2, 8, 0, 0, 0, 0, 0, 0
07-22 19:47:17.010 0 0 I hpet0 : 8 comparators, 64-bit 14.318180 MHz counter
07-22 19:47:17.012 0 0 I clocksource: Switched to clocksource tsc-early
07-22 19:47:17.018 0 0 I VFS : Disk quotas dquot_6.6.0
07-22 19:47:17.018 0 0 I VFS : Dquot-cache hash table entries: 512 (order 0, 4096 bytes)
07-22 19:47:17.019 0 0 I pnp : PnP ACPI init
07-22 19:47:17.019 0 0 I system 00: 00: [mem 0xfed40000-0xfed44fff] has been reserved
07-22 19:47:17.019 0 0 D system 00: 00: Plug and Play ACPI device, IDs PNP0c01 (active)
07-22 19:47:17.019 0 0 I system 00: 01: [io 0x0680-0x069f] has been reserved
07-22 19:47:17.019 0 0 I system 00: 01: [io 0x1000-0x100f] has been reserved
07-22 19:47:17.019 0 0 I system 00: 01: [io 0xffff] has been reserved
07-22 19:47:17.019 0 0 I system 00: 01: [io 0xffff] has been reserved
07-22 19:47:17.019 0 0 I system 00: 01: [io 0x0400-0x0453] has been reserved
07-22 19:47:17.019 0 0 I system 00: 01: [io 0x0458-0x047f] has been reserved
07-22 19:47:17.019 0 0 I system 00: 01: [io 0x0500-0x057f] has been reserved
07-22 19:47:17.019 0 0 I system 00: 01: [io 0x164e-0x164f] has been reserved
07-22 19:47:17.019 0 0 D system 00: 01: Plug and Play ACPI device, IDs PNP0c02 (active)
07-22 19:47:17.019 0 0 D pnp 00 : 02: Plug and Play ACPI device, IDs PNP0b00 (active)
07-22 19:47:17.019 0 0 I system 00: 03: [io 0x0454-0x0457] has been reserved
07-22 19:47:17.019 0 0 D system 00: 03: Plug and Play ACPI device, IDs INT3f0d PNP0c02 (active)
07-22 19:47:17.019 0 0 I system 00: 04: [io 0x0290-0x029f] has been reserved
07-22 19:47:17.019 0 0 D system 00: 04: Plug and Play ACPI device, IDs PNP0c02 (active)
07-22 19:47:17.019 0 0 I system 00: 05: [io 0x04d0-0x04d1] has been reserved
07-22 19:47:17.020 0 0 D system 00: 05: Plug and Play ACPI device, IDs PNP0c02 (active)
07-22 19:47:17.020 0 0 D pnp 00 : 06: Plug and Play ACPI device, IDs PNP0303 PNP030b (active)
07-22 19:47:17.020 0 0 I system 00: 07: [mem 0xfed1c000-0xfed1ffff] has been reserved
07-22 19:47:17.020 0 0 I system 00: 07: [mem 0xfed10000-0xfed17fff] has been reserved
07-22 19:47:17.020 0 0 I system 00: 07: [mem 0xfed18000-0xfed18fff] has been reserved
07-22 19:47:17.020 0 0 I system 00: 07: [mem 0xfed19000-0xfed19fff] has been reserved
07-22 19:47:17.020 0 0 I system 00: 07: [mem 0xf8000000-0xfbffffff] has been reserved
07-22 19:47:17.020 0 0 I system 00: 07: [mem 0xfed20000-0xfed3ffff] has been reserved
07-22 19:47:17.020 0 0 I system 00: 07: [mem 0xfed90000-0xfed93fff] has been reserved
07-22 19:47:17.020 0 0 I system 00: 07: [mem 0xfed45000-0xfed8ffff] has been reserved
07-22 19:47:17.020 0 0 I system 00: 07: [mem 0xff000000-0xffffffff] has been reserved
07-22 19:47:17.020 0 0 I system 00: 07: [mem 0xfee00000-0xfeefffff] could not be reserved
07-22 19:47:17.020 0 0 I system 00: 07: [mem 0xf0800000-0xf0800fff] has been reserved
07-22 19:47:17.020 0 0 D system 00: 07: Plug and Play ACPI device, IDs PNP0c02 (active)
07-22 19:47:17.020 0 0 I pnp : PnP ACPI: found 8 devices
07-22 19:47:17.026 0 0 I clocksource: acpi_pm: mask: 0xffffff max_cycles: 0xffffff, max_idle_ns: 2085701024 ns
07-22 19:47:17.026 0 0 I pci 0000: 00:01.0: PCI bridge to [bus 01]
07-22 19:47:17.026 0 0 I pci 0000: 00:01.0: bridge window [io 0xe000-0xefff]
07-22 19:47:17.026 0 0 I pci 0000: 00:01.0: bridge window [mem 0xf7e00000-0xf7efffff]
07-22 19:47:17.026 0 0 I pci 0000: 00:01.0: bridge window [mem 0xe0000000-0xf07fffff 64bit pref]
07-22 19:47:17.026 0 0 D pci_bus 0000: 00: resource 4 [io 0x0000-0x0cf7 window]
07-22 19:47:17.026 0 0 D pci_bus 0000: 00: resource 5 [io 0x0d00-0xffff window]
07-22 19:47:17.026 0 0 D pci_bus 0000: 00: resource 6 [mem 0x000a0000-0x000bffff window]
07-22 19:47:17.026 0 0 D pci_bus 0000: 00: resource 7 [mem 0x000d0000-0x000d3fff window]
07-22 19:47:17.026 0 0 D pci_bus 0000: 00: resource 8 [mem 0x000d4000-0x000d7fff window]
07-22 19:47:17.026 0 0 D pci_bus 0000: 00: resource 9 [mem 0x000d8000-0x000dbfff window]
07-22 19:47:17.026 0 0 D pci_bus 0000: 00: resource 10 [mem 0x000dc000-0x000dffff window]
07-22 19:47:17.026 0 0 D pci_bus 0000: 00: resource 11 [mem 0x000e0000-0x000e3fff window]
07-22 19:47:17.026 0 0 D pci_bus 0000: 00: resource 12 [mem 0x000e4000-0x000e7fff window]
07-22 19:47:17.026 0 0 D pci_bus 0000: 00: resource 13 [mem 0xe0000000-0xfeafffff window]
07-22 19:47:17.026 0 0 D pci_bus 0000: 01: resource 0 [io 0xe000-0xefff]
07-22 19:47:17.026 0 0 D pci_bus 0000: 01: resource 1 [mem 0xf7e00000-0xf7efffff]
07-22 19:47:17.026 0 0 D pci_bus 0000: 01: resource 2 [mem 0xe0000000-0xf07fffff 64bit pref]
07-22 19:47:17.026 0 0 I NET : Registered protocol family 2
07-22 19:47:17.026 0 0 I : tcp_listen_portaddr_hash hash table entries: 2048 (order: 3, 32768 bytes)
07-22 19:47:17.026 0 0 I : TCP established hash table entries: 32768 (order: 6, 262144 bytes)
07-22 19:47:17.027 0 0 I : TCP bind hash table entries: 32768 (order: 7, 524288 bytes)
07-22 19:47:17.027 0 0 I TCP : Hash tables configured (established 32768 bind 32768)
07-22 19:47:17.027 0 0 I : UDP hash table entries: 2048 (order: 4, 65536 bytes)
07-22 19:47:17.027 0 0 I : UDP-Lite hash table entries: 2048 (order: 4, 65536 bytes)
07-22 19:47:17.027 0 0 I NET : Registered protocol family 1 --------- beginning of main
07-22 19:48:04.147 2258 2258 I SELinux : SELinux: Loaded service_contexts from: --------- beginning of events
07-22 19:48:04.147 2258 2258 I auditd : SELinux: Loaded service_contexts from:
07-22 19:48:04.191 2258 2258 I SELinux : /plat_service_contexts
07-22 19:48:04.191 2258 2258 I auditd : /plat_service_contexts
07-22 19:48:04.191 2258 2258 I SELinux : /nonplat_service_contexts
07-22 19:48:04.191 2258 2258 I auditd : /nonplat_service_contexts
07-22 19:48:04.245 2261 2261 I sh : + hw_sh=/vendor/etc/init.sh
07-22 19:48:04.245 2261 2261 I sh : + '[' -e /vendor/etc/init.sh ']'
07-22 19:48:04.245 2261 2261 I sh : + do_init
07-22 19:48:04.245 2261 2261 I sh : + init_misc
07-22 19:48:04.245 2261 2261 I sh : + cat /sys/class/dmi/id/sys_vendor
07-22 19:48:04.249 2261 2261 I sh : + setprop ro.product.manufacturer 'System manufacturer'
07-22 19:48:04.252 2261 2261 I sh : + setprop ro.product.model 'System Product Name'
07-22 19:48:04.256 2261 2261 I sh : + lsusb
07-22 19:48:04.256 2261 2261 I sh : + grep 1a8d:1000
07-22 19:48:04.311 2260 2260 I SELinux : SELinux: Loaded service_contexts from:
07-22 19:48:04.311 2260 2260 I auditd : SELinux: Loaded service_contexts from:
07-22 19:48:04.312 2260 2260 I SELinux : /vndservice_contexts
07-22 19:48:04.312 2260 2260 I auditd : /vndservice_contexts
07-22 19:48:04.316 2261 2261 I sh : + '[' -d /sys/devices/system/cpu/cpu0/cpufreq ']'
07-22 19:48:04.317 2261 2261 I sh : + mount
07-22 19:48:04.317 2261 2261 I sh : + grep '/data '
07-22 19:48:04.319 2261 2261 I sh : + grep -qE 'tmpfs|9p'
07-22 19:48:04.321 2261 2261 I sh : + '[' 1 -ne 0 ']'
07-22 19:48:04.321 2261 2261 I sh : + modprobe sdcardfs
07-22 19:48:04.323 2261 2261 I sh : SELinux: Loaded file_contexts
07-22 19:48:04.323 2275 2275 I modprobe: Parsing file /system/etc/modules.blacklist...
07-22 19:48:04.323 2275 2275 I modprobe: Parsing file /system/lib/modules/4.16.0-android-x86_64-g6ca95bc28343/modules.alias...
07-22 19:48:04.345 2275 2275 E ProbeModule: insmod_by_dep: cannot load module: [sdcardfs]
07-22 19:48:04.345 2275 2275 W modprobe: failed to load sdcardfs: Invalid argument
07-22 19:48:04.345 2261 2261 I sh : + init_hal_audio
07-22 19:48:04.345 2261 2261 I sh : + grep -qi IntelHDMI /proc/asound/card0/id
07-22 19:48:04.348 2261 2261 I sh : + init_hal_bluetooth
07-22 19:48:04.348 2261 2261 I sh : + cat /sys/class/rfkill/rfkill0/type
07-22 19:48:04.352 2261 2261 I sh : + type=wlan
07-22 19:48:04.352 2261 2261 I sh : + '[' wlan '=' wlan -o wlan '=' bluetooth ']'
07-22 19:48:04.352 2261 2261 I sh : + >/sys/class/rfkill/rfkill0/state
07-22 19:48:04.352 2261 2261 I sh : + echo 1
07-22 19:48:04.352 2261 2261 I sh : + busybox lsusb -v
07-22 19:48:04.352 2261 2261 I sh : + awk ' /Class:.E0/ { print $9 } '
07-22 19:48:04.386 2261 2261 I sh : + '[' -n ']'
07-22 19:48:04.386 2261 2261 I sh : + grep -qE '8723bs.*BT'
07-22 19:48:04.387 2261 2261 I sh : + dmesg -t
07-22 19:48:04.395 2261 2261 I sh : + init_hal_camera
07-22 19:48:04.395 2261 2261 I sh : + return
07-22 19:48:04.395 2261 2261 I sh : + init_hal_gps
07-22 19:48:04.395 2261 2261 I sh : + return
07-22 19:48:04.395 2261 2261 I sh : + init_hal_gralloc
07-22 19:48:04.395 2261 2261 I sh : + cat /proc/fb
07-22 19:48:04.395 2261 2261 I sh : + head -1
07-22 19:48:04.399 2261 2261 I sh : + '[' '!=' 0 ']'
07-22 19:48:04.399 2261 2261 I sh : + set_property ro.hardware.hwcomposer drm
07-22 19:48:04.399 2261 2261 I sh : + setprop ro.hardware.hwcomposer drm
07-22 19:48:04.402 2261 2261 I sh : + '[' -n 2 ']'
07-22 19:48:04.402 2261 2261 I sh : + >>/dev/x86.prop
07-22 19:48:04.402 2261 2261 I sh : + echo 'ro.hardware.hwcomposer=drm'
07-22 19:48:04.402 2261 2261 I sh : + set_property ro.hardware.gralloc gbm
07-22 19:48:04.402 2261 2261 I sh : + setprop ro.hardware.gralloc gbm
07-22 19:48:04.406 2261 2261 I sh : + '[' -n 2 ']'
07-22 19:48:04.406 2261 2261 I sh : + >>/dev/x86.prop
07-22 19:48:04.406 2261 2261 I sh : + echo 'ro.hardware.gralloc=gbm'
07-22 19:48:04.406 2261 2261 I sh : + set_prop_if_empty sleep.state none
07-22 19:48:04.406 2261 2261 I sh : + getprop sleep.state
07-22 19:48:04.410 2261 2261 I sh : + '[' -z ']'
07-22 19:48:04.410 2261 2261 I sh : + set_property sleep.state none
07-22 19:48:04.410 2261 2261 I sh : + setprop sleep.state none
07-22 19:48:04.413 2261 2261 I sh : + '[' -n 2 ']'
07-22 19:48:04.413 2261 2261 I sh : + >>/dev/x86.prop
07-22 19:48:04.413 2261 2261 I sh : + echo 'sleep.state=none'
07-22 19:48:04.413 2261 2261 I sh : + '[' -n 2 ']'
07-22 19:48:04.413 2261 2261 I sh : + set_property debug.egl.trace error
07-22 19:48:04.413 2261 2261 I sh : + setprop debug.egl.trace error
07-22 19:48:04.417 2261 2261 I sh : + '[' -n 2 ']'
07-22 19:48:04.417 2261 2261 I sh : + >>/dev/x86.prop
07-22 19:48:04.417 2261 2261 I sh : + echo 'debug.egl.trace=error'
07-22 19:48:04.417 2261 2261 I sh : + init_hal_hwcomposer
07-22 19:48:04.417 2261 2261 I sh : + return
07-22 19:48:04.417 2261 2261 I sh : + init_hal_vulkan
07-22 19:48:04.418 2261 2261 I sh : + head -1
07-22 19:48:04.418 2261 2261 I sh : + cat /proc/fb
07-22 19:48:04.421 2261 2261 I sh : + set_property ro.hardware.vulkan radv
07-22 19:48:04.421 2261 2261 I sh : + setprop ro.hardware.vulkan radv
07-22 19:48:04.425 2261 2261 I sh : + '[' -n 2 ']'
07-22 19:48:04.425 2261 2261 I sh : + >>/dev/x86.prop
07-22 19:48:04.425 2261 2261 I sh : + echo 'ro.hardware.vulkan=radv'
07-22 19:48:04.425 2261 2261 I sh : + init_hal_lights
07-22 19:48:04.425 2261 2261 I sh : + chown 1000.1000 '/sys/class/backlight/*/brightness'
07-22 19:48:04.428 2261 2261 I sh : chown: /sys/class/backlight/*/brightness: No such file or directory
07-22 19:48:04.428 2261 2261 I sh : + init_hal_power
07-22 19:48:04.429 2261 2261 I sh : + >/sys/class/rtc/rtc0/device/power/wakeup
07-22 19:48:04.429 2261 2261 I sh : + echo disabled
07-22 19:48:04.429 2261 2261 I sh : + init_hal_sensors
07-22 19:48:04.429 2261 2261 I sh : + getprop ro.hardware
07-22 19:48:04.432 2261 2261 I sh : + ro_hardware=android_x86_64
07-22 19:48:04.432 2261 2261 I sh : + '[' -f /system/lib/hw/sensors.android_x86_64.so ']'
07-22 19:47:17.031 2257 2257 I auditd : type=2000 audit(0.0:1): state=initialized audit_enabled=0 res=1
07-22 19:47:17.031 2257 2257 W auditd : type=2000 audit(0.0:1): state=initialized audit_enabled=0 res=1
07-22 19:47:17.060 0 0 I pci 0000: 01:00.0: Video device with shadowed ROM at [mem 0x000c0000-0x000dffff]
07-22 19:47:17.060 0 0 D PCI : CLS 64 bytes, default 64
07-22 19:47:17.060 0 0 I : Trying to unpack rootfs image as initramfs...
07-22 19:47:17.079 0 0 I : Freeing initrd memory: 1328K
07-22 19:47:17.079 0 0 I PCI-DMA : Using software bounce buffering for IO (SWIOTLB)
07-22 19:47:17.079 0 0 I : software IO TLB [mem 0xd94dd000-0xdd4dd000] (64MB) mapped at [000000008e0e0f6a-0000000015d50561]
07-22 19:47:17.079 0 0 I RAPL PMU: API unit is 2^-32 Joules, 3 fixed counters, 163840 ms ovfl timer
07-22 19:47:17.079 0 0 I RAPL PMU: hw unit of domain pp0-core 2^-16 Joules
07-22 19:47:17.079 0 0 I RAPL PMU: hw unit of domain package 2^-16 Joules
07-22 19:47:17.079 0 0 I RAPL PMU: hw unit of domain pp1-gpu 2^-16 Joules
07-22 19:47:17.080 0 0 I : Initialise system trusted keyrings
07-22 19:47:17.080 0 0 I workingset: timestamp_bits=46 max_order=20 bucket_order=0
07-22 19:47:17.080 0 0 I squashfs: version 4.0 (2009/01/31) Phillip Lougher
07-22 19:47:17.080 0 0 I : fuse init (API version 7.26)
07-22 19:47:17.080 0 0 D SELinux : Registering netfilter hooks
07-22 19:47:17.388 0 0 I NET : Registered protocol family 38
07-22 19:47:17.388 0 0 I : Key type asymmetric registered
07-22 19:47:17.388 0 0 I : Asymmetric key parser 'x509' registered
07-22 19:47:17.388 0 0 I : io scheduler noop registered
07-22 19:47:17.388 0 0 I : io scheduler deadline registered
07-22 19:47:17.388 0 0 I : io scheduler cfq registered (default)
07-22 19:47:17.388 0 0 I : io scheduler mq-deadline registered
07-22 19:47:17.388 0 0 I : io scheduler kyber registered
07-22 19:47:17.388 0 0 D intel_idle: MWAIT substates: 0x1120
07-22 19:47:17.388 0 0 D intel_idle: v0.4.1 model 0x2A
07-22 19:47:17.388 0 0 D intel_idle: lapic_timer_reliable_states 0xffffffff
07-22 19:47:17.389 0 0 I input : Power Button as /devices/LNXSYSTM:00/LNXSYBUS:00/PNP0C0C:00/input/input0
07-22 19:47:17.389 0 0 I ACPI : Power Button [PWRB]
07-22 19:47:17.389 0 0 I input : Power Button as /devices/LNXSYSTM:00/LNXPWRBN:00/input/input1
07-22 19:47:17.389 0 0 I ACPI : Power Button [PWRF]
07-22 19:47:17.391 0 0 I thermal LNXTHERM: 00: registered as thermal_zone0
07-22 19:47:17.391 0 0 I ACPI : Thermal Zone [TZ00] (28 C)
07-22 19:47:17.391 0 0 I thermal LNXTHERM: 01: registered as thermal_zone1
07-22 19:47:17.391 0 0 I ACPI : Thermal Zone [TZ01] (30 C)
07-22 19:47:17.391 0 0 I Serial : 8250/16550 driver, 4 ports, IRQ sharing enabled
07-22 19:47:17.391 0 0 I : Linux agpgart interface v0.103
07-22 19:47:17.392 0 0 I brd : module loaded
07-22 19:47:17.393 0 0 I loop : module loaded
07-22 19:47:17.393 0 0 I : VMware PVSCSI driver - version 1.0.7.0-k
07-22 19:47:17.394 0 0 I hv_vmbus: registering driver hv_storvsc
07-22 19:47:17.397 0 0 D ahci 0000: 00:1f.2: version 3.0
07-22 19:47:17.398 0 0 I ahci 0000: 00:1f.2: AHCI 0001.0300 32 slots 4 ports 3 Gbps 0x2 impl SATA mode
07-22 19:47:17.398 0 0 I ahci 0000: 00:1f.2: flags: 64bit ncq led clo pio slum part ems apst
07-22 19:47:17.398 0 0 I scsi host0: ahci
07-22 19:47:17.398 0 0 I scsi host1: ahci
07-22 19:47:17.398 0 0 I scsi host2: ahci
07-22 19:47:17.398 0 0 I scsi host3: ahci
07-22 19:47:17.398 0 0 I ata1 : DUMMY
07-22 19:47:17.398 0 0 I ata2 : SATA max UDMA/133 abar m2048@0xf7f06000 port 0xf7f06180 irq 24
07-22 19:47:17.398 0 0 I ata3 : DUMMY
07-22 19:47:17.399 0 0 I ata4 : DUMMY
07-22 19:47:17.399 0 0 I tun : Universal TUN/TAP device driver, 1.6
07-22 19:47:17.399 0 0 I : Fusion MPT base driver 3.04.20
07-22 19:47:17.399 0 0 I : Copyright (c) 1999-2008 LSI Corporation
07-22 19:47:17.399 0 0 I : Fusion MPT SPI Host driver 3.04.20
07-22 19:47:17.399 0 0 I ehci_hcd: USB 2.0 'Enhanced' Host Controller (EHCI) Driver
07-22 19:47:17.399 0 0 I ehci-pci: EHCI PCI platform driver
07-22 19:47:17.399 0 0 I ehci-pci 0000: 00:1a.0: EHCI Host Controller
07-22 19:47:17.400 0 0 I ehci-pci 0000: 00:1a.0: new USB bus registered, assigned bus number 1
07-22 19:47:17.400 0 0 I ehci-pci 0000: 00:1a.0: debug port 2
07-22 19:47:17.404 0 0 D ehci-pci 0000: 00:1a.0: cache line size of 64 is not supported
07-22 19:47:17.404 0 0 I ehci-pci 0000: 00:1a.0: irq 23, io mem 0xf7f08000
07-22 19:47:17.411 0 0 I ehci-pci 0000: 00:1a.0: USB 2.0 started, EHCI 1.00
07-22 19:47:17.411 0 0 I usb1 : New USB device found, idVendor=1d6b, idProduct=0002
07-22 19:47:17.411 0 0 I usb1 : New USB device strings: Mfr=3, Product=2, SerialNumber=1
07-22 19:47:17.412 0 0 I usb1 : Product: EHCI Host Controller
07-22 19:47:17.412 0 0 I usb1 : Manufacturer: Linux 4.16.0-android-x86_64-g6ca95bc28343 ehci_hcd
07-22 19:47:17.412 0 0 I usb1 : SerialNumber: 0000:00:1a.0
07-22 19:47:17.412 0 0 I hub 1-0 : 1.0: USB hub found
07-22 19:47:17.412 0 0 I hub 1-0 : 1.0: 2 ports detected
07-22 19:47:17.412 0 0 I ehci-pci 0000: 00:1d.0: EHCI Host Controller
07-22 19:47:17.412 0 0 I ehci-pci 0000: 00:1d.0: new USB bus registered, assigned bus number 2
07-22 19:47:17.412 0 0 I ehci-pci 0000: 00:1d.0: debug port 2
07-22 19:47:17.416 0 0 D ehci-pci 0000: 00:1d.0: cache line size of 64 is not supported
07-22 19:47:17.416 0 0 I ehci-pci 0000: 00:1d.0: irq 23, io mem 0xf7f07000
07-22 19:47:17.422 0 0 I ehci-pci 0000: 00:1d.0: USB 2.0 started, EHCI 1.00
07-22 19:47:17.422 0 0 I usb2 : New USB device found, idVendor=1d6b, idProduct=0002
07-22 19:47:17.422 0 0 I usb2 : New USB device strings: Mfr=3, Product=2, SerialNumber=1
07-22 19:47:17.423 0 0 I usb2 : Product: EHCI Host Controller
07-22 19:47:17.423 0 0 I usb2 : Manufacturer: Linux 4.16.0-android-x86_64-g6ca95bc28343 ehci_hcd
07-22 19:47:17.423 0 0 I usb2 : SerialNumber: 0000:00:1d.0
07-22 19:47:17.423 0 0 I hub 2-0 : 1.0: USB hub found
07-22 19:47:17.423 0 0 I hub 2-0 : 1.0: 2 ports detected
07-22 19:47:17.423 0 0 I ohci_hcd: USB 1.1 'Open' Host Controller (OHCI) Driver
07-22 19:47:17.423 0 0 I ohci-pci: OHCI PCI platform driver
07-22 19:47:17.423 0 0 I uhci_hcd: USB Universal Host Controller Interface driver
07-22 19:47:17.423 0 0 I usbcore : registered new interface driver usb-storage
07-22 19:47:17.423 0 0 I usbcore : registered new interface driver ums-alauda
07-22 19:47:17.423 0 0 I usbcore : registered new interface driver ums-cypress
07-22 19:47:17.423 0 0 I usbcore : registered new interface driver ums-datafab
07-22 19:47:17.423 0 0 I usbcore : registered new interface driver ums_eneub6250
07-22 19:47:17.423 0 0 I usbcore : registered new interface driver ums-freecom
07-22 19:47:17.423 0 0 I usbcore : registered new interface driver ums-isd200
07-22 19:47:17.424 0 0 I usbcore : registered new interface driver ums-jumpshot
07-22 19:47:17.424 0 0 I usbcore : registered new interface driver ums-onetouch
07-22 19:47:17.424 0 0 I usbcore : registered new interface driver ums-realtek
07-22 19:47:17.424 0 0 I usbcore : registered new interface driver ums-sddr09
07-22 19:47:17.424 0 0 I usbcore : registered new interface driver ums-sddr55
07-22 19:47:17.424 0 0 I usbcore : registered new interface driver ums-usbat
07-22 19:47:17.424 0 0 I i8042 : PNP: PS/2 Controller [PNP0303:PS2K] at 0x60,0x64 irq 1
07-22 19:47:17.424 0 0 W i8042 : PNP: PS/2 appears to have AUX port disabled, if this is incorrect please boot with i8042.nopnp
07-22 19:47:17.425 0 0 I serio : i8042 KBD port at 0x60,0x64 irq 1
07-22 19:47:17.425 0 0 I hv_vmbus: registering driver hyperv_keyboard
07-22 19:47:17.425 0 0 I mousedev: PS/2 mouse device common for all mice
07-22 19:47:17.425 0 0 I rtc_cmos 00: 02: RTC can wake from S4
07-22 19:47:17.425 0 0 D rtc0 : rtc_cmos: dev (252:0)
07-22 19:47:17.425 0 0 I rtc_cmos 00: 02: rtc core: registered rtc_cmos as rtc0
07-22 19:47:17.425 0 0 I rtc_cmos 00: 02: alarms up to one month, y3k, 242 bytes nvram, hpet irqs
07-22 19:47:17.425 0 0 I : IR Sharp protocol handler initialized
07-22 19:47:17.425 0 0 I : IR XMP protocol handler initialized
07-22 19:47:17.425 0 0 I device-mapper: uevent: version 1.0.3
07-22 19:47:17.425 0 0 I device-mapper: ioctl: 4.37.0-ioctl (2017-09-20) initialised: dm-devel@redhat.com
07-22 19:47:17.426 0 0 I intel_pstate: Intel P-state driver initializing
07-22 19:47:17.426 0 0 I sdhci : Secure Digital Host Controller Interface driver
07-22 19:47:17.426 0 0 I sdhci : Copyright(c) Pierre Ossman
07-22 19:47:17.426 0 0 I sdhci-pltfm: SDHCI platform and OF driver helper
07-22 19:47:17.426 0 0 I hidraw : raw HID events driver (C) Jiri Kosina
07-22 19:47:17.426 0 0 I usbcore : registered new interface driver usbhid
07-22 19:47:17.427 0 0 I usbhid : USB HID core driver
07-22 19:47:17.427 0 0 I ashmem : initialized
07-22 19:47:17.427 0 0 I oprofile: using NMI interrupt.
07-22 19:47:17.427 0 0 I : GACT probability NOT on
07-22 19:47:17.427 0 0 I : Mirror/redirect action on
07-22 19:47:17.427 0 0 I : u32 classifier
07-22 19:47:17.427 0 0 I : Actions configured
07-22 19:47:17.427 0 0 I xt_time : kernel timezone is -0000
07-22 19:47:17.428 0 0 I : Initializing XFRM netlink socket
07-22 19:47:17.428 0 0 I NET : Registered protocol family 10
07-22 19:47:17.428 0 0 I : Segment Routing with IPv6
07-22 19:47:17.428 0 0 I mip6 : Mobile IPv6
07-22 19:47:17.428 0 0 I sit : IPv6, IPv4 and MPLS over IPv4 tunneling driver
07-22 19:47:17.428 0 0 I NET : Registered protocol family 17
07-22 19:47:17.429 0 0 I NET : Registered protocol family 15
07-22 19:47:17.429 0 0 I NET : Registered protocol family 35
07-22 19:47:17.429 0 0 I microcode: sig=0x206a7, pf=0x2, revision=0x28
07-22 19:47:17.429 0 0 I microcode: Microcode Update Driver: v2.2.
07-22 19:47:17.429 0 0 I sched_clock: Marking stable (476493492, 0)->(473484992, 3008500)
07-22 19:47:17.429 0 0 I : registered taskstats version 1
07-22 19:47:17.429 0 0 I : Loading compiled-in X.509 certificates
07-22 19:47:17.429 0 0 I Magic number: 10:910:799
07-22 19:47:17.430 0 0 I acpi PNP0C09: 00: hash matches
07-22 19:47:17.430 0 0 I rtc_cmos 00: 02: setting system clock to 2018-07-22 19:47:17 UTC (1532288837)
07-22 19:47:17.446 0 0 I input : AT Translated Set 2 keyboard as /devices/platform/i8042/serio0/input/input2
07-22 19:47:17.731 0 0 I usb 1-1 : new high-speed USB device number 2 using ehci-pci
07-22 19:47:17.747 0 0 I usb 2-1 : new high-speed USB device number 2 using ehci-pci
07-22 19:47:17.860 0 0 I usb 1-1 : New USB device found, idVendor=8087, idProduct=0024
07-22 19:47:17.860 0 0 I usb 1-1 : New USB device strings: Mfr=0, Product=0, SerialNumber=0
07-22 19:47:17.860 0 0 I hub 1-1 : 1.0: USB hub found
07-22 19:47:17.860 0 0 I hub 1-1 : 1.0: 4 ports detected
07-22 19:47:17.876 0 0 I usb 2-1 : New USB device found, idVendor=8087, idProduct=0024
07-22 19:47:17.876 0 0 I usb 2-1 : New USB device strings: Mfr=0, Product=0, SerialNumber=0
07-22 19:47:17.876 0 0 I hub 2-1 : 1.0: USB hub found
07-22 19:47:17.876 0 0 I hub 2-1 : 1.0: 6 ports detected
07-22 19:47:18.072 0 0 I tsc : Refined TSC clocksource calibration: 2793.653 MHz
07-22 19:47:18.072 0 0 I clocksource: tsc: mask: 0xffffffffffffffff max_cycles: 0x2844d4ef8cd, max_idle_ns: 440795255620 ns
07-22 19:47:18.072 0 0 I clocksource: Switched to clocksource tsc
07-22 19:47:18.144 0 0 I usb 2-1.2: new low-speed USB device number 3 using ehci-pci
07-22 19:47:18.226 0 0 I usb 2-1.2: New USB device found, idVendor=0461, idProduct=4d22
07-22 19:47:18.226 0 0 I usb 2-1.2: New USB device strings: Mfr=0, Product=2, SerialNumber=0
07-22 19:47:18.226 0 0 I usb 2-1.2: Product: USB Optical Mouse
07-22 19:47:18.229 0 0 I input : USB Optical Mouse as /devices/pci0000:00/0000:00:1d.0/usb2/2-1/2-1.2/2-1.2:1.0/0003:0461:4D22.0001/input/input3
07-22 19:47:18.229 0 0 I hid-generic 0003: 0461:4D22.0001: input,hidraw0: USB HID v1.11 Mouse [USB Optical Mouse] on usb-0000:00:1d.0-1.2/input0
07-22 19:47:18.266 0 0 I ata2 : SATA link up 1.5 Gbps (SStatus 113 SControl 300)
07-22 19:47:18.267 0 0 E : ACPI BIOS Error (bug): Failure looking up [\_SB.PCI0.SAT0.SPT1._GTF.DSSP], AE_NOT_FOUND (20180105/psargs-364)
07-22 19:47:18.267 0 0 E ACPI Error: Method parse/execution failed \_SB.PCI0.SAT0.SPT1._GTF, AE_NOT_FOUND (20180105/psparse-550)
07-22 19:47:18.268 0 0 I ata2.00 : ATA-7: FUJITSU MHV2060AH, 000000A0, max UDMA/100
07-22 19:47:18.268 0 0 I ata2.00 : 117210240 sectors, multi 16: LBA
07-22 19:47:18.272 0 0 E : ACPI BIOS Error (bug): Failure looking up [\_SB.PCI0.SAT0.SPT1._GTF.DSSP], AE_NOT_FOUND (20180105/psargs-364)
07-22 19:47:18.272 0 0 E ACPI Error: Method parse/execution failed \_SB.PCI0.SAT0.SPT1._GTF, AE_NOT_FOUND (20180105/psparse-550)
07-22 19:47:18.273 0 0 I ata2.00 : configured for UDMA/100
07-22 19:47:18.273 0 0 I scsi 1 : 0:0:0: Direct-Access ATA FUJITSU MHV2060A 00A0 PQ: 0 ANSI: 5
07-22 19:47:18.273 0 0 I sd 1 : 0:0:0: Attached scsi generic sg0 type 0
07-22 19:47:18.273 0 0 I sd 1 : 0:0:0: [sda] 117210240 512-byte logical blocks: (60.0 GB/55.9 GiB)
07-22 19:47:18.273 0 0 I sd 1 : 0:0:0: [sda] Write Protect is off
07-22 19:47:18.273 0 0 D sd 1 : 0:0:0: [sda] Mode Sense: 00 3a 00 00
07-22 19:47:18.274 0 0 I sd 1 : 0:0:0: [sda] Write cache: enabled, read cache: enabled, doesn't support DPO or FUA
07-22 19:47:18.293 0 0 I usb 2-1.3: new high-speed USB device number 4 using ehci-pci
07-22 19:47:18.597 0 0 I usb 2-1.3: New USB device found, idVendor=13fe, idProduct=5500
07-22 19:47:18.597 0 0 I usb 2-1.3: New USB device strings: Mfr=1, Product=2, SerialNumber=3
07-22 19:47:18.597 0 0 I usb 2-1.3: Product: USB DISK 3.0
07-22 19:47:18.597 0 0 I usb 2-1.3: Manufacturer:
07-22 19:47:18.597 0 0 I usb 2-1.3: SerialNumber: 070D494100311B90
07-22 19:47:18.597 0 0 I usb-storage 2-1.3: 1.0: USB Mass Storage device detected
07-22 19:47:18.599 0 0 I scsi host4: usb-storage 2-1.3:1.0
07-22 19:47:18.641 0 0 I sda : sda1
07-22 19:47:18.641 0 0 I sd 1 : 0:0:0: [sda] Attached SCSI disk
07-22 19:47:18.644 0 0 I : Freeing unused kernel memory: 1444K
