07-22 19:48:19.612 2319 2319 I zygote : option[31]=--runtime-arg
07-22 19:48:19.612 2319 2319 I zygote : option[32]=-Xcompiler-option
07-22 19:48:19.612 2319 2319 I zygote : option[33]=-Xms64m
07-22 19:48:19.612 2319 2319 I zygote : option[34]=-Xcompiler-option
07-22 19:48:19.612 2319 2319 I zygote : option[35]=--runtime-arg
07-22 19:48:19.612 2319 2319 I zygote : option[36]=-Xcompiler-option
07-22 19:48:19.612 2319 2319 I zygote : option[37]=-Xmx512m
07-22 19:48:19.612 2319 2319 I zygote : option[38]=-Ximage-compiler-option
07-22 19:48:19.612 2319 2319 I zygote : option[39]=--instruction-set-variant=x86_64
07-22 19:48:19.612 2319 2319 I zygote : option[40]=-Xcompiler-option
07-22 19:48:19.612 2319 2319 I zygote : option[41]=--instruction-set-variant=x86_64
07-22 19:48:19.612 2319 2319 I zygote : option[42]=-Ximage-compiler-option
07-22 19:48:19.612 2319 2319 I zygote : option[43]=--instruction-set-features=default
07-22 19:48:19.612 2319 2319 I zygote : option[44]=-Xcompiler-option
07-22 19:48:19.612 2319 2319 I zygote : option[45]=--instruction-set-features=default
07-22 19:48:19.612 2319 2319 I zygote : option[46]=-Duser.locale=en-US
07-22 19:48:19.612 2319 2319 I zygote : option[47]=-XX:NativeBridge=libhoudini.so
07-22 19:48:19.612 2319 2319 I zygote : option[48]=--cpu-abilist=x86,armeabi-v7a,armeabi
07-22 19:48:19.612 2319 2319 I zygote : option[49]=-Xfingerprint:Android-x86/android_x86_64/x86_64:8.1.0/OPM6.171019.030.E1/maur07141051:userdebug/test-keys
07-22 19:48:23.644 2334 2334 I auditd : type=1400 audit(0.0:230): avc: denied { read } for comm="surfaceflinger" name="etc" dev="tmpfs" ino=6286 scontext=u:r:surfaceflinger:s0 tcontext=u:object_r:tmpfs:s0 tclass=lnk_file permissive=1
07-22 19:48:23.644 2334 2334 I surfaceflinger: type=1400 audit(0.0:230): avc: denied { read } for name="etc" dev="tmpfs" ino=6286 scontext=u:r:surfaceflinger:s0 tcontext=u:object_r:tmpfs:s0 tclass=lnk_file permissive=1
07-22 19:48:23.692 2334 2334 I auditd : type=1400 audit(0.0:231): avc: denied { ioctl } for comm="surfaceflinger" path="/dev/dri/renderD128" dev="tmpfs" ino=9249 ioctlcmd=0x6400 scontext=u:r:surfaceflinger:s0 tcontext=u:object_r:device:s0 tclass=chr_file permissive=1
07-22 19:48:23.692 2334 2334 I surfaceflinger: type=1400 audit(0.0:231): avc: denied { ioctl } for path="/dev/dri/renderD128" dev="tmpfs" ino=9249 ioctlcmd=0x6400 scontext=u:r:surfaceflinger:s0 tcontext=u:object_r:device:s0 tclass=chr_file permissive=1
07-22 19:48:24.166 2334 2334 I auditd : type=1400 audit(0.0:232): avc: denied { map } for comm="surfaceflinger" path="/dev/dri/renderD128" dev="tmpfs" ino=9249 scontext=u:r:surfaceflinger:s0 tcontext=u:object_r:device:s0 tclass=chr_file permissive=1
07-22 19:48:24.166 2334 2334 I surfaceflinger: type=1400 audit(0.0:232): avc: denied { map } for path="/dev/dri/renderD128" dev="tmpfs" ino=9249 scontext=u:r:surfaceflinger:s0 tcontext=u:object_r:device:s0 tclass=chr_file permissive=1
07-22 19:48:24.258 2259 2259 E SELinux : avc: denied { add } for interface=android.hardware.graphics.allocator::IAllocator pid=2334 scontext=u:r:surfaceflinger:s0 tcontext=u:object_r:hal_graphics_allocator_hwservice:s0 tclass=hwservice_manager permissive=1
07-22 19:48:24.259 2259 2259 I auditd : avc: denied { add } for interface=android.hardware.graphics.allocator::IAllocator pid=2334 scontext=u:r:surfaceflinger:s0 tcontext=u:object_r:hal_graphics_allocator_hwservice:s0 tclass=hwservice_manager permissive=1
07-22 19:48:24.259 2334 2334 I SurfaceFlinger: Registration complete for android.hardware.graphics.allocator@2.0::IAllocator/default.
07-22 19:48:24.260 2334 2334 I SurfaceFlinger: SurfaceFlinger is starting
07-22 19:48:24.260 2334 2334 I /system/bin/surfaceflinger: android::hardware::configstore::V1_0::ISurfaceFlingerConfigs::vsyncEventPhaseOffsetNs retrieved: 1000000 (default)
07-22 19:48:24.260 2334 2334 I /system/bin/surfaceflinger: android::hardware::configstore::V1_0::ISurfaceFlingerConfigs::vsyncSfEventPhaseOffsetNs retrieved: 1000000 (default)
07-22 19:48:24.260 2334 2334 I /system/bin/surfaceflinger: android::hardware::configstore::V1_0::ISurfaceFlingerConfigs::maxVirtualDisplaySize retrieved: 0 (default)
07-22 19:48:24.260 2334 2334 I /system/bin/surfaceflinger: android::hardware::configstore::V1_0::ISurfaceFlingerConfigs::hasSyncFramework retrieved: 1
07-22 19:48:24.261 2334 2334 I /system/bin/surfaceflinger: android::hardware::configstore::V1_0::ISurfaceFlingerConfigs::useContextPriority retrieved: 0 (default)
07-22 19:48:24.261 2334 2334 I /system/bin/surfaceflinger: android::hardware::configstore::V1_0::ISurfaceFlingerConfigs::presentTimeOffsetFromVSyncNs retrieved: 0
07-22 19:48:24.261 2334 2334 I /system/bin/surfaceflinger: android::hardware::configstore::V1_0::ISurfaceFlingerConfigs::useHwcForRGBtoYUV retrieved: 0
07-22 19:48:24.261 2334 2334 I /system/bin/surfaceflinger: android::hardware::configstore::V1_0::ISurfaceFlingerConfigs::maxFrameBufferAcquiredBuffers retrieved: 3
07-22 19:48:24.261 2334 2334 I SurfaceFlinger: Enabling HWC virtual displays
07-22 19:48:24.261 2334 2334 I SurfaceFlinger: Disabling Triple Buffering
07-22 19:48:24.261 2334 2334 I SurfaceFlinger: SurfaceFlinger's main thread ready to run. Initializing graphics H/W...
07-22 19:48:24.258 2334 2334 I auditd : type=1400 audit(0.0:233): avc: denied { dac_override } for comm="surfaceflinger" capability=1 scontext=u:r:surfaceflinger:s0 tcontext=u:r:surfaceflinger:s0 tclass=capability permissive=1
07-22 19:48:24.258 2334 2334 I surfaceflinger: type=1400 audit(0.0:233): avc: denied { dac_override } for capability=1 scontext=u:r:surfaceflinger:s0 tcontext=u:r:surfaceflinger:s0 tclass=capability permissive=1
07-22 19:48:24.299 2334 2334 D vndksupport: Loading /vendor/lib64/egl/libGLES_mesa.so from current namespace instead of sphal namespace.
07-22 19:48:24.318 2334 2334 D libEGL : loaded /vendor/lib64/egl/libGLES_mesa.so
07-22 19:48:24.347 2334 2334 D vndksupport: Loading /vendor/lib64/hw/gralloc.gbm.so from current namespace instead of sphal namespace.
07-22 19:48:24.347 2334 2334 I EGL-MAIN: found extension DRI_Core version 2
07-22 19:48:24.347 2334 2334 I EGL-MAIN: found extension DRI_IMAGE_DRIVER version 1
07-22 19:48:24.348 2334 2334 I EGL-MAIN: found extension DRI_TexBuffer version 2
07-22 19:48:24.348 2334 2334 I EGL-MAIN: found extension DRI2_Flush version 4
07-22 19:48:24.348 2334 2334 I EGL-MAIN: found extension DRI_IMAGE version 17
07-22 19:48:24.348 2334 2334 I EGL-MAIN: found extension DRI_IMAGE version 17
07-22 19:48:24.348 2334 2334 I EGL-MAIN: found extension DRI_RENDERER_QUERY version 1
07-22 19:48:24.348 2334 2334 I EGL-MAIN: found extension DRI_CONFIG_QUERY version 1
07-22 19:48:24.348 2334 2334 I EGL-MAIN: found extension DRI2_Fence version 2
07-22 19:48:24.348 2334 2334 I EGL-MAIN: found extension DRI2_Interop version 1
07-22 19:48:24.348 2334 2334 I EGL-MAIN: found extension DRI_Robustness version 1
07-22 19:48:24.348 2334 2334 I EGL-MAIN: found extension DRI_NoError version 1
07-22 19:48:24.350 2334 2334 I /system/bin/surfaceflinger: android::hardware::configstore::V1_0::ISurfaceFlingerConfigs::hasWideColorDisplay retrieved: 0
07-22 19:48:24.350 2334 2334 D vndksupport: Loading /vendor/lib64/hw/gralloc.gbm.so from current namespace instead of sphal namespace.
07-22 19:48:24.350 2334 2334 D vndksupport: Loading /vendor/lib64/hw/hwcomposer.drm.so from current namespace instead of sphal namespace.
07-22 19:48:24.449 2334 2334 E hwc-drm-plane: Could not get rotation property
07-22 19:48:24.449 2334 2334 I hwc-drm-plane: Could not get alpha property
07-22 19:48:24.450 2334 2334 E hwc-drm-plane: Could not get rotation property
07-22 19:48:24.450 2334 2334 I hwc-drm-plane: Could not get alpha property
07-22 19:48:24.450 2334 2334 E hwc-drm-plane: Could not get rotation property
07-22 19:48:24.450 2334 2334 I hwc-drm-plane: Could not get alpha property
07-22 19:48:24.450 2334 2334 E hwc-drm-plane: Could not get rotation property
07-22 19:48:24.450 2334 2334 I hwc-drm-plane: Could not get alpha property
07-22 19:48:24.450 2334 2334 E hwc-drm-plane: Could not get rotation property
07-22 19:48:24.450 2334 2334 I hwc-drm-plane: Could not get alpha property
07-22 19:48:24.451 2334 2334 E hwc-drm-plane: Could not get rotation property
07-22 19:48:24.451 2334 2334 I hwc-drm-plane: Could not get alpha property
07-22 19:48:24.451 2334 2334 E hwc-drm-plane: Could not get rotation property
07-22 19:48:24.451 2334 2334 I hwc-drm-plane: Could not get alpha property
07-22 19:48:24.451 2334 2334 E hwc-drm-plane: Could not get rotation property
07-22 19:48:24.451 2334 2334 I hwc-drm-plane: Could not get alpha property
07-22 19:48:24.451 2334 2334 E hwc-drm-plane: Could not get rotation property
07-22 19:48:24.451 2334 2334 I hwc-drm-plane: Could not get alpha property
07-22 19:48:24.452 2334 2334 E hwc-drm-plane: Could not get rotation property
07-22 19:48:24.452 2334 2334 I hwc-drm-plane: Could not get alpha property
07-22 19:48:24.452 2334 2334 E hwc-drm-plane: Could not get rotation property
07-22 19:48:24.452 2334 2334 I hwc-drm-plane: Could not get alpha property
07-22 19:48:24.452 2334 2334 E hwc-drm-plane: Could not get rotation property
07-22 19:48:24.452 2334 2334 I hwc-drm-plane: Could not get alpha property
07-22 19:48:24.453 2334 2334 D vndksupport: Loading /vendor/lib64/hw/gralloc.gbm.so from current namespace instead of sphal namespace.
07-22 19:48:24.452 2334 2334 I auditd : type=1400 audit(0.0:235): avc: denied { read write } for comm="surfaceflinger" name="sw_sync" dev="debugfs" ino=5866 scontext=u:r:surfaceflinger:s0 tcontext=u:object_r:debugfs:s0 tclass=file permissive=1
07-22 19:48:24.452 2334 2334 I surfaceflinger: type=1400 audit(0.0:235): avc: denied { read write } for name="sw_sync" dev="debugfs" ino=5866 scontext=u:r:surfaceflinger:s0 tcontext=u:object_r:debugfs:s0 tclass=file permissive=1
07-22 19:48:24.452 2334 2334 I auditd : type=1400 audit(0.0:236): avc: denied { open } for comm="surfaceflinger" path="/sys/kernel/debug/sync/sw_sync" dev="debugfs" ino=5866 scontext=u:r:surfaceflinger:s0 tcontext=u:object_r:debugfs:s0 tclass=file permissive=1
07-22 19:48:24.452 2334 2334 I surfaceflinger: type=1400 audit(0.0:236): avc: denied { open } for path="/sys/kernel/debug/sync/sw_sync" dev="debugfs" ino=5866 scontext=u:r:surfaceflinger:s0 tcontext=u:object_r:debugfs:s0 tclass=file permissive=1
07-22 19:48:24.453 2334 2334 D vndksupport: Loading /vendor/lib64/hw/gralloc.gbm.so from current namespace instead of sphal namespace.
07-22 19:48:24.453 2334 2432 W hwc-gl-worker: EGL_ANDROID_native_fence_sync extension not supported
07-22 19:48:24.454 2334 2334 I SurfaceFlinger: Using composer version 1.4
07-22 19:48:24.966 2334 2334 I SurfaceFlinger: Trying a simpler query for non-RGBA_8888
07-22 19:48:24.967 2334 2334 I SurfaceFlinger: EGL information: format=0x5
07-22 19:48:24.967 2334 2334 I SurfaceFlinger: vendor : Android
07-22 19:48:24.967 2334 2334 I SurfaceFlinger: version : 1.4 Android META-EGL
07-22 19:48:24.967 2334 2334 I SurfaceFlinger: extensions: EGL_KHR_get_all_proc_addresses EGL_ANDROID_presentation_time EGL_KHR_swap_buffers_with_damage EGL_ANDROID_get_native_client_buffer EGL_ANDROID_front_buffer_auto_refresh EGL_ANDROID_get_frame_timestamps EGL_KHR_image EGL_KHR_image_base EGL_KHR_gl_colorspace EGL_KHR_gl_texture_2D_image EGL_KHR_gl_texture_3D_image EGL_KHR_gl_texture_cubemap_image EGL_KHR_gl_renderbuffer_image EGL_KHR_reusable_sync EGL_KHR_fence_sync EGL_KHR_create_context EGL_KHR_config_attribs EGL_KHR_surfaceless_context EGL_EXT_create_context_robustness EGL_ANDROID_image_native_buffer EGL_KHR_wait_sync EGL_ANDROID_recordable EGL_KHR_partial_update EGL_EXT_buffer_age EGL_KHR_create_context_no_error EGL_KHR_no_config_context
07-22 19:48:24.967 2334 2334 I SurfaceFlinger: Client API: OpenGL_ES
07-22 19:48:24.967 2334 2334 I SurfaceFlinger: EGLSurface: 8-8-8-8, config=0x795ae1878780
07-22 19:48:25.059 2334 2334 I SurfaceFlinger: OpenGL ES informations: format=0x5
07-22 19:48:25.059 2334 2334 I SurfaceFlinger: vendor : X.Org
07-22 19:48:25.059 2334 2334 I SurfaceFlinger: renderer : AMD Radeon HD 7700 Series (BONAIRE, DRM 3.23.0, 4.16.0-android-x86_64-g6ca95bc28343, LLVM 7.0.0)
07-22 19:48:25.059 2334 2334 I SurfaceFlinger: version : OpenGL ES 3.1 Mesa 18.2.0-devel (git-9f8cd8e996)
07-22 19:48:25.059 2334 2334 I SurfaceFlinger: extensions: GL_EXT_debug_marker GL_ANGLE_texture_compression_dxt3 GL_ANGLE_texture_compression_dxt5 GL_APPLE_texture_max_level GL_EXT_base_instance GL_EXT_blend_func_extended GL_EXT_blend_minmax GL_EXT_buffer_storage GL_EXT_clip_cull_distance GL_EXT_color_buffer_float GL_EXT_compressed_ETC1_RGB8_sub_texture GL_EXT_copy_image GL_EXT_discard_framebuffer GL_EXT_draw_buffers GL_EXT_draw_buffers_indexed GL_EXT_draw_elements_base_vertex GL_EXT_frag_depth GL_EXT_geometry_point_size GL_EXT_geometry_shader GL_EXT_gpu_shader5 GL_EXT_map_buffer_range GL_EXT_memory_object GL_EXT_memory_object_fd GL_EXT_multi_draw_arrays GL_EXT_occlusion_query_boolean GL_EXT_polygon_offset_clamp GL_EXT_primitive_bounding_box GL_EXT_read_format_bgra GL_EXT_robustness GL_EXT_semaphore GL_EXT_semaphore_fd GL_EXT_separate_shader_objects GL_EXT_shader_integer_mix GL_EXT_shader_io_blocks GL_EXT_tessellation_point_size GL_EXT_tessellation_shader GL_EXT_texture_border_clamp GL_EXT_texture_buffer GL_EXT_texture_compression_dxt1 GL_EXT_texture_cub
07-22 19:48:25.059 2334 2334 I SurfaceFlinger: GL_MAX_TEXTURE_SIZE = 16384
07-22 19:48:25.059 2334 2334 I SurfaceFlinger: GL_MAX_VIEWPORT_DIMS = 16384
07-22 19:48:25.059 2334 2334 I SurfaceFlinger: Trying a simpler query for non-RGBA_8888
07-22 19:48:25.058 2334 2334 I auditd : type=1400 audit(0.0:237): avc: denied { read write } for comm="surfaceflinger" name="tty0" dev="tmpfs" ino=9290 scontext=u:r:surfaceflinger:s0 tcontext=u:object_r:tty_device:s0 tclass=chr_file permissive=1
07-22 19:48:25.058 2334 2334 I surfaceflinger: type=1400 audit(0.0:237): avc: denied { read write } for name="tty0" dev="tmpfs" ino=9290 scontext=u:r:surfaceflinger:s0 tcontext=u:object_r:tty_device:s0 tclass=chr_file permissive=1
07-22 19:48:25.059 2334 2432 E hwc-drm-display-compositor: Create blob_id 77
07-22 19:48:25.059 2334 2334 D DisplayDevice: Open /dev/tty0 OK
07-22 19:48:25.061 2334 2334 D vndksupport: Loading /vendor/lib64/hw/android.hardware.graphics.mapper@2.0-impl.so from current namespace instead of sphal namespace.
07-22 19:48:25.161 2334 2334 D vndksupport: Loading /vendor/lib64/hw/gralloc.gbm.so from current namespace instead of sphal namespace.
07-22 19:48:25.162 2334 2334 D vndksupport: Loading /vendor/lib64/hw/android.hardware.graphics.allocator@2.0-impl.so from current namespace instead of sphal namespace.
07-22 19:48:25.162 2334 2334 D vndksupport: Loading /vendor/lib64/hw/gralloc.gbm.so from current namespace instead of sphal namespace.
07-22 19:48:25.184 2334 2334 D SurfaceFlinger: shader cache generated - 24 shaders in 21.471712 ms
07-22 19:48:25.184 1 1 I auditd : type=1400 audit(0.0:241): avc: denied { dac_read_search } for comm="init" capability=2 scontext=u:r:init:s0 tcontext=u:r:init:s0 tclass=capability permissive=1
07-22 19:48:25.184 1 1 I init : type=1400 audit(0.0:241): avc: denied { dac_read_search } for capability=2 scontext=u:r:init:s0 tcontext=u:r:init:s0 tclass=capability permissive=1
07-22 19:48:25.185 0 0 I init : starting service 'bootanim'...
07-22 19:48:25.234 2334 2334 D SurfaceFlinger: Set power mode=2, type=0 flinger=0x795ae5cf8800
07-22 19:48:25.249 2447 2447 I auditd : type=1400 audit(0.0:243): avc: denied { getattr } for comm="bootanimation" path="/vendor" dev="tmpfs" ino=1103 scontext=u:r:bootanim:s0 tcontext=u:object_r:tmpfs:s0 tclass=lnk_file permissive=1
07-22 19:48:25.249 2447 2447 I bootanimation: type=1400 audit(0.0:243): avc: denied { getattr } for path="/vendor" dev="tmpfs" ino=1103 scontext=u:r:bootanim:s0 tcontext=u:object_r:tmpfs:s0 tclass=lnk_file permissive=1
07-22 19:48:25.647 2334 2420 I SurfaceFlinger: auto set density to 160
07-22 19:48:27.104 2334 2334 I auditd : type=1400 audit(0.0:245): avc: denied { ioctl } for comm="surfaceflinger" path="/sys/kernel/debug/sync/sw_sync" dev="debugfs" ino=5866 ioctlcmd=0x5700 scontext=u:r:surfaceflinger:s0 tcontext=u:object_r:debugfs:s0 tclass=file permissive=1
07-22 19:48:27.104 2334 2334 I surfaceflinger: type=1400 audit(0.0:245): avc: denied { ioctl } for path="/sys/kernel/debug/sync/sw_sync" dev="debugfs" ino=5866 ioctlcmd=0x5700 scontext=u:r:surfaceflinger:s0 tcontext=u:object_r:debugfs:s0 tclass=file permissive=1
07-22 19:48:27.106 2447 2450 D vndksupport: Loading /vendor/lib64/egl/libGLES_mesa.so from current namespace instead of sphal namespace.
07-22 19:48:27.106 2447 2450 D libEGL : loaded /vendor/lib64/egl/libGLES_mesa.so
07-22 19:48:27.135 2447 2450 D vndksupport: Loading /vendor/lib64/hw/gralloc.gbm.so from current namespace instead of sphal namespace.
07-22 19:48:27.134 2447 2447 I auditd : type=1400 audit(0.0:246): avc: denied { read } for comm="BootAnimation" name="dri" dev="tmpfs" ino=9248 scontext=u:r:bootanim:s0 tcontext=u:object_r:device:s0 tclass=dir permissive=1
07-22 19:48:27.134 2447 2447 I BootAnimation: type=1400 audit(0.0:246): avc: denied { read } for name="dri" dev="tmpfs" ino=9248 scontext=u:r:bootanim:s0 tcontext=u:object_r:device:s0 tclass=dir permissive=1
07-22 19:48:27.134 2447 2447 I auditd : type=1400 audit(0.0:247): avc: denied { open } for comm="BootAnimation" path="/dev/dri" dev="tmpfs" ino=9248 scontext=u:r:bootanim:s0 tcontext=u:object_r:device:s0 tclass=dir permissive=1
07-22 19:48:27.134 2447 2447 I BootAnimation: type=1400 audit(0.0:247): avc: denied { open } for path="/dev/dri" dev="tmpfs" ino=9248 scontext=u:r:bootanim:s0 tcontext=u:object_r:device:s0 tclass=dir permissive=1
07-22 19:48:27.134 2447 2447 I auditd : type=1400 audit(0.0:248): avc: denied { read write } for comm="BootAnimation" name="renderD128" dev="tmpfs" ino=9249 scontext=u:r:bootanim:s0 tcontext=u:object_r:device:s0 tclass=chr_file permissive=1
07-22 19:48:27.134 2447 2447 I BootAnimation: type=1400 audit(0.0:248): avc: denied { read write } for name="renderD128" dev="tmpfs" ino=9249 scontext=u:r:bootanim:s0 tcontext=u:object_r:device:s0 tclass=chr_file permissive=1
07-22 19:48:27.134 2447 2447 I auditd : type=1400 audit(0.0:249): avc: denied { open } for comm="BootAnimation" path="/dev/dri/renderD128" dev="tmpfs" ino=9249 scontext=u:r:bootanim:s0 tcontext=u:object_r:device:s0 tclass=chr_file permissive=1
07-22 19:48:27.134 2447 2447 I BootAnimation: type=1400 audit(0.0:249): avc: denied { open } for path="/dev/dri/renderD128" dev="tmpfs" ino=9249 scontext=u:r:bootanim:s0 tcontext=u:object_r:device:s0 tclass=chr_file permissive=1
07-22 19:48:27.160 2447 2450 I EGL-MAIN: found extension DRI_Core version 2
07-22 19:48:27.160 2447 2450 I EGL-MAIN: found extension DRI_IMAGE_DRIVER version 1
07-22 19:48:27.164 2447 2447 I auditd : type=1400 audit(0.0:252): avc: denied { map } for comm="BootAnimation" path="/dev/dri/renderD128" dev="tmpfs" ino=9249 scontext=u:r:bootanim:s0 tcontext=u:object_r:device:s0 tclass=chr_file permissive=1
07-22 19:48:27.164 2447 2447 I BootAnimation: type=1400 audit(0.0:252): avc: denied { map } for path="/dev/dri/renderD128" dev="tmpfs" ino=9249 scontext=u:r:bootanim:s0 tcontext=u:object_r:device:s0 tclass=chr_file permissive=1
07-22 19:48:27.167 2447 2450 I EGL-MAIN: found extension DRI_TexBuffer version 2
07-22 19:48:27.167 2447 2450 I EGL-MAIN: found extension DRI2_Flush version 4
07-22 19:48:27.167 2447 2450 I EGL-MAIN: found extension DRI_IMAGE version 17
07-22 19:48:27.167 2447 2450 I EGL-MAIN: found extension DRI_IMAGE version 17
07-22 19:48:27.167 2447 2450 I EGL-MAIN: found extension DRI_RENDERER_QUERY version 1
07-22 19:48:27.167 2447 2450 I EGL-MAIN: found extension DRI_CONFIG_QUERY version 1
07-22 19:48:27.167 2447 2450 I EGL-MAIN: found extension DRI2_Fence version 2
07-22 19:48:27.167 2447 2450 I EGL-MAIN: found extension DRI2_Interop version 1
07-22 19:48:27.167 2447 2450 I EGL-MAIN: found extension DRI_Robustness version 1
07-22 19:48:27.167 2447 2450 I EGL-MAIN: found extension DRI_NoError version 1 --------- beginning of crash
07-22 21:31:15.938 4949 4995 F libc : Fatal signal 11 (SIGSEGV), code 1, fault addr 0x1c in tid 4995 (Thread-9), pid 4949 (cation:workload)
07-22 21:31:15.944 5006 5006 I auditd : type=1400 audit(0.0:814): avc: denied { getattr } for comm="crash_dump32" path="/vendor" dev="tmpfs" ino=5558 scontext=u:r:crash_dump:s0:c512,c768 tcontext=u:object_r:tmpfs:s0 tclass=lnk_file permissive=1
07-22 21:31:15.944 5006 5006 I crash_dump32: type=1400 audit(0.0:814): avc: denied { getattr } for path="/vendor" dev="tmpfs" ino=5558 scontext=u:r:crash_dump:s0:c512,c768 tcontext=u:object_r:tmpfs:s0 tclass=lnk_file permissive=1
07-22 21:31:15.944 5006 5006 I auditd : type=1400 audit(0.0:815): avc: denied { read } for comm="crash_dump32" name="vendor" dev="tmpfs" ino=5558 scontext=u:r:crash_dump:s0:c512,c768 tcontext=u:object_r:tmpfs:s0 tclass=lnk_file permissive=1
07-22 21:31:15.944 5006 5006 I crash_dump32: type=1400 audit(0.0:815): avc: denied { read } for name="vendor" dev="tmpfs" ino=5558 scontext=u:r:crash_dump:s0:c512,c768 tcontext=u:object_r:tmpfs:s0 tclass=lnk_file permissive=1
07-22 21:31:15.956 5007 5007 I crash_dump32: obtaining output fd from tombstoned, type: kDebuggerdTombstone
07-22 21:31:15.956 2335 2335 I /system/bin/tombstoned: received crash request for pid 4949
07-22 21:31:15.956 5007 5007 I crash_dump32: performing dump of process 4949 (target tid = 4995)
07-22 21:31:15.956 5007 5007 F DEBUG : *** *** *** *** *** *** *** *** *** *** *** *** *** *** *** ***
07-22 21:31:15.956 5007 5007 F DEBUG : Build fingerprint: 'Android-x86/android_x86_64/x86_64:8.1.0/OPM6.171019.030.E1/maur07141051:userdebug/test-keys'
07-22 21:31:15.956 5007 5007 F DEBUG : Revision: '0'
07-22 21:31:15.956 5007 5007 F DEBUG : ABI: 'x86'
07-22 21:31:15.956 5007 5007 F DEBUG : pid: 4949, tid: 4995, name: Thread-9 >>> com.futuremark.dmandroid.application:workload <<<
07-22 21:31:15.956 5007 5007 F DEBUG : signal 11 (SIGSEGV), code 1 (SEGV_MAPERR), fault addr 0x1c
07-22 21:31:15.956 5007 5007 F DEBUG : Cause: null pointer dereference
07-22 21:31:15.956 5007 5007 F DEBUG : eax 00000000 ebx c65b690c ecx c2a6d0ac edx 00000097
07-22 21:31:15.956 5007 5007 F DEBUG : esi c2a6d0ac edi c1fbbb00
07-22 21:31:15.956 5007 5007 F DEBUG : xcs 00000023 xds 0000002b xes 0000002b xfs 0000006b xss 0000002b
07-22 21:31:15.956 5007 5007 F DEBUG : eip c64e0d47 ebp c2b7eb38 esp c2b7eaf0 flags 00010286
07-22 21:31:16.071 5007 5007 F DEBUG :
07-22 21:31:16.071 5007 5007 F DEBUG : backtrace:
07-22 21:31:16.071 5007 5007 F DEBUG : #00 pc 000f1d47 /system/vendor/lib/hw/vulkan.radv.so (radv_image_create+199)
07-22 21:31:16.071 5007 5007 F DEBUG : #01 pc 000f2f26 /system/vendor/lib/hw/vulkan.radv.so (radv_CreateImage+166)
07-22 21:31:16.071 5007 5007 F DEBUG : #02 pc 0000b59a /android/system/lib/libvulkan.so
07-22 21:31:16.071 5007 5007 F DEBUG : #03 pc 001488fe /data/app/com.futuremark.dmandroid.application--TcMIPU5ttg_gGGrKxrVOQ==/lib/x86/lib3dmark_farandole.so (eva::graphics::vulkan::native_memory_utility::create_texture(VkImageCreateInfo const&)+78)
07-22 21:31:16.071 5007 5007 F DEBUG : #04 pc 0013ffe9 /data/app/com.futuremark.dmandroid.application--TcMIPU5ttg_gGGrKxrVOQ==/lib/x86/lib3dmark_farandole.so (eva::graphics::vulkan::vulkan_device::create_texture(eva::graphics::texture_desc const&, eva::graphics::subresource_data const*)+233)
07-22 21:31:16.071 5007 5007 F DEBUG : #05 pc 001458cf /data/app/com.futuremark.dmandroid.application--TcMIPU5ttg_gGGrKxrVOQ==/lib/x86/lib3dmark_farandole.so
07-22 21:31:16.071 5007 5007 F DEBUG : #06 pc 0013e474 /data/app/com.futuremark.dmandroid.application--TcMIPU5ttg_gGGrKxrVOQ==/lib/x86/lib3dmark_farandole.so (eva::graphics::vulkan::create_dds_texture_from_memory(std::function, eva::graphics::texture_desc*, unsigned char const*, DXGI_FORMAT, unsigned int, unsigned int, unsigned int)+2484)
07-22 21:31:16.071 5007 5007 F DEBUG : #07 pc 00145b8c /data/app/com.futuremark.dmandroid.application--TcMIPU5ttg_gGGrKxrVOQ==/lib/x86/lib3dmark_farandole.so (eva::graphics::vulkan::vulkan_resource_factory::load_texture(boost::filesystem::path const&, DXGI_FORMAT, int)+316)
07-22 21:31:16.071 5007 5007 F DEBUG : #08 pc 001ad794 /data/app/com.futuremark.dmandroid.application--TcMIPU5ttg_gGGrKxrVOQ==/lib/x86/lib3dmark_farandole.so (eva::graphics::assets::texture_loader::load(std::string const&) const+1412)
07-22 21:31:16.071 5007 5007 F DEBUG : #09 pc 00153e69 /data/app/com.futuremark.dmandroid.application--TcMIPU5ttg_gGGrKxrVOQ==/lib/x86/lib3dmark_farandole.so (eva::ui::loading_screen_contents::loading_screen_contents(eva::ui::loading_screen_creation_parameters const&, eva::globals&)+649)
07-22 21:31:16.071 5007 5007 F DEBUG : #10 pc 0011f1a1 /data/app/com.futuremark.dmandroid.application--TcMIPU5ttg_gGGrKxrVOQ==/lib/x86/lib3dmark_farandole.so (mobile_player::player::create_loading_screen()+161)
07-22 21:31:16.071 5007 5007 F DEBUG : #11 pc 00125563 /data/app/com.futuremark.dmandroid.application--TcMIPU5ttg_gGGrKxrVOQ==/lib/x86/lib3dmark_farandole.so (_ZN13mobile_player6playerC1ERN3eva7globalsESsNS1_4math6vectorIiLj2EEESsRNS1_2ui13invalidatableERNS7_12message_pumpEP13ANativeWindowiNS1_8graphics8platformE+6083)
07-22 21:31:16.071 5007 5007 F DEBUG : #12 pc 00118e37 /data/app/com.futuremark.dmandroid.application--TcMIPU5ttg_gGGrKxrVOQ==/lib/x86/lib3dmark_farandole.so (android_native::native_application::create_player(std::string, bool, ANativeWindow*)+375)
07-22 21:31:16.071 5007 5007 F DEBUG : #13 pc 0011cd0e /data/app/com.futuremark.dmandroid.application--TcMIPU5ttg_gGGrKxrVOQ==/lib/x86/lib3dmark_farandole.so (activity::handle_cmd(int)+206)
07-22 21:31:16.071 5007 5007 F DEBUG : #14 pc 0011ce15 /data/app/com.futuremark.dmandroid.application--TcMIPU5ttg_gGGrKxrVOQ==/lib/x86/lib3dmark_farandole.so (activity::handle_cmd(android_app*, int)+37)
07-22 21:31:16.071 5007 5007 F DEBUG : #15 pc 0025e46c /data/app/com.futuremark.dmandroid.application--TcMIPU5ttg_gGGrKxrVOQ==/lib/x86/lib3dmark_farandole.so
07-22 21:31:16.071 5007 5007 F DEBUG : #16 pc 0011cb9e /data/app/com.futuremark.dmandroid.application--TcMIPU5ttg_gGGrKxrVOQ==/lib/x86/lib3dmark_farandole.so (activity::run()+126)
07-22 21:31:16.071 5007 5007 F DEBUG : #17 pc 0011cf02 /data/app/com.futuremark.dmandroid.application--TcMIPU5ttg_gGGrKxrVOQ==/lib/x86/lib3dmark_farandole.so (android_main+98)
07-22 21:31:16.071 5007 5007 F DEBUG : #18 pc 0025ddd4 /data/app/com.futuremark.dmandroid.application--TcMIPU5ttg_gGGrKxrVOQ==/lib/x86/lib3dmark_farandole.so
07-22 21:31:16.071 5007 5007 F DEBUG : #19 pc 0007f595 /android/system/lib/libc.so
07-22 21:31:16.071 5007 5007 F DEBUG : #20 pc 0002f8db /android/system/lib/libc.so
07-22 21:31:16.071 5007 5007 F DEBUG : #21 pc 0001ea56 /android/system/lib/libc.so
07-22 21:31:16.224 4695 4948 I com.futuremark.dmandroid.SystemInfoPoller: Sending system info broadcast 3, battery: BatteryData{present=true, level=100, voltage=0, health='Good', status='Charging', temperature=424, scale=100}
07-22 21:31:16.224 4695 4948 D com.futuremark.dmandroid.SystemInfoPoller: memory #1 corefrequencies:
07-22 21:31:16.224 4695 4948 D com.futuremark.dmandroid.SystemInfoPoller: 1862461 1611504
07-22 21:31:16.224 4695 4948 D com.futuremark.dmandroid.SystemInfoPoller: avg of corefrequencies: 1.736982
07-22 21:31:16.224 4695 4948 D com.futuremark.dmandroid.MonitoringDataService: monitoringdataservice 1384505722024.csv received systeminfoevent
07-22 21:31:16.224 4695 4948 D com.futuremark.dmandroid.MonitoringDataService: monitoring test, avgOfCoreFrequencies: 1737.0
07-22 21:31:16.224 4695 4948 I chatty : uid=10090(com.futuremark.dmandroid.application) hw-polling-thre identical 1 line
07-22 21:31:16.224 4695 4948 D com.futuremark.dmandroid.MonitoringDataService: monitoring test, avgOfCoreFrequencies: 1737.0
07-22 21:31:16.225 4695 4948 D com.futuremark.dmandroid.MonitoringDataService: monitoring test, coreFrequencies: 1862.461
07-22 21:31:16.225 4695 4948 D com.futuremark.dmandroid.MonitoringDataService: monitoring test, coreFrequencies: 1611.504
07-22 21:31:16.818 2335 2335 E /system/bin/tombstoned: Tombstone written to: /data/tombstones/tombstone_45
07-22 21:31:16.819 2443 5012 I am_crash: [2443,0,com.futuremark.dmandroid.application:workload,952647236,Native crash,Segmentation fault,unknown,0]
07-22 21:31:16.819 2443 2462 I BootReceiver: Copying /data/tombstones/tombstone_45 to DropBox (SYSTEM_TOMBSTONE)