07-22 19:47:18.644 0 0 I : Write protecting the kernel read-only data: 18432k
07-22 19:47:18.644 0 0 I : Freeing unused kernel memory: 2016K
07-22 19:47:18.645 0 0 I : Freeing unused kernel memory: 280K
07-22 19:47:18.645 0 0 I rodata_test: all tests were successful
07-22 19:47:18.662 0 0 I usb 2-1.4: new high-speed USB device number 5 using ehci-pci
07-22 19:47:18.732 0 0 E EXT4-fs (sda1): couldn't mount as ext3 due to feature incompatibilities
07-22 19:47:18.733 0 0 I EXT4-fs (sda1): INFO: recovery required on readonly filesystem
07-22 19:47:18.733 0 0 I EXT4-fs (sda1): write access will be enabled during recovery
07-22 19:47:18.761 0 0 I usb 2-1.4: New USB device found, idVendor=148f, idProduct=3070
07-22 19:47:18.761 0 0 I usb 2-1.4: New USB device strings: Mfr=1, Product=2, SerialNumber=3
07-22 19:47:18.761 0 0 I usb 2-1.4: Product: 802.11 n WLAN
07-22 19:47:18.761 0 0 I usb 2-1.4: Manufacturer: Ralink
07-22 19:47:18.761 0 0 I usb 2-1.4: SerialNumber: 1.0
07-22 19:47:19.247 0 0 I random : crng init done
07-22 19:47:19.697 0 0 I scsi 4 : 0:0:0: Direct-Access USB DISK 3.0 PMAP PQ: 0 ANSI: 6
07-22 19:47:19.697 0 0 I sd 4 : 0:0:0: Attached scsi generic sg1 type 0
07-22 19:47:20.322 0 0 I EXT4-fs (sda1): recovery complete
07-22 19:47:20.338 0 0 I EXT4-fs (sda1): mounted filesystem with ordered data mode. Opts: (null)
07-22 19:47:20.469 0 0 W EXT4-fs (sda1): warning: maximal mount count reached, running e2fsck is recommended
07-22 19:47:20.493 0 0 I EXT4-fs (sda1): re-mounted. Opts: (null)
07-22 19:47:20.507 0 0 E EXT4-fs (loop0): couldn't mount as ext3 due to feature incompatibilities
07-22 19:47:20.654 0 0 W EXT4-fs (loop0): warning: maximal mount count reached, running e2fsck is recommended
07-22 19:47:20.687 0 0 I EXT4-fs (loop0): recovery complete
07-22 19:47:20.731 0 0 I EXT4-fs (loop0): mounted filesystem with ordered data mode. Opts: (null)
07-22 19:47:20.822 0 0 I sd 4 : 0:0:0: [sdb] 15133248 512-byte logical blocks: (7.75 GB/7.22 GiB)
07-22 19:47:20.822 0 0 I sd 4 : 0:0:0: [sdb] Write Protect is off
07-22 19:47:20.822 0 0 D sd 4 : 0:0:0: [sdb] Mode Sense: 23 00 00 00
07-22 19:47:20.823 0 0 E sd 4 : 0:0:0: [sdb] No Caching mode page found
07-22 19:47:20.823 0 0 E sd 4 : 0:0:0: [sdb] Assuming drive cache: write through
07-22 19:47:20.852 0 0 I sdb : sdb1 sdb2
07-22 19:47:20.854 0 0 I sd 4 : 0:0:0: [sdb] Attached SCSI removable disk
07-22 19:47:26.514 0 0 I intel_rapl: Found RAPL domain package
07-22 19:47:26.514 0 0 I intel_rapl: Found RAPL domain core
07-22 19:47:26.514 0 0 I intel_rapl: Found RAPL domain uncore
07-22 19:47:26.514 0 0 I intel_rapl: RAPL package 0 domain package locked by BIOS
07-22 19:47:26.537 0 0 I shpchp : Standard Hot Plug PCI Controller Driver version: 0.4
07-22 19:47:26.597 0 0 W ACPI Warning: SystemIO range 0x0000000000000428-0x000000000000042F conflicts with OpRegion 0x0000000000000400-0x000000000000047F (\PMIO) (20180105/utaddress-247)
07-22 19:47:26.597 0 0 I ACPI : If an ACPI driver is available for this device, you should use it instead of the native driver
07-22 19:47:26.597 0 0 W ACPI Warning: SystemIO range 0x0000000000000540-0x000000000000054F conflicts with OpRegion 0x0000000000000500-0x0000000000000563 (\GPIO) (20180105/utaddress-247)
07-22 19:47:26.597 0 0 W ACPI Warning: SystemIO range 0x0000000000000540-0x000000000000054F conflicts with OpRegion 0x0000000000000500-0x000000000000057F (\_SB.PCI0.LPCB.GPBX) (20180105/utaddress-247)
07-22 19:47:26.597 0 0 I ACPI : If an ACPI driver is available for this device, you should use it instead of the native driver
07-22 19:47:26.597 0 0 W ACPI Warning: SystemIO range 0x0000000000000530-0x000000000000053F conflicts with OpRegion 0x0000000000000500-0x0000000000000563 (\GPIO) (20180105/utaddress-247)
07-22 19:47:26.598 0 0 W ACPI Warning: SystemIO range 0x0000000000000530-0x000000000000053F conflicts with OpRegion 0x0000000000000500-0x000000000000057F (\_SB.PCI0.LPCB.GPBX) (20180105/utaddress-247)
07-22 19:47:26.598 0 0 I ACPI : If an ACPI driver is available for this device, you should use it instead of the native driver
07-22 19:47:26.598 0 0 W ACPI Warning: SystemIO range 0x0000000000000500-0x000000000000052F conflicts with OpRegion 0x0000000000000500-0x0000000000000563 (\GPIO) (20180105/utaddress-247)
07-22 19:47:26.598 0 0 W ACPI Warning: SystemIO range 0x0000000000000500-0x000000000000052F conflicts with OpRegion 0x0000000000000500-0x000000000000057F (\_SB.PCI0.LPCB.GPBX) (20180105/utaddress-247)
07-22 19:47:26.598 0 0 I ACPI : If an ACPI driver is available for this device, you should use it instead of the native driver
07-22 19:47:26.598 0 0 W lpc_ich : Resource conflict(s) found affecting gpio_ich
07-22 19:47:26.636 0 0 I i801_smbus 0000: 00:1f.3: SMBus using PCI interrupt
07-22 19:47:26.698 0 0 I input : PC Speaker as /devices/platform/pcspkr/input/input4
07-22 19:47:26.793 0 0 I cfg80211: Loading compiled-in X.509 certificates for regulatory database
07-22 19:47:26.794 0 0 I modprobe: crypto-pkcs1pad(rsa,sha256)
07-22 19:47:26.845 0 0 I modprobe: crypto-pkcs1pad(rsa,sha256)-all
07-22 19:47:26.907 0 0 I cfg80211: Loaded X.509 cert 'sforshee: 00b28ddf47aef9cea7'
07-22 19:47:26.920 0 0 W platform regulatory.0: Direct firmware load for regulatory.db failed with error -2
07-22 19:47:26.920 0 0 I cfg80211: failed to load regulatory.db
07-22 19:47:27.098 0 0 I usb 2-1.4: reset high-speed USB device number 5 using ehci-pci
07-22 19:47:27.189 0 0 I ieee80211 phy0: rt2x00_set_rt: Info - RT chipset 3070, rev 0201 detected
07-22 19:47:27.218 0 0 I ieee80211 phy0: rt2x00_set_rf: Info - RF chipset 0005 detected
07-22 19:47:27.219 0 0 I modprobe: crypto-arc4
07-22 19:47:27.251 0 0 I modprobe: crypto-arc4-all
07-22 19:47:27.274 0 0 D ieee80211 phy0: Selected rate control algorithm 'minstrel_ht'
07-22 19:47:27.274 0 0 I usbcore : registered new interface driver rt2800usb
07-22 19:47:44.267 0 0 I modprobe: amdgpu
07-22 19:47:44.985 0 0 I : [drm] amdgpu kernel modesetting enabled.
07-22 19:47:44.985 0 0 I : [drm] initializing kernel modesetting (BONAIRE 0x1002:0x665C 0x1787:0x2329 0x00).
07-22 19:47:44.985 0 0 I : [drm] register mmio base: 0xF7E00000
07-22 19:47:44.985 0 0 I : [drm] register mmio size: 262144
07-22 19:47:44.985 0 0 I : [drm] probing gen 2 caps for device 8086:101 = 2212d02/0
07-22 19:47:44.985 0 0 I : [drm] probing mlw for device 8086:101 = 2212d02
07-22 19:47:44.985 0 0 W : resource sanity check: requesting [mem 0x000c0000-0x000dffff], which spans more than PCI Bus 0000:00 [mem 0x000d0000-0x000d3fff window]
07-22 19:47:44.986 0 0 W : caller pci_map_rom+0x6e/0x100 mapping multiple BARs
07-22 19:47:44.986 0 0 I amdgpu 0000: 01:00.0: Invalid PCI ROM header signature: expecting 0xaa55, got 0xffff
07-22 19:47:44.986 0 0 I ATOM BIOS: 113-C5820300-100
07-22 19:47:44.986 0 0 I : [drm] vm size is 64 GB, 2 levels, block size is 10-bit, fragment size is 9-bit
07-22 19:47:45.020 0 0 I amdgpu 0000: 01:00.0: VRAM: 1024M 0x000000F400000000 - 0x000000F43FFFFFFF (1024M used)
07-22 19:47:45.020 0 0 I amdgpu 0000: 01:00.0: GTT: 1024M 0x0000000000000000 - 0x000000003FFFFFFF
07-22 19:47:45.020 0 0 I : [drm] Detected VRAM RAM=1024M, BAR=256M
07-22 19:47:45.020 0 0 I : [drm] RAM width 128bits GDDR5
07-22 19:47:45.020 0 0 I : [TTM] Zone kernel: Available graphics memory: 1989360 kiB
07-22 19:47:45.020 0 0 I : [TTM] Initializing pool allocator
07-22 19:47:45.020 0 0 I : [TTM] Initializing DMA pool allocator
07-22 19:47:45.020 0 0 I [drm] amdgpu: 1024M of VRAM memory ready
07-22 19:47:45.020 0 0 I [drm] amdgpu: 2914M of GTT memory ready.
07-22 19:47:45.020 0 0 I [drm] GART: num cpu pages 262144, num gpu pages 262144
07-22 19:47:45.021 0 0 I : [drm] PCIE GART of 1024M enabled (table at 0x000000F400040000).
07-22 19:47:45.026 0 0 I : [drm] Internal thermal controller with fan control
07-22 19:47:45.026 0 0 I [drm] amdgpu: dpm initialized
07-22 19:47:45.041 0 0 I : [drm] Found UVD firmware Version: 1.64 Family ID: 9
07-22 19:47:45.044 0 0 I : [drm] Found VCE firmware Version: 50.10 Binary ID: 2
07-22 19:47:45.045 0 0 I : [drm] PCIE gen 2 link speeds already enabled
07-22 19:47:45.054 0 0 I : [drm] Display Core initialized with v3.1.27!
07-22 19:47:45.071 0 0 I : [drm] SADs count is: -2, don't need to read it
07-22 19:47:45.071 0 0 I : [drm] Supports vblank timestamp caching Rev 2 (21.10.2013).
07-22 19:47:45.071 0 0 I : [drm] Driver supports precise vblank timestamp query.
07-22 19:47:45.109 0 0 I : [drm] UVD initialized successfully.
07-22 19:47:45.237 0 0 I : [drm] VCE initialized successfully.
07-22 19:47:45.239 0 0 I : [drm] fb mappable at 0xE0429000
07-22 19:47:45.239 0 0 I : [drm] vram apper at 0xE0000000
07-22 19:47:45.239 0 0 I : [drm] size 3145728
07-22 19:47:45.239 0 0 I : [drm] fb depth is 24
07-22 19:47:45.239 0 0 I : [drm] pitch is 4096
07-22 19:47:45.239 0 0 I fbcon : amdgpudrmfb (fb0) is primary device
07-22 19:47:45.273 0 0 I Console : switching to colour frame buffer device 128x48
07-22 19:47:45.290 0 0 I amdgpu 0000: 01:00.0: fb0: amdgpudrmfb frame buffer device
07-22 19:47:45.297 0 0 I : [drm] Initialized amdgpu 3.23.0 20150101 for 0000:01:00.0 on minor 0
07-22 19:48:01.478 0 0 I EXT4-fs (sda1): re-mounted. Opts: (null)
07-22 19:48:02.827 0 0 I init : init first stage started!
07-22 19:48:02.827 0 0 I init : Using Android DT directory /proc/device-tree/firmware/android/
07-22 19:48:02.827 0 0 I init : First stage mount skipped (missing/incompatible fstab in device tree)
07-22 19:48:02.827 0 0 I init : Skipped setting INIT_AVB_VERSION (not in recovery mode)
07-22 19:48:02.827 0 0 I init : Loading SELinux policy
07-22 19:48:02.829 0 0 D SELinux : 4096 avtab hash slots, 12491 rules.
07-22 19:48:02.832 0 0 D SELinux : 4096 avtab hash slots, 12491 rules.
07-22 19:48:02.832 0 0 D SELinux : 1 users, 4 roles, 1034 types, 0 bools, 1 sens, 1024 cats
07-22 19:48:02.832 0 0 D SELinux : 92 classes, 12491 rules
07-22 19:48:02.833 0 0 I SELinux : Class process2 not defined in policy.
07-22 19:48:02.833 0 0 I SELinux : Class infiniband_pkey not defined in policy.
07-22 19:48:02.833 0 0 I SELinux : Class infiniband_endport not defined in policy.
07-22 19:48:02.834 0 0 I SELinux : Class bpf not defined in policy.
07-22 19:48:02.834 0 0 I SELinux : the above unknown classes and permissions will be denied
07-22 19:48:02.835 0 0 I SELinux : policy capability network_peer_controls=1
07-22 19:48:02.836 0 0 I SELinux : policy capability open_perms=1
07-22 19:48:02.836 0 0 I SELinux : policy capability extended_socket_class=1
07-22 19:48:02.837 0 0 I SELinux : policy capability always_check_network=0
07-22 19:48:02.837 0 0 I SELinux : policy capability cgroup_seclabel=0
07-22 19:48:02.838 0 0 I SELinux : policy capability nnp_nosuid_transition=0
07-22 19:48:02.838 0 0 D SELinux : Completing initialization.
07-22 19:48:02.838 0 0 D SELinux : Setting up existing superblocks.
07-22 19:48:02.858 0 0 I selinux : SELinux: Loaded policy from /sepolicy
07-22 19:48:02.860 0 0 I selinux : SELinux: Loaded file_contexts
07-22 19:48:02.863 0 0 I init : init second stage started!
07-22 19:48:02.867 0 0 I init : Using Android DT directory /proc/device-tree/firmware/android/
07-22 19:48:02.869 0 0 I selinux : SELinux: Loaded file_contexts
07-22 19:48:02.877 0 0 I selinux : SELinux: Loaded property_contexts from /plat_property_contexts & /nonplat_property_contexts.
07-22 19:48:02.879 0 0 I init : Running restorecon...
07-22 19:48:02.881 0 0 E selinux : SELinux: Could not stat /dev/block: No such file or directory.
07-22 19:48:02.884 0 0 W init : Couldn't load property file: Unable to open '/system/etc/prop.default': No such file or directory: No such file or directory
07-22 19:48:02.887 0 0 W init : Couldn't load property file: Unable to open '/prop.default': No such file or directory: No such file or directory
07-22 19:48:02.887 0 0 W init : Couldn't load property file: Unable to open '/odm/default.prop': No such file or directory: No such file or directory
07-22 19:48:02.926 2257 2257 I auditd : type=1403 audit(0.0:2): policy loaded auid=4294967295 ses=4294967295
07-22 19:48:02.926 2257 2257 I auditd : type=1403 audit(0.0:2): policy loaded auid=4294967295 ses=4294967295
07-22 19:48:02.928 1 1 I auditd : type=1400 audit(0.0:3): avc: denied { getattr } for comm="init" path="/plat_file_contexts" dev="tmpfs" ino=6304 scontext=u:r:kernel:s0 tcontext=u:object_r:tmpfs:s0 tclass=file permissive=1
07-22 19:48:02.928 1 1 I init : type=1400 audit(0.0:3): avc: denied { getattr } for path="/plat_file_contexts" dev="tmpfs" ino=6304 scontext=u:r:kernel:s0 tcontext=u:object_r:tmpfs:s0 tclass=file permissive=1
07-22 19:48:02.928 1 1 I auditd : type=1400 audit(0.0:4): avc: denied { read } for comm="init" name="plat_file_contexts" dev="tmpfs" ino=6304 scontext=u:r:kernel:s0 tcontext=u:object_r:tmpfs:s0 tclass=file permissive=1
07-22 19:48:02.928 1 1 I init : type=1400 audit(0.0:4): avc: denied { read } for name="plat_file_contexts" dev="tmpfs" ino=6304 scontext=u:r:kernel:s0 tcontext=u:object_r:tmpfs:s0 tclass=file permissive=1
07-22 19:48:02.928 1 1 I auditd : type=1400 audit(0.0:5): avc: denied { open } for comm="init" path="/plat_file_contexts" dev="tmpfs" ino=6304 scontext=u:r:kernel:s0 tcontext=u:object_r:tmpfs:s0 tclass=file permissive=1
07-22 19:48:02.928 1 1 I init : type=1400 audit(0.0:5): avc: denied { open } for path="/plat_file_contexts" dev="tmpfs" ino=6304 scontext=u:r:kernel:s0 tcontext=u:object_r:tmpfs:s0 tclass=file permissive=1
07-22 19:48:02.929 1 1 I auditd : type=1400 audit(0.0:6): avc: denied { map } for comm="init" path="/plat_file_contexts" dev="tmpfs" ino=6304 scontext=u:r:kernel:s0 tcontext=u:object_r:tmpfs:s0 tclass=file permissive=1
07-22 19:48:02.929 1 1 I init : type=1400 audit(0.0:6): avc: denied { map } for path="/plat_file_contexts" dev="tmpfs" ino=6304 scontext=u:r:kernel:s0 tcontext=u:object_r:tmpfs:s0 tclass=file permissive=1
07-22 19:48:02.932 1 1 I auditd : type=1400 audit(0.0:7): avc: denied { relabelfrom } for comm="init" name="init" dev="tmpfs" ino=6288 scontext=u:r:kernel:s0 tcontext=u:object_r:tmpfs:s0 tclass=file permissive=1
07-22 19:48:02.932 1 1 I init : type=1400 audit(0.0:7): avc: denied { relabelfrom } for name="init" dev="tmpfs" ino=6288 scontext=u:r:kernel:s0 tcontext=u:object_r:tmpfs:s0 tclass=file permissive=1
07-22 19:48:02.935 1 1 I auditd : type=1400 audit(0.0:8): avc: denied { getattr } for comm="init" path="/plat_property_contexts" dev="tmpfs" ino=6306 scontext=u:r:init:s0 tcontext=u:object_r:tmpfs:s0 tclass=file permissive=1
07-22 19:48:02.935 1 1 I init : type=1400 audit(0.0:8): avc: denied { getattr } for path="/plat_property_contexts" dev="tmpfs" ino=6306 scontext=u:r:init:s0 tcontext=u:object_r:tmpfs:s0 tclass=file permissive=1
07-22 19:48:02.937 1 1 I auditd : type=1400 audit(0.0:9): avc: denied { map } for comm="init" path="/plat_file_contexts" dev="tmpfs" ino=6304 scontext=u:r:init:s0 tcontext=u:object_r:tmpfs:s0 tclass=file permissive=1
07-22 19:48:02.937 1 1 I init : type=1400 audit(0.0:9): avc: denied { map } for path="/plat_file_contexts" dev="tmpfs" ino=6304 scontext=u:r:init:s0 tcontext=u:object_r:tmpfs:s0 tclass=file permissive=1
07-22 19:48:02.949 1 1 I auditd : type=1400 audit(0.0:10): avc: denied { relabelfrom } for comm="init" name="plat_file_contexts" dev="tmpfs" ino=6304 scontext=u:r:init:s0 tcontext=u:object_r:tmpfs:s0 tclass=file permissive=1
07-22 19:48:02.949 1 1 I init : type=1400 audit(0.0:10): avc: denied { relabelfrom } for name="plat_file_contexts" dev="tmpfs" ino=6304 scontext=u:r:init:s0 tcontext=u:object_r:tmpfs:s0 tclass=file permissive=1
07-22 19:48:02.959 1124 1124 I auditd : type=1400 audit(0.0:11): avc: denied { read } for comm="loop0" path="/mnt/android-2018-07-14/system.img" dev="sda1" ino=2076711 scontext=u:r:kernel:s0 tcontext=u:object_r:unlabeled:s0 tclass=file permissive=1
07-22 19:48:02.959 1124 1124 I loop0 : type=1400 audit(0.0:11): avc: denied { read } for path="/mnt/android-2018-07-14/system.img" dev="sda1" ino=2076711 scontext=u:r:kernel:s0 tcontext=u:object_r:unlabeled:s0 tclass=file permissive=1
07-22 19:48:02.973 0 0 W init : Couldn't load property file: Unable to open '/vendor/default.prop': No such file or directory: No such file or directory
07-22 19:48:03.033 0 0 W cgroup : init (1) created nested cgroup for controller "memory" which has incomplete hierarchy support. Nested cgroups may change behavior in the future.
07-22 19:48:03.037 0 0 W cgroup : "memory" requires setting use_hierarchy to 1 on the root
07-22 19:48:03.038 0 0 I ueventd : ueventd started!
07-22 19:48:03.041 0 0 I ueventd : Parsing file /ueventd.rc...
07-22 19:48:03.044 0 0 I ueventd : Parsing file /vendor/ueventd.rc...
07-22 19:48:03.046 0 0 E ueventd : Unable to open '/vendor/ueventd.rc': No such file or directory
07-22 19:48:03.048 0 0 I ueventd : Parsing file /odm/ueventd.rc...
07-22 19:48:03.049 0 0 E ueventd : Unable to open '/odm/ueventd.rc': No such file or directory
07-22 19:48:03.051 0 0 I ueventd : Parsing file /ueventd.android_x86_64.rc...
07-22 19:48:03.052 0 0 I selinux : SELinux: Loaded file_contexts
07-22 19:48:03.055 0 0 I ueventd : Parsing file /system/etc/modules.blacklist...
07-22 19:48:03.057 0 0 I ueventd : Parsing file /system/lib/modules/4.16.0-android-x86_64-g6ca95bc28343/modules.alias...
07-22 19:48:03.143 0 0 I iTCO_vendor_support: vendor-support=0
07-22 19:48:03.145 0 0 I iTCO_wdt: Intel TCO WatchDog Timer Driver v1.11
07-22 19:48:03.148 0 0 I iTCO_wdt: Found a Cougar Point TCO device (Version=2, TCOBASE=0x0460)
07-22 19:48:03.150 0 0 I iTCO_wdt: initialized. heartbeat=30 sec (nowayout=0)
07-22 19:48:03.267 0 0 I snd_hda_intel 0000: 01:00.1: Handle vga_switcheroo audio client
07-22 19:48:03.269 0 0 I snd_hda_intel 0000: 01:00.1: Force to non-snoop mode
07-22 19:48:03.277 0 0 I modprobe: hdaudio:v1002AA01r00100500a01
07-22 19:48:03.278 0 0 I modprobe: hdaudio:v10EC0887r00100302a01
07-22 19:48:03.300 0 0 I input : HDA ATI HDMI HDMI/DP,pcm=3 as /devices/pci0000:00/0000:00:01.0/0000:01:00.1/sound/card1/input5
07-22 19:48:03.304 0 0 I input : HDA ATI HDMI HDMI/DP,pcm=7 as /devices/pci0000:00/0000:00:01.0/0000:01:00.1/sound/card1/input6
07-22 19:48:03.305 0 0 I input : HDA ATI HDMI HDMI/DP,pcm=8 as /devices/pci0000:00/0000:00:01.0/0000:01:00.1/sound/card1/input7
07-22 19:48:03.306 0 0 I input : HDA ATI HDMI HDMI/DP,pcm=9 as /devices/pci0000:00/0000:00:01.0/0000:01:00.1/sound/card1/input8
07-22 19:48:03.307 0 0 I input : HDA ATI HDMI HDMI/DP,pcm=10 as /devices/pci0000:00/0000:00:01.0/0000:01:00.1/sound/card1/input9
07-22 19:48:03.308 0 0 I input : HDA ATI HDMI HDMI/DP,pcm=11 as /devices/pci0000:00/0000:00:01.0/0000:01:00.1/sound/card1/input10
07-22 19:48:03.320 0 0 I snd_hda_codec_realtek hdaudioC0D0: autoconfig for ALC887-VD: line_outs=1 (0x14/0x0/0x0/0x0/0x0) type:line
07-22 19:48:03.321 0 0 I snd_hda_codec_realtek hdaudioC0D0: speaker_outs=0 (0x0/0x0/0x0/0x0/0x0)
07-22 19:48:03.322 0 0 I snd_hda_codec_realtek hdaudioC0D0: hp_outs=1 (0x1b/0x0/0x0/0x0/0x0)
07-22 19:48:03.323 0 0 I snd_hda_codec_realtek hdaudioC0D0: mono: mono_out=0x0
07-22 19:48:03.324 0 0 I snd_hda_codec_realtek hdaudioC0D0: inputs:
07-22 19:48:03.325 0 0 I snd_hda_codec_realtek hdaudioC0D0: Front Mic=0x19
07-22 19:48:03.326 0 0 I snd_hda_codec_realtek hdaudioC0D0: Rear Mic=0x18
07-22 19:48:03.327 0 0 I snd_hda_codec_realtek hdaudioC0D0: Line=0x1a
07-22 19:48:03.340 0 0 I input : HDA Intel PCH Front Mic as /devices/pci0000:00/0000:00:1b.0/sound/card0/input11
07-22 19:48:03.341 0 0 I input : HDA Intel PCH Rear Mic as /devices/pci0000:00/0000:00:1b.0/sound/card0/input12
07-22 19:48:03.342 0 0 I input : HDA Intel PCH Line as /devices/pci0000:00/0000:00:1b.0/sound/card0/input13
07-22 19:48:03.343 0 0 I input : HDA Intel PCH Line Out as /devices/pci0000:00/0000:00:1b.0/sound/card0/input14
07-22 19:48:03.344 0 0 I input : HDA Intel PCH Front Headphone as /devices/pci0000:00/0000:00:1b.0/sound/card0/input15
07-22 19:48:03.407 0 0 I asus_wmi: ASUS WMI generic driver loaded
07-22 19:48:03.410 0 0 I asus_wmi: Initialization: 0x0
07-22 19:48:03.411 0 0 I asus_wmi: BIOS WMI version: 0.9
07-22 19:48:03.412 0 0 I asus_wmi: SFUN value: 0x0
07-22 19:48:03.414 0 0 I input : Eee PC WMI hotkeys as /devices/platform/eeepc-wmi/input/input16
07-22 19:48:03.415 0 0 I asus_wmi: Number of fans: 1
07-22 19:48:03.484 0 0 I modprobe: crypto-cryptd(__ghash-pclmulqdqni)
07-22 19:48:03.505 0 0 I modprobe: crypto-cryptd(__ghash-pclmulqdqni)-all
07-22 19:48:03.967 0 0 I : [drm] radeon kernel modesetting enabled.
07-22 19:48:03.973 0 0 I Coldboot: took 0.918000 seconds
07-22 19:48:04.322 0 0 I modprobe: sdcardfs
07-22 19:48:04.410 0 0 I logd.auditd: start
07-22 19:48:04.461 2261 2261 I sh : + typeset 'hal_sensors=kbd'
07-22 19:48:04.461 2261 2261 I sh : + typeset 'has_sensors=true'
07-22 19:48:04.463 2261 2261 I sh : + cat /sys/class/dmi/id/uevent
07-22 19:48:04.466 2261 2261 I sh : + has_sensors=false
07-22 19:48:04.467 2261 2261 I sh : + 2>/dev/null
07-22 19:48:04.467 2261 2261 I sh : + ls '/sys/bus/iio/devices/iio:device*'
07-22 19:48:04.469 2302 2302 I auditd : type=1400 audit(0.0:65): avc: denied { getattr } for comm="sh" path="/bin/busybox" dev="tmpfs" ino=1293 scontext=u:r:init:s0 tcontext=u:object_r:tmpfs:s0 tclass=file permissive=1
07-22 19:48:04.469 2302 2302 I sh : type=1400 audit(0.0:65): avc: denied { getattr } for path="/bin/busybox" dev="tmpfs" ino=1293 scontext=u:r:init:s0 tcontext=u:object_r:tmpfs:s0 tclass=file permissive=1
07-22 19:48:04.470 2261 2261 I sh : + '[' -n ']'
07-22 19:48:04.470 2261 2261 I sh : + lsmod
07-22 19:48:04.470 2261 2261 I sh : + grep -q lis3lv02d_i2c
07-22 19:48:04.472 2302 2302 I auditd : type=1400 audit(0.0:66): avc: denied { execute } for comm="sh" name="busybox" dev="tmpfs" ino=1293 scontext=u:r:init:s0 tcontext=u:object_r:tmpfs:s0 tclass=file permissive=1
07-22 19:48:04.472 2302 2302 I sh : type=1400 audit(0.0:66): avc: denied { execute } for name="busybox" dev="tmpfs" ino=1293 scontext=u:r:init:s0 tcontext=u:object_r:tmpfs:s0 tclass=file permissive=1
07-22 19:48:04.472 2302 2302 I auditd : type=1400 audit(0.0:67): avc: denied { execute_no_trans } for comm="sh" path="/bin/busybox" dev="tmpfs" ino=1293 scontext=u:r:init:s0 tcontext=u:object_r:tmpfs:s0 tclass=file permissive=1
07-22 19:48:04.472 2302 2302 I sh : type=1400 audit(0.0:67): avc: denied { execute_no_trans } for path="/bin/busybox" dev="tmpfs" ino=1293 scontext=u:r:init:s0 tcontext=u:object_r:tmpfs:s0 tclass=file permissive=1
07-22 19:48:04.472 2302 2302 I auditd : type=1400 audit(0.0:68): avc: denied { map } for comm="lsmod" path="/bin/busybox" dev="tmpfs" ino=1293 scontext=u:r:init:s0 tcontext=u:object_r:tmpfs:s0 tclass=file permissive=1
07-22 19:48:04.472 2302 2302 I lsmod : type=1400 audit(0.0:68): avc: denied { map } for path="/bin/busybox" dev="tmpfs" ino=1293 scontext=u:r:init:s0 tcontext=u:object_r:tmpfs:s0 tclass=file permissive=1
07-22 19:48:04.472 2302 2302 I auditd : type=1400 audit(0.0:69): avc: denied { getattr } for comm="lsmod" path="/proc/modules" dev="proc" ino=4026532053 scontext=u:r:init:s0 tcontext=u:object_r:proc_modules:s0 tclass=file permissive=1
07-22 19:48:04.472 2302 2302 I lsmod : type=1400 audit(0.0:69): avc: denied { getattr } for path="/proc/modules" dev="proc" ino=4026532053 scontext=u:r:init:s0 tcontext=u:object_r:proc_modules:s0 tclass=file permissive=1
07-22 19:48:04.474 2261 2261 I sh : + '[' kbd '!=' kbd ']'
07-22 19:48:04.474 2261 2261 I sh : + set_property ro.hardware.sensors kbd
07-22 19:48:04.474 2261 2261 I sh : + setprop ro.hardware.sensors kbd
07-22 19:48:04.478 2261 2261 I sh : + '[' -n 2 ']'
07-22 19:48:04.478 2261 2261 I sh : + >>/dev/x86.prop
07-22 19:48:04.478 2261 2261 I sh : + echo 'ro.hardware.sensors=kbd'
07-22 19:48:04.478 2261 2261 I sh : + set_property config.override_forced_orient false
07-22 19:48:04.478 2261 2261 I sh : + setprop config.override_forced_orient false
07-22 19:48:04.482 2261 2261 I sh : + '[' -n 2 ']'
07-22 19:48:04.482 2261 2261 I sh : + >>/dev/x86.prop
07-22 19:48:04.482 2261 2261 I sh : + echo 'config.override_forced_orient=false'
07-22 19:48:04.482 2261 2261 I sh : + init_tscal
07-22 19:48:04.482 2261 2261 I sh : + awk '{ print $6 }'
07-22 19:48:04.482 2261 2261 I sh : + lsusb
07-22 19:48:04.488 2261 2261 I sh : + init_ril
07-22 19:48:04.488 2261 2261 I sh : + cat /sys/class/dmi/id/uevent
07-22 19:48:04.492 2261 2261 I sh : + set_property ro.radio.noril yes
07-22 19:48:04.492 2261 2261 I sh : + setprop ro.radio.noril yes
07-22 19:48:04.495 2261 2261 I sh : + '[' -n 2 ']'
07-22 19:48:04.495 2261 2261 I sh : + >>/dev/x86.prop
07-22 19:48:04.495 2261 2261 I sh : + echo 'ro.radio.noril=yes'
07-22 19:48:04.495 2261 2261 I sh : + post_init
07-22 19:48:04.495 2261 2261 I sh : /system/etc/init.sh[507]: post_init: not found
07-22 19:48:04.495 2261 2261 I sh : + return 0
07-22 19:48:04.649 2310 2310 I auditd : type=1400 audit(0.0:70): avc: denied { getattr } for comm="vold" path="/vendor" dev="tmpfs" ino=1103 scontext=u:r:vold:s0 tcontext=u:object_r:tmpfs:s0 tclass=lnk_file permissive=1
07-22 19:48:04.649 2310 2310 I vold : type=1400 audit(0.0:70): avc: denied { getattr } for path="/vendor" dev="tmpfs" ino=1103 scontext=u:r:vold:s0 tcontext=u:object_r:tmpfs:s0 tclass=lnk_file permissive=1
07-22 19:48:04.649 2310 2310 I auditd : type=1400 audit(0.0:71): avc: denied { read } for comm="vold" name="vendor" dev="tmpfs" ino=1103 scontext=u:r:vold:s0 tcontext=u:object_r:tmpfs:s0 tclass=lnk_file permissive=1
07-22 19:48:04.649 2310 2310 I vold : type=1400 audit(0.0:71): avc: denied { read } for name="vendor" dev="tmpfs" ino=1103 scontext=u:r:vold:s0 tcontext=u:object_r:tmpfs:s0 tclass=lnk_file permissive=1
07-22 19:48:04.660 1124 1124 I auditd : type=1400 audit(0.0:72): avc: denied { read } for comm="loop0" path="/mnt/android-2018-07-14/system.img" dev="sda1" ino=2076711 scontext=u:r:kernel:s0 tcontext=u:object_r:unlabeled:s0 tclass=file permissive=1
07-22 19:48:04.660 1124 1124 I loop0 : type=1400 audit(0.0:72): avc: denied { read } for path="/mnt/android-2018-07-14/system.img" dev="sda1" ino=2076711 scontext=u:r:kernel:s0 tcontext=u:object_r:unlabeled:s0 tclass=file permissive=1
07-22 19:48:04.718 2311 2311 I auditd : type=1400 audit(0.0:73): avc: denied { getattr } for comm="vdc" path="/vendor" dev="tmpfs" ino=1103 scontext=u:r:vdc:s0 tcontext=u:object_r:tmpfs:s0 tclass=lnk_file permissive=1
07-22 19:48:04.718 2311 2311 I vdc : type=1400 audit(0.0:73): avc: denied { getattr } for path="/vendor" dev="tmpfs" ino=1103 scontext=u:r:vdc:s0 tcontext=u:object_r:tmpfs:s0 tclass=lnk_file permissive=1
07-22 19:48:04.718 2311 2311 I auditd : type=1400 audit(0.0:74): avc: denied { read } for comm="vdc" name="vendor" dev="tmpfs" ino=1103 scontext=u:r:vdc:s0 tcontext=u:object_r:tmpfs:s0 tclass=lnk_file permissive=1
07-22 19:48:04.718 2311 2311 I vdc : type=1400 audit(0.0:74): avc: denied { read } for name="vendor" dev="tmpfs" ino=1103 scontext=u:r:vdc:s0 tcontext=u:object_r:tmpfs:s0 tclass=lnk_file permissive=1
07-22 19:48:05.005 0 0 I binder : 2259:2259 ioctl 620a 0 returned -22
07-22 19:48:05.007 2259 2259 E hwservicemanager: BINDER_SET_INHERIT_FIFO_PRIO failed with error -1 --------- beginning of system
07-22 19:48:05.074 2310 2310 I vold : Vold 3.0 (the awakening) firing up
07-22 19:48:05.089 2310 2310 V vold : Detected support for: exfat ext4 f2fs iso9660 ntfs vfat
07-22 19:48:05.136 2310 2310 I auditd : type=1400 audit(0.0:75): avc: denied { read } for comm="vold" name="vendor" dev="tmpfs" ino=1103 scontext=u:r:vold:s0 tcontext=u:object_r:tmpfs:s0 tclass=lnk_file permissive=1
07-22 19:48:05.136 2310 2310 I vold : type=1400 audit(0.0:75): avc: denied { read } for name="vendor" dev="tmpfs" ino=1103 scontext=u:r:vold:s0 tcontext=u:object_r:tmpfs:s0 tclass=lnk_file permissive=1
07-22 19:48:05.136 2310 2310 I auditd : type=1400 audit(0.0:76): avc: denied { read } for comm="vold" name="fstab.android_x86_64" dev="tmpfs" ino=6287 scontext=u:r:vold:s0 tcontext=u:object_r:tmpfs:s0 tclass=file permissive=1
07-22 19:48:05.136 2310 2310 I vold : type=1400 audit(0.0:76): avc: denied { read } for name="fstab.android_x86_64" dev="tmpfs" ino=6287 scontext=u:r:vold:s0 tcontext=u:object_r:tmpfs:s0 tclass=file permissive=1
07-22 19:48:05.136 2310 2310 I auditd : type=1400 audit(0.0:77): avc: denied { open } for comm="vold" path="/fstab.android_x86_64" dev="tmpfs" ino=6287 scontext=u:r:vold:s0 tcontext=u:object_r:tmpfs:s0 tclass=file permissive=1
07-22 19:48:05.136 2310 2310 I vold : type=1400 audit(0.0:77): avc: denied { open } for path="/fstab.android_x86_64" dev="tmpfs" ino=6287 scontext=u:r:vold:s0 tcontext=u:object_r:tmpfs:s0 tclass=file permissive=1
07-22 19:48:05.136 2310 2310 I auditd : type=1400 audit(0.0:78): avc: denied { getattr } for comm="vold" path="/fstab.android_x86_64" dev="tmpfs" ino=6287 scontext=u:r:vold:s0 tcontext=u:object_r:tmpfs:s0 tclass=file permissive=1
07-22 19:48:05.136 2310 2310 I vold : type=1400 audit(0.0:78): avc: denied { getattr } for path="/fstab.android_x86_64" dev="tmpfs" ino=6287 scontext=u:r:vold:s0 tcontext=u:object_r:tmpfs:s0 tclass=file permissive=1
07-22 19:48:05.137 2310 2310 I vold : [libfs_mgr]fs_mgr_read_fstab_dt(): failed to read fstab from dt
07-22 19:48:05.141 2310 2312 V vold : /system/bin/sgdisk
07-22 19:48:05.141 2310 2312 V vold : --android-dump
07-22 19:48:05.141 2310 2312 V vold : /dev/block/vold/disk:8,16
07-22 19:48:05.142 2315 2315 I auditd : type=1400 audit(0.0:79): avc: denied { getattr } for comm="sh" path="/vendor" dev="tmpfs" ino=1103 scontext=u:r:vold:s0 tcontext=u:object_r:tmpfs:s0 tclass=lnk_file permissive=1
07-22 19:48:05.142 2315 2315 I sh : type=1400 audit(0.0:79): avc: denied { getattr } for path="/vendor" dev="tmpfs" ino=1103 scontext=u:r:vold:s0 tcontext=u:object_r:tmpfs:s0 tclass=lnk_file permissive=1
07-22 19:48:05.146 2310 2314 D vold : e4crypt_init_user0
07-22 19:48:05.146 2310 2314 D vold : e4crypt_prepare_user_storage for volume null, user 0, serial 0, flags 1
07-22 19:48:05.146 2310 2314 D vold : Preparing: /data/system/users/0
07-22 19:48:05.164 2310 2310 I auditd : type=1400 audit(0.0:80): avc: denied { dac_read_search } for comm="vold" capability=2 scontext=u:r:vold:s0 tcontext=u:r:vold:s0 tclass=capability permissive=1
07-22 19:48:05.164 2310 2310 I vold : type=1400 audit(0.0:80): avc: denied { dac_read_search } for capability=2 scontext=u:r:vold:s0 tcontext=u:r:vold:s0 tclass=capability permissive=1
07-22 19:48:05.164 2310 2314 D vold : Preparing: /data/misc/profiles/cur/0
07-22 19:48:05.165 2310 2314 D vold : Preparing: /data/system_de/0
07-22 19:48:05.165 2310 2314 D vold : Preparing: /data/misc_de/0
07-22 19:48:05.165 2310 2314 D vold : Preparing: /data/user_de/0
07-22 19:48:05.166 1 1 I auditd : type=1400 audit(0.0:81): avc: denied { dac_read_search } for comm="init" capability=2 scontext=u:r:init:s0 tcontext=u:r:init:s0 tclass=capability permissive=1
07-22 19:48:05.166 1 1 I init : type=1400 audit(0.0:81): avc: denied { dac_read_search } for capability=2 scontext=u:r:init:s0 tcontext=u:r:init:s0 tclass=capability permissive=1
07-22 19:48:05.166 2310 2314 D vold : e4crypt_unlock_user_key 0 serial=0 token_present=0
07-22 19:48:05.174 2316 2316 I auditd : type=1400 audit(0.0:82): avc: denied { getattr } for comm="tzdatacheck" path="/vendor" dev="tmpfs" ino=1103 scontext=u:r:tzdatacheck:s0 tcontext=u:object_r:tmpfs:s0 tclass=lnk_file permissive=1
07-22 19:48:05.174 2316 2316 I tzdatacheck: type=1400 audit(0.0:82): avc: denied { getattr } for path="/vendor" dev="tmpfs" ino=1103 scontext=u:r:tzdatacheck:s0 tcontext=u:object_r:tmpfs:s0 tclass=lnk_file permissive=1
07-22 19:48:05.174 2316 2316 I auditd : type=1400 audit(0.0:83): avc: denied { read } for comm="tzdatacheck" name="vendor" dev="tmpfs" ino=1103 scontext=u:r:tzdatacheck:s0 tcontext=u:object_r:tmpfs:s0 tclass=lnk_file permissive=1
07-22 19:48:05.174 2316 2316 I tzdatacheck: type=1400 audit(0.0:83): avc: denied { read } for name="vendor" dev="tmpfs" ino=1103 scontext=u:r:tzdatacheck:s0 tcontext=u:object_r:tmpfs:s0 tclass=lnk_file permissive=1
07-22 19:48:05.176 2315 2315 I auditd : type=1400 audit(0.0:84): avc: denied { getattr } for comm="sgdisk" path="/vendor" dev="tmpfs" ino=1103 scontext=u:r:sgdisk:s0 tcontext=u:object_r:tmpfs:s0 tclass=lnk_file permissive=1
07-22 19:48:05.176 2315 2315 I sgdisk : type=1400 audit(0.0:84): avc: denied { getattr } for path="/vendor" dev="tmpfs" ino=1103 scontext=u:r:sgdisk:s0 tcontext=u:object_r:tmpfs:s0 tclass=lnk_file permissive=1
07-22 19:48:05.176 2315 2315 I auditd : type=1400 audit(0.0:85): avc: denied { read } for comm="sgdisk" name="vendor" dev="tmpfs" ino=1103 scontext=u:r:sgdisk:s0 tcontext=u:object_r:tmpfs:s0 tclass=lnk_file permissive=1
07-22 19:48:05.176 2315 2315 I sgdisk : type=1400 audit(0.0:85): avc: denied { read } for name="vendor" dev="tmpfs" ino=1103 scontext=u:r:sgdisk:s0 tcontext=u:object_r:tmpfs:s0 tclass=lnk_file permissive=1
07-22 19:48:05.178 2316 2316 I /system/bin/tzdatacheck: timezone distro dir /data/misc/zoneinfo/current does not exist. No action required.
07-22 19:48:05.181 2310 2312 V vold : DISK mbr
07-22 19:48:05.181 2310 2312 V vold :
07-22 19:48:05.181 2310 2312 V vold : PART 1 0
07-22 19:48:05.181 2310 2312 V vold :
07-22 19:48:05.181 2310 2312 V vold : PART 2 ef
07-22 19:48:05.181 2310 2312 V vold :
07-22 19:48:05.260 2318 2318 I auditd : type=1400 audit(0.0:86): avc: denied { getattr } for comm="app_process64" path="/vendor" dev="tmpfs" ino=1103 scontext=u:r:zygote:s0 tcontext=u:object_r:tmpfs:s0 tclass=lnk_file permissive=1
07-22 19:48:05.260 2318 2318 I app_process64: type=1400 audit(0.0:86): avc: denied { getattr } for path="/vendor" dev="tmpfs" ino=1103 scontext=u:r:zygote:s0 tcontext=u:object_r:tmpfs:s0 tclass=lnk_file permissive=1
07-22 19:48:05.260 2318 2318 I auditd : type=1400 audit(0.0:87): avc: denied { read } for comm="app_process64" name="vendor" dev="tmpfs" ino=1103 scontext=u:r:zygote:s0 tcontext=u:object_r:tmpfs:s0 tclass=lnk_file permissive=1
07-22 19:48:05.260 2318 2318 I app_process64: type=1400 audit(0.0:87): avc: denied { read } for name="vendor" dev="tmpfs" ino=1103 scontext=u:r:zygote:s0 tcontext=u:object_r:tmpfs:s0 tclass=lnk_file permissive=1
07-22 19:48:05.330 2317 2317 I auditd : type=1400 audit(0.0:88): avc: denied { getattr } for comm="netd" path="/vendor" dev="tmpfs" ino=1103 scontext=u:r:netd:s0 tcontext=u:object_r:tmpfs:s0 tclass=lnk_file permissive=1
07-22 19:48:05.330 2317 2317 I netd : type=1400 audit(0.0:88): avc: denied { getattr } for path="/vendor" dev="tmpfs" ino=1103 scontext=u:r:netd:s0 tcontext=u:object_r:tmpfs:s0 tclass=lnk_file permissive=1
07-22 19:48:05.330 2317 2317 I auditd : type=1400 audit(0.0:89): avc: denied { read } for comm="netd" name="vendor" dev="tmpfs" ino=1103 scontext=u:r:netd:s0 tcontext=u:object_r:tmpfs:s0 tclass=lnk_file permissive=1
07-22 19:48:05.330 2317 2317 I netd : type=1400 audit(0.0:89): avc: denied { read } for name="vendor" dev="tmpfs" ino=1103 scontext=u:r:netd:s0 tcontext=u:object_r:tmpfs:s0 tclass=lnk_file permissive=1
07-22 19:48:06.066 2320 2320 I auditd : type=1400 audit(0.0:90): avc: denied { getattr } for comm="logd" path="/vendor" dev="tmpfs" ino=1103 scontext=u:r:logd:s0 tcontext=u:object_r:tmpfs:s0 tclass=lnk_file permissive=1
07-22 19:48:06.066 2320 2320 I logd : type=1400 audit(0.0:90): avc: denied { getattr } for path="/vendor" dev="tmpfs" ino=1103 scontext=u:r:logd:s0 tcontext=u:object_r:tmpfs:s0 tclass=lnk_file permissive=1
07-22 19:48:06.066 2320 2320 I auditd : type=1400 audit(0.0:91): avc: denied { read } for comm="logd" name="vendor" dev="tmpfs" ino=1103 scontext=u:r:logd:s0 tcontext=u:object_r:tmpfs:s0 tclass=lnk_file permissive=1
07-22 19:48:06.066 2320 2320 I logd : type=1400 audit(0.0:91): avc: denied { read } for name="vendor" dev="tmpfs" ino=1103 scontext=u:r:logd:s0 tcontext=u:object_r:tmpfs:s0 tclass=lnk_file permissive=1
07-22 19:48:06.179 2321 2321 I auditd : type=1400 audit(0.0:92): avc: denied { getattr } for comm="android.hidl.al" path="/vendor" dev="tmpfs" ino=1103 scontext=u:r:hal_allocator_default:s0 tcontext=u:object_r:tmpfs:s0 tclass=lnk_file permissive=1
07-22 19:48:06.179 2321 2321 I android.hidl.al: type=1400 audit(0.0:92): avc: denied { getattr } for path="/vendor" dev="tmpfs" ino=1103 scontext=u:r:hal_allocator_default:s0 tcontext=u:object_r:tmpfs:s0 tclass=lnk_file permissive=1
07-22 19:48:06.179 2321 2321 I auditd : type=1400 audit(0.0:93): avc: denied { read } for comm="android.hidl.al" name="vendor" dev="tmpfs" ino=1103 scontext=u:r:hal_allocator_default:s0 tcontext=u:object_r:tmpfs:s0 tclass=lnk_file permissive=1
07-22 19:48:06.179 2321 2321 I android.hidl.al: type=1400 audit(0.0:93): avc: denied { read } for name="vendor" dev="tmpfs" ino=1103 scontext=u:r:hal_allocator_default:s0 tcontext=u:object_r:tmpfs:s0 tclass=lnk_file permissive=1
07-22 19:48:06.347 2322 2322 I auditd : type=1400 audit(0.0:94): avc: denied { getattr } for comm="android.hardwar" path="/vendor" dev="tmpfs" ino=1103 scontext=u:r:hal_audio_default:s0 tcontext=u:object_r:tmpfs:s0 tclass=lnk_file permissive=1
07-22 19:48:06.347 2322 2322 I android.hardwar: type=1400 audit(0.0:94): avc: denied { getattr } for path="/vendor" dev="tmpfs" ino=1103 scontext=u:r:hal_audio_default:s0 tcontext=u:object_r:tmpfs:s0 tclass=lnk_file permissive=1
07-22 19:48:06.347 2322 2322 I auditd : type=1400 audit(0.0:95): avc: denied { read } for comm="android.hardwar" name="vendor" dev="tmpfs" ino=1103 scontext=u:r:hal_audio_default:s0 tcontext=u:object_r:tmpfs:s0 tclass=lnk_file permissive=1
07-22 19:48:06.347 2322 2322 I android.hardwar: type=1400 audit(0.0:95): avc: denied { read } for name="vendor" dev="tmpfs" ino=1103 scontext=u:r:hal_audio_default:s0 tcontext=u:object_r:tmpfs:s0 tclass=lnk_file permissive=1
07-22 19:48:06.348 2324 2324 I auditd : type=1400 audit(0.0:96): avc: denied { getattr } for comm="android.hardwar" path="/vendor" dev="tmpfs" ino=1103 scontext=u:r:hal_camera_default:s0 tcontext=u:object_r:tmpfs:s0 tclass=lnk_file permissive=1
07-22 19:48:06.348 2324 2324 I android.hardwar: type=1400 audit(0.0:96): avc: denied { getattr } for path="/vendor" dev="tmpfs" ino=1103 scontext=u:r:hal_camera_default:s0 tcontext=u:object_r:tmpfs:s0 tclass=lnk_file permissive=1
07-22 19:48:06.348 2324 2324 I auditd : type=1400 audit(0.0:97): avc: denied { read } for comm="android.hardwar" name="vendor" dev="tmpfs" ino=1103 scontext=u:r:hal_camera_default:s0 tcontext=u:object_r:tmpfs:s0 tclass=lnk_file permissive=1
07-22 19:48:06.348 2324 2324 I android.hardwar: type=1400 audit(0.0:97): avc: denied { read } for name="vendor" dev="tmpfs" ino=1103 scontext=u:r:hal_camera_default:s0 tcontext=u:object_r:tmpfs:s0 tclass=lnk_file permissive=1
07-22 19:48:06.349 2325 2325 I auditd : type=1400 audit(0.0:98): avc: denied { getattr } for comm="android.hardwar" path="/vendor" dev="tmpfs" ino=1103 scontext=u:r:hal_cas_default:s0 tcontext=u:object_r:tmpfs:s0 tclass=lnk_file permissive=1
07-22 19:48:06.349 2325 2325 I android.hardwar: type=1400 audit(0.0:98): avc: denied { getattr } for path="/vendor" dev="tmpfs" ino=1103 scontext=u:r:hal_cas_default:s0 tcontext=u:object_r:tmpfs:s0 tclass=lnk_file permissive=1
07-22 19:48:06.349 2325 2325 I auditd : type=1400 audit(0.0:99): avc: denied { read } for comm="android.hardwar" name="vendor" dev="tmpfs" ino=1103 scontext=u:r:hal_cas_default:s0 tcontext=u:object_r:tmpfs:s0 tclass=lnk_file permissive=1
07-22 19:48:06.349 2325 2325 I android.hardwar: type=1400 audit(0.0:99): avc: denied { read } for name="vendor" dev="tmpfs" ino=1103 scontext=u:r:hal_cas_default:s0 tcontext=u:object_r:tmpfs:s0 tclass=lnk_file permissive=1
07-22 19:48:06.350 2326 2326 I auditd : type=1400 audit(0.0:100): avc: denied { getattr } for comm="android.hardwar" path="/vendor" dev="tmpfs" ino=1103 scontext=u:r:hal_configstore_default:s0 tcontext=u:object_r:tmpfs:s0 tclass=lnk_file permissive=1
07-22 19:48:06.350 2326 2326 I android.hardwar: type=1400 audit(0.0:100): avc: denied { getattr } for path="/vendor" dev="tmpfs" ino=1103 scontext=u:r:hal_configstore_default:s0 tcontext=u:object_r:tmpfs:s0 tclass=lnk_file permissive=1
07-22 19:48:06.350 2326 2326 I auditd : type=1400 audit(0.0:101): avc: denied { read } for comm="android.hardwar" name="vendor" dev="tmpfs" ino=1103 scontext=u:r:hal_configstore_default:s0 tcontext=u:object_r:tmpfs:s0 tclass=lnk_file permissive=1
07-22 19:48:06.350 2326 2326 I android.hardwar: type=1400 audit(0.0:101): avc: denied { read } for name="vendor" dev="tmpfs" ino=1103 scontext=u:r:hal_configstore_default:s0 tcontext=u:object_r:tmpfs:s0 tclass=lnk_file permissive=1
07-22 19:48:06.350 2328 2328 I auditd : type=1400 audit(0.0:102): avc: denied { getattr } for comm="android.hardwar" path="/vendor" dev="tmpfs" ino=1103 scontext=u:r:hal_light_default:s0 tcontext=u:object_r:tmpfs:s0 tclass=lnk_file permissive=1
07-22 19:48:06.350 2328 2328 I android.hardwar: type=1400 audit(0.0:102): avc: denied { getattr } for path="/vendor" dev="tmpfs" ino=1103 scontext=u:r:hal_light_default:s0 tcontext=u:object_r:tmpfs:s0 tclass=lnk_file permissive=1
07-22 19:48:06.350 2328 2328 I auditd : type=1400 audit(0.0:103): avc: denied { read } for comm="android.hardwar" name="vendor" dev="tmpfs" ino=1103 scontext=u:r:hal_light_default:s0 tcontext=u:object_r:tmpfs:s0 tclass=lnk_file permissive=1
07-22 19:48:06.350 2328 2328 I android.hardwar: type=1400 audit(0.0:103): avc: denied { read } for name="vendor" dev="tmpfs" ino=1103 scontext=u:r:hal_light_default:s0 tcontext=u:object_r:tmpfs:s0 tclass=lnk_file permissive=1
07-22 19:48:06.351 2327 2327 I auditd : type=1400 audit(0.0:104): avc: denied { getattr } for comm="android.hardwar" path="/vendor" dev="tmpfs" ino=1103 scontext=u:r:hal_dumpstate_default:s0 tcontext=u:object_r:tmpfs:s0 tclass=lnk_file permissive=1
07-22 19:48:06.351 2327 2327 I android.hardwar: type=1400 audit(0.0:104): avc: denied { getattr } for path="/vendor" dev="tmpfs" ino=1103 scontext=u:r:hal_dumpstate_default:s0 tcontext=u:object_r:tmpfs:s0 tclass=lnk_file permissive=1
07-22 19:48:06.351 2327 2327 I auditd : type=1400 audit(0.0:105): avc: denied { read } for comm="android.hardwar" name="vendor" dev="tmpfs" ino=1103 scontext=u:r:hal_dumpstate_default:s0 tcontext=u:object_r:tmpfs:s0 tclass=lnk_file permissive=1
07-22 19:48:06.351 2327 2327 I android.hardwar: type=1400 audit(0.0:105): avc: denied { read } for name="vendor" dev="tmpfs" ino=1103 scontext=u:r:hal_dumpstate_default:s0 tcontext=u:object_r:tmpfs:s0 tclass=lnk_file permissive=1
07-22 19:48:06.352 2329 2329 I auditd : type=1400 audit(0.0:106): avc: denied { getattr } for comm="android.hardwar" path="/vendor" dev="tmpfs" ino=1103 scontext=u:r:hal_power_default:s0 tcontext=u:object_r:tmpfs:s0 tclass=lnk_file permissive=1
07-22 19:48:06.352 2329 2329 I android.hardwar: type=1400 audit(0.0:106): avc: denied { getattr } for path="/vendor" dev="tmpfs" ino=1103 scontext=u:r:hal_power_default:s0 tcontext=u:object_r:tmpfs:s0 tclass=lnk_file permissive=1
07-22 19:48:06.352 2329 2329 I auditd : type=1400 audit(0.0:107): avc: denied { read } for comm="android.hardwar" name="vendor" dev="tmpfs" ino=1103 scontext=u:r:hal_power_default:s0 tcontext=u:object_r:tmpfs:s0 tclass=lnk_file permissive=1
07-22 19:48:06.352 2329 2329 I android.hardwar: type=1400 audit(0.0:107): avc: denied { read } for name="vendor" dev="tmpfs" ino=1103 scontext=u:r:hal_power_default:s0 tcontext=u:object_r:tmpfs:s0 tclass=lnk_file permissive=1
07-22 19:48:06.353 2330 2330 I auditd : type=1400 audit(0.0:108): avc: denied { getattr } for comm="android.hardwar" path="/vendor" dev="tmpfs" ino=1103 scontext=u:r:hal_usb_default:s0 tcontext=u:object_r:tmpfs:s0 tclass=lnk_file permissive=1
07-22 19:48:06.353 2330 2330 I android.hardwar: type=1400 audit(0.0:108): avc: denied { getattr } for path="/vendor" dev="tmpfs" ino=1103 scontext=u:r:hal_usb_default:s0 tcontext=u:object_r:tmpfs:s0 tclass=lnk_file permissive=1
07-22 19:48:06.353 2330 2330 I auditd : type=1400 audit(0.0:109): avc: denied { read } for comm="android.hardwar" name="vendor" dev="tmpfs" ino=1103 scontext=u:r:hal_usb_default:s0 tcontext=u:object_r:tmpfs:s0 tclass=lnk_file permissive=1
07-22 19:48:06.353 2330 2330 I android.hardwar: type=1400 audit(0.0:109): avc: denied { read } for name="vendor" dev="tmpfs" ino=1103 scontext=u:r:hal_usb_default:s0 tcontext=u:object_r:tmpfs:s0 tclass=lnk_file permissive=1
07-22 19:48:06.354 2339 2339 I auditd : type=1400 audit(0.0:110): avc: denied { entrypoint } for comm="init" path="/system/bin/enable_nativebridge" dev="loop0" ino=355 scontext=u:r:zygote:s0 tcontext=u:object_r:system_file:s0 tclass=file permissive=1
07-22 19:48:06.354 2339 2339 I init : type=1400 audit(0.0:110): avc: denied { entrypoint } for path="/system/bin/enable_nativebridge" dev="loop0" ino=355 scontext=u:r:zygote:s0 tcontext=u:object_r:system_file:s0 tclass=file permissive=1
07-22 19:48:06.364 2335 2335 I auditd : type=1400 audit(0.0:111): avc: denied { getattr } for comm="thermalserviced" path="/vendor" dev="tmpfs" ino=1103 scontext=u:r:thermalserviced:s0 tcontext=u:object_r:tmpfs:s0 tclass=lnk_file permissive=1
07-22 19:48:06.364 2335 2335 I thermalserviced: type=1400 audit(0.0:111): avc: denied { getattr } for path="/vendor" dev="tmpfs" ino=1103 scontext=u:r:thermalserviced:s0 tcontext=u:object_r:tmpfs:s0 tclass=lnk_file permissive=1
07-22 19:48:06.364 2335 2335 I auditd : type=1400 audit(0.0:112): avc: denied { read } for comm="thermalserviced" name="vendor" dev="tmpfs" ino=1103 scontext=u:r:thermalserviced:s0 tcontext=u:object_r:tmpfs:s0 tclass=lnk_file permissive=1
07-22 19:48:06.364 2335 2335 I thermalserviced: type=1400 audit(0.0:112): avc: denied { read } for name="vendor" dev="tmpfs" ino=1103 scontext=u:r:thermalserviced:s0 tcontext=u:object_r:tmpfs:s0 tclass=lnk_file permissive=1
07-22 19:48:06.418 2323 2323 I auditd : type=1400 audit(0.0:113): avc: denied { getattr } for comm="android.hardwar" path="/vendor" dev="tmpfs" ino=1103 scontext=u:r:hal_bluetooth_btlinux:s0 tcontext=u:object_r:tmpfs:s0 tclass=lnk_file permissive=1
07-22 19:48:06.418 2323 2323 I android.hardwar: type=1400 audit(0.0:113): avc: denied { getattr } for path="/vendor" dev="tmpfs" ino=1103 scontext=u:r:hal_bluetooth_btlinux:s0 tcontext=u:object_r:tmpfs:s0 tclass=lnk_file permissive=1
07-22 19:48:06.418 2323 2323 I auditd : type=1400 audit(0.0:114): avc: denied { read } for comm="android.hardwar" name="vendor" dev="tmpfs" ino=1103 scontext=u:r:hal_bluetooth_btlinux:s0 tcontext=u:object_r:tmpfs:s0 tclass=lnk_file permissive=1
07-22 19:48:06.418 2323 2323 I android.hardwar: type=1400 audit(0.0:114): avc: denied { read } for name="vendor" dev="tmpfs" ino=1103 scontext=u:r:hal_bluetooth_btlinux:s0 tcontext=u:object_r:tmpfs:s0 tclass=lnk_file permissive=1
07-22 19:48:06.446 1 1 I auditd : type=1400 audit(0.0:115): avc: denied { getattr } for comm="init" path="/system/xbin/su" dev="loop0" ino=7931 scontext=u:r:init:s0 tcontext=u:object_r:su_exec:s0 tclass=file permissive=1
07-22 19:48:06.446 1 1 I init : type=1400 audit(0.0:115): avc: denied { getattr } for path="/system/xbin/su" dev="loop0" ino=7931 scontext=u:r:init:s0 tcontext=u:object_r:su_exec:s0 tclass=file permissive=1
07-22 19:48:06.447 2338 2338 I auditd : type=1400 audit(0.0:116): avc: denied { getattr } for comm="logcat" path="/vendor" dev="tmpfs" ino=1103 scontext=u:r:logpersist:s0 tcontext=u:object_r:tmpfs:s0 tclass=lnk_file permissive=1
07-22 19:48:06.447 2338 2338 I logcat : type=1400 audit(0.0:116): avc: denied { getattr } for path="/vendor" dev="tmpfs" ino=1103 scontext=u:r:logpersist:s0 tcontext=u:object_r:tmpfs:s0 tclass=lnk_file permissive=1
07-22 19:48:06.447 2338 2338 I auditd : type=1400 audit(0.0:117): avc: denied { read } for comm="logcat" name="vendor" dev="tmpfs" ino=1103 scontext=u:r:logpersist:s0 tcontext=u:object_r:tmpfs:s0 tclass=lnk_file permissive=1
07-22 19:48:06.447 2338 2338 I logcat : type=1400 audit(0.0:117): avc: denied { read } for name="vendor" dev="tmpfs" ino=1103 scontext=u:r:logpersist:s0 tcontext=u:object_r:tmpfs:s0 tclass=lnk_file permissive=1
07-22 19:48:06.447 1 1 I auditd : type=1400 audit(0.0:118): avc: denied { create } for comm="init" name="cgroup.procs" scontext=u:r:init:s0 tcontext=u:object_r:cgroup:s0 tclass=file permissive=1
07-22 19:48:06.447 1 1 I init : type=1400 audit(0.0:118): avc: denied { create } for name="cgroup.procs" scontext=u:r:init:s0 tcontext=u:object_r:cgroup:s0 tclass=file permissive=1
07-22 19:48:06.448 2341 2341 I auditd : type=1400 audit(0.0:119): avc: denied { execute } for comm="init" name="su" dev="loop0" ino=7931 scontext=u:r:init:s0 tcontext=u:object_r:su_exec:s0 tclass=file permissive=1
07-22 19:48:06.448 2341 2341 I init : type=1400 audit(0.0:119): avc: denied { execute } for name="su" dev="loop0" ino=7931 scontext=u:r:init:s0 tcontext=u:object_r:su_exec:s0 tclass=file permissive=1
07-22 19:48:06.448 2341 2341 I auditd : type=1400 audit(0.0:120): avc: denied { read open } for comm="init" path="/system/xbin/su" dev="loop0" ino=7931 scontext=u:r:init:s0 tcontext=u:object_r:su_exec:s0 tclass=file permissive=1
07-22 19:48:06.448 2341 2341 I init : type=1400 audit(0.0:120): avc: denied { read open } for path="/system/xbin/su" dev="loop0" ino=7931 scontext=u:r:init:s0 tcontext=u:object_r:su_exec:s0 tclass=file permissive=1
07-22 19:48:06.449 2341 2341 I auditd : type=1400 audit(0.0:121): avc: denied { transition } for comm="init" path="/system/xbin/su" dev="loop0" ino=7931 scontext=u:r:init:s0 tcontext=u:r:su:s0 tclass=process permissive=1
07-22 19:48:06.449 2341 2341 I init : type=1400 audit(0.0:121): avc: denied { transition } for path="/system/xbin/su" dev="loop0" ino=7931 scontext=u:r:init:s0 tcontext=u:r:su:s0 tclass=process permissive=1
07-22 19:48:06.449 2341 2341 I auditd : type=1400 audit(0.0:122): avc: denied { noatsecure } for comm="init" scontext=u:r:init:s0 tcontext=u:r:su:s0 tclass=process permissive=1
