07-22 19:48:06.449 2341 2341 I init : type=1400 audit(0.0:122): avc: denied { noatsecure } for scontext=u:r:init:s0 tcontext=u:r:su:s0 tclass=process permissive=1
07-22 19:48:06.480 2332 2332 I auditd : type=1400 audit(0.0:123): avc: denied { getattr } for comm="healthd" path="/vendor" dev="tmpfs" ino=1103 scontext=u:r:healthd:s0 tcontext=u:object_r:tmpfs:s0 tclass=lnk_file permissive=1
07-22 19:48:06.480 2332 2332 I healthd : type=1400 audit(0.0:123): avc: denied { getattr } for path="/vendor" dev="tmpfs" ino=1103 scontext=u:r:healthd:s0 tcontext=u:object_r:tmpfs:s0 tclass=lnk_file permissive=1
07-22 19:48:06.515 2357 2357 I houdini : found /system/lib/libhoudini.so
07-22 19:48:06.880 2360 2360 I houdini : houdini enabled
07-22 19:48:07.338 2321 2321 I ServiceManagement: Removing namespace from process name android.hidl.allocator@1.0-service to allocator@1.0-s.
07-22 19:48:07.673 2356 2356 I /system/bin/tombstoned: tombstoned successfully initialized
07-22 19:48:07.836 2323 2323 I ServiceManagement: Removing namespace from process name android.hardware.bluetooth@1.0-service.btlinux to bluetooth@1.0-s.
07-22 19:48:07.871 2338 2338 I auditd : type=1400 audit(0.0:187): avc: denied { dac_read_search } for comm="logcat" capability=2 scontext=u:r:logpersist:s0 tcontext=u:r:logpersist:s0 tclass=capability permissive=1
07-22 19:48:07.871 2338 2338 I logcat : type=1400 audit(0.0:187): avc: denied { dac_read_search } for capability=2 scontext=u:r:logpersist:s0 tcontext=u:r:logpersist:s0 tclass=capability permissive=1
07-22 19:48:07.871 2338 2338 I auditd : type=1400 audit(0.0:188): avc: denied { read } for comm="logcat" name="data" dev="sda1" ino=2076706 scontext=u:r:logpersist:s0 tcontext=u:object_r:system_data_file:s0 tclass=dir permissive=1
07-22 19:48:07.871 2338 2338 I logcat : type=1400 audit(0.0:188): avc: denied { read } for name="data" dev="sda1" ino=2076706 scontext=u:r:logpersist:s0 tcontext=u:object_r:system_data_file:s0 tclass=dir permissive=1
07-22 19:48:07.871 2338 2338 I auditd : type=1400 audit(0.0:189): avc: denied { open } for comm="logcat" path="/data" dev="sda1" ino=2076706 scontext=u:r:logpersist:s0 tcontext=u:object_r:system_data_file:s0 tclass=dir permissive=1
07-22 19:48:07.871 2338 2338 I logcat : type=1400 audit(0.0:189): avc: denied { open } for path="/data" dev="sda1" ino=2076706 scontext=u:r:logpersist:s0 tcontext=u:object_r:system_data_file:s0 tclass=dir permissive=1
07-22 19:48:07.871 2338 2338 I auditd : type=1400 audit(0.0:190): avc: denied { dac_override } for comm="logcat" capability=1 scontext=u:r:logpersist:s0 tcontext=u:r:logpersist:s0 tclass=capability permissive=1
07-22 19:48:07.871 2338 2338 I logcat : type=1400 audit(0.0:190): avc: denied { dac_override } for capability=1 scontext=u:r:logpersist:s0 tcontext=u:r:logpersist:s0 tclass=capability permissive=1
07-22 19:48:07.871 2338 2338 I auditd : type=1400 audit(0.0:191): avc: denied { write } for comm="logcat" name="data" dev="sda1" ino=2076706 scontext=u:r:logpersist:s0 tcontext=u:object_r:system_data_file:s0 tclass=dir permissive=1
07-22 19:48:07.871 2338 2338 I logcat : type=1400 audit(0.0:191): avc: denied { write } for name="data" dev="sda1" ino=2076706 scontext=u:r:logpersist:s0 tcontext=u:object_r:system_data_file:s0 tclass=dir permissive=1
07-22 19:48:07.871 2338 2338 I auditd : type=1400 audit(0.0:192): avc: denied { add_name } for comm="logcat" name="log.txt" scontext=u:r:logpersist:s0 tcontext=u:object_r:system_data_file:s0 tclass=dir permissive=1
07-22 19:48:07.871 2338 2338 I logcat : type=1400 audit(0.0:192): avc: denied { add_name } for name="log.txt" scontext=u:r:logpersist:s0 tcontext=u:object_r:system_data_file:s0 tclass=dir permissive=1
07-22 19:48:07.871 2338 2338 I auditd : type=1400 audit(0.0:193): avc: denied { create } for comm="logcat" name="log.txt" scontext=u:r:logpersist:s0 tcontext=u:object_r:system_data_file:s0 tclass=file permissive=1
07-22 19:48:07.871 2338 2338 I logcat : type=1400 audit(0.0:193): avc: denied { create } for name="log.txt" scontext=u:r:logpersist:s0 tcontext=u:object_r:system_data_file:s0 tclass=file permissive=1
07-22 19:48:07.871 2338 2338 I auditd : type=1400 audit(0.0:194): avc: denied { append open } for comm="logcat" path="/data/log.txt" dev="sda1" ino=2077616 scontext=u:r:logpersist:s0 tcontext=u:object_r:system_data_file:s0 tclass=file permissive=1
07-22 19:48:07.871 2338 2338 I logcat : type=1400 audit(0.0:194): avc: denied { append open } for path="/data/log.txt" dev="sda1" ino=2077616 scontext=u:r:logpersist:s0 tcontext=u:object_r:system_data_file:s0 tclass=file permissive=1
07-22 19:48:07.871 2338 2338 I auditd : type=1400 audit(0.0:195): avc: denied { getattr } for comm="logcat" path="/data/log.txt" dev="sda1" ino=2077616 scontext=u:r:logpersist:s0 tcontext=u:object_r:system_data_file:s0 tclass=file permissive=1
07-22 19:48:07.871 2338 2338 I logcat : type=1400 audit(0.0:195): avc: denied { getattr } for path="/data/log.txt" dev="sda1" ino=2077616 scontext=u:r:logpersist:s0 tcontext=u:object_r:system_data_file:s0 tclass=file permissive=1
07-22 19:48:07.923 2345 2345 I installd: installd firing up
07-22 19:48:08.019 2327 2327 I ServiceManagement: Removing namespace from process name android.hardware.dumpstate@1.0-service to dumpstate@1.0-s.
07-22 19:48:08.032 2330 2330 I ServiceManagement: Removing namespace from process name android.hardware.usb@1.0-service to usb@1.0-service.
07-22 19:48:08.183 2351 2351 I auditd : type=1400 audit(0.0:196): avc: denied { read } for comm="storaged" name="d" dev="tmpfs" ino=6282 scontext=u:r:storaged:s0 tcontext=u:object_r:tmpfs:s0 tclass=lnk_file permissive=1
07-22 19:48:08.183 2351 2351 I storaged: type=1400 audit(0.0:196): avc: denied { read } for name="d" dev="tmpfs" ino=6282 scontext=u:r:storaged:s0 tcontext=u:object_r:tmpfs:s0 tclass=lnk_file permissive=1
07-22 19:48:08.184 2351 2362 I /system/bin/storaged: storaged: Start
07-22 19:48:08.195 1124 1124 I auditd : type=1400 audit(0.0:197): avc: denied { read } for comm="loop0" path="/mnt/android-2018-07-14/system.img" dev="sda1" ino=2076711 scontext=u:r:kernel:s0 tcontext=u:object_r:unlabeled:s0 tclass=file permissive=1
07-22 19:48:08.195 1124 1124 I loop0 : type=1400 audit(0.0:197): avc: denied { read } for path="/mnt/android-2018-07-14/system.img" dev="sda1" ino=2076711 scontext=u:r:kernel:s0 tcontext=u:object_r:unlabeled:s0 tclass=file permissive=1
07-22 19:48:08.245 2259 2259 I auditd : type=1400 audit(0.0:198): avc: denied { read } for comm="hwservicemanage" name="vendor" dev="tmpfs" ino=1103 scontext=u:r:hwservicemanager:s0 tcontext=u:object_r:tmpfs:s0 tclass=lnk_file permissive=1
07-22 19:48:08.245 2259 2259 I hwservicemanage: type=1400 audit(0.0:198): avc: denied { read } for name="vendor" dev="tmpfs" ino=1103 scontext=u:r:hwservicemanager:s0 tcontext=u:object_r:tmpfs:s0 tclass=lnk_file permissive=1
07-22 19:48:08.491 2326 2326 I auditd : type=1400 audit(0.0:199): avc: denied { read } for comm="android.hardwar" name="vendor" dev="tmpfs" ino=1103 scontext=u:r:hal_configstore_default:s0 tcontext=u:object_r:tmpfs:s0 tclass=lnk_file permissive=1
07-22 19:48:08.491 2326 2326 I android.hardwar: type=1400 audit(0.0:199): avc: denied { read } for name="vendor" dev="tmpfs" ino=1103 scontext=u:r:hal_configstore_default:s0 tcontext=u:object_r:tmpfs:s0 tclass=lnk_file permissive=1
07-22 19:48:08.492 2326 2326 W /vendor/bin/hw/android.hardware.configstore@1.0-service: Could not find seccomp policy file at: /vendor/etc/seccomp_policy/configstore@1.0.policy
07-22 19:48:08.492 2326 2326 I ServiceManagement: Removing namespace from process name android.hardware.configstore@1.0-service to configstore@1.0.
07-22 19:48:08.498 2329 2329 I auditd : type=1400 audit(0.0:200): avc: denied { read } for comm="android.hardwar" name="vendor" dev="tmpfs" ino=1103 scontext=u:r:hal_power_default:s0 tcontext=u:object_r:tmpfs:s0 tclass=lnk_file permissive=1
07-22 19:48:08.498 2329 2329 I android.hardwar: type=1400 audit(0.0:200): avc: denied { read } for name="vendor" dev="tmpfs" ino=1103 scontext=u:r:hal_power_default:s0 tcontext=u:object_r:tmpfs:s0 tclass=lnk_file permissive=1
07-22 19:48:08.498 2328 2328 I auditd : type=1400 audit(0.0:201): avc: denied { read } for comm="android.hardwar" name="vendor" dev="tmpfs" ino=1103 scontext=u:r:hal_light_default:s0 tcontext=u:object_r:tmpfs:s0 tclass=lnk_file permissive=1
07-22 19:48:08.498 2328 2328 I android.hardwar: type=1400 audit(0.0:201): avc: denied { read } for name="vendor" dev="tmpfs" ino=1103 scontext=u:r:hal_light_default:s0 tcontext=u:object_r:tmpfs:s0 tclass=lnk_file permissive=1
07-22 19:48:08.499 2259 2259 W /system/bin/hwservicemanager: getTransport: Cannot find entry android.hardware.health@1.0::IHealth/default in either framework or device manifest.
07-22 19:48:08.500 2330 2330 I android.hardware.usb@1.0-service: USB HAL Ready.
07-22 19:48:08.678 2355 2355 I gatekeeperd: Starting gatekeeperd...
07-22 19:48:08.679 2259 2259 W /system/bin/hwservicemanager: getTransport: Cannot find entry android.hardware.gatekeeper@1.0::IGatekeeper/default in either framework or device manifest.
07-22 19:48:08.678 2355 2355 I auditd : type=1400 audit(0.0:202): avc: denied { read } for comm="gatekeeperd" name="vendor" dev="tmpfs" ino=1103 scontext=u:r:gatekeeperd:s0 tcontext=u:object_r:tmpfs:s0 tclass=lnk_file permissive=1
07-22 19:48:08.678 2355 2355 I gatekeeperd: type=1400 audit(0.0:202): avc: denied { read } for name="vendor" dev="tmpfs" ino=1103 scontext=u:r:gatekeeperd:s0 tcontext=u:object_r:tmpfs:s0 tclass=lnk_file permissive=1
07-22 19:48:08.722 2329 2329 D vndksupport: Loading /vendor/lib64/hw/android.hardware.power@1.0-impl.so from current namespace instead of sphal namespace.
07-22 19:48:08.723 2328 2328 D vndksupport: Loading /vendor/lib64/hw/android.hardware.light@2.0-impl.so from current namespace instead of sphal namespace.
07-22 19:48:08.723 2332 2332 D vndksupport: Loading /vendor/lib64/hw/android.hardware.health@1.0-impl.so from current namespace instead of sphal namespace.
07-22 19:48:08.951 2355 2355 W gatekeeperd: falling back to software GateKeeper
07-22 19:48:08.971 2317 2317 I Netd : Netd 1.0 starting
07-22 19:48:09.003 2317 2317 D TetherController: Setting IP forward enable = 0
07-22 19:48:09.219 2332 2332 I auditd : type=1400 audit(0.0:203): avc: denied { wake_alarm } for comm="healthd" capability=35 scontext=u:r:healthd:s0 tcontext=u:r:healthd:s0 tclass=capability2 permissive=1
07-22 19:48:09.219 2332 2332 I healthd : type=1400 audit(0.0:203): avc: denied { wake_alarm } for capability=35 scontext=u:r:healthd:s0 tcontext=u:r:healthd:s0 tclass=capability2 permissive=1
07-22 19:48:09.220 0 0 W healthd : No battery devices found
07-22 19:48:09.221 0 0 W healthd : battery l=100 v=0 t=42.4 h=2 st=2 chg=a
07-22 19:48:09.485 2329 2329 I ServiceManagement: Removing namespace from process name android.hardware.power@1.0-service to power@1.0-servi.
07-22 19:48:09.485 2329 2329 I android.hardware.power@1.0-service: Registration complete for android.hardware.power@1.0::IPower/default.
07-22 19:48:09.486 2328 2328 E lights : Unable to detect max_brightness. Try to set backlight.max_brightness_file
07-22 19:48:09.486 2328 2328 E light : light_open lights backlight failed: -22
07-22 19:48:09.486 2328 2328 E light : Light passthrough failed to load legacy HAL.
07-22 19:48:09.486 2328 2328 E light : light_open lights keyboard failed: -22
07-22 19:48:09.486 2328 2328 E light : Light passthrough failed to load legacy HAL.
07-22 19:48:09.486 2328 2328 E light : light_open lights buttons failed: -22
07-22 19:48:09.486 2328 2328 E light : Light passthrough failed to load legacy HAL.
07-22 19:48:09.486 2328 2328 E light : light_open lights battery failed: -22
07-22 19:48:09.486 2328 2328 E light : Light passthrough failed to load legacy HAL.
07-22 19:48:09.486 2328 2328 E light : light_open lights notifications failed: -22
07-22 19:48:09.486 2328 2328 E light : Light passthrough failed to load legacy HAL.
07-22 19:48:09.486 2328 2328 E light : light_open lights attention failed: -22
07-22 19:48:09.486 2328 2328 E light : Light passthrough failed to load legacy HAL.
07-22 19:48:09.486 2328 2328 E light : light_open lights bluetooth failed: -22
07-22 19:48:09.486 2328 2328 E light : Light passthrough failed to load legacy HAL.
07-22 19:48:09.486 2328 2328 E light : light_open lights wifi failed: -22
07-22 19:48:09.486 2328 2328 E light : Light passthrough failed to load legacy HAL.
07-22 19:48:09.486 2328 2328 I light : Could not open any lights.
07-22 19:48:09.487 2328 2328 I ServiceManagement: Removing namespace from process name android.hardware.light@2.0-service to light@2.0-servi.
07-22 19:48:09.487 2328 2328 I android.hardware.light@2.0-service: Registration complete for android.hardware.light@2.0::ILight/default.
07-22 19:48:09.485 2328 2328 I auditd : type=1400 audit(0.0:204): avc: denied { read } for comm="android.hardwar" name="backlight" dev="sysfs" ino=296 scontext=u:r:hal_light_default:s0 tcontext=u:object_r:sysfs:s0 tclass=dir permissive=1
07-22 19:48:09.485 2328 2328 I android.hardwar: type=1400 audit(0.0:204): avc: denied { read } for name="backlight" dev="sysfs" ino=296 scontext=u:r:hal_light_default:s0 tcontext=u:object_r:sysfs:s0 tclass=dir permissive=1
07-22 19:48:09.529 2366 2366 I auditd : type=1400 audit(0.0:206): avc: denied { getattr } for comm="ip6tables-resto" path="/vendor" dev="tmpfs" ino=1103 scontext=u:r:netd:s0 tcontext=u:object_r:tmpfs:s0 tclass=lnk_file permissive=1
07-22 19:48:09.529 2366 2366 I ip6tables-resto: type=1400 audit(0.0:206): avc: denied { getattr } for path="/vendor" dev="tmpfs" ino=1103 scontext=u:r:netd:s0 tcontext=u:object_r:tmpfs:s0 tclass=lnk_file permissive=1
07-22 19:48:09.723 2259 2259 W /system/bin/hwservicemanager: getTransport: Cannot find entry android.hardware.thermal@1.1::IThermal/default in either framework or device manifest.
07-22 19:48:09.723 2335 2335 W thermalserviced: Unable to get Thermal HAL V1.1, vendor thermal event notification not available
07-22 19:48:09.722 2335 2335 I auditd : type=1400 audit(0.0:208): avc: denied { read } for comm="thermalserviced" name="vendor" dev="tmpfs" ino=1103 scontext=u:r:thermalserviced:s0 tcontext=u:object_r:tmpfs:s0 tclass=lnk_file permissive=1
07-22 19:48:09.722 2335 2335 I thermalserviced: type=1400 audit(0.0:208): avc: denied { read } for name="vendor" dev="tmpfs" ino=1103 scontext=u:r:thermalserviced:s0 tcontext=u:object_r:tmpfs:s0 tclass=lnk_file permissive=1
07-22 19:48:09.918 2365 2365 I auditd : type=1400 audit(0.0:209): avc: denied { write } for comm="iptables-restor" name="etc" dev="loop0" ino=617 scontext=u:r:netd:s0 tcontext=u:object_r:system_file:s0 tclass=dir permissive=1
07-22 19:48:09.918 2365 2365 I iptables-restor: type=1400 audit(0.0:209): avc: denied { write } for name="etc" dev="loop0" ino=617 scontext=u:r:netd:s0 tcontext=u:object_r:system_file:s0 tclass=dir permissive=1
07-22 19:48:09.918 2365 2365 I auditd : type=1400 audit(0.0:210): avc: denied { add_name } for comm="iptables-restor" name="xtables.lock" scontext=u:r:netd:s0 tcontext=u:object_r:system_file:s0 tclass=dir permissive=1
07-22 19:48:09.918 2365 2365 I iptables-restor: type=1400 audit(0.0:210): avc: denied { add_name } for name="xtables.lock" scontext=u:r:netd:s0 tcontext=u:object_r:system_file:s0 tclass=dir permissive=1
07-22 19:48:09.918 2365 2365 I auditd : type=1400 audit(0.0:211): avc: denied { create } for comm="iptables-restor" name="xtables.lock" scontext=u:r:netd:s0 tcontext=u:object_r:system_file:s0 tclass=file permissive=1
07-22 19:48:09.918 2365 2365 I iptables-restor: type=1400 audit(0.0:211): avc: denied { create } for name="xtables.lock" scontext=u:r:netd:s0 tcontext=u:object_r:system_file:s0 tclass=file permissive=1
07-22 19:48:09.920 2317 2317 I Netd : Creating child chains: 914.7ms
07-22 19:48:09.920 2317 2317 I Netd : Setting up OEM hooks: 0.0ms
07-22 19:48:09.921 2317 2317 I Netd : Setting up FirewallController hooks: 1.1ms
07-22 19:48:09.921 2317 2317 I Netd : Setting up NatController hooks: 0.6ms
07-22 19:48:09.922 2317 2317 I Netd : Setting up BandwidthController hooks: 0.6ms
07-22 19:48:09.922 2317 2317 I Netd : Setting up IdletimerController hooks: 0.0ms
07-22 19:48:09.924 2317 2317 W IptablesRestoreController: iptables-restore process 2365 terminated status=256
07-22 19:48:09.924 2317 2317 E IptablesRestoreController: iptables error:
07-22 19:48:09.924 2317 2317 E IptablesRestoreController: ------- COMMAND -------
07-22 19:48:09.924 2317 2317 E IptablesRestoreController: *filter
07-22 19:48:09.924 2317 2317 E IptablesRestoreController: -A bw_INPUT -m owner --socket-exists
07-22 19:48:09.924 2317 2317 E IptablesRestoreController: -A bw_OUTPUT -m owner --socket-exists
07-22 19:48:09.924 2317 2317 E IptablesRestoreController: -A bw_costly_shared --jump bw_penalty_box
07-22 19:48:09.924 2317 2317 E IptablesRestoreController: -A bw_penalty_box --jump bw_happy_box
07-22 19:48:09.924 2317 2317 E IptablesRestoreController: -A bw_happy_box --jump bw_data_saver
07-22 19:48:09.924 2317 2317 E IptablesRestoreController: -A bw_data_saver -j RETURN
07-22 19:48:09.924 2317 2317 E IptablesRestoreController: -I bw_happy_box -m owner --uid-owner 0-9999 --jump RETURN
07-22 19:48:09.924 2317 2317 E IptablesRestoreController: COMMIT
07-22 19:48:09.924 2317 2317 E IptablesRestoreController: *raw
07-22 19:48:09.924 2317 2317 E IptablesRestoreController: -A bw_raw_PREROUTING -m owner --socket-exists
07-22 19:48:09.924 2317 2317 E IptablesRestoreController: COMMIT
07-22 19:48:09.924 2317 2317 E IptablesRestoreController: *mangle
07-22 19:48:09.924 2317 2317 E IptablesRestoreController: -A bw_mangle_POSTROUTING -m owner --socket-exists
07-22 19:48:09.924 2317 2317 E IptablesRestoreController: COMMIT
07-22 19:48:09.924 2317 2317 E IptablesRestoreController:
07-22 19:48:09.924 2317 2317 E IptablesRestoreController: ------- ERROR -------
07-22 19:48:09.924 2317 2317 E IptablesRestoreController: iptables-restore: line 181 failed
07-22 19:48:09.924 2317 2317 E IptablesRestoreController: ----------------------
07-22 19:48:09.923 0 0 I x_tables: ip_tables: owner match: used from hooks INPUT, but only valid from OUTPUT/POSTROUTING
07-22 19:48:09.924 0 0 I x_tables: ip6_tables: owner match: used from hooks INPUT, but only valid from OUTPUT/POSTROUTING
07-22 19:48:09.926 2317 2317 W IptablesRestoreController: iptables-restore process 2366 terminated status=256
07-22 19:48:09.926 2317 2317 E IptablesRestoreController: iptables error:
07-22 19:48:09.926 2317 2317 E IptablesRestoreController: ------- COMMAND -------
07-22 19:48:09.926 2317 2317 E IptablesRestoreController: *filter
07-22 19:48:09.926 2317 2317 E IptablesRestoreController: -A bw_INPUT -m owner --socket-exists
07-22 19:48:09.926 2317 2317 E IptablesRestoreController: -A bw_OUTPUT -m owner --socket-exists
07-22 19:48:09.926 2317 2317 E IptablesRestoreController: -A bw_costly_shared --jump bw_penalty_box
07-22 19:48:09.926 2317 2317 E IptablesRestoreController: -A bw_penalty_box --jump bw_happy_box
07-22 19:48:09.926 2317 2317 E IptablesRestoreController: -A bw_happy_box --jump bw_data_saver
07-22 19:48:09.926 2317 2317 E IptablesRestoreController: -A bw_data_saver -j RETURN
07-22 19:48:09.926 2317 2317 E IptablesRestoreController: -I bw_happy_box -m owner --uid-owner 0-9999 --jump RETURN
07-22 19:48:09.926 2317 2317 E IptablesRestoreController: COMMIT
07-22 19:48:09.926 2317 2317 E IptablesRestoreController: *raw
07-22 19:48:09.926 2317 2317 E IptablesRestoreController: -A bw_raw_PREROUTING -m owner --socket-exists
07-22 19:48:09.926 2317 2317 E IptablesRestoreController: COMMIT
07-22 19:48:09.926 2317 2317 E IptablesRestoreController: *mangle
07-22 19:48:09.926 2317 2317 E IptablesRestoreController: -A bw_mangle_POSTROUTING -m owner --socket-exists
07-22 19:48:09.926 2317 2317 E IptablesRestoreController: COMMIT
07-22 19:48:09.926 2317 2317 E IptablesRestoreController:
07-22 19:48:09.926 2317 2317 E IptablesRestoreController: ------- ERROR -------
07-22 19:48:09.926 2317 2317 E IptablesRestoreController: ip6tables-restore: line 166 failed
07-22 19:48:09.926 2317 2317 E IptablesRestoreController: ----------------------
07-22 19:48:09.926 2317 2317 I Netd : Disabling bandwidth control: 3.9ms
07-22 19:48:09.925 2368 2368 I auditd : type=1400 audit(0.0:212): avc: denied { read } for comm="kworker/u4:2" name="modprobe" dev="tmpfs" ino=6312 scontext=u:r:kernel:s0 tcontext=u:object_r:tmpfs:s0 tclass=lnk_file permissive=1
07-22 19:48:09.925 2368 2368 I kworker/u4:2: type=1400 audit(0.0:212): avc: denied { read } for name="modprobe" dev="tmpfs" ino=6312 scontext=u:r:kernel:s0 tcontext=u:object_r:tmpfs:s0 tclass=lnk_file permissive=1
07-22 19:48:09.927 2368 2368 I /sbin/modprobe: Parsing file /system/etc/modules.blacklist...
07-22 19:48:09.927 2368 2368 I /sbin/modprobe: Parsing file /system/lib/modules/4.16.0-android-x86_64-g6ca95bc28343/modules.alias...
07-22 19:48:09.948 2368 2368 E ProbeModule: insmod_by_dep: cannot load module: [netdev-dummy0]
07-22 19:48:09.948 2368 2368 W /sbin/modprobe: failed to load netdev-dummy0: Invalid argument
07-22 19:48:09.950 2369 2369 I /sbin/modprobe: Parsing file /system/etc/modules.blacklist...
07-22 19:48:09.950 2369 2369 I /sbin/modprobe: Parsing file /system/lib/modules/4.16.0-android-x86_64-g6ca95bc28343/modules.alias...
07-22 19:48:09.927 0 0 I modprobe: netdev-dummy0
07-22 19:48:09.971 2369 2369 E ProbeModule: insmod_by_dep: cannot load module: [dummy0]
07-22 19:48:09.971 2369 2369 W /sbin/modprobe: failed to load dummy0: Invalid argument
07-22 19:48:09.971 2317 2317 E Netd : cannot find interface dummy0
07-22 19:48:09.971 2317 2317 I Netd : Initializing RouteController: 45.2ms
07-22 19:48:09.948 0 0 I modprobe: dummy0
07-22 19:48:09.973 2372 2372 I /sbin/modprobe: Parsing file /system/etc/modules.blacklist...
07-22 19:48:09.973 2372 2372 I /sbin/modprobe: Parsing file /system/lib/modules/4.16.0-android-x86_64-g6ca95bc28343/modules.alias...
07-22 19:48:09.994 2372 2372 E ProbeModule: insmod_by_dep: cannot load module: [net-pf-16-proto-5]
07-22 19:48:09.994 2372 2372 W /sbin/modprobe: failed to load net-pf-16-proto-5: Invalid argument
07-22 19:48:09.994 2317 2317 E Netd : Unable to create netlink socket: Protocol not supported
07-22 19:48:09.994 2317 2317 W Netd : Unable to open qlog quota socket, check if xt_quota2 can send via UeventHandler
07-22 19:48:09.994 2317 2317 D MDnsDS : MDnsSdListener::Hander starting up
07-22 19:48:09.994 2317 2376 D MDnsDS : MDnsSdListener starting to monitor
07-22 19:48:09.994 2317 2376 D MDnsDS : Going to poll with pollCount 1
07-22 19:48:09.995 2317 2317 I Netd : Registering NetdNativeService: 0.3ms
07-22 19:48:09.995 2317 2317 I Netd : Starting CommandListener: 0.0ms
07-22 19:48:09.995 2317 2317 I Netd : Registering NetdHwService: 0.5ms
07-22 19:48:09.995 2317 2317 I Netd : Netd started in 1024ms
07-22 19:48:10.011 2352 2352 I wificond: wificond is starting up...
07-22 19:48:09.972 0 0 I modprobe: net-pf-16-proto-5
07-22 19:48:10.011 0 0 E init : no such service 'hostapd'
07-22 19:48:10.268 1 1 I auditd : type=1400 audit(0.0:213): avc: denied { dac_read_search } for comm="init" capability=2 scontext=u:r:init:s0 tcontext=u:r:init:s0 tclass=capability permissive=1
07-22 19:48:10.268 1 1 I init : type=1400 audit(0.0:213): avc: denied { dac_read_search } for capability=2 scontext=u:r:init:s0 tcontext=u:r:init:s0 tclass=capability permissive=1
07-22 19:48:10.267 0 0 I init : starting service 'mdnsd'...
07-22 19:48:10.269 0 0 I init : Created socket '/dev/socket/mdnsd', mode 660, user 1020, group 3003
07-22 19:48:10.963 2259 2259 W /system/bin/hwservicemanager: getTransport: Cannot find entry android.hardware.keymaster@3.0::IKeymasterDevice/default in either framework or device manifest.
07-22 19:48:10.962 2346 2346 I auditd : type=1400 audit(0.0:215): avc: denied { read } for comm="keystore" name="vendor" dev="tmpfs" ino=1103 scontext=u:r:keystore:s0 tcontext=u:object_r:tmpfs:s0 tclass=lnk_file permissive=1
07-22 19:48:10.962 2346 2346 I keystore: type=1400 audit(0.0:215): avc: denied { read } for name="vendor" dev="tmpfs" ino=1103 scontext=u:r:keystore:s0 tcontext=u:object_r:tmpfs:s0 tclass=lnk_file permissive=1
07-22 19:48:10.963 2346 2346 D vndksupport: Loading /vendor/lib64/hw/android.hardware.keymaster@3.0-impl.so from current namespace instead of sphal namespace.
07-22 19:48:11.232 2346 2346 I android.hardware.keymaster@3.0-impl: Fetching keymaster device name default
07-22 19:48:11.259 1124 1124 I auditd : type=1400 audit(0.0:216): avc: denied { read } for comm="loop0" path="/mnt/android-2018-07-14/system.img" dev="sda1" ino=2076711 scontext=u:r:kernel:s0 tcontext=u:object_r:unlabeled:s0 tclass=file permissive=1
07-22 19:48:11.259 1124 1124 I loop0 : type=1400 audit(0.0:216): avc: denied { read } for path="/mnt/android-2018-07-14/system.img" dev="sda1" ino=2076711 scontext=u:r:kernel:s0 tcontext=u:object_r:unlabeled:s0 tclass=file permissive=1
07-22 19:48:11.369 2346 2346 I android.hardware.keymaster@3.0-impl: Found keymaster0 module Keymaster OpenSSL HAL, version 2
07-22 19:48:11.601 2346 2346 I android.hardware.keymaster@3.0-impl: Keymaster0 module is software-only. Using SoftKeymasterDevice instead.
07-22 19:48:12.144 2385 2385 I auditd : type=1400 audit(0.0:217): avc: denied { read } for comm="mdnsd" name="etc" dev="tmpfs" ino=6286 scontext=u:r:mdnsd:s0 tcontext=u:object_r:tmpfs:s0 tclass=lnk_file permissive=1
07-22 19:48:12.144 2385 2385 I mdnsd : type=1400 audit(0.0:217): avc: denied { read } for name="etc" dev="tmpfs" ino=6286 scontext=u:r:mdnsd:s0 tcontext=u:object_r:tmpfs:s0 tclass=lnk_file permissive=1
07-22 19:48:12.745 2331 2331 I android.hardware.wifi@1.0-service: Wifi Hal is booting up...
07-22 19:48:13.949 2325 2325 D android.hardware.cas@1.0-service: android.hardware.cas@1.0-service starting...
07-22 19:48:13.949 2325 2325 I ServiceManagement: Removing namespace from process name android.hardware.cas@1.0-service to cas@1.0-service.
07-22 19:48:14.095 2347 2347 I mediaserver: ServiceManager: 0xe7eb03c0
07-22 19:48:14.269 2324 2324 I android.hardware.camera.provider@2.4-service: Camera provider Service is starting.
07-22 19:48:14.269 2324 2324 I auditd : type=1400 audit(0.0:218): avc: denied { read } for comm="android.hardwar" name="vendor" dev="tmpfs" ino=1103 scontext=u:r:hal_camera_default:s0 tcontext=u:object_r:tmpfs:s0 tclass=lnk_file permissive=1
07-22 19:48:14.269 2324 2324 I android.hardwar: type=1400 audit(0.0:218): avc: denied { read } for name="vendor" dev="tmpfs" ino=1103 scontext=u:r:hal_camera_default:s0 tcontext=u:object_r:tmpfs:s0 tclass=lnk_file permissive=1
07-22 19:48:14.332 2353 2353 I /vendor/bin/hw/android.hardware.media.omx@1.0-service: mediacodecservice starting
07-22 19:48:14.332 2353 2353 W /vendor/bin/hw/android.hardware.media.omx@1.0-service: No seccomp policy defined for this architecture.
07-22 19:48:14.337 2324 2324 D vndksupport: Loading /vendor/lib/hw/android.hardware.camera.provider@2.4-impl.so from current namespace instead of sphal namespace.
07-22 19:48:14.398 2343 2343 I cameraserver: ServiceManager: 0xeb3303c0
07-22 19:48:14.406 2353 2353 I auditd : type=1400 audit(0.0:219): avc: denied { read } for comm="android.hardwar" name="vendor" dev="tmpfs" ino=1103 scontext=u:r:mediacodec:s0 tcontext=u:object_r:tmpfs:s0 tclass=lnk_file permissive=1
07-22 19:48:14.406 2353 2353 I android.hardwar: type=1400 audit(0.0:219): avc: denied { read } for name="vendor" dev="tmpfs" ino=1103 scontext=u:r:mediacodec:s0 tcontext=u:object_r:tmpfs:s0 tclass=lnk_file permissive=1
07-22 19:48:14.520 2343 2343 I CameraService: CameraService started (pid=2343)
07-22 19:48:14.520 2343 2343 I CameraService: CameraService process starting
07-22 19:48:14.520 2343 2343 W BatteryNotifier: batterystats service unavailable!
07-22 19:48:14.520 2343 2343 W BatteryNotifier: batterystats service unavailable!
07-22 19:48:14.620 2353 2353 W MediaCodecsXmlParser: ignoring Limit specified outside of a Type --------- beginning of radio
07-22 19:48:14.620 2354 2354 D RILD : **RIL Daemon Started**
07-22 19:48:14.620 2354 2354 D RILD : **RILd param count=1**
07-22 19:48:14.620 2353 2353 W MediaCodecsXmlParser: ignoring Limit specified outside of a Type
07-22 19:48:14.670 2334 2334 I /system/bin/surfaceflinger: android::hardware::configstore::V1_0::ISurfaceFlingerConfigs::maxFrameBufferAcquiredBuffers retrieved: 3
07-22 19:48:14.691 2334 2334 I /system/bin/surfaceflinger: android::hardware::configstore::V1_0::ISurfaceFlingerConfigs::startGraphicsAllocatorService retrieved: 1
07-22 19:48:14.692 2334 2334 D vndksupport: Loading /vendor/lib64/hw/android.hardware.graphics.allocator@2.0-impl.so from current namespace instead of sphal namespace.
07-22 19:48:14.691 2334 2334 I auditd : type=1400 audit(0.0:220): avc: denied { read } for comm="surfaceflinger" name="vendor" dev="tmpfs" ino=1103 scontext=u:r:surfaceflinger:s0 tcontext=u:object_r:tmpfs:s0 tclass=lnk_file permissive=1
07-22 19:48:14.691 2334 2334 I surfaceflinger: type=1400 audit(0.0:220): avc: denied { read } for name="vendor" dev="tmpfs" ino=1103 scontext=u:r:surfaceflinger:s0 tcontext=u:object_r:tmpfs:s0 tclass=lnk_file permissive=1
07-22 19:48:14.784 2353 2353 W MediaCodecsXmlParser: unable to open media codecs configuration xml file: /data/misc/media/media_codecs_profiling_results.xml
07-22 19:48:14.784 2353 2353 W MediaCodecsXmlParser: parseTopLevelXMLFile(/data/misc/media/media_codecs_profiling_results.xml) failed
07-22 19:48:14.878 2353 2353 E MediaCodecsXmlParser: Cannot find the role for a decoder of type audio/alac
07-22 19:48:14.878 2353 2353 E MediaCodecsXmlParser: Cannot find the role for a decoder of type audio/vnd.dts
07-22 19:48:14.878 2353 2353 E MediaCodecsXmlParser: Role video_decoder.vc1 has mismatching types: video/vc1 and video/x-ms-wmv
07-22 19:48:14.878 2334 2334 D vndksupport: Loading /vendor/lib64/hw/gralloc.gbm.so from current namespace instead of sphal namespace.
07-22 19:48:14.926 2353 2353 I ServiceManagement: Removing namespace from process name android.hardware.media.omx@1.0-service to omx@1.0-service.
07-22 19:48:15.110 2350 2350 I mediaserver: ServiceManager: 0xea130800
07-22 19:48:15.172 2334 2334 I auditd : type=1400 audit(0.0:221): avc: denied { read write } for comm="surfaceflinger" name="renderD128" dev="tmpfs" ino=9249 scontext=u:r:surfaceflinger:s0 tcontext=u:object_r:device:s0 tclass=chr_file permissive=1
07-22 19:48:15.172 2334 2334 I surfaceflinger: type=1400 audit(0.0:221): avc: denied { read write } for name="renderD128" dev="tmpfs" ino=9249 scontext=u:r:surfaceflinger:s0 tcontext=u:object_r:device:s0 tclass=chr_file permissive=1
07-22 19:48:15.264 2342 2342 I FastMixerState: sMaxFastTracks = 8
07-22 19:48:15.265 2342 2342 I audioserver: ServiceManager: 0xf401ae80
07-22 19:48:15.265 2342 2342 W BatteryNotifier: batterystats service unavailable!
07-22 19:48:15.295 2324 2324 D Camera_Factory: CameraFactory::CameraFactory
07-22 19:48:15.295 2324 2324 D Camera_Factory: CameraFactory::parseConfig: configFile = /etc/camera.cfg
07-22 19:48:15.295 2324 2324 D Camera_Factory: /etc/camera.cfg not found, using camera configuration defaults
07-22 19:48:15.295 2324 2324 D Camera_Factory: CameraFactory::get_number_of_cameras
07-22 19:48:15.295 2324 2324 D Camera_Factory: CameraFactory::getCameraNum: 0
07-22 19:48:15.295 2324 2324 I CamProvider@2.4-impl: Loaded "Camera Module" camera module
07-22 19:48:15.295 2324 2324 I CamProvider@2.4-impl: setUpVendorTags: No vendor tags defined for this device.
07-22 19:48:15.295 2324 2324 D Camera_Factory: CameraFactory::get_number_of_cameras
07-22 19:48:15.295 2324 2324 D Camera_Factory: CameraFactory::getCameraNum: 0
07-22 19:48:15.295 2324 2324 I ServiceManagement: Removing namespace from process name android.hardware.camera.provider@2.4-service to provider@2.4-se.
07-22 19:48:15.295 2324 2324 I android.hardware.camera.provider@2.4-service: Registration complete for android.hardware.camera.provider@2.4::ICameraProvider/legacy/0.
07-22 19:48:15.295 2343 2343 E /system/bin/cameraserver: Could not unregister service notification for android.hardware.camera.provider@2.4::ICameraProvider/legacy/0.
07-22 19:48:15.295 2343 2343 I CameraProviderManager: Connecting to new camera provider: legacy/0, isRemote? 1
07-22 19:48:15.296 2343 2343 I CameraProviderManager: Camera provider legacy/0 ready with 0 camera devices
07-22 19:48:15.296 2343 2390 W CameraProviderManager: addProviderLocked: Camera provider HAL with name 'legacy/0' already registered
07-22 19:48:15.649 2322 2322 I auditd : type=1400 audit(0.0:226): avc: denied { read } for comm="android.hardwar" name="vendor" dev="tmpfs" ino=1103 scontext=u:r:hal_audio_default:s0 tcontext=u:object_r:tmpfs:s0 tclass=lnk_file permissive=1
07-22 19:48:15.649 2322 2322 I android.hardwar: type=1400 audit(0.0:226): avc: denied { read } for name="vendor" dev="tmpfs" ino=1103 scontext=u:r:hal_audio_default:s0 tcontext=u:object_r:tmpfs:s0 tclass=lnk_file permissive=1
07-22 19:48:15.650 2322 2322 D vndksupport: Loading /vendor/lib/hw/android.hardware.audio@2.0-impl.so from current namespace instead of sphal namespace.
07-22 19:48:15.889 2322 2322 I ServiceManagement: Removing namespace from process name android.hardware.audio@2.0-service to audio@2.0-servi.
07-22 19:48:15.889 2322 2322 I audiohalservice: Registration complete for android.hardware.audio@2.0::IDevicesFactory/default.
07-22 19:48:15.889 2322 2322 D vndksupport: Loading /vendor/lib/hw/android.hardware.audio.effect@2.0-impl.so from current namespace instead of sphal namespace.
07-22 19:48:15.890 2342 2342 E /system/bin/audioserver: Could not unregister service notification for android.hardware.audio@2.0::IDevicesFactory/default.
07-22 19:48:16.093 2350 2350 W BatteryNotifier: batterystats service unavailable!
07-22 19:48:16.318 2322 2322 I audiohalservice: Registration complete for android.hardware.audio.effect@2.0::IEffectsFactory/default.
07-22 19:48:16.318 2259 2259 W /system/bin/hwservicemanager: getTransport: Cannot find entry android.hardware.soundtrigger@2.0::ISoundTriggerHw/default in either framework or device manifest.
07-22 19:48:16.318 2322 2322 D vndksupport: Loading /vendor/lib/hw/android.hardware.soundtrigger@2.0-impl.so from current namespace instead of sphal namespace.
07-22 19:48:16.332 2349 2349 I mediametrics: ServiceManager: 0x7ac3efe3e680
07-22 19:48:16.332 2349 2349 D MediaAnalyticsService: MediaAnalyticsService created
07-22 19:48:16.332 2349 2349 D MediaAnalyticsService: MediaAnalyticsService::newSummarizerSet
07-22 19:48:16.432 2322 2322 E SoundTriggerHalImpl: couldn't load sound trigger module sound_trigger.primary (No such file or directory)
07-22 19:48:16.433 2322 2322 I audiohalservice: Registration complete for android.hardware.soundtrigger@2.0::ISoundTriggerHw/default.
07-22 19:48:16.433 2342 2342 I AudioFlinger: Using default 3000 mSec as standby time.
07-22 19:48:16.564 2348 2348 V MediaUtils: physMem: 4074209280
07-22 19:48:16.564 2348 2348 V MediaUtils: requested limit: 814841840
07-22 19:48:16.564 2348 2348 V MediaUtils: cfi shadow size: 2147483648
07-22 19:48:16.564 2348 2348 V MediaUtils: actual limit: 2962325488
07-22 19:48:16.564 2348 2348 V MediaUtils: original limits: -1/-1
07-22 19:48:16.564 2348 2348 V MediaUtils: new limits: 2962325488/-1
07-22 19:48:16.564 2348 2348 D vndksupport: Loading libutils.so from current namespace instead of sphal namespace.
07-22 19:48:16.592 2342 2342 I auditd : type=1400 audit(0.0:227): avc: denied { read } for comm="audioserver" name="vendor" dev="tmpfs" ino=1103 scontext=u:r:audioserver:s0 tcontext=u:object_r:tmpfs:s0 tclass=lnk_file permissive=1
07-22 19:48:16.592 2342 2342 I audioserver: type=1400 audit(0.0:227): avc: denied { read } for name="vendor" dev="tmpfs" ino=1103 scontext=u:r:audioserver:s0 tcontext=u:object_r:tmpfs:s0 tclass=lnk_file permissive=1
07-22 19:48:16.682 2342 2342 I APM::ConfigParsingUtils: loadAudioPolicyConfig() loaded /system/etc/audio_policy.conf
07-22 19:48:17.052 2322 2402 D audio_hw_primary: found audio out at /dev/snd/pcmC0D0p
07-22 19:48:17.052 2322 2402 D audio_hw_primary: card: 0/0 id: ALC887-VD Analog
07-22 19:48:17.052 2322 2402 D audio_hw_primary: name: ALC887-VD Analog
07-22 19:48:17.052 2322 2402 D audio_hw_primary: subname: subdevice #0
07-22 19:48:17.052 2322 2402 D audio_hw_primary: stream: 0
07-22 19:48:17.052 2322 2402 D audio_hw_primary: found audio out at /dev/snd/pcmC1D10p
07-22 19:48:17.052 2322 2402 D audio_hw_primary: card: 1/10 id: HDMI 4
07-22 19:48:17.052 2322 2402 D audio_hw_primary: name: HDMI 4
07-22 19:48:17.052 2322 2402 D audio_hw_primary: subname: subdevice #0
07-22 19:48:17.052 2322 2402 D audio_hw_primary: stream: 0
07-22 19:48:17.052 2322 2402 D audio_hw_primary: found audio out at /dev/snd/pcmC1D11p
07-22 19:48:17.052 2322 2402 D audio_hw_primary: card: 1/11 id: HDMI 5
07-22 19:48:17.052 2322 2402 D audio_hw_primary: name: HDMI 5
07-22 19:48:17.052 2322 2402 D audio_hw_primary: subname: subdevice #0
07-22 19:48:17.052 2322 2402 D audio_hw_primary: stream: 0
07-22 19:48:17.052 2322 2402 D audio_hw_primary: ignore pcmC1D11p
07-22 19:48:17.052 2322 2402 D audio_hw_primary: found audio out at /dev/snd/pcmC1D3p
07-22 19:48:17.052 2322 2402 D audio_hw_primary: card: 1/3 id: HDMI 0
07-22 19:48:17.052 2322 2402 D audio_hw_primary: name: HDMI 0
07-22 19:48:17.052 2322 2402 D audio_hw_primary: subname: subdevice #0
07-22 19:48:17.052 2322 2402 D audio_hw_primary: stream: 0
07-22 19:48:17.052 2322 2402 D audio_hw_primary: ignore pcmC1D3p
07-22 19:48:17.052 2322 2402 D audio_hw_primary: found audio out at /dev/snd/pcmC1D7p
07-22 19:48:17.052 2322 2402 D audio_hw_primary: card: 1/7 id: HDMI 1
07-22 19:48:17.052 2322 2402 D audio_hw_primary: name: HDMI 1
07-22 19:48:17.052 2322 2402 D audio_hw_primary: subname: subdevice #0
07-22 19:48:17.052 2322 2402 D audio_hw_primary: stream: 0
07-22 19:48:17.052 2322 2402 D audio_hw_primary: ignore pcmC1D7p
07-22 19:48:17.052 2322 2402 D audio_hw_primary: found audio out at /dev/snd/pcmC1D8p
07-22 19:48:17.052 2322 2402 D audio_hw_primary: card: 1/8 id: HDMI 2
07-22 19:48:17.052 2322 2402 D audio_hw_primary: name: HDMI 2
07-22 19:48:17.052 2322 2402 D audio_hw_primary: subname: subdevice #0
07-22 19:48:17.052 2322 2402 D audio_hw_primary: stream: 0
07-22 19:48:17.052 2322 2402 D audio_hw_primary: ignore pcmC1D8p
07-22 19:48:17.052 2322 2402 D audio_hw_primary: found audio out at /dev/snd/pcmC1D9p
07-22 19:48:17.052 2322 2402 D audio_hw_primary: card: 1/9 id: HDMI 3
07-22 19:48:17.052 2322 2402 D audio_hw_primary: name: HDMI 3
07-22 19:48:17.052 2322 2402 D audio_hw_primary: subname: subdevice #0
07-22 19:48:17.052 2322 2402 D audio_hw_primary: stream: 0
07-22 19:48:17.052 2322 2402 D audio_hw_primary: ignore pcmC1D9p
07-22 19:48:17.052 2322 2402 I audio_hw_primary: choose pcmC0D0p for 0
07-22 19:48:17.053 2322 2402 E audio_hw_primary: Failed to open /system/etc/mixer_paths.xml
07-22 19:48:17.053 2322 2402 W DeviceHAL: Device 0xf4a97000 set_master_volume: Function not implemented
07-22 19:48:17.053 2342 2342 I AudioFlinger: loadHwModule() Loaded primary audio interface, handle 10
07-22 19:48:17.053 2342 2342 I AudioFlinger: openOutput() this 0xf4035000, module 10 Device 2, SamplingRate 48000, Format 0x000001, Channels 3, flags 2
07-22 19:48:17.053 2322 2409 I audio_hw_primary: choose pcmC0D0p for 0
07-22 19:48:17.094 2342 2342 I AudioFlinger: HAL output buffer size 512 frames, normal sink buffer size 1024 frames
07-22 19:48:17.095 2322 2409 E EffectsConfig: Failed to parse /vendor/etc/audio_effects.xml: Tinyxml2 error (3): /vendor/etc/audio_effects.xml (null)
07-22 19:48:17.095 2322 2409 E EffectsFactoryConfigLoader: Failed to parse XML configuration file
07-22 19:48:17.095 2322 2409 W EffectsFactory: Failed to load XML effect configuration, fallback to .conf
07-22 19:48:17.392 2353 2353 I auditd : type=1400 audit(0.0:228): avc: denied { execmod } for comm="omx@1.0-service" path="/system/vendor/lib/libavcodec.so" dev="loop0" ino=7565 scontext=u:r:mediacodec:s0 tcontext=u:object_r:vendor_file:s0 tclass=file permissive=1
07-22 19:48:17.392 2353 2353 I omx@1.0-service: type=1400 audit(0.0:228): avc: denied { execmod } for path="/system/vendor/lib/libavcodec.so" dev="loop0" ino=7565 scontext=u:r:mediacodec:s0 tcontext=u:object_r:vendor_file:s0 tclass=file permissive=1
07-22 19:48:17.707 2342 2342 I BufferProvider: found effect "Multichannel Downmix To Stereo" from The Android Open Source Project
07-22 19:48:17.707 2342 2411 I AudioFlinger: AudioFlinger's thread 0xf3783340 tid=2411 ready to run
07-22 19:48:17.757 2342 2342 I AudioFlinger: Using module 10 as the primary audio interface
07-22 19:48:17.757 2342 2411 W AudioFlinger: no wake lock to update, system not ready yet
07-22 19:48:17.757 2342 2342 W AudioFlinger: moveEffects() bad srcOutput 0
07-22 19:48:17.757 2342 2411 W AudioFlinger: no wake lock to update, system not ready yet
07-22 19:48:17.758 2322 2409 W DeviceHAL: Device 0xf4a97000 set_voice_volume: Function not implemented
07-22 19:48:17.758 2322 2409 W DeviceHAL: Device 0xf4a97000 open_input_stream: Invalid argument
07-22 19:48:17.758 2342 2412 I AudioFlinger: AudioFlinger's thread 0xf348a380 tid=2412 ready to run
07-22 19:48:17.758 2353 2353 I auditd : type=1400 audit(0.0:229): avc: denied { read } for comm="omx@1.0-service" name="vendor" dev="tmpfs" ino=1103 scontext=u:r:mediacodec:s0 tcontext=u:object_r:tmpfs:s0 tclass=lnk_file permissive=1
07-22 19:48:17.758 2353 2353 I omx@1.0-service: type=1400 audit(0.0:229): avc: denied { read } for name="vendor" dev="tmpfs" ino=1103 scontext=u:r:mediacodec:s0 tcontext=u:object_r:tmpfs:s0 tclass=lnk_file permissive=1
07-22 19:48:17.759 2353 2353 W MediaCodecsXmlParser: ignoring Limit specified outside of a Type
07-22 19:48:17.759 2353 2353 W MediaCodecsXmlParser: ignoring Limit specified outside of a Type
07-22 19:48:17.759 2353 2353 W MediaCodecsXmlParser: unable to open media codecs configuration xml file: /data/misc/media/media_codecs_profiling_results.xml
07-22 19:48:17.759 2353 2353 W MediaCodecsXmlParser: parseTopLevelXMLFile(/data/misc/media/media_codecs_profiling_results.xml) failed
07-22 19:48:17.759 2353 2353 I ServiceManagement: Removing namespace from process name android.hardware.media.omx@1.0-service to omx@1.0-service.
07-22 19:48:17.760 2353 2353 I /vendor/bin/hw/android.hardware.media.omx@1.0-service: Treble OMX service created.
07-22 19:48:18.163 2342 2342 I bt_a2dp_hw: adev_open: adev_open in A2dp_hw module
07-22 19:48:18.163 2342 2342 I AudioFlinger: loadHwModule() Loaded a2dp audio interface, handle 18
07-22 19:48:18.163 2322 2409 D vndksupport: Loading /vendor/lib/hw/audio.usb.default.so from current namespace instead of sphal namespace.
07-22 19:48:18.370 2348 2348 W /system/bin/mediaextractor: No seccomp policy defined for this architecture.
07-22 19:48:18.448 2342 2342 I AudioFlinger: loadHwModule() Loaded usb audio interface, handle 26
07-22 19:48:18.449 2342 2342 E EffectsConfig: Failed to parse /vendor/etc/audio_effects.xml: Tinyxml2 error (3): /vendor/etc/audio_effects.xml (null)
07-22 19:48:18.449 2342 2342 W AudioPolicyEffects: Failed to load XML effect configuration, fallback to .conf
07-22 19:48:18.449 2259 2259 W /system/bin/hwservicemanager: getTransport: Cannot find entry android.hardware.soundtrigger@2.0::ISoundTriggerHw/default in either framework or device manifest.
07-22 19:48:18.449 2342 2342 I SoundTriggerHalHidl: getProperties res implementor
07-22 19:48:18.449 2342 2342 I SoundTriggerHalHidl: getProperties ret -19
07-22 19:48:18.449 2342 2342 E SoundTriggerHwService: could not read implementation properties
07-22 19:48:18.808 2318 2318 D AndroidRuntime: >>>>>> START com.android.internal.os.ZygoteInit uid 0 <<<<<<
07-22 19:48:18.808 2318 2318 I boot_progress_start: 61856
07-22 19:48:18.809 2319 2319 D AndroidRuntime: >>>>>> START com.android.internal.os.ZygoteInit uid 0 <<<<<<
07-22 19:48:19.596 2318 2318 I zygote64: option[0]=-Xzygote
07-22 19:48:19.596 2318 2318 I zygote64: option[1]=-Xusetombstonedtraces
07-22 19:48:19.596 2318 2318 I zygote64: option[2]=exit
07-22 19:48:19.596 2318 2318 I zygote64: option[3]=vfprintf
07-22 19:48:19.596 2318 2318 I zygote64: option[4]=sensitiveThread
07-22 19:48:19.596 2318 2318 I zygote64: option[5]=-verbose:gc
07-22 19:48:19.596 2318 2318 I zygote64: option[6]=-Xms16m
07-22 19:48:19.596 2318 2318 I zygote64: option[7]=-Xmx512m
07-22 19:48:19.596 2318 2318 I zygote64: option[8]=-XX:HeapGrowthLimit=192m
07-22 19:48:19.596 2318 2318 I zygote64: option[9]=-XX:HeapMinFree=512k
07-22 19:48:19.596 2318 2318 I zygote64: option[10]=-XX:HeapMaxFree=8m
07-22 19:48:19.596 2318 2318 I zygote64: option[11]=-XX:HeapTargetUtilization=0.75
07-22 19:48:19.596 2318 2318 I zygote64: option[12]=-Xusejit:true
07-22 19:48:19.596 2318 2318 I zygote64: option[13]=-Xjitsaveprofilinginfo
07-22 19:48:19.596 2318 2318 I zygote64: option[14]=-agentlib:jdwp=transport=dt_android_adb,suspend=n,server=y
07-22 19:48:19.596 2318 2318 I zygote64: option[15]=-Xlockprofthreshold:500
07-22 19:48:19.596 2318 2318 I zygote64: option[16]=-Ximage-compiler-option
07-22 19:48:19.596 2318 2318 I zygote64: option[17]=--runtime-arg
07-22 19:48:19.596 2318 2318 I zygote64: option[18]=-Ximage-compiler-option
07-22 19:48:19.596 2318 2318 I zygote64: option[19]=-Xms64m
07-22 19:48:19.596 2318 2318 I zygote64: option[20]=-Ximage-compiler-option
07-22 19:48:19.596 2318 2318 I zygote64: option[21]=--runtime-arg
07-22 19:48:19.596 2318 2318 I zygote64: option[22]=-Ximage-compiler-option
07-22 19:48:19.596 2318 2318 I zygote64: option[23]=-Xmx64m
07-22 19:48:19.596 2318 2318 I zygote64: option[24]=-Ximage-compiler-option
07-22 19:48:19.596 2318 2318 I zygote64: option[25]=--image-classes=/system/etc/preloaded-classes
07-22 19:48:19.596 2318 2318 I zygote64: option[26]=-Ximage-compiler-option
07-22 19:48:19.596 2318 2318 I zygote64: option[27]=--compiled-classes=/system/etc/compiled-classes
07-22 19:48:19.596 2318 2318 I zygote64: option[28]=-Ximage-compiler-option
07-22 19:48:19.596 2318 2318 I zygote64: option[29]=--dirty-image-objects=/system/etc/dirty-image-objects
07-22 19:48:19.596 2318 2318 I zygote64: option[30]=-Xcompiler-option
07-22 19:48:19.596 2318 2318 I zygote64: option[31]=--runtime-arg
07-22 19:48:19.596 2318 2318 I zygote64: option[32]=-Xcompiler-option
07-22 19:48:19.596 2318 2318 I zygote64: option[33]=-Xms64m
07-22 19:48:19.596 2318 2318 I zygote64: option[34]=-Xcompiler-option
07-22 19:48:19.596 2318 2318 I zygote64: option[35]=--runtime-arg
07-22 19:48:19.596 2318 2318 I zygote64: option[36]=-Xcompiler-option
07-22 19:48:19.596 2318 2318 I zygote64: option[37]=-Xmx512m
07-22 19:48:19.596 2318 2318 I zygote64: option[38]=-Ximage-compiler-option
07-22 19:48:19.596 2318 2318 I zygote64: option[39]=--instruction-set-variant=x86_64
07-22 19:48:19.596 2318 2318 I zygote64: option[40]=-Xcompiler-option
07-22 19:48:19.596 2318 2318 I zygote64: option[41]=--instruction-set-variant=x86_64
07-22 19:48:19.596 2318 2318 I zygote64: option[42]=-Ximage-compiler-option
07-22 19:48:19.596 2318 2318 I zygote64: option[43]=--instruction-set-features=default
07-22 19:48:19.596 2318 2318 I zygote64: option[44]=-Xcompiler-option
07-22 19:48:19.596 2318 2318 I zygote64: option[45]=--instruction-set-features=default
07-22 19:48:19.596 2318 2318 I zygote64: option[46]=-Duser.locale=en-US
07-22 19:48:19.596 2318 2318 I zygote64: option[47]=-XX:NativeBridge=libhoudini.so
07-22 19:48:19.596 2318 2318 I zygote64: option[48]=--cpu-abilist=x86_64
07-22 19:48:19.596 2318 2318 I zygote64: option[49]=-Xfingerprint:Android-x86/android_x86_64/x86_64:8.1.0/OPM6.171019.030.E1/maur07141051:userdebug/test-keys
07-22 19:48:19.612 2319 2319 I zygote : option[0]=-Xzygote
07-22 19:48:19.612 2319 2319 I zygote : option[1]=-Xusetombstonedtraces
07-22 19:48:19.612 2319 2319 I zygote : option[2]=exit
07-22 19:48:19.612 2319 2319 I zygote : option[3]=vfprintf
07-22 19:48:19.612 2319 2319 I zygote : option[4]=sensitiveThread
07-22 19:48:19.612 2319 2319 I zygote : option[5]=-verbose:gc
07-22 19:48:19.612 2319 2319 I zygote : option[6]=-Xms16m
07-22 19:48:19.612 2319 2319 I zygote : option[7]=-Xmx512m
07-22 19:48:19.612 2319 2319 I zygote : option[8]=-XX:HeapGrowthLimit=192m
07-22 19:48:19.612 2319 2319 I zygote : option[9]=-XX:HeapMinFree=512k
07-22 19:48:19.612 2319 2319 I zygote : option[10]=-XX:HeapMaxFree=8m
07-22 19:48:19.612 2319 2319 I zygote : option[11]=-XX:HeapTargetUtilization=0.75
07-22 19:48:19.612 2319 2319 I zygote : option[12]=-Xusejit:true
07-22 19:48:19.612 2319 2319 I zygote : option[13]=-Xjitsaveprofilinginfo
07-22 19:48:19.612 2319 2319 I zygote : option[14]=-agentlib:jdwp=transport=dt_android_adb,suspend=n,server=y
07-22 19:48:19.612 2319 2319 I zygote : option[15]=-Xlockprofthreshold:500
07-22 19:48:19.612 2319 2319 I zygote : option[16]=-Ximage-compiler-option
07-22 19:48:19.612 2319 2319 I zygote : option[17]=--runtime-arg
07-22 19:48:19.612 2319 2319 I zygote : option[18]=-Ximage-compiler-option
07-22 19:48:19.612 2319 2319 I zygote : option[19]=-Xms64m
07-22 19:48:19.612 2319 2319 I zygote : option[20]=-Ximage-compiler-option
07-22 19:48:19.612 2319 2319 I zygote : option[21]=--runtime-arg
07-22 19:48:19.612 2319 2319 I zygote : option[22]=-Ximage-compiler-option
07-22 19:48:19.612 2319 2319 I zygote : option[23]=-Xmx64m
07-22 19:48:19.612 2319 2319 I zygote : option[24]=-Ximage-compiler-option
07-22 19:48:19.612 2319 2319 I zygote : option[25]=--image-classes=/system/etc/preloaded-classes
07-22 19:48:19.612 2319 2319 I zygote : option[26]=-Ximage-compiler-option
07-22 19:48:19.612 2319 2319 I zygote : option[27]=--compiled-classes=/system/etc/compiled-classes
07-22 19:48:19.612 2319 2319 I zygote : option[28]=-Ximage-compiler-option
07-22 19:48:19.612 2319 2319 I zygote : option[29]=--dirty-image-objects=/system/etc/dirty-image-objects
07-22 19:48:19.612 2319 2319 I zygote : option[30]=-Xcompiler-option
