07-22 21:31:20.256 0 0 D : [drm:drm_atomic_set_fb_for_plane [drm]] Set [FB:78] for plane state 00000000fc966a6d
07-22 21:31:20.256 0 0 D : [drm:drm_atomic_check_only [drm]] checking 00000000b28ac4df
07-22 21:31:20.256 0 0 D : [drm:dm_update_planes_state [amdgpu]] Disabling DRM plane: 36 on DRM crtc 43
07-22 21:31:20.257 0 0 D : [drm:dm_update_planes_state [amdgpu]] Enabling DRM plane: 36 on DRM crtc 43
07-22 21:31:20.257 0 0 D : [drm:drm_atomic_commit [drm]] committing 00000000b28ac4df
07-22 21:31:20.257 0 0 D : [drm:amdgpu_dm_atomic_commit_tail [amdgpu]] amdgpu_crtc id:0 crtc_state_flags: enable:1, active:1, planes_changed:1, mode_changed:0,active_changed:0,connectors_changed:0
07-22 21:31:20.257 0 0 D [drm:amdgpu_dm_atomic_commit_tail [amdgpu]] crtc: 0, pflip_stat:AMDGPU_FLIP_SUBMITTED
07-22 21:31:19.934 4695 4695 I am_on_paused_called: [0,com.futuremark.dmandroid.application.MainActivity,handleRelaunchActivity]
07-22 21:31:19.936 5059 5090 D OpenGLRenderer: HWUI GL Pipeline
07-22 21:31:20.267 0 0 D : [drm:dm_pflip_high_irq [amdgpu]] dm_pflip_high_irq - crtc :0[00000000da4e46cc], pflip_stat:AMDGPU_FLIP_NONE
07-22 21:31:20.267 0 0 D : [drm:drm_atomic_state_default_clear [drm]] Clearing atomic state 00000000b28ac4df
07-22 21:31:20.267 0 0 D : [drm:__drm_atomic_state_free [drm]] Freeing atomic state 00000000b28ac4df
07-22 21:31:19.949 2443 2593 I force_gc: Binder
07-22 21:31:20.274 0 0 D [drm:drm_mode_addfb2 [drm]] [FB: 74]
07-22 21:31:20.274 0 0 D : [drm:drm_atomic_state_init [drm]] Allocated atomic state 0000000068a3ec41
07-22 21:31:20.274 0 0 D : [drm:drm_atomic_get_plane_state [drm]] Added [PLANE:36:plane-0] 00000000b95a870a state to 0000000068a3ec41
07-22 21:31:20.274 0 0 D : [drm:drm_atomic_get_crtc_state [drm]] Added [CRTC:43:crtc-0] 0000000063152c12 state to 0000000068a3ec41
07-22 21:31:20.274 0 0 D : [drm:drm_atomic_set_crtc_for_plane [drm]] Link plane state 00000000b95a870a to [CRTC:43:crtc-0]
07-22 21:31:20.274 0 0 D : [drm:drm_atomic_set_fb_for_plane [drm]] Set [FB:74] for plane state 00000000b95a870a
07-22 21:31:20.274 0 0 D : [drm:drm_atomic_check_only [drm]] checking 0000000068a3ec41
07-22 21:31:20.274 0 0 D : [drm:dm_update_planes_state [amdgpu]] Disabling DRM plane: 36 on DRM crtc 43
07-22 21:31:20.274 0 0 D : [drm:dm_update_planes_state [amdgpu]] Enabling DRM plane: 36 on DRM crtc 43
07-22 21:31:20.274 0 0 D : [drm:drm_atomic_state_default_clear [drm]] Clearing atomic state 0000000068a3ec41
07-22 21:31:20.274 0 0 D : [drm:__drm_atomic_state_free [drm]] Freeing atomic state 0000000068a3ec41
07-22 21:31:20.274 0 0 D : [drm:drm_atomic_state_init [drm]] Allocated atomic state 00000000d1013761
07-22 21:31:20.274 0 0 D : [drm:drm_atomic_get_plane_state [drm]] Added [PLANE:36:plane-0] 00000000395876a4 state to 00000000d1013761
07-22 21:31:20.274 0 0 D : [drm:drm_atomic_get_crtc_state [drm]] Added [CRTC:43:crtc-0] 00000000cf26c8fb state to 00000000d1013761
07-22 21:31:20.275 0 0 D : [drm:drm_atomic_set_crtc_for_plane [drm]] Link plane state 00000000395876a4 to [CRTC:43:crtc-0]
07-22 21:31:20.275 0 0 D : [drm:drm_atomic_set_fb_for_plane [drm]] Set [FB:74] for plane state 00000000395876a4
07-22 21:31:20.275 0 0 D : [drm:drm_atomic_check_only [drm]] checking 00000000d1013761
07-22 21:31:20.275 0 0 D : [drm:dm_update_planes_state [amdgpu]] Disabling DRM plane: 36 on DRM crtc 43
07-22 21:31:20.275 0 0 D : [drm:dm_update_planes_state [amdgpu]] Enabling DRM plane: 36 on DRM crtc 43
07-22 21:31:20.275 0 0 D : [drm:drm_atomic_commit [drm]] committing 00000000d1013761
07-22 21:31:20.275 0 0 D : [drm:amdgpu_dm_atomic_commit_tail [amdgpu]] amdgpu_crtc id:0 crtc_state_flags: enable:1, active:1, planes_changed:1, mode_changed:0,active_changed:0,connectors_changed:0
07-22 21:31:20.275 0 0 D [drm:amdgpu_dm_atomic_commit_tail [amdgpu]] crtc: 0, pflip_stat:AMDGPU_FLIP_SUBMITTED
07-22 21:31:19.951 2546 2546 W StatusBar/NavBarView: *** Invalid layout in navigation bar (sizeChanged this=590x48 cur=574x48)
07-22 21:31:19.953 4695 4706 I zygote : Background concurrent copying GC freed 171195(6MB) AllocSpace objects, 22(1648KB) LOS objects, 50% free, 12MB/25MB, paused 179us total 160.814ms
07-22 21:31:19.954 4695 4695 I GRALLOC-GBM: lock bo 0xc142a080, cnt=0, usage=33
07-22 21:31:20.284 0 0 D : [drm:dm_pflip_high_irq [amdgpu]] dm_pflip_high_irq - crtc :0[00000000da4e46cc], pflip_stat:AMDGPU_FLIP_NONE
07-22 21:31:20.284 0 0 D : [drm:drm_atomic_state_default_clear [drm]] Clearing atomic state 00000000d1013761
07-22 21:31:20.284 0 0 D : [drm:__drm_atomic_state_free [drm]] Freeing atomic state 00000000d1013761
07-22 21:31:20.288 0 0 D [drm:drm_mode_addfb2 [drm]] [FB: 78]
07-22 21:31:20.288 0 0 D : [drm:drm_atomic_state_init [drm]] Allocated atomic state 000000009d8e24e5
07-22 21:31:20.288 0 0 D : [drm:drm_atomic_get_plane_state [drm]] Added [PLANE:36:plane-0] 00000000065e05a1 state to 000000009d8e24e5
07-22 21:31:20.288 0 0 D : [drm:drm_atomic_get_crtc_state [drm]] Added [CRTC:43:crtc-0] 000000000a1c2172 state to 000000009d8e24e5
07-22 21:31:20.288 0 0 D : [drm:drm_atomic_set_crtc_for_plane [drm]] Link plane state 00000000065e05a1 to [CRTC:43:crtc-0]
07-22 21:31:20.288 0 0 D : [drm:drm_atomic_set_fb_for_plane [drm]] Set [FB:78] for plane state 00000000065e05a1
07-22 21:31:20.288 0 0 D : [drm:drm_atomic_check_only [drm]] checking 000000009d8e24e5
07-22 21:31:20.289 0 0 D : [drm:dm_update_planes_state [amdgpu]] Disabling DRM plane: 36 on DRM crtc 43
07-22 21:31:20.289 0 0 D : [drm:dm_update_planes_state [amdgpu]] Enabling DRM plane: 36 on DRM crtc 43
07-22 21:31:20.289 0 0 D : [drm:drm_atomic_state_default_clear [drm]] Clearing atomic state 000000009d8e24e5
07-22 21:31:20.289 0 0 D : [drm:__drm_atomic_state_free [drm]] Freeing atomic state 000000009d8e24e5
07-22 21:31:20.289 0 0 D : [drm:drm_atomic_state_init [drm]] Allocated atomic state 000000009d8e24e5
07-22 21:31:20.289 0 0 D : [drm:drm_atomic_get_plane_state [drm]] Added [PLANE:36:plane-0] 00000000065e05a1 state to 000000009d8e24e5
07-22 21:31:20.289 0 0 D : [drm:drm_atomic_get_crtc_state [drm]] Added [CRTC:43:crtc-0] 000000006e05a062 state to 000000009d8e24e5
07-22 21:31:20.289 0 0 D : [drm:drm_atomic_set_crtc_for_plane [drm]] Link plane state 00000000065e05a1 to [CRTC:43:crtc-0]
07-22 21:31:20.289 0 0 D : [drm:drm_atomic_set_fb_for_plane [drm]] Set [FB:78] for plane state 00000000065e05a1
07-22 21:31:20.289 0 0 D : [drm:drm_atomic_check_only [drm]] checking 000000009d8e24e5
07-22 21:31:20.289 0 0 D : [drm:dm_update_planes_state [amdgpu]] Disabling DRM plane: 36 on DRM crtc 43
07-22 21:31:20.289 0 0 D : [drm:dm_update_planes_state [amdgpu]] Enabling DRM plane: 36 on DRM crtc 43
07-22 21:31:20.289 0 0 D : [drm:drm_atomic_commit [drm]] committing 000000009d8e24e5
07-22 21:31:20.289 0 0 D : [drm:amdgpu_dm_atomic_commit_tail [amdgpu]] amdgpu_crtc id:0 crtc_state_flags: enable:1, active:1, planes_changed:1, mode_changed:0,active_changed:0,connectors_changed:0
07-22 21:31:20.289 0 0 D [drm:amdgpu_dm_atomic_commit_tail [amdgpu]] crtc: 0, pflip_stat:AMDGPU_FLIP_SUBMITTED
07-22 21:31:19.970 4695 4695 D com.futuremark.dmandroid.MainActivity: call to createBenchmarkFragment()
07-22 21:31:19.970 4695 4695 D com.futuremark.dmandroid.MainActivity: call to createBenchmarkFragment()
07-22 21:31:19.973 4695 4695 D com.futuremark.dmandroid.BenchmarkFragment: BenchmarkFragment|onCreateView|TPTs:[SLING_SHOT_ES_31, SLING_SHOT_ES_31_UNLIMITED, SLING_SHOT_VULKAN]|dlc:slingshot-android-data
07-22 21:31:19.979 4695 4817 I com.futuremark.dmandroid.ResultsDataSource: loaded 0 results from database
07-22 21:31:20.301 0 0 D : [drm:dm_pflip_high_irq [amdgpu]] dm_pflip_high_irq - crtc :0[00000000da4e46cc], pflip_stat:AMDGPU_FLIP_NONE
07-22 21:31:20.301 0 0 D : [drm:drm_atomic_state_default_clear [drm]] Clearing atomic state 000000009d8e24e5
07-22 21:31:20.301 0 0 D : [drm:__drm_atomic_state_free [drm]] Freeing atomic state 000000009d8e24e5
07-22 21:31:19.982 4695 4695 D com.futuremark.dmandroid.BenchmarkFragment: BenchmarkFragment|onCreateView|TPTs:[SLING_SHOT_ES_30, SLING_SHOT_ES_30_UNLIMITED]|dlc:slingshot-android-data
07-22 21:31:20.305 0 0 D [drm:drm_mode_addfb2 [drm]] [FB: 74]
07-22 21:31:20.305 0 0 D : [drm:drm_atomic_state_init [drm]] Allocated atomic state 00000000b366786d
07-22 21:31:20.305 0 0 D : [drm:drm_atomic_get_plane_state [drm]] Added [PLANE:36:plane-0] 00000000395876a4 state to 00000000b366786d
07-22 21:31:20.305 0 0 D : [drm:drm_atomic_get_crtc_state [drm]] Added [CRTC:43:crtc-0] 000000002b419c2e state to 00000000b366786d
07-22 21:31:20.305 0 0 D : [drm:drm_atomic_set_crtc_for_plane [drm]] Link plane state 00000000395876a4 to [CRTC:43:crtc-0]
07-22 21:31:20.305 0 0 D : [drm:drm_atomic_set_fb_for_plane [drm]] Set [FB:74] for plane state 00000000395876a4
07-22 21:31:20.305 0 0 D : [drm:drm_atomic_check_only [drm]] checking 00000000b366786d
07-22 21:31:20.305 0 0 D : [drm:dm_update_planes_state [amdgpu]] Disabling DRM plane: 36 on DRM crtc 43
07-22 21:31:20.305 0 0 D : [drm:dm_update_planes_state [amdgpu]] Enabling DRM plane: 36 on DRM crtc 43
07-22 21:31:20.305 0 0 D : [drm:drm_atomic_state_default_clear [drm]] Clearing atomic state 00000000b366786d
07-22 21:31:20.305 0 0 D : [drm:__drm_atomic_state_free [drm]] Freeing atomic state 00000000b366786d
07-22 21:31:20.305 0 0 D : [drm:drm_atomic_state_init [drm]] Allocated atomic state 00000000b366786d
07-22 21:31:20.305 0 0 D : [drm:drm_atomic_get_plane_state [drm]] Added [PLANE:36:plane-0] 00000000395876a4 state to 00000000b366786d
07-22 21:31:20.305 0 0 D : [drm:drm_atomic_get_crtc_state [drm]] Added [CRTC:43:crtc-0] 0000000047d54551 state to 00000000b366786d
07-22 21:31:20.305 0 0 D : [drm:drm_atomic_set_crtc_for_plane [drm]] Link plane state 00000000395876a4 to [CRTC:43:crtc-0]
07-22 21:31:20.305 0 0 D : [drm:drm_atomic_set_fb_for_plane [drm]] Set [FB:74] for plane state 00000000395876a4
07-22 21:31:20.305 0 0 D : [drm:drm_atomic_check_only [drm]] checking 00000000b366786d
07-22 21:31:20.305 0 0 D : [drm:dm_update_planes_state [amdgpu]] Disabling DRM plane: 36 on DRM crtc 43
07-22 21:31:20.305 0 0 D : [drm:dm_update_planes_state [amdgpu]] Enabling DRM plane: 36 on DRM crtc 43
07-22 21:31:20.305 0 0 D : [drm:drm_atomic_commit [drm]] committing 00000000b366786d
07-22 21:31:20.305 0 0 D : [drm:amdgpu_dm_atomic_commit_tail [amdgpu]] amdgpu_crtc id:0 crtc_state_flags: enable:1, active:1, planes_changed:1, mode_changed:0,active_changed:0,connectors_changed:0
07-22 21:31:20.305 0 0 D [drm:amdgpu_dm_atomic_commit_tail [amdgpu]] crtc: 0, pflip_stat:AMDGPU_FLIP_SUBMITTED
07-22 21:31:20.309 0 0 D logd : logdr: UID=10015 GID=10015 PID=5092 n tail=0 logMask=19 pid=0 start=0ns timeout=0ns
07-22 21:31:20.317 0 0 D : [drm:dm_pflip_high_irq [amdgpu]] dm_pflip_high_irq - crtc :0[00000000da4e46cc], pflip_stat:AMDGPU_FLIP_NONE
07-22 21:31:20.317 0 0 D : [drm:drm_atomic_state_default_clear [drm]] Clearing atomic state 00000000b366786d
07-22 21:31:20.317 0 0 D : [drm:__drm_atomic_state_free [drm]] Freeing atomic state 00000000b366786d
07-22 21:31:20.322 0 0 D [drm:drm_mode_addfb2 [drm]] [FB: 78]
07-22 21:31:20.322 0 0 D : [drm:drm_atomic_state_init [drm]] Allocated atomic state 0000000057f51eea
07-22 21:31:20.322 0 0 D : [drm:drm_atomic_get_plane_state [drm]] Added [PLANE:36:plane-0] 00000000065e05a1 state to 0000000057f51eea
07-22 21:31:20.322 0 0 D : [drm:drm_atomic_get_crtc_state [drm]] Added [CRTC:43:crtc-0] 000000006e05a062 state to 0000000057f51eea
07-22 21:31:20.322 0 0 D : [drm:drm_atomic_set_crtc_for_plane [drm]] Link plane state 00000000065e05a1 to [CRTC:43:crtc-0]
07-22 21:31:20.322 0 0 D : [drm:drm_atomic_set_fb_for_plane [drm]] Set [FB:78] for plane state 00000000065e05a1
07-22 21:31:20.322 0 0 D : [drm:drm_atomic_check_only [drm]] checking 0000000057f51eea
07-22 21:31:20.322 0 0 D : [drm:dm_update_planes_state [amdgpu]] Disabling DRM plane: 36 on DRM crtc 43
07-22 21:31:20.322 0 0 D : [drm:dm_update_planes_state [amdgpu]] Enabling DRM plane: 36 on DRM crtc 43
07-22 21:31:20.322 0 0 D : [drm:drm_atomic_state_default_clear [drm]] Clearing atomic state 0000000057f51eea
07-22 21:31:20.322 0 0 D : [drm:__drm_atomic_state_free [drm]] Freeing atomic state 0000000057f51eea
07-22 21:31:20.322 0 0 D : [drm:drm_atomic_state_init [drm]] Allocated atomic state 0000000057f51eea
07-22 21:31:20.322 0 0 D : [drm:drm_atomic_get_plane_state [drm]] Added [PLANE:36:plane-0] 00000000065e05a1 state to 0000000057f51eea
07-22 21:31:20.322 0 0 D : [drm:drm_atomic_get_crtc_state [drm]] Added [CRTC:43:crtc-0] 0000000079eace6f state to 0000000057f51eea
07-22 21:31:20.322 0 0 D : [drm:drm_atomic_set_crtc_for_plane [drm]] Link plane state 00000000065e05a1 to [CRTC:43:crtc-0]
07-22 21:31:20.322 0 0 D : [drm:drm_atomic_set_fb_for_plane [drm]] Set [FB:78] for plane state 00000000065e05a1
07-22 21:31:20.322 0 0 D : [drm:drm_atomic_check_only [drm]] checking 0000000057f51eea
07-22 21:31:20.322 0 0 D : [drm:dm_update_planes_state [amdgpu]] Disabling DRM plane: 36 on DRM crtc 43
07-22 21:31:20.322 0 0 D : [drm:dm_update_planes_state [amdgpu]] Enabling DRM plane: 36 on DRM crtc 43
07-22 21:31:20.322 0 0 D : [drm:drm_atomic_commit [drm]] committing 0000000057f51eea
07-22 21:31:20.322 0 0 D : [drm:amdgpu_dm_atomic_commit_tail [amdgpu]] amdgpu_crtc id:0 crtc_state_flags: enable:1, active:1, planes_changed:1, mode_changed:0,active_changed:0,connectors_changed:0
07-22 21:31:20.322 0 0 D [drm:amdgpu_dm_atomic_commit_tail [amdgpu]] crtc: 0, pflip_stat:AMDGPU_FLIP_SUBMITTED
07-22 21:31:20.334 0 0 D : [drm:dm_pflip_high_irq [amdgpu]] dm_pflip_high_irq - crtc :0[00000000da4e46cc], pflip_stat:AMDGPU_FLIP_NONE
07-22 21:31:20.334 0 0 D : [drm:drm_atomic_state_default_clear [drm]] Clearing atomic state 0000000057f51eea
07-22 21:31:20.334 0 0 D : [drm:__drm_atomic_state_free [drm]] Freeing atomic state 0000000057f51eea
07-22 21:31:20.016 5059 5090 D vndksupport: Loading /vendor/lib64/hw/gralloc.gbm.so from current namespace instead of sphal namespace.
07-22 21:31:20.017 2313 2313 D SurfaceFlinger: duplicate layer name: changing com.futuremark.dmandroid.application/com.futuremark.dmandroid.application.MainActivity to com.futuremark.dmandroid.application/com.futuremark.dmandroid.application.MainActivity#1
07-22 21:31:20.019 2443 2593 W SchedPolicy: add_tid_to_cgroup failed to write '3182' (Permission denied); fd=25
07-22 21:31:20.016 5059 5059 I auditd : type=1400 audit(0.0:836): avc: denied { read write } for comm="RenderThread" name="renderD128" dev="tmpfs" ino=8697 scontext=u:r:priv_app:s0:c512,c768 tcontext=u:object_r:device:s0 tclass=chr_file permissive=1
07-22 21:31:20.016 5059 5059 I RenderThread: type=1400 audit(0.0:836): avc: denied { read write } for name="renderD128" dev="tmpfs" ino=8697 scontext=u:r:priv_app:s0:c512,c768 tcontext=u:object_r:device:s0 tclass=chr_file permissive=1
07-22 21:31:20.016 5059 5059 I auditd : type=1400 audit(0.0:837): avc: denied { open } for comm="RenderThread" path="/dev/dri/renderD128" dev="tmpfs" ino=8697 scontext=u:r:priv_app:s0:c512,c768 tcontext=u:object_r:device:s0 tclass=chr_file permissive=1
07-22 21:31:20.016 5059 5059 I RenderThread: type=1400 audit(0.0:837): avc: denied { open } for path="/dev/dri/renderD128" dev="tmpfs" ino=8697 scontext=u:r:priv_app:s0:c512,c768 tcontext=u:object_r:device:s0 tclass=chr_file permissive=1
07-22 21:31:20.016 5059 5059 I auditd : type=1400 audit(0.0:838): avc: denied { ioctl } for comm="RenderThread" path="/dev/dri/renderD128" dev="tmpfs" ino=8697 ioctlcmd=0x6400 scontext=u:r:priv_app:s0:c512,c768 tcontext=u:object_r:device:s0 tclass=chr_file permissive=1
07-22 21:31:20.016 5059 5059 I RenderThread: type=1400 audit(0.0:838): avc: denied { ioctl } for path="/dev/dri/renderD128" dev="tmpfs" ino=8697 ioctlcmd=0x6400 scontext=u:r:priv_app:s0:c512,c768 tcontext=u:object_r:device:s0 tclass=chr_file permissive=1
07-22 21:31:20.016 5059 5059 I auditd : type=1400 audit(0.0:839): avc: denied { getattr } for comm="RenderThread" path="/dev/dri/renderD128" dev="tmpfs" ino=8697 scontext=u:r:priv_app:s0:c512,c768 tcontext=u:object_r:device:s0 tclass=chr_file permissive=1
07-22 21:31:20.016 5059 5059 I RenderThread: type=1400 audit(0.0:839): avc: denied { getattr } for path="/dev/dri/renderD128" dev="tmpfs" ino=8697 scontext=u:r:priv_app:s0:c512,c768 tcontext=u:object_r:device:s0 tclass=chr_file permissive=1
07-22 21:31:20.338 0 0 D : [drm:amdgpu_vm_init [amdgpu]] VM update mode is SDMA
07-22 21:31:20.339 0 0 D [drm:drm_mode_addfb2 [drm]] [FB: 74]
07-22 21:31:20.339 0 0 D : [drm:drm_atomic_state_init [drm]] Allocated atomic state 00000000a59ed14b
07-22 21:31:20.339 0 0 D : [drm:drm_atomic_get_plane_state [drm]] Added [PLANE:36:plane-0] 00000000fe83d91d state to 00000000a59ed14b
07-22 21:31:20.339 0 0 D : [drm:drm_atomic_get_crtc_state [drm]] Added [CRTC:43:crtc-0] 000000008cdcc871 state to 00000000a59ed14b
07-22 21:31:20.339 0 0 D : [drm:drm_atomic_set_crtc_for_plane [drm]] Link plane state 00000000fe83d91d to [CRTC:43:crtc-0]
07-22 21:31:20.339 0 0 D : [drm:drm_atomic_set_fb_for_plane [drm]] Set [FB:74] for plane state 00000000fe83d91d
07-22 21:31:20.339 0 0 D : [drm:drm_atomic_check_only [drm]] checking 00000000a59ed14b
07-22 21:31:20.339 0 0 D : [drm:dm_update_planes_state [amdgpu]] Disabling DRM plane: 36 on DRM crtc 43
07-22 21:31:20.339 0 0 D : [drm:dm_update_planes_state [amdgpu]] Enabling DRM plane: 36 on DRM crtc 43
07-22 21:31:20.339 0 0 D : [drm:drm_atomic_state_default_clear [drm]] Clearing atomic state 00000000a59ed14b
07-22 21:31:20.339 0 0 D : [drm:__drm_atomic_state_free [drm]] Freeing atomic state 00000000a59ed14b
07-22 21:31:20.339 0 0 D : [drm:drm_atomic_state_init [drm]] Allocated atomic state 00000000a59ed14b
07-22 21:31:20.339 0 0 D : [drm:drm_atomic_get_plane_state [drm]] Added [PLANE:36:plane-0] 00000000fe83d91d state to 00000000a59ed14b
07-22 21:31:20.339 0 0 D : [drm:drm_atomic_get_crtc_state [drm]] Added [CRTC:43:crtc-0] 000000004dfe81dd state to 00000000a59ed14b
07-22 21:31:20.339 0 0 D : [drm:drm_atomic_set_crtc_for_plane [drm]] Link plane state 00000000fe83d91d to [CRTC:43:crtc-0]
07-22 21:31:20.339 0 0 D : [drm:drm_atomic_set_fb_for_plane [drm]] Set [FB:74] for plane state 00000000fe83d91d
07-22 21:31:20.339 0 0 D : [drm:drm_atomic_check_only [drm]] checking 00000000a59ed14b
07-22 21:31:20.339 0 0 D : [drm:dm_update_planes_state [amdgpu]] Disabling DRM plane: 36 on DRM crtc 43
07-22 21:31:20.339 0 0 D : [drm:dm_update_planes_state [amdgpu]] Enabling DRM plane: 36 on DRM crtc 43
07-22 21:31:20.339 0 0 D : [drm:drm_atomic_commit [drm]] committing 00000000a59ed14b
07-22 21:31:20.339 0 0 D : [drm:amdgpu_dm_atomic_commit_tail [amdgpu]] amdgpu_crtc id:0 crtc_state_flags: enable:1, active:1, planes_changed:1, mode_changed:0,active_changed:0,connectors_changed:0
07-22 21:31:20.339 0 0 D [drm:amdgpu_dm_atomic_commit_tail [amdgpu]] crtc: 0, pflip_stat:AMDGPU_FLIP_SUBMITTED
07-22 21:31:20.351 0 0 D : [drm:dm_pflip_high_irq [amdgpu]] dm_pflip_high_irq - crtc :0[00000000da4e46cc], pflip_stat:AMDGPU_FLIP_NONE
07-22 21:31:20.351 0 0 D : [drm:drm_atomic_state_default_clear [drm]] Clearing atomic state 00000000a59ed14b
07-22 21:31:20.351 0 0 D : [drm:__drm_atomic_state_free [drm]] Freeing atomic state 00000000a59ed14b
07-22 21:31:20.354 0 0 D [drm:drm_mode_addfb2 [drm]] [FB: 78]
07-22 21:31:20.354 0 0 D : [drm:drm_atomic_state_init [drm]] Allocated atomic state 0000000013059ba2
07-22 21:31:20.354 0 0 D : [drm:drm_atomic_get_plane_state [drm]] Added [PLANE:36:plane-0] 000000000f2bbab0 state to 0000000013059ba2
07-22 21:31:20.354 0 0 D : [drm:drm_atomic_get_crtc_state [drm]] Added [CRTC:43:crtc-0] 000000005a2999e5 state to 0000000013059ba2
07-22 21:31:20.354 0 0 D : [drm:drm_atomic_set_crtc_for_plane [drm]] Link plane state 000000000f2bbab0 to [CRTC:43:crtc-0]
07-22 21:31:20.354 0 0 D : [drm:drm_atomic_set_fb_for_plane [drm]] Set [FB:78] for plane state 000000000f2bbab0
07-22 21:31:20.354 0 0 D : [drm:drm_atomic_check_only [drm]] checking 0000000013059ba2
07-22 21:31:20.354 0 0 D : [drm:dm_update_planes_state [amdgpu]] Disabling DRM plane: 36 on DRM crtc 43
07-22 21:31:20.354 0 0 D : [drm:dm_update_planes_state [amdgpu]] Enabling DRM plane: 36 on DRM crtc 43
07-22 21:31:20.354 0 0 D : [drm:drm_atomic_state_default_clear [drm]] Clearing atomic state 0000000013059ba2
07-22 21:31:20.354 0 0 D : [drm:__drm_atomic_state_free [drm]] Freeing atomic state 0000000013059ba2
07-22 21:31:20.354 0 0 D : [drm:drm_atomic_state_init [drm]] Allocated atomic state 00000000f8b6f197
07-22 21:31:20.354 0 0 D : [drm:drm_atomic_get_plane_state [drm]] Added [PLANE:36:plane-0] 000000000f2bbab0 state to 00000000f8b6f197
07-22 21:31:20.354 0 0 D : [drm:drm_atomic_get_crtc_state [drm]] Added [CRTC:43:crtc-0] 000000008303978e state to 00000000f8b6f197
07-22 21:31:20.354 0 0 D : [drm:drm_atomic_set_crtc_for_plane [drm]] Link plane state 000000000f2bbab0 to [CRTC:43:crtc-0]
07-22 21:31:20.354 0 0 D : [drm:drm_atomic_set_fb_for_plane [drm]] Set [FB:78] for plane state 000000000f2bbab0
07-22 21:31:20.354 0 0 D : [drm:drm_atomic_check_only [drm]] checking 00000000f8b6f197
07-22 21:31:20.354 0 0 D : [drm:dm_update_planes_state [amdgpu]] Disabling DRM plane: 36 on DRM crtc 43
07-22 21:31:20.355 0 0 D : [drm:dm_update_planes_state [amdgpu]] Enabling DRM plane: 36 on DRM crtc 43
07-22 21:31:20.355 0 0 D : [drm:drm_atomic_commit [drm]] committing 00000000f8b6f197
07-22 21:31:20.355 0 0 D : [drm:amdgpu_dm_atomic_commit_tail [amdgpu]] amdgpu_crtc id:0 crtc_state_flags: enable:1, active:1, planes_changed:1, mode_changed:0,active_changed:0,connectors_changed:0
07-22 21:31:20.355 0 0 D [drm:amdgpu_dm_atomic_commit_tail [amdgpu]] crtc: 0, pflip_stat:AMDGPU_FLIP_SUBMITTED
07-22 21:31:20.367 0 0 D : [drm:dm_pflip_high_irq [amdgpu]] dm_pflip_high_irq - crtc :0[00000000da4e46cc], pflip_stat:AMDGPU_FLIP_NONE
07-22 21:31:20.367 0 0 D : [drm:drm_atomic_state_default_clear [drm]] Clearing atomic state 00000000f8b6f197
07-22 21:31:20.367 0 0 D : [drm:__drm_atomic_state_free [drm]] Freeing atomic state 00000000f8b6f197
07-22 21:31:20.052 4695 4695 W View : requestLayout() improperly called by android.widget.LinearLayout{d51e7b V.E...... ......ID 0,0-590,64 #7f09002b app:id/bb_bottom_bar_item_container} during layout: running second layout pass
07-22 21:31:20.052 4695 4695 W View : requestLayout() improperly called by com.roughike.bottombar.BottomBarTab{829a498 VFE...CL. .FS...ID 1,4-148,60 #7f0900e3 app:id/flm_nav_benchmarks} during layout: running second layout pass
07-22 21:31:20.052 4695 4695 W View : requestLayout() improperly called by com.roughike.bottombar.BottomBarTab{f7194f1 VFE...CL. ......ID 148,4-295,60 #7f0900e7 app:id/flm_nav_results} during layout: running second layout pass
07-22 21:31:20.052 4695 4695 W View : requestLayout() improperly called by com.roughike.bottombar.BottomBarTab{22408d6 VFE...CL. ......ID 295,4-442,60 #7f0900e5 app:id/flm_nav_my_device} during layout: running second layout pass
07-22 21:31:20.052 4695 4695 W View : requestLayout() improperly called by com.roughike.bottombar.BottomBarTab{f8d2757 VFE...CL. ......ID 442,4-589,60 #7f0900e4 app:id/flm_nav_devices} during layout: running second layout pass
07-22 21:31:20.053 5059 5090 I EGL-MAIN: found extension DRI_Core version 2
07-22 21:31:20.053 5059 5090 I EGL-MAIN: found extension DRI_IMAGE_DRIVER version 1
07-22 21:31:20.371 0 0 D [drm:drm_mode_addfb2 [drm]] [FB: 74]
07-22 21:31:20.371 0 0 D : [drm:drm_atomic_state_init [drm]] Allocated atomic state 00000000d729e68d
07-22 21:31:20.371 0 0 D : [drm:drm_atomic_get_plane_state [drm]] Added [PLANE:36:plane-0] 00000000a5d8c34d state to 00000000d729e68d
07-22 21:31:20.371 0 0 D : [drm:drm_atomic_get_crtc_state [drm]] Added [CRTC:43:crtc-0] 0000000042d05269 state to 00000000d729e68d
07-22 21:31:20.371 0 0 D : [drm:drm_atomic_set_crtc_for_plane [drm]] Link plane state 00000000a5d8c34d to [CRTC:43:crtc-0]
07-22 21:31:20.371 0 0 D : [drm:drm_atomic_set_fb_for_plane [drm]] Set [FB:74] for plane state 00000000a5d8c34d
07-22 21:31:20.371 0 0 D : [drm:drm_atomic_check_only [drm]] checking 00000000d729e68d
07-22 21:31:20.371 0 0 D : [drm:dm_update_planes_state [amdgpu]] Disabling DRM plane: 36 on DRM crtc 43
07-22 21:31:20.371 0 0 D : [drm:dm_update_planes_state [amdgpu]] Enabling DRM plane: 36 on DRM crtc 43
07-22 21:31:20.371 0 0 D : [drm:drm_atomic_state_default_clear [drm]] Clearing atomic state 00000000d729e68d
07-22 21:31:20.371 0 0 D : [drm:__drm_atomic_state_free [drm]] Freeing atomic state 00000000d729e68d
07-22 21:31:20.371 0 0 D : [drm:drm_atomic_state_init [drm]] Allocated atomic state 0000000025cb1d19
07-22 21:31:20.371 0 0 D : [drm:drm_atomic_get_plane_state [drm]] Added [PLANE:36:plane-0] 00000000796f3465 state to 0000000025cb1d19
07-22 21:31:20.371 0 0 D : [drm:drm_atomic_get_crtc_state [drm]] Added [CRTC:43:crtc-0] 00000000605687d5 state to 0000000025cb1d19
07-22 21:31:20.371 0 0 D : [drm:drm_atomic_set_crtc_for_plane [drm]] Link plane state 00000000796f3465 to [CRTC:43:crtc-0]
07-22 21:31:20.371 0 0 D : [drm:drm_atomic_set_fb_for_plane [drm]] Set [FB:74] for plane state 00000000796f3465
07-22 21:31:20.371 0 0 D : [drm:drm_atomic_check_only [drm]] checking 0000000025cb1d19
07-22 21:31:20.371 0 0 D : [drm:dm_update_planes_state [amdgpu]] Disabling DRM plane: 36 on DRM crtc 43
07-22 21:31:20.371 0 0 D : [drm:dm_update_planes_state [amdgpu]] Enabling DRM plane: 36 on DRM crtc 43
07-22 21:31:20.371 0 0 D : [drm:drm_atomic_commit [drm]] committing 0000000025cb1d19
07-22 21:31:20.371 0 0 D : [drm:amdgpu_dm_atomic_commit_tail [amdgpu]] amdgpu_crtc id:0 crtc_state_flags: enable:1, active:1, planes_changed:1, mode_changed:0,active_changed:0,connectors_changed:0
07-22 21:31:20.371 0 0 D [drm:amdgpu_dm_atomic_commit_tail [amdgpu]] crtc: 0, pflip_stat:AMDGPU_FLIP_SUBMITTED
07-22 21:31:20.059 5059 5090 I EGL-MAIN: found extension DRI_TexBuffer version 2
07-22 21:31:20.059 5059 5090 I EGL-MAIN: found extension DRI2_Flush version 4
07-22 21:31:20.059 5059 5090 I EGL-MAIN: found extension DRI_IMAGE version 17
07-22 21:31:20.059 5059 5090 I EGL-MAIN: found extension DRI_IMAGE version 17
07-22 21:31:20.059 5059 5090 I EGL-MAIN: found extension DRI_RENDERER_QUERY version 1
07-22 21:31:20.059 5059 5090 I EGL-MAIN: found extension DRI_CONFIG_QUERY version 1
07-22 21:31:20.059 5059 5090 I EGL-MAIN: found extension DRI2_Fence version 2
07-22 21:31:20.059 5059 5090 I EGL-MAIN: found extension DRI2_Interop version 1
07-22 21:31:20.059 5059 5090 I EGL-MAIN: found extension DRI_Robustness version 1
07-22 21:31:20.059 5059 5090 I EGL-MAIN: found extension DRI_NoError version 1
07-22 21:31:20.057 5059 5059 I auditd : type=1400 audit(0.0:840): avc: denied { map } for comm="RenderThread" path="/dev/dri/renderD128" dev="tmpfs" ino=8697 scontext=u:r:priv_app:s0:c512,c768 tcontext=u:object_r:device:s0 tclass=chr_file permissive=1
07-22 21:31:20.057 5059 5059 I RenderThread: type=1400 audit(0.0:840): avc: denied { map } for path="/dev/dri/renderD128" dev="tmpfs" ino=8697 scontext=u:r:priv_app:s0:c512,c768 tcontext=u:object_r:device:s0 tclass=chr_file permissive=1
07-22 21:31:20.061 5059 5090 I com.google.android.gms.ui: android::hardware::configstore::V1_0::ISurfaceFlingerConfigs::hasWideColorDisplay retrieved: 0
07-22 21:31:20.061 5059 5090 I OpenGLRenderer: Initialized EGL, version 1.4
07-22 21:31:20.061 5059 5090 D OpenGLRenderer: Swap behavior 2
07-22 21:31:20.384 0 0 D : [drm:dm_pflip_high_irq [amdgpu]] dm_pflip_high_irq - crtc :0[00000000da4e46cc], pflip_stat:AMDGPU_FLIP_NONE
07-22 21:31:20.384 0 0 D : [drm:drm_atomic_state_default_clear [drm]] Clearing atomic state 0000000025cb1d19
07-22 21:31:20.384 0 0 D : [drm:__drm_atomic_state_free [drm]] Freeing atomic state 0000000025cb1d19
07-22 21:31:20.066 4695 4695 D com.futuremark.dmandroid.ProductController: New chops state: ChopsStateImpl{dlcInstallStates={slingshot-android-data=INSTALL_AVAILABLE, is-android-data=INSTALL_AVAILABLE, apioverhead-data=INSTALLED, promos=NOT_DISCOVERED, arkan-android-data=UNKNOWN, dibbs-device-data=UNKNOWN, dibbs-deviceimages=UNKNOWN, dibbs-devicelist=UNKNOWN, dibbs-devicelist-data=UNKNOWN, dma-main-program=UNKNOWN, dma-main-program-stable=UNKNOWN, farandole-data=UNKNOWN, humppa-android-data=UNKNOWN, isu-android-data=UNKNOWN}, overallState=DISCOVERING, progress=combined progress 100 download: percentCompleted:100 secondsRemaining: 0s speed: 0KiB/s install: percentCompleted:105 secondsRemaining: 0s speed: 33KiB/s}
07-22 21:31:20.066 4695 4695 D com.futuremark.dmandroid.ProductController: New chops state: ChopsStateImpl{dlcInstallStates={slingshot-android-data=INSTALL_AVAILABLE, is-android-data=INSTALL_AVAILABLE, apioverhead-data=INSTALLED, promos=NOT_DISCOVERED, arkan-android-data=UNKNOWN, dibbs-device-data=UNKNOWN, dibbs-deviceimages=UNKNOWN, dibbs-devicelist=UNKNOWN, dibbs-devicelist-data=UNKNOWN, dma-main-program=UNKNOWN, dma-main-program-stable=UNKNOWN, farandole-data=UNKNOWN, humppa-android-data=UNKNOWN, isu-android-data=UNKNOWN}, overallState=DISCOVERY_INSTALLED_CHECKED, progress=combined progress 100 download: percentCompleted:100 secondsRemaining: 0s speed: 0KiB/s install: percentCompleted:105 secondsRemaining: 0s speed: 33KiB/s}
07-22 21:31:20.066 4695 4695 D com.futuremark.dmandroid.ProductController: New chops state: ChopsStateImpl{dlcInstallStates={slingshot-android-data=INSTALL_AVAILABLE, is-android-data=INSTALL_AVAILABLE, apioverhead-data=INSTALLED, promos=NOT_DISCOVERED, arkan-android-data=UNKNOWN, dibbs-device-data=UNKNOWN, dibbs-deviceimages=UNKNOWN, dibbs-devicelist=UNKNOWN, dibbs-devicelist-data=UNKNOWN, dma-main-program=UNKNOWN, dma-main-program-stable=UNKNOWN, farandole-data=UNKNOWN, humppa-android-data=UNKNOWN, isu-android-data=UNKNOWN}, overallState=DISCOVERY_SUCCESS, progress=combined progress 100 download: percentCompleted:100 secondsRemaining: 0s speed: 0KiB/s install: percentCompleted:105 secondsRemaining: 0s speed: 0KiB/s}
07-22 21:31:20.066 4695 4695 D com.futuremark.dmandroid.ProductController: New chops state: ChopsStateImpl{dlcInstallStates={slingshot-android-data=INSTALL_AVAILABLE, is-android-data=INSTALL_AVAILABLE, apioverhead-data=INSTALLED, promos=NOT_DISCOVERED, arkan-android-data=UNKNOWN, dibbs-device-data=UNKNOWN, dibbs-deviceimages=UNKNOWN, dibbs-devicelist=UNKNOWN, dibbs-devicelist-data=UNKNOWN, dma-main-program=UNKNOWN, dma-main-program-stable=UNKNOWN, farandole-data=UNKNOWN, humppa-android-data=UNKNOWN, isu-android-data=UNKNOWN}, overallState=IDLE_DISCOVERY_DONE, progress=percentCompleted:100 secondsRemaining: 0s speed: 0KiB/s}
07-22 21:31:20.387 0 0 D [drm:drm_mode_addfb2 [drm]] [FB: 78]
07-22 21:31:20.387 0 0 D : [drm:drm_atomic_state_init [drm]] Allocated atomic state 000000003af83f49
07-22 21:31:20.387 0 0 D : [drm:drm_atomic_get_plane_state [drm]] Added [PLANE:36:plane-0] 0000000000b81d73 state to 000000003af83f49
07-22 21:31:20.387 0 0 D : [drm:drm_atomic_get_crtc_state [drm]] Added [CRTC:43:crtc-0] 000000000a1c2172 state to 000000003af83f49
07-22 21:31:20.387 0 0 D : [drm:drm_atomic_set_crtc_for_plane [drm]] Link plane state 0000000000b81d73 to [CRTC:43:crtc-0]
07-22 21:31:20.387 0 0 D : [drm:drm_atomic_set_fb_for_plane [drm]] Set [FB:78] for plane state 0000000000b81d73
07-22 21:31:20.387 0 0 D : [drm:drm_atomic_check_only [drm]] checking 000000003af83f49
07-22 21:31:20.387 0 0 D : [drm:dm_update_planes_state [amdgpu]] Disabling DRM plane: 36 on DRM crtc 43
07-22 21:31:20.387 0 0 D : [drm:dm_update_planes_state [amdgpu]] Enabling DRM plane: 36 on DRM crtc 43
07-22 21:31:20.387 0 0 D : [drm:drm_atomic_state_default_clear [drm]] Clearing atomic state 000000003af83f49
07-22 21:31:20.387 0 0 D : [drm:__drm_atomic_state_free [drm]] Freeing atomic state 000000003af83f49
07-22 21:31:20.387 0 0 D : [drm:drm_atomic_state_init [drm]] Allocated atomic state 000000003af83f49
07-22 21:31:20.387 0 0 D : [drm:drm_atomic_get_plane_state [drm]] Added [PLANE:36:plane-0] 0000000000b81d73 state to 000000003af83f49
07-22 21:31:20.387 0 0 D : [drm:drm_atomic_get_crtc_state [drm]] Added [CRTC:43:crtc-0] 00000000ab5abbb4 state to 000000003af83f49
07-22 21:31:20.387 0 0 D : [drm:drm_atomic_set_crtc_for_plane [drm]] Link plane state 0000000000b81d73 to [CRTC:43:crtc-0]
07-22 21:31:20.387 0 0 D : [drm:drm_atomic_set_fb_for_plane [drm]] Set [FB:78] for plane state 0000000000b81d73
07-22 21:31:20.387 0 0 D : [drm:drm_atomic_check_only [drm]] checking 000000003af83f49
07-22 21:31:20.387 0 0 D : [drm:dm_update_planes_state [amdgpu]] Disabling DRM plane: 36 on DRM crtc 43
07-22 21:31:20.387 0 0 D : [drm:dm_update_planes_state [amdgpu]] Enabling DRM plane: 36 on DRM crtc 43
07-22 21:31:20.387 0 0 D : [drm:drm_atomic_commit [drm]] committing 000000003af83f49
07-22 21:31:20.387 0 0 D : [drm:amdgpu_dm_atomic_commit_tail [amdgpu]] amdgpu_crtc id:0 crtc_state_flags: enable:1, active:1, planes_changed:1, mode_changed:0,active_changed:0,connectors_changed:0
07-22 21:31:20.387 0 0 D [drm:amdgpu_dm_atomic_commit_tail [amdgpu]] crtc: 0, pflip_stat:AMDGPU_FLIP_SUBMITTED
07-22 21:31:20.074 5059 5090 D vndksupport: Loading /vendor/lib64/hw/android.hardware.graphics.mapper@2.0-impl.so from current namespace instead of sphal namespace.
07-22 21:31:20.074 5059 5090 D vndksupport: Loading /vendor/lib64/hw/gralloc.gbm.so from current namespace instead of sphal namespace.
07-22 21:31:20.397 0 0 D : [drm:amdgpu_vm_init [amdgpu]] VM update mode is SDMA
07-22 21:31:20.401 0 0 D : [drm:dm_pflip_high_irq [amdgpu]] dm_pflip_high_irq - crtc :0[00000000da4e46cc], pflip_stat:AMDGPU_FLIP_NONE
07-22 21:31:20.401 0 0 D : [drm:drm_atomic_state_default_clear [drm]] Clearing atomic state 000000003af83f49
07-22 21:31:20.401 0 0 D : [drm:__drm_atomic_state_free [drm]] Freeing atomic state 000000003af83f49
07-22 21:31:20.404 0 0 D [drm:drm_mode_addfb2 [drm]] [FB: 74]
07-22 21:31:20.404 0 0 D : [drm:drm_atomic_state_init [drm]] Allocated atomic state 000000003af83f49
07-22 21:31:20.404 0 0 D : [drm:drm_atomic_get_plane_state [drm]] Added [PLANE:36:plane-0] 0000000055b9b61c state to 000000003af83f49
07-22 21:31:20.404 0 0 D : [drm:drm_atomic_get_crtc_state [drm]] Added [CRTC:43:crtc-0] 0000000004c07a5c state to 000000003af83f49
07-22 21:31:20.404 0 0 D : [drm:drm_atomic_set_crtc_for_plane [drm]] Link plane state 0000000055b9b61c to [CRTC:43:crtc-0]
07-22 21:31:20.404 0 0 D : [drm:drm_atomic_set_fb_for_plane [drm]] Set [FB:74] for plane state 0000000055b9b61c
07-22 21:31:20.404 0 0 D : [drm:drm_atomic_check_only [drm]] checking 000000003af83f49
07-22 21:31:20.404 0 0 D : [drm:dm_update_planes_state [amdgpu]] Disabling DRM plane: 36 on DRM crtc 43
07-22 21:31:20.404 0 0 D : [drm:dm_update_planes_state [amdgpu]] Enabling DRM plane: 36 on DRM crtc 43
07-22 21:31:20.404 0 0 D : [drm:drm_atomic_state_default_clear [drm]] Clearing atomic state 000000003af83f49
07-22 21:31:20.404 0 0 D : [drm:__drm_atomic_state_free [drm]] Freeing atomic state 000000003af83f49
07-22 21:31:20.404 0 0 D : [drm:drm_atomic_state_init [drm]] Allocated atomic state 000000003af83f49
07-22 21:31:20.404 0 0 D : [drm:drm_atomic_get_plane_state [drm]] Added [PLANE:36:plane-0] 0000000055b9b61c state to 000000003af83f49
07-22 21:31:20.404 0 0 D : [drm:drm_atomic_get_crtc_state [drm]] Added [CRTC:43:crtc-0] 00000000da7422c9 state to 000000003af83f49
07-22 21:31:20.404 0 0 D : [drm:drm_atomic_set_crtc_for_plane [drm]] Link plane state 0000000055b9b61c to [CRTC:43:crtc-0]
07-22 21:31:20.404 0 0 D : [drm:drm_atomic_set_fb_for_plane [drm]] Set [FB:74] for plane state 0000000055b9b61c
07-22 21:31:20.404 0 0 D : [drm:drm_atomic_check_only [drm]] checking 000000003af83f49
07-22 21:31:20.405 0 0 D : [drm:dm_update_planes_state [amdgpu]] Disabling DRM plane: 36 on DRM crtc 43
07-22 21:31:20.405 0 0 D : [drm:dm_update_planes_state [amdgpu]] Enabling DRM plane: 36 on DRM crtc 43
07-22 21:31:20.405 0 0 D : [drm:drm_atomic_commit [drm]] committing 000000003af83f49
07-22 21:31:20.405 0 0 D : [drm:amdgpu_dm_atomic_commit_tail [amdgpu]] amdgpu_crtc id:0 crtc_state_flags: enable:1, active:1, planes_changed:1, mode_changed:0,active_changed:0,connectors_changed:0
07-22 21:31:20.405 0 0 D [drm:amdgpu_dm_atomic_commit_tail [amdgpu]] crtc: 0, pflip_stat:AMDGPU_FLIP_SUBMITTED
07-22 21:31:20.089 4695 4695 E com.futuremark.dmandroid.BenchmarkFragment: Error during check if SLING_SHOT_EXTREME is capped for device
07-22 21:31:20.089 4695 4695 E com.futuremark.dmandroid.BenchmarkFragment: com.futuremark.flamenco.controller.network.exceptions.MyDeviceNotRecognizedException
07-22 21:31:20.089 4695 4695 E com.futuremark.dmandroid.BenchmarkFragment: at com.futuremark.flamenco.controller.network.NetworkController.findMyDeviceSingle(NetworkController.java:904)
07-22 21:31:20.089 4695 4695 E com.futuremark.dmandroid.BenchmarkFragment: at com.futuremark.flamenco.controller.network.NetworkController.lambda$getMyDevice$2$NetworkController(NetworkController.java:336)
07-22 21:31:20.089 4695 4695 E com.futuremark.dmandroid.BenchmarkFragment: at com.futuremark.flamenco.controller.network.NetworkController$$Lambda$4.apply(Unknown Source:6)
07-22 21:31:20.089 4695 4695 E com.futuremark.dmandroid.BenchmarkFragment: at io.reactivex.internal.operators.single.SingleFlatMap$SingleFlatMapCallback.onSuccess(SingleFlatMap.java:76)
07-22 21:31:20.089 4695 4695 E com.futuremark.dmandroid.BenchmarkFragment: at io.reactivex.internal.operators.single.SingleFromCallable.subscribeActual(SingleFromCallable.java:56)
07-22 21:31:20.089 4695 4695 E com.futuremark.dmandroid.BenchmarkFragment: at io.reactivex.Single.subscribe(Single.java:3096)
07-22 21:31:20.089 4695 4695 E com.futuremark.dmandroid.BenchmarkFragment: at io.reactivex.internal.operators.single.SingleFlatMap.subscribeActual(SingleFlatMap.java:36)
07-22 21:31:20.089 4695 4695 E com.futuremark.dmandroid.BenchmarkFragment: at io.reactivex.Single.subscribe(Single.java:3096)
07-22 21:31:20.089 4695 4695 E com.futuremark.dmandroid.BenchmarkFragment: at io.reactivex.internal.operators.single.SingleZipArray.subscribeActual(SingleZipArray.java:64)
07-22 21:31:20.089 4695 4695 E com.futuremark.dmandroid.BenchmarkFragment: at io.reactivex.Single.subscribe(Single.java:3096)
07-22 21:31:20.089 4695 4695 E com.futuremark.dmandroid.BenchmarkFragment: at io.reactivex.internal.operators.single.SingleFlatMap.subscribeActual(SingleFlatMap.java:36)
07-22 21:31:20.089 4695 4695 E com.futuremark.dmandroid.BenchmarkFragment: at io.reactivex.Single.subscribe(Single.java:3096)
07-22 21:31:20.089 4695 4695 E com.futuremark.dmandroid.BenchmarkFragment: at io.reactivex.internal.operators.single.SingleSubscribeOn$SubscribeOnObserver.run(SingleSubscribeOn.java:89)
07-22 21:31:20.089 4695 4695 E com.futuremark.dmandroid.BenchmarkFragment: at io.reactivex.Scheduler$DisposeTask.run(Scheduler.java:463)
07-22 21:31:20.089 4695 4695 E com.futuremark.dmandroid.BenchmarkFragment: at io.reactivex.internal.schedulers.ScheduledRunnable.run(ScheduledRunnable.java:66)
07-22 21:31:20.089 4695 4695 E com.futuremark.dmandroid.BenchmarkFragment: at io.reactivex.internal.schedulers.ScheduledRunnable.call(ScheduledRunnable.java:57)
07-22 21:31:20.089 4695 4695 E com.futuremark.dmandroid.BenchmarkFragment: at java.util.concurrent.FutureTask.run(FutureTask.java:266)
07-22 21:31:20.089 4695 4695 E com.futuremark.dmandroid.BenchmarkFragment: at java.util.concurrent.ScheduledThreadPoolExecutor$ScheduledFutureTask.run(ScheduledThreadPoolExecutor.java:301)
07-22 21:31:20.089 4695 4695 E com.futuremark.dmandroid.BenchmarkFragment: at java.util.concurrent.ThreadPoolExecutor.runWorker(ThreadPoolExecutor.java:1162)
07-22 21:31:20.089 4695 4695 E com.futuremark.dmandroid.BenchmarkFragment: at java.util.concurrent.ThreadPoolExecutor$Worker.run(ThreadPoolExecutor.java:636)
07-22 21:31:20.089 4695 4695 E com.futuremark.dmandroid.BenchmarkFragment: at java.lang.Thread.run(Thread.java:764)
07-22 21:31:20.089 4695 4695 E com.futuremark.dmandroid.BenchmarkFragment: Error during check if SLING_SHOT is capped for device
07-22 21:31:20.089 4695 4695 E com.futuremark.dmandroid.BenchmarkFragment: com.futuremark.flamenco.controller.network.exceptions.MyDeviceNotRecognizedException
07-22 21:31:20.089 4695 4695 E com.futuremark.dmandroid.BenchmarkFragment: at com.futuremark.flamenco.controller.network.NetworkController.findMyDeviceSingle(NetworkController.java:904)
07-22 21:31:20.089 4695 4695 E com.futuremark.dmandroid.BenchmarkFragment: at com.futuremark.flamenco.controller.network.NetworkController.lambda$getMyDevice$2$NetworkController(NetworkController.java:336)
07-22 21:31:20.089 4695 4695 E com.futuremark.dmandroid.BenchmarkFragment: at com.futuremark.flamenco.controller.network.NetworkController$$Lambda$4.apply(Unknown Source:6)
07-22 21:31:20.089 4695 4695 E com.futuremark.dmandroid.BenchmarkFragment: at io.reactivex.internal.operators.single.SingleFlatMap$SingleFlatMapCallback.onSuccess(SingleFlatMap.java:76)
07-22 21:31:20.089 4695 4695 E com.futuremark.dmandroid.BenchmarkFragment: at io.reactivex.internal.operators.single.SingleFromCallable.subscribeActual(SingleFromCallable.java:56)
07-22 21:31:20.089 4695 4695 E com.futuremark.dmandroid.BenchmarkFragment: at io.reactivex.Single.subscribe(Single.java:3096)
07-22 21:31:20.089 4695 4695 E com.futuremark.dmandroid.BenchmarkFragment: at io.reactivex.internal.operators.single.SingleFlatMap.subscribeActual(SingleFlatMap.java:36)
07-22 21:31:20.089 4695 4695 E com.futuremark.dmandroid.BenchmarkFragment: at io.reactivex.Single.subscribe(Single.java:3096)
07-22 21:31:20.089 4695 4695 E com.futuremark.dmandroid.BenchmarkFragment: at io.reactivex.internal.operators.single.SingleZipArray.subscribeActual(SingleZipArray.java:64)
07-22 21:31:20.089 4695 4695 E com.futuremark.dmandroid.BenchmarkFragment: at io.reactivex.Single.subscribe(Single.java:3096)
07-22 21:31:20.089 4695 4695 E com.futuremark.dmandroid.BenchmarkFragment: at io.reactivex.internal.operators.single.SingleFlatMap.subscribeActual(SingleFlatMap.java:36)
07-22 21:31:20.089 4695 4695 E com.futuremark.dmandroid.BenchmarkFragment: at io.reactivex.Single.subscribe(Single.java:3096)
07-22 21:31:20.089 4695 4695 E com.futuremark.dmandroid.BenchmarkFragment: at io.reactivex.internal.operators.single.SingleSubscribeOn$SubscribeOnObserver.run(SingleSubscribeOn.java:89)
07-22 21:31:20.089 4695 4695 E com.futuremark.dmandroid.BenchmarkFragment: at io.reactivex.Scheduler$DisposeTask.run(Scheduler.java:463)
07-22 21:31:20.089 4695 4695 E com.futuremark.dmandroid.BenchmarkFragment: at io.reactivex.internal.schedulers.ScheduledRunnable.run(ScheduledRunnable.java:66)
07-22 21:31:20.089 4695 4695 E com.futuremark.dmandroid.BenchmarkFragment: at io.reactivex.internal.schedulers.ScheduledRunnable.call(ScheduledRunnable.java:57)
07-22 21:31:20.089 4695 4695 E com.futuremark.dmandroid.BenchmarkFragment: at java.util.concurrent.FutureTask.run(FutureTask.java:266)
07-22 21:31:20.089 4695 4695 E com.futuremark.dmandroid.BenchmarkFragment: at java.util.concurrent.ScheduledThreadPoolExecutor$ScheduledFutureTask.run(ScheduledThreadPoolExecutor.java:301)
07-22 21:31:20.089 4695 4695 E com.futuremark.dmandroid.BenchmarkFragment: at java.util.concurrent.ThreadPoolExecutor.runWorker(ThreadPoolExecutor.java:1162)
07-22 21:31:20.089 4695 4695 E com.futuremark.dmandroid.BenchmarkFragment: at java.util.concurrent.ThreadPoolExecutor$Worker.run(ThreadPoolExecutor.java:636)
07-22 21:31:20.089 4695 4695 E com.futuremark.dmandroid.BenchmarkFragment: at java.lang.Thread.run(Thread.java:764)
07-22 21:31:20.417 0 0 D : [drm:dm_pflip_high_irq [amdgpu]] dm_pflip_high_irq - crtc :0[00000000da4e46cc], pflip_stat:AMDGPU_FLIP_NONE
07-22 21:31:20.098 2443 2465 I sysui_multi_action: [319,210,322,644,325,1390,757,761,758,8,759,3,806,com.google.android.gms,871,com.google.android.gms.feedback.FeedbackActivity,904,com.android.vending,905,0,945,178]
07-22 21:31:20.098 2443 2458 I am_destroy_activity: [0,63770639,7,com.android.vending/com.google.android.finsky.activities.AppCrashProxy,finish-imm]
07-22 21:31:20.099 2443 2458 W SchedPolicy: add_tid_to_cgroup failed to write '3472' (Permission denied); fd=25
07-22 21:31:20.099 3472 3472 I Finsky : [2] com.google.android.finsky.ce.a.onTrimMemory(7): Memory trim requested to level 20
07-22 21:31:20.100 3472 3472 I Finsky : [2] com.google.android.finsky.ce.a.onTrimMemory(13): Flushing in-memory image cache
07-22 21:31:20.100 3472 3472 I AppLifecycleTracker: onActivityDestroyed:
07-22 21:31:20.101 2443 4869 I wm_task_removed: [7,removeAppToken: last token]
07-22 21:31:20.419 0 0 D : [drm:drm_atomic_state_default_clear [drm]] Clearing atomic state 000000003af83f49
07-22 21:31:20.419 0 0 D : [drm:__drm_atomic_state_free [drm]] Freeing atomic state 000000003af83f49
07-22 21:31:20.420 0 0 D [drm:drm_mode_addfb2 [drm]] [FB: 78]
07-22 21:31:20.421 0 0 D : [drm:drm_atomic_state_init [drm]] Allocated atomic state 000000000d386d30
07-22 21:31:20.421 0 0 D : [drm:drm_atomic_get_plane_state [drm]] Added [PLANE:36:plane-0] 000000004aae3db2 state to 000000000d386d30
07-22 21:31:20.421 0 0 D : [drm:drm_atomic_get_crtc_state [drm]] Added [CRTC:43:crtc-0] 00000000f328b6b3 state to 000000000d386d30
07-22 21:31:20.421 0 0 D : [drm:drm_atomic_set_crtc_for_plane [drm]] Link plane state 000000004aae3db2 to [CRTC:43:crtc-0]
07-22 21:31:20.421 0 0 D : [drm:drm_atomic_set_fb_for_plane [drm]] Set [FB:78] for plane state 000000004aae3db2
07-22 21:31:20.421 0 0 D : [drm:drm_atomic_check_only [drm]] checking 000000000d386d30
07-22 21:31:20.421 0 0 D : [drm:dm_update_planes_state [amdgpu]] Disabling DRM plane: 36 on DRM crtc 43
07-22 21:31:20.421 0 0 D : [drm:dm_update_planes_state [amdgpu]] Enabling DRM plane: 36 on DRM crtc 43
07-22 21:31:20.421 0 0 D : [drm:drm_atomic_state_default_clear [drm]] Clearing atomic state 000000000d386d30
07-22 21:31:20.421 0 0 D : [drm:__drm_atomic_state_free [drm]] Freeing atomic state 000000000d386d30
07-22 21:31:20.421 0 0 D : [drm:drm_atomic_state_init [drm]] Allocated atomic state 000000000d386d30
07-22 21:31:20.421 0 0 D : [drm:drm_atomic_get_plane_state [drm]] Added [PLANE:36:plane-0] 000000004aae3db2 state to 000000000d386d30
07-22 21:31:20.421 0 0 D : [drm:drm_atomic_get_crtc_state [drm]] Added [CRTC:43:crtc-0] 000000005f0562fe state to 000000000d386d30
07-22 21:31:20.421 0 0 D : [drm:drm_atomic_set_crtc_for_plane [drm]] Link plane state 000000004aae3db2 to [CRTC:43:crtc-0]
07-22 21:31:20.421 0 0 D : [drm:drm_atomic_set_fb_for_plane [drm]] Set [FB:78] for plane state 000000004aae3db2
07-22 21:31:20.421 0 0 D : [drm:drm_atomic_check_only [drm]] checking 000000000d386d30
07-22 21:31:20.421 0 0 D : [drm:dm_update_planes_state [amdgpu]] Disabling DRM plane: 36 on DRM crtc 43
07-22 21:31:20.421 0 0 D : [drm:dm_update_planes_state [amdgpu]] Enabling DRM plane: 36 on DRM crtc 43
07-22 21:31:20.421 0 0 D : [drm:drm_atomic_commit [drm]] committing 000000000d386d30
07-22 21:31:20.421 0 0 D : [drm:amdgpu_dm_atomic_commit_tail [amdgpu]] amdgpu_crtc id:0 crtc_state_flags: enable:1, active:1, planes_changed:1, mode_changed:0,active_changed:0,connectors_changed:0
07-22 21:31:20.421 0 0 D [drm:amdgpu_dm_atomic_commit_tail [amdgpu]] crtc: 0, pflip_stat:AMDGPU_FLIP_SUBMITTED
07-22 21:31:20.101 2443 4869 I wm_task_removed: [7,removeTask]
07-22 21:31:20.434 0 0 D : [drm:dm_pflip_high_irq [amdgpu]] dm_pflip_high_irq - crtc :0[00000000da4e46cc], pflip_stat:AMDGPU_FLIP_NONE
07-22 21:31:20.434 0 0 D : [drm:drm_atomic_state_default_clear [drm]] Clearing atomic state 000000000d386d30
07-22 21:31:20.434 0 0 D : [drm:__drm_atomic_state_free [drm]] Freeing atomic state 000000000d386d30
07-22 21:31:20.437 0 0 D [drm:drm_mode_addfb2 [drm]] [FB: 74]
07-22 21:31:20.437 0 0 D : [drm:drm_atomic_state_init [drm]] Allocated atomic state 00000000b5900580
07-22 21:31:20.437 0 0 D : [drm:drm_atomic_get_plane_state [drm]] Added [PLANE:36:plane-0] 0000000055b9b61c state to 00000000b5900580
07-22 21:31:20.437 0 0 D : [drm:drm_atomic_get_crtc_state [drm]] Added [CRTC:43:crtc-0] 00000000c286a4ad state to 00000000b5900580
07-22 21:31:20.437 0 0 D : [drm:drm_atomic_set_crtc_for_plane [drm]] Link plane state 0000000055b9b61c to [CRTC:43:crtc-0]
07-22 21:31:20.437 0 0 D : [drm:drm_atomic_set_fb_for_plane [drm]] Set [FB:74] for plane state 0000000055b9b61c
07-22 21:31:20.437 0 0 D : [drm:drm_atomic_check_only [drm]] checking 00000000b5900580
07-22 21:31:20.437 0 0 D : [drm:dm_update_planes_state [amdgpu]] Disabling DRM plane: 36 on DRM crtc 43
07-22 21:31:20.437 0 0 D : [drm:dm_update_planes_state [amdgpu]] Enabling DRM plane: 36 on DRM crtc 43
07-22 21:31:20.437 0 0 D : [drm:drm_atomic_state_default_clear [drm]] Clearing atomic state 00000000b5900580
07-22 21:31:20.437 0 0 D : [drm:__drm_atomic_state_free [drm]] Freeing atomic state 00000000b5900580
07-22 21:31:20.437 0 0 D : [drm:drm_atomic_state_init [drm]] Allocated atomic state 00000000b5900580
07-22 21:31:20.437 0 0 D : [drm:drm_atomic_get_plane_state [drm]] Added [PLANE:36:plane-0] 0000000055b9b61c state to 00000000b5900580
07-22 21:31:20.437 0 0 D : [drm:drm_atomic_get_crtc_state [drm]] Added [CRTC:43:crtc-0] 00000000827456cd state to 00000000b5900580
07-22 21:31:20.437 0 0 D : [drm:drm_atomic_set_crtc_for_plane [drm]] Link plane state 0000000055b9b61c to [CRTC:43:crtc-0]
07-22 21:31:20.437 0 0 D : [drm:drm_atomic_set_fb_for_plane [drm]] Set [FB:74] for plane state 0000000055b9b61c
07-22 21:31:20.437 0 0 D : [drm:drm_atomic_check_only [drm]] checking 00000000b5900580
07-22 21:31:20.437 0 0 D : [drm:dm_update_planes_state [amdgpu]] Disabling DRM plane: 36 on DRM crtc 43
07-22 21:31:20.437 0 0 D : [drm:dm_update_planes_state [amdgpu]] Enabling DRM plane: 36 on DRM crtc 43
07-22 21:31:20.437 0 0 D : [drm:drm_atomic_commit [drm]] committing 00000000b5900580
07-22 21:31:20.437 0 0 D : [drm:amdgpu_dm_atomic_commit_tail [amdgpu]] amdgpu_crtc id:0 crtc_state_flags: enable:1, active:1, planes_changed:1, mode_changed:0,active_changed:0,connectors_changed:0
07-22 21:31:20.437 0 0 D [drm:amdgpu_dm_atomic_commit_tail [amdgpu]] crtc: 0, pflip_stat:AMDGPU_FLIP_SUBMITTED
