07-22 21:31:11.321 4695 4943 I com.futuremark.dmandroid.SystemInfoServiceImpl: creating CPUID, 139
07-22 21:31:11.321 4695 4943 I com.futuremark.dmandroid.SystemInfoServiceImpl: initializing CPUID, 139
07-22 21:31:11.328 4695 4943 I com.futuremark.dmandroid.SystemInfoServiceImpl: collect done, type:invariant, bat level:0, power src:UNKNOWN
07-22 21:31:11.328 4695 4943 I com.futuremark.dmandroid.SystemInfoServiceImpl: resume: registering CPUID battery receiver
07-22 21:31:11.651 0 0 D : [drm:dm_pflip_high_irq [amdgpu]] dm_pflip_high_irq - crtc :0[00000000da4e46cc], pflip_stat:AMDGPU_FLIP_NONE
07-22 21:31:11.651 0 0 D : [drm:drm_atomic_state_default_clear [drm]] Clearing atomic state 000000001950793e
07-22 21:31:11.651 0 0 D : [drm:__drm_atomic_state_free [drm]] Freeing atomic state 000000001950793e
07-22 21:31:11.330 4695 4943 I com.futuremark.dmandroid.SystemInfoPoller: Sending system info broadcast 0, battery: BatteryData{present=true, level=100, voltage=0, health='Good', status='Charging', temperature=424, scale=100}
07-22 21:31:11.330 4695 4943 D com.futuremark.dmandroid.SystemInfoPoller: memory #1 corefrequencies:
07-22 21:31:11.330 4695 4943 D com.futuremark.dmandroid.SystemInfoPoller: 2778328 2771249
07-22 21:31:11.330 4695 4943 D com.futuremark.dmandroid.SystemInfoPoller: avg of corefrequencies: 2.774788
07-22 21:31:11.330 4695 4943 D com.futuremark.dmandroid.MonitoringDataService: monitoringdataservice 1382677849864.csv received systeminfoevent
07-22 21:31:11.330 4695 4943 I com.futuremark.dmandroid.BatteryData: battery level changed from 0 to 100 at 1382687675982ns
07-22 21:31:11.330 4695 4943 I com.futuremark.dmandroid.PowerSourceType: Max detected power source type changed from UNKNOWN to PLUGGED_AC
07-22 21:31:11.331 4875 4875 I com.futuremark.dmandroid.BaseWorkloadActivity: call to BaseWorkloadActivity.onUserInteraction
07-22 21:31:11.653 0 0 D [drm:drm_mode_addfb2 [drm]] [FB: 74]
07-22 21:31:11.653 0 0 D : [drm:drm_atomic_state_init [drm]] Allocated atomic state 000000003b29333d
07-22 21:31:11.653 0 0 D : [drm:drm_atomic_get_plane_state [drm]] Added [PLANE:36:plane-0] 0000000005ccf683 state to 000000003b29333d
07-22 21:31:11.653 0 0 D : [drm:drm_atomic_get_crtc_state [drm]] Added [CRTC:43:crtc-0] 000000002f3dbe57 state to 000000003b29333d
07-22 21:31:11.653 0 0 D : [drm:drm_atomic_set_crtc_for_plane [drm]] Link plane state 0000000005ccf683 to [CRTC:43:crtc-0]
07-22 21:31:11.653 0 0 D : [drm:drm_atomic_set_fb_for_plane [drm]] Set [FB:74] for plane state 0000000005ccf683
07-22 21:31:11.653 0 0 D : [drm:drm_atomic_check_only [drm]] checking 000000003b29333d
07-22 21:31:11.653 0 0 D : [drm:dm_update_planes_state [amdgpu]] Disabling DRM plane: 36 on DRM crtc 43
07-22 21:31:11.654 0 0 D : [drm:dm_update_planes_state [amdgpu]] Enabling DRM plane: 36 on DRM crtc 43
07-22 21:31:11.654 0 0 D : [drm:drm_atomic_state_default_clear [drm]] Clearing atomic state 000000003b29333d
07-22 21:31:11.654 0 0 D : [drm:__drm_atomic_state_free [drm]] Freeing atomic state 000000003b29333d
07-22 21:31:11.654 0 0 D : [drm:drm_atomic_state_init [drm]] Allocated atomic state 000000003b29333d
07-22 21:31:11.654 0 0 D : [drm:drm_atomic_get_plane_state [drm]] Added [PLANE:36:plane-0] 0000000005ccf683 state to 000000003b29333d
07-22 21:31:11.654 0 0 D : [drm:drm_atomic_get_crtc_state [drm]] Added [CRTC:43:crtc-0] 0000000007301545 state to 000000003b29333d
07-22 21:31:11.654 0 0 D : [drm:drm_atomic_set_crtc_for_plane [drm]] Link plane state 0000000005ccf683 to [CRTC:43:crtc-0]
07-22 21:31:11.654 0 0 D : [drm:drm_atomic_set_fb_for_plane [drm]] Set [FB:74] for plane state 0000000005ccf683
07-22 21:31:11.654 0 0 D : [drm:drm_atomic_check_only [drm]] checking 000000003b29333d
07-22 21:31:11.654 0 0 D : [drm:dm_update_planes_state [amdgpu]] Disabling DRM plane: 36 on DRM crtc 43
07-22 21:31:11.654 0 0 D : [drm:dm_update_planes_state [amdgpu]] Enabling DRM plane: 36 on DRM crtc 43
07-22 21:31:11.654 0 0 D : [drm:drm_atomic_commit [drm]] committing 000000003b29333d
07-22 21:31:11.654 0 0 D : [drm:amdgpu_dm_atomic_commit_tail [amdgpu]] amdgpu_crtc id:0 crtc_state_flags: enable:1, active:1, planes_changed:1, mode_changed:0,active_changed:0,connectors_changed:0
07-22 21:31:11.654 0 0 D [drm:amdgpu_dm_atomic_commit_tail [amdgpu]] crtc: 0, pflip_stat:AMDGPU_FLIP_SUBMITTED
07-22 21:31:11.332 4695 4943 D com.futuremark.dmandroid.MonitoringDataService: monitoring test, avgOfCoreFrequencies: 2775.0
07-22 21:31:11.332 4695 4943 I chatty : uid=10090(com.futuremark.dmandroid.application) hw-polling-thre identical 1 line
07-22 21:31:11.332 4695 4943 D com.futuremark.dmandroid.MonitoringDataService: monitoring test, avgOfCoreFrequencies: 2775.0
07-22 21:31:11.332 4695 4943 D com.futuremark.dmandroid.MonitoringDataService: monitoring test, coreFrequencies: 2778.328
07-22 21:31:11.332 4695 4943 D com.futuremark.dmandroid.MonitoringDataService: monitoring test, coreFrequencies: 2771.249
07-22 21:31:11.667 0 0 D : [drm:dm_pflip_high_irq [amdgpu]] dm_pflip_high_irq - crtc :0[00000000da4e46cc], pflip_stat:AMDGPU_FLIP_NONE
07-22 21:31:11.667 0 0 D : [drm:drm_atomic_state_default_clear [drm]] Clearing atomic state 000000003b29333d
07-22 21:31:11.667 0 0 D : [drm:__drm_atomic_state_free [drm]] Freeing atomic state 000000003b29333d
07-22 21:31:11.347 4875 4875 I com.futuremark.dmandroid.BaseWorkloadActivity: call to BaseWorkloadActivity.onUserInteraction
07-22 21:31:11.670 0 0 D [drm:drm_mode_addfb2 [drm]] [FB: 78]
07-22 21:31:11.670 0 0 D : [drm:drm_atomic_state_init [drm]] Allocated atomic state 00000000ee564d6f
07-22 21:31:11.670 0 0 D : [drm:drm_atomic_get_plane_state [drm]] Added [PLANE:36:plane-0] 000000005d7969c0 state to 00000000ee564d6f
07-22 21:31:11.670 0 0 D : [drm:drm_atomic_get_crtc_state [drm]] Added [CRTC:43:crtc-0] 00000000558bf304 state to 00000000ee564d6f
07-22 21:31:11.670 0 0 D : [drm:drm_atomic_set_crtc_for_plane [drm]] Link plane state 000000005d7969c0 to [CRTC:43:crtc-0]
07-22 21:31:11.670 0 0 D : [drm:drm_atomic_set_fb_for_plane [drm]] Set [FB:78] for plane state 000000005d7969c0
07-22 21:31:11.670 0 0 D : [drm:drm_atomic_check_only [drm]] checking 00000000ee564d6f
07-22 21:31:11.670 0 0 D : [drm:dm_update_planes_state [amdgpu]] Disabling DRM plane: 36 on DRM crtc 43
07-22 21:31:11.670 0 0 D : [drm:dm_update_planes_state [amdgpu]] Enabling DRM plane: 36 on DRM crtc 43
07-22 21:31:11.670 0 0 D : [drm:drm_atomic_state_default_clear [drm]] Clearing atomic state 00000000ee564d6f
07-22 21:31:11.670 0 0 D : [drm:__drm_atomic_state_free [drm]] Freeing atomic state 00000000ee564d6f
07-22 21:31:11.670 0 0 D : [drm:drm_atomic_state_init [drm]] Allocated atomic state 00000000dd05de10
07-22 21:31:11.670 0 0 D : [drm:drm_atomic_get_plane_state [drm]] Added [PLANE:36:plane-0] 00000000138b2c4f state to 00000000dd05de10
07-22 21:31:11.670 0 0 D : [drm:drm_atomic_get_crtc_state [drm]] Added [CRTC:43:crtc-0] 0000000088e87c99 state to 00000000dd05de10
07-22 21:31:11.671 0 0 D : [drm:drm_atomic_set_crtc_for_plane [drm]] Link plane state 00000000138b2c4f to [CRTC:43:crtc-0]
07-22 21:31:11.671 0 0 D : [drm:drm_atomic_set_fb_for_plane [drm]] Set [FB:78] for plane state 00000000138b2c4f
07-22 21:31:11.671 0 0 D : [drm:drm_atomic_check_only [drm]] checking 00000000dd05de10
07-22 21:31:11.671 0 0 D : [drm:dm_update_planes_state [amdgpu]] Disabling DRM plane: 36 on DRM crtc 43
07-22 21:31:11.671 0 0 D : [drm:dm_update_planes_state [amdgpu]] Enabling DRM plane: 36 on DRM crtc 43
07-22 21:31:11.671 0 0 D : [drm:drm_atomic_commit [drm]] committing 00000000dd05de10
07-22 21:31:11.671 0 0 D : [drm:amdgpu_dm_atomic_commit_tail [amdgpu]] amdgpu_crtc id:0 crtc_state_flags: enable:1, active:1, planes_changed:1, mode_changed:0,active_changed:0,connectors_changed:0
07-22 21:31:11.671 0 0 D [drm:amdgpu_dm_atomic_commit_tail [amdgpu]] crtc: 0, pflip_stat:AMDGPU_FLIP_SUBMITTED
07-22 21:31:11.684 0 0 D : [drm:dm_pflip_high_irq [amdgpu]] dm_pflip_high_irq - crtc :0[00000000da4e46cc], pflip_stat:AMDGPU_FLIP_NONE
07-22 21:31:11.684 0 0 D : [drm:drm_atomic_state_default_clear [drm]] Clearing atomic state 00000000dd05de10
07-22 21:31:11.684 0 0 D : [drm:__drm_atomic_state_free [drm]] Freeing atomic state 00000000dd05de10
07-22 21:31:11.687 0 0 D [drm:drm_mode_addfb2 [drm]] [FB: 74]
07-22 21:31:11.687 0 0 D : [drm:drm_atomic_state_init [drm]] Allocated atomic state 0000000060fe639e
07-22 21:31:11.687 0 0 D : [drm:drm_atomic_get_plane_state [drm]] Added [PLANE:36:plane-0] 0000000042613b5e state to 0000000060fe639e
07-22 21:31:11.687 0 0 D : [drm:drm_atomic_get_crtc_state [drm]] Added [CRTC:43:crtc-0] 00000000fe2982c6 state to 0000000060fe639e
07-22 21:31:11.687 0 0 D : [drm:drm_atomic_set_crtc_for_plane [drm]] Link plane state 0000000042613b5e to [CRTC:43:crtc-0]
07-22 21:31:11.687 0 0 D : [drm:drm_atomic_set_fb_for_plane [drm]] Set [FB:74] for plane state 0000000042613b5e
07-22 21:31:11.687 0 0 D : [drm:drm_atomic_check_only [drm]] checking 0000000060fe639e
07-22 21:31:11.687 0 0 D : [drm:dm_update_planes_state [amdgpu]] Disabling DRM plane: 36 on DRM crtc 43
07-22 21:31:11.687 0 0 D : [drm:dm_update_planes_state [amdgpu]] Enabling DRM plane: 36 on DRM crtc 43
07-22 21:31:11.687 0 0 D : [drm:drm_atomic_state_default_clear [drm]] Clearing atomic state 0000000060fe639e
07-22 21:31:11.687 0 0 D : [drm:__drm_atomic_state_free [drm]] Freeing atomic state 0000000060fe639e
07-22 21:31:11.687 0 0 D : [drm:drm_atomic_state_init [drm]] Allocated atomic state 0000000060fe639e
07-22 21:31:11.687 0 0 D : [drm:drm_atomic_get_plane_state [drm]] Added [PLANE:36:plane-0] 0000000042613b5e state to 0000000060fe639e
07-22 21:31:11.687 0 0 D : [drm:drm_atomic_get_crtc_state [drm]] Added [CRTC:43:crtc-0] 000000008456eec0 state to 0000000060fe639e
07-22 21:31:11.687 0 0 D : [drm:drm_atomic_set_crtc_for_plane [drm]] Link plane state 0000000042613b5e to [CRTC:43:crtc-0]
07-22 21:31:11.687 0 0 D : [drm:drm_atomic_set_fb_for_plane [drm]] Set [FB:74] for plane state 0000000042613b5e
07-22 21:31:11.687 0 0 D : [drm:drm_atomic_check_only [drm]] checking 0000000060fe639e
07-22 21:31:11.687 0 0 D : [drm:dm_update_planes_state [amdgpu]] Disabling DRM plane: 36 on DRM crtc 43
07-22 21:31:11.687 0 0 D : [drm:dm_update_planes_state [amdgpu]] Enabling DRM plane: 36 on DRM crtc 43
07-22 21:31:11.687 0 0 D : [drm:drm_atomic_commit [drm]] committing 0000000060fe639e
07-22 21:31:11.688 0 0 D : [drm:amdgpu_dm_atomic_commit_tail [amdgpu]] amdgpu_crtc id:0 crtc_state_flags: enable:1, active:1, planes_changed:1, mode_changed:0,active_changed:0,connectors_changed:0
07-22 21:31:11.688 0 0 D [drm:amdgpu_dm_atomic_commit_tail [amdgpu]] crtc: 0, pflip_stat:AMDGPU_FLIP_SUBMITTED
07-22 21:31:11.701 0 0 D : [drm:dm_pflip_high_irq [amdgpu]] dm_pflip_high_irq - crtc :0[00000000da4e46cc], pflip_stat:AMDGPU_FLIP_NONE
07-22 21:31:11.701 0 0 D : [drm:drm_atomic_state_default_clear [drm]] Clearing atomic state 0000000060fe639e
07-22 21:31:11.701 0 0 D : [drm:__drm_atomic_state_free [drm]] Freeing atomic state 0000000060fe639e
07-22 21:31:11.704 0 0 D [drm:drm_mode_addfb2 [drm]] [FB: 78]
07-22 21:31:11.704 0 0 D : [drm:drm_atomic_state_init [drm]] Allocated atomic state 0000000060428e4a
07-22 21:31:11.704 0 0 D : [drm:drm_atomic_get_plane_state [drm]] Added [PLANE:36:plane-0] 000000000064a435 state to 0000000060428e4a
07-22 21:31:11.704 0 0 D : [drm:drm_atomic_get_crtc_state [drm]] Added [CRTC:43:crtc-0] 000000001347c69e state to 0000000060428e4a
07-22 21:31:11.704 0 0 D : [drm:drm_atomic_set_crtc_for_plane [drm]] Link plane state 000000000064a435 to [CRTC:43:crtc-0]
07-22 21:31:11.704 0 0 D : [drm:drm_atomic_set_fb_for_plane [drm]] Set [FB:78] for plane state 000000000064a435
07-22 21:31:11.704 0 0 D : [drm:drm_atomic_check_only [drm]] checking 0000000060428e4a
07-22 21:31:11.704 0 0 D : [drm:dm_update_planes_state [amdgpu]] Disabling DRM plane: 36 on DRM crtc 43
07-22 21:31:11.704 0 0 D : [drm:dm_update_planes_state [amdgpu]] Enabling DRM plane: 36 on DRM crtc 43
07-22 21:31:11.704 0 0 D : [drm:drm_atomic_state_default_clear [drm]] Clearing atomic state 0000000060428e4a
07-22 21:31:11.704 0 0 D : [drm:__drm_atomic_state_free [drm]] Freeing atomic state 0000000060428e4a
07-22 21:31:11.704 0 0 D : [drm:drm_atomic_state_init [drm]] Allocated atomic state 0000000000cc0718
07-22 21:31:11.704 0 0 D : [drm:drm_atomic_get_plane_state [drm]] Added [PLANE:36:plane-0] 000000004467e3c6 state to 0000000000cc0718
07-22 21:31:11.705 0 0 D : [drm:drm_atomic_get_crtc_state [drm]] Added [CRTC:43:crtc-0] 000000000b4005b5 state to 0000000000cc0718
07-22 21:31:11.705 0 0 D : [drm:drm_atomic_set_crtc_for_plane [drm]] Link plane state 000000004467e3c6 to [CRTC:43:crtc-0]
07-22 21:31:11.705 0 0 D : [drm:drm_atomic_set_fb_for_plane [drm]] Set [FB:78] for plane state 000000004467e3c6
07-22 21:31:11.705 0 0 D : [drm:drm_atomic_check_only [drm]] checking 0000000000cc0718
07-22 21:31:11.705 0 0 D : [drm:dm_update_planes_state [amdgpu]] Disabling DRM plane: 36 on DRM crtc 43
07-22 21:31:11.705 0 0 D : [drm:dm_update_planes_state [amdgpu]] Enabling DRM plane: 36 on DRM crtc 43
07-22 21:31:11.705 0 0 D : [drm:drm_atomic_commit [drm]] committing 0000000000cc0718
07-22 21:31:11.705 0 0 D : [drm:amdgpu_dm_atomic_commit_tail [amdgpu]] amdgpu_crtc id:0 crtc_state_flags: enable:1, active:1, planes_changed:1, mode_changed:0,active_changed:0,connectors_changed:0
07-22 21:31:11.705 0 0 D [drm:amdgpu_dm_atomic_commit_tail [amdgpu]] crtc: 0, pflip_stat:AMDGPU_FLIP_SUBMITTED
07-22 21:31:11.364 4875 4875 I chatty : uid=10090 com.futuremark.dmandroid.application:workload identical 1 line
07-22 21:31:11.381 4875 4875 I com.futuremark.dmandroid.BaseWorkloadActivity: call to BaseWorkloadActivity.onUserInteraction
07-22 21:31:11.390 4695 4695 D com.futuremark.dmandroid.*hmarkLauncherPresenter: preparing for next task: FARANDOLE_CUSTOM
07-22 21:31:11.390 4695 4695 D com.futuremark.dmandroid.*chmarkLauncherActivity: onPrepareForNextTest - nextTestId: FARANDOLE_CUSTOM
07-22 21:31:11.391 4695 4695 D com.futuremark.dmandroid.*chmarkLauncherActivity: onResume()
07-22 21:31:11.391 4695 4695 I am_on_resume_called: [0,com.futuremark.dmandroid.application.BenchmarkLauncherActivity,RESUME_ACTIVITY]
07-22 21:31:11.391 4695 4817 D com.futuremark.dmandroid.*hmarkLauncherPresenter: We already have run state, no need for init (Automation/Standalone use case)
07-22 21:31:11.395 4695 4695 D com.futuremark.dmandroid.*hmarkLauncherPresenter: FARANDOLE_CUSTOM init end
07-22 21:31:11.395 4695 4695 D com.futuremark.dmandroid.*hmarkLauncherPresenter: Starting benchmarks for task: FARANDOLE_CUSTOM
07-22 21:31:11.395 4695 4695 D com.futuremark.dmandroid.*ctBmRunFsmEventFactory: isSystemInfoRefreshed: true, currentTs: 1382687675982, oldSiRelativeTimestampNs: 0
07-22 21:31:11.396 4695 4695 D com.futuremark.dmandroid.*hmarkLauncherPresenter: start monitoring service in WaitStateDefaultActionFsm / BM_RUN_ACTIVITY_RESUME
07-22 21:31:11.396 4695 4695 D com.futuremark.dmandroid.*hmarkLauncherPresenter: start monitoring service in stateInitializeBenchmark
07-22 21:31:11.396 4695 4695 D com.futuremark.dmandroid.Poller: cancelPoller called, active true
07-22 21:31:11.396 4695 4695 I com.futuremark.dmandroid.AbstractBmRunFsm: CommonBenchmarkRunFsm transitioned WAIT_SERVICES_AFTER_WORKLOAD->WORKLOAD_RESULT_AVAILABLE, on event type: BM_RUN_ACTIVITY_RESUME, full new state: BmRunExecutionState{fsmState=WORKLOAD_RESULT_AVAILABLE, loopingCounter=0, currentWorkloadIndex=0}
07-22 21:31:11.396 4695 4695 D com.futuremark.dmandroid.*ctBmRunFsmEventFactory: isSystemInfoRefreshed: true, currentTs: 1382687675982, oldSiRelativeTimestampNs: 0
07-22 21:31:11.717 0 0 D : [drm:dm_pflip_high_irq [amdgpu]] dm_pflip_high_irq - crtc :0[00000000da4e46cc], pflip_stat:AMDGPU_FLIP_NONE
07-22 21:31:11.717 0 0 D : [drm:drm_atomic_state_default_clear [drm]] Clearing atomic state 0000000000cc0718
07-22 21:31:11.717 0 0 D : [drm:__drm_atomic_state_free [drm]] Freeing atomic state 0000000000cc0718
07-22 21:31:11.396 4695 4695 I com.futuremark.dmandroid.MonitoringDataManager: addEvent sampleIndex:1, time:0.077s, event:EndWorkloadDeinit:FarandoleOpenGlEs30C:FarandoleOpenGlEs30C:0:0
07-22 21:31:11.397 4695 4695 I com.futuremark.dmandroid.AbstractBmRunFsm: CommonBenchmarkRunFsm transitioned WORKLOAD_RESULT_AVAILABLE->WILL_RUN_NEXT_WORKLOAD, on event type: INTERNAL_TRANSITION, full new state: BmRunExecutionState{fsmState=WILL_RUN_NEXT_WORKLOAD, loopingCounter=0, currentWorkloadIndex=1}
07-22 21:31:11.397 4695 4695 W com.futuremark.dmandroid.DmAndroidConstants: Native wrapper class for workloadType FARANDOLE_VULKAN_CUSTOM is unknown - this is fine if it is a test using NativeActivity (like Vulkan tests)
07-22 21:31:11.397 4695 4695 D com.futuremark.dmandroid.*ctBmRunFsmEventFactory: isSystemInfoRefreshed: true, currentTs: 1382687675982, oldSiRelativeTimestampNs: 0
07-22 21:31:11.397 4875 4875 I com.futuremark.dmandroid.BaseWorkloadActivity: call to BaseWorkloadActivity.onUserInteraction
07-22 21:31:11.720 0 0 D [drm:drm_mode_addfb2 [drm]] [FB: 74]
07-22 21:31:11.720 0 0 D : [drm:drm_atomic_state_init [drm]] Allocated atomic state 00000000d9d411d8
07-22 21:31:11.720 0 0 D : [drm:drm_atomic_get_plane_state [drm]] Added [PLANE:36:plane-0] 0000000003bec29e state to 00000000d9d411d8
07-22 21:31:11.720 0 0 D : [drm:drm_atomic_get_crtc_state [drm]] Added [CRTC:43:crtc-0] 00000000827456cd state to 00000000d9d411d8
07-22 21:31:11.720 0 0 D : [drm:drm_atomic_set_crtc_for_plane [drm]] Link plane state 0000000003bec29e to [CRTC:43:crtc-0]
07-22 21:31:11.720 0 0 D : [drm:drm_atomic_set_fb_for_plane [drm]] Set [FB:74] for plane state 0000000003bec29e
07-22 21:31:11.720 0 0 D : [drm:drm_atomic_check_only [drm]] checking 00000000d9d411d8
07-22 21:31:11.720 0 0 D : [drm:dm_update_planes_state [amdgpu]] Disabling DRM plane: 36 on DRM crtc 43
07-22 21:31:11.720 0 0 D : [drm:dm_update_planes_state [amdgpu]] Enabling DRM plane: 36 on DRM crtc 43
07-22 21:31:11.720 0 0 D : [drm:drm_atomic_state_default_clear [drm]] Clearing atomic state 00000000d9d411d8
07-22 21:31:11.720 0 0 D : [drm:__drm_atomic_state_free [drm]] Freeing atomic state 00000000d9d411d8
07-22 21:31:11.720 0 0 D : [drm:drm_atomic_state_init [drm]] Allocated atomic state 00000000d819ca8b
07-22 21:31:11.720 0 0 D : [drm:drm_atomic_get_plane_state [drm]] Added [PLANE:36:plane-0] 00000000acb9cadc state to 00000000d819ca8b
07-22 21:31:11.720 0 0 D : [drm:drm_atomic_get_crtc_state [drm]] Added [CRTC:43:crtc-0] 00000000cf26c8fb state to 00000000d819ca8b
07-22 21:31:11.720 0 0 D : [drm:drm_atomic_set_crtc_for_plane [drm]] Link plane state 00000000acb9cadc to [CRTC:43:crtc-0]
07-22 21:31:11.720 0 0 D : [drm:drm_atomic_set_fb_for_plane [drm]] Set [FB:74] for plane state 00000000acb9cadc
07-22 21:31:11.720 0 0 D : [drm:drm_atomic_check_only [drm]] checking 00000000d819ca8b
07-22 21:31:11.720 0 0 D : [drm:dm_update_planes_state [amdgpu]] Disabling DRM plane: 36 on DRM crtc 43
07-22 21:31:11.720 0 0 D : [drm:dm_update_planes_state [amdgpu]] Enabling DRM plane: 36 on DRM crtc 43
07-22 21:31:11.720 0 0 D : [drm:drm_atomic_commit [drm]] committing 00000000d819ca8b
07-22 21:31:11.721 0 0 D : [drm:amdgpu_dm_atomic_commit_tail [amdgpu]] amdgpu_crtc id:0 crtc_state_flags: enable:1, active:1, planes_changed:1, mode_changed:0,active_changed:0,connectors_changed:0
07-22 21:31:11.721 0 0 D [drm:amdgpu_dm_atomic_commit_tail [amdgpu]] crtc: 0, pflip_stat:AMDGPU_FLIP_SUBMITTED
07-22 21:31:11.400 4695 4695 I com.futuremark.dmandroid.AbstractBmRunFsm: CommonBenchmarkRunFsm transitioned WILL_RUN_NEXT_WORKLOAD->START_WORKLOAD, on event type: INTERNAL_TRANSITION, full new state: BmRunExecutionState{fsmState=START_WORKLOAD, loopingCounter=0, currentWorkloadIndex=1}
07-22 21:31:11.400 4695 4695 W com.futuremark.dmandroid.DmAndroidConstants: Native wrapper class for workloadType FARANDOLE_VULKAN_CUSTOM is unknown - this is fine if it is a test using NativeActivity (like Vulkan tests)
07-22 21:31:11.400 4695 4695 D com.futuremark.dmandroid.*ctBmRunFsmEventFactory: isSystemInfoRefreshed: true, currentTs: 1382687675982, oldSiRelativeTimestampNs: 0
07-22 21:31:11.400 4695 4695 D com.futuremark.dmandroid.SystemController: Killing process com.futuremark.dmandroid.application:workload
07-22 21:31:11.400 4695 4695 D com.futuremark.dmandroid.SystemController: Killing workload process
07-22 21:31:11.400 4695 4695 I Process : Sending signal. PID: 4875 SIG: 9
07-22 21:31:11.734 0 0 D : [drm:dm_pflip_high_irq [amdgpu]] dm_pflip_high_irq - crtc :0[00000000da4e46cc], pflip_stat:AMDGPU_FLIP_NONE
07-22 21:31:11.734 0 0 D : [drm:drm_atomic_state_default_clear [drm]] Clearing atomic state 00000000d819ca8b
07-22 21:31:11.734 0 0 D : [drm:__drm_atomic_state_free [drm]] Freeing atomic state 00000000d819ca8b
07-22 21:31:11.737 0 0 D [drm:drm_mode_addfb2 [drm]] [FB: 78]
07-22 21:31:11.737 0 0 D : [drm:drm_atomic_state_init [drm]] Allocated atomic state 000000009c54c9a3
07-22 21:31:11.737 0 0 D : [drm:drm_atomic_get_plane_state [drm]] Added [PLANE:36:plane-0] 000000004467e3c6 state to 000000009c54c9a3
07-22 21:31:11.737 0 0 D : [drm:drm_atomic_get_crtc_state [drm]] Added [CRTC:43:crtc-0] 0000000088e87c99 state to 000000009c54c9a3
07-22 21:31:11.737 0 0 D : [drm:drm_atomic_set_crtc_for_plane [drm]] Link plane state 000000004467e3c6 to [CRTC:43:crtc-0]
07-22 21:31:11.737 0 0 D : [drm:drm_atomic_set_fb_for_plane [drm]] Set [FB:78] for plane state 000000004467e3c6
07-22 21:31:11.737 0 0 D : [drm:drm_atomic_check_only [drm]] checking 000000009c54c9a3
07-22 21:31:11.737 0 0 D : [drm:dm_update_planes_state [amdgpu]] Disabling DRM plane: 36 on DRM crtc 43
07-22 21:31:11.737 0 0 D : [drm:dm_update_planes_state [amdgpu]] Enabling DRM plane: 36 on DRM crtc 43
07-22 21:31:11.737 0 0 D : [drm:drm_atomic_state_default_clear [drm]] Clearing atomic state 000000009c54c9a3
07-22 21:31:11.737 0 0 D : [drm:__drm_atomic_state_free [drm]] Freeing atomic state 000000009c54c9a3
07-22 21:31:11.737 0 0 D : [drm:drm_atomic_state_init [drm]] Allocated atomic state 000000009c54c9a3
07-22 21:31:11.737 0 0 D : [drm:drm_atomic_get_plane_state [drm]] Added [PLANE:36:plane-0] 000000004467e3c6 state to 000000009c54c9a3
07-22 21:31:11.737 0 0 D : [drm:drm_atomic_get_crtc_state [drm]] Added [CRTC:43:crtc-0] 00000000c96b1c77 state to 000000009c54c9a3
07-22 21:31:11.737 0 0 D : [drm:drm_atomic_set_crtc_for_plane [drm]] Link plane state 000000004467e3c6 to [CRTC:43:crtc-0]
07-22 21:31:11.737 0 0 D : [drm:drm_atomic_set_fb_for_plane [drm]] Set [FB:78] for plane state 000000004467e3c6
07-22 21:31:11.737 0 0 D : [drm:drm_atomic_check_only [drm]] checking 000000009c54c9a3
07-22 21:31:11.737 0 0 D : [drm:dm_update_planes_state [amdgpu]] Disabling DRM plane: 36 on DRM crtc 43
07-22 21:31:11.737 0 0 D : [drm:dm_update_planes_state [amdgpu]] Enabling DRM plane: 36 on DRM crtc 43
07-22 21:31:11.737 0 0 D : [drm:drm_atomic_commit [drm]] committing 000000009c54c9a3
07-22 21:31:11.737 0 0 D : [drm:amdgpu_dm_atomic_commit_tail [amdgpu]] amdgpu_crtc id:0 crtc_state_flags: enable:1, active:1, planes_changed:1, mode_changed:0,active_changed:0,connectors_changed:0
07-22 21:31:11.737 0 0 D [drm:amdgpu_dm_atomic_commit_tail [amdgpu]] crtc: 0, pflip_stat:AMDGPU_FLIP_SUBMITTED
07-22 21:31:11.751 0 0 D : [drm:dm_pflip_high_irq [amdgpu]] dm_pflip_high_irq - crtc :0[00000000da4e46cc], pflip_stat:AMDGPU_FLIP_NONE
07-22 21:31:11.751 0 0 D : [drm:drm_atomic_state_default_clear [drm]] Clearing atomic state 000000009c54c9a3
07-22 21:31:11.751 0 0 D : [drm:__drm_atomic_state_free [drm]] Freeing atomic state 000000009c54c9a3
07-22 21:31:11.753 0 0 D [drm:drm_mode_addfb2 [drm]] [FB: 74]
07-22 21:31:11.753 0 0 D : [drm:drm_atomic_state_init [drm]] Allocated atomic state 00000000a75226db
07-22 21:31:11.753 0 0 D : [drm:drm_atomic_get_plane_state [drm]] Added [PLANE:36:plane-0] 00000000acb9cadc state to 00000000a75226db
07-22 21:31:11.754 0 0 D : [drm:drm_atomic_get_crtc_state [drm]] Added [CRTC:43:crtc-0] 00000000ae77dac3 state to 00000000a75226db
07-22 21:31:11.754 0 0 D : [drm:drm_atomic_set_crtc_for_plane [drm]] Link plane state 00000000acb9cadc to [CRTC:43:crtc-0]
07-22 21:31:11.754 0 0 D : [drm:drm_atomic_set_fb_for_plane [drm]] Set [FB:74] for plane state 00000000acb9cadc
07-22 21:31:11.754 0 0 D : [drm:drm_atomic_check_only [drm]] checking 00000000a75226db
07-22 21:31:11.754 0 0 D : [drm:dm_update_planes_state [amdgpu]] Disabling DRM plane: 36 on DRM crtc 43
07-22 21:31:11.754 0 0 D : [drm:dm_update_planes_state [amdgpu]] Enabling DRM plane: 36 on DRM crtc 43
07-22 21:31:11.754 0 0 D : [drm:drm_atomic_state_default_clear [drm]] Clearing atomic state 00000000a75226db
07-22 21:31:11.754 0 0 D : [drm:__drm_atomic_state_free [drm]] Freeing atomic state 00000000a75226db
07-22 21:31:11.754 0 0 D : [drm:drm_atomic_state_init [drm]] Allocated atomic state 00000000fd20402b
07-22 21:31:11.754 0 0 D : [drm:drm_atomic_get_plane_state [drm]] Added [PLANE:36:plane-0] 000000009b7beaac state to 00000000fd20402b
07-22 21:31:11.754 0 0 D : [drm:drm_atomic_get_crtc_state [drm]] Added [CRTC:43:crtc-0] 00000000489b43f0 state to 00000000fd20402b
07-22 21:31:11.754 0 0 D : [drm:drm_atomic_set_crtc_for_plane [drm]] Link plane state 000000009b7beaac to [CRTC:43:crtc-0]
07-22 21:31:11.754 0 0 D : [drm:drm_atomic_set_fb_for_plane [drm]] Set [FB:74] for plane state 000000009b7beaac
07-22 21:31:11.754 0 0 D : [drm:drm_atomic_check_only [drm]] checking 00000000fd20402b
07-22 21:31:11.754 0 0 D : [drm:dm_update_planes_state [amdgpu]] Disabling DRM plane: 36 on DRM crtc 43
07-22 21:31:11.754 0 0 D : [drm:dm_update_planes_state [amdgpu]] Enabling DRM plane: 36 on DRM crtc 43
07-22 21:31:11.754 0 0 D : [drm:drm_atomic_commit [drm]] committing 00000000fd20402b
07-22 21:31:11.754 0 0 D : [drm:amdgpu_dm_atomic_commit_tail [amdgpu]] amdgpu_crtc id:0 crtc_state_flags: enable:1, active:1, planes_changed:1, mode_changed:0,active_changed:0,connectors_changed:0
07-22 21:31:11.754 0 0 D [drm:amdgpu_dm_atomic_commit_tail [amdgpu]] crtc: 0, pflip_stat:AMDGPU_FLIP_SUBMITTED
07-22 21:31:11.767 0 0 D : [drm:dm_pflip_high_irq [amdgpu]] dm_pflip_high_irq - crtc :0[00000000da4e46cc], pflip_stat:AMDGPU_FLIP_NONE
07-22 21:31:11.767 0 0 D : [drm:drm_atomic_state_default_clear [drm]] Clearing atomic state 00000000fd20402b
07-22 21:31:11.767 0 0 D : [drm:__drm_atomic_state_free [drm]] Freeing atomic state 00000000fd20402b
07-22 21:31:11.770 0 0 D [drm:drm_mode_addfb2 [drm]] [FB: 78]
07-22 21:31:11.770 0 0 D : [drm:drm_atomic_state_init [drm]] Allocated atomic state 00000000dbd995cb
07-22 21:31:11.770 0 0 D : [drm:drm_atomic_get_plane_state [drm]] Added [PLANE:36:plane-0] 000000004467e3c6 state to 00000000dbd995cb
07-22 21:31:11.770 0 0 D : [drm:drm_atomic_get_crtc_state [drm]] Added [CRTC:43:crtc-0] 000000003dbe1fcc state to 00000000dbd995cb
07-22 21:31:11.770 0 0 D : [drm:drm_atomic_set_crtc_for_plane [drm]] Link plane state 000000004467e3c6 to [CRTC:43:crtc-0]
07-22 21:31:11.770 0 0 D : [drm:drm_atomic_set_fb_for_plane [drm]] Set [FB:78] for plane state 000000004467e3c6
07-22 21:31:11.770 0 0 D : [drm:drm_atomic_check_only [drm]] checking 00000000dbd995cb
07-22 21:31:11.770 0 0 D : [drm:dm_update_planes_state [amdgpu]] Disabling DRM plane: 36 on DRM crtc 43
07-22 21:31:11.771 0 0 D : [drm:dm_update_planes_state [amdgpu]] Enabling DRM plane: 36 on DRM crtc 43
07-22 21:31:11.771 0 0 D : [drm:drm_atomic_state_default_clear [drm]] Clearing atomic state 00000000dbd995cb
07-22 21:31:11.771 0 0 D : [drm:__drm_atomic_state_free [drm]] Freeing atomic state 00000000dbd995cb
07-22 21:31:11.771 0 0 D : [drm:drm_atomic_state_init [drm]] Allocated atomic state 0000000036efe2fd
07-22 21:31:11.771 0 0 D : [drm:drm_atomic_get_plane_state [drm]] Added [PLANE:36:plane-0] 000000009ad61d72 state to 0000000036efe2fd
07-22 21:31:11.771 0 0 D : [drm:drm_atomic_get_crtc_state [drm]] Added [CRTC:43:crtc-0] 000000005ae0b157 state to 0000000036efe2fd
07-22 21:31:11.771 0 0 D : [drm:drm_atomic_set_crtc_for_plane [drm]] Link plane state 000000009ad61d72 to [CRTC:43:crtc-0]
07-22 21:31:11.771 0 0 D : [drm:drm_atomic_set_fb_for_plane [drm]] Set [FB:78] for plane state 000000009ad61d72
07-22 21:31:11.771 0 0 D : [drm:drm_atomic_check_only [drm]] checking 0000000036efe2fd
07-22 21:31:11.771 0 0 D : [drm:dm_update_planes_state [amdgpu]] Disabling DRM plane: 36 on DRM crtc 43
07-22 21:31:11.771 0 0 D : [drm:dm_update_planes_state [amdgpu]] Enabling DRM plane: 36 on DRM crtc 43
07-22 21:31:11.771 0 0 D : [drm:drm_atomic_commit [drm]] committing 0000000036efe2fd
07-22 21:31:11.771 0 0 D : [drm:amdgpu_dm_atomic_commit_tail [amdgpu]] amdgpu_crtc id:0 crtc_state_flags: enable:1, active:1, planes_changed:1, mode_changed:0,active_changed:0,connectors_changed:0
07-22 21:31:11.771 0 0 D [drm:amdgpu_dm_atomic_commit_tail [amdgpu]] crtc: 0, pflip_stat:AMDGPU_FLIP_SUBMITTED
07-22 21:31:11.784 0 0 D : [drm:dm_pflip_high_irq [amdgpu]] dm_pflip_high_irq - crtc :0[00000000da4e46cc], pflip_stat:AMDGPU_FLIP_NONE
07-22 21:31:11.784 0 0 D : [drm:drm_atomic_state_default_clear [drm]] Clearing atomic state 0000000036efe2fd
07-22 21:31:11.784 0 0 D : [drm:__drm_atomic_state_free [drm]] Freeing atomic state 0000000036efe2fd
07-22 21:31:11.787 0 0 D [drm:drm_mode_addfb2 [drm]] [FB: 74]
07-22 21:31:11.787 0 0 D : [drm:drm_atomic_state_init [drm]] Allocated atomic state 0000000074ddbf37
07-22 21:31:11.787 0 0 D : [drm:drm_atomic_get_plane_state [drm]] Added [PLANE:36:plane-0] 0000000042613b5e state to 0000000074ddbf37
07-22 21:31:11.787 0 0 D : [drm:drm_atomic_get_crtc_state [drm]] Added [CRTC:43:crtc-0] 00000000fe6e3f82 state to 0000000074ddbf37
07-22 21:31:11.787 0 0 D : [drm:drm_atomic_set_crtc_for_plane [drm]] Link plane state 0000000042613b5e to [CRTC:43:crtc-0]
07-22 21:31:11.787 0 0 D : [drm:drm_atomic_set_fb_for_plane [drm]] Set [FB:74] for plane state 0000000042613b5e
07-22 21:31:11.787 0 0 D : [drm:drm_atomic_check_only [drm]] checking 0000000074ddbf37
07-22 21:31:11.787 0 0 D : [drm:dm_update_planes_state [amdgpu]] Disabling DRM plane: 36 on DRM crtc 43
07-22 21:31:11.787 0 0 D : [drm:dm_update_planes_state [amdgpu]] Enabling DRM plane: 36 on DRM crtc 43
07-22 21:31:11.787 0 0 D : [drm:drm_atomic_state_default_clear [drm]] Clearing atomic state 0000000074ddbf37
07-22 21:31:11.787 0 0 D : [drm:__drm_atomic_state_free [drm]] Freeing atomic state 0000000074ddbf37
07-22 21:31:11.787 0 0 D : [drm:drm_atomic_state_init [drm]] Allocated atomic state 00000000135e4ee1
07-22 21:31:11.787 0 0 D : [drm:drm_atomic_get_plane_state [drm]] Added [PLANE:36:plane-0] 00000000b1b7d1ac state to 00000000135e4ee1
07-22 21:31:11.787 0 0 D : [drm:drm_atomic_get_crtc_state [drm]] Added [CRTC:43:crtc-0] 0000000084cec2cd state to 00000000135e4ee1
07-22 21:31:11.787 0 0 D : [drm:drm_atomic_set_crtc_for_plane [drm]] Link plane state 00000000b1b7d1ac to [CRTC:43:crtc-0]
07-22 21:31:11.787 0 0 D : [drm:drm_atomic_set_fb_for_plane [drm]] Set [FB:74] for plane state 00000000b1b7d1ac
07-22 21:31:11.787 0 0 D : [drm:drm_atomic_check_only [drm]] checking 00000000135e4ee1
07-22 21:31:11.787 0 0 D : [drm:dm_update_planes_state [amdgpu]] Disabling DRM plane: 36 on DRM crtc 43
07-22 21:31:11.788 0 0 D : [drm:dm_update_planes_state [amdgpu]] Enabling DRM plane: 36 on DRM crtc 43
07-22 21:31:11.788 0 0 D : [drm:drm_atomic_commit [drm]] committing 00000000135e4ee1
07-22 21:31:11.788 0 0 D : [drm:amdgpu_dm_atomic_commit_tail [amdgpu]] amdgpu_crtc id:0 crtc_state_flags: enable:1, active:1, planes_changed:1, mode_changed:0,active_changed:0,connectors_changed:0
07-22 21:31:11.788 0 0 D [drm:amdgpu_dm_atomic_commit_tail [amdgpu]] crtc: 0, pflip_stat:AMDGPU_FLIP_SUBMITTED
07-22 21:31:11.477 2443 2505 W InputDispatcher: channel '50414cf com.futuremark.dmandroid.application/com.futuremark.dmfarandole.ApiOverheadOpenGlWorkloadActivity (server)' ~ Consumer closed input channel or an error occurred. events=0xd
07-22 21:31:11.477 2443 2505 E InputDispatcher: channel '50414cf com.futuremark.dmandroid.application/com.futuremark.dmfarandole.ApiOverheadOpenGlWorkloadActivity (server)' ~ Channel is unrecoverably broken and will be disposed!
07-22 21:31:11.478 2313 2397 E SurfaceFlinger: Failed to find layer (SurfaceView - com.futuremark.dmandroid.application/com.futuremark.dmfarandole.ApiOverheadOpenGlWorkloadActivity#0) in layer parent (no-parent).
07-22 21:31:11.478 2443 4869 I WindowManager: WIN DEATH: Window{50414cf u0 com.futuremark.dmandroid.application/com.futuremark.dmfarandole.ApiOverheadOpenGlWorkloadActivity}
07-22 21:31:11.478 2443 4869 W InputDispatcher: Attempted to unregister already unregistered input channel '50414cf com.futuremark.dmandroid.application/com.futuremark.dmfarandole.ApiOverheadOpenGlWorkloadActivity (server)'
07-22 21:31:11.478 2443 2753 I ActivityManager: Process com.futuremark.dmandroid.application:workload (pid 4875) has died: vis TOP
07-22 21:31:11.478 2443 2753 I am_proc_died: [0,4875,com.futuremark.dmandroid.application:workload,100,2]
07-22 21:31:11.478 2443 2460 W system_server: kill(-4875, 9) failed: No such process
07-22 21:31:11.478 2546 2546 D StatusBar: disable
07-22 21:31:11.480 2443 2465 W ActivityManager: setHasOverlayUi called on unknown pid: 4875
07-22 21:31:11.801 0 0 D : [drm:dm_pflip_high_irq [amdgpu]] dm_pflip_high_irq - crtc :0[00000000da4e46cc], pflip_stat:AMDGPU_FLIP_NONE
07-22 21:31:11.801 0 0 D : [drm:drm_atomic_state_default_clear [drm]] Clearing atomic state 00000000135e4ee1
07-22 21:31:11.801 0 0 D : [drm:__drm_atomic_state_free [drm]] Freeing atomic state 00000000135e4ee1
07-22 21:31:11.804 0 0 D [drm:drm_mode_addfb2 [drm]] [FB: 78]
07-22 21:31:11.804 0 0 D : [drm:drm_atomic_state_init [drm]] Allocated atomic state 0000000000cc0718
07-22 21:31:11.804 0 0 D : [drm:drm_atomic_get_plane_state [drm]] Added [PLANE:36:plane-0] 0000000003bec29e state to 0000000000cc0718
07-22 21:31:11.804 0 0 D : [drm:drm_atomic_get_crtc_state [drm]] Added [CRTC:43:crtc-0] 0000000089471139 state to 0000000000cc0718
07-22 21:31:11.804 0 0 D : [drm:drm_atomic_set_crtc_for_plane [drm]] Link plane state 0000000003bec29e to [CRTC:43:crtc-0]
07-22 21:31:11.804 0 0 D : [drm:drm_atomic_set_fb_for_plane [drm]] Set [FB:78] for plane state 0000000003bec29e
07-22 21:31:11.804 0 0 D : [drm:drm_atomic_check_only [drm]] checking 0000000000cc0718
07-22 21:31:11.804 0 0 D : [drm:dm_update_planes_state [amdgpu]] Disabling DRM plane: 36 on DRM crtc 43
07-22 21:31:11.804 0 0 D : [drm:dm_update_planes_state [amdgpu]] Enabling DRM plane: 36 on DRM crtc 43
07-22 21:31:11.804 0 0 D : [drm:drm_atomic_state_default_clear [drm]] Clearing atomic state 0000000000cc0718
07-22 21:31:11.804 0 0 D : [drm:__drm_atomic_state_free [drm]] Freeing atomic state 0000000000cc0718
07-22 21:31:11.804 0 0 D : [drm:drm_atomic_state_init [drm]] Allocated atomic state 000000004bcad903
07-22 21:31:11.804 0 0 D : [drm:drm_atomic_get_plane_state [drm]] Added [PLANE:36:plane-0] 000000006e75135a state to 000000004bcad903
07-22 21:31:11.804 0 0 D : [drm:drm_atomic_get_crtc_state [drm]] Added [CRTC:43:crtc-0] 00000000f815225a state to 000000004bcad903
07-22 21:31:11.804 0 0 D : [drm:drm_atomic_set_crtc_for_plane [drm]] Link plane state 000000006e75135a to [CRTC:43:crtc-0]
07-22 21:31:11.804 0 0 D : [drm:drm_atomic_set_fb_for_plane [drm]] Set [FB:78] for plane state 000000006e75135a
07-22 21:31:11.804 0 0 D : [drm:drm_atomic_check_only [drm]] checking 000000004bcad903
07-22 21:31:11.804 0 0 D : [drm:dm_update_planes_state [amdgpu]] Disabling DRM plane: 36 on DRM crtc 43
07-22 21:31:11.804 0 0 D : [drm:dm_update_planes_state [amdgpu]] Enabling DRM plane: 36 on DRM crtc 43
07-22 21:31:11.804 0 0 D : [drm:drm_atomic_commit [drm]] committing 000000004bcad903
07-22 21:31:11.804 0 0 D : [drm:amdgpu_dm_atomic_commit_tail [amdgpu]] amdgpu_crtc id:0 crtc_state_flags: enable:1, active:1, planes_changed:1, mode_changed:0,active_changed:0,connectors_changed:0
07-22 21:31:11.805 0 0 D [drm:amdgpu_dm_atomic_commit_tail [amdgpu]] crtc: 0, pflip_stat:AMDGPU_FLIP_SUBMITTED
07-22 21:31:11.817 0 0 D : [drm:dm_pflip_high_irq [amdgpu]] dm_pflip_high_irq - crtc :0[00000000da4e46cc], pflip_stat:AMDGPU_FLIP_NONE
07-22 21:31:11.817 0 0 D : [drm:drm_atomic_state_default_clear [drm]] Clearing atomic state 000000004bcad903
07-22 21:31:11.817 0 0 D : [drm:__drm_atomic_state_free [drm]] Freeing atomic state 000000004bcad903
07-22 21:31:11.820 0 0 D [drm:drm_mode_addfb2 [drm]] [FB: 74]
07-22 21:31:11.820 0 0 D : [drm:drm_atomic_state_init [drm]] Allocated atomic state 00000000529545f7
07-22 21:31:11.820 0 0 D : [drm:drm_atomic_get_plane_state [drm]] Added [PLANE:36:plane-0] 00000000a5f394b6 state to 00000000529545f7
07-22 21:31:11.820 0 0 D : [drm:drm_atomic_get_crtc_state [drm]] Added [CRTC:43:crtc-0] 00000000560244a5 state to 00000000529545f7
07-22 21:31:11.820 0 0 D : [drm:drm_atomic_set_crtc_for_plane [drm]] Link plane state 00000000a5f394b6 to [CRTC:43:crtc-0]
07-22 21:31:11.820 0 0 D : [drm:drm_atomic_set_fb_for_plane [drm]] Set [FB:74] for plane state 00000000a5f394b6
07-22 21:31:11.820 0 0 D : [drm:drm_atomic_check_only [drm]] checking 00000000529545f7
07-22 21:31:11.820 0 0 D : [drm:dm_update_planes_state [amdgpu]] Disabling DRM plane: 36 on DRM crtc 43
07-22 21:31:11.820 0 0 D : [drm:dm_update_planes_state [amdgpu]] Enabling DRM plane: 36 on DRM crtc 43
07-22 21:31:11.820 0 0 D : [drm:drm_atomic_commit [drm]] committing 00000000529545f7
07-22 21:31:11.820 0 0 D : [drm:amdgpu_dm_atomic_commit_tail [amdgpu]] amdgpu_crtc id:0 crtc_state_flags: enable:1, active:1, planes_changed:1, mode_changed:0,active_changed:0,connectors_changed:0
07-22 21:31:11.820 0 0 D [drm:amdgpu_dm_atomic_commit_tail [amdgpu]] crtc: 0, pflip_stat:AMDGPU_FLIP_SUBMITTED
07-22 21:31:11.501 4695 4695 D com.futuremark.dmandroid.SystemController: Pid 4875 no longer found in the running app processes list
07-22 21:31:11.834 0 0 D : [drm:dm_pflip_high_irq [amdgpu]] dm_pflip_high_irq - crtc :0[00000000da4e46cc], pflip_stat:AMDGPU_FLIP_NONE
07-22 21:31:11.834 0 0 D : [drm:drm_atomic_state_default_clear [drm]] Clearing atomic state 00000000529545f7
07-22 21:31:11.834 0 0 D : [drm:__drm_atomic_state_free [drm]] Freeing atomic state 00000000529545f7
07-22 21:31:11.836 0 0 D [drm:drm_mode_addfb2 [drm]] [FB: 78]
07-22 21:31:11.837 0 0 D : [drm:drm_atomic_state_init [drm]] Allocated atomic state 0000000018625455
07-22 21:31:11.837 0 0 D : [drm:drm_atomic_get_plane_state [drm]] Added [PLANE:36:plane-0] 0000000003bec29e state to 0000000018625455
07-22 21:31:11.837 0 0 D : [drm:drm_atomic_get_crtc_state [drm]] Added [CRTC:43:crtc-0] 00000000f815225a state to 0000000018625455
07-22 21:31:11.837 0 0 D : [drm:drm_atomic_set_crtc_for_plane [drm]] Link plane state 0000000003bec29e to [CRTC:43:crtc-0]
07-22 21:31:11.837 0 0 D : [drm:drm_atomic_set_fb_for_plane [drm]] Set [FB:78] for plane state 0000000003bec29e
07-22 21:31:11.837 0 0 D : [drm:drm_atomic_check_only [drm]] checking 0000000018625455
07-22 21:31:11.837 0 0 D : [drm:dm_update_planes_state [amdgpu]] Disabling DRM plane: 36 on DRM crtc 43
07-22 21:31:11.837 0 0 D : [drm:dm_update_planes_state [amdgpu]] Enabling DRM plane: 36 on DRM crtc 43
07-22 21:31:11.837 0 0 D : [drm:drm_atomic_state_default_clear [drm]] Clearing atomic state 0000000018625455
07-22 21:31:11.837 0 0 D : [drm:__drm_atomic_state_free [drm]] Freeing atomic state 0000000018625455
07-22 21:31:11.837 0 0 D : [drm:drm_atomic_state_init [drm]] Allocated atomic state 000000003da4c69d
07-22 21:31:11.837 0 0 D : [drm:drm_atomic_get_plane_state [drm]] Added [PLANE:36:plane-0] 000000001456c12b state to 000000003da4c69d
07-22 21:31:11.837 0 0 D : [drm:drm_atomic_get_crtc_state [drm]] Added [CRTC:43:crtc-0] 000000002b419c2e state to 000000003da4c69d
07-22 21:31:11.837 0 0 D : [drm:drm_atomic_set_crtc_for_plane [drm]] Link plane state 000000001456c12b to [CRTC:43:crtc-0]
07-22 21:31:11.837 0 0 D : [drm:drm_atomic_set_fb_for_plane [drm]] Set [FB:78] for plane state 000000001456c12b
07-22 21:31:11.837 0 0 D : [drm:drm_atomic_check_only [drm]] checking 000000003da4c69d
07-22 21:31:11.837 0 0 D : [drm:dm_update_planes_state [amdgpu]] Disabling DRM plane: 36 on DRM crtc 43
07-22 21:31:11.837 0 0 D : [drm:dm_update_planes_state [amdgpu]] Enabling DRM plane: 36 on DRM crtc 43
07-22 21:31:11.837 0 0 D : [drm:drm_atomic_commit [drm]] committing 000000003da4c69d
07-22 21:31:11.837 0 0 D : [drm:amdgpu_dm_atomic_commit_tail [amdgpu]] amdgpu_crtc id:0 crtc_state_flags: enable:1, active:1, planes_changed:1, mode_changed:0,active_changed:0,connectors_changed:0
07-22 21:31:11.837 0 0 D [drm:amdgpu_dm_atomic_commit_tail [amdgpu]] crtc: 0, pflip_stat:AMDGPU_FLIP_SUBMITTED
07-22 21:31:11.522 2443 2460 W system_server: kill(-4875, 9) failed: No such process
07-22 21:31:11.522 2443 2460 I system_server: Successfully killed process cgroup uid 10090 pid 4875 in 44ms
07-22 21:31:11.851 0 0 D : [drm:dm_pflip_high_irq [amdgpu]] dm_pflip_high_irq - crtc :0[00000000da4e46cc], pflip_stat:AMDGPU_FLIP_NONE
07-22 21:31:11.851 0 0 D : [drm:drm_atomic_state_default_clear [drm]] Clearing atomic state 000000003da4c69d
07-22 21:31:11.851 0 0 D : [drm:__drm_atomic_state_free [drm]] Freeing atomic state 000000003da4c69d
07-22 21:31:11.853 0 0 D [drm:drm_mode_addfb2 [drm]] [FB: 74]
07-22 21:31:11.853 0 0 D : [drm:drm_atomic_state_init [drm]] Allocated atomic state 00000000ee564d6f
07-22 21:31:11.853 0 0 D : [drm:drm_atomic_get_plane_state [drm]] Added [PLANE:36:plane-0] 000000009b7beaac state to 00000000ee564d6f
07-22 21:31:11.853 0 0 D : [drm:drm_atomic_get_crtc_state [drm]] Added [CRTC:43:crtc-0] 0000000067c80328 state to 00000000ee564d6f
07-22 21:31:11.853 0 0 D : [drm:drm_atomic_set_crtc_for_plane [drm]] Link plane state 000000009b7beaac to [CRTC:43:crtc-0]
07-22 21:31:11.853 0 0 D : [drm:drm_atomic_set_fb_for_plane [drm]] Set [FB:74] for plane state 000000009b7beaac
07-22 21:31:11.853 0 0 D : [drm:drm_atomic_check_only [drm]] checking 00000000ee564d6f
07-22 21:31:11.853 0 0 D : [drm:dm_update_planes_state [amdgpu]] Disabling DRM plane: 36 on DRM crtc 43
07-22 21:31:11.853 0 0 D : [drm:dm_update_planes_state [amdgpu]] Enabling DRM plane: 36 on DRM crtc 43
07-22 21:31:11.853 0 0 D : [drm:drm_atomic_state_default_clear [drm]] Clearing atomic state 00000000ee564d6f
07-22 21:31:11.853 0 0 D : [drm:__drm_atomic_state_free [drm]] Freeing atomic state 00000000ee564d6f
07-22 21:31:11.853 0 0 D : [drm:drm_atomic_state_init [drm]] Allocated atomic state 000000005f26ce5d
07-22 21:31:11.853 0 0 D : [drm:drm_atomic_get_plane_state [drm]] Added [PLANE:36:plane-0] 000000002ae2ab47 state to 000000005f26ce5d
07-22 21:31:11.853 0 0 D : [drm:drm_atomic_get_crtc_state [drm]] Added [CRTC:43:crtc-0] 000000004dfe81dd state to 000000005f26ce5d
07-22 21:31:11.853 0 0 D : [drm:drm_atomic_set_crtc_for_plane [drm]] Link plane state 000000002ae2ab47 to [CRTC:43:crtc-0]
07-22 21:31:11.853 0 0 D : [drm:drm_atomic_set_fb_for_plane [drm]] Set [FB:74] for plane state 000000002ae2ab47
07-22 21:31:11.853 0 0 D : [drm:drm_atomic_check_only [drm]] checking 000000005f26ce5d
07-22 21:31:11.853 0 0 D : [drm:dm_update_planes_state [amdgpu]] Disabling DRM plane: 36 on DRM crtc 43
07-22 21:31:11.853 0 0 D : [drm:dm_update_planes_state [amdgpu]] Enabling DRM plane: 36 on DRM crtc 43
07-22 21:31:11.853 0 0 D : [drm:drm_atomic_commit [drm]] committing 000000005f26ce5d
07-22 21:31:11.853 0 0 D : [drm:amdgpu_dm_atomic_commit_tail [amdgpu]] amdgpu_crtc id:0 crtc_state_flags: enable:1, active:1, planes_changed:1, mode_changed:0,active_changed:0,connectors_changed:0
07-22 21:31:11.854 0 0 D [drm:amdgpu_dm_atomic_commit_tail [amdgpu]] crtc: 0, pflip_stat:AMDGPU_FLIP_SUBMITTED
07-22 21:31:11.541 4695 4695 I zygote : Explicit concurrent copying GC freed 10844(1002KB) AllocSpace objects, 3(124KB) LOS objects, 49% free, 7MB/15MB, paused 26us total 39.782ms
07-22 21:31:11.867 0 0 D : [drm:dm_pflip_high_irq [amdgpu]] dm_pflip_high_irq - crtc :0[00000000da4e46cc], pflip_stat:AMDGPU_FLIP_NONE
07-22 21:31:11.867 0 0 D : [drm:drm_atomic_state_default_clear [drm]] Clearing atomic state 000000005f26ce5d
07-22 21:31:11.867 0 0 D : [drm:__drm_atomic_state_free [drm]] Freeing atomic state 000000005f26ce5d
07-22 21:31:11.870 0 0 D [drm:drm_mode_addfb2 [drm]] [FB: 78]
07-22 21:31:11.870 0 0 D : [drm:drm_atomic_state_init [drm]] Allocated atomic state 00000000eaaefb9a
07-22 21:31:11.870 0 0 D : [drm:drm_atomic_get_plane_state [drm]] Added [PLANE:36:plane-0] 000000008cf306f2 state to 00000000eaaefb9a
07-22 21:31:11.870 0 0 D : [drm:drm_atomic_get_crtc_state [drm]] Added [CRTC:43:crtc-0] 000000000a1c2172 state to 00000000eaaefb9a
07-22 21:31:11.870 0 0 D : [drm:drm_atomic_set_crtc_for_plane [drm]] Link plane state 000000008cf306f2 to [CRTC:43:crtc-0]
07-22 21:31:11.870 0 0 D : [drm:drm_atomic_set_fb_for_plane [drm]] Set [FB:78] for plane state 000000008cf306f2
07-22 21:31:11.870 0 0 D : [drm:drm_atomic_check_only [drm]] checking 00000000eaaefb9a
07-22 21:31:11.870 0 0 D : [drm:dm_update_planes_state [amdgpu]] Disabling DRM plane: 36 on DRM crtc 43
07-22 21:31:11.870 0 0 D : [drm:dm_update_planes_state [amdgpu]] Enabling DRM plane: 36 on DRM crtc 43
07-22 21:31:11.870 0 0 D : [drm:drm_atomic_state_default_clear [drm]] Clearing atomic state 00000000eaaefb9a
07-22 21:31:11.870 0 0 D : [drm:__drm_atomic_state_free [drm]] Freeing atomic state 00000000eaaefb9a
07-22 21:31:11.870 0 0 D : [drm:drm_atomic_state_init [drm]] Allocated atomic state 000000005f26ce5d
07-22 21:31:11.870 0 0 D : [drm:drm_atomic_get_plane_state [drm]] Added [PLANE:36:plane-0] 000000003d571887 state to 000000005f26ce5d
07-22 21:31:11.870 0 0 D : [drm:drm_atomic_get_crtc_state [drm]] Added [CRTC:43:crtc-0] 0000000069b853eb state to 000000005f26ce5d
07-22 21:31:11.870 0 0 D : [drm:drm_atomic_set_crtc_for_plane [drm]] Link plane state 000000003d571887 to [CRTC:43:crtc-0]
07-22 21:31:11.870 0 0 D : [drm:drm_atomic_set_fb_for_plane [drm]] Set [FB:78] for plane state 000000003d571887
07-22 21:31:11.870 0 0 D : [drm:drm_atomic_check_only [drm]] checking 000000005f26ce5d
07-22 21:31:11.870 0 0 D : [drm:dm_update_planes_state [amdgpu]] Disabling DRM plane: 36 on DRM crtc 43
07-22 21:31:11.870 0 0 D : [drm:dm_update_planes_state [amdgpu]] Enabling DRM plane: 36 on DRM crtc 43
07-22 21:31:11.870 0 0 D : [drm:drm_atomic_commit [drm]] committing 000000005f26ce5d
07-22 21:31:11.870 0 0 D : [drm:amdgpu_dm_atomic_commit_tail [amdgpu]] amdgpu_crtc id:0 crtc_state_flags: enable:1, active:1, planes_changed:1, mode_changed:0,active_changed:0,connectors_changed:0
07-22 21:31:11.870 0 0 D [drm:amdgpu_dm_atomic_commit_tail [amdgpu]] crtc: 0, pflip_stat:AMDGPU_FLIP_SUBMITTED
07-22 21:31:11.884 0 0 D : [drm:dm_pflip_high_irq [amdgpu]] dm_pflip_high_irq - crtc :0[00000000da4e46cc], pflip_stat:AMDGPU_FLIP_NONE
07-22 21:31:11.884 0 0 D : [drm:drm_atomic_state_default_clear [drm]] Clearing atomic state 000000005f26ce5d
07-22 21:31:11.884 0 0 D : [drm:__drm_atomic_state_free [drm]] Freeing atomic state 000000005f26ce5d
07-22 21:31:11.886 0 0 D [drm:drm_mode_addfb2 [drm]] [FB: 74]
07-22 21:31:11.886 0 0 D : [drm:drm_atomic_state_init [drm]] Allocated atomic state 00000000eaaefb9a
07-22 21:31:11.886 0 0 D : [drm:drm_atomic_get_plane_state [drm]] Added [PLANE:36:plane-0] 00000000b1b7d1ac state to 00000000eaaefb9a
07-22 21:31:11.886 0 0 D : [drm:drm_atomic_get_crtc_state [drm]] Added [CRTC:43:crtc-0] 0000000025dc30ce state to 00000000eaaefb9a
07-22 21:31:11.886 0 0 D : [drm:drm_atomic_set_crtc_for_plane [drm]] Link plane state 00000000b1b7d1ac to [CRTC:43:crtc-0]
07-22 21:31:11.886 0 0 D : [drm:drm_atomic_set_fb_for_plane [drm]] Set [FB:74] for plane state 00000000b1b7d1ac
07-22 21:31:11.886 0 0 D : [drm:drm_atomic_check_only [drm]] checking 00000000eaaefb9a
07-22 21:31:11.887 0 0 D : [drm:dm_update_planes_state [amdgpu]] Disabling DRM plane: 36 on DRM crtc 43
07-22 21:31:11.887 0 0 D : [drm:dm_update_planes_state [amdgpu]] Enabling DRM plane: 36 on DRM crtc 43
07-22 21:31:11.887 0 0 D : [drm:drm_atomic_state_default_clear [drm]] Clearing atomic state 00000000eaaefb9a
07-22 21:31:11.887 0 0 D : [drm:__drm_atomic_state_free [drm]] Freeing atomic state 00000000eaaefb9a
07-22 21:31:11.887 0 0 D : [drm:drm_atomic_state_init [drm]] Allocated atomic state 0000000044e6cc52
07-22 21:31:11.887 0 0 D : [drm:drm_atomic_get_plane_state [drm]] Added [PLANE:36:plane-0] 00000000a1c0a7de state to 0000000044e6cc52
07-22 21:31:11.887 0 0 D : [drm:drm_atomic_get_crtc_state [drm]] Added [CRTC:43:crtc-0] 000000007cc1ffbd state to 0000000044e6cc52
07-22 21:31:11.887 0 0 D : [drm:drm_atomic_set_crtc_for_plane [drm]] Link plane state 00000000a1c0a7de to [CRTC:43:crtc-0]
07-22 21:31:11.887 0 0 D : [drm:drm_atomic_set_fb_for_plane [drm]] Set [FB:74] for plane state 00000000a1c0a7de
07-22 21:31:11.887 0 0 D : [drm:drm_atomic_check_only [drm]] checking 0000000044e6cc52
07-22 21:31:11.887 0 0 D : [drm:dm_update_planes_state [amdgpu]] Disabling DRM plane: 36 on DRM crtc 43
07-22 21:31:11.887 0 0 D : [drm:dm_update_planes_state [amdgpu]] Enabling DRM plane: 36 on DRM crtc 43
07-22 21:31:11.887 0 0 D : [drm:drm_atomic_commit [drm]] committing 0000000044e6cc52
07-22 21:31:11.887 0 0 D : [drm:amdgpu_dm_atomic_commit_tail [amdgpu]] amdgpu_crtc id:0 crtc_state_flags: enable:1, active:1, planes_changed:1, mode_changed:0,active_changed:0,connectors_changed:0
07-22 21:31:11.887 0 0 D [drm:amdgpu_dm_atomic_commit_tail [amdgpu]] crtc: 0, pflip_stat:AMDGPU_FLIP_SUBMITTED
07-22 21:31:11.577 4695 4695 I zygote : Explicit concurrent copying GC freed 300(67KB) AllocSpace objects, 0(0B) LOS objects, 49% free, 7MB/15MB, paused 16us total 35.340ms
07-22 21:31:11.577 4695 4695 I com.futuremark.dmandroid.MonitoringDataManager: addEvent sampleIndex:2, time:0.258s, event:BeginWorkloadInit:FarandoleVulkanC:FarandoleVulkanC:1:0
07-22 21:31:11.577 4695 4695 D com.futuremark.dmandroid.AbstractBmRunFsm: stop monitoring service in stateStartWorkload
07-22 21:31:11.577 4695 4695 D com.futuremark.dmandroid.*hmarkLauncherPresenter: stopping services
