07-22 21:31:20.451 0 0 D : [drm:dm_pflip_high_irq [amdgpu]] dm_pflip_high_irq - crtc :0[00000000da4e46cc], pflip_stat:AMDGPU_FLIP_NONE
07-22 21:31:20.452 0 0 D : [drm:drm_atomic_state_default_clear [drm]] Clearing atomic state 00000000b5900580
07-22 21:31:20.452 0 0 D : [drm:__drm_atomic_state_free [drm]] Freeing atomic state 00000000b5900580
07-22 21:31:20.457 0 0 D [drm:drm_mode_addfb2 [drm]] [FB: 78]
07-22 21:31:20.457 0 0 D : [drm:drm_atomic_state_init [drm]] Allocated atomic state 00000000205d44a6
07-22 21:31:20.457 0 0 D : [drm:drm_atomic_get_plane_state [drm]] Added [PLANE:36:plane-0] 000000004aae3db2 state to 00000000205d44a6
07-22 21:31:20.457 0 0 D : [drm:drm_atomic_get_crtc_state [drm]] Added [CRTC:43:crtc-0] 000000008456eec0 state to 00000000205d44a6
07-22 21:31:20.457 0 0 D : [drm:drm_atomic_set_crtc_for_plane [drm]] Link plane state 000000004aae3db2 to [CRTC:43:crtc-0]
07-22 21:31:20.457 0 0 D : [drm:drm_atomic_set_fb_for_plane [drm]] Set [FB:78] for plane state 000000004aae3db2
07-22 21:31:20.457 0 0 D : [drm:drm_atomic_check_only [drm]] checking 00000000205d44a6
07-22 21:31:20.457 0 0 D : [drm:dm_update_planes_state [amdgpu]] Disabling DRM plane: 36 on DRM crtc 43
07-22 21:31:20.457 0 0 D : [drm:dm_update_planes_state [amdgpu]] Enabling DRM plane: 36 on DRM crtc 43
07-22 21:31:20.457 0 0 D : [drm:drm_atomic_state_default_clear [drm]] Clearing atomic state 00000000205d44a6
07-22 21:31:20.457 0 0 D : [drm:__drm_atomic_state_free [drm]] Freeing atomic state 00000000205d44a6
07-22 21:31:20.457 0 0 D : [drm:drm_atomic_state_init [drm]] Allocated atomic state 00000000205d44a6
07-22 21:31:20.457 0 0 D : [drm:drm_atomic_get_plane_state [drm]] Added [PLANE:36:plane-0] 000000004aae3db2 state to 00000000205d44a6
07-22 21:31:20.457 0 0 D : [drm:drm_atomic_get_crtc_state [drm]] Added [CRTC:43:crtc-0] 000000008ce44070 state to 00000000205d44a6
07-22 21:31:20.457 0 0 D : [drm:drm_atomic_set_crtc_for_plane [drm]] Link plane state 000000004aae3db2 to [CRTC:43:crtc-0]
07-22 21:31:20.457 0 0 D : [drm:drm_atomic_set_fb_for_plane [drm]] Set [FB:78] for plane state 000000004aae3db2
07-22 21:31:20.457 0 0 D : [drm:drm_atomic_check_only [drm]] checking 00000000205d44a6
07-22 21:31:20.457 0 0 D : [drm:dm_update_planes_state [amdgpu]] Disabling DRM plane: 36 on DRM crtc 43
07-22 21:31:20.457 0 0 D : [drm:dm_update_planes_state [amdgpu]] Enabling DRM plane: 36 on DRM crtc 43
07-22 21:31:20.457 0 0 D : [drm:drm_atomic_commit [drm]] committing 00000000205d44a6
07-22 21:31:20.457 0 0 D : [drm:amdgpu_dm_atomic_commit_tail [amdgpu]] amdgpu_crtc id:0 crtc_state_flags: enable:1, active:1, planes_changed:1, mode_changed:0,active_changed:0,connectors_changed:0
07-22 21:31:20.457 0 0 D [drm:amdgpu_dm_atomic_commit_tail [amdgpu]] crtc: 0, pflip_stat:AMDGPU_FLIP_SUBMITTED
07-22 21:31:20.138 2443 2465 I am_activity_launch_time: [0,151609886,com.google.android.gms/.feedback.FeedbackActivity,551,686]
07-22 21:31:20.138 2443 2465 I ActivityManager: Displayed com.google.android.gms/.feedback.FeedbackActivity: +551ms (total +686ms)
07-22 21:31:20.138 2443 4869 W SchedPolicy: add_tid_to_cgroup failed to write '2541' (Permission denied); fd=3
07-22 21:31:20.142 2541 2541 I LatinIME: Starting input. Cursor position = -1,-1
07-22 21:31:20.145 2541 5102 D OpenGLRenderer: HWUI GL Pipeline
07-22 21:31:20.467 0 0 D : [drm:dm_pflip_high_irq [amdgpu]] dm_pflip_high_irq - crtc :0[00000000da4e46cc], pflip_stat:AMDGPU_FLIP_NONE
07-22 21:31:20.467 0 0 D : [drm:drm_atomic_state_default_clear [drm]] Clearing atomic state 00000000205d44a6
07-22 21:31:20.467 0 0 D : [drm:__drm_atomic_state_free [drm]] Freeing atomic state 00000000205d44a6
07-22 21:31:20.470 0 0 D [drm:drm_mode_addfb2 [drm]] [FB: 74]
07-22 21:31:20.470 0 0 D : [drm:drm_atomic_state_init [drm]] Allocated atomic state 00000000a0d8362b
07-22 21:31:20.471 0 0 D : [drm:drm_atomic_get_plane_state [drm]] Added [PLANE:36:plane-0] 0000000055b9b61c state to 00000000a0d8362b
07-22 21:31:20.471 0 0 D : [drm:drm_atomic_get_crtc_state [drm]] Added [CRTC:43:crtc-0] 000000006d29f37b state to 00000000a0d8362b
07-22 21:31:20.471 0 0 D : [drm:drm_atomic_set_crtc_for_plane [drm]] Link plane state 0000000055b9b61c to [CRTC:43:crtc-0]
07-22 21:31:20.471 0 0 D : [drm:drm_atomic_set_fb_for_plane [drm]] Set [FB:74] for plane state 0000000055b9b61c
07-22 21:31:20.471 0 0 D : [drm:drm_atomic_check_only [drm]] checking 00000000a0d8362b
07-22 21:31:20.471 0 0 D : [drm:dm_update_planes_state [amdgpu]] Disabling DRM plane: 36 on DRM crtc 43
07-22 21:31:20.471 0 0 D : [drm:dm_update_planes_state [amdgpu]] Enabling DRM plane: 36 on DRM crtc 43
07-22 21:31:20.471 0 0 D : [drm:drm_atomic_state_default_clear [drm]] Clearing atomic state 00000000a0d8362b
07-22 21:31:20.471 0 0 D : [drm:__drm_atomic_state_free [drm]] Freeing atomic state 00000000a0d8362b
07-22 21:31:20.471 0 0 D : [drm:drm_atomic_state_init [drm]] Allocated atomic state 00000000a0d8362b
07-22 21:31:20.471 0 0 D : [drm:drm_atomic_get_plane_state [drm]] Added [PLANE:36:plane-0] 0000000055b9b61c state to 00000000a0d8362b
07-22 21:31:20.471 0 0 D : [drm:drm_atomic_get_crtc_state [drm]] Added [CRTC:43:crtc-0] 000000009366dd33 state to 00000000a0d8362b
07-22 21:31:20.471 0 0 D : [drm:drm_atomic_set_crtc_for_plane [drm]] Link plane state 0000000055b9b61c to [CRTC:43:crtc-0]
07-22 21:31:20.471 0 0 D : [drm:drm_atomic_set_fb_for_plane [drm]] Set [FB:74] for plane state 0000000055b9b61c
07-22 21:31:20.471 0 0 D : [drm:drm_atomic_check_only [drm]] checking 00000000a0d8362b
07-22 21:31:20.471 0 0 D : [drm:dm_update_planes_state [amdgpu]] Disabling DRM plane: 36 on DRM crtc 43
07-22 21:31:20.471 0 0 D : [drm:dm_update_planes_state [amdgpu]] Enabling DRM plane: 36 on DRM crtc 43
07-22 21:31:20.471 0 0 D : [drm:drm_atomic_commit [drm]] committing 00000000a0d8362b
07-22 21:31:20.471 0 0 D : [drm:amdgpu_dm_atomic_commit_tail [amdgpu]] amdgpu_crtc id:0 crtc_state_flags: enable:1, active:1, planes_changed:1, mode_changed:0,active_changed:0,connectors_changed:0
07-22 21:31:20.471 0 0 D [drm:amdgpu_dm_atomic_commit_tail [amdgpu]] crtc: 0, pflip_stat:AMDGPU_FLIP_SUBMITTED
07-22 21:31:20.149 2443 2492 I WindowManager: Screen frozen for +697ms due to Window{bf013e2 u0 com.google.android.gms/com.google.android.gms.feedback.FeedbackActivity}
07-22 21:31:20.484 0 0 D : [drm:dm_pflip_high_irq [amdgpu]] dm_pflip_high_irq - crtc :0[00000000da4e46cc], pflip_stat:AMDGPU_FLIP_NONE
07-22 21:31:20.484 0 0 D : [drm:drm_atomic_state_default_clear [drm]] Clearing atomic state 00000000a0d8362b
07-22 21:31:20.484 0 0 D : [drm:__drm_atomic_state_free [drm]] Freeing atomic state 00000000a0d8362b
07-22 21:31:20.166 2443 2465 I GRALLOC-GBM: lock bo 0x7b3185ab3200, cnt=0, usage=33
07-22 21:31:20.170 2541 2541 I auditd : type=1400 audit(0.0:841): avc: denied { read } for comm="RenderThread" name="dri" dev="tmpfs" ino=8696 scontext=u:r:untrusted_app_25:s0:c512,c768 tcontext=u:object_r:device:s0 tclass=dir permissive=1
07-22 21:31:20.170 2541 2541 I RenderThread: type=1400 audit(0.0:841): avc: denied { read } for name="dri" dev="tmpfs" ino=8696 scontext=u:r:untrusted_app_25:s0:c512,c768 tcontext=u:object_r:device:s0 tclass=dir permissive=1
07-22 21:31:20.170 2541 5102 D vndksupport: Loading /vendor/lib64/hw/gralloc.gbm.so from current namespace instead of sphal namespace.
07-22 21:31:20.170 2541 2541 I auditd : type=1400 audit(0.0:842): avc: denied { open } for comm="RenderThread" path="/dev/dri" dev="tmpfs" ino=8696 scontext=u:r:untrusted_app_25:s0:c512,c768 tcontext=u:object_r:device:s0 tclass=dir permissive=1
07-22 21:31:20.170 2541 2541 I RenderThread: type=1400 audit(0.0:842): avc: denied { open } for path="/dev/dri" dev="tmpfs" ino=8696 scontext=u:r:untrusted_app_25:s0:c512,c768 tcontext=u:object_r:device:s0 tclass=dir permissive=1
07-22 21:31:20.489 0 0 D [drm:drm_mode_addfb2 [drm]] [FB: 78]
07-22 21:31:20.489 0 0 D : [drm:drm_atomic_state_init [drm]] Allocated atomic state 00000000985c742d
07-22 21:31:20.489 0 0 D : [drm:drm_atomic_get_plane_state [drm]] Added [PLANE:36:plane-0] 000000004aae3db2 state to 00000000985c742d
07-22 21:31:20.489 0 0 D : [drm:drm_atomic_get_crtc_state [drm]] Added [CRTC:43:crtc-0] 0000000042d05269 state to 00000000985c742d
07-22 21:31:20.489 0 0 D : [drm:drm_atomic_set_crtc_for_plane [drm]] Link plane state 000000004aae3db2 to [CRTC:43:crtc-0]
07-22 21:31:20.489 0 0 D : [drm:drm_atomic_set_fb_for_plane [drm]] Set [FB:78] for plane state 000000004aae3db2
07-22 21:31:20.489 0 0 D : [drm:drm_atomic_check_only [drm]] checking 00000000985c742d
07-22 21:31:20.489 0 0 D : [drm:dm_update_planes_state [amdgpu]] Disabling DRM plane: 36 on DRM crtc 43
07-22 21:31:20.489 0 0 D : [drm:dm_update_planes_state [amdgpu]] Enabling DRM plane: 36 on DRM crtc 43
07-22 21:31:20.489 0 0 D : [drm:drm_atomic_state_default_clear [drm]] Clearing atomic state 00000000985c742d
07-22 21:31:20.489 0 0 D : [drm:__drm_atomic_state_free [drm]] Freeing atomic state 00000000985c742d
07-22 21:31:20.489 0 0 D : [drm:drm_atomic_state_init [drm]] Allocated atomic state 000000009a0b521f
07-22 21:31:20.489 0 0 D : [drm:drm_atomic_get_plane_state [drm]] Added [PLANE:36:plane-0] 000000006fe05394 state to 000000009a0b521f
07-22 21:31:20.489 0 0 D : [drm:drm_atomic_get_crtc_state [drm]] Added [CRTC:43:crtc-0] 00000000e38ed42c state to 000000009a0b521f
07-22 21:31:20.489 0 0 D : [drm:drm_atomic_set_crtc_for_plane [drm]] Link plane state 000000006fe05394 to [CRTC:43:crtc-0]
07-22 21:31:20.489 0 0 D : [drm:drm_atomic_set_fb_for_plane [drm]] Set [FB:78] for plane state 000000006fe05394
07-22 21:31:20.489 0 0 D : [drm:drm_atomic_check_only [drm]] checking 000000009a0b521f
07-22 21:31:20.170 2541 2541 I auditd : type=1400 audit(0.0:843): avc: denied { read write } for comm="RenderThread" name="renderD128" dev="tmpfs" ino=8697 scontext=u:r:untrusted_app_25:s0:c512,c768 tcontext=u:object_r:device:s0 tclass=chr_file permissive=1
07-22 21:31:20.489 0 0 D : [drm:dm_update_planes_state [amdgpu]] Disabling DRM plane: 36 on DRM crtc 43
07-22 21:31:20.170 2541 2541 I RenderThread: type=1400 audit(0.0:843): avc: denied { read write } for name="renderD128" dev="tmpfs" ino=8697 scontext=u:r:untrusted_app_25:s0:c512,c768 tcontext=u:object_r:device:s0 tclass=chr_file permissive=1
07-22 21:31:20.489 0 0 D : [drm:dm_update_planes_state [amdgpu]] Enabling DRM plane: 36 on DRM crtc 43
07-22 21:31:20.489 0 0 D : [drm:drm_atomic_commit [drm]] committing 000000009a0b521f
07-22 21:31:20.170 2541 2541 I auditd : type=1400 audit(0.0:844): avc: denied { open } for comm="RenderThread" path="/dev/dri/renderD128" dev="tmpfs" ino=8697 scontext=u:r:untrusted_app_25:s0:c512,c768 tcontext=u:object_r:device:s0 tclass=chr_file permissive=1
07-22 21:31:20.170 2541 2541 I RenderThread: type=1400 audit(0.0:844): avc: denied { open } for path="/dev/dri/renderD128" dev="tmpfs" ino=8697 scontext=u:r:untrusted_app_25:s0:c512,c768 tcontext=u:object_r:device:s0 tclass=chr_file permissive=1
07-22 21:31:20.170 2541 2541 I auditd : type=1400 audit(0.0:845): avc: denied { ioctl } for comm="RenderThread" path="/dev/dri/renderD128" dev="tmpfs" ino=8697 ioctlcmd=0x6400 scontext=u:r:untrusted_app_25:s0:c512,c768 tcontext=u:object_r:device:s0 tclass=chr_file permissive=1
07-22 21:31:20.170 2541 2541 I RenderThread: type=1400 audit(0.0:845): avc: denied { ioctl } for path="/dev/dri/renderD128" dev="tmpfs" ino=8697 ioctlcmd=0x6400 scontext=u:r:untrusted_app_25:s0:c512,c768 tcontext=u:object_r:device:s0 tclass=chr_file permissive=1
07-22 21:31:20.170 2541 2541 I auditd : type=1400 audit(0.0:846): avc: denied { getattr } for comm="RenderThread" path="/dev/dri/renderD128" dev="tmpfs" ino=8697 scontext=u:r:untrusted_app_25:s0:c512,c768 tcontext=u:object_r:device:s0 tclass=chr_file permissive=1
07-22 21:31:20.170 2541 2541 I RenderThread: type=1400 audit(0.0:846): avc: denied { getattr } for path="/dev/dri/renderD128" dev="tmpfs" ino=8697 scontext=u:r:untrusted_app_25:s0:c512,c768 tcontext=u:object_r:device:s0 tclass=chr_file permissive=1
07-22 21:31:20.170 2541 2541 I auditd : type=1400 audit(0.0:847): avc: denied { read } for comm="RenderThread" name="uevent" dev="sysfs" ino=4096 scontext=u:r:untrusted_app_25:s0:c512,c768 tcontext=u:object_r:sysfs:s0 tclass=file permissive=1
07-22 21:31:20.170 2541 2541 I RenderThread: type=1400 audit(0.0:847): avc: denied { read } for name="uevent" dev="sysfs" ino=4096 scontext=u:r:untrusted_app_25:s0:c512,c768 tcontext=u:object_r:sysfs:s0 tclass=file permissive=1
07-22 21:31:20.170 2541 2541 I auditd : type=1400 audit(0.0:848): avc: denied { open } for comm="RenderThread" path="/sys/devices/pci0000:00/0000:00:01.0/0000:01:00.0/uevent" dev="sysfs" ino=4096 scontext=u:r:untrusted_app_25:s0:c512,c768 tcontext=u:object_r:sysfs:s0 tclass=file permissive=1
07-22 21:31:20.170 2541 2541 I RenderThread: type=1400 audit(0.0:848): avc: denied { open } for path="/sys/devices/pci0000:00/0000:00:01.0/0000:01:00.0/uevent" dev="sysfs" ino=4096 scontext=u:r:untrusted_app_25:s0:c512,c768 tcontext=u:object_r:sysfs:s0 tclass=file permissive=1
07-22 21:31:20.170 2541 2541 I auditd : type=1400 audit(0.0:849): avc: denied { getattr } for comm="RenderThread" path="/sys/devices/pci0000:00/0000:00:01.0/0000:01:00.0/uevent" dev="sysfs" ino=4096 scontext=u:r:untrusted_app_25:s0:c512,c768 tcontext=u:object_r:sysfs:s0 tclass=file permissive=1
07-22 21:31:20.170 2541 2541 I RenderThread: type=1400 audit(0.0:849): avc: denied { getattr } for path="/sys/devices/pci0000:00/0000:00:01.0/0000:01:00.0/uevent" dev="sysfs" ino=4096 scontext=u:r:untrusted_app_25:s0:c512,c768 tcontext=u:object_r:sysfs:s0 tclass=file permissive=1
07-22 21:31:20.489 0 0 D : [drm:amdgpu_dm_atomic_commit_tail [amdgpu]] amdgpu_crtc id:0 crtc_state_flags: enable:1, active:1, planes_changed:1, mode_changed:0,active_changed:0,connectors_changed:0
07-22 21:31:20.489 0 0 D [drm:amdgpu_dm_atomic_commit_tail [amdgpu]] crtc: 0, pflip_stat:AMDGPU_FLIP_SUBMITTED
07-22 21:31:20.493 0 0 D : [drm:amdgpu_vm_init [amdgpu]] VM update mode is SDMA
07-22 21:31:20.501 0 0 D : [drm:dm_pflip_high_irq [amdgpu]] dm_pflip_high_irq - crtc :0[00000000da4e46cc], pflip_stat:AMDGPU_FLIP_NONE
07-22 21:31:20.501 0 0 D : [drm:drm_atomic_state_default_clear [drm]] Clearing atomic state 000000009a0b521f
07-22 21:31:20.501 0 0 D : [drm:__drm_atomic_state_free [drm]] Freeing atomic state 000000009a0b521f
07-22 21:31:20.505 0 0 D [drm:drm_mode_addfb2 [drm]] [FB: 74]
07-22 21:31:20.505 0 0 D : [drm:drm_atomic_state_init [drm]] Allocated atomic state 000000002f1bc937
07-22 21:31:20.505 0 0 D : [drm:drm_atomic_get_plane_state [drm]] Added [PLANE:36:plane-0] 00000000d68eed1b state to 000000002f1bc937
07-22 21:31:20.505 0 0 D : [drm:drm_atomic_get_crtc_state [drm]] Added [CRTC:43:crtc-0] 00000000695d5140 state to 000000002f1bc937
07-22 21:31:20.505 0 0 D : [drm:drm_atomic_set_crtc_for_plane [drm]] Link plane state 00000000d68eed1b to [CRTC:43:crtc-0]
07-22 21:31:20.505 0 0 D : [drm:drm_atomic_set_fb_for_plane [drm]] Set [FB:74] for plane state 00000000d68eed1b
07-22 21:31:20.505 0 0 D : [drm:drm_atomic_check_only [drm]] checking 000000002f1bc937
07-22 21:31:20.505 0 0 D : [drm:dm_update_planes_state [amdgpu]] Disabling DRM plane: 36 on DRM crtc 43
07-22 21:31:20.505 0 0 D : [drm:dm_update_planes_state [amdgpu]] Enabling DRM plane: 36 on DRM crtc 43
07-22 21:31:20.505 0 0 D : [drm:drm_atomic_state_default_clear [drm]] Clearing atomic state 000000002f1bc937
07-22 21:31:20.505 0 0 D : [drm:__drm_atomic_state_free [drm]] Freeing atomic state 000000002f1bc937
07-22 21:31:20.505 0 0 D : [drm:drm_atomic_state_init [drm]] Allocated atomic state 000000003e002537
07-22 21:31:20.505 0 0 D : [drm:drm_atomic_get_plane_state [drm]] Added [PLANE:36:plane-0] 00000000b98280f5 state to 000000003e002537
07-22 21:31:20.505 0 0 D : [drm:drm_atomic_get_crtc_state [drm]] Added [CRTC:43:crtc-0] 000000008ce44070 state to 000000003e002537
07-22 21:31:20.505 0 0 D : [drm:drm_atomic_set_crtc_for_plane [drm]] Link plane state 00000000b98280f5 to [CRTC:43:crtc-0]
07-22 21:31:20.505 0 0 D : [drm:drm_atomic_set_fb_for_plane [drm]] Set [FB:74] for plane state 00000000b98280f5
07-22 21:31:20.505 0 0 D : [drm:drm_atomic_check_only [drm]] checking 000000003e002537
07-22 21:31:20.505 0 0 D : [drm:dm_update_planes_state [amdgpu]] Disabling DRM plane: 36 on DRM crtc 43
07-22 21:31:20.505 0 0 D : [drm:dm_update_planes_state [amdgpu]] Enabling DRM plane: 36 on DRM crtc 43
07-22 21:31:20.505 0 0 D : [drm:drm_atomic_commit [drm]] committing 000000003e002537
07-22 21:31:20.505 0 0 D : [drm:amdgpu_dm_atomic_commit_tail [amdgpu]] amdgpu_crtc id:0 crtc_state_flags: enable:1, active:1, planes_changed:1, mode_changed:0,active_changed:0,connectors_changed:0
07-22 21:31:20.505 0 0 D [drm:amdgpu_dm_atomic_commit_tail [amdgpu]] crtc: 0, pflip_stat:AMDGPU_FLIP_SUBMITTED
07-22 21:31:20.517 0 0 D : [drm:dm_pflip_high_irq [amdgpu]] dm_pflip_high_irq - crtc :0[00000000da4e46cc], pflip_stat:AMDGPU_FLIP_NONE
07-22 21:31:20.517 0 0 D : [drm:drm_atomic_state_default_clear [drm]] Clearing atomic state 000000003e002537
07-22 21:31:20.517 0 0 D : [drm:__drm_atomic_state_free [drm]] Freeing atomic state 000000003e002537
07-22 21:31:20.522 0 0 D [drm:drm_mode_addfb2 [drm]] [FB: 78]
07-22 21:31:20.523 0 0 D : [drm:drm_atomic_state_init [drm]] Allocated atomic state 000000003d301f35
07-22 21:31:20.523 0 0 D : [drm:drm_atomic_get_plane_state [drm]] Added [PLANE:36:plane-0] 00000000f52f20bb state to 000000003d301f35
07-22 21:31:20.523 0 0 D : [drm:drm_atomic_get_crtc_state [drm]] Added [CRTC:43:crtc-0] 00000000fad31670 state to 000000003d301f35
07-22 21:31:20.523 0 0 D : [drm:drm_atomic_set_crtc_for_plane [drm]] Link plane state 00000000f52f20bb to [CRTC:43:crtc-0]
07-22 21:31:20.523 0 0 D : [drm:drm_atomic_set_fb_for_plane [drm]] Set [FB:78] for plane state 00000000f52f20bb
07-22 21:31:20.523 0 0 D : [drm:drm_atomic_check_only [drm]] checking 000000003d301f35
07-22 21:31:20.523 0 0 D : [drm:dm_update_planes_state [amdgpu]] Disabling DRM plane: 36 on DRM crtc 43
07-22 21:31:20.523 0 0 D : [drm:dm_update_planes_state [amdgpu]] Enabling DRM plane: 36 on DRM crtc 43
07-22 21:31:20.523 0 0 D : [drm:drm_atomic_state_default_clear [drm]] Clearing atomic state 000000003d301f35
07-22 21:31:20.523 0 0 D : [drm:__drm_atomic_state_free [drm]] Freeing atomic state 000000003d301f35
07-22 21:31:20.523 0 0 D : [drm:drm_atomic_state_init [drm]] Allocated atomic state 000000003d301f35
07-22 21:31:20.523 0 0 D : [drm:drm_atomic_get_plane_state [drm]] Added [PLANE:36:plane-0] 00000000f52f20bb state to 000000003d301f35
07-22 21:31:20.523 0 0 D : [drm:drm_atomic_get_crtc_state [drm]] Added [CRTC:43:crtc-0] 0000000047d54551 state to 000000003d301f35
07-22 21:31:20.523 0 0 D : [drm:drm_atomic_set_crtc_for_plane [drm]] Link plane state 00000000f52f20bb to [CRTC:43:crtc-0]
07-22 21:31:20.523 0 0 D : [drm:drm_atomic_set_fb_for_plane [drm]] Set [FB:78] for plane state 00000000f52f20bb
07-22 21:31:20.523 0 0 D : [drm:drm_atomic_check_only [drm]] checking 000000003d301f35
07-22 21:31:20.523 0 0 D : [drm:dm_update_planes_state [amdgpu]] Disabling DRM plane: 36 on DRM crtc 43
07-22 21:31:20.523 0 0 D : [drm:dm_update_planes_state [amdgpu]] Enabling DRM plane: 36 on DRM crtc 43
07-22 21:31:20.523 0 0 D : [drm:drm_atomic_commit [drm]] committing 000000003d301f35
07-22 21:31:20.523 0 0 D : [drm:amdgpu_dm_atomic_commit_tail [amdgpu]] amdgpu_crtc id:0 crtc_state_flags: enable:1, active:1, planes_changed:1, mode_changed:0,active_changed:0,connectors_changed:0
07-22 21:31:20.523 0 0 D [drm:amdgpu_dm_atomic_commit_tail [amdgpu]] crtc: 0, pflip_stat:AMDGPU_FLIP_SUBMITTED
07-22 21:31:20.204 2541 2541 I auditd : type=1400 audit(0.0:850): avc: denied { read } for comm="RenderThread" name="drm" dev="sysfs" ino=14189 scontext=u:r:untrusted_app_25:s0:c512,c768 tcontext=u:object_r:sysfs:s0 tclass=dir permissive=1
07-22 21:31:20.204 2541 2541 I RenderThread: type=1400 audit(0.0:850): avc: denied { read } for name="drm" dev="sysfs" ino=14189 scontext=u:r:untrusted_app_25:s0:c512,c768 tcontext=u:object_r:sysfs:s0 tclass=dir permissive=1
07-22 21:31:20.204 2541 2541 I auditd : type=1400 audit(0.0:851): avc: denied { open } for comm="RenderThread" path="/sys/devices/pci0000:00/0000:00:01.0/0000:01:00.0/drm" dev="sysfs" ino=14189 scontext=u:r:untrusted_app_25:s0:c512,c768 tcontext=u:object_r:sysfs:s0 tclass=dir permissive=1
07-22 21:31:20.204 2541 2541 I RenderThread: type=1400 audit(0.0:851): avc: denied { open } for path="/sys/devices/pci0000:00/0000:00:01.0/0000:01:00.0/drm" dev="sysfs" ino=14189 scontext=u:r:untrusted_app_25:s0:c512,c768 tcontext=u:object_r:sysfs:s0 tclass=dir permissive=1
07-22 21:31:20.204 2541 5102 I EGL-MAIN: found extension DRI_Core version 2
07-22 21:31:20.204 2541 5102 I EGL-MAIN: found extension DRI_IMAGE_DRIVER version 1
07-22 21:31:20.207 2541 2541 I auditd : type=1400 audit(0.0:852): avc: denied { map } for comm="RenderThread" path="/dev/dri/renderD128" dev="tmpfs" ino=8697 scontext=u:r:untrusted_app_25:s0:c512,c768 tcontext=u:object_r:device:s0 tclass=chr_file permissive=1
07-22 21:31:20.207 2541 2541 I RenderThread: type=1400 audit(0.0:852): avc: denied { map } for path="/dev/dri/renderD128" dev="tmpfs" ino=8697 scontext=u:r:untrusted_app_25:s0:c512,c768 tcontext=u:object_r:device:s0 tclass=chr_file permissive=1
07-22 21:31:20.210 2541 5102 I EGL-MAIN: found extension DRI_TexBuffer version 2
07-22 21:31:20.210 2541 5102 I EGL-MAIN: found extension DRI2_Flush version 4
07-22 21:31:20.210 2541 5102 I EGL-MAIN: found extension DRI_IMAGE version 17
07-22 21:31:20.210 2541 5102 I EGL-MAIN: found extension DRI_IMAGE version 17
07-22 21:31:20.210 2541 5102 I EGL-MAIN: found extension DRI_RENDERER_QUERY version 1
07-22 21:31:20.210 2541 5102 I EGL-MAIN: found extension DRI_CONFIG_QUERY version 1
07-22 21:31:20.210 2541 5102 I EGL-MAIN: found extension DRI2_Fence version 2
07-22 21:31:20.210 2541 5102 I EGL-MAIN: found extension DRI2_Interop version 1
07-22 21:31:20.210 2541 5102 I EGL-MAIN: found extension DRI_Robustness version 1
07-22 21:31:20.210 2541 5102 I EGL-MAIN: found extension DRI_NoError version 1
07-22 21:31:20.212 2541 5102 I com.android.inputmethod.latin: android::hardware::configstore::V1_0::ISurfaceFlingerConfigs::hasWideColorDisplay retrieved: 0
07-22 21:31:20.212 2541 5102 I OpenGLRenderer: Initialized EGL, version 1.4
07-22 21:31:20.211 2313 2313 I auditd : type=1400 audit(0.0:853): avc: denied { ioctl } for comm="vsync" path="/dev/dri/card0" dev="tmpfs" ino=8169 ioctlcmd=0x643a scontext=u:r:surfaceflinger:s0 tcontext=u:object_r:device:s0 tclass=chr_file permissive=1
07-22 21:31:20.211 2313 2313 I vsync : type=1400 audit(0.0:853): avc: denied { ioctl } for path="/dev/dri/card0" dev="tmpfs" ino=8169 ioctlcmd=0x643a scontext=u:r:surfaceflinger:s0 tcontext=u:object_r:device:s0 tclass=chr_file permissive=1
07-22 21:31:20.534 0 0 D : [drm:dm_pflip_high_irq [amdgpu]] dm_pflip_high_irq - crtc :0[00000000da4e46cc], pflip_stat:AMDGPU_FLIP_NONE
07-22 21:31:20.534 0 0 D : [drm:drm_atomic_state_default_clear [drm]] Clearing atomic state 000000003d301f35
07-22 21:31:20.212 2541 5102 D OpenGLRenderer: Swap behavior 2
07-22 21:31:20.534 0 0 D : [drm:__drm_atomic_state_free [drm]] Freeing atomic state 000000003d301f35
07-22 21:31:20.537 0 0 D [drm:drm_mode_addfb2 [drm]] [FB: 74]
07-22 21:31:20.538 0 0 D : [drm:drm_atomic_state_init [drm]] Allocated atomic state 000000007e49c729
07-22 21:31:20.538 0 0 D : [drm:drm_atomic_get_plane_state [drm]] Added [PLANE:36:plane-0] 000000001d94656f state to 000000007e49c729
07-22 21:31:20.538 0 0 D : [drm:drm_atomic_get_crtc_state [drm]] Added [CRTC:43:crtc-0] 00000000605687d5 state to 000000007e49c729
07-22 21:31:20.538 0 0 D : [drm:drm_atomic_set_crtc_for_plane [drm]] Link plane state 000000001d94656f to [CRTC:43:crtc-0]
07-22 21:31:20.538 0 0 D : [drm:drm_atomic_set_fb_for_plane [drm]] Set [FB:74] for plane state 000000001d94656f
07-22 21:31:20.538 0 0 D : [drm:drm_atomic_check_only [drm]] checking 000000007e49c729
07-22 21:31:20.538 0 0 D : [drm:dm_update_planes_state [amdgpu]] Disabling DRM plane: 36 on DRM crtc 43
07-22 21:31:20.538 0 0 D : [drm:dm_update_planes_state [amdgpu]] Enabling DRM plane: 36 on DRM crtc 43
07-22 21:31:20.538 0 0 D : [drm:drm_atomic_state_default_clear [drm]] Clearing atomic state 000000007e49c729
07-22 21:31:20.538 0 0 D : [drm:__drm_atomic_state_free [drm]] Freeing atomic state 000000007e49c729
07-22 21:31:20.538 0 0 D : [drm:drm_atomic_state_init [drm]] Allocated atomic state 000000007e49c729
07-22 21:31:20.538 0 0 D : [drm:drm_atomic_get_plane_state [drm]] Added [PLANE:36:plane-0] 000000001d94656f state to 000000007e49c729
07-22 21:31:20.538 0 0 D : [drm:drm_atomic_get_crtc_state [drm]] Added [CRTC:43:crtc-0] 0000000072a80d06 state to 000000007e49c729
07-22 21:31:20.538 0 0 D : [drm:drm_atomic_set_crtc_for_plane [drm]] Link plane state 000000001d94656f to [CRTC:43:crtc-0]
07-22 21:31:20.538 0 0 D : [drm:drm_atomic_set_fb_for_plane [drm]] Set [FB:74] for plane state 000000001d94656f
07-22 21:31:20.538 0 0 D : [drm:drm_atomic_check_only [drm]] checking 000000007e49c729
07-22 21:31:20.538 0 0 D : [drm:dm_update_planes_state [amdgpu]] Disabling DRM plane: 36 on DRM crtc 43
07-22 21:31:20.538 0 0 D : [drm:dm_update_planes_state [amdgpu]] Enabling DRM plane: 36 on DRM crtc 43
07-22 21:31:20.538 0 0 D : [drm:drm_atomic_commit [drm]] committing 000000007e49c729
07-22 21:31:20.538 0 0 D : [drm:amdgpu_dm_atomic_commit_tail [amdgpu]] amdgpu_crtc id:0 crtc_state_flags: enable:1, active:1, planes_changed:1, mode_changed:0,active_changed:0,connectors_changed:0
07-22 21:31:20.538 0 0 D [drm:amdgpu_dm_atomic_commit_tail [amdgpu]] crtc: 0, pflip_stat:AMDGPU_FLIP_SUBMITTED
07-22 21:31:20.220 2541 5102 D vndksupport: Loading /vendor/lib64/hw/android.hardware.graphics.mapper@2.0-impl.so from current namespace instead of sphal namespace.
07-22 21:31:20.220 2541 5102 D vndksupport: Loading /vendor/lib64/hw/gralloc.gbm.so from current namespace instead of sphal namespace.
07-22 21:31:20.543 0 0 D : [drm:amdgpu_vm_init [amdgpu]] VM update mode is SDMA
07-22 21:31:20.551 0 0 D : [drm:dm_pflip_high_irq [amdgpu]] dm_pflip_high_irq - crtc :0[00000000da4e46cc], pflip_stat:AMDGPU_FLIP_NONE
07-22 21:31:20.551 0 0 D : [drm:drm_atomic_state_default_clear [drm]] Clearing atomic state 000000007e49c729
07-22 21:31:20.551 0 0 D : [drm:__drm_atomic_state_free [drm]] Freeing atomic state 000000007e49c729
07-22 21:31:20.555 0 0 D [drm:drm_mode_addfb2 [drm]] [FB: 78]
07-22 21:31:20.555 0 0 D : [drm:drm_atomic_state_init [drm]] Allocated atomic state 000000007fc8d53a
07-22 21:31:20.555 0 0 D : [drm:drm_atomic_get_plane_state [drm]] Added [PLANE:36:plane-0] 0000000051240f5c state to 000000007fc8d53a
07-22 21:31:20.555 0 0 D : [drm:drm_atomic_get_crtc_state [drm]] Added [CRTC:43:crtc-0] 0000000000434b3b state to 000000007fc8d53a
07-22 21:31:20.555 0 0 D : [drm:drm_atomic_set_crtc_for_plane [drm]] Link plane state 0000000051240f5c to [CRTC:43:crtc-0]
07-22 21:31:20.556 0 0 D : [drm:drm_atomic_set_fb_for_plane [drm]] Set [FB:78] for plane state 0000000051240f5c
07-22 21:31:20.556 0 0 D : [drm:drm_atomic_check_only [drm]] checking 000000007fc8d53a
07-22 21:31:20.556 0 0 D : [drm:dm_update_planes_state [amdgpu]] Disabling DRM plane: 36 on DRM crtc 43
07-22 21:31:20.556 0 0 D : [drm:dm_update_planes_state [amdgpu]] Enabling DRM plane: 36 on DRM crtc 43
07-22 21:31:20.556 0 0 D : [drm:drm_atomic_state_default_clear [drm]] Clearing atomic state 000000007fc8d53a
07-22 21:31:20.556 0 0 D : [drm:__drm_atomic_state_free [drm]] Freeing atomic state 000000007fc8d53a
07-22 21:31:20.556 0 0 D : [drm:drm_atomic_state_init [drm]] Allocated atomic state 000000007fc8d53a
07-22 21:31:20.556 0 0 D : [drm:drm_atomic_get_plane_state [drm]] Added [PLANE:36:plane-0] 0000000051240f5c state to 000000007fc8d53a
07-22 21:31:20.556 0 0 D : [drm:drm_atomic_get_crtc_state [drm]] Added [CRTC:43:crtc-0] 000000005ae0b157 state to 000000007fc8d53a
07-22 21:31:20.556 0 0 D : [drm:drm_atomic_set_crtc_for_plane [drm]] Link plane state 0000000051240f5c to [CRTC:43:crtc-0]
07-22 21:31:20.556 0 0 D : [drm:drm_atomic_set_fb_for_plane [drm]] Set [FB:78] for plane state 0000000051240f5c
07-22 21:31:20.556 0 0 D : [drm:drm_atomic_check_only [drm]] checking 000000007fc8d53a
07-22 21:31:20.556 0 0 D : [drm:dm_update_planes_state [amdgpu]] Disabling DRM plane: 36 on DRM crtc 43
07-22 21:31:20.556 0 0 D : [drm:dm_update_planes_state [amdgpu]] Enabling DRM plane: 36 on DRM crtc 43
07-22 21:31:20.556 0 0 D : [drm:drm_atomic_commit [drm]] committing 000000007fc8d53a
07-22 21:31:20.556 0 0 D : [drm:amdgpu_dm_atomic_commit_tail [amdgpu]] amdgpu_crtc id:0 crtc_state_flags: enable:1, active:1, planes_changed:1, mode_changed:0,active_changed:0,connectors_changed:0
07-22 21:31:20.556 0 0 D [drm:amdgpu_dm_atomic_commit_tail [amdgpu]] crtc: 0, pflip_stat:AMDGPU_FLIP_SUBMITTED
07-22 21:31:20.567 0 0 D : [drm:dm_pflip_high_irq [amdgpu]] dm_pflip_high_irq - crtc :0[00000000da4e46cc], pflip_stat:AMDGPU_FLIP_NONE
07-22 21:31:20.567 0 0 D : [drm:drm_atomic_state_default_clear [drm]] Clearing atomic state 000000007fc8d53a
07-22 21:31:20.567 0 0 D : [drm:__drm_atomic_state_free [drm]] Freeing atomic state 000000007fc8d53a
07-22 21:31:20.574 0 0 D [drm:drm_mode_addfb2 [drm]] [FB: 74]
07-22 21:31:20.575 0 0 D : [drm:drm_atomic_state_init [drm]] Allocated atomic state 0000000019b95043
07-22 21:31:20.575 0 0 D : [drm:drm_atomic_get_plane_state [drm]] Added [PLANE:36:plane-0] 00000000d60dc156 state to 0000000019b95043
07-22 21:31:20.575 0 0 D : [drm:drm_atomic_get_crtc_state [drm]] Added [CRTC:43:crtc-0] 0000000069b853eb state to 0000000019b95043
07-22 21:31:20.575 0 0 D : [drm:drm_atomic_set_crtc_for_plane [drm]] Link plane state 00000000d60dc156 to [CRTC:43:crtc-0]
07-22 21:31:20.575 0 0 D : [drm:drm_atomic_set_fb_for_plane [drm]] Set [FB:74] for plane state 00000000d60dc156
07-22 21:31:20.575 0 0 D : [drm:drm_atomic_check_only [drm]] checking 0000000019b95043
07-22 21:31:20.575 0 0 D : [drm:dm_update_planes_state [amdgpu]] Disabling DRM plane: 36 on DRM crtc 43
07-22 21:31:20.575 0 0 D : [drm:dm_update_planes_state [amdgpu]] Enabling DRM plane: 36 on DRM crtc 43
07-22 21:31:20.575 0 0 D : [drm:drm_atomic_state_default_clear [drm]] Clearing atomic state 0000000019b95043
07-22 21:31:20.575 0 0 D : [drm:__drm_atomic_state_free [drm]] Freeing atomic state 0000000019b95043
07-22 21:31:20.575 0 0 D : [drm:drm_atomic_state_init [drm]] Allocated atomic state 0000000019b95043
07-22 21:31:20.575 0 0 D : [drm:drm_atomic_get_plane_state [drm]] Added [PLANE:36:plane-0] 00000000d60dc156 state to 0000000019b95043
07-22 21:31:20.575 0 0 D : [drm:drm_atomic_get_crtc_state [drm]] Added [CRTC:43:crtc-0] 0000000046c9e48e state to 0000000019b95043
07-22 21:31:20.575 0 0 D : [drm:drm_atomic_set_crtc_for_plane [drm]] Link plane state 00000000d60dc156 to [CRTC:43:crtc-0]
07-22 21:31:20.575 0 0 D : [drm:drm_atomic_set_fb_for_plane [drm]] Set [FB:74] for plane state 00000000d60dc156
07-22 21:31:20.575 0 0 D : [drm:drm_atomic_check_only [drm]] checking 0000000019b95043
07-22 21:31:20.576 0 0 D : [drm:dm_update_planes_state [amdgpu]] Disabling DRM plane: 36 on DRM crtc 43
07-22 21:31:20.576 0 0 D : [drm:dm_update_planes_state [amdgpu]] Enabling DRM plane: 36 on DRM crtc 43
07-22 21:31:20.576 0 0 D : [drm:drm_atomic_commit [drm]] committing 0000000019b95043
07-22 21:31:20.576 0 0 D : [drm:amdgpu_dm_atomic_commit_tail [amdgpu]] amdgpu_crtc id:0 crtc_state_flags: enable:1, active:1, planes_changed:1, mode_changed:0,active_changed:0,connectors_changed:0
07-22 21:31:20.576 0 0 D [drm:amdgpu_dm_atomic_commit_tail [amdgpu]] crtc: 0, pflip_stat:AMDGPU_FLIP_SUBMITTED
07-22 21:31:20.584 0 0 D : [drm:dm_pflip_high_irq [amdgpu]] dm_pflip_high_irq - crtc :0[00000000da4e46cc], pflip_stat:AMDGPU_FLIP_NONE
07-22 21:31:20.584 0 0 D : [drm:drm_atomic_state_default_clear [drm]] Clearing atomic state 0000000019b95043
07-22 21:31:20.584 0 0 D : [drm:__drm_atomic_state_free [drm]] Freeing atomic state 0000000019b95043
07-22 21:31:20.588 0 0 D [drm:drm_mode_addfb2 [drm]] [FB: 78]
07-22 21:31:20.588 0 0 D : [drm:drm_atomic_state_init [drm]] Allocated atomic state 00000000775c0ef2
07-22 21:31:20.588 0 0 D : [drm:drm_atomic_get_plane_state [drm]] Added [PLANE:36:plane-0] 0000000051240f5c state to 00000000775c0ef2
07-22 21:31:20.588 0 0 D : [drm:drm_atomic_get_crtc_state [drm]] Added [CRTC:43:crtc-0] 000000005ae0b157 state to 00000000775c0ef2
07-22 21:31:20.588 0 0 D : [drm:drm_atomic_set_crtc_for_plane [drm]] Link plane state 0000000051240f5c to [CRTC:43:crtc-0]
07-22 21:31:20.588 0 0 D : [drm:drm_atomic_set_fb_for_plane [drm]] Set [FB:78] for plane state 0000000051240f5c
07-22 21:31:20.588 0 0 D : [drm:drm_atomic_check_only [drm]] checking 00000000775c0ef2
07-22 21:31:20.588 0 0 D : [drm:dm_update_planes_state [amdgpu]] Disabling DRM plane: 36 on DRM crtc 43
07-22 21:31:20.588 0 0 D : [drm:dm_update_planes_state [amdgpu]] Enabling DRM plane: 36 on DRM crtc 43
07-22 21:31:20.588 0 0 D : [drm:drm_atomic_state_default_clear [drm]] Clearing atomic state 00000000775c0ef2
07-22 21:31:20.588 0 0 D : [drm:__drm_atomic_state_free [drm]] Freeing atomic state 00000000775c0ef2
07-22 21:31:20.588 0 0 D : [drm:drm_atomic_state_init [drm]] Allocated atomic state 00000000775c0ef2
07-22 21:31:20.588 0 0 D : [drm:drm_atomic_get_plane_state [drm]] Added [PLANE:36:plane-0] 0000000051240f5c state to 00000000775c0ef2
07-22 21:31:20.588 0 0 D : [drm:drm_atomic_get_crtc_state [drm]] Added [CRTC:43:crtc-0] 0000000049b40f80 state to 00000000775c0ef2
07-22 21:31:20.588 0 0 D : [drm:drm_atomic_set_crtc_for_plane [drm]] Link plane state 0000000051240f5c to [CRTC:43:crtc-0]
07-22 21:31:20.588 0 0 D : [drm:drm_atomic_set_fb_for_plane [drm]] Set [FB:78] for plane state 0000000051240f5c
07-22 21:31:20.588 0 0 D : [drm:drm_atomic_check_only [drm]] checking 00000000775c0ef2
07-22 21:31:20.588 0 0 D : [drm:dm_update_planes_state [amdgpu]] Disabling DRM plane: 36 on DRM crtc 43
07-22 21:31:20.588 0 0 D : [drm:dm_update_planes_state [amdgpu]] Enabling DRM plane: 36 on DRM crtc 43
07-22 21:31:20.588 0 0 D : [drm:drm_atomic_commit [drm]] committing 00000000775c0ef2
07-22 21:31:20.588 0 0 D : [drm:amdgpu_dm_atomic_commit_tail [amdgpu]] amdgpu_crtc id:0 crtc_state_flags: enable:1, active:1, planes_changed:1, mode_changed:0,active_changed:0,connectors_changed:0
07-22 21:31:20.588 0 0 D [drm:amdgpu_dm_atomic_commit_tail [amdgpu]] crtc: 0, pflip_stat:AMDGPU_FLIP_SUBMITTED
07-22 21:31:20.601 0 0 D : [drm:dm_pflip_high_irq [amdgpu]] dm_pflip_high_irq - crtc :0[00000000da4e46cc], pflip_stat:AMDGPU_FLIP_NONE
07-22 21:31:20.601 0 0 D : [drm:drm_atomic_state_default_clear [drm]] Clearing atomic state 00000000775c0ef2
07-22 21:31:20.601 0 0 D : [drm:__drm_atomic_state_free [drm]] Freeing atomic state 00000000775c0ef2
07-22 21:31:20.604 0 0 D [drm:drm_mode_addfb2 [drm]] [FB: 74]
07-22 21:31:20.605 0 0 D : [drm:drm_atomic_state_init [drm]] Allocated atomic state 0000000088293a22
07-22 21:31:20.605 0 0 D : [drm:drm_atomic_get_plane_state [drm]] Added [PLANE:36:plane-0] 000000004a154e4a state to 0000000088293a22
07-22 21:31:20.605 0 0 D : [drm:drm_atomic_get_crtc_state [drm]] Added [CRTC:43:crtc-0] 00000000699c4bc8 state to 0000000088293a22
07-22 21:31:20.605 0 0 D : [drm:drm_atomic_set_crtc_for_plane [drm]] Link plane state 000000004a154e4a to [CRTC:43:crtc-0]
07-22 21:31:20.605 0 0 D : [drm:drm_atomic_set_fb_for_plane [drm]] Set [FB:74] for plane state 000000004a154e4a
07-22 21:31:20.605 0 0 D : [drm:drm_atomic_check_only [drm]] checking 0000000088293a22
07-22 21:31:20.605 0 0 D : [drm:dm_update_planes_state [amdgpu]] Disabling DRM plane: 36 on DRM crtc 43
07-22 21:31:20.605 0 0 D : [drm:dm_update_planes_state [amdgpu]] Enabling DRM plane: 36 on DRM crtc 43
07-22 21:31:20.605 0 0 D : [drm:drm_atomic_state_default_clear [drm]] Clearing atomic state 0000000088293a22
07-22 21:31:20.605 0 0 D : [drm:__drm_atomic_state_free [drm]] Freeing atomic state 0000000088293a22
07-22 21:31:20.605 0 0 D : [drm:drm_atomic_state_init [drm]] Allocated atomic state 0000000088293a22
07-22 21:31:20.605 0 0 D : [drm:drm_atomic_get_plane_state [drm]] Added [PLANE:36:plane-0] 000000004a154e4a state to 0000000088293a22
07-22 21:31:20.605 0 0 D : [drm:drm_atomic_get_crtc_state [drm]] Added [CRTC:43:crtc-0] 00000000e201184d state to 0000000088293a22
07-22 21:31:20.605 0 0 D : [drm:drm_atomic_set_crtc_for_plane [drm]] Link plane state 000000004a154e4a to [CRTC:43:crtc-0]
07-22 21:31:20.605 0 0 D : [drm:drm_atomic_set_fb_for_plane [drm]] Set [FB:74] for plane state 000000004a154e4a
07-22 21:31:20.605 0 0 D : [drm:drm_atomic_check_only [drm]] checking 0000000088293a22
07-22 21:31:20.605 0 0 D : [drm:dm_update_planes_state [amdgpu]] Disabling DRM plane: 36 on DRM crtc 43
07-22 21:31:20.605 0 0 D : [drm:dm_update_planes_state [amdgpu]] Enabling DRM plane: 36 on DRM crtc 43
07-22 21:31:20.605 0 0 D : [drm:drm_atomic_commit [drm]] committing 0000000088293a22
07-22 21:31:20.605 0 0 D : [drm:amdgpu_dm_atomic_commit_tail [amdgpu]] amdgpu_crtc id:0 crtc_state_flags: enable:1, active:1, planes_changed:1, mode_changed:0,active_changed:0,connectors_changed:0
07-22 21:31:20.605 0 0 D [drm:amdgpu_dm_atomic_commit_tail [amdgpu]] crtc: 0, pflip_stat:AMDGPU_FLIP_SUBMITTED
07-22 21:31:20.617 0 0 D : [drm:dm_pflip_high_irq [amdgpu]] dm_pflip_high_irq - crtc :0[00000000da4e46cc], pflip_stat:AMDGPU_FLIP_NONE
07-22 21:31:20.617 0 0 D : [drm:drm_atomic_state_default_clear [drm]] Clearing atomic state 0000000088293a22
07-22 21:31:20.617 0 0 D : [drm:__drm_atomic_state_free [drm]] Freeing atomic state 0000000088293a22
07-22 21:31:20.620 0 0 D [drm:drm_mode_addfb2 [drm]] [FB: 78]
07-22 21:31:20.621 0 0 D : [drm:drm_atomic_state_init [drm]] Allocated atomic state 00000000fbf42d46
07-22 21:31:20.621 0 0 D : [drm:drm_atomic_get_plane_state [drm]] Added [PLANE:36:plane-0] 0000000080007c73 state to 00000000fbf42d46
07-22 21:31:20.621 0 0 D : [drm:drm_atomic_get_crtc_state [drm]] Added [CRTC:43:crtc-0] 0000000025dc30ce state to 00000000fbf42d46
07-22 21:31:20.621 0 0 D : [drm:drm_atomic_set_crtc_for_plane [drm]] Link plane state 0000000080007c73 to [CRTC:43:crtc-0]
07-22 21:31:20.621 0 0 D : [drm:drm_atomic_set_fb_for_plane [drm]] Set [FB:78] for plane state 0000000080007c73
07-22 21:31:20.621 0 0 D : [drm:drm_atomic_check_only [drm]] checking 00000000fbf42d46
07-22 21:31:20.621 0 0 D : [drm:dm_update_planes_state [amdgpu]] Disabling DRM plane: 36 on DRM crtc 43
07-22 21:31:20.621 0 0 D : [drm:dm_update_planes_state [amdgpu]] Enabling DRM plane: 36 on DRM crtc 43
07-22 21:31:20.621 0 0 D : [drm:drm_atomic_state_default_clear [drm]] Clearing atomic state 00000000fbf42d46
07-22 21:31:20.621 0 0 D : [drm:__drm_atomic_state_free [drm]] Freeing atomic state 00000000fbf42d46
07-22 21:31:20.621 0 0 D : [drm:drm_atomic_state_init [drm]] Allocated atomic state 00000000fbf42d46
07-22 21:31:20.621 0 0 D : [drm:drm_atomic_get_plane_state [drm]] Added [PLANE:36:plane-0] 0000000080007c73 state to 00000000fbf42d46
07-22 21:31:20.621 0 0 D : [drm:drm_atomic_get_crtc_state [drm]] Added [CRTC:43:crtc-0] 000000002b419c2e state to 00000000fbf42d46
07-22 21:31:20.621 0 0 D : [drm:drm_atomic_set_crtc_for_plane [drm]] Link plane state 0000000080007c73 to [CRTC:43:crtc-0]
07-22 21:31:20.621 0 0 D : [drm:drm_atomic_set_fb_for_plane [drm]] Set [FB:78] for plane state 0000000080007c73
07-22 21:31:20.621 0 0 D : [drm:drm_atomic_check_only [drm]] checking 00000000fbf42d46
07-22 21:31:20.621 0 0 D : [drm:dm_update_planes_state [amdgpu]] Disabling DRM plane: 36 on DRM crtc 43
07-22 21:31:20.621 0 0 D : [drm:dm_update_planes_state [amdgpu]] Enabling DRM plane: 36 on DRM crtc 43
07-22 21:31:20.621 0 0 D : [drm:drm_atomic_commit [drm]] committing 00000000fbf42d46
07-22 21:31:20.621 0 0 D : [drm:amdgpu_dm_atomic_commit_tail [amdgpu]] amdgpu_crtc id:0 crtc_state_flags: enable:1, active:1, planes_changed:1, mode_changed:0,active_changed:0,connectors_changed:0
07-22 21:31:20.621 0 0 D [drm:amdgpu_dm_atomic_commit_tail [amdgpu]] crtc: 0, pflip_stat:AMDGPU_FLIP_SUBMITTED
07-22 21:31:20.634 0 0 D : [drm:dm_pflip_high_irq [amdgpu]] dm_pflip_high_irq - crtc :0[00000000da4e46cc], pflip_stat:AMDGPU_FLIP_NONE
07-22 21:31:20.634 0 0 D : [drm:drm_atomic_state_default_clear [drm]] Clearing atomic state 00000000fbf42d46
07-22 21:31:20.634 0 0 D : [drm:__drm_atomic_state_free [drm]] Freeing atomic state 00000000fbf42d46
07-22 21:31:20.637 0 0 D [drm:drm_mode_addfb2 [drm]] [FB: 74]
07-22 21:31:20.637 0 0 D : [drm:drm_atomic_state_init [drm]] Allocated atomic state 000000003e002537
07-22 21:31:20.637 0 0 D : [drm:drm_atomic_get_plane_state [drm]] Added [PLANE:36:plane-0] 000000008c53cfa7 state to 000000003e002537
07-22 21:31:20.637 0 0 D : [drm:drm_atomic_get_crtc_state [drm]] Added [CRTC:43:crtc-0] 000000001898b5ec state to 000000003e002537
07-22 21:31:20.637 0 0 D : [drm:drm_atomic_set_crtc_for_plane [drm]] Link plane state 000000008c53cfa7 to [CRTC:43:crtc-0]
07-22 21:31:20.637 0 0 D : [drm:drm_atomic_set_fb_for_plane [drm]] Set [FB:74] for plane state 000000008c53cfa7
07-22 21:31:20.637 0 0 D : [drm:drm_atomic_check_only [drm]] checking 000000003e002537
07-22 21:31:20.637 0 0 D : [drm:dm_update_planes_state [amdgpu]] Disabling DRM plane: 36 on DRM crtc 43
07-22 21:31:20.637 0 0 D : [drm:dm_update_planes_state [amdgpu]] Enabling DRM plane: 36 on DRM crtc 43
07-22 21:31:20.638 0 0 D : [drm:drm_atomic_state_default_clear [drm]] Clearing atomic state 000000003e002537
07-22 21:31:20.638 0 0 D : [drm:__drm_atomic_state_free [drm]] Freeing atomic state 000000003e002537
07-22 21:31:20.638 0 0 D : [drm:drm_atomic_state_init [drm]] Allocated atomic state 000000003e002537
07-22 21:31:20.638 0 0 D : [drm:drm_atomic_get_plane_state [drm]] Added [PLANE:36:plane-0] 000000008c53cfa7 state to 000000003e002537
07-22 21:31:20.638 0 0 D : [drm:drm_atomic_get_crtc_state [drm]] Added [CRTC:43:crtc-0] 000000001898b5ec state to 000000003e002537
07-22 21:31:20.638 0 0 D : [drm:drm_atomic_set_crtc_for_plane [drm]] Link plane state 000000008c53cfa7 to [CRTC:43:crtc-0]
07-22 21:31:20.638 0 0 D : [drm:drm_atomic_set_fb_for_plane [drm]] Set [FB:74] for plane state 000000008c53cfa7
07-22 21:31:20.638 0 0 D : [drm:drm_atomic_check_only [drm]] checking 000000003e002537
07-22 21:31:20.638 0 0 D : [drm:dm_update_planes_state [amdgpu]] Disabling DRM plane: 36 on DRM crtc 43
07-22 21:31:20.638 0 0 D : [drm:dm_update_planes_state [amdgpu]] Enabling DRM plane: 36 on DRM crtc 43
07-22 21:31:20.638 0 0 D : [drm:drm_atomic_commit [drm]] committing 000000003e002537
07-22 21:31:20.638 0 0 D : [drm:amdgpu_dm_atomic_commit_tail [amdgpu]] amdgpu_crtc id:0 crtc_state_flags: enable:1, active:1, planes_changed:1, mode_changed:0,active_changed:0,connectors_changed:0
07-22 21:31:20.638 0 0 D [drm:amdgpu_dm_atomic_commit_tail [amdgpu]] crtc: 0, pflip_stat:AMDGPU_FLIP_SUBMITTED
07-22 21:31:20.325 2443 2593 W SchedPolicy: add_tid_to_cgroup failed to write '3182' (Permission denied); fd=3
07-22 21:31:20.326 2443 2593 W SchedPolicy: add_tid_to_cgroup failed to write '3182' (Permission denied); fd=25
07-22 21:31:20.327 2443 2454 W SchedPolicy: add_tid_to_cgroup failed to write '3182' (Permission denied); fd=3
07-22 21:31:20.327 2443 2454 W SchedPolicy: add_tid_to_cgroup failed to write '3182' (Permission denied); fd=25
07-22 21:31:20.651 0 0 D : [drm:dm_pflip_high_irq [amdgpu]] dm_pflip_high_irq - crtc :0[00000000da4e46cc], pflip_stat:AMDGPU_FLIP_NONE
07-22 21:31:20.651 0 0 D : [drm:drm_atomic_state_default_clear [drm]] Clearing atomic state 000000003e002537
07-22 21:31:20.651 0 0 D : [drm:__drm_atomic_state_free [drm]] Freeing atomic state 000000003e002537
07-22 21:31:20.329 2443 2593 W SchedPolicy: add_tid_to_cgroup failed to write '3182' (Permission denied); fd=3
07-22 21:31:20.653 0 0 D [drm:drm_mode_addfb2 [drm]] [FB: 78]
07-22 21:31:20.653 0 0 D : [drm:drm_atomic_state_init [drm]] Allocated atomic state 000000006bdc3828
07-22 21:31:20.653 0 0 D : [drm:drm_atomic_get_plane_state [drm]] Added [PLANE:36:plane-0] 000000002099a9da state to 000000006bdc3828
07-22 21:31:20.653 0 0 D : [drm:drm_atomic_get_crtc_state [drm]] Added [CRTC:43:crtc-0] 00000000558bf304 state to 000000006bdc3828
07-22 21:31:20.653 0 0 D : [drm:drm_atomic_set_crtc_for_plane [drm]] Link plane state 000000002099a9da to [CRTC:43:crtc-0]
07-22 21:31:20.653 0 0 D : [drm:drm_atomic_set_fb_for_plane [drm]] Set [FB:78] for plane state 000000002099a9da
07-22 21:31:20.653 0 0 D : [drm:drm_atomic_check_only [drm]] checking 000000006bdc3828
07-22 21:31:20.654 0 0 D : [drm:dm_update_planes_state [amdgpu]] Disabling DRM plane: 36 on DRM crtc 43
07-22 21:31:20.654 0 0 D : [drm:dm_update_planes_state [amdgpu]] Enabling DRM plane: 36 on DRM crtc 43
07-22 21:31:20.654 0 0 D : [drm:drm_atomic_state_default_clear [drm]] Clearing atomic state 000000006bdc3828
07-22 21:31:20.654 0 0 D : [drm:__drm_atomic_state_free [drm]] Freeing atomic state 000000006bdc3828
07-22 21:31:20.654 0 0 D : [drm:drm_atomic_state_init [drm]] Allocated atomic state 000000006bdc3828
07-22 21:31:20.654 0 0 D : [drm:drm_atomic_get_plane_state [drm]] Added [PLANE:36:plane-0] 000000002099a9da state to 000000006bdc3828
07-22 21:31:20.654 0 0 D : [drm:drm_atomic_get_crtc_state [drm]] Added [CRTC:43:crtc-0] 00000000fe2982c6 state to 000000006bdc3828
07-22 21:31:20.654 0 0 D : [drm:drm_atomic_set_crtc_for_plane [drm]] Link plane state 000000002099a9da to [CRTC:43:crtc-0]
07-22 21:31:20.654 0 0 D : [drm:drm_atomic_set_fb_for_plane [drm]] Set [FB:78] for plane state 000000002099a9da
07-22 21:31:20.654 0 0 D : [drm:drm_atomic_check_only [drm]] checking 000000006bdc3828
07-22 21:31:20.654 0 0 D : [drm:dm_update_planes_state [amdgpu]] Disabling DRM plane: 36 on DRM crtc 43
07-22 21:31:20.654 0 0 D : [drm:dm_update_planes_state [amdgpu]] Enabling DRM plane: 36 on DRM crtc 43
07-22 21:31:20.654 0 0 D : [drm:drm_atomic_commit [drm]] committing 000000006bdc3828
07-22 21:31:20.654 0 0 D : [drm:amdgpu_dm_atomic_commit_tail [amdgpu]] amdgpu_crtc id:0 crtc_state_flags: enable:1, active:1, planes_changed:1, mode_changed:0,active_changed:0,connectors_changed:0
07-22 21:31:20.654 0 0 D [drm:amdgpu_dm_atomic_commit_tail [amdgpu]] crtc: 0, pflip_stat:AMDGPU_FLIP_SUBMITTED
07-22 21:31:20.334 2443 2593 W SchedPolicy: add_tid_to_cgroup failed to write '3182' (Permission denied); fd=25
07-22 21:31:20.667 0 0 D : [drm:dm_pflip_high_irq [amdgpu]] dm_pflip_high_irq - crtc :0[00000000da4e46cc], pflip_stat:AMDGPU_FLIP_NONE
07-22 21:31:20.667 0 0 D : [drm:drm_atomic_state_default_clear [drm]] Clearing atomic state 000000006bdc3828
07-22 21:31:20.667 0 0 D : [drm:__drm_atomic_state_free [drm]] Freeing atomic state 000000006bdc3828
07-22 21:31:20.670 0 0 D [drm:drm_mode_addfb2 [drm]] [FB: 74]
07-22 21:31:20.670 0 0 D : [drm:drm_atomic_state_init [drm]] Allocated atomic state 000000001ba98fad
07-22 21:31:20.670 0 0 D : [drm:drm_atomic_get_plane_state [drm]] Added [PLANE:36:plane-0] 00000000219c92f9 state to 000000001ba98fad
07-22 21:31:20.670 0 0 D : [drm:drm_atomic_get_crtc_state [drm]] Added [CRTC:43:crtc-0] 00000000605687d5 state to 000000001ba98fad
07-22 21:31:20.670 0 0 D : [drm:drm_atomic_set_crtc_for_plane [drm]] Link plane state 00000000219c92f9 to [CRTC:43:crtc-0]
07-22 21:31:20.670 0 0 D : [drm:drm_atomic_set_fb_for_plane [drm]] Set [FB:74] for plane state 00000000219c92f9
07-22 21:31:20.670 0 0 D : [drm:drm_atomic_check_only [drm]] checking 000000001ba98fad
07-22 21:31:20.670 0 0 D : [drm:dm_update_planes_state [amdgpu]] Disabling DRM plane: 36 on DRM crtc 43
07-22 21:31:20.670 0 0 D : [drm:dm_update_planes_state [amdgpu]] Enabling DRM plane: 36 on DRM crtc 43
07-22 21:31:20.671 0 0 D : [drm:drm_atomic_state_default_clear [drm]] Clearing atomic state 000000001ba98fad
07-22 21:31:20.671 0 0 D : [drm:__drm_atomic_state_free [drm]] Freeing atomic state 000000001ba98fad
07-22 21:31:20.671 0 0 D : [drm:drm_atomic_state_init [drm]] Allocated atomic state 000000002229f1f1
07-22 21:31:20.671 0 0 D : [drm:drm_atomic_get_plane_state [drm]] Added [PLANE:36:plane-0] 000000008c53cfa7 state to 000000002229f1f1
07-22 21:31:20.671 0 0 D : [drm:drm_atomic_get_crtc_state [drm]] Added [CRTC:43:crtc-0] 00000000605687d5 state to 000000002229f1f1
07-22 21:31:20.671 0 0 D : [drm:drm_atomic_set_crtc_for_plane [drm]] Link plane state 000000008c53cfa7 to [CRTC:43:crtc-0]
07-22 21:31:20.671 0 0 D : [drm:drm_atomic_set_fb_for_plane [drm]] Set [FB:74] for plane state 000000008c53cfa7
07-22 21:31:20.671 0 0 D : [drm:drm_atomic_check_only [drm]] checking 000000002229f1f1
07-22 21:31:20.671 0 0 D : [drm:dm_update_planes_state [amdgpu]] Disabling DRM plane: 36 on DRM crtc 43
07-22 21:31:20.671 0 0 D : [drm:dm_update_planes_state [amdgpu]] Enabling DRM plane: 36 on DRM crtc 43
07-22 21:31:20.671 0 0 D : [drm:drm_atomic_commit [drm]] committing 000000002229f1f1
07-22 21:31:20.671 0 0 D : [drm:amdgpu_dm_atomic_commit_tail [amdgpu]] amdgpu_crtc id:0 crtc_state_flags: enable:1, active:1, planes_changed:1, mode_changed:0,active_changed:0,connectors_changed:0
07-22 21:31:20.671 0 0 D [drm:amdgpu_dm_atomic_commit_tail [amdgpu]] crtc: 0, pflip_stat:AMDGPU_FLIP_SUBMITTED
07-22 21:31:20.684 0 0 D : [drm:dm_pflip_high_irq [amdgpu]] dm_pflip_high_irq - crtc :0[00000000da4e46cc], pflip_stat:AMDGPU_FLIP_NONE
07-22 21:31:20.684 0 0 D : [drm:drm_atomic_state_default_clear [drm]] Clearing atomic state 000000002229f1f1
07-22 21:31:20.684 0 0 D : [drm:__drm_atomic_state_free [drm]] Freeing atomic state 000000002229f1f1
07-22 21:31:20.687 0 0 D [drm:drm_mode_addfb2 [drm]] [FB: 78]
07-22 21:31:20.687 0 0 D : [drm:drm_atomic_state_init [drm]] Allocated atomic state 000000009a976d28
07-22 21:31:20.687 0 0 D : [drm:drm_atomic_get_plane_state [drm]] Added [PLANE:36:plane-0] 000000004c30bfcd state to 000000009a976d28
07-22 21:31:20.687 0 0 D : [drm:drm_atomic_get_crtc_state [drm]] Added [CRTC:43:crtc-0] 000000003d2faebc state to 000000009a976d28
