07-22 21:31:17.422 0 0 D : [drm:drm_atomic_state_init [drm]] Allocated atomic state 00000000be7225ca
07-22 21:31:17.422 0 0 D : [drm:drm_atomic_get_plane_state [drm]] Added [PLANE:36:plane-0] 000000001eb51ce2 state to 00000000be7225ca
07-22 21:31:17.422 0 0 D : [drm:drm_atomic_get_crtc_state [drm]] Added [CRTC:43:crtc-0] 0000000067c80328 state to 00000000be7225ca
07-22 21:31:17.422 0 0 D : [drm:drm_atomic_set_crtc_for_plane [drm]] Link plane state 000000001eb51ce2 to [CRTC:43:crtc-0]
07-22 21:31:17.422 0 0 D : [drm:drm_atomic_set_fb_for_plane [drm]] Set [FB:74] for plane state 000000001eb51ce2
07-22 21:31:17.422 0 0 D : [drm:drm_atomic_check_only [drm]] checking 00000000be7225ca
07-22 21:31:17.422 0 0 D : [drm:dm_update_planes_state [amdgpu]] Disabling DRM plane: 36 on DRM crtc 43
07-22 21:31:17.422 0 0 D : [drm:dm_update_planes_state [amdgpu]] Enabling DRM plane: 36 on DRM crtc 43
07-22 21:31:17.422 0 0 D : [drm:drm_atomic_commit [drm]] committing 00000000be7225ca
07-22 21:31:17.422 0 0 D : [drm:amdgpu_dm_atomic_commit_tail [amdgpu]] amdgpu_crtc id:0 crtc_state_flags: enable:1, active:1, planes_changed:1, mode_changed:0,active_changed:0,connectors_changed:0
07-22 21:31:17.422 0 0 D [drm:amdgpu_dm_atomic_commit_tail [amdgpu]] crtc: 0, pflip_stat:AMDGPU_FLIP_SUBMITTED
07-22 21:31:17.102 4695 4790 D com.futuremark.dmandroid.MonitoringDataUtil: added monitoring data from file 1384505722024.csv. Sample count: 88
07-22 21:31:17.103 4695 4790 D com.futuremark.dmandroid.MonitoringDataUtil: added monitoring data from file 1388228421490.csv. Sample count: 90
07-22 21:31:17.434 0 0 D : [drm:dm_pflip_high_irq [amdgpu]] dm_pflip_high_irq - crtc :0[00000000da4e46cc], pflip_stat:AMDGPU_FLIP_NONE
07-22 21:31:17.434 0 0 D : [drm:drm_atomic_state_default_clear [drm]] Clearing atomic state 00000000be7225ca
07-22 21:31:17.434 0 0 D : [drm:__drm_atomic_state_free [drm]] Freeing atomic state 00000000be7225ca
07-22 21:31:17.441 0 0 D [drm:drm_mode_addfb2 [drm]] [FB: 78]
07-22 21:31:17.441 0 0 D : [drm:drm_atomic_state_init [drm]] Allocated atomic state 000000009947c628
07-22 21:31:17.441 0 0 D : [drm:drm_atomic_get_plane_state [drm]] Added [PLANE:36:plane-0] 00000000a1246b44 state to 000000009947c628
07-22 21:31:17.441 0 0 D : [drm:drm_atomic_get_crtc_state [drm]] Added [CRTC:43:crtc-0] 000000000728143d state to 000000009947c628
07-22 21:31:17.441 0 0 D : [drm:drm_atomic_set_crtc_for_plane [drm]] Link plane state 00000000a1246b44 to [CRTC:43:crtc-0]
07-22 21:31:17.441 0 0 D : [drm:drm_atomic_set_fb_for_plane [drm]] Set [FB:78] for plane state 00000000a1246b44
07-22 21:31:17.441 0 0 D : [drm:drm_atomic_check_only [drm]] checking 000000009947c628
07-22 21:31:17.441 0 0 D : [drm:dm_update_planes_state [amdgpu]] Disabling DRM plane: 36 on DRM crtc 43
07-22 21:31:17.441 0 0 D : [drm:dm_update_planes_state [amdgpu]] Enabling DRM plane: 36 on DRM crtc 43
07-22 21:31:17.441 0 0 D : [drm:drm_atomic_state_default_clear [drm]] Clearing atomic state 000000009947c628
07-22 21:31:17.441 0 0 D : [drm:__drm_atomic_state_free [drm]] Freeing atomic state 000000009947c628
07-22 21:31:17.441 0 0 D : [drm:drm_atomic_state_init [drm]] Allocated atomic state 000000009947c628
07-22 21:31:17.441 0 0 D : [drm:drm_atomic_get_plane_state [drm]] Added [PLANE:36:plane-0] 00000000a1246b44 state to 000000009947c628
07-22 21:31:17.441 0 0 D : [drm:drm_atomic_get_crtc_state [drm]] Added [CRTC:43:crtc-0] 000000009f68922c state to 000000009947c628
07-22 21:31:17.441 0 0 D : [drm:drm_atomic_set_crtc_for_plane [drm]] Link plane state 00000000a1246b44 to [CRTC:43:crtc-0]
07-22 21:31:17.441 0 0 D : [drm:drm_atomic_set_fb_for_plane [drm]] Set [FB:78] for plane state 00000000a1246b44
07-22 21:31:17.441 0 0 D : [drm:drm_atomic_check_only [drm]] checking 000000009947c628
07-22 21:31:17.441 0 0 D : [drm:dm_update_planes_state [amdgpu]] Disabling DRM plane: 36 on DRM crtc 43
07-22 21:31:17.441 0 0 D : [drm:dm_update_planes_state [amdgpu]] Enabling DRM plane: 36 on DRM crtc 43
07-22 21:31:17.441 0 0 D : [drm:drm_atomic_commit [drm]] committing 000000009947c628
07-22 21:31:17.441 0 0 D : [drm:amdgpu_dm_atomic_commit_tail [amdgpu]] amdgpu_crtc id:0 crtc_state_flags: enable:1, active:1, planes_changed:1, mode_changed:0,active_changed:0,connectors_changed:0
07-22 21:31:17.441 0 0 D [drm:amdgpu_dm_atomic_commit_tail [amdgpu]] crtc: 0, pflip_stat:AMDGPU_FLIP_SUBMITTED
07-22 21:31:17.451 0 0 D : [drm:dm_pflip_high_irq [amdgpu]] dm_pflip_high_irq - crtc :0[00000000da4e46cc], pflip_stat:AMDGPU_FLIP_NONE
07-22 21:31:17.451 0 0 D : [drm:drm_atomic_state_default_clear [drm]] Clearing atomic state 000000009947c628
07-22 21:31:17.451 0 0 D : [drm:__drm_atomic_state_free [drm]] Freeing atomic state 000000009947c628
07-22 21:31:17.454 0 0 D [drm:drm_mode_addfb2 [drm]] [FB: 74]
07-22 21:31:17.454 0 0 D : [drm:drm_atomic_state_init [drm]] Allocated atomic state 000000005f748337
07-22 21:31:17.454 0 0 D : [drm:drm_atomic_get_plane_state [drm]] Added [PLANE:36:plane-0] 0000000017524848 state to 000000005f748337
07-22 21:31:17.455 0 0 D : [drm:drm_atomic_get_crtc_state [drm]] Added [CRTC:43:crtc-0] 000000001898b5ec state to 000000005f748337
07-22 21:31:17.455 0 0 D : [drm:drm_atomic_set_crtc_for_plane [drm]] Link plane state 0000000017524848 to [CRTC:43:crtc-0]
07-22 21:31:17.455 0 0 D : [drm:drm_atomic_set_fb_for_plane [drm]] Set [FB:74] for plane state 0000000017524848
07-22 21:31:17.455 0 0 D : [drm:drm_atomic_check_only [drm]] checking 000000005f748337
07-22 21:31:17.455 0 0 D : [drm:dm_update_planes_state [amdgpu]] Disabling DRM plane: 36 on DRM crtc 43
07-22 21:31:17.455 0 0 D : [drm:dm_update_planes_state [amdgpu]] Enabling DRM plane: 36 on DRM crtc 43
07-22 21:31:17.455 0 0 D : [drm:drm_atomic_state_default_clear [drm]] Clearing atomic state 000000005f748337
07-22 21:31:17.455 0 0 D : [drm:__drm_atomic_state_free [drm]] Freeing atomic state 000000005f748337
07-22 21:31:17.455 0 0 D : [drm:drm_atomic_state_init [drm]] Allocated atomic state 00000000e442ab7b
07-22 21:31:17.455 0 0 D : [drm:drm_atomic_get_plane_state [drm]] Added [PLANE:36:plane-0] 0000000017524848 state to 00000000e442ab7b
07-22 21:31:17.455 0 0 D : [drm:drm_atomic_get_crtc_state [drm]] Added [CRTC:43:crtc-0] 000000003dbe1fcc state to 00000000e442ab7b
07-22 21:31:17.455 0 0 D : [drm:drm_atomic_set_crtc_for_plane [drm]] Link plane state 0000000017524848 to [CRTC:43:crtc-0]
07-22 21:31:17.455 0 0 D : [drm:drm_atomic_set_fb_for_plane [drm]] Set [FB:74] for plane state 0000000017524848
07-22 21:31:17.455 0 0 D : [drm:drm_atomic_check_only [drm]] checking 00000000e442ab7b
07-22 21:31:17.455 0 0 D : [drm:dm_update_planes_state [amdgpu]] Disabling DRM plane: 36 on DRM crtc 43
07-22 21:31:17.455 0 0 D : [drm:dm_update_planes_state [amdgpu]] Enabling DRM plane: 36 on DRM crtc 43
07-22 21:31:17.455 0 0 D : [drm:drm_atomic_commit [drm]] committing 00000000e442ab7b
07-22 21:31:17.455 0 0 D : [drm:amdgpu_dm_atomic_commit_tail [amdgpu]] amdgpu_crtc id:0 crtc_state_flags: enable:1, active:1, planes_changed:1, mode_changed:0,active_changed:0,connectors_changed:0
07-22 21:31:17.455 0 0 D [drm:amdgpu_dm_atomic_commit_tail [amdgpu]] crtc: 0, pflip_stat:AMDGPU_FLIP_SUBMITTED
07-22 21:31:17.143 4695 4790 I zygote : Deoptimizing com.fasterxml.jackson.databind.introspect.AnnotationMap com.fasterxml.jackson.databind.introspect.AnnotatedClass._resolveClassAnnotations() due to JIT inline cache
07-22 21:31:17.467 0 0 D : [drm:dm_pflip_high_irq [amdgpu]] dm_pflip_high_irq - crtc :0[00000000da4e46cc], pflip_stat:AMDGPU_FLIP_NONE
07-22 21:31:17.468 0 0 D : [drm:drm_atomic_state_default_clear [drm]] Clearing atomic state 00000000e442ab7b
07-22 21:31:17.468 0 0 D : [drm:__drm_atomic_state_free [drm]] Freeing atomic state 00000000e442ab7b
07-22 21:31:17.471 0 0 D [drm:drm_mode_addfb2 [drm]] [FB: 78]
07-22 21:31:17.471 0 0 D : [drm:drm_atomic_state_init [drm]] Allocated atomic state 0000000005d5ca01
07-22 21:31:17.471 0 0 D : [drm:drm_atomic_get_plane_state [drm]] Added [PLANE:36:plane-0] 00000000e48fa2fe state to 0000000005d5ca01
07-22 21:31:17.471 0 0 D : [drm:drm_atomic_get_crtc_state [drm]] Added [CRTC:43:crtc-0] 000000000728143d state to 0000000005d5ca01
07-22 21:31:17.471 0 0 D : [drm:drm_atomic_set_crtc_for_plane [drm]] Link plane state 00000000e48fa2fe to [CRTC:43:crtc-0]
07-22 21:31:17.471 0 0 D : [drm:drm_atomic_set_fb_for_plane [drm]] Set [FB:78] for plane state 00000000e48fa2fe
07-22 21:31:17.471 0 0 D : [drm:drm_atomic_check_only [drm]] checking 0000000005d5ca01
07-22 21:31:17.471 0 0 D : [drm:dm_update_planes_state [amdgpu]] Disabling DRM plane: 36 on DRM crtc 43
07-22 21:31:17.471 0 0 D : [drm:dm_update_planes_state [amdgpu]] Enabling DRM plane: 36 on DRM crtc 43
07-22 21:31:17.471 0 0 D : [drm:drm_atomic_state_default_clear [drm]] Clearing atomic state 0000000005d5ca01
07-22 21:31:17.471 0 0 D : [drm:__drm_atomic_state_free [drm]] Freeing atomic state 0000000005d5ca01
07-22 21:31:17.471 0 0 D : [drm:drm_atomic_state_init [drm]] Allocated atomic state 0000000005d5ca01
07-22 21:31:17.471 0 0 D : [drm:drm_atomic_get_plane_state [drm]] Added [PLANE:36:plane-0] 00000000e48fa2fe state to 0000000005d5ca01
07-22 21:31:17.471 0 0 D : [drm:drm_atomic_get_crtc_state [drm]] Added [CRTC:43:crtc-0] 000000009f68922c state to 0000000005d5ca01
07-22 21:31:17.471 0 0 D : [drm:drm_atomic_set_crtc_for_plane [drm]] Link plane state 00000000e48fa2fe to [CRTC:43:crtc-0]
07-22 21:31:17.471 0 0 D : [drm:drm_atomic_set_fb_for_plane [drm]] Set [FB:78] for plane state 00000000e48fa2fe
07-22 21:31:17.471 0 0 D : [drm:drm_atomic_check_only [drm]] checking 0000000005d5ca01
07-22 21:31:17.471 0 0 D : [drm:dm_update_planes_state [amdgpu]] Disabling DRM plane: 36 on DRM crtc 43
07-22 21:31:17.471 0 0 D : [drm:dm_update_planes_state [amdgpu]] Enabling DRM plane: 36 on DRM crtc 43
07-22 21:31:17.471 0 0 D : [drm:drm_atomic_commit [drm]] committing 0000000005d5ca01
07-22 21:31:17.471 0 0 D : [drm:amdgpu_dm_atomic_commit_tail [amdgpu]] amdgpu_crtc id:0 crtc_state_flags: enable:1, active:1, planes_changed:1, mode_changed:0,active_changed:0,connectors_changed:0
07-22 21:31:17.471 0 0 D [drm:amdgpu_dm_atomic_commit_tail [amdgpu]] crtc: 0, pflip_stat:AMDGPU_FLIP_SUBMITTED
07-22 21:31:17.154 4695 4790 I zygote : Deoptimizing void com.fasterxml.jackson.databind.introspect.AnnotatedClass.resolveCreators() due to JIT inline cache
07-22 21:31:17.157 4695 4790 I zygote : Deoptimizing long com.google.common.io.ByteStreams.copy(java.io.InputStream, java.io.OutputStream) due to JIT inline cache
07-22 21:31:17.157 4695 4790 D com.futuremark.dmandroid.ScoreEvaluator: evaluating over 1 passes
07-22 21:31:17.158 4695 4790 D com.futuremark.dmandroid.ScoreEvaluator: processing local scripts
07-22 21:31:17.158 4695 4790 D com.futuremark.dmandroid.ScoreEvaluator: processing local script 1/1
07-22 21:31:17.484 0 0 D : [drm:dm_pflip_high_irq [amdgpu]] dm_pflip_high_irq - crtc :0[00000000da4e46cc], pflip_stat:AMDGPU_FLIP_NONE
07-22 21:31:17.484 0 0 D : [drm:drm_atomic_state_default_clear [drm]] Clearing atomic state 0000000005d5ca01
07-22 21:31:17.484 0 0 D : [drm:__drm_atomic_state_free [drm]] Freeing atomic state 0000000005d5ca01
07-22 21:31:17.487 0 0 D [drm:drm_mode_addfb2 [drm]] [FB: 74]
07-22 21:31:17.487 0 0 D : [drm:drm_atomic_state_init [drm]] Allocated atomic state 000000003a81a50e
07-22 21:31:17.487 0 0 D : [drm:drm_atomic_get_plane_state [drm]] Added [PLANE:36:plane-0] 0000000076fd5997 state to 000000003a81a50e
07-22 21:31:17.487 0 0 D : [drm:drm_atomic_get_crtc_state [drm]] Added [CRTC:43:crtc-0] 0000000023e575ec state to 000000003a81a50e
07-22 21:31:17.487 0 0 D : [drm:drm_atomic_set_crtc_for_plane [drm]] Link plane state 0000000076fd5997 to [CRTC:43:crtc-0]
07-22 21:31:17.487 0 0 D : [drm:drm_atomic_set_fb_for_plane [drm]] Set [FB:74] for plane state 0000000076fd5997
07-22 21:31:17.487 0 0 D : [drm:drm_atomic_check_only [drm]] checking 000000003a81a50e
07-22 21:31:17.487 0 0 D : [drm:dm_update_planes_state [amdgpu]] Disabling DRM plane: 36 on DRM crtc 43
07-22 21:31:17.487 0 0 D : [drm:dm_update_planes_state [amdgpu]] Enabling DRM plane: 36 on DRM crtc 43
07-22 21:31:17.487 0 0 D : [drm:drm_atomic_state_default_clear [drm]] Clearing atomic state 000000003a81a50e
07-22 21:31:17.487 0 0 D : [drm:__drm_atomic_state_free [drm]] Freeing atomic state 000000003a81a50e
07-22 21:31:17.487 0 0 D : [drm:drm_atomic_state_init [drm]] Allocated atomic state 00000000b780ca49
07-22 21:31:17.487 0 0 D : [drm:drm_atomic_get_plane_state [drm]] Added [PLANE:36:plane-0] 0000000017524848 state to 00000000b780ca49
07-22 21:31:17.487 0 0 D : [drm:drm_atomic_get_crtc_state [drm]] Added [CRTC:43:crtc-0] 000000000a2110c6 state to 00000000b780ca49
07-22 21:31:17.487 0 0 D : [drm:drm_atomic_set_crtc_for_plane [drm]] Link plane state 0000000017524848 to [CRTC:43:crtc-0]
07-22 21:31:17.487 0 0 D : [drm:drm_atomic_set_fb_for_plane [drm]] Set [FB:74] for plane state 0000000017524848
07-22 21:31:17.487 0 0 D : [drm:drm_atomic_check_only [drm]] checking 00000000b780ca49
07-22 21:31:17.487 0 0 D : [drm:dm_update_planes_state [amdgpu]] Disabling DRM plane: 36 on DRM crtc 43
07-22 21:31:17.487 0 0 D : [drm:dm_update_planes_state [amdgpu]] Enabling DRM plane: 36 on DRM crtc 43
07-22 21:31:17.487 0 0 D : [drm:drm_atomic_commit [drm]] committing 00000000b780ca49
07-22 21:31:17.487 0 0 D : [drm:amdgpu_dm_atomic_commit_tail [amdgpu]] amdgpu_crtc id:0 crtc_state_flags: enable:1, active:1, planes_changed:1, mode_changed:0,active_changed:0,connectors_changed:0
07-22 21:31:17.487 0 0 D [drm:amdgpu_dm_atomic_commit_tail [amdgpu]] crtc: 0, pflip_stat:AMDGPU_FLIP_SUBMITTED
07-22 21:31:17.501 0 0 D : [drm:dm_pflip_high_irq [amdgpu]] dm_pflip_high_irq - crtc :0[00000000da4e46cc], pflip_stat:AMDGPU_FLIP_NONE
07-22 21:31:17.501 0 0 D : [drm:drm_atomic_state_default_clear [drm]] Clearing atomic state 00000000b780ca49
07-22 21:31:17.501 0 0 D : [drm:__drm_atomic_state_free [drm]] Freeing atomic state 00000000b780ca49
07-22 21:31:17.503 0 0 D [drm:drm_mode_addfb2 [drm]] [FB: 78]
07-22 21:31:17.504 0 0 D : [drm:drm_atomic_state_init [drm]] Allocated atomic state 00000000a827914f
07-22 21:31:17.504 0 0 D : [drm:drm_atomic_get_plane_state [drm]] Added [PLANE:36:plane-0] 0000000078bf4344 state to 00000000a827914f
07-22 21:31:17.504 0 0 D : [drm:drm_atomic_get_crtc_state [drm]] Added [CRTC:43:crtc-0] 00000000695d5140 state to 00000000a827914f
07-22 21:31:17.504 0 0 D : [drm:drm_atomic_set_crtc_for_plane [drm]] Link plane state 0000000078bf4344 to [CRTC:43:crtc-0]
07-22 21:31:17.504 0 0 D : [drm:drm_atomic_set_fb_for_plane [drm]] Set [FB:78] for plane state 0000000078bf4344
07-22 21:31:17.504 0 0 D : [drm:drm_atomic_check_only [drm]] checking 00000000a827914f
07-22 21:31:17.504 0 0 D : [drm:dm_update_planes_state [amdgpu]] Disabling DRM plane: 36 on DRM crtc 43
07-22 21:31:17.504 0 0 D : [drm:dm_update_planes_state [amdgpu]] Enabling DRM plane: 36 on DRM crtc 43
07-22 21:31:17.504 0 0 D : [drm:drm_atomic_state_default_clear [drm]] Clearing atomic state 00000000a827914f
07-22 21:31:17.504 0 0 D : [drm:__drm_atomic_state_free [drm]] Freeing atomic state 00000000a827914f
07-22 21:31:17.504 0 0 D : [drm:drm_atomic_state_init [drm]] Allocated atomic state 00000000aa38ec55
07-22 21:31:17.504 0 0 D : [drm:drm_atomic_get_plane_state [drm]] Added [PLANE:36:plane-0] 00000000e48fa2fe state to 00000000aa38ec55
07-22 21:31:17.504 0 0 D : [drm:drm_atomic_get_crtc_state [drm]] Added [CRTC:43:crtc-0] 000000009f68922c state to 00000000aa38ec55
07-22 21:31:17.504 0 0 D : [drm:drm_atomic_set_crtc_for_plane [drm]] Link plane state 00000000e48fa2fe to [CRTC:43:crtc-0]
07-22 21:31:17.504 0 0 D : [drm:drm_atomic_set_fb_for_plane [drm]] Set [FB:78] for plane state 00000000e48fa2fe
07-22 21:31:17.504 0 0 D : [drm:drm_atomic_check_only [drm]] checking 00000000aa38ec55
07-22 21:31:17.504 0 0 D : [drm:dm_update_planes_state [amdgpu]] Disabling DRM plane: 36 on DRM crtc 43
07-22 21:31:17.504 0 0 D : [drm:dm_update_planes_state [amdgpu]] Enabling DRM plane: 36 on DRM crtc 43
07-22 21:31:17.504 0 0 D : [drm:drm_atomic_commit [drm]] committing 00000000aa38ec55
07-22 21:31:17.504 0 0 D : [drm:amdgpu_dm_atomic_commit_tail [amdgpu]] amdgpu_crtc id:0 crtc_state_flags: enable:1, active:1, planes_changed:1, mode_changed:0,active_changed:0,connectors_changed:0
07-22 21:31:17.504 0 0 D [drm:amdgpu_dm_atomic_commit_tail [amdgpu]] crtc: 0, pflip_stat:AMDGPU_FLIP_SUBMITTED
07-22 21:31:17.517 0 0 D : [drm:dm_pflip_high_irq [amdgpu]] dm_pflip_high_irq - crtc :0[00000000da4e46cc], pflip_stat:AMDGPU_FLIP_NONE
07-22 21:31:17.517 0 0 D : [drm:drm_atomic_state_default_clear [drm]] Clearing atomic state 00000000aa38ec55
07-22 21:31:17.517 0 0 D : [drm:__drm_atomic_state_free [drm]] Freeing atomic state 00000000aa38ec55
07-22 21:31:17.520 0 0 D [drm:drm_mode_addfb2 [drm]] [FB: 74]
07-22 21:31:17.521 0 0 D : [drm:drm_atomic_state_init [drm]] Allocated atomic state 00000000a827914f
07-22 21:31:17.521 0 0 D : [drm:drm_atomic_get_plane_state [drm]] Added [PLANE:36:plane-0] 0000000017524848 state to 00000000a827914f
07-22 21:31:17.521 0 0 D : [drm:drm_atomic_get_crtc_state [drm]] Added [CRTC:43:crtc-0] 00000000bc17fd72 state to 00000000a827914f
07-22 21:31:17.521 0 0 D : [drm:drm_atomic_set_crtc_for_plane [drm]] Link plane state 0000000017524848 to [CRTC:43:crtc-0]
07-22 21:31:17.521 0 0 D : [drm:drm_atomic_set_fb_for_plane [drm]] Set [FB:74] for plane state 0000000017524848
07-22 21:31:17.521 0 0 D : [drm:drm_atomic_check_only [drm]] checking 00000000a827914f
07-22 21:31:17.521 0 0 D : [drm:dm_update_planes_state [amdgpu]] Disabling DRM plane: 36 on DRM crtc 43
07-22 21:31:17.521 0 0 D : [drm:dm_update_planes_state [amdgpu]] Enabling DRM plane: 36 on DRM crtc 43
07-22 21:31:17.521 0 0 D : [drm:drm_atomic_state_default_clear [drm]] Clearing atomic state 00000000a827914f
07-22 21:31:17.521 0 0 D : [drm:__drm_atomic_state_free [drm]] Freeing atomic state 00000000a827914f
07-22 21:31:17.521 0 0 D : [drm:drm_atomic_state_init [drm]] Allocated atomic state 00000000c725d488
07-22 21:31:17.521 0 0 D : [drm:drm_atomic_get_plane_state [drm]] Added [PLANE:36:plane-0] 0000000078bf4344 state to 00000000c725d488
07-22 21:31:17.521 0 0 D : [drm:drm_atomic_get_crtc_state [drm]] Added [CRTC:43:crtc-0] 000000005ae0b157 state to 00000000c725d488
07-22 21:31:17.521 0 0 D : [drm:drm_atomic_set_crtc_for_plane [drm]] Link plane state 0000000078bf4344 to [CRTC:43:crtc-0]
07-22 21:31:17.521 0 0 D : [drm:drm_atomic_set_fb_for_plane [drm]] Set [FB:74] for plane state 0000000078bf4344
07-22 21:31:17.521 0 0 D : [drm:drm_atomic_check_only [drm]] checking 00000000c725d488
07-22 21:31:17.521 0 0 D : [drm:dm_update_planes_state [amdgpu]] Disabling DRM plane: 36 on DRM crtc 43
07-22 21:31:17.521 0 0 D : [drm:dm_update_planes_state [amdgpu]] Enabling DRM plane: 36 on DRM crtc 43
07-22 21:31:17.521 0 0 D : [drm:drm_atomic_commit [drm]] committing 00000000c725d488
07-22 21:31:17.521 0 0 D : [drm:amdgpu_dm_atomic_commit_tail [amdgpu]] amdgpu_crtc id:0 crtc_state_flags: enable:1, active:1, planes_changed:1, mode_changed:0,active_changed:0,connectors_changed:0
07-22 21:31:17.521 0 0 D [drm:amdgpu_dm_atomic_commit_tail [amdgpu]] crtc: 0, pflip_stat:AMDGPU_FLIP_SUBMITTED
07-22 21:31:17.534 0 0 D : [drm:dm_pflip_high_irq [amdgpu]] dm_pflip_high_irq - crtc :0[00000000da4e46cc], pflip_stat:AMDGPU_FLIP_NONE
07-22 21:31:17.534 0 0 D : [drm:drm_atomic_state_default_clear [drm]] Clearing atomic state 00000000c725d488
07-22 21:31:17.534 0 0 D : [drm:__drm_atomic_state_free [drm]] Freeing atomic state 00000000c725d488
07-22 21:31:17.537 0 0 D [drm:drm_mode_addfb2 [drm]] [FB: 78]
07-22 21:31:17.537 0 0 D : [drm:drm_atomic_state_init [drm]] Allocated atomic state 00000000563f474e
07-22 21:31:17.537 0 0 D : [drm:drm_atomic_get_plane_state [drm]] Added [PLANE:36:plane-0] 00000000e48fa2fe state to 00000000563f474e
07-22 21:31:17.537 0 0 D : [drm:drm_atomic_get_crtc_state [drm]] Added [CRTC:43:crtc-0] 000000001f60d47b state to 00000000563f474e
07-22 21:31:17.537 0 0 D : [drm:drm_atomic_set_crtc_for_plane [drm]] Link plane state 00000000e48fa2fe to [CRTC:43:crtc-0]
07-22 21:31:17.537 0 0 D : [drm:drm_atomic_set_fb_for_plane [drm]] Set [FB:78] for plane state 00000000e48fa2fe
07-22 21:31:17.537 0 0 D : [drm:drm_atomic_check_only [drm]] checking 00000000563f474e
07-22 21:31:17.537 0 0 D : [drm:dm_update_planes_state [amdgpu]] Disabling DRM plane: 36 on DRM crtc 43
07-22 21:31:17.537 0 0 D : [drm:dm_update_planes_state [amdgpu]] Enabling DRM plane: 36 on DRM crtc 43
07-22 21:31:17.537 0 0 D : [drm:drm_atomic_state_default_clear [drm]] Clearing atomic state 00000000563f474e
07-22 21:31:17.538 0 0 D : [drm:__drm_atomic_state_free [drm]] Freeing atomic state 00000000563f474e
07-22 21:31:17.538 0 0 D : [drm:drm_atomic_state_init [drm]] Allocated atomic state 00000000563f474e
07-22 21:31:17.538 0 0 D : [drm:drm_atomic_get_plane_state [drm]] Added [PLANE:36:plane-0] 00000000e48fa2fe state to 00000000563f474e
07-22 21:31:17.538 0 0 D : [drm:drm_atomic_get_crtc_state [drm]] Added [CRTC:43:crtc-0] 000000006e837571 state to 00000000563f474e
07-22 21:31:17.538 0 0 D : [drm:drm_atomic_set_crtc_for_plane [drm]] Link plane state 00000000e48fa2fe to [CRTC:43:crtc-0]
07-22 21:31:17.538 0 0 D : [drm:drm_atomic_set_fb_for_plane [drm]] Set [FB:78] for plane state 00000000e48fa2fe
07-22 21:31:17.538 0 0 D : [drm:drm_atomic_check_only [drm]] checking 00000000563f474e
07-22 21:31:17.538 0 0 D : [drm:dm_update_planes_state [amdgpu]] Disabling DRM plane: 36 on DRM crtc 43
07-22 21:31:17.538 0 0 D : [drm:dm_update_planes_state [amdgpu]] Enabling DRM plane: 36 on DRM crtc 43
07-22 21:31:17.538 0 0 D : [drm:drm_atomic_commit [drm]] committing 00000000563f474e
07-22 21:31:17.538 0 0 D : [drm:amdgpu_dm_atomic_commit_tail [amdgpu]] amdgpu_crtc id:0 crtc_state_flags: enable:1, active:1, planes_changed:1, mode_changed:0,active_changed:0,connectors_changed:0
07-22 21:31:17.538 0 0 D [drm:amdgpu_dm_atomic_commit_tail [amdgpu]] crtc: 0, pflip_stat:AMDGPU_FLIP_SUBMITTED
07-22 21:31:17.551 0 0 D : [drm:dm_pflip_high_irq [amdgpu]] dm_pflip_high_irq - crtc :0[00000000da4e46cc], pflip_stat:AMDGPU_FLIP_NONE
07-22 21:31:17.551 0 0 D : [drm:drm_atomic_state_default_clear [drm]] Clearing atomic state 00000000563f474e
07-22 21:31:17.551 0 0 D : [drm:__drm_atomic_state_free [drm]] Freeing atomic state 00000000563f474e
07-22 21:31:17.554 0 0 D [drm:drm_mode_addfb2 [drm]] [FB: 74]
07-22 21:31:17.554 0 0 D : [drm:drm_atomic_state_init [drm]] Allocated atomic state 000000003aacd7dc
07-22 21:31:17.554 0 0 D : [drm:drm_atomic_get_plane_state [drm]] Added [PLANE:36:plane-0] 0000000078bf4344 state to 000000003aacd7dc
07-22 21:31:17.554 0 0 D : [drm:drm_atomic_get_crtc_state [drm]] Added [CRTC:43:crtc-0] 0000000004c07a5c state to 000000003aacd7dc
07-22 21:31:17.554 0 0 D : [drm:drm_atomic_set_crtc_for_plane [drm]] Link plane state 0000000078bf4344 to [CRTC:43:crtc-0]
07-22 21:31:17.554 0 0 D : [drm:drm_atomic_set_fb_for_plane [drm]] Set [FB:74] for plane state 0000000078bf4344
07-22 21:31:17.554 0 0 D : [drm:drm_atomic_check_only [drm]] checking 000000003aacd7dc
07-22 21:31:17.554 0 0 D : [drm:dm_update_planes_state [amdgpu]] Disabling DRM plane: 36 on DRM crtc 43
07-22 21:31:17.554 0 0 D : [drm:dm_update_planes_state [amdgpu]] Enabling DRM plane: 36 on DRM crtc 43
07-22 21:31:17.554 0 0 D : [drm:drm_atomic_state_default_clear [drm]] Clearing atomic state 000000003aacd7dc
07-22 21:31:17.554 0 0 D : [drm:__drm_atomic_state_free [drm]] Freeing atomic state 000000003aacd7dc
07-22 21:31:17.554 0 0 D : [drm:drm_atomic_state_init [drm]] Allocated atomic state 000000003aacd7dc
07-22 21:31:17.554 0 0 D : [drm:drm_atomic_get_plane_state [drm]] Added [PLANE:36:plane-0] 0000000078bf4344 state to 000000003aacd7dc
07-22 21:31:17.554 0 0 D : [drm:drm_atomic_get_crtc_state [drm]] Added [CRTC:43:crtc-0] 000000001347c69e state to 000000003aacd7dc
07-22 21:31:17.554 0 0 D : [drm:drm_atomic_set_crtc_for_plane [drm]] Link plane state 0000000078bf4344 to [CRTC:43:crtc-0]
07-22 21:31:17.554 0 0 D : [drm:drm_atomic_set_fb_for_plane [drm]] Set [FB:74] for plane state 0000000078bf4344
07-22 21:31:17.554 0 0 D : [drm:drm_atomic_check_only [drm]] checking 000000003aacd7dc
07-22 21:31:17.554 0 0 D : [drm:dm_update_planes_state [amdgpu]] Disabling DRM plane: 36 on DRM crtc 43
07-22 21:31:17.554 0 0 D : [drm:dm_update_planes_state [amdgpu]] Enabling DRM plane: 36 on DRM crtc 43
07-22 21:31:17.554 0 0 D : [drm:drm_atomic_commit [drm]] committing 000000003aacd7dc
07-22 21:31:17.554 0 0 D : [drm:amdgpu_dm_atomic_commit_tail [amdgpu]] amdgpu_crtc id:0 crtc_state_flags: enable:1, active:1, planes_changed:1, mode_changed:0,active_changed:0,connectors_changed:0
07-22 21:31:17.554 0 0 D [drm:amdgpu_dm_atomic_commit_tail [amdgpu]] crtc: 0, pflip_stat:AMDGPU_FLIP_SUBMITTED
07-22 21:31:17.237 4695 4790 I zygote : Deoptimizing void org.antlr.v4.runtime.atn.ATNState.addTransition(int, org.antlr.v4.runtime.atn.Transition) due to JIT inline cache
07-22 21:31:17.567 0 0 D : [drm:dm_pflip_high_irq [amdgpu]] dm_pflip_high_irq - crtc :0[00000000da4e46cc], pflip_stat:AMDGPU_FLIP_NONE
07-22 21:31:17.567 0 0 D : [drm:drm_atomic_state_default_clear [drm]] Clearing atomic state 000000003aacd7dc
07-22 21:31:17.567 0 0 D : [drm:__drm_atomic_state_free [drm]] Freeing atomic state 000000003aacd7dc
07-22 21:31:17.570 0 0 D [drm:drm_mode_addfb2 [drm]] [FB: 78]
07-22 21:31:17.570 0 0 D : [drm:drm_atomic_state_init [drm]] Allocated atomic state 0000000036d4e048
07-22 21:31:17.570 0 0 D : [drm:drm_atomic_get_plane_state [drm]] Added [PLANE:36:plane-0] 0000000091de7da0 state to 0000000036d4e048
07-22 21:31:17.570 0 0 D : [drm:drm_atomic_get_crtc_state [drm]] Added [CRTC:43:crtc-0] 00000000fad31670 state to 0000000036d4e048
07-22 21:31:17.570 0 0 D : [drm:drm_atomic_set_crtc_for_plane [drm]] Link plane state 0000000091de7da0 to [CRTC:43:crtc-0]
07-22 21:31:17.570 0 0 D : [drm:drm_atomic_set_fb_for_plane [drm]] Set [FB:78] for plane state 0000000091de7da0
07-22 21:31:17.570 0 0 D : [drm:drm_atomic_check_only [drm]] checking 0000000036d4e048
07-22 21:31:17.570 0 0 D : [drm:dm_update_planes_state [amdgpu]] Disabling DRM plane: 36 on DRM crtc 43
07-22 21:31:17.570 0 0 D : [drm:dm_update_planes_state [amdgpu]] Enabling DRM plane: 36 on DRM crtc 43
07-22 21:31:17.570 0 0 D : [drm:drm_atomic_state_default_clear [drm]] Clearing atomic state 0000000036d4e048
07-22 21:31:17.570 0 0 D : [drm:__drm_atomic_state_free [drm]] Freeing atomic state 0000000036d4e048
07-22 21:31:17.570 0 0 D : [drm:drm_atomic_state_init [drm]] Allocated atomic state 0000000036d4e048
07-22 21:31:17.570 0 0 D : [drm:drm_atomic_get_plane_state [drm]] Added [PLANE:36:plane-0] 0000000091de7da0 state to 0000000036d4e048
07-22 21:31:17.570 0 0 D : [drm:drm_atomic_get_crtc_state [drm]] Added [CRTC:43:crtc-0] 0000000025dc30ce state to 0000000036d4e048
07-22 21:31:17.570 0 0 D : [drm:drm_atomic_set_crtc_for_plane [drm]] Link plane state 0000000091de7da0 to [CRTC:43:crtc-0]
07-22 21:31:17.570 0 0 D : [drm:drm_atomic_set_fb_for_plane [drm]] Set [FB:78] for plane state 0000000091de7da0
07-22 21:31:17.570 0 0 D : [drm:drm_atomic_check_only [drm]] checking 0000000036d4e048
07-22 21:31:17.570 0 0 D : [drm:dm_update_planes_state [amdgpu]] Disabling DRM plane: 36 on DRM crtc 43
07-22 21:31:17.570 0 0 D : [drm:dm_update_planes_state [amdgpu]] Enabling DRM plane: 36 on DRM crtc 43
07-22 21:31:17.570 0 0 D : [drm:drm_atomic_commit [drm]] committing 0000000036d4e048
07-22 21:31:17.571 0 0 D : [drm:amdgpu_dm_atomic_commit_tail [amdgpu]] amdgpu_crtc id:0 crtc_state_flags: enable:1, active:1, planes_changed:1, mode_changed:0,active_changed:0,connectors_changed:0
07-22 21:31:17.571 0 0 D [drm:amdgpu_dm_atomic_commit_tail [amdgpu]] crtc: 0, pflip_stat:AMDGPU_FLIP_SUBMITTED
07-22 21:31:17.251 4695 4700 I zygote : Do partial code cache collection, code=473KB, data=286KB
07-22 21:31:17.251 4695 4700 I zygote : After code cache collection, code=463KB, data=282KB
07-22 21:31:17.251 4695 4700 I zygote : Increasing code cache capacity to 2MB
07-22 21:31:17.259 4695 4790 D com.futuremark.dmandroid.ScoreEvaluator: processing global scripts
07-22 21:31:17.259 4695 4790 D com.futuremark.dmandroid.ScoreEvaluator: applying script '/productdb/dma/2.0/Farandole/vulkan_global.fmscore'
07-22 21:31:17.584 0 0 D : [drm:dm_pflip_high_irq [amdgpu]] dm_pflip_high_irq - crtc :0[00000000da4e46cc], pflip_stat:AMDGPU_FLIP_NONE
07-22 21:31:17.584 0 0 D : [drm:drm_atomic_state_default_clear [drm]] Clearing atomic state 0000000036d4e048
07-22 21:31:17.584 0 0 D : [drm:__drm_atomic_state_free [drm]] Freeing atomic state 0000000036d4e048
07-22 21:31:17.587 0 0 D [drm:drm_mode_addfb2 [drm]] [FB: 74]
07-22 21:31:17.587 0 0 D : [drm:drm_atomic_state_init [drm]] Allocated atomic state 000000009149e1c0
07-22 21:31:17.587 0 0 D : [drm:drm_atomic_get_plane_state [drm]] Added [PLANE:36:plane-0] 0000000078bf4344 state to 000000009149e1c0
07-22 21:31:17.587 0 0 D : [drm:drm_atomic_get_crtc_state [drm]] Added [CRTC:43:crtc-0] 000000001347c69e state to 000000009149e1c0
07-22 21:31:17.587 0 0 D : [drm:drm_atomic_set_crtc_for_plane [drm]] Link plane state 0000000078bf4344 to [CRTC:43:crtc-0]
07-22 21:31:17.587 0 0 D : [drm:drm_atomic_set_fb_for_plane [drm]] Set [FB:74] for plane state 0000000078bf4344
07-22 21:31:17.587 0 0 D : [drm:drm_atomic_check_only [drm]] checking 000000009149e1c0
07-22 21:31:17.587 0 0 D : [drm:dm_update_planes_state [amdgpu]] Disabling DRM plane: 36 on DRM crtc 43
07-22 21:31:17.587 0 0 D : [drm:dm_update_planes_state [amdgpu]] Enabling DRM plane: 36 on DRM crtc 43
07-22 21:31:17.587 0 0 D : [drm:drm_atomic_state_default_clear [drm]] Clearing atomic state 000000009149e1c0
07-22 21:31:17.587 0 0 D : [drm:__drm_atomic_state_free [drm]] Freeing atomic state 000000009149e1c0
07-22 21:31:17.587 0 0 D : [drm:drm_atomic_state_init [drm]] Allocated atomic state 000000009149e1c0
07-22 21:31:17.587 0 0 D : [drm:drm_atomic_get_plane_state [drm]] Added [PLANE:36:plane-0] 0000000078bf4344 state to 000000009149e1c0
07-22 21:31:17.587 0 0 D : [drm:drm_atomic_get_crtc_state [drm]] Added [CRTC:43:crtc-0] 0000000047d54551 state to 000000009149e1c0
07-22 21:31:17.587 0 0 D : [drm:drm_atomic_set_crtc_for_plane [drm]] Link plane state 0000000078bf4344 to [CRTC:43:crtc-0]
07-22 21:31:17.587 0 0 D : [drm:drm_atomic_set_fb_for_plane [drm]] Set [FB:74] for plane state 0000000078bf4344
07-22 21:31:17.587 0 0 D : [drm:drm_atomic_check_only [drm]] checking 000000009149e1c0
07-22 21:31:17.587 0 0 D : [drm:dm_update_planes_state [amdgpu]] Disabling DRM plane: 36 on DRM crtc 43
07-22 21:31:17.587 0 0 D : [drm:dm_update_planes_state [amdgpu]] Enabling DRM plane: 36 on DRM crtc 43
07-22 21:31:17.587 0 0 D : [drm:drm_atomic_commit [drm]] committing 000000009149e1c0
07-22 21:31:17.587 0 0 D : [drm:amdgpu_dm_atomic_commit_tail [amdgpu]] amdgpu_crtc id:0 crtc_state_flags: enable:1, active:1, planes_changed:1, mode_changed:0,active_changed:0,connectors_changed:0
07-22 21:31:17.587 0 0 D [drm:amdgpu_dm_atomic_commit_tail [amdgpu]] crtc: 0, pflip_stat:AMDGPU_FLIP_SUBMITTED
07-22 21:31:17.277 4695 4790 I com.futuremark.dmandroid.*hmarkResultStorageUtil: storing result to /data/data/com.futuremark.dmandroid.application/files/2018-07-22T21-30-29-736.zip with monitoring data from /data/user/0/com.futuremark.dmandroid.application/files/wes_temp_monitoring_data.csv
07-22 21:31:17.601 0 0 D : [drm:dm_pflip_high_irq [amdgpu]] dm_pflip_high_irq - crtc :0[00000000da4e46cc], pflip_stat:AMDGPU_FLIP_NONE
07-22 21:31:17.601 0 0 D : [drm:drm_atomic_state_default_clear [drm]] Clearing atomic state 000000009149e1c0
07-22 21:31:17.601 0 0 D : [drm:__drm_atomic_state_free [drm]] Freeing atomic state 000000009149e1c0
07-22 21:31:17.280 4695 4790 I zygote : Deoptimizing void org.apache.xml.serializer.ToStream.startElement(java.lang.String, java.lang.String, java.lang.String, org.xml.sax.Attributes) due to JIT inline cache
07-22 21:31:17.280 4695 4790 I zygote : Deoptimizing void org.apache.xml.serializer.ToStream.closeStartTag() due to JIT inline cache
07-22 21:31:17.280 4695 4790 I zygote : Deoptimizing void org.apache.xml.serializer.ToStream.indent(int) due to JIT inline cache
07-22 21:31:17.604 0 0 D [drm:drm_mode_addfb2 [drm]] [FB: 78]
07-22 21:31:17.280 4695 4790 I zygote : Deoptimizing void org.apache.xml.serializer.ToStream.printSpace(int) due to JIT inline cache
07-22 21:31:17.280 4695 4790 I zygote : Deoptimizing void org.apache.xml.serializer.ToStream.endElement(java.lang.String, java.lang.String, java.lang.String) due to JIT inline cache
07-22 21:31:17.280 4695 4790 I zygote : Deoptimizing void org.apache.xml.serializer.ToStream.outputLineSep() due to JIT inline cache
07-22 21:31:17.604 0 0 D : [drm:drm_atomic_state_init [drm]] Allocated atomic state 000000003694a6d2
07-22 21:31:17.604 0 0 D : [drm:drm_atomic_get_plane_state [drm]] Added [PLANE:36:plane-0] 0000000091de7da0 state to 000000003694a6d2
07-22 21:31:17.604 0 0 D : [drm:drm_atomic_get_crtc_state [drm]] Added [CRTC:43:crtc-0] 00000000f445444e state to 000000003694a6d2
07-22 21:31:17.604 0 0 D : [drm:drm_atomic_set_crtc_for_plane [drm]] Link plane state 0000000091de7da0 to [CRTC:43:crtc-0]
07-22 21:31:17.604 0 0 D : [drm:drm_atomic_set_fb_for_plane [drm]] Set [FB:78] for plane state 0000000091de7da0
07-22 21:31:17.604 0 0 D : [drm:drm_atomic_check_only [drm]] checking 000000003694a6d2
07-22 21:31:17.604 0 0 D : [drm:dm_update_planes_state [amdgpu]] Disabling DRM plane: 36 on DRM crtc 43
07-22 21:31:17.604 0 0 D : [drm:dm_update_planes_state [amdgpu]] Enabling DRM plane: 36 on DRM crtc 43
07-22 21:31:17.604 0 0 D : [drm:drm_atomic_state_default_clear [drm]] Clearing atomic state 000000003694a6d2
07-22 21:31:17.604 0 0 D : [drm:__drm_atomic_state_free [drm]] Freeing atomic state 000000003694a6d2
07-22 21:31:17.604 0 0 D : [drm:drm_atomic_state_init [drm]] Allocated atomic state 00000000674d80d9
07-22 21:31:17.604 0 0 D : [drm:drm_atomic_get_plane_state [drm]] Added [PLANE:36:plane-0] 0000000091de7da0 state to 00000000674d80d9
07-22 21:31:17.604 0 0 D : [drm:drm_atomic_get_crtc_state [drm]] Added [CRTC:43:crtc-0] 0000000088e87c99 state to 00000000674d80d9
07-22 21:31:17.604 0 0 D : [drm:drm_atomic_set_crtc_for_plane [drm]] Link plane state 0000000091de7da0 to [CRTC:43:crtc-0]
07-22 21:31:17.604 0 0 D : [drm:drm_atomic_set_fb_for_plane [drm]] Set [FB:78] for plane state 0000000091de7da0
07-22 21:31:17.604 0 0 D : [drm:drm_atomic_check_only [drm]] checking 00000000674d80d9
07-22 21:31:17.604 0 0 D : [drm:dm_update_planes_state [amdgpu]] Disabling DRM plane: 36 on DRM crtc 43
07-22 21:31:17.604 0 0 D : [drm:dm_update_planes_state [amdgpu]] Enabling DRM plane: 36 on DRM crtc 43
07-22 21:31:17.604 0 0 D : [drm:drm_atomic_commit [drm]] committing 00000000674d80d9
07-22 21:31:17.604 0 0 D : [drm:amdgpu_dm_atomic_commit_tail [amdgpu]] amdgpu_crtc id:0 crtc_state_flags: enable:1, active:1, planes_changed:1, mode_changed:0,active_changed:0,connectors_changed:0
07-22 21:31:17.604 0 0 D [drm:amdgpu_dm_atomic_commit_tail [amdgpu]] crtc: 0, pflip_stat:AMDGPU_FLIP_SUBMITTED
07-22 21:31:17.293 4695 4790 D com.futuremark.dmandroid.TestDb: Data for required items already loaded [FARANDOLE]. Ignoring load request.
07-22 21:31:17.617 0 0 D : [drm:dm_pflip_high_irq [amdgpu]] dm_pflip_high_irq - crtc :0[00000000da4e46cc], pflip_stat:AMDGPU_FLIP_NONE
07-22 21:31:17.617 0 0 D : [drm:drm_atomic_state_default_clear [drm]] Clearing atomic state 00000000674d80d9
07-22 21:31:17.617 0 0 D : [drm:__drm_atomic_state_free [drm]] Freeing atomic state 00000000674d80d9
07-22 21:31:17.621 0 0 D [drm:drm_mode_addfb2 [drm]] [FB: 74]
07-22 21:31:17.621 0 0 D : [drm:drm_atomic_state_init [drm]] Allocated atomic state 0000000000cc0718
07-22 21:31:17.621 0 0 D : [drm:drm_atomic_get_plane_state [drm]] Added [PLANE:36:plane-0] 0000000078bf4344 state to 0000000000cc0718
07-22 21:31:17.621 0 0 D : [drm:drm_atomic_get_crtc_state [drm]] Added [CRTC:43:crtc-0] 0000000047d54551 state to 0000000000cc0718
07-22 21:31:17.621 0 0 D : [drm:drm_atomic_set_crtc_for_plane [drm]] Link plane state 0000000078bf4344 to [CRTC:43:crtc-0]
07-22 21:31:17.621 0 0 D : [drm:drm_atomic_set_fb_for_plane [drm]] Set [FB:74] for plane state 0000000078bf4344
07-22 21:31:17.621 0 0 D : [drm:drm_atomic_check_only [drm]] checking 0000000000cc0718
07-22 21:31:17.621 0 0 D : [drm:dm_update_planes_state [amdgpu]] Disabling DRM plane: 36 on DRM crtc 43
07-22 21:31:17.621 0 0 D : [drm:dm_update_planes_state [amdgpu]] Enabling DRM plane: 36 on DRM crtc 43
07-22 21:31:17.621 0 0 D : [drm:drm_atomic_state_default_clear [drm]] Clearing atomic state 0000000000cc0718
07-22 21:31:17.621 0 0 D : [drm:__drm_atomic_state_free [drm]] Freeing atomic state 0000000000cc0718
07-22 21:31:17.621 0 0 D : [drm:drm_atomic_state_init [drm]] Allocated atomic state 00000000378c3a88
07-22 21:31:17.621 0 0 D : [drm:drm_atomic_get_plane_state [drm]] Added [PLANE:36:plane-0] 000000002edf2241 state to 00000000378c3a88
07-22 21:31:17.621 0 0 D : [drm:drm_atomic_get_crtc_state [drm]] Added [CRTC:43:crtc-0] 0000000004c07a5c state to 00000000378c3a88
07-22 21:31:17.621 0 0 D : [drm:drm_atomic_set_crtc_for_plane [drm]] Link plane state 000000002edf2241 to [CRTC:43:crtc-0]
07-22 21:31:17.621 0 0 D : [drm:drm_atomic_set_fb_for_plane [drm]] Set [FB:74] for plane state 000000002edf2241
07-22 21:31:17.621 0 0 D : [drm:drm_atomic_check_only [drm]] checking 00000000378c3a88
07-22 21:31:17.621 0 0 D : [drm:dm_update_planes_state [amdgpu]] Disabling DRM plane: 36 on DRM crtc 43
07-22 21:31:17.621 0 0 D : [drm:dm_update_planes_state [amdgpu]] Enabling DRM plane: 36 on DRM crtc 43
07-22 21:31:17.621 0 0 D : [drm:drm_atomic_commit [drm]] committing 00000000378c3a88
07-22 21:31:17.621 0 0 D : [drm:amdgpu_dm_atomic_commit_tail [amdgpu]] amdgpu_crtc id:0 crtc_state_flags: enable:1, active:1, planes_changed:1, mode_changed:0,active_changed:0,connectors_changed:0
07-22 21:31:17.621 0 0 D [drm:amdgpu_dm_atomic_commit_tail [amdgpu]] crtc: 0, pflip_stat:AMDGPU_FLIP_SUBMITTED
07-22 21:31:17.634 0 0 D : [drm:dm_pflip_high_irq [amdgpu]] dm_pflip_high_irq - crtc :0[00000000da4e46cc], pflip_stat:AMDGPU_FLIP_NONE
07-22 21:31:17.634 0 0 D : [drm:drm_atomic_state_default_clear [drm]] Clearing atomic state 00000000378c3a88
07-22 21:31:17.634 0 0 D : [drm:__drm_atomic_state_free [drm]] Freeing atomic state 00000000378c3a88
07-22 21:31:17.637 0 0 D [drm:drm_mode_addfb2 [drm]] [FB: 78]
07-22 21:31:17.637 0 0 D : [drm:drm_atomic_state_init [drm]] Allocated atomic state 00000000a3c61e07
07-22 21:31:17.637 0 0 D : [drm:drm_atomic_get_plane_state [drm]] Added [PLANE:36:plane-0] 0000000078bf4344 state to 00000000a3c61e07
07-22 21:31:17.637 0 0 D : [drm:drm_atomic_get_crtc_state [drm]] Added [CRTC:43:crtc-0] 00000000cf26c8fb state to 00000000a3c61e07
07-22 21:31:17.637 0 0 D : [drm:drm_atomic_set_crtc_for_plane [drm]] Link plane state 0000000078bf4344 to [CRTC:43:crtc-0]
07-22 21:31:17.637 0 0 D : [drm:drm_atomic_set_fb_for_plane [drm]] Set [FB:78] for plane state 0000000078bf4344
07-22 21:31:17.637 0 0 D : [drm:drm_atomic_check_only [drm]] checking 00000000a3c61e07
07-22 21:31:17.637 0 0 D : [drm:dm_update_planes_state [amdgpu]] Disabling DRM plane: 36 on DRM crtc 43
07-22 21:31:17.637 0 0 D : [drm:dm_update_planes_state [amdgpu]] Enabling DRM plane: 36 on DRM crtc 43
07-22 21:31:17.637 0 0 D : [drm:drm_atomic_state_default_clear [drm]] Clearing atomic state 00000000a3c61e07
07-22 21:31:17.637 0 0 D : [drm:__drm_atomic_state_free [drm]] Freeing atomic state 00000000a3c61e07
07-22 21:31:17.637 0 0 D : [drm:drm_atomic_state_init [drm]] Allocated atomic state 000000003045f9cf
07-22 21:31:17.637 0 0 D : [drm:drm_atomic_get_plane_state [drm]] Added [PLANE:36:plane-0] 000000007a02cc4a state to 000000003045f9cf
07-22 21:31:17.637 0 0 D : [drm:drm_atomic_get_crtc_state [drm]] Added [CRTC:43:crtc-0] 000000001347c69e state to 000000003045f9cf
07-22 21:31:17.637 0 0 D : [drm:drm_atomic_set_crtc_for_plane [drm]] Link plane state 000000007a02cc4a to [CRTC:43:crtc-0]
07-22 21:31:17.637 0 0 D : [drm:drm_atomic_set_fb_for_plane [drm]] Set [FB:78] for plane state 000000007a02cc4a
07-22 21:31:17.637 0 0 D : [drm:drm_atomic_check_only [drm]] checking 000000003045f9cf
07-22 21:31:17.637 0 0 D : [drm:dm_update_planes_state [amdgpu]] Disabling DRM plane: 36 on DRM crtc 43
07-22 21:31:17.637 0 0 D : [drm:dm_update_planes_state [amdgpu]] Enabling DRM plane: 36 on DRM crtc 43
07-22 21:31:17.637 0 0 D : [drm:drm_atomic_commit [drm]] committing 000000003045f9cf
07-22 21:31:17.637 0 0 D : [drm:amdgpu_dm_atomic_commit_tail [amdgpu]] amdgpu_crtc id:0 crtc_state_flags: enable:1, active:1, planes_changed:1, mode_changed:0,active_changed:0,connectors_changed:0
07-22 21:31:17.637 0 0 D [drm:amdgpu_dm_atomic_commit_tail [amdgpu]] crtc: 0, pflip_stat:AMDGPU_FLIP_SUBMITTED
07-22 21:31:17.320 4695 4790 I com.futuremark.dmandroid.SystemInfoServiceImpl: creating CPUID, 77
07-22 21:31:17.320 4695 4790 I com.futuremark.dmandroid.SystemInfoServiceImpl: initializing CPUID, 77
07-22 21:31:17.326 4695 4790 I com.futuremark.dmandroid.SystemInfoServiceImpl: collect done, type:invariant, bat level:0, power src:UNKNOWN
07-22 21:31:17.651 0 0 D : [drm:dm_pflip_high_irq [amdgpu]] dm_pflip_high_irq - crtc :0[00000000da4e46cc], pflip_stat:AMDGPU_FLIP_NONE
07-22 21:31:17.651 0 0 D : [drm:drm_atomic_state_default_clear [drm]] Clearing atomic state 000000003045f9cf
07-22 21:31:17.651 0 0 D : [drm:__drm_atomic_state_free [drm]] Freeing atomic state 000000003045f9cf
07-22 21:31:17.654 0 0 D [drm:drm_mode_addfb2 [drm]] [FB: 74]
07-22 21:31:17.654 0 0 D : [drm:drm_atomic_state_init [drm]] Allocated atomic state 0000000001443e77
07-22 21:31:17.654 0 0 D : [drm:drm_atomic_get_plane_state [drm]] Added [PLANE:36:plane-0] 0000000078bf4344 state to 0000000001443e77
07-22 21:31:17.654 0 0 D : [drm:drm_atomic_get_crtc_state [drm]] Added [CRTC:43:crtc-0] 000000001b717f3e state to 0000000001443e77
07-22 21:31:17.654 0 0 D : [drm:drm_atomic_set_crtc_for_plane [drm]] Link plane state 0000000078bf4344 to [CRTC:43:crtc-0]
07-22 21:31:17.654 0 0 D : [drm:drm_atomic_set_fb_for_plane [drm]] Set [FB:74] for plane state 0000000078bf4344
07-22 21:31:17.654 0 0 D : [drm:drm_atomic_check_only [drm]] checking 0000000001443e77
07-22 21:31:17.654 0 0 D : [drm:dm_update_planes_state [amdgpu]] Disabling DRM plane: 36 on DRM crtc 43
07-22 21:31:17.654 0 0 D : [drm:dm_update_planes_state [amdgpu]] Enabling DRM plane: 36 on DRM crtc 43
07-22 21:31:17.654 0 0 D : [drm:drm_atomic_state_default_clear [drm]] Clearing atomic state 0000000001443e77
07-22 21:31:17.654 0 0 D : [drm:__drm_atomic_state_free [drm]] Freeing atomic state 0000000001443e77
07-22 21:31:17.654 0 0 D : [drm:drm_atomic_state_init [drm]] Allocated atomic state 000000003b226089
07-22 21:31:17.654 0 0 D : [drm:drm_atomic_get_plane_state [drm]] Added [PLANE:36:plane-0] 000000007f82887e state to 000000003b226089
07-22 21:31:17.654 0 0 D : [drm:drm_atomic_get_crtc_state [drm]] Added [CRTC:43:crtc-0] 0000000025dc30ce state to 000000003b226089
07-22 21:31:17.654 0 0 D : [drm:drm_atomic_set_crtc_for_plane [drm]] Link plane state 000000007f82887e to [CRTC:43:crtc-0]
07-22 21:31:17.654 0 0 D : [drm:drm_atomic_set_fb_for_plane [drm]] Set [FB:74] for plane state 000000007f82887e
07-22 21:31:17.655 0 0 D : [drm:drm_atomic_check_only [drm]] checking 000000003b226089
07-22 21:31:17.655 0 0 D : [drm:dm_update_planes_state [amdgpu]] Disabling DRM plane: 36 on DRM crtc 43
07-22 21:31:17.655 0 0 D : [drm:dm_update_planes_state [amdgpu]] Enabling DRM plane: 36 on DRM crtc 43
07-22 21:31:17.655 0 0 D : [drm:drm_atomic_commit [drm]] committing 000000003b226089
07-22 21:31:17.655 0 0 D : [drm:amdgpu_dm_atomic_commit_tail [amdgpu]] amdgpu_crtc id:0 crtc_state_flags: enable:1, active:1, planes_changed:1, mode_changed:0,active_changed:0,connectors_changed:0
07-22 21:31:17.655 0 0 D [drm:amdgpu_dm_atomic_commit_tail [amdgpu]] crtc: 0, pflip_stat:AMDGPU_FLIP_SUBMITTED
07-22 21:31:17.667 0 0 D : [drm:dm_pflip_high_irq [amdgpu]] dm_pflip_high_irq - crtc :0[00000000da4e46cc], pflip_stat:AMDGPU_FLIP_NONE
07-22 21:31:17.667 0 0 D : [drm:drm_atomic_state_default_clear [drm]] Clearing atomic state 000000003b226089
07-22 21:31:17.667 0 0 D : [drm:__drm_atomic_state_free [drm]] Freeing atomic state 000000003b226089
07-22 21:31:17.670 0 0 D [drm:drm_mode_addfb2 [drm]] [FB: 78]
07-22 21:31:17.671 0 0 D : [drm:drm_atomic_state_init [drm]] Allocated atomic state 000000008c91b02a
07-22 21:31:17.671 0 0 D : [drm:drm_atomic_get_plane_state [drm]] Added [PLANE:36:plane-0] 0000000078bf4344 state to 000000008c91b02a
07-22 21:31:17.671 0 0 D : [drm:drm_atomic_get_crtc_state [drm]] Added [CRTC:43:crtc-0] 0000000047d54551 state to 000000008c91b02a
07-22 21:31:17.671 0 0 D : [drm:drm_atomic_set_crtc_for_plane [drm]] Link plane state 0000000078bf4344 to [CRTC:43:crtc-0]
07-22 21:31:17.671 0 0 D : [drm:drm_atomic_set_fb_for_plane [drm]] Set [FB:78] for plane state 0000000078bf4344
07-22 21:31:17.671 0 0 D : [drm:drm_atomic_check_only [drm]] checking 000000008c91b02a
07-22 21:31:17.671 0 0 D : [drm:dm_update_planes_state [amdgpu]] Disabling DRM plane: 36 on DRM crtc 43
07-22 21:31:17.671 0 0 D : [drm:dm_update_planes_state [amdgpu]] Enabling DRM plane: 36 on DRM crtc 43
07-22 21:31:17.671 0 0 D : [drm:drm_atomic_state_default_clear [drm]] Clearing atomic state 000000008c91b02a
07-22 21:31:17.671 0 0 D : [drm:__drm_atomic_state_free [drm]] Freeing atomic state 000000008c91b02a
07-22 21:31:17.671 0 0 D : [drm:drm_atomic_state_init [drm]] Allocated atomic state 00000000f070b7fd
07-22 21:31:17.671 0 0 D : [drm:drm_atomic_get_plane_state [drm]] Added [PLANE:36:plane-0] 0000000020cc1ecd state to 00000000f070b7fd
07-22 21:31:17.671 0 0 D : [drm:drm_atomic_get_crtc_state [drm]] Added [CRTC:43:crtc-0] 000000003d2faebc state to 00000000f070b7fd
07-22 21:31:17.671 0 0 D : [drm:drm_atomic_set_crtc_for_plane [drm]] Link plane state 0000000020cc1ecd to [CRTC:43:crtc-0]
07-22 21:31:17.671 0 0 D : [drm:drm_atomic_set_fb_for_plane [drm]] Set [FB:78] for plane state 0000000020cc1ecd
07-22 21:31:17.671 0 0 D : [drm:drm_atomic_check_only [drm]] checking 00000000f070b7fd
07-22 21:31:17.671 0 0 D : [drm:dm_update_planes_state [amdgpu]] Disabling DRM plane: 36 on DRM crtc 43
07-22 21:31:17.671 0 0 D : [drm:dm_update_planes_state [amdgpu]] Enabling DRM plane: 36 on DRM crtc 43
07-22 21:31:17.671 0 0 D : [drm:drm_atomic_commit [drm]] committing 00000000f070b7fd
07-22 21:31:17.671 0 0 D : [drm:amdgpu_dm_atomic_commit_tail [amdgpu]] amdgpu_crtc id:0 crtc_state_flags: enable:1, active:1, planes_changed:1, mode_changed:0,active_changed:0,connectors_changed:0
07-22 21:31:17.671 0 0 D [drm:amdgpu_dm_atomic_commit_tail [amdgpu]] crtc: 0, pflip_stat:AMDGPU_FLIP_SUBMITTED
07-22 21:31:17.350 4695 4790 I com.futuremark.dmandroid.*hmarkResultStorageUtil: stored result to /data/data/com.futuremark.dmandroid.application/files/2018-07-22T21-30-29-736.zip, total size 5055 bytes
07-22 21:31:17.352 4695 4790 I com.futuremark.dmandroid.*hmarkResultStorageUtil: Copying result file to standard automation location /storage/emulated/0/3DMarkAndroid/dma-result-2018-07-22T21-31-17-351.zip
07-22 21:31:17.684 0 0 D : [drm:dm_pflip_high_irq [amdgpu]] dm_pflip_high_irq - crtc :0[00000000da4e46cc], pflip_stat:AMDGPU_FLIP_NONE
07-22 21:31:17.684 0 0 D : [drm:drm_atomic_state_default_clear [drm]] Clearing atomic state 00000000f070b7fd
07-22 21:31:17.684 0 0 D : [drm:__drm_atomic_state_free [drm]] Freeing atomic state 00000000f070b7fd
07-22 21:31:17.687 0 0 D [drm:drm_mode_addfb2 [drm]] [FB: 74]
07-22 21:31:17.687 0 0 D : [drm:drm_atomic_state_init [drm]] Allocated atomic state 000000008f07c381
07-22 21:31:17.687 0 0 D : [drm:drm_atomic_get_plane_state [drm]] Added [PLANE:36:plane-0] 000000001eb51ce2 state to 000000008f07c381
07-22 21:31:17.687 0 0 D : [drm:drm_atomic_get_crtc_state [drm]] Added [CRTC:43:crtc-0] 0000000069d53ca5 state to 000000008f07c381
07-22 21:31:17.687 0 0 D : [drm:drm_atomic_set_crtc_for_plane [drm]] Link plane state 000000001eb51ce2 to [CRTC:43:crtc-0]
07-22 21:31:17.687 0 0 D : [drm:drm_atomic_set_fb_for_plane [drm]] Set [FB:74] for plane state 000000001eb51ce2
07-22 21:31:17.687 0 0 D : [drm:drm_atomic_check_only [drm]] checking 000000008f07c381
07-22 21:31:17.687 0 0 D : [drm:dm_update_planes_state [amdgpu]] Disabling DRM plane: 36 on DRM crtc 43
07-22 21:31:17.687 0 0 D : [drm:dm_update_planes_state [amdgpu]] Enabling DRM plane: 36 on DRM crtc 43
07-22 21:31:17.688 0 0 D : [drm:drm_atomic_state_default_clear [drm]] Clearing atomic state 000000008f07c381
07-22 21:31:17.688 0 0 D : [drm:__drm_atomic_state_free [drm]] Freeing atomic state 000000008f07c381
07-22 21:31:17.688 0 0 D : [drm:drm_atomic_state_init [drm]] Allocated atomic state 00000000598ee5f4
07-22 21:31:17.688 0 0 D : [drm:drm_atomic_get_plane_state [drm]] Added [PLANE:36:plane-0] 00000000796f3465 state to 00000000598ee5f4
07-22 21:31:17.688 0 0 D : [drm:drm_atomic_get_crtc_state [drm]] Added [CRTC:43:crtc-0] 0000000047d54551 state to 00000000598ee5f4
07-22 21:31:17.688 0 0 D : [drm:drm_atomic_set_crtc_for_plane [drm]] Link plane state 00000000796f3465 to [CRTC:43:crtc-0]
07-22 21:31:17.688 0 0 D : [drm:drm_atomic_set_fb_for_plane [drm]] Set [FB:74] for plane state 00000000796f3465
07-22 21:31:17.688 0 0 D : [drm:drm_atomic_check_only [drm]] checking 00000000598ee5f4
07-22 21:31:17.688 0 0 D : [drm:dm_update_planes_state [amdgpu]] Disabling DRM plane: 36 on DRM crtc 43
07-22 21:31:17.688 0 0 D : [drm:dm_update_planes_state [amdgpu]] Enabling DRM plane: 36 on DRM crtc 43
07-22 21:31:17.688 0 0 D : [drm:drm_atomic_commit [drm]] committing 00000000598ee5f4
07-22 21:31:17.688 0 0 D : [drm:amdgpu_dm_atomic_commit_tail [amdgpu]] amdgpu_crtc id:0 crtc_state_flags: enable:1, active:1, planes_changed:1, mode_changed:0,active_changed:0,connectors_changed:0
07-22 21:31:17.688 0 0 D [drm:amdgpu_dm_atomic_commit_tail [amdgpu]] crtc: 0, pflip_stat:AMDGPU_FLIP_SUBMITTED
