07-22 21:31:13.409 4949 4949 I auditd : type=1400 audit(0.0:803): avc: denied { getattr } for comm="cation:workload" path="/dev/__properties__/u:object_r:wifi_prop:s0" dev="tmpfs" ino=8033 scontext=u:r:untrusted_app:s0:c512,c768 tcontext=u:object_r:wifi_prop:s0 tclass=file permissive=1
07-22 21:31:13.409 4949 4949 I cation:workload: type=1400 audit(0.0:803): avc: denied { getattr } for path="/dev/__properties__/u:object_r:wifi_prop:s0" dev="tmpfs" ino=8033 scontext=u:r:untrusted_app:s0:c512,c768 tcontext=u:object_r:wifi_prop:s0 tclass=file permissive=1
07-22 21:31:13.409 4949 4949 I auditd : type=1400 audit(0.0:804): avc: denied { map } for comm="cation:workload" path="/dev/__properties__/u:object_r:wifi_prop:s0" dev="tmpfs" ino=8033 scontext=u:r:untrusted_app:s0:c512,c768 tcontext=u:object_r:wifi_prop:s0 tclass=file permissive=1
07-22 21:31:13.409 4949 4949 I cation:workload: type=1400 audit(0.0:804): avc: denied { map } for path="/dev/__properties__/u:object_r:wifi_prop:s0" dev="tmpfs" ino=8033 scontext=u:r:untrusted_app:s0:c512,c768 tcontext=u:object_r:wifi_prop:s0 tclass=file permissive=1
07-22 21:31:13.410 4949 4949 I Farandole: Vulkan: enumerating devices...
07-22 21:31:13.732 0 0 D : [drm:amdgpu_vm_init [amdgpu]] VM update mode is SDMA
07-22 21:31:13.411 4949 4949 I Farandole: enumerating instance layer properties.
07-22 21:31:13.411 4949 4949 I Farandole: Vulkan: no instance layers found.
07-22 21:31:13.411 4949 4949 I Farandole: Vulkan library loaded.
07-22 21:31:13.411 4949 4949 I com.futuremark.dmandroid.DmTestDetailsProvider: Device is Vulkan compatible: true
07-22 21:31:13.734 0 0 D : [drm:dm_pflip_high_irq [amdgpu]] dm_pflip_high_irq - crtc :0[00000000da4e46cc], pflip_stat:AMDGPU_FLIP_NONE
07-22 21:31:13.734 0 0 D : [drm:drm_atomic_state_default_clear [drm]] Clearing atomic state 000000004bcad903
07-22 21:31:13.734 0 0 D : [drm:__drm_atomic_state_free [drm]] Freeing atomic state 000000004bcad903
07-22 21:31:13.736 0 0 D [drm:drm_mode_addfb2 [drm]] [FB: 78]
07-22 21:31:13.737 0 0 D : [drm:drm_atomic_state_init [drm]] Allocated atomic state 00000000dfd996c2
07-22 21:31:13.737 0 0 D : [drm:drm_atomic_get_plane_state [drm]] Added [PLANE:36:plane-0] 0000000025eb78d7 state to 00000000dfd996c2
07-22 21:31:13.737 0 0 D : [drm:drm_atomic_get_crtc_state [drm]] Added [CRTC:43:crtc-0] 000000001b717f3e state to 00000000dfd996c2
07-22 21:31:13.737 0 0 D : [drm:drm_atomic_set_crtc_for_plane [drm]] Link plane state 0000000025eb78d7 to [CRTC:43:crtc-0]
07-22 21:31:13.737 0 0 D : [drm:drm_atomic_set_fb_for_plane [drm]] Set [FB:78] for plane state 0000000025eb78d7
07-22 21:31:13.737 0 0 D : [drm:drm_atomic_check_only [drm]] checking 00000000dfd996c2
07-22 21:31:13.737 0 0 D : [drm:dm_update_planes_state [amdgpu]] Disabling DRM plane: 36 on DRM crtc 43
07-22 21:31:13.737 0 0 D : [drm:dm_update_planes_state [amdgpu]] Enabling DRM plane: 36 on DRM crtc 43
07-22 21:31:13.737 0 0 D : [drm:drm_atomic_state_default_clear [drm]] Clearing atomic state 00000000dfd996c2
07-22 21:31:13.737 0 0 D : [drm:__drm_atomic_state_free [drm]] Freeing atomic state 00000000dfd996c2
07-22 21:31:13.737 0 0 D : [drm:drm_atomic_state_init [drm]] Allocated atomic state 00000000dfd996c2
07-22 21:31:13.737 0 0 D : [drm:drm_atomic_get_plane_state [drm]] Added [PLANE:36:plane-0] 0000000025eb78d7 state to 00000000dfd996c2
07-22 21:31:13.737 0 0 D : [drm:drm_atomic_get_crtc_state [drm]] Added [CRTC:43:crtc-0] 000000008303978e state to 00000000dfd996c2
07-22 21:31:13.737 0 0 D : [drm:drm_atomic_set_crtc_for_plane [drm]] Link plane state 0000000025eb78d7 to [CRTC:43:crtc-0]
07-22 21:31:13.737 0 0 D : [drm:drm_atomic_set_fb_for_plane [drm]] Set [FB:78] for plane state 0000000025eb78d7
07-22 21:31:13.737 0 0 D : [drm:drm_atomic_check_only [drm]] checking 00000000dfd996c2
07-22 21:31:13.737 0 0 D : [drm:dm_update_planes_state [amdgpu]] Disabling DRM plane: 36 on DRM crtc 43
07-22 21:31:13.737 0 0 D : [drm:dm_update_planes_state [amdgpu]] Enabling DRM plane: 36 on DRM crtc 43
07-22 21:31:13.737 0 0 D : [drm:drm_atomic_commit [drm]] committing 00000000dfd996c2
07-22 21:31:13.737 0 0 D : [drm:amdgpu_dm_atomic_commit_tail [amdgpu]] amdgpu_crtc id:0 crtc_state_flags: enable:1, active:1, planes_changed:1, mode_changed:0,active_changed:0,connectors_changed:0
07-22 21:31:13.737 0 0 D [drm:amdgpu_dm_atomic_commit_tail [amdgpu]] crtc: 0, pflip_stat:AMDGPU_FLIP_SUBMITTED
07-22 21:31:13.419 4949 4949 W nAnnotationIntrospector: Unable to load JDK7 annotation types; will have to skip
07-22 21:31:13.751 0 0 D : [drm:dm_pflip_high_irq [amdgpu]] dm_pflip_high_irq - crtc :0[00000000da4e46cc], pflip_stat:AMDGPU_FLIP_NONE
07-22 21:31:13.751 0 0 D : [drm:drm_atomic_state_default_clear [drm]] Clearing atomic state 00000000dfd996c2
07-22 21:31:13.751 0 0 D : [drm:__drm_atomic_state_free [drm]] Freeing atomic state 00000000dfd996c2
07-22 21:31:13.753 0 0 D [drm:drm_mode_addfb2 [drm]] [FB: 74]
07-22 21:31:13.754 0 0 D : [drm:drm_atomic_state_init [drm]] Allocated atomic state 000000004c71c5b5
07-22 21:31:13.754 0 0 D : [drm:drm_atomic_get_plane_state [drm]] Added [PLANE:36:plane-0] 0000000001f393fe state to 000000004c71c5b5
07-22 21:31:13.754 0 0 D : [drm:drm_atomic_get_crtc_state [drm]] Added [CRTC:43:crtc-0] 0000000084cec2cd state to 000000004c71c5b5
07-22 21:31:13.754 0 0 D : [drm:drm_atomic_set_crtc_for_plane [drm]] Link plane state 0000000001f393fe to [CRTC:43:crtc-0]
07-22 21:31:13.754 0 0 D : [drm:drm_atomic_set_fb_for_plane [drm]] Set [FB:74] for plane state 0000000001f393fe
07-22 21:31:13.754 0 0 D : [drm:drm_atomic_check_only [drm]] checking 000000004c71c5b5
07-22 21:31:13.754 0 0 D : [drm:dm_update_planes_state [amdgpu]] Disabling DRM plane: 36 on DRM crtc 43
07-22 21:31:13.754 0 0 D : [drm:dm_update_planes_state [amdgpu]] Enabling DRM plane: 36 on DRM crtc 43
07-22 21:31:13.754 0 0 D : [drm:drm_atomic_state_default_clear [drm]] Clearing atomic state 000000004c71c5b5
07-22 21:31:13.754 0 0 D : [drm:__drm_atomic_state_free [drm]] Freeing atomic state 000000004c71c5b5
07-22 21:31:13.754 0 0 D : [drm:drm_atomic_state_init [drm]] Allocated atomic state 000000003f4a4a13
07-22 21:31:13.754 0 0 D : [drm:drm_atomic_get_plane_state [drm]] Added [PLANE:36:plane-0] 0000000001f393fe state to 000000003f4a4a13
07-22 21:31:13.754 0 0 D : [drm:drm_atomic_get_crtc_state [drm]] Added [CRTC:43:crtc-0] 000000000a1c2172 state to 000000003f4a4a13
07-22 21:31:13.754 0 0 D : [drm:drm_atomic_set_crtc_for_plane [drm]] Link plane state 0000000001f393fe to [CRTC:43:crtc-0]
07-22 21:31:13.754 0 0 D : [drm:drm_atomic_set_fb_for_plane [drm]] Set [FB:74] for plane state 0000000001f393fe
07-22 21:31:13.754 0 0 D : [drm:drm_atomic_check_only [drm]] checking 000000003f4a4a13
07-22 21:31:13.754 0 0 D : [drm:dm_update_planes_state [amdgpu]] Disabling DRM plane: 36 on DRM crtc 43
07-22 21:31:13.754 0 0 D : [drm:dm_update_planes_state [amdgpu]] Enabling DRM plane: 36 on DRM crtc 43
07-22 21:31:13.754 0 0 D : [drm:drm_atomic_commit [drm]] committing 000000003f4a4a13
07-22 21:31:13.754 0 0 D : [drm:amdgpu_dm_atomic_commit_tail [amdgpu]] amdgpu_crtc id:0 crtc_state_flags: enable:1, active:1, planes_changed:1, mode_changed:0,active_changed:0,connectors_changed:0
07-22 21:31:13.754 0 0 D [drm:amdgpu_dm_atomic_commit_tail [amdgpu]] crtc: 0, pflip_stat:AMDGPU_FLIP_SUBMITTED
07-22 21:31:13.767 0 0 D : [drm:dm_pflip_high_irq [amdgpu]] dm_pflip_high_irq - crtc :0[00000000da4e46cc], pflip_stat:AMDGPU_FLIP_NONE
07-22 21:31:13.767 0 0 D : [drm:drm_atomic_state_default_clear [drm]] Clearing atomic state 000000003f4a4a13
07-22 21:31:13.767 0 0 D : [drm:__drm_atomic_state_free [drm]] Freeing atomic state 000000003f4a4a13
07-22 21:31:13.770 0 0 D [drm:drm_mode_addfb2 [drm]] [FB: 78]
07-22 21:31:13.770 0 0 D : [drm:drm_atomic_state_init [drm]] Allocated atomic state 00000000627d006c
07-22 21:31:13.770 0 0 D : [drm:drm_atomic_get_plane_state [drm]] Added [PLANE:36:plane-0] 000000004c30bfcd state to 00000000627d006c
07-22 21:31:13.771 0 0 D : [drm:drm_atomic_get_crtc_state [drm]] Added [CRTC:43:crtc-0] 000000006e837571 state to 00000000627d006c
07-22 21:31:13.771 0 0 D : [drm:drm_atomic_set_crtc_for_plane [drm]] Link plane state 000000004c30bfcd to [CRTC:43:crtc-0]
07-22 21:31:13.771 0 0 D : [drm:drm_atomic_set_fb_for_plane [drm]] Set [FB:78] for plane state 000000004c30bfcd
07-22 21:31:13.771 0 0 D : [drm:drm_atomic_check_only [drm]] checking 00000000627d006c
07-22 21:31:13.771 0 0 D : [drm:dm_update_planes_state [amdgpu]] Disabling DRM plane: 36 on DRM crtc 43
07-22 21:31:13.771 0 0 D : [drm:dm_update_planes_state [amdgpu]] Enabling DRM plane: 36 on DRM crtc 43
07-22 21:31:13.771 0 0 D : [drm:drm_atomic_state_default_clear [drm]] Clearing atomic state 00000000627d006c
07-22 21:31:13.771 0 0 D : [drm:__drm_atomic_state_free [drm]] Freeing atomic state 00000000627d006c
07-22 21:31:13.771 0 0 D : [drm:drm_atomic_state_init [drm]] Allocated atomic state 00000000627d006c
07-22 21:31:13.771 0 0 D : [drm:drm_atomic_get_plane_state [drm]] Added [PLANE:36:plane-0] 000000004c30bfcd state to 00000000627d006c
07-22 21:31:13.771 0 0 D : [drm:drm_atomic_get_crtc_state [drm]] Added [CRTC:43:crtc-0] 00000000e2fe0793 state to 00000000627d006c
07-22 21:31:13.771 0 0 D : [drm:drm_atomic_set_crtc_for_plane [drm]] Link plane state 000000004c30bfcd to [CRTC:43:crtc-0]
07-22 21:31:13.771 0 0 D : [drm:drm_atomic_set_fb_for_plane [drm]] Set [FB:78] for plane state 000000004c30bfcd
07-22 21:31:13.771 0 0 D : [drm:drm_atomic_check_only [drm]] checking 00000000627d006c
07-22 21:31:13.771 0 0 D : [drm:dm_update_planes_state [amdgpu]] Disabling DRM plane: 36 on DRM crtc 43
07-22 21:31:13.771 0 0 D : [drm:dm_update_planes_state [amdgpu]] Enabling DRM plane: 36 on DRM crtc 43
07-22 21:31:13.771 0 0 D : [drm:drm_atomic_commit [drm]] committing 00000000627d006c
07-22 21:31:13.771 0 0 D : [drm:amdgpu_dm_atomic_commit_tail [amdgpu]] amdgpu_crtc id:0 crtc_state_flags: enable:1, active:1, planes_changed:1, mode_changed:0,active_changed:0,connectors_changed:0
07-22 21:31:13.771 0 0 D [drm:amdgpu_dm_atomic_commit_tail [amdgpu]] crtc: 0, pflip_stat:AMDGPU_FLIP_SUBMITTED
07-22 21:31:13.784 0 0 D : [drm:dm_pflip_high_irq [amdgpu]] dm_pflip_high_irq - crtc :0[00000000da4e46cc], pflip_stat:AMDGPU_FLIP_NONE
07-22 21:31:13.784 0 0 D : [drm:drm_atomic_state_default_clear [drm]] Clearing atomic state 00000000627d006c
07-22 21:31:13.784 0 0 D : [drm:__drm_atomic_state_free [drm]] Freeing atomic state 00000000627d006c
07-22 21:31:13.786 0 0 D [drm:drm_mode_addfb2 [drm]] [FB: 74]
07-22 21:31:13.787 0 0 D : [drm:drm_atomic_state_init [drm]] Allocated atomic state 00000000fc7ab20b
07-22 21:31:13.787 0 0 D : [drm:drm_atomic_get_plane_state [drm]] Added [PLANE:36:plane-0] 000000008cf306f2 state to 00000000fc7ab20b
07-22 21:31:13.787 0 0 D : [drm:drm_atomic_get_crtc_state [drm]] Added [CRTC:43:crtc-0] 0000000056906799 state to 00000000fc7ab20b
07-22 21:31:13.787 0 0 D : [drm:drm_atomic_set_crtc_for_plane [drm]] Link plane state 000000008cf306f2 to [CRTC:43:crtc-0]
07-22 21:31:13.787 0 0 D : [drm:drm_atomic_set_fb_for_plane [drm]] Set [FB:74] for plane state 000000008cf306f2
07-22 21:31:13.787 0 0 D : [drm:drm_atomic_check_only [drm]] checking 00000000fc7ab20b
07-22 21:31:13.787 0 0 D : [drm:dm_update_planes_state [amdgpu]] Disabling DRM plane: 36 on DRM crtc 43
07-22 21:31:13.787 0 0 D : [drm:dm_update_planes_state [amdgpu]] Enabling DRM plane: 36 on DRM crtc 43
07-22 21:31:13.787 0 0 D : [drm:drm_atomic_state_default_clear [drm]] Clearing atomic state 00000000fc7ab20b
07-22 21:31:13.787 0 0 D : [drm:__drm_atomic_state_free [drm]] Freeing atomic state 00000000fc7ab20b
07-22 21:31:13.787 0 0 D : [drm:drm_atomic_state_init [drm]] Allocated atomic state 00000000fc7ab20b
07-22 21:31:13.787 0 0 D : [drm:drm_atomic_get_plane_state [drm]] Added [PLANE:36:plane-0] 000000008cf306f2 state to 00000000fc7ab20b
07-22 21:31:13.787 0 0 D : [drm:drm_atomic_get_crtc_state [drm]] Added [CRTC:43:crtc-0] 000000007fbda554 state to 00000000fc7ab20b
07-22 21:31:13.787 0 0 D : [drm:drm_atomic_set_crtc_for_plane [drm]] Link plane state 000000008cf306f2 to [CRTC:43:crtc-0]
07-22 21:31:13.787 0 0 D : [drm:drm_atomic_set_fb_for_plane [drm]] Set [FB:74] for plane state 000000008cf306f2
07-22 21:31:13.787 0 0 D : [drm:drm_atomic_check_only [drm]] checking 00000000fc7ab20b
07-22 21:31:13.787 0 0 D : [drm:dm_update_planes_state [amdgpu]] Disabling DRM plane: 36 on DRM crtc 43
07-22 21:31:13.787 0 0 D : [drm:dm_update_planes_state [amdgpu]] Enabling DRM plane: 36 on DRM crtc 43
07-22 21:31:13.787 0 0 D : [drm:drm_atomic_commit [drm]] committing 00000000fc7ab20b
07-22 21:31:13.787 0 0 D : [drm:amdgpu_dm_atomic_commit_tail [amdgpu]] amdgpu_crtc id:0 crtc_state_flags: enable:1, active:1, planes_changed:1, mode_changed:0,active_changed:0,connectors_changed:0
07-22 21:31:13.787 0 0 D [drm:amdgpu_dm_atomic_commit_tail [amdgpu]] crtc: 0, pflip_stat:AMDGPU_FLIP_SUBMITTED
07-22 21:31:13.474 2443 2505 I InputDispatcher: Dropping event because there is no touchable window at (853, 256).
07-22 21:31:13.801 0 0 D : [drm:dm_pflip_high_irq [amdgpu]] dm_pflip_high_irq - crtc :0[00000000da4e46cc], pflip_stat:AMDGPU_FLIP_NONE
07-22 21:31:13.801 0 0 D : [drm:drm_atomic_state_default_clear [drm]] Clearing atomic state 00000000fc7ab20b
07-22 21:31:13.801 0 0 D : [drm:__drm_atomic_state_free [drm]] Freeing atomic state 00000000fc7ab20b
07-22 21:31:13.803 0 0 D [drm:drm_mode_addfb2 [drm]] [FB: 78]
07-22 21:31:13.482 2443 2505 I InputDispatcher: Dropping event because there is no touchable window at (853, 255).
07-22 21:31:13.803 0 0 D : [drm:drm_atomic_state_init [drm]] Allocated atomic state 00000000602f3a95
07-22 21:31:13.803 0 0 D : [drm:drm_atomic_get_plane_state [drm]] Added [PLANE:36:plane-0] 00000000c1414379 state to 00000000602f3a95
07-22 21:31:13.803 0 0 D : [drm:drm_atomic_get_crtc_state [drm]] Added [CRTC:43:crtc-0] 00000000f7d46d7f state to 00000000602f3a95
07-22 21:31:13.803 0 0 D : [drm:drm_atomic_set_crtc_for_plane [drm]] Link plane state 00000000c1414379 to [CRTC:43:crtc-0]
07-22 21:31:13.803 0 0 D : [drm:drm_atomic_set_fb_for_plane [drm]] Set [FB:78] for plane state 00000000c1414379
07-22 21:31:13.803 0 0 D : [drm:drm_atomic_check_only [drm]] checking 00000000602f3a95
07-22 21:31:13.803 0 0 D : [drm:dm_update_planes_state [amdgpu]] Disabling DRM plane: 36 on DRM crtc 43
07-22 21:31:13.803 0 0 D : [drm:dm_update_planes_state [amdgpu]] Enabling DRM plane: 36 on DRM crtc 43
07-22 21:31:13.803 0 0 D : [drm:drm_atomic_state_default_clear [drm]] Clearing atomic state 00000000602f3a95
07-22 21:31:13.803 0 0 D : [drm:__drm_atomic_state_free [drm]] Freeing atomic state 00000000602f3a95
07-22 21:31:13.803 0 0 D : [drm:drm_atomic_state_init [drm]] Allocated atomic state 00000000602f3a95
07-22 21:31:13.803 0 0 D : [drm:drm_atomic_get_plane_state [drm]] Added [PLANE:36:plane-0] 00000000c1414379 state to 00000000602f3a95
07-22 21:31:13.803 0 0 D : [drm:drm_atomic_get_crtc_state [drm]] Added [CRTC:43:crtc-0] 000000001bcf3d63 state to 00000000602f3a95
07-22 21:31:13.803 0 0 D : [drm:drm_atomic_set_crtc_for_plane [drm]] Link plane state 00000000c1414379 to [CRTC:43:crtc-0]
07-22 21:31:13.803 0 0 D : [drm:drm_atomic_set_fb_for_plane [drm]] Set [FB:78] for plane state 00000000c1414379
07-22 21:31:13.803 0 0 D : [drm:drm_atomic_check_only [drm]] checking 00000000602f3a95
07-22 21:31:13.803 0 0 D : [drm:dm_update_planes_state [amdgpu]] Disabling DRM plane: 36 on DRM crtc 43
07-22 21:31:13.803 0 0 D : [drm:dm_update_planes_state [amdgpu]] Enabling DRM plane: 36 on DRM crtc 43
07-22 21:31:13.803 0 0 D : [drm:drm_atomic_commit [drm]] committing 00000000602f3a95
07-22 21:31:13.804 0 0 D : [drm:amdgpu_dm_atomic_commit_tail [amdgpu]] amdgpu_crtc id:0 crtc_state_flags: enable:1, active:1, planes_changed:1, mode_changed:0,active_changed:0,connectors_changed:0
07-22 21:31:13.804 0 0 D [drm:amdgpu_dm_atomic_commit_tail [amdgpu]] crtc: 0, pflip_stat:AMDGPU_FLIP_SUBMITTED
07-22 21:31:13.817 0 0 D : [drm:dm_pflip_high_irq [amdgpu]] dm_pflip_high_irq - crtc :0[00000000da4e46cc], pflip_stat:AMDGPU_FLIP_NONE
07-22 21:31:13.817 0 0 D : [drm:drm_atomic_state_default_clear [drm]] Clearing atomic state 00000000602f3a95
07-22 21:31:13.817 0 0 D : [drm:__drm_atomic_state_free [drm]] Freeing atomic state 00000000602f3a95
07-22 21:31:13.820 0 0 D [drm:drm_mode_addfb2 [drm]] [FB: 74]
07-22 21:31:13.820 0 0 D : [drm:drm_atomic_state_init [drm]] Allocated atomic state 00000000fecff1ed
07-22 21:31:13.820 0 0 D : [drm:drm_atomic_get_plane_state [drm]] Added [PLANE:36:plane-0] 000000003d571887 state to 00000000fecff1ed
07-22 21:31:13.820 0 0 D : [drm:drm_atomic_get_crtc_state [drm]] Added [CRTC:43:crtc-0] 00000000f328b6b3 state to 00000000fecff1ed
07-22 21:31:13.820 0 0 D : [drm:drm_atomic_set_crtc_for_plane [drm]] Link plane state 000000003d571887 to [CRTC:43:crtc-0]
07-22 21:31:13.820 0 0 D : [drm:drm_atomic_set_fb_for_plane [drm]] Set [FB:74] for plane state 000000003d571887
07-22 21:31:13.820 0 0 D : [drm:drm_atomic_check_only [drm]] checking 00000000fecff1ed
07-22 21:31:13.820 0 0 D : [drm:dm_update_planes_state [amdgpu]] Disabling DRM plane: 36 on DRM crtc 43
07-22 21:31:13.820 0 0 D : [drm:dm_update_planes_state [amdgpu]] Enabling DRM plane: 36 on DRM crtc 43
07-22 21:31:13.820 0 0 D : [drm:drm_atomic_state_default_clear [drm]] Clearing atomic state 00000000fecff1ed
07-22 21:31:13.820 0 0 D : [drm:__drm_atomic_state_free [drm]] Freeing atomic state 00000000fecff1ed
07-22 21:31:13.820 0 0 D : [drm:drm_atomic_state_init [drm]] Allocated atomic state 00000000fecff1ed
07-22 21:31:13.820 0 0 D : [drm:drm_atomic_get_plane_state [drm]] Added [PLANE:36:plane-0] 000000003d571887 state to 00000000fecff1ed
07-22 21:31:13.820 0 0 D : [drm:drm_atomic_get_crtc_state [drm]] Added [CRTC:43:crtc-0] 000000006e05a062 state to 00000000fecff1ed
07-22 21:31:13.820 0 0 D : [drm:drm_atomic_set_crtc_for_plane [drm]] Link plane state 000000003d571887 to [CRTC:43:crtc-0]
07-22 21:31:13.820 0 0 D : [drm:drm_atomic_set_fb_for_plane [drm]] Set [FB:74] for plane state 000000003d571887
07-22 21:31:13.820 0 0 D : [drm:drm_atomic_check_only [drm]] checking 00000000fecff1ed
07-22 21:31:13.820 0 0 D : [drm:dm_update_planes_state [amdgpu]] Disabling DRM plane: 36 on DRM crtc 43
07-22 21:31:13.820 0 0 D : [drm:dm_update_planes_state [amdgpu]] Enabling DRM plane: 36 on DRM crtc 43
07-22 21:31:13.820 0 0 D : [drm:drm_atomic_commit [drm]] committing 00000000fecff1ed
07-22 21:31:13.820 0 0 D : [drm:amdgpu_dm_atomic_commit_tail [amdgpu]] amdgpu_crtc id:0 crtc_state_flags: enable:1, active:1, planes_changed:1, mode_changed:0,active_changed:0,connectors_changed:0
07-22 21:31:13.821 0 0 D [drm:amdgpu_dm_atomic_commit_tail [amdgpu]] crtc: 0, pflip_stat:AMDGPU_FLIP_SUBMITTED
07-22 21:31:13.506 2443 2505 I InputDispatcher: Dropping event because there is no touchable window at (853, 254).
07-22 21:31:13.834 0 0 D : [drm:dm_pflip_high_irq [amdgpu]] dm_pflip_high_irq - crtc :0[00000000da4e46cc], pflip_stat:AMDGPU_FLIP_NONE
07-22 21:31:13.834 0 0 D : [drm:drm_atomic_state_default_clear [drm]] Clearing atomic state 00000000fecff1ed
07-22 21:31:13.834 0 0 D : [drm:__drm_atomic_state_free [drm]] Freeing atomic state 00000000fecff1ed
07-22 21:31:13.515 2443 2505 I InputDispatcher: Dropping event because there is no touchable window at (853, 253).
07-22 21:31:13.837 0 0 D [drm:drm_mode_addfb2 [drm]] [FB: 78]
07-22 21:31:13.837 0 0 D : [drm:drm_atomic_state_init [drm]] Allocated atomic state 00000000c820ad39
07-22 21:31:13.837 0 0 D : [drm:drm_atomic_get_plane_state [drm]] Added [PLANE:36:plane-0] 000000006e75135a state to 00000000c820ad39
07-22 21:31:13.837 0 0 D : [drm:drm_atomic_get_crtc_state [drm]] Added [CRTC:43:crtc-0] 00000000898382a9 state to 00000000c820ad39
07-22 21:31:13.837 0 0 D : [drm:drm_atomic_set_crtc_for_plane [drm]] Link plane state 000000006e75135a to [CRTC:43:crtc-0]
07-22 21:31:13.837 0 0 D : [drm:drm_atomic_set_fb_for_plane [drm]] Set [FB:78] for plane state 000000006e75135a
07-22 21:31:13.837 0 0 D : [drm:drm_atomic_check_only [drm]] checking 00000000c820ad39
07-22 21:31:13.837 0 0 D : [drm:dm_update_planes_state [amdgpu]] Disabling DRM plane: 36 on DRM crtc 43
07-22 21:31:13.837 0 0 D : [drm:dm_update_planes_state [amdgpu]] Enabling DRM plane: 36 on DRM crtc 43
07-22 21:31:13.837 0 0 D : [drm:drm_atomic_state_default_clear [drm]] Clearing atomic state 00000000c820ad39
07-22 21:31:13.837 0 0 D : [drm:__drm_atomic_state_free [drm]] Freeing atomic state 00000000c820ad39
07-22 21:31:13.837 0 0 D : [drm:drm_atomic_state_init [drm]] Allocated atomic state 00000000c820ad39
07-22 21:31:13.837 0 0 D : [drm:drm_atomic_get_plane_state [drm]] Added [PLANE:36:plane-0] 000000006e75135a state to 00000000c820ad39
07-22 21:31:13.837 0 0 D : [drm:drm_atomic_get_crtc_state [drm]] Added [CRTC:43:crtc-0] 00000000da7422c9 state to 00000000c820ad39
07-22 21:31:13.837 0 0 D : [drm:drm_atomic_set_crtc_for_plane [drm]] Link plane state 000000006e75135a to [CRTC:43:crtc-0]
07-22 21:31:13.837 0 0 D : [drm:drm_atomic_set_fb_for_plane [drm]] Set [FB:78] for plane state 000000006e75135a
07-22 21:31:13.837 0 0 D : [drm:drm_atomic_check_only [drm]] checking 00000000c820ad39
07-22 21:31:13.837 0 0 D : [drm:dm_update_planes_state [amdgpu]] Disabling DRM plane: 36 on DRM crtc 43
07-22 21:31:13.837 0 0 D : [drm:dm_update_planes_state [amdgpu]] Enabling DRM plane: 36 on DRM crtc 43
07-22 21:31:13.837 0 0 D : [drm:drm_atomic_commit [drm]] committing 00000000c820ad39
07-22 21:31:13.837 0 0 D : [drm:amdgpu_dm_atomic_commit_tail [amdgpu]] amdgpu_crtc id:0 crtc_state_flags: enable:1, active:1, planes_changed:1, mode_changed:0,active_changed:0,connectors_changed:0
07-22 21:31:13.837 0 0 D [drm:amdgpu_dm_atomic_commit_tail [amdgpu]] crtc: 0, pflip_stat:AMDGPU_FLIP_SUBMITTED
07-22 21:31:13.522 4949 4949 D com.futuremark.dmandroid.NetworkController: Setting base url: https://www.3dmark.com/proxycon/api/mobilestories/dma/
07-22 21:31:13.851 0 0 D : [drm:dm_pflip_high_irq [amdgpu]] dm_pflip_high_irq - crtc :0[00000000da4e46cc], pflip_stat:AMDGPU_FLIP_NONE
07-22 21:31:13.851 0 0 D : [drm:drm_atomic_state_default_clear [drm]] Clearing atomic state 00000000c820ad39
07-22 21:31:13.851 0 0 D : [drm:__drm_atomic_state_free [drm]] Freeing atomic state 00000000c820ad39
07-22 21:31:13.530 2443 2505 I InputDispatcher: Dropping event because there is no touchable window at (854, 252).
07-22 21:31:13.853 0 0 D [drm:drm_mode_addfb2 [drm]] [FB: 74]
07-22 21:31:13.853 0 0 D : [drm:drm_atomic_state_init [drm]] Allocated atomic state 00000000dfd996c2
07-22 21:31:13.853 0 0 D : [drm:drm_atomic_get_plane_state [drm]] Added [PLANE:36:plane-0] 000000001f281155 state to 00000000dfd996c2
07-22 21:31:13.853 0 0 D : [drm:drm_atomic_get_crtc_state [drm]] Added [CRTC:43:crtc-0] 00000000489b43f0 state to 00000000dfd996c2
07-22 21:31:13.853 0 0 D : [drm:drm_atomic_set_crtc_for_plane [drm]] Link plane state 000000001f281155 to [CRTC:43:crtc-0]
07-22 21:31:13.853 0 0 D : [drm:drm_atomic_set_fb_for_plane [drm]] Set [FB:74] for plane state 000000001f281155
07-22 21:31:13.853 0 0 D : [drm:drm_atomic_check_only [drm]] checking 00000000dfd996c2
07-22 21:31:13.853 0 0 D : [drm:dm_update_planes_state [amdgpu]] Disabling DRM plane: 36 on DRM crtc 43
07-22 21:31:13.853 0 0 D : [drm:dm_update_planes_state [amdgpu]] Enabling DRM plane: 36 on DRM crtc 43
07-22 21:31:13.853 0 0 D : [drm:drm_atomic_state_default_clear [drm]] Clearing atomic state 00000000dfd996c2
07-22 21:31:13.853 0 0 D : [drm:__drm_atomic_state_free [drm]] Freeing atomic state 00000000dfd996c2
07-22 21:31:13.853 0 0 D : [drm:drm_atomic_state_init [drm]] Allocated atomic state 000000006d94974c
07-22 21:31:13.853 0 0 D : [drm:drm_atomic_get_plane_state [drm]] Added [PLANE:36:plane-0] 000000009f7c04ef state to 000000006d94974c
07-22 21:31:13.853 0 0 D : [drm:drm_atomic_get_crtc_state [drm]] Added [CRTC:43:crtc-0] 000000006e05a062 state to 000000006d94974c
07-22 21:31:13.853 0 0 D : [drm:drm_atomic_set_crtc_for_plane [drm]] Link plane state 000000009f7c04ef to [CRTC:43:crtc-0]
07-22 21:31:13.853 0 0 D : [drm:drm_atomic_set_fb_for_plane [drm]] Set [FB:74] for plane state 000000009f7c04ef
07-22 21:31:13.854 0 0 D : [drm:drm_atomic_check_only [drm]] checking 000000006d94974c
07-22 21:31:13.854 0 0 D : [drm:dm_update_planes_state [amdgpu]] Disabling DRM plane: 36 on DRM crtc 43
07-22 21:31:13.854 0 0 D : [drm:dm_update_planes_state [amdgpu]] Enabling DRM plane: 36 on DRM crtc 43
07-22 21:31:13.854 0 0 D : [drm:drm_atomic_commit [drm]] committing 000000006d94974c
07-22 21:31:13.854 0 0 D : [drm:amdgpu_dm_atomic_commit_tail [amdgpu]] amdgpu_crtc id:0 crtc_state_flags: enable:1, active:1, planes_changed:1, mode_changed:0,active_changed:0,connectors_changed:0
07-22 21:31:13.854 0 0 D [drm:amdgpu_dm_atomic_commit_tail [amdgpu]] crtc: 0, pflip_stat:AMDGPU_FLIP_SUBMITTED
07-22 21:31:13.533 4949 4949 D com.futuremark.dmandroid.TestDb: Data for required items already loaded [UNKNOWN]. Ignoring load request.
07-22 21:31:13.538 2443 2505 I InputDispatcher: Dropping event because there is no touchable window at (854, 251).
07-22 21:31:13.868 0 0 D : [drm:dm_pflip_high_irq [amdgpu]] dm_pflip_high_irq - crtc :0[00000000da4e46cc], pflip_stat:AMDGPU_FLIP_NONE
07-22 21:31:13.868 0 0 D : [drm:drm_atomic_state_default_clear [drm]] Clearing atomic state 000000006d94974c
07-22 21:31:13.868 0 0 D : [drm:__drm_atomic_state_free [drm]] Freeing atomic state 000000006d94974c
07-22 21:31:13.546 2443 2505 I InputDispatcher: Dropping event because there is no touchable window at (854, 250).
07-22 21:31:13.870 0 0 D [drm:drm_mode_addfb2 [drm]] [FB: 78]
07-22 21:31:13.870 0 0 D : [drm:drm_atomic_state_init [drm]] Allocated atomic state 00000000dd05de10
07-22 21:31:13.870 0 0 D : [drm:drm_atomic_get_plane_state [drm]] Added [PLANE:36:plane-0] 0000000001f393fe state to 00000000dd05de10
07-22 21:31:13.870 0 0 D : [drm:drm_atomic_get_crtc_state [drm]] Added [CRTC:43:crtc-0] 000000005a2999e5 state to 00000000dd05de10
07-22 21:31:13.870 0 0 D : [drm:drm_atomic_set_crtc_for_plane [drm]] Link plane state 0000000001f393fe to [CRTC:43:crtc-0]
07-22 21:31:13.870 0 0 D : [drm:drm_atomic_set_fb_for_plane [drm]] Set [FB:78] for plane state 0000000001f393fe
07-22 21:31:13.870 0 0 D : [drm:drm_atomic_check_only [drm]] checking 00000000dd05de10
07-22 21:31:13.870 0 0 D : [drm:dm_update_planes_state [amdgpu]] Disabling DRM plane: 36 on DRM crtc 43
07-22 21:31:13.870 0 0 D : [drm:dm_update_planes_state [amdgpu]] Enabling DRM plane: 36 on DRM crtc 43
07-22 21:31:13.870 0 0 D : [drm:drm_atomic_state_default_clear [drm]] Clearing atomic state 00000000dd05de10
07-22 21:31:13.870 0 0 D : [drm:__drm_atomic_state_free [drm]] Freeing atomic state 00000000dd05de10
07-22 21:31:13.870 0 0 D : [drm:drm_atomic_state_init [drm]] Allocated atomic state 000000004bcad903
07-22 21:31:13.870 0 0 D : [drm:drm_atomic_get_plane_state [drm]] Added [PLANE:36:plane-0] 000000006e75135a state to 000000004bcad903
07-22 21:31:13.870 0 0 D : [drm:drm_atomic_get_crtc_state [drm]] Added [CRTC:43:crtc-0] 000000003d19d566 state to 000000004bcad903
07-22 21:31:13.870 0 0 D : [drm:drm_atomic_set_crtc_for_plane [drm]] Link plane state 000000006e75135a to [CRTC:43:crtc-0]
07-22 21:31:13.870 0 0 D : [drm:drm_atomic_set_fb_for_plane [drm]] Set [FB:78] for plane state 000000006e75135a
07-22 21:31:13.870 0 0 D : [drm:drm_atomic_check_only [drm]] checking 000000004bcad903
07-22 21:31:13.870 0 0 D : [drm:dm_update_planes_state [amdgpu]] Disabling DRM plane: 36 on DRM crtc 43
07-22 21:31:13.870 0 0 D : [drm:dm_update_planes_state [amdgpu]] Enabling DRM plane: 36 on DRM crtc 43
07-22 21:31:13.870 0 0 D : [drm:drm_atomic_commit [drm]] committing 000000004bcad903
07-22 21:31:13.870 0 0 D : [drm:amdgpu_dm_atomic_commit_tail [amdgpu]] amdgpu_crtc id:0 crtc_state_flags: enable:1, active:1, planes_changed:1, mode_changed:0,active_changed:0,connectors_changed:0
07-22 21:31:13.870 0 0 D [drm:amdgpu_dm_atomic_commit_tail [amdgpu]] crtc: 0, pflip_stat:AMDGPU_FLIP_SUBMITTED
07-22 21:31:13.554 2443 2505 I InputDispatcher: Dropping event because there is no touchable window at (854, 249).
07-22 21:31:13.562 2443 2505 I InputDispatcher: Dropping event because there is no touchable window at (855, 249).
07-22 21:31:13.884 0 0 D : [drm:dm_pflip_high_irq [amdgpu]] dm_pflip_high_irq - crtc :0[00000000da4e46cc], pflip_stat:AMDGPU_FLIP_NONE
07-22 21:31:13.884 0 0 D : [drm:drm_atomic_state_default_clear [drm]] Clearing atomic state 000000004bcad903
07-22 21:31:13.884 0 0 D : [drm:__drm_atomic_state_free [drm]] Freeing atomic state 000000004bcad903
07-22 21:31:13.886 0 0 D [drm:drm_mode_addfb2 [drm]] [FB: 74]
07-22 21:31:13.886 0 0 D : [drm:drm_atomic_state_init [drm]] Allocated atomic state 000000001f358700
07-22 21:31:13.887 0 0 D : [drm:drm_atomic_get_plane_state [drm]] Added [PLANE:36:plane-0] 0000000042613b5e state to 000000001f358700
07-22 21:31:13.887 0 0 D : [drm:drm_atomic_get_crtc_state [drm]] Added [CRTC:43:crtc-0] 000000005a2999e5 state to 000000001f358700
07-22 21:31:13.887 0 0 D : [drm:drm_atomic_set_crtc_for_plane [drm]] Link plane state 0000000042613b5e to [CRTC:43:crtc-0]
07-22 21:31:13.887 0 0 D : [drm:drm_atomic_set_fb_for_plane [drm]] Set [FB:74] for plane state 0000000042613b5e
07-22 21:31:13.887 0 0 D : [drm:drm_atomic_check_only [drm]] checking 000000001f358700
07-22 21:31:13.887 0 0 D : [drm:dm_update_planes_state [amdgpu]] Disabling DRM plane: 36 on DRM crtc 43
07-22 21:31:13.887 0 0 D : [drm:dm_update_planes_state [amdgpu]] Enabling DRM plane: 36 on DRM crtc 43
07-22 21:31:13.887 0 0 D : [drm:drm_atomic_state_default_clear [drm]] Clearing atomic state 000000001f358700
07-22 21:31:13.887 0 0 D : [drm:__drm_atomic_state_free [drm]] Freeing atomic state 000000001f358700
07-22 21:31:13.887 0 0 D : [drm:drm_atomic_state_init [drm]] Allocated atomic state 00000000dd05de10
07-22 21:31:13.887 0 0 D : [drm:drm_atomic_get_plane_state [drm]] Added [PLANE:36:plane-0] 00000000b1b7d1ac state to 00000000dd05de10
07-22 21:31:13.887 0 0 D : [drm:drm_atomic_get_crtc_state [drm]] Added [CRTC:43:crtc-0] 000000009f68922c state to 00000000dd05de10
07-22 21:31:13.887 0 0 D : [drm:drm_atomic_set_crtc_for_plane [drm]] Link plane state 00000000b1b7d1ac to [CRTC:43:crtc-0]
07-22 21:31:13.887 0 0 D : [drm:drm_atomic_set_fb_for_plane [drm]] Set [FB:74] for plane state 00000000b1b7d1ac
07-22 21:31:13.887 0 0 D : [drm:drm_atomic_check_only [drm]] checking 00000000dd05de10
07-22 21:31:13.887 0 0 D : [drm:dm_update_planes_state [amdgpu]] Disabling DRM plane: 36 on DRM crtc 43
07-22 21:31:13.887 0 0 D : [drm:dm_update_planes_state [amdgpu]] Enabling DRM plane: 36 on DRM crtc 43
07-22 21:31:13.887 0 0 D : [drm:drm_atomic_commit [drm]] committing 00000000dd05de10
07-22 21:31:13.887 0 0 D : [drm:amdgpu_dm_atomic_commit_tail [amdgpu]] amdgpu_crtc id:0 crtc_state_flags: enable:1, active:1, planes_changed:1, mode_changed:0,active_changed:0,connectors_changed:0
07-22 21:31:13.887 0 0 D [drm:amdgpu_dm_atomic_commit_tail [amdgpu]] crtc: 0, pflip_stat:AMDGPU_FLIP_SUBMITTED
07-22 21:31:13.570 2443 2505 I InputDispatcher: Dropping event because there is no touchable window at (855, 248).
07-22 21:31:13.578 4949 4954 I zygote : Do full code cache collection, code=124KB, data=96KB
07-22 21:31:13.901 0 0 D : [drm:dm_pflip_high_irq [amdgpu]] dm_pflip_high_irq - crtc :0[00000000da4e46cc], pflip_stat:AMDGPU_FLIP_NONE
07-22 21:31:13.901 0 0 D : [drm:drm_atomic_state_default_clear [drm]] Clearing atomic state 00000000dd05de10
07-22 21:31:13.901 0 0 D : [drm:__drm_atomic_state_free [drm]] Freeing atomic state 00000000dd05de10
07-22 21:31:13.579 4949 4954 I zygote : After code cache collection, code=79KB, data=43KB
07-22 21:31:13.903 0 0 D [drm:drm_mode_addfb2 [drm]] [FB: 78]
07-22 21:31:13.903 0 0 D : [drm:drm_atomic_state_init [drm]] Allocated atomic state 00000000be7225ca
07-22 21:31:13.903 0 0 D : [drm:drm_atomic_get_plane_state [drm]] Added [PLANE:36:plane-0] 0000000001f393fe state to 00000000be7225ca
07-22 21:31:13.903 0 0 D : [drm:drm_atomic_get_crtc_state [drm]] Added [CRTC:43:crtc-0] 000000001b717f3e state to 00000000be7225ca
07-22 21:31:13.903 0 0 D : [drm:drm_atomic_set_crtc_for_plane [drm]] Link plane state 0000000001f393fe to [CRTC:43:crtc-0]
07-22 21:31:13.903 0 0 D : [drm:drm_atomic_set_fb_for_plane [drm]] Set [FB:78] for plane state 0000000001f393fe
07-22 21:31:13.903 0 0 D : [drm:drm_atomic_check_only [drm]] checking 00000000be7225ca
07-22 21:31:13.903 0 0 D : [drm:dm_update_planes_state [amdgpu]] Disabling DRM plane: 36 on DRM crtc 43
07-22 21:31:13.904 0 0 D : [drm:dm_update_planes_state [amdgpu]] Enabling DRM plane: 36 on DRM crtc 43
07-22 21:31:13.904 0 0 D : [drm:drm_atomic_state_default_clear [drm]] Clearing atomic state 00000000be7225ca
07-22 21:31:13.904 0 0 D : [drm:__drm_atomic_state_free [drm]] Freeing atomic state 00000000be7225ca
07-22 21:31:13.904 0 0 D : [drm:drm_atomic_state_init [drm]] Allocated atomic state 00000000300c42cb
07-22 21:31:13.904 0 0 D : [drm:drm_atomic_get_plane_state [drm]] Added [PLANE:36:plane-0] 000000006e75135a state to 00000000300c42cb
07-22 21:31:13.904 0 0 D : [drm:drm_atomic_get_crtc_state [drm]] Added [CRTC:43:crtc-0] 0000000089471139 state to 00000000300c42cb
07-22 21:31:13.904 0 0 D : [drm:drm_atomic_set_crtc_for_plane [drm]] Link plane state 000000006e75135a to [CRTC:43:crtc-0]
07-22 21:31:13.904 0 0 D : [drm:drm_atomic_set_fb_for_plane [drm]] Set [FB:78] for plane state 000000006e75135a
07-22 21:31:13.904 0 0 D : [drm:drm_atomic_check_only [drm]] checking 00000000300c42cb
07-22 21:31:13.904 0 0 D : [drm:dm_update_planes_state [amdgpu]] Disabling DRM plane: 36 on DRM crtc 43
07-22 21:31:13.904 0 0 D : [drm:dm_update_planes_state [amdgpu]] Enabling DRM plane: 36 on DRM crtc 43
07-22 21:31:13.904 0 0 D : [drm:drm_atomic_commit [drm]] committing 00000000300c42cb
07-22 21:31:13.904 0 0 D : [drm:amdgpu_dm_atomic_commit_tail [amdgpu]] amdgpu_crtc id:0 crtc_state_flags: enable:1, active:1, planes_changed:1, mode_changed:0,active_changed:0,connectors_changed:0
07-22 21:31:13.904 0 0 D [drm:amdgpu_dm_atomic_commit_tail [amdgpu]] crtc: 0, pflip_stat:AMDGPU_FLIP_SUBMITTED
07-22 21:31:13.586 2443 2505 I InputDispatcher: Dropping event because there is no touchable window at (855, 247).
07-22 21:31:13.587 4949 4949 I zygote : Deoptimizing void com.google.common.collect.RegularImmutableBiMap.(int, com.google.common.collect.ImmutableMapEntry$TerminalEntry[]) due to JIT inline cache
07-22 21:31:13.590 4949 4949 I zygote : Deoptimizing java.lang.Object com.google.common.collect.Iterators$7.computeNext() due to JIT inline cache
07-22 21:31:13.590 4949 4949 I zygote : Deoptimizing com.google.common.collect.ImmutableMap com.google.common.collect.ImmutableMap.copyOf(java.util.Map) due to JIT inline cache
07-22 21:31:13.592 4949 4992 D com.futuremark.dmandroid.ProductController: Chops initialized: true
07-22 21:31:13.917 0 0 D : [drm:dm_pflip_high_irq [amdgpu]] dm_pflip_high_irq - crtc :0[00000000da4e46cc], pflip_stat:AMDGPU_FLIP_NONE
07-22 21:31:13.917 0 0 D : [drm:drm_atomic_state_default_clear [drm]] Clearing atomic state 00000000300c42cb
07-22 21:31:13.917 0 0 D : [drm:__drm_atomic_state_free [drm]] Freeing atomic state 00000000300c42cb
07-22 21:31:13.920 0 0 D [drm:drm_mode_addfb2 [drm]] [FB: 74]
07-22 21:31:13.920 0 0 D : [drm:drm_atomic_state_init [drm]] Allocated atomic state 00000000c2337f9a
07-22 21:31:13.920 0 0 D : [drm:drm_atomic_get_plane_state [drm]] Added [PLANE:36:plane-0] 000000008c53cfa7 state to 00000000c2337f9a
07-22 21:31:13.920 0 0 D : [drm:drm_atomic_get_crtc_state [drm]] Added [CRTC:43:crtc-0] 00000000d2d265d4 state to 00000000c2337f9a
07-22 21:31:13.920 0 0 D : [drm:drm_atomic_set_crtc_for_plane [drm]] Link plane state 000000008c53cfa7 to [CRTC:43:crtc-0]
07-22 21:31:13.920 0 0 D : [drm:drm_atomic_set_fb_for_plane [drm]] Set [FB:74] for plane state 000000008c53cfa7
07-22 21:31:13.920 0 0 D : [drm:drm_atomic_check_only [drm]] checking 00000000c2337f9a
07-22 21:31:13.920 0 0 D : [drm:dm_update_planes_state [amdgpu]] Disabling DRM plane: 36 on DRM crtc 43
07-22 21:31:13.920 0 0 D : [drm:dm_update_planes_state [amdgpu]] Enabling DRM plane: 36 on DRM crtc 43
07-22 21:31:13.920 0 0 D : [drm:drm_atomic_state_default_clear [drm]] Clearing atomic state 00000000c2337f9a
07-22 21:31:13.920 0 0 D : [drm:__drm_atomic_state_free [drm]] Freeing atomic state 00000000c2337f9a
07-22 21:31:13.920 0 0 D : [drm:drm_atomic_state_init [drm]] Allocated atomic state 00000000b5dba1f1
07-22 21:31:13.920 0 0 D : [drm:drm_atomic_get_plane_state [drm]] Added [PLANE:36:plane-0] 000000004c30bfcd state to 00000000b5dba1f1
07-22 21:31:13.920 0 0 D : [drm:drm_atomic_get_crtc_state [drm]] Added [CRTC:43:crtc-0] 0000000067c80328 state to 00000000b5dba1f1
07-22 21:31:13.920 0 0 D : [drm:drm_atomic_set_crtc_for_plane [drm]] Link plane state 000000004c30bfcd to [CRTC:43:crtc-0]
07-22 21:31:13.920 0 0 D : [drm:drm_atomic_set_fb_for_plane [drm]] Set [FB:74] for plane state 000000004c30bfcd
07-22 21:31:13.920 0 0 D : [drm:drm_atomic_check_only [drm]] checking 00000000b5dba1f1
07-22 21:31:13.920 0 0 D : [drm:dm_update_planes_state [amdgpu]] Disabling DRM plane: 36 on DRM crtc 43
07-22 21:31:13.920 0 0 D : [drm:dm_update_planes_state [amdgpu]] Enabling DRM plane: 36 on DRM crtc 43
07-22 21:31:13.920 0 0 D : [drm:drm_atomic_commit [drm]] committing 00000000b5dba1f1
07-22 21:31:13.920 0 0 D : [drm:amdgpu_dm_atomic_commit_tail [amdgpu]] amdgpu_crtc id:0 crtc_state_flags: enable:1, active:1, planes_changed:1, mode_changed:0,active_changed:0,connectors_changed:0
07-22 21:31:13.920 0 0 D [drm:amdgpu_dm_atomic_commit_tail [amdgpu]] crtc: 0, pflip_stat:AMDGPU_FLIP_SUBMITTED
07-22 21:31:13.601 4949 4949 I zygote : Deoptimizing com.fasterxml.jackson.databind.JavaType com.fasterxml.jackson.databind.type.TypeFactory._fromClass(com.fasterxml.jackson.databind.type.ClassStack, java.lang.Class, com.fasterxml.jackson.databind.type.TypeBindings) due to JIT inline cache
07-22 21:31:13.601 4949 4949 I zygote : Deoptimizing com.fasterxml.jackson.databind.JavaType com.fasterxml.jackson.databind.type.TypeFactory._fromClass(com.fasterxml.jackson.databind.type.ClassStack, java.lang.Class, com.fasterxml.jackson.databind.type.TypeBindings) due to JIT inline cache
07-22 21:31:13.602 2443 2505 I InputDispatcher: Dropping event because there is no touchable window at (856, 246).
07-22 21:31:13.606 4949 4954 I zygote : Do partial code cache collection, code=85KB, data=64KB
07-22 21:31:13.606 4949 4954 I zygote : After code cache collection, code=77KB, data=61KB
07-22 21:31:13.606 4949 4954 I zygote : Increasing code cache capacity to 512KB
07-22 21:31:13.610 2443 2505 I InputDispatcher: Dropping event because there is no touchable window at (856, 244).
07-22 21:31:13.934 0 0 D : [drm:dm_pflip_high_irq [amdgpu]] dm_pflip_high_irq - crtc :0[00000000da4e46cc], pflip_stat:AMDGPU_FLIP_NONE
07-22 21:31:13.934 0 0 D : [drm:drm_atomic_state_default_clear [drm]] Clearing atomic state 00000000b5dba1f1
07-22 21:31:13.934 0 0 D : [drm:__drm_atomic_state_free [drm]] Freeing atomic state 00000000b5dba1f1
07-22 21:31:13.936 0 0 D [drm:drm_mode_addfb2 [drm]] [FB: 78]
07-22 21:31:13.937 0 0 D : [drm:drm_atomic_state_init [drm]] Allocated atomic state 00000000e62c34fb
07-22 21:31:13.937 0 0 D : [drm:drm_atomic_get_plane_state [drm]] Added [PLANE:36:plane-0] 0000000001f393fe state to 00000000e62c34fb
07-22 21:31:13.937 0 0 D : [drm:drm_atomic_get_crtc_state [drm]] Added [CRTC:43:crtc-0] 0000000000434b3b state to 00000000e62c34fb
07-22 21:31:13.937 0 0 D : [drm:drm_atomic_set_crtc_for_plane [drm]] Link plane state 0000000001f393fe to [CRTC:43:crtc-0]
07-22 21:31:13.937 0 0 D : [drm:drm_atomic_set_fb_for_plane [drm]] Set [FB:78] for plane state 0000000001f393fe
07-22 21:31:13.937 0 0 D : [drm:drm_atomic_check_only [drm]] checking 00000000e62c34fb
07-22 21:31:13.937 0 0 D : [drm:dm_update_planes_state [amdgpu]] Disabling DRM plane: 36 on DRM crtc 43
07-22 21:31:13.937 0 0 D : [drm:dm_update_planes_state [amdgpu]] Enabling DRM plane: 36 on DRM crtc 43
07-22 21:31:13.937 0 0 D : [drm:drm_atomic_state_default_clear [drm]] Clearing atomic state 00000000e62c34fb
07-22 21:31:13.937 0 0 D : [drm:__drm_atomic_state_free [drm]] Freeing atomic state 00000000e62c34fb
07-22 21:31:13.937 0 0 D : [drm:drm_atomic_state_init [drm]] Allocated atomic state 000000004bcad903
07-22 21:31:13.937 0 0 D : [drm:drm_atomic_get_plane_state [drm]] Added [PLANE:36:plane-0] 000000006e75135a state to 000000004bcad903
07-22 21:31:13.937 0 0 D : [drm:drm_atomic_get_crtc_state [drm]] Added [CRTC:43:crtc-0] 00000000d9fe10f3 state to 000000004bcad903
07-22 21:31:13.937 0 0 D : [drm:drm_atomic_set_crtc_for_plane [drm]] Link plane state 000000006e75135a to [CRTC:43:crtc-0]
07-22 21:31:13.937 0 0 D : [drm:drm_atomic_set_fb_for_plane [drm]] Set [FB:78] for plane state 000000006e75135a
07-22 21:31:13.937 0 0 D : [drm:drm_atomic_check_only [drm]] checking 000000004bcad903
07-22 21:31:13.937 0 0 D : [drm:dm_update_planes_state [amdgpu]] Disabling DRM plane: 36 on DRM crtc 43
07-22 21:31:13.937 0 0 D : [drm:dm_update_planes_state [amdgpu]] Enabling DRM plane: 36 on DRM crtc 43
07-22 21:31:13.937 0 0 D : [drm:drm_atomic_commit [drm]] committing 000000004bcad903
07-22 21:31:13.937 0 0 D : [drm:amdgpu_dm_atomic_commit_tail [amdgpu]] amdgpu_crtc id:0 crtc_state_flags: enable:1, active:1, planes_changed:1, mode_changed:0,active_changed:0,connectors_changed:0
07-22 21:31:13.937 0 0 D [drm:amdgpu_dm_atomic_commit_tail [amdgpu]] crtc: 0, pflip_stat:AMDGPU_FLIP_SUBMITTED
07-22 21:31:13.618 2443 2505 I InputDispatcher: Dropping event because there is no touchable window at (857, 243).
07-22 21:31:13.626 2443 2505 I InputDispatcher: Dropping event because there is no touchable window at (857, 241).
07-22 21:31:13.951 0 0 D : [drm:dm_pflip_high_irq [amdgpu]] dm_pflip_high_irq - crtc :0[00000000da4e46cc], pflip_stat:AMDGPU_FLIP_NONE
07-22 21:31:13.951 0 0 D : [drm:drm_atomic_state_default_clear [drm]] Clearing atomic state 000000004bcad903
07-22 21:31:13.951 0 0 D : [drm:__drm_atomic_state_free [drm]] Freeing atomic state 000000004bcad903
07-22 21:31:13.954 0 0 D [drm:drm_mode_addfb2 [drm]] [FB: 74]
07-22 21:31:13.955 0 0 D : [drm:drm_atomic_state_init [drm]] Allocated atomic state 00000000fecff1ed
07-22 21:31:13.955 0 0 D : [drm:drm_atomic_get_plane_state [drm]] Added [PLANE:36:plane-0] 0000000001f393fe state to 00000000fecff1ed
07-22 21:31:13.955 0 0 D : [drm:drm_atomic_get_crtc_state [drm]] Added [CRTC:43:crtc-0] 0000000072a80d06 state to 00000000fecff1ed
07-22 21:31:13.955 0 0 D : [drm:drm_atomic_set_crtc_for_plane [drm]] Link plane state 0000000001f393fe to [CRTC:43:crtc-0]
07-22 21:31:13.955 0 0 D : [drm:drm_atomic_set_fb_for_plane [drm]] Set [FB:74] for plane state 0000000001f393fe
07-22 21:31:13.955 0 0 D : [drm:drm_atomic_check_only [drm]] checking 00000000fecff1ed
07-22 21:31:13.955 0 0 D : [drm:dm_update_planes_state [amdgpu]] Disabling DRM plane: 36 on DRM crtc 43
07-22 21:31:13.955 0 0 D : [drm:dm_update_planes_state [amdgpu]] Enabling DRM plane: 36 on DRM crtc 43
07-22 21:31:13.955 0 0 D : [drm:drm_atomic_state_default_clear [drm]] Clearing atomic state 00000000fecff1ed
07-22 21:31:13.955 0 0 D : [drm:__drm_atomic_state_free [drm]] Freeing atomic state 00000000fecff1ed
07-22 21:31:13.955 0 0 D : [drm:drm_atomic_state_init [drm]] Allocated atomic state 00000000f50a268c
07-22 21:31:13.955 0 0 D : [drm:drm_atomic_get_plane_state [drm]] Added [PLANE:36:plane-0] 000000004c30bfcd state to 00000000f50a268c
07-22 21:31:13.955 0 0 D : [drm:drm_atomic_get_crtc_state [drm]] Added [CRTC:43:crtc-0] 00000000d85615af state to 00000000f50a268c
07-22 21:31:13.955 0 0 D : [drm:drm_atomic_set_crtc_for_plane [drm]] Link plane state 000000004c30bfcd to [CRTC:43:crtc-0]
07-22 21:31:13.955 0 0 D : [drm:drm_atomic_set_fb_for_plane [drm]] Set [FB:74] for plane state 000000004c30bfcd
07-22 21:31:13.955 0 0 D : [drm:drm_atomic_check_only [drm]] checking 00000000f50a268c
07-22 21:31:13.955 0 0 D : [drm:dm_update_planes_state [amdgpu]] Disabling DRM plane: 36 on DRM crtc 43
07-22 21:31:13.955 0 0 D : [drm:dm_update_planes_state [amdgpu]] Enabling DRM plane: 36 on DRM crtc 43
07-22 21:31:13.955 0 0 D : [drm:drm_atomic_commit [drm]] committing 00000000f50a268c
07-22 21:31:13.955 0 0 D : [drm:amdgpu_dm_atomic_commit_tail [amdgpu]] amdgpu_crtc id:0 crtc_state_flags: enable:1, active:1, planes_changed:1, mode_changed:0,active_changed:0,connectors_changed:0
07-22 21:31:13.955 0 0 D [drm:amdgpu_dm_atomic_commit_tail [amdgpu]] crtc: 0, pflip_stat:AMDGPU_FLIP_SUBMITTED
07-22 21:31:13.634 2443 2505 I InputDispatcher: Dropping event because there is no touchable window at (857, 240).
07-22 21:31:13.634 4949 4949 I com.futuremark.dmandroid.ResultsDataSource: loaded 0 results from database
07-22 21:31:13.634 4949 4949 I com.futuremark.dmandroid.ResultServiceImpl: trying to convert legacy database
07-22 21:31:13.634 4949 4949 I com.futuremark.dmandroid.ResultServiceImpl: could not read database 3dmark_local_results.db
07-22 21:31:13.640 4949 4989 E com.futuremark.dmandroid.ProductController: Error during updateDeviceInfoAtStartup()
07-22 21:31:13.640 4949 4989 E com.futuremark.dmandroid.ProductController: com.futuremark.flamenco.controller.network.exceptions.MyDeviceNotRecognizedException
07-22 21:31:13.640 4949 4989 E com.futuremark.dmandroid.ProductController: at com.futuremark.flamenco.controller.network.NetworkController.findMyDeviceSingle(NetworkController.java:904)
07-22 21:31:13.640 4949 4989 E com.futuremark.dmandroid.ProductController: at com.futuremark.flamenco.controller.network.NetworkController.getMyDeviceMinimal(NetworkController.java:306)
07-22 21:31:13.640 4949 4989 E com.futuremark.dmandroid.ProductController: at com.futuremark.flamenco.controller.product.ProductController.updateDeviceInfoAtStartup(ProductController.java:456)
07-22 21:31:13.640 4949 4989 E com.futuremark.dmandroid.ProductController: at com.futuremark.flamenco.controller.product.ProductController.(ProductController.java:170)
07-22 21:31:13.640 4949 4989 E com.futuremark.dmandroid.ProductController: at com.futuremark.flamenco.BaseApplication.fullInitializeSynch(BaseApplication.java:471)
07-22 21:31:13.640 4949 4989 E com.futuremark.dmandroid.ProductController: at com.futuremark.flamenco.BaseApplication.tryInitializeSync(BaseApplication.java:506)
07-22 21:31:13.640 4949 4989 E com.futuremark.dmandroid.ProductController: at com.futuremark.flamenco.BaseApplication.ensureApplicationInit(BaseApplication.java:354)
07-22 21:31:13.640 4949 4989 E com.futuremark.dmandroid.ProductController: at com.futuremark.dmandroid.application.vulkan.FarandoleVulkanNativeActivity.onCreate(FarandoleVulkanNativeActivity.java:20)
07-22 21:31:13.640 4949 4989 E com.futuremark.dmandroid.ProductController: at android.app.Activity.performCreate(Activity.java:7019)
07-22 21:31:13.640 4949 4989 E com.futuremark.dmandroid.ProductController: at android.app.Activity.performCreate(Activity.java:7010)
07-22 21:31:13.640 4949 4989 E com.futuremark.dmandroid.ProductController: at android.app.Instrumentation.callActivityOnCreate(Instrumentation.java:1214)
07-22 21:31:13.640 4949 4989 E com.futuremark.dmandroid.ProductController: at android.app.ActivityThread.performLaunchActivity(ActivityThread.java:2731)
07-22 21:31:13.640 4949 4989 E com.futuremark.dmandroid.ProductController: at android.app.ActivityThread.handleLaunchActivity(ActivityThread.java:2856)
07-22 21:31:13.640 4949 4989 E com.futuremark.dmandroid.ProductController: at android.app.ActivityThread.-wrap11(Unknown Source:0)
07-22 21:31:13.640 4949 4989 E com.futuremark.dmandroid.ProductController: at android.app.ActivityThread$H.handleMessage(ActivityThread.java:1589)
07-22 21:31:13.640 4949 4989 E com.futuremark.dmandroid.ProductController: at android.os.Handler.dispatchMessage(Handler.java:106)
07-22 21:31:13.640 4949 4989 E com.futuremark.dmandroid.ProductController: at android.os.Looper.loop(Looper.java:164)
07-22 21:31:13.640 4949 4989 E com.futuremark.dmandroid.ProductController: at android.app.ActivityThread.main(ActivityThread.java:6494)
07-22 21:31:13.640 4949 4989 E com.futuremark.dmandroid.ProductController: at java.lang.reflect.Method.invoke(Native Method)
07-22 21:31:13.640 4949 4989 E com.futuremark.dmandroid.ProductController: at com.android.internal.os.RuntimeInit$MethodAndArgsCaller.run(RuntimeInit.java:463)
07-22 21:31:13.640 4949 4989 E com.futuremark.dmandroid.ProductController: at com.android.internal.os.ZygoteInit.main(ZygoteInit.java:807)
07-22 21:31:13.642 2443 2505 I InputDispatcher: Dropping event because there is no touchable window at (858, 239).
07-22 21:31:13.967 0 0 D : [drm:dm_pflip_high_irq [amdgpu]] dm_pflip_high_irq - crtc :0[00000000da4e46cc], pflip_stat:AMDGPU_FLIP_NONE
07-22 21:31:13.967 0 0 D : [drm:drm_atomic_state_default_clear [drm]] Clearing atomic state 00000000f50a268c
07-22 21:31:13.967 0 0 D : [drm:__drm_atomic_state_free [drm]] Freeing atomic state 00000000f50a268c
07-22 21:31:13.970 0 0 D [drm:drm_mode_addfb2 [drm]] [FB: 78]
07-22 21:31:13.970 0 0 D : [drm:drm_atomic_state_init [drm]] Allocated atomic state 00000000b22a45ff
07-22 21:31:13.970 0 0 D : [drm:drm_atomic_get_plane_state [drm]] Added [PLANE:36:plane-0] 0000000001f393fe state to 00000000b22a45ff
07-22 21:31:13.970 0 0 D : [drm:drm_atomic_get_crtc_state [drm]] Added [CRTC:43:crtc-0] 000000004dfe81dd state to 00000000b22a45ff
07-22 21:31:13.970 0 0 D : [drm:drm_atomic_set_crtc_for_plane [drm]] Link plane state 0000000001f393fe to [CRTC:43:crtc-0]
07-22 21:31:13.970 0 0 D : [drm:drm_atomic_set_fb_for_plane [drm]] Set [FB:78] for plane state 0000000001f393fe
07-22 21:31:13.970 0 0 D : [drm:drm_atomic_check_only [drm]] checking 00000000b22a45ff
07-22 21:31:13.970 0 0 D : [drm:dm_update_planes_state [amdgpu]] Disabling DRM plane: 36 on DRM crtc 43
07-22 21:31:13.970 0 0 D : [drm:dm_update_planes_state [amdgpu]] Enabling DRM plane: 36 on DRM crtc 43
