07-22 21:31:13.484 0 0 D : [drm:__drm_atomic_state_free [drm]] Freeing atomic state 000000001f358700
07-22 21:31:13.487 0 0 D [drm:drm_mode_addfb2 [drm]] [FB: 74]
07-22 21:31:13.487 0 0 D : [drm:drm_atomic_state_init [drm]] Allocated atomic state 00000000800f5d39
07-22 21:31:13.487 0 0 D : [drm:drm_atomic_get_plane_state [drm]] Added [PLANE:36:plane-0] 000000004467e3c6 state to 00000000800f5d39
07-22 21:31:13.487 0 0 D : [drm:drm_atomic_get_crtc_state [drm]] Added [CRTC:43:crtc-0] 00000000da7422c9 state to 00000000800f5d39
07-22 21:31:13.487 0 0 D : [drm:drm_atomic_set_crtc_for_plane [drm]] Link plane state 000000004467e3c6 to [CRTC:43:crtc-0]
07-22 21:31:13.487 0 0 D : [drm:drm_atomic_set_fb_for_plane [drm]] Set [FB:74] for plane state 000000004467e3c6
07-22 21:31:13.487 0 0 D : [drm:drm_atomic_check_only [drm]] checking 00000000800f5d39
07-22 21:31:13.487 0 0 D : [drm:dm_update_planes_state [amdgpu]] Disabling DRM plane: 36 on DRM crtc 43
07-22 21:31:13.487 0 0 D : [drm:dm_update_planes_state [amdgpu]] Enabling DRM plane: 36 on DRM crtc 43
07-22 21:31:13.487 0 0 D : [drm:drm_atomic_commit [drm]] committing 00000000800f5d39
07-22 21:31:13.487 0 0 D : [drm:amdgpu_dm_atomic_commit_tail [amdgpu]] amdgpu_crtc id:0 crtc_state_flags: enable:1, active:1, planes_changed:1, mode_changed:0,active_changed:0,connectors_changed:0
07-22 21:31:13.487 0 0 D [drm:amdgpu_dm_atomic_commit_tail [amdgpu]] crtc: 0, pflip_stat:AMDGPU_FLIP_SUBMITTED
07-22 21:31:13.167 2443 4945 I am_proc_start: [0,4949,10090,com.futuremark.dmandroid.application:workload,activity,com.futuremark.dmandroid.application/.vulkan.FarandoleVulkanNativeActivity]
07-22 21:31:13.167 2443 4945 I ActivityManager: Start proc 4949:com.futuremark.dmandroid.application:workload/u0a90 for activity com.futuremark.dmandroid.application/.vulkan.FarandoleVulkanNativeActivity
07-22 21:31:13.168 2443 2458 W SchedPolicy: add_tid_to_cgroup failed to write '4695' (Permission denied); fd=3
07-22 21:31:13.169 4695 4948 I com.futuremark.dmandroid.SystemInfoServiceImpl: collect done, type:invariant, bat level:0, power src:UNKNOWN
07-22 21:31:13.169 4695 4948 I com.futuremark.dmandroid.SystemInfoServiceImpl: resume: registering CPUID battery receiver
07-22 21:31:13.172 4695 4948 I com.futuremark.dmandroid.SystemInfoPoller: Sending system info broadcast 0, battery: BatteryData{present=true, level=100, voltage=0, health='Good', status='Charging', temperature=424, scale=100}
07-22 21:31:13.172 4695 4948 D com.futuremark.dmandroid.SystemInfoPoller: memory #1 corefrequencies:
07-22 21:31:13.172 4695 4948 D com.futuremark.dmandroid.SystemInfoPoller: 2793655 2793688
07-22 21:31:13.172 4695 4948 D com.futuremark.dmandroid.SystemInfoPoller: avg of corefrequencies: 2.793671
07-22 21:31:13.172 4695 4948 D com.futuremark.dmandroid.MonitoringDataService: monitoringdataservice 1384505722024.csv received systeminfoevent
07-22 21:31:13.172 4695 4948 I com.futuremark.dmandroid.BatteryData: battery level changed from 0 to 100 at 1384529203746ns
07-22 21:31:13.172 4695 4948 I com.futuremark.dmandroid.PowerSourceType: Max detected power source type changed from UNKNOWN to PLUGGED_AC
07-22 21:31:13.172 4695 4948 D com.futuremark.dmandroid.MonitoringDataService: monitoring test, avgOfCoreFrequencies: 2794.0
07-22 21:31:13.172 4695 4948 I chatty : uid=10090(com.futuremark.dmandroid.application) hw-polling-thre identical 1 line
07-22 21:31:13.172 4695 4948 D com.futuremark.dmandroid.MonitoringDataService: monitoring test, avgOfCoreFrequencies: 2794.0
07-22 21:31:13.173 4695 4948 D com.futuremark.dmandroid.MonitoringDataService: monitoring test, coreFrequencies: 2793.655
07-22 21:31:13.173 4695 4948 D com.futuremark.dmandroid.MonitoringDataService: monitoring test, coreFrequencies: 2793.688
07-22 21:31:13.174 2443 4945 I am_proc_bound: [0,4949,com.futuremark.dmandroid.application:workload]
07-22 21:31:13.175 2443 4945 W SchedPolicy: add_tid_to_cgroup failed to write '4949' (Permission denied); fd=27
07-22 21:31:13.175 2443 4945 I am_restart_activity: [0,105904828,6,com.futuremark.dmandroid.application/.vulkan.FarandoleVulkanNativeActivity]
07-22 21:31:13.176 2443 4945 I am_set_resumed_activity: [0,com.futuremark.dmandroid.application/.vulkan.FarandoleVulkanNativeActivity,minimalResumeActivityLocked]
07-22 21:31:13.501 0 0 D : [drm:dm_pflip_high_irq [amdgpu]] dm_pflip_high_irq - crtc :0[00000000da4e46cc], pflip_stat:AMDGPU_FLIP_NONE
07-22 21:31:13.501 0 0 D : [drm:drm_atomic_state_default_clear [drm]] Clearing atomic state 00000000800f5d39
07-22 21:31:13.501 0 0 D : [drm:__drm_atomic_state_free [drm]] Freeing atomic state 00000000800f5d39
07-22 21:31:13.182 2443 2443 I auditd : type=1400 audit(0.0:798): avc: denied { ioctl } for comm="android.anim" path="/dev/dri/renderD128" dev="tmpfs" ino=8697 ioctlcmd=0x642e scontext=u:r:system_server:s0 tcontext=u:object_r:device:s0 tclass=chr_file permissive=1
07-22 21:31:13.182 2443 2443 I android.anim: type=1400 audit(0.0:798): avc: denied { ioctl } for path="/dev/dri/renderD128" dev="tmpfs" ino=8697 ioctlcmd=0x642e scontext=u:r:system_server:s0 tcontext=u:object_r:device:s0 tclass=chr_file permissive=1
07-22 21:31:13.505 0 0 D [drm:drm_mode_addfb2 [drm]] [FB: 78]
07-22 21:31:13.505 0 0 D : [drm:drm_atomic_state_init [drm]] Allocated atomic state 000000004bce6beb
07-22 21:31:13.505 0 0 D : [drm:drm_atomic_get_plane_state [drm]] Added [PLANE:36:plane-0] 000000003d571887 state to 000000004bce6beb
07-22 21:31:13.505 0 0 D : [drm:drm_atomic_get_crtc_state [drm]] Added [CRTC:43:crtc-0] 00000000fad31670 state to 000000004bce6beb
07-22 21:31:13.505 0 0 D : [drm:drm_atomic_set_crtc_for_plane [drm]] Link plane state 000000003d571887 to [CRTC:43:crtc-0]
07-22 21:31:13.505 0 0 D : [drm:drm_atomic_set_fb_for_plane [drm]] Set [FB:78] for plane state 000000003d571887
07-22 21:31:13.505 0 0 D : [drm:drm_atomic_check_only [drm]] checking 000000004bce6beb
07-22 21:31:13.182 4695 4700 I zygote : Do full code cache collection, code=497KB, data=320KB
07-22 21:31:13.183 2443 2492 I GRALLOC-GBM: lock bo 0x7b3188a40010, cnt=0, usage=33
07-22 21:31:13.183 4695 4700 I zygote : After code cache collection, code=460KB, data=264KB
07-22 21:31:13.505 0 0 D : [drm:dm_update_planes_state [amdgpu]] Disabling DRM plane: 36 on DRM crtc 43
07-22 21:31:13.505 0 0 D : [drm:dm_update_planes_state [amdgpu]] Enabling DRM plane: 36 on DRM crtc 43
07-22 21:31:13.505 0 0 D : [drm:drm_atomic_state_default_clear [drm]] Clearing atomic state 000000004bce6beb
07-22 21:31:13.505 0 0 D : [drm:__drm_atomic_state_free [drm]] Freeing atomic state 000000004bce6beb
07-22 21:31:13.505 0 0 D : [drm:drm_atomic_state_init [drm]] Allocated atomic state 0000000071f9d0ad
07-22 21:31:13.505 0 0 D : [drm:drm_atomic_get_plane_state [drm]] Added [PLANE:36:plane-0] 00000000a1c0a7de state to 0000000071f9d0ad
07-22 21:31:13.505 0 0 D : [drm:drm_atomic_get_crtc_state [drm]] Added [CRTC:43:crtc-0] 000000004dcc92f2 state to 0000000071f9d0ad
07-22 21:31:13.505 0 0 D : [drm:drm_atomic_set_crtc_for_plane [drm]] Link plane state 00000000a1c0a7de to [CRTC:43:crtc-0]
07-22 21:31:13.505 0 0 D : [drm:drm_atomic_set_fb_for_plane [drm]] Set [FB:78] for plane state 00000000a1c0a7de
07-22 21:31:13.505 0 0 D : [drm:drm_atomic_check_only [drm]] checking 0000000071f9d0ad
07-22 21:31:13.505 0 0 D : [drm:dm_update_planes_state [amdgpu]] Disabling DRM plane: 36 on DRM crtc 43
07-22 21:31:13.505 0 0 D : [drm:dm_update_planes_state [amdgpu]] Enabling DRM plane: 36 on DRM crtc 43
07-22 21:31:13.505 0 0 D : [drm:drm_atomic_commit [drm]] committing 0000000071f9d0ad
07-22 21:31:13.505 0 0 D : [drm:amdgpu_dm_atomic_commit_tail [amdgpu]] amdgpu_crtc id:0 crtc_state_flags: enable:1, active:1, planes_changed:1, mode_changed:0,active_changed:0,connectors_changed:0
07-22 21:31:13.505 0 0 D [drm:amdgpu_dm_atomic_commit_tail [amdgpu]] crtc: 0, pflip_stat:AMDGPU_FLIP_SUBMITTED
07-22 21:31:13.517 0 0 D : [drm:dm_pflip_high_irq [amdgpu]] dm_pflip_high_irq - crtc :0[00000000da4e46cc], pflip_stat:AMDGPU_FLIP_NONE
07-22 21:31:13.517 0 0 D : [drm:drm_atomic_state_default_clear [drm]] Clearing atomic state 0000000071f9d0ad
07-22 21:31:13.517 0 0 D : [drm:__drm_atomic_state_free [drm]] Freeing atomic state 0000000071f9d0ad
07-22 21:31:13.520 0 0 D [drm:drm_mode_addfb2 [drm]] [FB: 74]
07-22 21:31:13.521 0 0 D : [drm:drm_atomic_state_init [drm]] Allocated atomic state 00000000e62775b2
07-22 21:31:13.521 0 0 D : [drm:drm_atomic_get_plane_state [drm]] Added [PLANE:36:plane-0] 000000009f7c04ef state to 00000000e62775b2
07-22 21:31:13.521 0 0 D : [drm:drm_atomic_get_crtc_state [drm]] Added [CRTC:43:crtc-0] 0000000067c80328 state to 00000000e62775b2
07-22 21:31:13.521 0 0 D : [drm:drm_atomic_set_crtc_for_plane [drm]] Link plane state 000000009f7c04ef to [CRTC:43:crtc-0]
07-22 21:31:13.521 0 0 D : [drm:drm_atomic_set_fb_for_plane [drm]] Set [FB:74] for plane state 000000009f7c04ef
07-22 21:31:13.521 0 0 D : [drm:drm_atomic_check_only [drm]] checking 00000000e62775b2
07-22 21:31:13.521 0 0 D : [drm:dm_update_planes_state [amdgpu]] Disabling DRM plane: 36 on DRM crtc 43
07-22 21:31:13.521 0 0 D : [drm:dm_update_planes_state [amdgpu]] Enabling DRM plane: 36 on DRM crtc 43
07-22 21:31:13.521 0 0 D : [drm:drm_atomic_state_default_clear [drm]] Clearing atomic state 00000000e62775b2
07-22 21:31:13.521 0 0 D : [drm:__drm_atomic_state_free [drm]] Freeing atomic state 00000000e62775b2
07-22 21:31:13.521 0 0 D : [drm:drm_atomic_state_init [drm]] Allocated atomic state 00000000294663ee
07-22 21:31:13.521 0 0 D : [drm:drm_atomic_get_plane_state [drm]] Added [PLANE:36:plane-0] 000000004467e3c6 state to 00000000294663ee
07-22 21:31:13.521 0 0 D : [drm:drm_atomic_get_crtc_state [drm]] Added [CRTC:43:crtc-0] 00000000ab5abbb4 state to 00000000294663ee
07-22 21:31:13.521 0 0 D : [drm:drm_atomic_set_crtc_for_plane [drm]] Link plane state 000000004467e3c6 to [CRTC:43:crtc-0]
07-22 21:31:13.521 0 0 D : [drm:drm_atomic_set_fb_for_plane [drm]] Set [FB:74] for plane state 000000004467e3c6
07-22 21:31:13.521 0 0 D : [drm:drm_atomic_check_only [drm]] checking 00000000294663ee
07-22 21:31:13.521 0 0 D : [drm:dm_update_planes_state [amdgpu]] Disabling DRM plane: 36 on DRM crtc 43
07-22 21:31:13.521 0 0 D : [drm:dm_update_planes_state [amdgpu]] Enabling DRM plane: 36 on DRM crtc 43
07-22 21:31:13.521 0 0 D : [drm:drm_atomic_commit [drm]] committing 00000000294663ee
07-22 21:31:13.522 0 0 D : [drm:amdgpu_dm_atomic_commit_tail [amdgpu]] amdgpu_crtc id:0 crtc_state_flags: enable:1, active:1, planes_changed:1, mode_changed:0,active_changed:0,connectors_changed:0
07-22 21:31:13.522 0 0 D [drm:amdgpu_dm_atomic_commit_tail [amdgpu]] crtc: 0, pflip_stat:AMDGPU_FLIP_SUBMITTED
07-22 21:31:13.534 0 0 D : [drm:dm_pflip_high_irq [amdgpu]] dm_pflip_high_irq - crtc :0[00000000da4e46cc], pflip_stat:AMDGPU_FLIP_NONE
07-22 21:31:13.534 0 0 D : [drm:drm_atomic_state_default_clear [drm]] Clearing atomic state 00000000294663ee
07-22 21:31:13.534 0 0 D : [drm:__drm_atomic_state_free [drm]] Freeing atomic state 00000000294663ee
07-22 21:31:13.537 0 0 D [drm:drm_mode_addfb2 [drm]] [FB: 78]
07-22 21:31:13.537 0 0 D : [drm:drm_atomic_state_init [drm]] Allocated atomic state 0000000046ff6553
07-22 21:31:13.537 0 0 D : [drm:drm_atomic_get_plane_state [drm]] Added [PLANE:36:plane-0] 0000000079f5d5aa state to 0000000046ff6553
07-22 21:31:13.537 0 0 D : [drm:drm_atomic_get_crtc_state [drm]] Added [CRTC:43:crtc-0] 00000000f815225a state to 0000000046ff6553
07-22 21:31:13.537 0 0 D : [drm:drm_atomic_set_crtc_for_plane [drm]] Link plane state 0000000079f5d5aa to [CRTC:43:crtc-0]
07-22 21:31:13.537 0 0 D : [drm:drm_atomic_set_fb_for_plane [drm]] Set [FB:78] for plane state 0000000079f5d5aa
07-22 21:31:13.537 0 0 D : [drm:drm_atomic_check_only [drm]] checking 0000000046ff6553
07-22 21:31:13.537 0 0 D : [drm:dm_update_planes_state [amdgpu]] Disabling DRM plane: 36 on DRM crtc 43
07-22 21:31:13.537 0 0 D : [drm:dm_update_planes_state [amdgpu]] Enabling DRM plane: 36 on DRM crtc 43
07-22 21:31:13.537 0 0 D : [drm:drm_atomic_state_default_clear [drm]] Clearing atomic state 0000000046ff6553
07-22 21:31:13.537 0 0 D : [drm:__drm_atomic_state_free [drm]] Freeing atomic state 0000000046ff6553
07-22 21:31:13.537 0 0 D : [drm:drm_atomic_state_init [drm]] Allocated atomic state 0000000060fe639e
07-22 21:31:13.537 0 0 D : [drm:drm_atomic_get_plane_state [drm]] Added [PLANE:36:plane-0] 00000000a1c0a7de state to 0000000060fe639e
07-22 21:31:13.537 0 0 D : [drm:drm_atomic_get_crtc_state [drm]] Added [CRTC:43:crtc-0] 00000000560244a5 state to 0000000060fe639e
07-22 21:31:13.537 0 0 D : [drm:drm_atomic_set_crtc_for_plane [drm]] Link plane state 00000000a1c0a7de to [CRTC:43:crtc-0]
07-22 21:31:13.537 0 0 D : [drm:drm_atomic_set_fb_for_plane [drm]] Set [FB:78] for plane state 00000000a1c0a7de
07-22 21:31:13.537 0 0 D : [drm:drm_atomic_check_only [drm]] checking 0000000060fe639e
07-22 21:31:13.537 0 0 D : [drm:dm_update_planes_state [amdgpu]] Disabling DRM plane: 36 on DRM crtc 43
07-22 21:31:13.537 0 0 D : [drm:dm_update_planes_state [amdgpu]] Enabling DRM plane: 36 on DRM crtc 43
07-22 21:31:13.537 0 0 D : [drm:drm_atomic_commit [drm]] committing 0000000060fe639e
07-22 21:31:13.537 0 0 D : [drm:amdgpu_dm_atomic_commit_tail [amdgpu]] amdgpu_crtc id:0 crtc_state_flags: enable:1, active:1, planes_changed:1, mode_changed:0,active_changed:0,connectors_changed:0
07-22 21:31:13.537 0 0 D [drm:amdgpu_dm_atomic_commit_tail [amdgpu]] crtc: 0, pflip_stat:AMDGPU_FLIP_SUBMITTED
07-22 21:31:13.228 4949 4949 D com.futuremark.dmandroid.*DbLoader_3DMarkAndroid: loaded families in 9ms
07-22 21:31:13.551 0 0 D : [drm:dm_pflip_high_irq [amdgpu]] dm_pflip_high_irq - crtc :0[00000000da4e46cc], pflip_stat:AMDGPU_FLIP_NONE
07-22 21:31:13.551 0 0 D : [drm:drm_atomic_state_default_clear [drm]] Clearing atomic state 0000000060fe639e
07-22 21:31:13.551 0 0 D : [drm:__drm_atomic_state_free [drm]] Freeing atomic state 0000000060fe639e
07-22 21:31:13.553 0 0 D [drm:drm_mode_addfb2 [drm]] [FB: 74]
07-22 21:31:13.554 0 0 D : [drm:drm_atomic_state_init [drm]] Allocated atomic state 00000000f1e6fbdb
07-22 21:31:13.554 0 0 D : [drm:drm_atomic_get_plane_state [drm]] Added [PLANE:36:plane-0] 000000003d571887 state to 00000000f1e6fbdb
07-22 21:31:13.554 0 0 D : [drm:drm_atomic_get_crtc_state [drm]] Added [CRTC:43:crtc-0] 000000008cdcc871 state to 00000000f1e6fbdb
07-22 21:31:13.554 0 0 D : [drm:drm_atomic_set_crtc_for_plane [drm]] Link plane state 000000003d571887 to [CRTC:43:crtc-0]
07-22 21:31:13.554 0 0 D : [drm:drm_atomic_set_fb_for_plane [drm]] Set [FB:74] for plane state 000000003d571887
07-22 21:31:13.554 0 0 D : [drm:drm_atomic_check_only [drm]] checking 00000000f1e6fbdb
07-22 21:31:13.554 0 0 D : [drm:dm_update_planes_state [amdgpu]] Disabling DRM plane: 36 on DRM crtc 43
07-22 21:31:13.554 0 0 D : [drm:dm_update_planes_state [amdgpu]] Enabling DRM plane: 36 on DRM crtc 43
07-22 21:31:13.554 0 0 D : [drm:drm_atomic_state_default_clear [drm]] Clearing atomic state 00000000f1e6fbdb
07-22 21:31:13.554 0 0 D : [drm:__drm_atomic_state_free [drm]] Freeing atomic state 00000000f1e6fbdb
07-22 21:31:13.554 0 0 D : [drm:drm_atomic_state_init [drm]] Allocated atomic state 000000009a976d28
07-22 21:31:13.554 0 0 D : [drm:drm_atomic_get_plane_state [drm]] Added [PLANE:36:plane-0] 000000004467e3c6 state to 000000009a976d28
07-22 21:31:13.554 0 0 D : [drm:drm_atomic_get_crtc_state [drm]] Added [CRTC:43:crtc-0] 000000005f0562fe state to 000000009a976d28
07-22 21:31:13.554 0 0 D : [drm:drm_atomic_set_crtc_for_plane [drm]] Link plane state 000000004467e3c6 to [CRTC:43:crtc-0]
07-22 21:31:13.554 0 0 D : [drm:drm_atomic_set_fb_for_plane [drm]] Set [FB:74] for plane state 000000004467e3c6
07-22 21:31:13.554 0 0 D : [drm:drm_atomic_check_only [drm]] checking 000000009a976d28
07-22 21:31:13.554 0 0 D : [drm:dm_update_planes_state [amdgpu]] Disabling DRM plane: 36 on DRM crtc 43
07-22 21:31:13.554 0 0 D : [drm:dm_update_planes_state [amdgpu]] Enabling DRM plane: 36 on DRM crtc 43
07-22 21:31:13.554 0 0 D : [drm:drm_atomic_commit [drm]] committing 000000009a976d28
07-22 21:31:13.554 0 0 D : [drm:amdgpu_dm_atomic_commit_tail [amdgpu]] amdgpu_crtc id:0 crtc_state_flags: enable:1, active:1, planes_changed:1, mode_changed:0,active_changed:0,connectors_changed:0
07-22 21:31:13.554 0 0 D [drm:amdgpu_dm_atomic_commit_tail [amdgpu]] crtc: 0, pflip_stat:AMDGPU_FLIP_SUBMITTED
07-22 21:31:13.233 4949 4949 I zygote : Deoptimizing boolean com.google.common.collect.AbstractIterator.hasNext() due to JIT inline cache
07-22 21:31:13.236 4949 4949 I zygote : Deoptimizing com.google.common.collect.ImmutableSet com.google.common.collect.ImmutableSet.construct(int, java.lang.Object[]) due to JIT same target
07-22 21:31:13.567 0 0 D : [drm:dm_pflip_high_irq [amdgpu]] dm_pflip_high_irq - crtc :0[00000000da4e46cc], pflip_stat:AMDGPU_FLIP_NONE
07-22 21:31:13.567 0 0 D : [drm:drm_atomic_state_default_clear [drm]] Clearing atomic state 000000009a976d28
07-22 21:31:13.567 0 0 D : [drm:__drm_atomic_state_free [drm]] Freeing atomic state 000000009a976d28
07-22 21:31:13.570 0 0 D [drm:drm_mode_addfb2 [drm]] [FB: 78]
07-22 21:31:13.570 0 0 D : [drm:drm_atomic_state_init [drm]] Allocated atomic state 00000000b3588025
07-22 21:31:13.570 0 0 D : [drm:drm_atomic_get_plane_state [drm]] Added [PLANE:36:plane-0] 000000003d571887 state to 00000000b3588025
07-22 21:31:13.570 0 0 D : [drm:drm_atomic_get_crtc_state [drm]] Added [CRTC:43:crtc-0] 000000003dbe1fcc state to 00000000b3588025
07-22 21:31:13.570 0 0 D : [drm:drm_atomic_set_crtc_for_plane [drm]] Link plane state 000000003d571887 to [CRTC:43:crtc-0]
07-22 21:31:13.570 0 0 D : [drm:drm_atomic_set_fb_for_plane [drm]] Set [FB:78] for plane state 000000003d571887
07-22 21:31:13.570 0 0 D : [drm:drm_atomic_check_only [drm]] checking 00000000b3588025
07-22 21:31:13.570 0 0 D : [drm:dm_update_planes_state [amdgpu]] Disabling DRM plane: 36 on DRM crtc 43
07-22 21:31:13.570 0 0 D : [drm:dm_update_planes_state [amdgpu]] Enabling DRM plane: 36 on DRM crtc 43
07-22 21:31:13.570 0 0 D : [drm:drm_atomic_state_default_clear [drm]] Clearing atomic state 00000000b3588025
07-22 21:31:13.570 0 0 D : [drm:__drm_atomic_state_free [drm]] Freeing atomic state 00000000b3588025
07-22 21:31:13.570 0 0 D : [drm:drm_atomic_state_init [drm]] Allocated atomic state 00000000b3588025
07-22 21:31:13.570 0 0 D : [drm:drm_atomic_get_plane_state [drm]] Added [PLANE:36:plane-0] 000000003d571887 state to 00000000b3588025
07-22 21:31:13.570 0 0 D : [drm:drm_atomic_get_crtc_state [drm]] Added [CRTC:43:crtc-0] 00000000066f486f state to 00000000b3588025
07-22 21:31:13.570 0 0 D : [drm:drm_atomic_set_crtc_for_plane [drm]] Link plane state 000000003d571887 to [CRTC:43:crtc-0]
07-22 21:31:13.570 0 0 D : [drm:drm_atomic_set_fb_for_plane [drm]] Set [FB:78] for plane state 000000003d571887
07-22 21:31:13.570 0 0 D : [drm:drm_atomic_check_only [drm]] checking 00000000b3588025
07-22 21:31:13.570 0 0 D : [drm:dm_update_planes_state [amdgpu]] Disabling DRM plane: 36 on DRM crtc 43
07-22 21:31:13.570 0 0 D : [drm:dm_update_planes_state [amdgpu]] Enabling DRM plane: 36 on DRM crtc 43
07-22 21:31:13.570 0 0 D : [drm:drm_atomic_commit [drm]] committing 00000000b3588025
07-22 21:31:13.570 0 0 D : [drm:amdgpu_dm_atomic_commit_tail [amdgpu]] amdgpu_crtc id:0 crtc_state_flags: enable:1, active:1, planes_changed:1, mode_changed:0,active_changed:0,connectors_changed:0
07-22 21:31:13.570 0 0 D [drm:amdgpu_dm_atomic_commit_tail [amdgpu]] crtc: 0, pflip_stat:AMDGPU_FLIP_SUBMITTED
07-22 21:31:13.254 4949 4954 I zygote : Do partial code cache collection, code=29KB, data=26KB
07-22 21:31:13.254 4949 4954 I zygote : After code cache collection, code=22KB, data=23KB
07-22 21:31:13.254 4949 4954 I zygote : Increasing code cache capacity to 128KB
07-22 21:31:13.259 4949 4949 D com.futuremark.dmandroid.*DbLoader_3DMarkAndroid: loaded result types in 31ms
07-22 21:31:13.584 0 0 D : [drm:dm_pflip_high_irq [amdgpu]] dm_pflip_high_irq - crtc :0[00000000da4e46cc], pflip_stat:AMDGPU_FLIP_NONE
07-22 21:31:13.584 0 0 D : [drm:drm_atomic_state_default_clear [drm]] Clearing atomic state 00000000b3588025
07-22 21:31:13.584 0 0 D : [drm:__drm_atomic_state_free [drm]] Freeing atomic state 00000000b3588025
07-22 21:31:13.587 0 0 D [drm:drm_mode_addfb2 [drm]] [FB: 74]
07-22 21:31:13.587 0 0 D : [drm:drm_atomic_state_init [drm]] Allocated atomic state 00000000c725d488
07-22 21:31:13.587 0 0 D : [drm:drm_atomic_get_plane_state [drm]] Added [PLANE:36:plane-0] 00000000bdcdeafd state to 00000000c725d488
07-22 21:31:13.587 0 0 D : [drm:drm_atomic_get_crtc_state [drm]] Added [CRTC:43:crtc-0] 00000000c5b82447 state to 00000000c725d488
07-22 21:31:13.587 0 0 D : [drm:drm_atomic_set_crtc_for_plane [drm]] Link plane state 00000000bdcdeafd to [CRTC:43:crtc-0]
07-22 21:31:13.587 0 0 D : [drm:drm_atomic_set_fb_for_plane [drm]] Set [FB:74] for plane state 00000000bdcdeafd
07-22 21:31:13.587 0 0 D : [drm:drm_atomic_check_only [drm]] checking 00000000c725d488
07-22 21:31:13.587 0 0 D : [drm:dm_update_planes_state [amdgpu]] Disabling DRM plane: 36 on DRM crtc 43
07-22 21:31:13.587 0 0 D : [drm:dm_update_planes_state [amdgpu]] Enabling DRM plane: 36 on DRM crtc 43
07-22 21:31:13.587 0 0 D : [drm:drm_atomic_state_default_clear [drm]] Clearing atomic state 00000000c725d488
07-22 21:31:13.587 0 0 D : [drm:__drm_atomic_state_free [drm]] Freeing atomic state 00000000c725d488
07-22 21:31:13.587 0 0 D : [drm:drm_atomic_state_init [drm]] Allocated atomic state 00000000c725d488
07-22 21:31:13.587 0 0 D : [drm:drm_atomic_get_plane_state [drm]] Added [PLANE:36:plane-0] 00000000bdcdeafd state to 00000000c725d488
07-22 21:31:13.587 0 0 D : [drm:drm_atomic_get_crtc_state [drm]] Added [CRTC:43:crtc-0] 000000006e837571 state to 00000000c725d488
07-22 21:31:13.587 0 0 D : [drm:drm_atomic_set_crtc_for_plane [drm]] Link plane state 00000000bdcdeafd to [CRTC:43:crtc-0]
07-22 21:31:13.587 0 0 D : [drm:drm_atomic_set_fb_for_plane [drm]] Set [FB:74] for plane state 00000000bdcdeafd
07-22 21:31:13.587 0 0 D : [drm:drm_atomic_check_only [drm]] checking 00000000c725d488
07-22 21:31:13.587 0 0 D : [drm:dm_update_planes_state [amdgpu]] Disabling DRM plane: 36 on DRM crtc 43
07-22 21:31:13.587 0 0 D : [drm:dm_update_planes_state [amdgpu]] Enabling DRM plane: 36 on DRM crtc 43
07-22 21:31:13.587 0 0 D : [drm:drm_atomic_commit [drm]] committing 00000000c725d488
07-22 21:31:13.587 0 0 D : [drm:amdgpu_dm_atomic_commit_tail [amdgpu]] amdgpu_crtc id:0 crtc_state_flags: enable:1, active:1, planes_changed:1, mode_changed:0,active_changed:0,connectors_changed:0
07-22 21:31:13.587 0 0 D [drm:amdgpu_dm_atomic_commit_tail [amdgpu]] crtc: 0, pflip_stat:AMDGPU_FLIP_SUBMITTED
07-22 21:31:13.601 0 0 D : [drm:dm_pflip_high_irq [amdgpu]] dm_pflip_high_irq - crtc :0[00000000da4e46cc], pflip_stat:AMDGPU_FLIP_NONE
07-22 21:31:13.601 0 0 D : [drm:drm_atomic_state_default_clear [drm]] Clearing atomic state 00000000c725d488
07-22 21:31:13.601 0 0 D : [drm:__drm_atomic_state_free [drm]] Freeing atomic state 00000000c725d488
07-22 21:31:13.603 0 0 D [drm:drm_mode_addfb2 [drm]] [FB: 78]
07-22 21:31:13.603 0 0 D : [drm:drm_atomic_state_init [drm]] Allocated atomic state 00000000b6f20998
07-22 21:31:13.603 0 0 D : [drm:drm_atomic_get_plane_state [drm]] Added [PLANE:36:plane-0] 000000003d659290 state to 00000000b6f20998
07-22 21:31:13.603 0 0 D : [drm:drm_atomic_get_crtc_state [drm]] Added [CRTC:43:crtc-0] 000000005a2999e5 state to 00000000b6f20998
07-22 21:31:13.603 0 0 D : [drm:drm_atomic_set_crtc_for_plane [drm]] Link plane state 000000003d659290 to [CRTC:43:crtc-0]
07-22 21:31:13.603 0 0 D : [drm:drm_atomic_set_fb_for_plane [drm]] Set [FB:78] for plane state 000000003d659290
07-22 21:31:13.603 0 0 D : [drm:drm_atomic_check_only [drm]] checking 00000000b6f20998
07-22 21:31:13.603 0 0 D : [drm:dm_update_planes_state [amdgpu]] Disabling DRM plane: 36 on DRM crtc 43
07-22 21:31:13.603 0 0 D : [drm:dm_update_planes_state [amdgpu]] Enabling DRM plane: 36 on DRM crtc 43
07-22 21:31:13.604 0 0 D : [drm:drm_atomic_state_default_clear [drm]] Clearing atomic state 00000000b6f20998
07-22 21:31:13.604 0 0 D : [drm:__drm_atomic_state_free [drm]] Freeing atomic state 00000000b6f20998
07-22 21:31:13.604 0 0 D : [drm:drm_atomic_state_init [drm]] Allocated atomic state 00000000b6f20998
07-22 21:31:13.604 0 0 D : [drm:drm_atomic_get_plane_state [drm]] Added [PLANE:36:plane-0] 000000003d659290 state to 00000000b6f20998
07-22 21:31:13.604 0 0 D : [drm:drm_atomic_get_crtc_state [drm]] Added [CRTC:43:crtc-0] 000000000a1c2172 state to 00000000b6f20998
07-22 21:31:13.604 0 0 D : [drm:drm_atomic_set_crtc_for_plane [drm]] Link plane state 000000003d659290 to [CRTC:43:crtc-0]
07-22 21:31:13.604 0 0 D : [drm:drm_atomic_set_fb_for_plane [drm]] Set [FB:78] for plane state 000000003d659290
07-22 21:31:13.604 0 0 D : [drm:drm_atomic_check_only [drm]] checking 00000000b6f20998
07-22 21:31:13.604 0 0 D : [drm:dm_update_planes_state [amdgpu]] Disabling DRM plane: 36 on DRM crtc 43
07-22 21:31:13.604 0 0 D : [drm:dm_update_planes_state [amdgpu]] Enabling DRM plane: 36 on DRM crtc 43
07-22 21:31:13.604 0 0 D : [drm:drm_atomic_commit [drm]] committing 00000000b6f20998
07-22 21:31:13.604 0 0 D : [drm:amdgpu_dm_atomic_commit_tail [amdgpu]] amdgpu_crtc id:0 crtc_state_flags: enable:1, active:1, planes_changed:1, mode_changed:0,active_changed:0,connectors_changed:0
07-22 21:31:13.604 0 0 D [drm:amdgpu_dm_atomic_commit_tail [amdgpu]] crtc: 0, pflip_stat:AMDGPU_FLIP_SUBMITTED
07-22 21:31:13.288 4949 4949 D licensekeyreader: readLicenseKeyFile()
07-22 21:31:13.289 4949 4949 D licensekeyreader: Looking for license key file from sdcard: /storage/emulated/0/3DMarkAndroid/key.txt (No such file or directory)
07-22 21:31:13.290 4949 4949 D com.futuremark.dmandroid.LicenseManagerImpl: registering license: LicenseInfoImpl{licenseKey=NewLicenseKey [hashedKey=, licenseType=BASIC, product=DM_ANDROID]}
07-22 21:31:13.617 0 0 D : [drm:dm_pflip_high_irq [amdgpu]] dm_pflip_high_irq - crtc :0[00000000da4e46cc], pflip_stat:AMDGPU_FLIP_NONE
07-22 21:31:13.619 0 0 D : [drm:drm_atomic_state_default_clear [drm]] Clearing atomic state 00000000b6f20998
07-22 21:31:13.619 0 0 D : [drm:__drm_atomic_state_free [drm]] Freeing atomic state 00000000b6f20998
07-22 21:31:13.621 0 0 D [drm:drm_mode_addfb2 [drm]] [FB: 74]
07-22 21:31:13.621 0 0 D : [drm:drm_atomic_state_init [drm]] Allocated atomic state 00000000b3588025
07-22 21:31:13.621 0 0 D : [drm:drm_atomic_get_plane_state [drm]] Added [PLANE:36:plane-0] 0000000079f5d5aa state to 00000000b3588025
07-22 21:31:13.621 0 0 D : [drm:drm_atomic_get_crtc_state [drm]] Added [CRTC:43:crtc-0] 00000000695d5140 state to 00000000b3588025
07-22 21:31:13.621 0 0 D : [drm:drm_atomic_set_crtc_for_plane [drm]] Link plane state 0000000079f5d5aa to [CRTC:43:crtc-0]
07-22 21:31:13.621 0 0 D : [drm:drm_atomic_set_fb_for_plane [drm]] Set [FB:74] for plane state 0000000079f5d5aa
07-22 21:31:13.621 0 0 D : [drm:drm_atomic_check_only [drm]] checking 00000000b3588025
07-22 21:31:13.621 0 0 D : [drm:dm_update_planes_state [amdgpu]] Disabling DRM plane: 36 on DRM crtc 43
07-22 21:31:13.621 0 0 D : [drm:dm_update_planes_state [amdgpu]] Enabling DRM plane: 36 on DRM crtc 43
07-22 21:31:13.621 0 0 D : [drm:drm_atomic_state_default_clear [drm]] Clearing atomic state 00000000b3588025
07-22 21:31:13.621 0 0 D : [drm:__drm_atomic_state_free [drm]] Freeing atomic state 00000000b3588025
07-22 21:31:13.621 0 0 D : [drm:drm_atomic_state_init [drm]] Allocated atomic state 00000000b3588025
07-22 21:31:13.621 0 0 D : [drm:drm_atomic_get_plane_state [drm]] Added [PLANE:36:plane-0] 0000000079f5d5aa state to 00000000b3588025
07-22 21:31:13.622 0 0 D : [drm:drm_atomic_get_crtc_state [drm]] Added [CRTC:43:crtc-0] 00000000d9fe10f3 state to 00000000b3588025
07-22 21:31:13.622 0 0 D : [drm:drm_atomic_set_crtc_for_plane [drm]] Link plane state 0000000079f5d5aa to [CRTC:43:crtc-0]
07-22 21:31:13.622 0 0 D : [drm:drm_atomic_set_fb_for_plane [drm]] Set [FB:74] for plane state 0000000079f5d5aa
07-22 21:31:13.622 0 0 D : [drm:drm_atomic_check_only [drm]] checking 00000000b3588025
07-22 21:31:13.622 0 0 D : [drm:dm_update_planes_state [amdgpu]] Disabling DRM plane: 36 on DRM crtc 43
07-22 21:31:13.622 0 0 D : [drm:dm_update_planes_state [amdgpu]] Enabling DRM plane: 36 on DRM crtc 43
07-22 21:31:13.622 0 0 D : [drm:drm_atomic_commit [drm]] committing 00000000b3588025
07-22 21:31:13.302 4949 4949 I CrashlyticsCore: Initializing Crashlytics 2.4.0.18
07-22 21:31:13.622 0 0 D : [drm:amdgpu_dm_atomic_commit_tail [amdgpu]] amdgpu_crtc id:0 crtc_state_flags: enable:1, active:1, planes_changed:1, mode_changed:0,active_changed:0,connectors_changed:0
07-22 21:31:13.622 0 0 D [drm:amdgpu_dm_atomic_commit_tail [amdgpu]] crtc: 0, pflip_stat:AMDGPU_FLIP_SUBMITTED
07-22 21:31:13.634 0 0 D : [drm:dm_pflip_high_irq [amdgpu]] dm_pflip_high_irq - crtc :0[00000000da4e46cc], pflip_stat:AMDGPU_FLIP_NONE
07-22 21:31:13.634 0 0 D : [drm:drm_atomic_state_default_clear [drm]] Clearing atomic state 00000000b3588025
07-22 21:31:13.634 0 0 D : [drm:__drm_atomic_state_free [drm]] Freeing atomic state 00000000b3588025
07-22 21:31:13.637 0 0 D [drm:drm_mode_addfb2 [drm]] [FB: 78]
07-22 21:31:13.637 0 0 D : [drm:drm_atomic_state_init [drm]] Allocated atomic state 0000000014dece10
07-22 21:31:13.637 0 0 D : [drm:drm_atomic_get_plane_state [drm]] Added [PLANE:36:plane-0] 000000009f7c04ef state to 0000000014dece10
07-22 21:31:13.637 0 0 D : [drm:drm_atomic_get_crtc_state [drm]] Added [CRTC:43:crtc-0] 000000009815872e state to 0000000014dece10
07-22 21:31:13.637 0 0 D : [drm:drm_atomic_set_crtc_for_plane [drm]] Link plane state 000000009f7c04ef to [CRTC:43:crtc-0]
07-22 21:31:13.637 0 0 D : [drm:drm_atomic_set_fb_for_plane [drm]] Set [FB:78] for plane state 000000009f7c04ef
07-22 21:31:13.637 0 0 D : [drm:drm_atomic_check_only [drm]] checking 0000000014dece10
07-22 21:31:13.637 0 0 D : [drm:dm_update_planes_state [amdgpu]] Disabling DRM plane: 36 on DRM crtc 43
07-22 21:31:13.637 0 0 D : [drm:dm_update_planes_state [amdgpu]] Enabling DRM plane: 36 on DRM crtc 43
07-22 21:31:13.637 0 0 D : [drm:drm_atomic_state_default_clear [drm]] Clearing atomic state 0000000014dece10
07-22 21:31:13.637 0 0 D : [drm:__drm_atomic_state_free [drm]] Freeing atomic state 0000000014dece10
07-22 21:31:13.637 0 0 D : [drm:drm_atomic_state_init [drm]] Allocated atomic state 0000000014dece10
07-22 21:31:13.637 0 0 D : [drm:drm_atomic_get_plane_state [drm]] Added [PLANE:36:plane-0] 000000009f7c04ef state to 0000000014dece10
07-22 21:31:13.637 0 0 D : [drm:drm_atomic_get_crtc_state [drm]] Added [CRTC:43:crtc-0] 000000003d19d566 state to 0000000014dece10
07-22 21:31:13.637 0 0 D : [drm:drm_atomic_set_crtc_for_plane [drm]] Link plane state 000000009f7c04ef to [CRTC:43:crtc-0]
07-22 21:31:13.637 0 0 D : [drm:drm_atomic_set_fb_for_plane [drm]] Set [FB:78] for plane state 000000009f7c04ef
07-22 21:31:13.637 0 0 D : [drm:drm_atomic_check_only [drm]] checking 0000000014dece10
07-22 21:31:13.637 0 0 D : [drm:dm_update_planes_state [amdgpu]] Disabling DRM plane: 36 on DRM crtc 43
07-22 21:31:13.637 0 0 D : [drm:dm_update_planes_state [amdgpu]] Enabling DRM plane: 36 on DRM crtc 43
07-22 21:31:13.637 0 0 D : [drm:drm_atomic_commit [drm]] committing 0000000014dece10
07-22 21:31:13.637 0 0 D : [drm:amdgpu_dm_atomic_commit_tail [amdgpu]] amdgpu_crtc id:0 crtc_state_flags: enable:1, active:1, planes_changed:1, mode_changed:0,active_changed:0,connectors_changed:0
07-22 21:31:13.637 0 0 D [drm:amdgpu_dm_atomic_commit_tail [amdgpu]] crtc: 0, pflip_stat:AMDGPU_FLIP_SUBMITTED
07-22 21:31:13.327 4949 4949 I com.futuremark.dmandroid.SystemInfoServiceImpl: creating CPUID, 2
07-22 21:31:13.651 0 0 D : [drm:dm_pflip_high_irq [amdgpu]] dm_pflip_high_irq - crtc :0[00000000da4e46cc], pflip_stat:AMDGPU_FLIP_NONE
07-22 21:31:13.651 0 0 D : [drm:drm_atomic_state_default_clear [drm]] Clearing atomic state 0000000014dece10
07-22 21:31:13.651 0 0 D : [drm:__drm_atomic_state_free [drm]] Freeing atomic state 0000000014dece10
07-22 21:31:13.653 0 0 D [drm:drm_mode_addfb2 [drm]] [FB: 74]
07-22 21:31:13.654 0 0 D : [drm:drm_atomic_state_init [drm]] Allocated atomic state 000000005f26ce5d
07-22 21:31:13.654 0 0 D : [drm:drm_atomic_get_plane_state [drm]] Added [PLANE:36:plane-0] 000000009b7beaac state to 000000005f26ce5d
07-22 21:31:13.654 0 0 D : [drm:drm_atomic_get_crtc_state [drm]] Added [CRTC:43:crtc-0] 00000000fad31670 state to 000000005f26ce5d
07-22 21:31:13.654 0 0 D : [drm:drm_atomic_set_crtc_for_plane [drm]] Link plane state 000000009b7beaac to [CRTC:43:crtc-0]
07-22 21:31:13.654 0 0 D : [drm:drm_atomic_set_fb_for_plane [drm]] Set [FB:74] for plane state 000000009b7beaac
07-22 21:31:13.654 0 0 D : [drm:drm_atomic_check_only [drm]] checking 000000005f26ce5d
07-22 21:31:13.654 0 0 D : [drm:dm_update_planes_state [amdgpu]] Disabling DRM plane: 36 on DRM crtc 43
07-22 21:31:13.654 0 0 D : [drm:dm_update_planes_state [amdgpu]] Enabling DRM plane: 36 on DRM crtc 43
07-22 21:31:13.654 0 0 D : [drm:drm_atomic_state_default_clear [drm]] Clearing atomic state 000000005f26ce5d
07-22 21:31:13.654 0 0 D : [drm:__drm_atomic_state_free [drm]] Freeing atomic state 000000005f26ce5d
07-22 21:31:13.654 0 0 D : [drm:drm_atomic_state_init [drm]] Allocated atomic state 0000000058b6cd7f
07-22 21:31:13.654 0 0 D : [drm:drm_atomic_get_plane_state [drm]] Added [PLANE:36:plane-0] 0000000000f1db53 state to 0000000058b6cd7f
07-22 21:31:13.654 0 0 D : [drm:drm_atomic_get_crtc_state [drm]] Added [CRTC:43:crtc-0] 00000000605687d5 state to 0000000058b6cd7f
07-22 21:31:13.654 0 0 D : [drm:drm_atomic_set_crtc_for_plane [drm]] Link plane state 0000000000f1db53 to [CRTC:43:crtc-0]
07-22 21:31:13.654 0 0 D : [drm:drm_atomic_set_fb_for_plane [drm]] Set [FB:74] for plane state 0000000000f1db53
07-22 21:31:13.654 0 0 D : [drm:drm_atomic_check_only [drm]] checking 0000000058b6cd7f
07-22 21:31:13.654 0 0 D : [drm:dm_update_planes_state [amdgpu]] Disabling DRM plane: 36 on DRM crtc 43
07-22 21:31:13.654 0 0 D : [drm:dm_update_planes_state [amdgpu]] Enabling DRM plane: 36 on DRM crtc 43
07-22 21:31:13.654 0 0 D : [drm:drm_atomic_commit [drm]] committing 0000000058b6cd7f
07-22 21:31:13.654 0 0 D : [drm:amdgpu_dm_atomic_commit_tail [amdgpu]] amdgpu_crtc id:0 crtc_state_flags: enable:1, active:1, planes_changed:1, mode_changed:0,active_changed:0,connectors_changed:0
07-22 21:31:13.654 0 0 D [drm:amdgpu_dm_atomic_commit_tail [amdgpu]] crtc: 0, pflip_stat:AMDGPU_FLIP_SUBMITTED
07-22 21:31:13.333 4949 4949 I com.futuremark.dmandroid.SystemInfoServiceImpl: initializing CPUID, 2
07-22 21:31:13.337 4949 4954 I zygote : Do partial code cache collection, code=59KB, data=44KB
07-22 21:31:13.338 4949 4967 D NetworkSecurityConfig: No Network Security Config specified, using platform default
07-22 21:31:13.343 4949 4954 I zygote : After code cache collection, code=57KB, data=44KB
07-22 21:31:13.343 4949 4954 I zygote : Increasing code cache capacity to 256KB
07-22 21:31:13.667 0 0 D : [drm:dm_pflip_high_irq [amdgpu]] dm_pflip_high_irq - crtc :0[00000000da4e46cc], pflip_stat:AMDGPU_FLIP_NONE
07-22 21:31:13.667 0 0 D : [drm:drm_atomic_state_default_clear [drm]] Clearing atomic state 0000000058b6cd7f
07-22 21:31:13.667 0 0 D : [drm:__drm_atomic_state_free [drm]] Freeing atomic state 0000000058b6cd7f
07-22 21:31:13.670 0 0 D [drm:drm_mode_addfb2 [drm]] [FB: 78]
07-22 21:31:13.670 0 0 D : [drm:drm_atomic_state_init [drm]] Allocated atomic state 00000000b3588025
07-22 21:31:13.670 0 0 D : [drm:drm_atomic_get_plane_state [drm]] Added [PLANE:36:plane-0] 000000009b7beaac state to 00000000b3588025
07-22 21:31:13.670 0 0 D : [drm:drm_atomic_get_crtc_state [drm]] Added [CRTC:43:crtc-0] 00000000f328b6b3 state to 00000000b3588025
07-22 21:31:13.670 0 0 D : [drm:drm_atomic_set_crtc_for_plane [drm]] Link plane state 000000009b7beaac to [CRTC:43:crtc-0]
07-22 21:31:13.670 0 0 D : [drm:drm_atomic_set_fb_for_plane [drm]] Set [FB:78] for plane state 000000009b7beaac
07-22 21:31:13.670 0 0 D : [drm:drm_atomic_check_only [drm]] checking 00000000b3588025
07-22 21:31:13.670 0 0 D : [drm:dm_update_planes_state [amdgpu]] Disabling DRM plane: 36 on DRM crtc 43
07-22 21:31:13.670 0 0 D : [drm:dm_update_planes_state [amdgpu]] Enabling DRM plane: 36 on DRM crtc 43
07-22 21:31:13.670 0 0 D : [drm:drm_atomic_state_default_clear [drm]] Clearing atomic state 00000000b3588025
07-22 21:31:13.670 0 0 D : [drm:__drm_atomic_state_free [drm]] Freeing atomic state 00000000b3588025
07-22 21:31:13.670 0 0 D : [drm:drm_atomic_state_init [drm]] Allocated atomic state 000000005f26ce5d
07-22 21:31:13.670 0 0 D : [drm:drm_atomic_get_plane_state [drm]] Added [PLANE:36:plane-0] 000000009f7c04ef state to 000000005f26ce5d
07-22 21:31:13.670 0 0 D : [drm:drm_atomic_get_crtc_state [drm]] Added [CRTC:43:crtc-0] 00000000da7422c9 state to 000000005f26ce5d
07-22 21:31:13.670 0 0 D : [drm:drm_atomic_set_crtc_for_plane [drm]] Link plane state 000000009f7c04ef to [CRTC:43:crtc-0]
07-22 21:31:13.670 0 0 D : [drm:drm_atomic_set_fb_for_plane [drm]] Set [FB:78] for plane state 000000009f7c04ef
07-22 21:31:13.671 0 0 D : [drm:drm_atomic_check_only [drm]] checking 000000005f26ce5d
07-22 21:31:13.671 0 0 D : [drm:dm_update_planes_state [amdgpu]] Disabling DRM plane: 36 on DRM crtc 43
07-22 21:31:13.671 0 0 D : [drm:dm_update_planes_state [amdgpu]] Enabling DRM plane: 36 on DRM crtc 43
07-22 21:31:13.671 0 0 D : [drm:drm_atomic_commit [drm]] committing 000000005f26ce5d
07-22 21:31:13.671 0 0 D : [drm:amdgpu_dm_atomic_commit_tail [amdgpu]] amdgpu_crtc id:0 crtc_state_flags: enable:1, active:1, planes_changed:1, mode_changed:0,active_changed:0,connectors_changed:0
07-22 21:31:13.671 0 0 D [drm:amdgpu_dm_atomic_commit_tail [amdgpu]] crtc: 0, pflip_stat:AMDGPU_FLIP_SUBMITTED
07-22 21:31:13.352 4949 4974 I FA : App measurement is starting up, version: 12451
07-22 21:31:13.352 4949 4974 I FA : To enable debug logging run: adb shell setprop log.tag.FA VERBOSE
07-22 21:31:13.352 4949 4974 I FA : To enable faster debug mode event logging run:
07-22 21:31:13.352 4949 4974 I FA : adb shell setprop debug.firebase.analytics.app com.futuremark.dmandroid.application
07-22 21:31:13.684 0 0 D : [drm:dm_pflip_high_irq [amdgpu]] dm_pflip_high_irq - crtc :0[00000000da4e46cc], pflip_stat:AMDGPU_FLIP_NONE
07-22 21:31:13.684 0 0 D : [drm:drm_atomic_state_default_clear [drm]] Clearing atomic state 000000005f26ce5d
07-22 21:31:13.684 0 0 D : [drm:__drm_atomic_state_free [drm]] Freeing atomic state 000000005f26ce5d
07-22 21:31:13.687 0 0 D [drm:drm_mode_addfb2 [drm]] [FB: 74]
07-22 21:31:13.687 0 0 D : [drm:drm_atomic_state_init [drm]] Allocated atomic state 0000000002e0747c
07-22 21:31:13.687 0 0 D : [drm:drm_atomic_get_plane_state [drm]] Added [PLANE:36:plane-0] 000000004c30bfcd state to 0000000002e0747c
07-22 21:31:13.687 0 0 D : [drm:drm_atomic_get_crtc_state [drm]] Added [CRTC:43:crtc-0] 00000000898382a9 state to 0000000002e0747c
07-22 21:31:13.687 0 0 D : [drm:drm_atomic_set_crtc_for_plane [drm]] Link plane state 000000004c30bfcd to [CRTC:43:crtc-0]
07-22 21:31:13.687 0 0 D : [drm:drm_atomic_set_fb_for_plane [drm]] Set [FB:74] for plane state 000000004c30bfcd
07-22 21:31:13.687 0 0 D : [drm:drm_atomic_check_only [drm]] checking 0000000002e0747c
07-22 21:31:13.687 0 0 D : [drm:dm_update_planes_state [amdgpu]] Disabling DRM plane: 36 on DRM crtc 43
07-22 21:31:13.687 0 0 D : [drm:dm_update_planes_state [amdgpu]] Enabling DRM plane: 36 on DRM crtc 43
07-22 21:31:13.687 0 0 D : [drm:drm_atomic_state_default_clear [drm]] Clearing atomic state 0000000002e0747c
07-22 21:31:13.687 0 0 D : [drm:__drm_atomic_state_free [drm]] Freeing atomic state 0000000002e0747c
07-22 21:31:13.687 0 0 D : [drm:drm_atomic_state_init [drm]] Allocated atomic state 00000000b3588025
07-22 21:31:13.687 0 0 D : [drm:drm_atomic_get_plane_state [drm]] Added [PLANE:36:plane-0] 00000000d722dd78 state to 00000000b3588025
07-22 21:31:13.687 0 0 D : [drm:drm_atomic_get_crtc_state [drm]] Added [CRTC:43:crtc-0] 00000000f328b6b3 state to 00000000b3588025
07-22 21:31:13.687 0 0 D : [drm:drm_atomic_set_crtc_for_plane [drm]] Link plane state 00000000d722dd78 to [CRTC:43:crtc-0]
07-22 21:31:13.687 0 0 D : [drm:drm_atomic_set_fb_for_plane [drm]] Set [FB:74] for plane state 00000000d722dd78
07-22 21:31:13.687 0 0 D : [drm:drm_atomic_check_only [drm]] checking 00000000b3588025
07-22 21:31:13.687 0 0 D : [drm:dm_update_planes_state [amdgpu]] Disabling DRM plane: 36 on DRM crtc 43
07-22 21:31:13.687 0 0 D : [drm:dm_update_planes_state [amdgpu]] Enabling DRM plane: 36 on DRM crtc 43
07-22 21:31:13.687 0 0 D : [drm:drm_atomic_commit [drm]] committing 00000000b3588025
07-22 21:31:13.687 0 0 D : [drm:amdgpu_dm_atomic_commit_tail [amdgpu]] amdgpu_crtc id:0 crtc_state_flags: enable:1, active:1, planes_changed:1, mode_changed:0,active_changed:0,connectors_changed:0
07-22 21:31:13.687 0 0 D [drm:amdgpu_dm_atomic_commit_tail [amdgpu]] crtc: 0, pflip_stat:AMDGPU_FLIP_SUBMITTED
07-22 21:31:13.367 4949 4949 I com.futuremark.dmandroid.SystemInfoServiceImpl: collect done, type:invariant, bat level:0, power src:UNKNOWN
07-22 21:31:13.368 4949 4949 I com.futuremark.dmandroid.NativeWrapper: about to load native library
07-22 21:31:13.372 4949 4949 I Farandole: Loading libvulkan.so...
07-22 21:31:13.373 4949 4949 I Farandole: Vulkan: creating instance...
07-22 21:31:13.373 4949 4949 D vndksupport: Loading /vendor/lib/hw/vulkan.radv.so from current namespace instead of sphal namespace.
07-22 21:31:13.379 4949 4974 W FA : Failed to retrieve Firebase Instance Id
07-22 21:31:13.701 0 0 D : [drm:dm_pflip_high_irq [amdgpu]] dm_pflip_high_irq - crtc :0[00000000da4e46cc], pflip_stat:AMDGPU_FLIP_NONE
07-22 21:31:13.701 0 0 D : [drm:drm_atomic_state_default_clear [drm]] Clearing atomic state 00000000b3588025
07-22 21:31:13.701 0 0 D : [drm:__drm_atomic_state_free [drm]] Freeing atomic state 00000000b3588025
07-22 21:31:13.703 0 0 D [drm:drm_mode_addfb2 [drm]] [FB: 78]
07-22 21:31:13.703 0 0 D : [drm:drm_atomic_state_init [drm]] Allocated atomic state 000000004c71c5b5
07-22 21:31:13.703 0 0 D : [drm:drm_atomic_get_plane_state [drm]] Added [PLANE:36:plane-0] 000000004467e3c6 state to 000000004c71c5b5
07-22 21:31:13.703 0 0 D : [drm:drm_atomic_get_crtc_state [drm]] Added [CRTC:43:crtc-0] 00000000fc1979c3 state to 000000004c71c5b5
07-22 21:31:13.703 0 0 D : [drm:drm_atomic_set_crtc_for_plane [drm]] Link plane state 000000004467e3c6 to [CRTC:43:crtc-0]
07-22 21:31:13.703 0 0 D : [drm:drm_atomic_set_fb_for_plane [drm]] Set [FB:78] for plane state 000000004467e3c6
07-22 21:31:13.703 0 0 D : [drm:drm_atomic_check_only [drm]] checking 000000004c71c5b5
07-22 21:31:13.703 0 0 D : [drm:dm_update_planes_state [amdgpu]] Disabling DRM plane: 36 on DRM crtc 43
07-22 21:31:13.704 0 0 D : [drm:dm_update_planes_state [amdgpu]] Enabling DRM plane: 36 on DRM crtc 43
07-22 21:31:13.704 0 0 D : [drm:drm_atomic_state_default_clear [drm]] Clearing atomic state 000000004c71c5b5
07-22 21:31:13.704 0 0 D : [drm:__drm_atomic_state_free [drm]] Freeing atomic state 000000004c71c5b5
07-22 21:31:13.704 0 0 D : [drm:drm_atomic_state_init [drm]] Allocated atomic state 000000004c71c5b5
07-22 21:31:13.704 0 0 D : [drm:drm_atomic_get_plane_state [drm]] Added [PLANE:36:plane-0] 000000004467e3c6 state to 000000004c71c5b5
07-22 21:31:13.704 0 0 D : [drm:drm_atomic_get_crtc_state [drm]] Added [CRTC:43:crtc-0] 000000003d2faebc state to 000000004c71c5b5
07-22 21:31:13.704 0 0 D : [drm:drm_atomic_set_crtc_for_plane [drm]] Link plane state 000000004467e3c6 to [CRTC:43:crtc-0]
07-22 21:31:13.704 0 0 D : [drm:drm_atomic_set_fb_for_plane [drm]] Set [FB:78] for plane state 000000004467e3c6
07-22 21:31:13.704 0 0 D : [drm:drm_atomic_check_only [drm]] checking 000000004c71c5b5
07-22 21:31:13.704 0 0 D : [drm:dm_update_planes_state [amdgpu]] Disabling DRM plane: 36 on DRM crtc 43
07-22 21:31:13.704 0 0 D : [drm:dm_update_planes_state [amdgpu]] Enabling DRM plane: 36 on DRM crtc 43
07-22 21:31:13.704 0 0 D : [drm:drm_atomic_commit [drm]] committing 000000004c71c5b5
07-22 21:31:13.704 0 0 D : [drm:amdgpu_dm_atomic_commit_tail [amdgpu]] amdgpu_crtc id:0 crtc_state_flags: enable:1, active:1, planes_changed:1, mode_changed:0,active_changed:0,connectors_changed:0
07-22 21:31:13.704 0 0 D [drm:amdgpu_dm_atomic_commit_tail [amdgpu]] crtc: 0, pflip_stat:AMDGPU_FLIP_SUBMITTED
07-22 21:31:13.717 0 0 D : [drm:dm_pflip_high_irq [amdgpu]] dm_pflip_high_irq - crtc :0[00000000da4e46cc], pflip_stat:AMDGPU_FLIP_NONE
07-22 21:31:13.717 0 0 D : [drm:drm_atomic_state_default_clear [drm]] Clearing atomic state 000000004c71c5b5
07-22 21:31:13.717 0 0 D : [drm:__drm_atomic_state_free [drm]] Freeing atomic state 000000004c71c5b5
07-22 21:31:13.721 0 0 D [drm:drm_mode_addfb2 [drm]] [FB: 74]
07-22 21:31:13.721 0 0 D : [drm:drm_atomic_state_init [drm]] Allocated atomic state 000000004bcad903
07-22 21:31:13.721 0 0 D : [drm:drm_atomic_get_plane_state [drm]] Added [PLANE:36:plane-0] 000000009b7beaac state to 000000004bcad903
07-22 21:31:13.721 0 0 D : [drm:drm_atomic_get_crtc_state [drm]] Added [CRTC:43:crtc-0] 00000000f815225a state to 000000004bcad903
07-22 21:31:13.721 0 0 D : [drm:drm_atomic_set_crtc_for_plane [drm]] Link plane state 000000009b7beaac to [CRTC:43:crtc-0]
07-22 21:31:13.721 0 0 D : [drm:drm_atomic_set_fb_for_plane [drm]] Set [FB:74] for plane state 000000009b7beaac
07-22 21:31:13.721 0 0 D : [drm:drm_atomic_check_only [drm]] checking 000000004bcad903
07-22 21:31:13.721 0 0 D : [drm:dm_update_planes_state [amdgpu]] Disabling DRM plane: 36 on DRM crtc 43
07-22 21:31:13.721 0 0 D : [drm:dm_update_planes_state [amdgpu]] Enabling DRM plane: 36 on DRM crtc 43
07-22 21:31:13.721 0 0 D : [drm:drm_atomic_state_default_clear [drm]] Clearing atomic state 000000004bcad903
07-22 21:31:13.721 0 0 D : [drm:__drm_atomic_state_free [drm]] Freeing atomic state 000000004bcad903
07-22 21:31:13.721 0 0 D : [drm:drm_atomic_state_init [drm]] Allocated atomic state 000000004bcad903
07-22 21:31:13.721 0 0 D : [drm:drm_atomic_get_plane_state [drm]] Added [PLANE:36:plane-0] 000000009b7beaac state to 000000004bcad903
07-22 21:31:13.721 0 0 D : [drm:drm_atomic_get_crtc_state [drm]] Added [CRTC:43:crtc-0] 0000000025dc30ce state to 000000004bcad903
07-22 21:31:13.721 0 0 D : [drm:drm_atomic_set_crtc_for_plane [drm]] Link plane state 000000009b7beaac to [CRTC:43:crtc-0]
07-22 21:31:13.721 0 0 D : [drm:drm_atomic_set_fb_for_plane [drm]] Set [FB:74] for plane state 000000009b7beaac
07-22 21:31:13.721 0 0 D : [drm:drm_atomic_check_only [drm]] checking 000000004bcad903
07-22 21:31:13.722 0 0 D : [drm:dm_update_planes_state [amdgpu]] Disabling DRM plane: 36 on DRM crtc 43
07-22 21:31:13.722 0 0 D : [drm:dm_update_planes_state [amdgpu]] Enabling DRM plane: 36 on DRM crtc 43
07-22 21:31:13.722 0 0 D : [drm:drm_atomic_commit [drm]] committing 000000004bcad903
07-22 21:31:13.722 0 0 D : [drm:amdgpu_dm_atomic_commit_tail [amdgpu]] amdgpu_crtc id:0 crtc_state_flags: enable:1, active:1, planes_changed:1, mode_changed:0,active_changed:0,connectors_changed:0
07-22 21:31:13.722 0 0 D [drm:amdgpu_dm_atomic_commit_tail [amdgpu]] crtc: 0, pflip_stat:AMDGPU_FLIP_SUBMITTED
07-22 21:31:13.383 4949 4974 I chatty : uid=10090(com.futuremark.dmandroid.application) Measurement Wor identical 1 line
07-22 21:31:13.385 4949 4974 W FA : Failed to retrieve Firebase Instance Id
07-22 21:31:13.407 4949 4949 D vulkan : searching for layers in '/data/app/com.futuremark.dmandroid.application--TcMIPU5ttg_gGGrKxrVOQ==/lib/x86'
07-22 21:31:13.409 4949 4949 D vulkan : searching for layers in '/data/app/com.futuremark.dmandroid.application--TcMIPU5ttg_gGGrKxrVOQ==/base.apk!/lib/x86'
07-22 21:31:13.408 4949 4949 I auditd : type=1400 audit(0.0:799): avc: denied { open } for comm="cation:workload" path="/dev/__properties__/u:object_r:radio_noril_prop:s0" dev="tmpfs" ino=8031 scontext=u:r:untrusted_app:s0:c512,c768 tcontext=u:object_r:radio_noril_prop:s0 tclass=file permissive=1
07-22 21:31:13.408 4949 4949 I cation:workload: type=1400 audit(0.0:799): avc: denied { open } for path="/dev/__properties__/u:object_r:radio_noril_prop:s0" dev="tmpfs" ino=8031 scontext=u:r:untrusted_app:s0:c512,c768 tcontext=u:object_r:radio_noril_prop:s0 tclass=file permissive=1
07-22 21:31:13.408 4949 4949 I auditd : type=1400 audit(0.0:800): avc: denied { getattr } for comm="cation:workload" path="/dev/__properties__/u:object_r:radio_noril_prop:s0" dev="tmpfs" ino=8031 scontext=u:r:untrusted_app:s0:c512,c768 tcontext=u:object_r:radio_noril_prop:s0 tclass=file permissive=1
07-22 21:31:13.408 4949 4949 I cation:workload: type=1400 audit(0.0:800): avc: denied { getattr } for path="/dev/__properties__/u:object_r:radio_noril_prop:s0" dev="tmpfs" ino=8031 scontext=u:r:untrusted_app:s0:c512,c768 tcontext=u:object_r:radio_noril_prop:s0 tclass=file permissive=1
07-22 21:31:13.408 4949 4949 I auditd : type=1400 audit(0.0:801): avc: denied { map } for comm="cation:workload" path="/dev/__properties__/u:object_r:radio_noril_prop:s0" dev="tmpfs" ino=8031 scontext=u:r:untrusted_app:s0:c512,c768 tcontext=u:object_r:radio_noril_prop:s0 tclass=file permissive=1
07-22 21:31:13.408 4949 4949 I cation:workload: type=1400 audit(0.0:801): avc: denied { map } for path="/dev/__properties__/u:object_r:radio_noril_prop:s0" dev="tmpfs" ino=8031 scontext=u:r:untrusted_app:s0:c512,c768 tcontext=u:object_r:radio_noril_prop:s0 tclass=file permissive=1
07-22 21:31:13.408 4949 4949 I auditd : type=1400 audit(0.0:802): avc: denied { open } for comm="cation:workload" path="/dev/__properties__/u:object_r:wifi_prop:s0" dev="tmpfs" ino=8033 scontext=u:r:untrusted_app:s0:c512,c768 tcontext=u:object_r:wifi_prop:s0 tclass=file permissive=1
07-22 21:31:13.408 4949 4949 I cation:workload: type=1400 audit(0.0:802): avc: denied { open } for path="/dev/__properties__/u:object_r:wifi_prop:s0" dev="tmpfs" ino=8033 scontext=u:r:untrusted_app:s0:c512,c768 tcontext=u:object_r:wifi_prop:s0 tclass=file permissive=1
