07-22 21:31:17.701 0 0 D : [drm:dm_pflip_high_irq [amdgpu]] dm_pflip_high_irq - crtc :0[00000000da4e46cc], pflip_stat:AMDGPU_FLIP_NONE
07-22 21:31:17.701 0 0 D : [drm:drm_atomic_state_default_clear [drm]] Clearing atomic state 00000000598ee5f4
07-22 21:31:17.701 0 0 D : [drm:__drm_atomic_state_free [drm]] Freeing atomic state 00000000598ee5f4
07-22 21:31:17.704 0 0 D [drm:drm_mode_addfb2 [drm]] [FB: 78]
07-22 21:31:17.704 0 0 D : [drm:drm_atomic_state_init [drm]] Allocated atomic state 0000000000cc0718
07-22 21:31:17.704 0 0 D : [drm:drm_atomic_get_plane_state [drm]] Added [PLANE:36:plane-0] 000000001eb51ce2 state to 0000000000cc0718
07-22 21:31:17.704 0 0 D : [drm:drm_atomic_get_crtc_state [drm]] Added [CRTC:43:crtc-0] 00000000a3bb6dec state to 0000000000cc0718
07-22 21:31:17.704 0 0 D : [drm:drm_atomic_set_crtc_for_plane [drm]] Link plane state 000000001eb51ce2 to [CRTC:43:crtc-0]
07-22 21:31:17.704 0 0 D : [drm:drm_atomic_set_fb_for_plane [drm]] Set [FB:78] for plane state 000000001eb51ce2
07-22 21:31:17.704 0 0 D : [drm:drm_atomic_check_only [drm]] checking 0000000000cc0718
07-22 21:31:17.704 0 0 D : [drm:dm_update_planes_state [amdgpu]] Disabling DRM plane: 36 on DRM crtc 43
07-22 21:31:17.704 0 0 D : [drm:dm_update_planes_state [amdgpu]] Enabling DRM plane: 36 on DRM crtc 43
07-22 21:31:17.704 0 0 D : [drm:drm_atomic_state_default_clear [drm]] Clearing atomic state 0000000000cc0718
07-22 21:31:17.704 0 0 D : [drm:__drm_atomic_state_free [drm]] Freeing atomic state 0000000000cc0718
07-22 21:31:17.704 0 0 D : [drm:drm_atomic_state_init [drm]] Allocated atomic state 00000000598ee5f4
07-22 21:31:17.704 0 0 D : [drm:drm_atomic_get_plane_state [drm]] Added [PLANE:36:plane-0] 00000000a1246b44 state to 00000000598ee5f4
07-22 21:31:17.704 0 0 D : [drm:drm_atomic_get_crtc_state [drm]] Added [CRTC:43:crtc-0] 00000000605687d5 state to 00000000598ee5f4
07-22 21:31:17.704 0 0 D : [drm:drm_atomic_set_crtc_for_plane [drm]] Link plane state 00000000a1246b44 to [CRTC:43:crtc-0]
07-22 21:31:17.704 0 0 D : [drm:drm_atomic_set_fb_for_plane [drm]] Set [FB:78] for plane state 00000000a1246b44
07-22 21:31:17.704 0 0 D : [drm:drm_atomic_check_only [drm]] checking 00000000598ee5f4
07-22 21:31:17.704 0 0 D : [drm:dm_update_planes_state [amdgpu]] Disabling DRM plane: 36 on DRM crtc 43
07-22 21:31:17.704 0 0 D : [drm:dm_update_planes_state [amdgpu]] Enabling DRM plane: 36 on DRM crtc 43
07-22 21:31:17.704 0 0 D : [drm:drm_atomic_commit [drm]] committing 00000000598ee5f4
07-22 21:31:17.704 0 0 D : [drm:amdgpu_dm_atomic_commit_tail [amdgpu]] amdgpu_crtc id:0 crtc_state_flags: enable:1, active:1, planes_changed:1, mode_changed:0,active_changed:0,connectors_changed:0
07-22 21:31:17.704 0 0 D [drm:amdgpu_dm_atomic_commit_tail [amdgpu]] crtc: 0, pflip_stat:AMDGPU_FLIP_SUBMITTED
07-22 21:31:17.388 4695 4790 E com.futuremark.dmandroid.*hmarkResultStorageUtil: Failed to copy file to sdcard
07-22 21:31:17.388 4695 4790 E com.futuremark.dmandroid.*hmarkResultStorageUtil: java.io.IOException: Unable to create parent directories of /storage/emulated/0/3DMarkAndroid/dma-result-2018-07-22T21-31-17-351.zip
07-22 21:31:17.388 4695 4790 E com.futuremark.dmandroid.*hmarkResultStorageUtil: at com.google.common.io.Files.createParentDirs(Files.java:645)
07-22 21:31:17.388 4695 4790 E com.futuremark.dmandroid.*hmarkResultStorageUtil: at com.futuremark.flamenco.controller.results.file.BenchmarkResultStorageUtil.createResultFile(BenchmarkResultStorageUtil.java:275)
07-22 21:31:17.388 4695 4790 E com.futuremark.dmandroid.*hmarkResultStorageUtil: at com.futuremark.flamenco.ui.launcher.BenchmarkLauncherPresenter.doFinalize(BenchmarkLauncherPresenter.java:699)
07-22 21:31:17.388 4695 4790 E com.futuremark.dmandroid.*hmarkResultStorageUtil: at com.futuremark.flamenco.ui.launcher.BenchmarkLauncherPresenter.lambda$getCollectResultsObservable$14$BenchmarkLauncherPresenter(BenchmarkLauncherPresenter.java:626)
07-22 21:31:17.388 4695 4790 E com.futuremark.dmandroid.*hmarkResultStorageUtil: at com.futuremark.flamenco.ui.launcher.BenchmarkLauncherPresenter$$Lambda$14.apply(Unknown Source:4)
07-22 21:31:17.388 4695 4790 E com.futuremark.dmandroid.*hmarkResultStorageUtil: at io.reactivex.internal.operators.observable.ObservableMap$MapObserver.onNext(ObservableMap.java:59)
07-22 21:31:17.388 4695 4790 E com.futuremark.dmandroid.*hmarkResultStorageUtil: at io.reactivex.observers.SerializedObserver.onNext(SerializedObserver.java:113)
07-22 21:31:17.388 4695 4790 E com.futuremark.dmandroid.*hmarkResultStorageUtil: at io.reactivex.internal.operators.observable.ObservableDelay$DelayObserver$OnNext.run(ObservableDelay.java:114)
07-22 21:31:17.388 4695 4790 E com.futuremark.dmandroid.*hmarkResultStorageUtil: at io.reactivex.internal.schedulers.ScheduledRunnable.run(ScheduledRunnable.java:66)
07-22 21:31:17.388 4695 4790 E com.futuremark.dmandroid.*hmarkResultStorageUtil: at io.reactivex.internal.schedulers.ScheduledRunnable.call(ScheduledRunnable.java:57)
07-22 21:31:17.388 4695 4790 E com.futuremark.dmandroid.*hmarkResultStorageUtil: at java.util.concurrent.FutureTask.run(FutureTask.java:266)
07-22 21:31:17.388 4695 4790 E com.futuremark.dmandroid.*hmarkResultStorageUtil: at java.util.concurrent.ScheduledThreadPoolExecutor$ScheduledFutureTask.run(ScheduledThreadPoolExecutor.java:301)
07-22 21:31:17.388 4695 4790 E com.futuremark.dmandroid.*hmarkResultStorageUtil: at java.util.concurrent.ThreadPoolExecutor.runWorker(ThreadPoolExecutor.java:1162)
07-22 21:31:17.388 4695 4790 E com.futuremark.dmandroid.*hmarkResultStorageUtil: at java.util.concurrent.ThreadPoolExecutor$Worker.run(ThreadPoolExecutor.java:636)
07-22 21:31:17.388 4695 4790 E com.futuremark.dmandroid.*hmarkResultStorageUtil: at java.lang.Thread.run(Thread.java:764)
07-22 21:31:17.717 0 0 D : [drm:dm_pflip_high_irq [amdgpu]] dm_pflip_high_irq - crtc :0[00000000da4e46cc], pflip_stat:AMDGPU_FLIP_NONE
07-22 21:31:17.717 0 0 D : [drm:drm_atomic_state_default_clear [drm]] Clearing atomic state 00000000598ee5f4
07-22 21:31:17.717 0 0 D : [drm:__drm_atomic_state_free [drm]] Freeing atomic state 00000000598ee5f4
07-22 21:31:17.721 0 0 D [drm:drm_mode_addfb2 [drm]] [FB: 74]
07-22 21:31:17.721 0 0 D : [drm:drm_atomic_state_init [drm]] Allocated atomic state 00000000ea08878f
07-22 21:31:17.721 0 0 D : [drm:drm_atomic_get_plane_state [drm]] Added [PLANE:36:plane-0] 00000000796f3465 state to 00000000ea08878f
07-22 21:31:17.721 0 0 D : [drm:drm_atomic_get_crtc_state [drm]] Added [CRTC:43:crtc-0] 000000004dcc92f2 state to 00000000ea08878f
07-22 21:31:17.721 0 0 D : [drm:drm_atomic_set_crtc_for_plane [drm]] Link plane state 00000000796f3465 to [CRTC:43:crtc-0]
07-22 21:31:17.721 0 0 D : [drm:drm_atomic_set_fb_for_plane [drm]] Set [FB:74] for plane state 00000000796f3465
07-22 21:31:17.721 0 0 D : [drm:drm_atomic_check_only [drm]] checking 00000000ea08878f
07-22 21:31:17.721 0 0 D : [drm:dm_update_planes_state [amdgpu]] Disabling DRM plane: 36 on DRM crtc 43
07-22 21:31:17.721 0 0 D : [drm:dm_update_planes_state [amdgpu]] Enabling DRM plane: 36 on DRM crtc 43
07-22 21:31:17.721 0 0 D : [drm:drm_atomic_state_default_clear [drm]] Clearing atomic state 00000000ea08878f
07-22 21:31:17.721 0 0 D : [drm:__drm_atomic_state_free [drm]] Freeing atomic state 00000000ea08878f
07-22 21:31:17.721 0 0 D : [drm:drm_atomic_state_init [drm]] Allocated atomic state 00000000543fa31d
07-22 21:31:17.721 0 0 D : [drm:drm_atomic_get_plane_state [drm]] Added [PLANE:36:plane-0] 00000000967d3d88 state to 00000000543fa31d
07-22 21:31:17.721 0 0 D : [drm:drm_atomic_get_crtc_state [drm]] Added [CRTC:43:crtc-0] 00000000fd769242 state to 00000000543fa31d
07-22 21:31:17.721 0 0 D : [drm:drm_atomic_set_crtc_for_plane [drm]] Link plane state 00000000967d3d88 to [CRTC:43:crtc-0]
07-22 21:31:17.721 0 0 D : [drm:drm_atomic_set_fb_for_plane [drm]] Set [FB:74] for plane state 00000000967d3d88
07-22 21:31:17.721 0 0 D : [drm:drm_atomic_check_only [drm]] checking 00000000543fa31d
07-22 21:31:17.721 0 0 D : [drm:dm_update_planes_state [amdgpu]] Disabling DRM plane: 36 on DRM crtc 43
07-22 21:31:17.721 0 0 D : [drm:dm_update_planes_state [amdgpu]] Enabling DRM plane: 36 on DRM crtc 43
07-22 21:31:17.721 0 0 D : [drm:drm_atomic_commit [drm]] committing 00000000543fa31d
07-22 21:31:17.721 0 0 D : [drm:amdgpu_dm_atomic_commit_tail [amdgpu]] amdgpu_crtc id:0 crtc_state_flags: enable:1, active:1, planes_changed:1, mode_changed:0,active_changed:0,connectors_changed:0
07-22 21:31:17.721 0 0 D [drm:amdgpu_dm_atomic_commit_tail [amdgpu]] crtc: 0, pflip_stat:AMDGPU_FLIP_SUBMITTED
07-22 21:31:17.411 2443 5016 I am_uid_running: 10010
07-22 21:31:17.734 0 0 D : [drm:dm_pflip_high_irq [amdgpu]] dm_pflip_high_irq - crtc :0[00000000da4e46cc], pflip_stat:AMDGPU_FLIP_NONE
07-22 21:31:17.734 0 0 D : [drm:drm_atomic_state_default_clear [drm]] Clearing atomic state 00000000543fa31d
07-22 21:31:17.734 0 0 D : [drm:__drm_atomic_state_free [drm]] Freeing atomic state 00000000543fa31d
07-22 21:31:17.738 0 0 D [drm:drm_mode_addfb2 [drm]] [FB: 78]
07-22 21:31:17.738 0 0 D : [drm:drm_atomic_state_init [drm]] Allocated atomic state 000000002603648f
07-22 21:31:17.738 0 0 D : [drm:drm_atomic_get_plane_state [drm]] Added [PLANE:36:plane-0] 00000000a1246b44 state to 000000002603648f
07-22 21:31:17.738 0 0 D : [drm:drm_atomic_get_crtc_state [drm]] Added [CRTC:43:crtc-0] 0000000042d05269 state to 000000002603648f
07-22 21:31:17.738 0 0 D : [drm:drm_atomic_set_crtc_for_plane [drm]] Link plane state 00000000a1246b44 to [CRTC:43:crtc-0]
07-22 21:31:17.738 0 0 D : [drm:drm_atomic_set_fb_for_plane [drm]] Set [FB:78] for plane state 00000000a1246b44
07-22 21:31:17.738 0 0 D : [drm:drm_atomic_check_only [drm]] checking 000000002603648f
07-22 21:31:17.738 0 0 D : [drm:dm_update_planes_state [amdgpu]] Disabling DRM plane: 36 on DRM crtc 43
07-22 21:31:17.738 0 0 D : [drm:dm_update_planes_state [amdgpu]] Enabling DRM plane: 36 on DRM crtc 43
07-22 21:31:17.738 0 0 D : [drm:drm_atomic_commit [drm]] committing 000000002603648f
07-22 21:31:17.738 0 0 D : [drm:amdgpu_dm_atomic_commit_tail [amdgpu]] amdgpu_crtc id:0 crtc_state_flags: enable:1, active:1, planes_changed:1, mode_changed:0,active_changed:0,connectors_changed:0
07-22 21:31:17.738 0 0 D [drm:amdgpu_dm_atomic_commit_tail [amdgpu]] crtc: 0, pflip_stat:AMDGPU_FLIP_SUBMITTED
07-22 21:31:17.416 5030 5030 I auditd : type=1400 audit(0.0:824): avc: denied { dac_read_search } for comm="main" capability=2 scontext=u:r:zygote:s0 tcontext=u:r:zygote:s0 tclass=capability permissive=1
07-22 21:31:17.416 5030 5030 I main : type=1400 audit(0.0:824): avc: denied { dac_read_search } for capability=2 scontext=u:r:zygote:s0 tcontext=u:r:zygote:s0 tclass=capability permissive=1
07-22 21:31:17.417 5030 5030 W zygote64: Unexpected CPU variant for X86 using defaults: x86_64
07-22 21:31:17.421 2443 5016 I am_proc_start: [0,5030,10010,android.process.media,service,com.android.providers.media/.MediaScannerService]
07-22 21:31:17.381 2443 2459 I chatty : uid=1000(system) android.ui identical 21 lines
07-22 21:31:17.397 2443 2459 D ViewRootImpl[application]: updatePointerIcon called with position out of bounds
07-22 21:31:17.421 2443 5016 I ActivityManager: Start proc 5030:android.process.media/u0a10 for service com.android.providers.media/.MediaScannerService
07-22 21:31:17.422 4695 4790 D com.futuremark.dmandroid.*hmarkLauncherPresenter: sending back also error message: USER_INTERFERENCE
07-22 21:31:17.422 4695 4790 D com.futuremark.dmandroid.*hmarkLauncherPresenter: user cancelled the benchmark. setting side effect to skip every workload
07-22 21:31:17.422 4695 4695 D com.futuremark.dmandroid.*hmarkLauncherPresenter: FLM_COLLECT_RESULTS:FARANDOLE_CUSTOM collect results end
07-22 21:31:17.422 2443 3492 I am_proc_bound: [0,5030,android.process.media]
07-22 21:31:17.422 4695 4695 D com.futuremark.dmandroid.*hmarkLauncherPresenter: clearing benchmark run state
07-22 21:31:17.422 4695 4695 D com.futuremark.dmandroid.Poller: cancelPoller called, active false
07-22 21:31:17.422 4695 4695 I com.futuremark.dmandroid.Watchdog: cancelWatchdog called, active false
07-22 21:31:17.422 4695 4695 D com.futuremark.dmandroid.*hmarkLauncherPresenter: onTaskFinished - FLM_COLLECT_RESULTS:FARANDOLE_CUSTOM - skipped: false
07-22 21:31:17.422 4695 4695 D com.futuremark.dmandroid.*chmarkLauncherActivity: onLauncherTaskFinished
07-22 21:31:17.422 4695 4695 D com.futuremark.dmandroid.*chmarkLauncherActivity: All tests finished
07-22 21:31:17.422 4695 4695 D com.futuremark.dmandroid.*chmarkLauncherActivity: Tests [FARANDOLE_CUSTOM]
07-22 21:31:17.422 4695 4695 D com.futuremark.dmandroid.*chmarkLauncherActivity: Result files [-1]
07-22 21:31:17.422 4695 4695 D com.futuremark.dmandroid.*chmarkLauncherActivity: Errors [USER_INTERFERENCE]
07-22 21:31:17.423 2443 3492 I am_uid_active: 10010
07-22 21:31:17.423 2443 3492 I am_finish_activity: [0,15929458,6,com.futuremark.dmandroid.application/.BenchmarkLauncherActivity,app-request]
07-22 21:31:17.424 2443 3492 I am_pause_activity: [0,15929458,com.futuremark.dmandroid.application/.BenchmarkLauncherActivity]
07-22 21:31:17.427 5030 5030 I zygote64: The ClassLoaderContext is a special shared library.
07-22 21:31:17.751 0 0 D : [drm:dm_pflip_high_irq [amdgpu]] dm_pflip_high_irq - crtc :0[00000000da4e46cc], pflip_stat:AMDGPU_FLIP_NONE
07-22 21:31:17.751 0 0 D : [drm:drm_atomic_state_default_clear [drm]] Clearing atomic state 000000002603648f
07-22 21:31:17.751 0 0 D : [drm:__drm_atomic_state_free [drm]] Freeing atomic state 000000002603648f
07-22 21:31:17.431 2443 2458 I sysui_count: [window_time_0,0]
07-22 21:31:17.431 2443 2458 I sysui_multi_action: [757,803,799,window_time_0,802,0]
07-22 21:31:17.432 4695 4695 D com.futuremark.dmandroid.*chmarkLauncherActivity: onFinishedCollectingResults
07-22 21:31:17.433 4695 4695 D com.futuremark.dmandroid.*hmarkLauncherPresenter: stopping services
07-22 21:31:17.433 4695 4695 D com.futuremark.dmandroid.*chmarkLauncherActivity: onPause()
07-22 21:31:17.433 4695 4695 I am_on_paused_called: [0,com.futuremark.dmandroid.application.BenchmarkLauncherActivity,handlePauseActivity]
07-22 21:31:17.754 0 0 D [drm:drm_mode_addfb2 [drm]] [FB: 74]
07-22 21:31:17.754 0 0 D : [drm:drm_atomic_state_init [drm]] Allocated atomic state 00000000f146ca98
07-22 21:31:17.754 0 0 D : [drm:drm_atomic_get_plane_state [drm]] Added [PLANE:36:plane-0] 00000000e48fa2fe state to 00000000f146ca98
07-22 21:31:17.754 0 0 D : [drm:drm_atomic_get_crtc_state [drm]] Added [CRTC:43:crtc-0] 00000000fd769242 state to 00000000f146ca98
07-22 21:31:17.754 0 0 D : [drm:drm_atomic_set_crtc_for_plane [drm]] Link plane state 00000000e48fa2fe to [CRTC:43:crtc-0]
07-22 21:31:17.754 0 0 D : [drm:drm_atomic_set_fb_for_plane [drm]] Set [FB:74] for plane state 00000000e48fa2fe
07-22 21:31:17.754 0 0 D : [drm:drm_atomic_check_only [drm]] checking 00000000f146ca98
07-22 21:31:17.754 0 0 D : [drm:dm_update_planes_state [amdgpu]] Disabling DRM plane: 36 on DRM crtc 43
07-22 21:31:17.754 0 0 D : [drm:dm_update_planes_state [amdgpu]] Enabling DRM plane: 36 on DRM crtc 43
07-22 21:31:17.754 0 0 D : [drm:drm_atomic_state_default_clear [drm]] Clearing atomic state 00000000f146ca98
07-22 21:31:17.754 0 0 D : [drm:__drm_atomic_state_free [drm]] Freeing atomic state 00000000f146ca98
07-22 21:31:17.754 0 0 D : [drm:drm_atomic_state_init [drm]] Allocated atomic state 00000000f070b7fd
07-22 21:31:17.754 0 0 D : [drm:drm_atomic_get_plane_state [drm]] Added [PLANE:36:plane-0] 0000000078bf4344 state to 00000000f070b7fd
07-22 21:31:17.754 0 0 D : [drm:drm_atomic_get_crtc_state [drm]] Added [CRTC:43:crtc-0] 000000009f68922c state to 00000000f070b7fd
07-22 21:31:17.754 0 0 D : [drm:drm_atomic_set_crtc_for_plane [drm]] Link plane state 0000000078bf4344 to [CRTC:43:crtc-0]
07-22 21:31:17.754 0 0 D : [drm:drm_atomic_set_fb_for_plane [drm]] Set [FB:74] for plane state 0000000078bf4344
07-22 21:31:17.754 0 0 D : [drm:drm_atomic_check_only [drm]] checking 00000000f070b7fd
07-22 21:31:17.755 0 0 D : [drm:dm_update_planes_state [amdgpu]] Disabling DRM plane: 36 on DRM crtc 43
07-22 21:31:17.755 0 0 D : [drm:dm_update_planes_state [amdgpu]] Enabling DRM plane: 36 on DRM crtc 43
07-22 21:31:17.755 0 0 D : [drm:drm_atomic_commit [drm]] committing 00000000f070b7fd
07-22 21:31:17.755 0 0 D : [drm:amdgpu_dm_atomic_commit_tail [amdgpu]] amdgpu_crtc id:0 crtc_state_flags: enable:1, active:1, planes_changed:1, mode_changed:0,active_changed:0,connectors_changed:0
07-22 21:31:17.755 0 0 D [drm:amdgpu_dm_atomic_commit_tail [amdgpu]] crtc: 0, pflip_stat:AMDGPU_FLIP_SUBMITTED
07-22 21:31:17.433 5030 5030 I zygote64: The ClassLoaderContext is a special shared library.
07-22 21:31:17.767 0 0 D : [drm:dm_pflip_high_irq [amdgpu]] dm_pflip_high_irq - crtc :0[00000000da4e46cc], pflip_stat:AMDGPU_FLIP_NONE
07-22 21:31:17.767 0 0 D : [drm:drm_atomic_state_default_clear [drm]] Clearing atomic state 00000000f070b7fd
07-22 21:31:17.767 0 0 D : [drm:__drm_atomic_state_free [drm]] Freeing atomic state 00000000f070b7fd
07-22 21:31:17.770 0 0 D [drm:drm_mode_addfb2 [drm]] [FB: 78]
07-22 21:31:17.770 0 0 D : [drm:drm_atomic_state_init [drm]] Allocated atomic state 000000009fa663db
07-22 21:31:17.770 0 0 D : [drm:drm_atomic_get_plane_state [drm]] Added [PLANE:36:plane-0] 0000000020cc1ecd state to 000000009fa663db
07-22 21:31:17.770 0 0 D : [drm:drm_atomic_get_crtc_state [drm]] Added [CRTC:43:crtc-0] 0000000069b853eb state to 000000009fa663db
07-22 21:31:17.770 0 0 D : [drm:drm_atomic_set_crtc_for_plane [drm]] Link plane state 0000000020cc1ecd to [CRTC:43:crtc-0]
07-22 21:31:17.770 0 0 D : [drm:drm_atomic_set_fb_for_plane [drm]] Set [FB:78] for plane state 0000000020cc1ecd
07-22 21:31:17.770 0 0 D : [drm:drm_atomic_check_only [drm]] checking 000000009fa663db
07-22 21:31:17.770 0 0 D : [drm:dm_update_planes_state [amdgpu]] Disabling DRM plane: 36 on DRM crtc 43
07-22 21:31:17.770 0 0 D : [drm:dm_update_planes_state [amdgpu]] Enabling DRM plane: 36 on DRM crtc 43
07-22 21:31:17.770 0 0 D : [drm:drm_atomic_state_default_clear [drm]] Clearing atomic state 000000009fa663db
07-22 21:31:17.770 0 0 D : [drm:__drm_atomic_state_free [drm]] Freeing atomic state 000000009fa663db
07-22 21:31:17.770 0 0 D : [drm:drm_atomic_state_init [drm]] Allocated atomic state 000000003f4a4a13
07-22 21:31:17.770 0 0 D : [drm:drm_atomic_get_plane_state [drm]] Added [PLANE:36:plane-0] 000000001eb51ce2 state to 000000003f4a4a13
07-22 21:31:17.770 0 0 D : [drm:drm_atomic_get_crtc_state [drm]] Added [CRTC:43:crtc-0] 000000000728143d state to 000000003f4a4a13
07-22 21:31:17.770 0 0 D : [drm:drm_atomic_set_crtc_for_plane [drm]] Link plane state 000000001eb51ce2 to [CRTC:43:crtc-0]
07-22 21:31:17.770 0 0 D : [drm:drm_atomic_set_fb_for_plane [drm]] Set [FB:78] for plane state 000000001eb51ce2
07-22 21:31:17.770 0 0 D : [drm:drm_atomic_check_only [drm]] checking 000000003f4a4a13
07-22 21:31:17.771 0 0 D : [drm:dm_update_planes_state [amdgpu]] Disabling DRM plane: 36 on DRM crtc 43
07-22 21:31:17.771 0 0 D : [drm:dm_update_planes_state [amdgpu]] Enabling DRM plane: 36 on DRM crtc 43
07-22 21:31:17.771 0 0 D : [drm:drm_atomic_commit [drm]] committing 000000003f4a4a13
07-22 21:31:17.771 0 0 D : [drm:amdgpu_dm_atomic_commit_tail [amdgpu]] amdgpu_crtc id:0 crtc_state_flags: enable:1, active:1, planes_changed:1, mode_changed:0,active_changed:0,connectors_changed:0
07-22 21:31:17.771 0 0 D [drm:amdgpu_dm_atomic_commit_tail [amdgpu]] crtc: 0, pflip_stat:AMDGPU_FLIP_SUBMITTED
07-22 21:31:17.784 0 0 D : [drm:dm_pflip_high_irq [amdgpu]] dm_pflip_high_irq - crtc :0[00000000da4e46cc], pflip_stat:AMDGPU_FLIP_NONE
07-22 21:31:17.784 0 0 D : [drm:drm_atomic_state_default_clear [drm]] Clearing atomic state 000000003f4a4a13
07-22 21:31:17.784 0 0 D : [drm:__drm_atomic_state_free [drm]] Freeing atomic state 000000003f4a4a13
07-22 21:31:17.787 0 0 D [drm:drm_mode_addfb2 [drm]] [FB: 74]
07-22 21:31:17.787 0 0 D : [drm:drm_atomic_state_init [drm]] Allocated atomic state 0000000085a48e79
07-22 21:31:17.787 0 0 D : [drm:drm_atomic_get_plane_state [drm]] Added [PLANE:36:plane-0] 0000000020cc1ecd state to 0000000085a48e79
07-22 21:31:17.787 0 0 D : [drm:drm_atomic_get_crtc_state [drm]] Added [CRTC:43:crtc-0] 00000000d2d265d4 state to 0000000085a48e79
07-22 21:31:17.787 0 0 D : [drm:drm_atomic_set_crtc_for_plane [drm]] Link plane state 0000000020cc1ecd to [CRTC:43:crtc-0]
07-22 21:31:17.787 0 0 D : [drm:drm_atomic_set_fb_for_plane [drm]] Set [FB:74] for plane state 0000000020cc1ecd
07-22 21:31:17.787 0 0 D : [drm:drm_atomic_check_only [drm]] checking 0000000085a48e79
07-22 21:31:17.787 0 0 D : [drm:dm_update_planes_state [amdgpu]] Disabling DRM plane: 36 on DRM crtc 43
07-22 21:31:17.787 0 0 D : [drm:dm_update_planes_state [amdgpu]] Enabling DRM plane: 36 on DRM crtc 43
07-22 21:31:17.787 0 0 D : [drm:drm_atomic_state_default_clear [drm]] Clearing atomic state 0000000085a48e79
07-22 21:31:17.787 0 0 D : [drm:__drm_atomic_state_free [drm]] Freeing atomic state 0000000085a48e79
07-22 21:31:17.787 0 0 D : [drm:drm_atomic_state_init [drm]] Allocated atomic state 000000003555ee50
07-22 21:31:17.787 0 0 D : [drm:drm_atomic_get_plane_state [drm]] Added [PLANE:36:plane-0] 000000002edf2241 state to 000000003555ee50
07-22 21:31:17.787 0 0 D : [drm:drm_atomic_get_crtc_state [drm]] Added [CRTC:43:crtc-0] 000000004dfe81dd state to 000000003555ee50
07-22 21:31:17.787 0 0 D : [drm:drm_atomic_set_crtc_for_plane [drm]] Link plane state 000000002edf2241 to [CRTC:43:crtc-0]
07-22 21:31:17.787 0 0 D : [drm:drm_atomic_set_fb_for_plane [drm]] Set [FB:74] for plane state 000000002edf2241
07-22 21:31:17.787 0 0 D : [drm:drm_atomic_check_only [drm]] checking 000000003555ee50
07-22 21:31:17.787 0 0 D : [drm:dm_update_planes_state [amdgpu]] Disabling DRM plane: 36 on DRM crtc 43
07-22 21:31:17.787 0 0 D : [drm:dm_update_planes_state [amdgpu]] Enabling DRM plane: 36 on DRM crtc 43
07-22 21:31:17.787 0 0 D : [drm:drm_atomic_commit [drm]] committing 000000003555ee50
07-22 21:31:17.787 0 0 D : [drm:amdgpu_dm_atomic_commit_tail [amdgpu]] amdgpu_crtc id:0 crtc_state_flags: enable:1, active:1, planes_changed:1, mode_changed:0,active_changed:0,connectors_changed:0
07-22 21:31:17.787 0 0 D [drm:amdgpu_dm_atomic_commit_tail [amdgpu]] crtc: 0, pflip_stat:AMDGPU_FLIP_SUBMITTED
07-22 21:31:17.466 2443 3492 I am_set_resumed_activity: [0,com.futuremark.dmandroid.application/.MainActivity,resumeTopActivityInnerLocked]
07-22 21:31:17.466 2443 3492 I am_relaunch_resume_activity: [0,265876153,6,com.futuremark.dmandroid.application/.MainActivity]
07-22 21:31:17.801 0 0 D : [drm:dm_pflip_high_irq [amdgpu]] dm_pflip_high_irq - crtc :0[00000000da4e46cc], pflip_stat:AMDGPU_FLIP_NONE
07-22 21:31:17.801 0 0 D : [drm:drm_atomic_state_default_clear [drm]] Clearing atomic state 000000003555ee50
07-22 21:31:17.801 0 0 D : [drm:__drm_atomic_state_free [drm]] Freeing atomic state 000000003555ee50
07-22 21:31:17.481 2443 2458 I sysui_count: [window_time_0,0]
07-22 21:31:17.481 2443 2458 I sysui_multi_action: [757,803,799,window_time_0,802,0]
07-22 21:31:17.482 4695 4695 I auditd : type=1400 audit(0.0:826): avc: denied { ioctl } for comm="RenderThread" path="/dev/dri/renderD128" dev="tmpfs" ino=8697 ioctlcmd=0x642e scontext=u:r:untrusted_app:s0:c512,c768 tcontext=u:object_r:device:s0 tclass=chr_file permissive=1
07-22 21:31:17.482 4695 4695 I RenderThread: type=1400 audit(0.0:826): avc: denied { ioctl } for path="/dev/dri/renderD128" dev="tmpfs" ino=8697 ioctlcmd=0x642e scontext=u:r:untrusted_app:s0:c512,c768 tcontext=u:object_r:device:s0 tclass=chr_file permissive=1
07-22 21:31:17.804 0 0 D [drm:drm_mode_addfb2 [drm]] [FB: 78]
07-22 21:31:17.804 0 0 D : [drm:drm_atomic_state_init [drm]] Allocated atomic state 0000000022683d38
07-22 21:31:17.804 0 0 D : [drm:drm_atomic_get_plane_state [drm]] Added [PLANE:36:plane-0] 0000000020cc1ecd state to 0000000022683d38
07-22 21:31:17.804 0 0 D : [drm:drm_atomic_get_crtc_state [drm]] Added [CRTC:43:crtc-0] 0000000000434b3b state to 0000000022683d38
07-22 21:31:17.804 0 0 D : [drm:drm_atomic_set_crtc_for_plane [drm]] Link plane state 0000000020cc1ecd to [CRTC:43:crtc-0]
07-22 21:31:17.804 0 0 D : [drm:drm_atomic_set_fb_for_plane [drm]] Set [FB:78] for plane state 0000000020cc1ecd
07-22 21:31:17.804 0 0 D : [drm:drm_atomic_check_only [drm]] checking 0000000022683d38
07-22 21:31:17.804 0 0 D : [drm:dm_update_planes_state [amdgpu]] Disabling DRM plane: 36 on DRM crtc 43
07-22 21:31:17.804 0 0 D : [drm:dm_update_planes_state [amdgpu]] Enabling DRM plane: 36 on DRM crtc 43
07-22 21:31:17.804 0 0 D : [drm:drm_atomic_state_default_clear [drm]] Clearing atomic state 0000000022683d38
07-22 21:31:17.804 0 0 D : [drm:__drm_atomic_state_free [drm]] Freeing atomic state 0000000022683d38
07-22 21:31:17.805 0 0 D : [drm:drm_atomic_state_init [drm]] Allocated atomic state 000000009921bcdd
07-22 21:31:17.805 0 0 D : [drm:drm_atomic_get_plane_state [drm]] Added [PLANE:36:plane-0] 00000000796f3465 state to 000000009921bcdd
07-22 21:31:17.805 0 0 D : [drm:drm_atomic_get_crtc_state [drm]] Added [CRTC:43:crtc-0] 0000000046c9e48e state to 000000009921bcdd
07-22 21:31:17.805 0 0 D : [drm:drm_atomic_set_crtc_for_plane [drm]] Link plane state 00000000796f3465 to [CRTC:43:crtc-0]
07-22 21:31:17.805 0 0 D : [drm:drm_atomic_set_fb_for_plane [drm]] Set [FB:78] for plane state 00000000796f3465
07-22 21:31:17.805 0 0 D : [drm:drm_atomic_check_only [drm]] checking 000000009921bcdd
07-22 21:31:17.805 0 0 D : [drm:dm_update_planes_state [amdgpu]] Disabling DRM plane: 36 on DRM crtc 43
07-22 21:31:17.805 0 0 D : [drm:dm_update_planes_state [amdgpu]] Enabling DRM plane: 36 on DRM crtc 43
07-22 21:31:17.805 0 0 D : [drm:drm_atomic_commit [drm]] committing 000000009921bcdd
07-22 21:31:17.805 0 0 D : [drm:amdgpu_dm_atomic_commit_tail [amdgpu]] amdgpu_crtc id:0 crtc_state_flags: enable:1, active:1, planes_changed:1, mode_changed:0,active_changed:0,connectors_changed:0
07-22 21:31:17.805 0 0 D [drm:amdgpu_dm_atomic_commit_tail [amdgpu]] crtc: 0, pflip_stat:AMDGPU_FLIP_SUBMITTED
07-22 21:31:17.485 4695 4695 D com.futuremark.dmandroid.*eAllBenchmarksFragment: onDestroyView()
07-22 21:31:17.817 0 0 D : [drm:dm_pflip_high_irq [amdgpu]] dm_pflip_high_irq - crtc :0[00000000da4e46cc], pflip_stat:AMDGPU_FLIP_NONE
07-22 21:31:17.817 0 0 D : [drm:drm_atomic_state_default_clear [drm]] Clearing atomic state 000000009921bcdd
07-22 21:31:17.817 0 0 D : [drm:__drm_atomic_state_free [drm]] Freeing atomic state 000000009921bcdd
07-22 21:31:17.820 0 0 D [drm:drm_mode_addfb2 [drm]] [FB: 74]
07-22 21:31:17.820 0 0 D : [drm:drm_atomic_state_init [drm]] Allocated atomic state 00000000df536fd3
07-22 21:31:17.820 0 0 D : [drm:drm_atomic_get_plane_state [drm]] Added [PLANE:36:plane-0] 00000000e48fa2fe state to 00000000df536fd3
07-22 21:31:17.820 0 0 D : [drm:drm_atomic_get_crtc_state [drm]] Added [CRTC:43:crtc-0] 000000008303978e state to 00000000df536fd3
07-22 21:31:17.820 0 0 D : [drm:drm_atomic_set_crtc_for_plane [drm]] Link plane state 00000000e48fa2fe to [CRTC:43:crtc-0]
07-22 21:31:17.820 0 0 D : [drm:drm_atomic_set_fb_for_plane [drm]] Set [FB:74] for plane state 00000000e48fa2fe
07-22 21:31:17.820 0 0 D : [drm:drm_atomic_check_only [drm]] checking 00000000df536fd3
07-22 21:31:17.820 0 0 D : [drm:dm_update_planes_state [amdgpu]] Disabling DRM plane: 36 on DRM crtc 43
07-22 21:31:17.820 0 0 D : [drm:dm_update_planes_state [amdgpu]] Enabling DRM plane: 36 on DRM crtc 43
07-22 21:31:17.820 0 0 D : [drm:drm_atomic_state_default_clear [drm]] Clearing atomic state 00000000df536fd3
07-22 21:31:17.820 0 0 D : [drm:__drm_atomic_state_free [drm]] Freeing atomic state 00000000df536fd3
07-22 21:31:17.821 0 0 D : [drm:drm_atomic_state_init [drm]] Allocated atomic state 00000000266ee88e
07-22 21:31:17.821 0 0 D : [drm:drm_atomic_get_plane_state [drm]] Added [PLANE:36:plane-0] 00000000967d3d88 state to 00000000266ee88e
07-22 21:31:17.821 0 0 D : [drm:drm_atomic_get_crtc_state [drm]] Added [CRTC:43:crtc-0] 000000003d2faebc state to 00000000266ee88e
07-22 21:31:17.821 0 0 D : [drm:drm_atomic_set_crtc_for_plane [drm]] Link plane state 00000000967d3d88 to [CRTC:43:crtc-0]
07-22 21:31:17.821 0 0 D : [drm:drm_atomic_set_fb_for_plane [drm]] Set [FB:74] for plane state 00000000967d3d88
07-22 21:31:17.821 0 0 D : [drm:drm_atomic_check_only [drm]] checking 00000000266ee88e
07-22 21:31:17.821 0 0 D : [drm:dm_update_planes_state [amdgpu]] Disabling DRM plane: 36 on DRM crtc 43
07-22 21:31:17.821 0 0 D : [drm:dm_update_planes_state [amdgpu]] Enabling DRM plane: 36 on DRM crtc 43
07-22 21:31:17.821 0 0 D : [drm:drm_atomic_commit [drm]] committing 00000000266ee88e
07-22 21:31:17.821 0 0 D : [drm:amdgpu_dm_atomic_commit_tail [amdgpu]] amdgpu_crtc id:0 crtc_state_flags: enable:1, active:1, planes_changed:1, mode_changed:0,active_changed:0,connectors_changed:0
07-22 21:31:17.821 0 0 D [drm:amdgpu_dm_atomic_commit_tail [amdgpu]] crtc: 0, pflip_stat:AMDGPU_FLIP_SUBMITTED
07-22 21:31:17.834 0 0 D : [drm:dm_pflip_high_irq [amdgpu]] dm_pflip_high_irq - crtc :0[00000000da4e46cc], pflip_stat:AMDGPU_FLIP_NONE
07-22 21:31:17.834 0 0 D : [drm:drm_atomic_state_default_clear [drm]] Clearing atomic state 00000000266ee88e
07-22 21:31:17.834 0 0 D : [drm:__drm_atomic_state_free [drm]] Freeing atomic state 00000000266ee88e
07-22 21:31:17.837 0 0 D [drm:drm_mode_addfb2 [drm]] [FB: 78]
07-22 21:31:17.837 0 0 D : [drm:drm_atomic_state_init [drm]] Allocated atomic state 00000000378c3a88
07-22 21:31:17.837 0 0 D : [drm:drm_atomic_get_plane_state [drm]] Added [PLANE:36:plane-0] 00000000c0f1ee05 state to 00000000378c3a88
07-22 21:31:17.837 0 0 D : [drm:drm_atomic_get_crtc_state [drm]] Added [CRTC:43:crtc-0] 0000000023e575ec state to 00000000378c3a88
07-22 21:31:17.837 0 0 D : [drm:drm_atomic_set_crtc_for_plane [drm]] Link plane state 00000000c0f1ee05 to [CRTC:43:crtc-0]
07-22 21:31:17.837 0 0 D : [drm:drm_atomic_set_fb_for_plane [drm]] Set [FB:78] for plane state 00000000c0f1ee05
07-22 21:31:17.837 0 0 D : [drm:drm_atomic_check_only [drm]] checking 00000000378c3a88
07-22 21:31:17.837 0 0 D : [drm:dm_update_planes_state [amdgpu]] Disabling DRM plane: 36 on DRM crtc 43
07-22 21:31:17.837 0 0 D : [drm:dm_update_planes_state [amdgpu]] Enabling DRM plane: 36 on DRM crtc 43
07-22 21:31:17.837 0 0 D : [drm:drm_atomic_state_default_clear [drm]] Clearing atomic state 00000000378c3a88
07-22 21:31:17.838 0 0 D : [drm:__drm_atomic_state_free [drm]] Freeing atomic state 00000000378c3a88
07-22 21:31:17.838 0 0 D : [drm:drm_atomic_state_init [drm]] Allocated atomic state 00000000a827914f
07-22 21:31:17.838 0 0 D : [drm:drm_atomic_get_plane_state [drm]] Added [PLANE:36:plane-0] 00000000796f3465 state to 00000000a827914f
07-22 21:31:17.838 0 0 D : [drm:drm_atomic_get_crtc_state [drm]] Added [CRTC:43:crtc-0] 00000000560244a5 state to 00000000a827914f
07-22 21:31:17.838 0 0 D : [drm:drm_atomic_set_crtc_for_plane [drm]] Link plane state 00000000796f3465 to [CRTC:43:crtc-0]
07-22 21:31:17.838 0 0 D : [drm:drm_atomic_set_fb_for_plane [drm]] Set [FB:78] for plane state 00000000796f3465
07-22 21:31:17.838 0 0 D : [drm:drm_atomic_check_only [drm]] checking 00000000a827914f
07-22 21:31:17.838 0 0 D : [drm:dm_update_planes_state [amdgpu]] Disabling DRM plane: 36 on DRM crtc 43
07-22 21:31:17.838 0 0 D : [drm:dm_update_planes_state [amdgpu]] Enabling DRM plane: 36 on DRM crtc 43
07-22 21:31:17.838 0 0 D : [drm:drm_atomic_commit [drm]] committing 00000000a827914f
07-22 21:31:17.838 0 0 D : [drm:amdgpu_dm_atomic_commit_tail [amdgpu]] amdgpu_crtc id:0 crtc_state_flags: enable:1, active:1, planes_changed:1, mode_changed:0,active_changed:0,connectors_changed:0
07-22 21:31:17.838 0 0 D [drm:amdgpu_dm_atomic_commit_tail [amdgpu]] crtc: 0, pflip_stat:AMDGPU_FLIP_SUBMITTED
07-22 21:31:17.851 0 0 D : [drm:dm_pflip_high_irq [amdgpu]] dm_pflip_high_irq - crtc :0[00000000da4e46cc], pflip_stat:AMDGPU_FLIP_NONE
07-22 21:31:17.851 0 0 D : [drm:drm_atomic_state_default_clear [drm]] Clearing atomic state 00000000a827914f
07-22 21:31:17.851 0 0 D : [drm:__drm_atomic_state_free [drm]] Freeing atomic state 00000000a827914f
07-22 21:31:17.854 0 0 D [drm:drm_mode_addfb2 [drm]] [FB: 74]
07-22 21:31:17.854 0 0 D : [drm:drm_atomic_state_init [drm]] Allocated atomic state 00000000985d4902
07-22 21:31:17.854 0 0 D : [drm:drm_atomic_get_plane_state [drm]] Added [PLANE:36:plane-0] 00000000fefffb2c state to 00000000985d4902
07-22 21:31:17.854 0 0 D : [drm:drm_atomic_get_crtc_state [drm]] Added [CRTC:43:crtc-0] 000000000728143d state to 00000000985d4902
07-22 21:31:17.854 0 0 D : [drm:drm_atomic_set_crtc_for_plane [drm]] Link plane state 00000000fefffb2c to [CRTC:43:crtc-0]
07-22 21:31:17.854 0 0 D : [drm:drm_atomic_set_fb_for_plane [drm]] Set [FB:74] for plane state 00000000fefffb2c
07-22 21:31:17.854 0 0 D : [drm:drm_atomic_check_only [drm]] checking 00000000985d4902
07-22 21:31:17.854 0 0 D : [drm:dm_update_planes_state [amdgpu]] Disabling DRM plane: 36 on DRM crtc 43
07-22 21:31:17.854 0 0 D : [drm:dm_update_planes_state [amdgpu]] Enabling DRM plane: 36 on DRM crtc 43
07-22 21:31:17.854 0 0 D : [drm:drm_atomic_state_default_clear [drm]] Clearing atomic state 00000000985d4902
07-22 21:31:17.854 0 0 D : [drm:__drm_atomic_state_free [drm]] Freeing atomic state 00000000985d4902
07-22 21:31:17.854 0 0 D : [drm:drm_atomic_state_init [drm]] Allocated atomic state 00000000985d4902
07-22 21:31:17.854 0 0 D : [drm:drm_atomic_get_plane_state [drm]] Added [PLANE:36:plane-0] 00000000fefffb2c state to 00000000985d4902
07-22 21:31:17.854 0 0 D : [drm:drm_atomic_get_crtc_state [drm]] Added [CRTC:43:crtc-0] 00000000de53f7d1 state to 00000000985d4902
07-22 21:31:17.854 0 0 D : [drm:drm_atomic_set_crtc_for_plane [drm]] Link plane state 00000000fefffb2c to [CRTC:43:crtc-0]
07-22 21:31:17.854 0 0 D : [drm:drm_atomic_set_fb_for_plane [drm]] Set [FB:74] for plane state 00000000fefffb2c
07-22 21:31:17.854 0 0 D : [drm:drm_atomic_check_only [drm]] checking 00000000985d4902
07-22 21:31:17.854 0 0 D : [drm:dm_update_planes_state [amdgpu]] Disabling DRM plane: 36 on DRM crtc 43
07-22 21:31:17.854 0 0 D : [drm:dm_update_planes_state [amdgpu]] Enabling DRM plane: 36 on DRM crtc 43
07-22 21:31:17.854 0 0 D : [drm:drm_atomic_commit [drm]] committing 00000000985d4902
07-22 21:31:17.854 0 0 D : [drm:amdgpu_dm_atomic_commit_tail [amdgpu]] amdgpu_crtc id:0 crtc_state_flags: enable:1, active:1, planes_changed:1, mode_changed:0,active_changed:0,connectors_changed:0
07-22 21:31:17.854 0 0 D [drm:amdgpu_dm_atomic_commit_tail [amdgpu]] crtc: 0, pflip_stat:AMDGPU_FLIP_SUBMITTED
07-22 21:31:17.544 4695 4817 I com.futuremark.dmandroid.ResultsDataSource: loaded 0 results from database
07-22 21:31:17.867 0 0 D : [drm:dm_pflip_high_irq [amdgpu]] dm_pflip_high_irq - crtc :0[00000000da4e46cc], pflip_stat:AMDGPU_FLIP_NONE
07-22 21:31:17.867 0 0 D : [drm:drm_atomic_state_default_clear [drm]] Clearing atomic state 00000000985d4902
07-22 21:31:17.867 0 0 D : [drm:__drm_atomic_state_free [drm]] Freeing atomic state 00000000985d4902
07-22 21:31:17.870 0 0 D [drm:drm_mode_addfb2 [drm]] [FB: 78]
07-22 21:31:17.870 0 0 D : [drm:drm_atomic_state_init [drm]] Allocated atomic state 000000005980bc94
07-22 21:31:17.870 0 0 D : [drm:drm_atomic_get_plane_state [drm]] Added [PLANE:36:plane-0] 00000000796f3465 state to 000000005980bc94
07-22 21:31:17.870 0 0 D : [drm:drm_atomic_get_crtc_state [drm]] Added [CRTC:43:crtc-0] 00000000560244a5 state to 000000005980bc94
07-22 21:31:17.870 0 0 D : [drm:drm_atomic_set_crtc_for_plane [drm]] Link plane state 00000000796f3465 to [CRTC:43:crtc-0]
07-22 21:31:17.870 0 0 D : [drm:drm_atomic_set_fb_for_plane [drm]] Set [FB:78] for plane state 00000000796f3465
07-22 21:31:17.870 0 0 D : [drm:drm_atomic_check_only [drm]] checking 000000005980bc94
07-22 21:31:17.870 0 0 D : [drm:dm_update_planes_state [amdgpu]] Disabling DRM plane: 36 on DRM crtc 43
07-22 21:31:17.870 0 0 D : [drm:dm_update_planes_state [amdgpu]] Enabling DRM plane: 36 on DRM crtc 43
07-22 21:31:17.870 0 0 D : [drm:drm_atomic_state_default_clear [drm]] Clearing atomic state 000000005980bc94
07-22 21:31:17.870 0 0 D : [drm:__drm_atomic_state_free [drm]] Freeing atomic state 000000005980bc94
07-22 21:31:17.870 0 0 D : [drm:drm_atomic_state_init [drm]] Allocated atomic state 000000005980bc94
07-22 21:31:17.870 0 0 D : [drm:drm_atomic_get_plane_state [drm]] Added [PLANE:36:plane-0] 00000000796f3465 state to 000000005980bc94
07-22 21:31:17.870 0 0 D : [drm:drm_atomic_get_crtc_state [drm]] Added [CRTC:43:crtc-0] 000000003d2faebc state to 000000005980bc94
07-22 21:31:17.870 0 0 D : [drm:drm_atomic_set_crtc_for_plane [drm]] Link plane state 00000000796f3465 to [CRTC:43:crtc-0]
07-22 21:31:17.870 0 0 D : [drm:drm_atomic_set_fb_for_plane [drm]] Set [FB:78] for plane state 00000000796f3465
07-22 21:31:17.870 0 0 D : [drm:drm_atomic_check_only [drm]] checking 000000005980bc94
07-22 21:31:17.870 0 0 D : [drm:dm_update_planes_state [amdgpu]] Disabling DRM plane: 36 on DRM crtc 43
07-22 21:31:17.870 0 0 D : [drm:dm_update_planes_state [amdgpu]] Enabling DRM plane: 36 on DRM crtc 43
07-22 21:31:17.870 0 0 D : [drm:drm_atomic_commit [drm]] committing 000000005980bc94
07-22 21:31:17.870 0 0 D : [drm:amdgpu_dm_atomic_commit_tail [amdgpu]] amdgpu_crtc id:0 crtc_state_flags: enable:1, active:1, planes_changed:1, mode_changed:0,active_changed:0,connectors_changed:0
07-22 21:31:17.870 0 0 D [drm:amdgpu_dm_atomic_commit_tail [amdgpu]] crtc: 0, pflip_stat:AMDGPU_FLIP_SUBMITTED
07-22 21:31:17.550 4695 4695 I com.futuremark.dmandroid.StateMachine: Firing OVERALL_COMMAND:START_DISCOVERY
07-22 21:31:17.551 4695 4695 I com.futuremark.dmandroid.StateMachine: Firing DISCOVERY_ENGINE:DISCOVERY_ABOUT_TO_START
07-22 21:31:17.551 4695 5051 I com.futuremark.dmandroid.StateMachine: Firing DISCOVERY_ENGINE:DISCOVERING
07-22 21:31:17.552 4695 4695 D com.futuremark.dmandroid.*eAllBenchmarksFragment: onCreateView() with instance: true
07-22 21:31:17.556 4695 4695 D com.futuremark.dmandroid.BenchmarkFragment: BenchmarkFragment|onCreateView|TPTs:[FARANDOLE_CUSTOM]|dlc:apioverhead-data
07-22 21:31:17.558 4695 5051 I com.futuremark.dmandroid.StateMachine: Firing DISCOVERY_UPDATE_INFO:NO_UPDATE
07-22 21:31:17.559 4695 5051 I com.futuremark.dmandroid.StateMachine: Firing DISCOVERY_ENGINE:INSTALLED_COMPLETED
07-22 21:31:17.884 0 0 D : [drm:dm_pflip_high_irq [amdgpu]] dm_pflip_high_irq - crtc :0[00000000da4e46cc], pflip_stat:AMDGPU_FLIP_NONE
07-22 21:31:17.884 0 0 D : [drm:drm_atomic_state_default_clear [drm]] Clearing atomic state 000000005980bc94
07-22 21:31:17.884 0 0 D : [drm:__drm_atomic_state_free [drm]] Freeing atomic state 000000005980bc94
07-22 21:31:17.886 0 0 D [drm:drm_mode_addfb2 [drm]] [FB: 74]
07-22 21:31:17.887 0 0 D : [drm:drm_atomic_state_init [drm]] Allocated atomic state 000000003045f9cf
07-22 21:31:17.887 0 0 D : [drm:drm_atomic_get_plane_state [drm]] Added [PLANE:36:plane-0] 0000000076fd5997 state to 000000003045f9cf
07-22 21:31:17.887 0 0 D : [drm:drm_atomic_get_crtc_state [drm]] Added [CRTC:43:crtc-0] 000000004dfe81dd state to 000000003045f9cf
07-22 21:31:17.887 0 0 D : [drm:drm_atomic_set_crtc_for_plane [drm]] Link plane state 0000000076fd5997 to [CRTC:43:crtc-0]
07-22 21:31:17.887 0 0 D : [drm:drm_atomic_set_fb_for_plane [drm]] Set [FB:74] for plane state 0000000076fd5997
07-22 21:31:17.887 0 0 D : [drm:drm_atomic_check_only [drm]] checking 000000003045f9cf
07-22 21:31:17.887 0 0 D : [drm:dm_update_planes_state [amdgpu]] Disabling DRM plane: 36 on DRM crtc 43
07-22 21:31:17.887 0 0 D : [drm:dm_update_planes_state [amdgpu]] Enabling DRM plane: 36 on DRM crtc 43
07-22 21:31:17.887 0 0 D : [drm:drm_atomic_state_default_clear [drm]] Clearing atomic state 000000003045f9cf
07-22 21:31:17.887 0 0 D : [drm:__drm_atomic_state_free [drm]] Freeing atomic state 000000003045f9cf
07-22 21:31:17.887 0 0 D : [drm:drm_atomic_state_init [drm]] Allocated atomic state 000000003045f9cf
07-22 21:31:17.887 0 0 D : [drm:drm_atomic_get_plane_state [drm]] Added [PLANE:36:plane-0] 0000000076fd5997 state to 000000003045f9cf
07-22 21:31:17.887 0 0 D : [drm:drm_atomic_get_crtc_state [drm]] Added [CRTC:43:crtc-0] 00000000de53f7d1 state to 000000003045f9cf
07-22 21:31:17.887 0 0 D : [drm:drm_atomic_set_crtc_for_plane [drm]] Link plane state 0000000076fd5997 to [CRTC:43:crtc-0]
07-22 21:31:17.887 0 0 D : [drm:drm_atomic_set_fb_for_plane [drm]] Set [FB:74] for plane state 0000000076fd5997
07-22 21:31:17.887 0 0 D : [drm:drm_atomic_check_only [drm]] checking 000000003045f9cf
07-22 21:31:17.887 0 0 D : [drm:dm_update_planes_state [amdgpu]] Disabling DRM plane: 36 on DRM crtc 43
07-22 21:31:17.887 0 0 D : [drm:dm_update_planes_state [amdgpu]] Enabling DRM plane: 36 on DRM crtc 43
07-22 21:31:17.887 0 0 D : [drm:drm_atomic_commit [drm]] committing 000000003045f9cf
07-22 21:31:17.887 0 0 D : [drm:amdgpu_dm_atomic_commit_tail [amdgpu]] amdgpu_crtc id:0 crtc_state_flags: enable:1, active:1, planes_changed:1, mode_changed:0,active_changed:0,connectors_changed:0
07-22 21:31:17.887 0 0 D [drm:amdgpu_dm_atomic_commit_tail [amdgpu]] crtc: 0, pflip_stat:AMDGPU_FLIP_SUBMITTED
07-22 21:31:17.901 0 0 D : [drm:dm_pflip_high_irq [amdgpu]] dm_pflip_high_irq - crtc :0[00000000da4e46cc], pflip_stat:AMDGPU_FLIP_NONE
07-22 21:31:17.901 0 0 D : [drm:drm_atomic_state_default_clear [drm]] Clearing atomic state 000000003045f9cf
07-22 21:31:17.901 0 0 D : [drm:__drm_atomic_state_free [drm]] Freeing atomic state 000000003045f9cf
07-22 21:31:17.903 0 0 D [drm:drm_mode_addfb2 [drm]] [FB: 78]
07-22 21:31:17.903 0 0 D : [drm:drm_atomic_state_init [drm]] Allocated atomic state 00000000a827914f
07-22 21:31:17.903 0 0 D : [drm:drm_atomic_get_plane_state [drm]] Added [PLANE:36:plane-0] 00000000796f3465 state to 00000000a827914f
07-22 21:31:17.903 0 0 D : [drm:drm_atomic_get_crtc_state [drm]] Added [CRTC:43:crtc-0] 00000000fad31670 state to 00000000a827914f
07-22 21:31:17.903 0 0 D : [drm:drm_atomic_set_crtc_for_plane [drm]] Link plane state 00000000796f3465 to [CRTC:43:crtc-0]
07-22 21:31:17.903 0 0 D : [drm:drm_atomic_set_fb_for_plane [drm]] Set [FB:78] for plane state 00000000796f3465
07-22 21:31:17.903 0 0 D : [drm:drm_atomic_check_only [drm]] checking 00000000a827914f
07-22 21:31:17.903 0 0 D : [drm:dm_update_planes_state [amdgpu]] Disabling DRM plane: 36 on DRM crtc 43
07-22 21:31:17.904 0 0 D : [drm:dm_update_planes_state [amdgpu]] Enabling DRM plane: 36 on DRM crtc 43
07-22 21:31:17.904 0 0 D : [drm:drm_atomic_state_default_clear [drm]] Clearing atomic state 00000000a827914f
07-22 21:31:17.904 0 0 D : [drm:__drm_atomic_state_free [drm]] Freeing atomic state 00000000a827914f
07-22 21:31:17.904 0 0 D : [drm:drm_atomic_state_init [drm]] Allocated atomic state 00000000a827914f
07-22 21:31:17.904 0 0 D : [drm:drm_atomic_get_plane_state [drm]] Added [PLANE:36:plane-0] 00000000796f3465 state to 00000000a827914f
07-22 21:31:17.904 0 0 D : [drm:drm_atomic_get_crtc_state [drm]] Added [CRTC:43:crtc-0] 00000000a022817a state to 00000000a827914f
07-22 21:31:17.904 0 0 D : [drm:drm_atomic_set_crtc_for_plane [drm]] Link plane state 00000000796f3465 to [CRTC:43:crtc-0]
07-22 21:31:17.904 0 0 D : [drm:drm_atomic_set_fb_for_plane [drm]] Set [FB:78] for plane state 00000000796f3465
07-22 21:31:17.904 0 0 D : [drm:drm_atomic_check_only [drm]] checking 00000000a827914f
07-22 21:31:17.904 0 0 D : [drm:dm_update_planes_state [amdgpu]] Disabling DRM plane: 36 on DRM crtc 43
07-22 21:31:17.904 0 0 D : [drm:dm_update_planes_state [amdgpu]] Enabling DRM plane: 36 on DRM crtc 43
07-22 21:31:17.904 0 0 D : [drm:drm_atomic_commit [drm]] committing 00000000a827914f
07-22 21:31:17.904 0 0 D : [drm:amdgpu_dm_atomic_commit_tail [amdgpu]] amdgpu_crtc id:0 crtc_state_flags: enable:1, active:1, planes_changed:1, mode_changed:0,active_changed:0,connectors_changed:0
07-22 21:31:17.904 0 0 D [drm:amdgpu_dm_atomic_commit_tail [amdgpu]] crtc: 0, pflip_stat:AMDGPU_FLIP_SUBMITTED
07-22 21:31:17.588 4695 4695 D com.futuremark.dmandroid.BenchmarkFragment: BenchmarkFragment|onCreateView|TPTs:[ICE_STORM_PERFORMANCE, ICE_STORM_UNLIMITED]|dlc:is-android-data
07-22 21:31:17.917 0 0 D : [drm:dm_pflip_high_irq [amdgpu]] dm_pflip_high_irq - crtc :0[00000000da4e46cc], pflip_stat:AMDGPU_FLIP_NONE
07-22 21:31:17.917 0 0 D : [drm:drm_atomic_state_default_clear [drm]] Clearing atomic state 00000000a827914f
07-22 21:31:17.917 0 0 D : [drm:__drm_atomic_state_free [drm]] Freeing atomic state 00000000a827914f
07-22 21:31:17.920 0 0 D [drm:drm_mode_addfb2 [drm]] [FB: 74]
07-22 21:31:17.920 0 0 D : [drm:drm_atomic_state_init [drm]] Allocated atomic state 00000000d7361c3a
07-22 21:31:17.920 0 0 D : [drm:drm_atomic_get_plane_state [drm]] Added [PLANE:36:plane-0] 0000000076fd5997 state to 00000000d7361c3a
07-22 21:31:17.920 0 0 D : [drm:drm_atomic_get_crtc_state [drm]] Added [CRTC:43:crtc-0] 0000000023e575ec state to 00000000d7361c3a
07-22 21:31:17.920 0 0 D : [drm:drm_atomic_set_crtc_for_plane [drm]] Link plane state 0000000076fd5997 to [CRTC:43:crtc-0]
07-22 21:31:17.920 0 0 D : [drm:drm_atomic_set_fb_for_plane [drm]] Set [FB:74] for plane state 0000000076fd5997
07-22 21:31:17.920 0 0 D : [drm:drm_atomic_check_only [drm]] checking 00000000d7361c3a
07-22 21:31:17.920 0 0 D : [drm:dm_update_planes_state [amdgpu]] Disabling DRM plane: 36 on DRM crtc 43
07-22 21:31:17.920 0 0 D : [drm:dm_update_planes_state [amdgpu]] Enabling DRM plane: 36 on DRM crtc 43
07-22 21:31:17.920 0 0 D : [drm:drm_atomic_state_default_clear [drm]] Clearing atomic state 00000000d7361c3a
07-22 21:31:17.920 0 0 D : [drm:__drm_atomic_state_free [drm]] Freeing atomic state 00000000d7361c3a
07-22 21:31:17.920 0 0 D : [drm:drm_atomic_state_init [drm]] Allocated atomic state 00000000d7361c3a
07-22 21:31:17.920 0 0 D : [drm:drm_atomic_get_plane_state [drm]] Added [PLANE:36:plane-0] 0000000076fd5997 state to 00000000d7361c3a
07-22 21:31:17.920 0 0 D : [drm:drm_atomic_get_crtc_state [drm]] Added [CRTC:43:crtc-0] 0000000000434b3b state to 00000000d7361c3a
07-22 21:31:17.920 0 0 D : [drm:drm_atomic_set_crtc_for_plane [drm]] Link plane state 0000000076fd5997 to [CRTC:43:crtc-0]
07-22 21:31:17.920 0 0 D : [drm:drm_atomic_set_fb_for_plane [drm]] Set [FB:74] for plane state 0000000076fd5997
07-22 21:31:17.920 0 0 D : [drm:drm_atomic_check_only [drm]] checking 00000000d7361c3a
07-22 21:31:17.920 0 0 D : [drm:dm_update_planes_state [amdgpu]] Disabling DRM plane: 36 on DRM crtc 43
07-22 21:31:17.920 0 0 D : [drm:dm_update_planes_state [amdgpu]] Enabling DRM plane: 36 on DRM crtc 43
07-22 21:31:17.920 0 0 D : [drm:drm_atomic_commit [drm]] committing 00000000d7361c3a
07-22 21:31:17.921 0 0 D : [drm:amdgpu_dm_atomic_commit_tail [amdgpu]] amdgpu_crtc id:0 crtc_state_flags: enable:1, active:1, planes_changed:1, mode_changed:0,active_changed:0,connectors_changed:0
07-22 21:31:17.921 0 0 D [drm:amdgpu_dm_atomic_commit_tail [amdgpu]] crtc: 0, pflip_stat:AMDGPU_FLIP_SUBMITTED
07-22 21:31:17.934 0 0 D : [drm:dm_pflip_high_irq [amdgpu]] dm_pflip_high_irq - crtc :0[00000000da4e46cc], pflip_stat:AMDGPU_FLIP_NONE
07-22 21:31:17.934 0 0 D : [drm:drm_atomic_state_default_clear [drm]] Clearing atomic state 00000000d7361c3a
07-22 21:31:17.934 0 0 D : [drm:__drm_atomic_state_free [drm]] Freeing atomic state 00000000d7361c3a
07-22 21:31:17.936 0 0 D [drm:drm_mode_addfb2 [drm]] [FB: 78]
07-22 21:31:17.936 0 0 D : [drm:drm_atomic_state_init [drm]] Allocated atomic state 000000000a6e8536
07-22 21:31:17.937 0 0 D : [drm:drm_atomic_get_plane_state [drm]] Added [PLANE:36:plane-0] 0000000095dc5370 state to 000000000a6e8536
07-22 21:31:17.937 0 0 D : [drm:drm_atomic_get_crtc_state [drm]] Added [CRTC:43:crtc-0] 00000000560244a5 state to 000000000a6e8536
07-22 21:31:17.937 0 0 D : [drm:drm_atomic_set_crtc_for_plane [drm]] Link plane state 0000000095dc5370 to [CRTC:43:crtc-0]
07-22 21:31:17.937 0 0 D : [drm:drm_atomic_set_fb_for_plane [drm]] Set [FB:78] for plane state 0000000095dc5370
07-22 21:31:17.937 0 0 D : [drm:drm_atomic_check_only [drm]] checking 000000000a6e8536
07-22 21:31:17.937 0 0 D : [drm:dm_update_planes_state [amdgpu]] Disabling DRM plane: 36 on DRM crtc 43
07-22 21:31:17.937 0 0 D : [drm:dm_update_planes_state [amdgpu]] Enabling DRM plane: 36 on DRM crtc 43
07-22 21:31:17.937 0 0 D : [drm:drm_atomic_state_default_clear [drm]] Clearing atomic state 000000000a6e8536
07-22 21:31:17.937 0 0 D : [drm:__drm_atomic_state_free [drm]] Freeing atomic state 000000000a6e8536
07-22 21:31:17.937 0 0 D : [drm:drm_atomic_state_init [drm]] Allocated atomic state 000000001d67a9fa
07-22 21:31:17.937 0 0 D : [drm:drm_atomic_get_plane_state [drm]] Added [PLANE:36:plane-0] 000000009e3be338 state to 000000001d67a9fa
07-22 21:31:17.937 0 0 D : [drm:drm_atomic_get_crtc_state [drm]] Added [CRTC:43:crtc-0] 0000000007a36b2a state to 000000001d67a9fa
07-22 21:31:17.937 0 0 D : [drm:drm_atomic_set_crtc_for_plane [drm]] Link plane state 000000009e3be338 to [CRTC:43:crtc-0]
07-22 21:31:17.937 0 0 D : [drm:drm_atomic_set_fb_for_plane [drm]] Set [FB:78] for plane state 000000009e3be338
07-22 21:31:17.937 0 0 D : [drm:drm_atomic_check_only [drm]] checking 000000001d67a9fa
07-22 21:31:17.937 0 0 D : [drm:dm_update_planes_state [amdgpu]] Disabling DRM plane: 36 on DRM crtc 43
07-22 21:31:17.937 0 0 D : [drm:dm_update_planes_state [amdgpu]] Enabling DRM plane: 36 on DRM crtc 43
07-22 21:31:17.937 0 0 D : [drm:drm_atomic_commit [drm]] committing 000000001d67a9fa
07-22 21:31:17.937 0 0 D : [drm:amdgpu_dm_atomic_commit_tail [amdgpu]] amdgpu_crtc id:0 crtc_state_flags: enable:1, active:1, planes_changed:1, mode_changed:0,active_changed:0,connectors_changed:0
07-22 21:31:17.937 0 0 D [drm:amdgpu_dm_atomic_commit_tail [amdgpu]] crtc: 0, pflip_stat:AMDGPU_FLIP_SUBMITTED
07-22 21:31:17.615 2443 4869 I dvm_lock_sample: [system_server,1,Binder:2443_12,17,TaskWindowContainerController.java,212,void com.android.server.wm.TaskWindowContainerController.setTaskDescription(android.app.ActivityManager$TaskDescription),WindowSurfacePlacer.java,107,void com.android.server.wm.WindowSurfacePlacer.lambda$-com_android_server_wm_WindowSurfacePlacer_5337(),3]
