07-22 21:31:16.871 4695 4695 D com.futuremark.dmandroid.Poller: cancelPoller called, active false
07-22 21:31:16.871 4695 4695 D com.futuremark.dmandroid.Poller: Scheduling polling event in 500 ms.
07-22 21:31:16.871 4695 4695 I com.futuremark.dmandroid.BmRunFsmDriver: Identity transition (WAIT_SERVICES_AFTER_WORKLOAD -> WAIT_SERVICES_AFTER_WORKLOAD on INTERNAL_TRANSITION), full new state: BmRunExecutionState{fsmState=WAIT_SERVICES_AFTER_WORKLOAD, loopingCounter=0, currentWorkloadIndex=1}
07-22 21:31:16.872 4695 5017 I com.futuremark.dmandroid.SystemInfoPoller: Creating system info service
07-22 21:31:16.872 4695 5017 I com.futuremark.dmandroid.SystemInfoServiceImpl: creating CPUID, 143
07-22 21:31:16.872 4695 5017 I com.futuremark.dmandroid.SystemInfoServiceImpl: initializing CPUID, 143
07-22 21:31:16.872 2443 2443 I auditd : type=1400 audit(0.0:821): avc: denied { map } for comm="RenderThread" path="/dev/dri/renderD128" dev="tmpfs" ino=8697 scontext=u:r:system_server:s0 tcontext=u:object_r:device:s0 tclass=chr_file permissive=1
07-22 21:31:16.872 2443 2443 I RenderThread: type=1400 audit(0.0:821): avc: denied { map } for path="/dev/dri/renderD128" dev="tmpfs" ino=8697 scontext=u:r:system_server:s0 tcontext=u:object_r:device:s0 tclass=chr_file permissive=1
07-22 21:31:16.873 2443 5015 I system_server: android::hardware::configstore::V1_0::ISurfaceFlingerConfigs::hasWideColorDisplay retrieved: 0
07-22 21:31:16.873 2443 5015 I OpenGLRenderer: Initialized EGL, version 1.4
07-22 21:31:16.873 2443 5015 D OpenGLRenderer: Swap behavior 2
07-22 21:31:16.878 4695 5017 I com.futuremark.dmandroid.SystemInfoServiceImpl: collect done, type:invariant, bat level:0, power src:UNKNOWN
07-22 21:31:16.878 4695 5017 I com.futuremark.dmandroid.SystemInfoServiceImpl: resume: registering CPUID battery receiver
07-22 21:31:17.201 0 0 D : [drm:dm_pflip_high_irq [amdgpu]] dm_pflip_high_irq - crtc :0[00000000da4e46cc], pflip_stat:AMDGPU_FLIP_NONE
07-22 21:31:17.201 0 0 D : [drm:drm_atomic_state_default_clear [drm]] Clearing atomic state 00000000c2337f9a
07-22 21:31:17.201 0 0 D : [drm:__drm_atomic_state_free [drm]] Freeing atomic state 00000000c2337f9a
07-22 21:31:16.880 4695 5017 I com.futuremark.dmandroid.SystemInfoPoller: Sending system info broadcast 0, battery: BatteryData{present=true, level=100, voltage=0, health='Good', status='Charging', temperature=424, scale=100}
07-22 21:31:16.880 4695 5017 D com.futuremark.dmandroid.SystemInfoPoller: memory #1 corefrequencies:
07-22 21:31:16.880 4695 5017 D com.futuremark.dmandroid.SystemInfoPoller: 2557262 2225043
07-22 21:31:16.880 4695 5017 D com.futuremark.dmandroid.SystemInfoPoller: avg of corefrequencies: 2.391152
07-22 21:31:16.880 4695 5017 D com.futuremark.dmandroid.MonitoringDataService: monitoringdataservice 1388228421490.csv received systeminfoevent
07-22 21:31:16.880 4695 5017 I com.futuremark.dmandroid.BatteryData: battery level changed from 0 to 100 at 1388237919067ns
07-22 21:31:16.880 4695 5017 I com.futuremark.dmandroid.PowerSourceType: Max detected power source type changed from UNKNOWN to PLUGGED_AC
07-22 21:31:16.881 4695 5017 D com.futuremark.dmandroid.MonitoringDataService: monitoring test, avgOfCoreFrequencies: 2391.0
07-22 21:31:17.203 0 0 D [drm:drm_mode_addfb2 [drm]] [FB: 78]
07-22 21:31:17.203 0 0 D : [drm:drm_atomic_state_init [drm]] Allocated atomic state 0000000090eaea13
07-22 21:31:17.203 0 0 D : [drm:drm_atomic_get_plane_state [drm]] Added [PLANE:36:plane-0] 0000000091de7da0 state to 0000000090eaea13
07-22 21:31:17.203 0 0 D : [drm:drm_atomic_get_crtc_state [drm]] Added [CRTC:43:crtc-0] 00000000c5b82447 state to 0000000090eaea13
07-22 21:31:17.203 0 0 D : [drm:drm_atomic_set_crtc_for_plane [drm]] Link plane state 0000000091de7da0 to [CRTC:43:crtc-0]
07-22 21:31:17.203 0 0 D : [drm:drm_atomic_set_fb_for_plane [drm]] Set [FB:78] for plane state 0000000091de7da0
07-22 21:31:17.203 0 0 D : [drm:drm_atomic_check_only [drm]] checking 0000000090eaea13
07-22 21:31:17.203 0 0 D : [drm:dm_update_planes_state [amdgpu]] Disabling DRM plane: 36 on DRM crtc 43
07-22 21:31:16.881 4695 5017 I chatty : uid=10090(com.futuremark.dmandroid.application) hw-polling-thre identical 1 line
07-22 21:31:16.881 4695 5017 D com.futuremark.dmandroid.MonitoringDataService: monitoring test, avgOfCoreFrequencies: 2391.0
07-22 21:31:16.882 4695 5017 D com.futuremark.dmandroid.MonitoringDataService: monitoring test, coreFrequencies: 2557.262
07-22 21:31:16.882 4695 5017 D com.futuremark.dmandroid.MonitoringDataService: monitoring test, coreFrequencies: 2225.043
07-22 21:31:17.203 0 0 D : [drm:dm_update_planes_state [amdgpu]] Enabling DRM plane: 36 on DRM crtc 43
07-22 21:31:17.203 0 0 D : [drm:drm_atomic_state_default_clear [drm]] Clearing atomic state 0000000090eaea13
07-22 21:31:17.203 0 0 D : [drm:__drm_atomic_state_free [drm]] Freeing atomic state 0000000090eaea13
07-22 21:31:17.203 0 0 D : [drm:drm_atomic_state_init [drm]] Allocated atomic state 00000000a871884f
07-22 21:31:17.203 0 0 D : [drm:drm_atomic_get_plane_state [drm]] Added [PLANE:36:plane-0] 00000000046ff81f state to 00000000a871884f
07-22 21:31:17.203 0 0 D : [drm:drm_atomic_get_crtc_state [drm]] Added [CRTC:43:crtc-0] 00000000eb6ab4cc state to 00000000a871884f
07-22 21:31:17.203 0 0 D : [drm:drm_atomic_set_crtc_for_plane [drm]] Link plane state 00000000046ff81f to [CRTC:43:crtc-0]
07-22 21:31:17.203 0 0 D : [drm:drm_atomic_set_fb_for_plane [drm]] Set [FB:78] for plane state 00000000046ff81f
07-22 21:31:17.203 0 0 D : [drm:drm_atomic_check_only [drm]] checking 00000000a871884f
07-22 21:31:17.203 0 0 D : [drm:dm_update_planes_state [amdgpu]] Disabling DRM plane: 36 on DRM crtc 43
07-22 21:31:17.204 0 0 D : [drm:dm_update_planes_state [amdgpu]] Enabling DRM plane: 36 on DRM crtc 43
07-22 21:31:17.204 0 0 D : [drm:drm_atomic_commit [drm]] committing 00000000a871884f
07-22 21:31:17.204 0 0 D : [drm:amdgpu_dm_atomic_commit_tail [amdgpu]] amdgpu_crtc id:0 crtc_state_flags: enable:1, active:1, planes_changed:1, mode_changed:0,active_changed:0,connectors_changed:0
07-22 21:31:17.204 0 0 D [drm:amdgpu_dm_atomic_commit_tail [amdgpu]] crtc: 0, pflip_stat:AMDGPU_FLIP_SUBMITTED
07-22 21:31:17.217 0 0 D : [drm:dm_pflip_high_irq [amdgpu]] dm_pflip_high_irq - crtc :0[00000000da4e46cc], pflip_stat:AMDGPU_FLIP_NONE
07-22 21:31:17.217 0 0 D : [drm:drm_atomic_state_default_clear [drm]] Clearing atomic state 00000000a871884f
07-22 21:31:17.217 0 0 D : [drm:__drm_atomic_state_free [drm]] Freeing atomic state 00000000a871884f
07-22 21:31:17.220 0 0 D [drm:drm_mode_addfb2 [drm]] [FB: 74]
07-22 21:31:17.220 0 0 D : [drm:drm_atomic_state_init [drm]] Allocated atomic state 00000000985c742d
07-22 21:31:17.220 0 0 D : [drm:drm_atomic_get_plane_state [drm]] Added [PLANE:36:plane-0] 000000001eb51ce2 state to 00000000985c742d
07-22 21:31:17.220 0 0 D : [drm:drm_atomic_get_crtc_state [drm]] Added [CRTC:43:crtc-0] 00000000d85615af state to 00000000985c742d
07-22 21:31:17.220 0 0 D : [drm:drm_atomic_set_crtc_for_plane [drm]] Link plane state 000000001eb51ce2 to [CRTC:43:crtc-0]
07-22 21:31:17.220 0 0 D : [drm:drm_atomic_set_fb_for_plane [drm]] Set [FB:74] for plane state 000000001eb51ce2
07-22 21:31:17.220 0 0 D : [drm:drm_atomic_check_only [drm]] checking 00000000985c742d
07-22 21:31:17.220 0 0 D : [drm:dm_update_planes_state [amdgpu]] Disabling DRM plane: 36 on DRM crtc 43
07-22 21:31:17.220 0 0 D : [drm:dm_update_planes_state [amdgpu]] Enabling DRM plane: 36 on DRM crtc 43
07-22 21:31:17.220 0 0 D : [drm:drm_atomic_state_default_clear [drm]] Clearing atomic state 00000000985c742d
07-22 21:31:17.220 0 0 D : [drm:__drm_atomic_state_free [drm]] Freeing atomic state 00000000985c742d
07-22 21:31:17.220 0 0 D : [drm:drm_atomic_state_init [drm]] Allocated atomic state 00000000985c742d
07-22 21:31:17.220 0 0 D : [drm:drm_atomic_get_plane_state [drm]] Added [PLANE:36:plane-0] 000000001eb51ce2 state to 00000000985c742d
07-22 21:31:17.220 0 0 D : [drm:drm_atomic_get_crtc_state [drm]] Added [CRTC:43:crtc-0] 000000005ae0b157 state to 00000000985c742d
07-22 21:31:17.220 0 0 D : [drm:drm_atomic_set_crtc_for_plane [drm]] Link plane state 000000001eb51ce2 to [CRTC:43:crtc-0]
07-22 21:31:17.220 0 0 D : [drm:drm_atomic_set_fb_for_plane [drm]] Set [FB:74] for plane state 000000001eb51ce2
07-22 21:31:17.220 0 0 D : [drm:drm_atomic_check_only [drm]] checking 00000000985c742d
07-22 21:31:17.220 0 0 D : [drm:dm_update_planes_state [amdgpu]] Disabling DRM plane: 36 on DRM crtc 43
07-22 21:31:17.220 0 0 D : [drm:dm_update_planes_state [amdgpu]] Enabling DRM plane: 36 on DRM crtc 43
07-22 21:31:17.220 0 0 D : [drm:drm_atomic_commit [drm]] committing 00000000985c742d
07-22 21:31:17.220 0 0 D : [drm:amdgpu_dm_atomic_commit_tail [amdgpu]] amdgpu_crtc id:0 crtc_state_flags: enable:1, active:1, planes_changed:1, mode_changed:0,active_changed:0,connectors_changed:0
07-22 21:31:17.220 0 0 D [drm:amdgpu_dm_atomic_commit_tail [amdgpu]] crtc: 0, pflip_stat:AMDGPU_FLIP_SUBMITTED
07-22 21:31:17.234 0 0 D : [drm:dm_pflip_high_irq [amdgpu]] dm_pflip_high_irq - crtc :0[00000000da4e46cc], pflip_stat:AMDGPU_FLIP_NONE
07-22 21:31:17.234 0 0 D : [drm:drm_atomic_state_default_clear [drm]] Clearing atomic state 00000000985c742d
07-22 21:31:17.234 0 0 D : [drm:__drm_atomic_state_free [drm]] Freeing atomic state 00000000985c742d
07-22 21:31:17.236 0 0 D [drm:drm_mode_addfb2 [drm]] [FB: 78]
07-22 21:31:17.236 0 0 D : [drm:drm_atomic_state_init [drm]] Allocated atomic state 0000000088cbef8b
07-22 21:31:17.236 0 0 D : [drm:drm_atomic_get_plane_state [drm]] Added [PLANE:36:plane-0] 0000000010e71bc2 state to 0000000088cbef8b
07-22 21:31:17.236 0 0 D : [drm:drm_atomic_get_crtc_state [drm]] Added [CRTC:43:crtc-0] 000000005a2999e5 state to 0000000088cbef8b
07-22 21:31:17.236 0 0 D : [drm:drm_atomic_set_crtc_for_plane [drm]] Link plane state 0000000010e71bc2 to [CRTC:43:crtc-0]
07-22 21:31:17.236 0 0 D : [drm:drm_atomic_set_fb_for_plane [drm]] Set [FB:78] for plane state 0000000010e71bc2
07-22 21:31:17.236 0 0 D : [drm:drm_atomic_check_only [drm]] checking 0000000088cbef8b
07-22 21:31:17.236 0 0 D : [drm:dm_update_planes_state [amdgpu]] Disabling DRM plane: 36 on DRM crtc 43
07-22 21:31:17.236 0 0 D : [drm:dm_update_planes_state [amdgpu]] Enabling DRM plane: 36 on DRM crtc 43
07-22 21:31:17.236 0 0 D : [drm:drm_atomic_commit [drm]] committing 0000000088cbef8b
07-22 21:31:17.237 0 0 D : [drm:amdgpu_dm_atomic_commit_tail [amdgpu]] amdgpu_crtc id:0 crtc_state_flags: enable:1, active:1, planes_changed:1, mode_changed:0,active_changed:0,connectors_changed:0
07-22 21:31:17.237 0 0 D [drm:amdgpu_dm_atomic_commit_tail [amdgpu]] crtc: 0, pflip_stat:AMDGPU_FLIP_SUBMITTED
07-22 21:31:17.251 0 0 D : [drm:dm_pflip_high_irq [amdgpu]] dm_pflip_high_irq - crtc :0[00000000da4e46cc], pflip_stat:AMDGPU_FLIP_NONE
07-22 21:31:17.251 0 0 D : [drm:drm_atomic_state_default_clear [drm]] Clearing atomic state 0000000088cbef8b
07-22 21:31:17.251 0 0 D : [drm:__drm_atomic_state_free [drm]] Freeing atomic state 0000000088cbef8b
07-22 21:31:17.253 0 0 D [drm:drm_mode_addfb2 [drm]] [FB: 74]
07-22 21:31:17.253 0 0 D : [drm:drm_atomic_state_init [drm]] Allocated atomic state 00000000b22a45ff
07-22 21:31:17.253 0 0 D : [drm:drm_atomic_get_plane_state [drm]] Added [PLANE:36:plane-0] 00000000796f3465 state to 00000000b22a45ff
07-22 21:31:17.253 0 0 D : [drm:drm_atomic_get_crtc_state [drm]] Added [CRTC:43:crtc-0] 0000000023e575ec state to 00000000b22a45ff
07-22 21:31:17.253 0 0 D : [drm:drm_atomic_set_crtc_for_plane [drm]] Link plane state 00000000796f3465 to [CRTC:43:crtc-0]
07-22 21:31:17.253 0 0 D : [drm:drm_atomic_set_fb_for_plane [drm]] Set [FB:74] for plane state 00000000796f3465
07-22 21:31:17.253 0 0 D : [drm:drm_atomic_check_only [drm]] checking 00000000b22a45ff
07-22 21:31:17.253 0 0 D : [drm:dm_update_planes_state [amdgpu]] Disabling DRM plane: 36 on DRM crtc 43
07-22 21:31:17.253 0 0 D : [drm:dm_update_planes_state [amdgpu]] Enabling DRM plane: 36 on DRM crtc 43
07-22 21:31:17.253 0 0 D : [drm:drm_atomic_commit [drm]] committing 00000000b22a45ff
07-22 21:31:17.253 0 0 D : [drm:amdgpu_dm_atomic_commit_tail [amdgpu]] amdgpu_crtc id:0 crtc_state_flags: enable:1, active:1, planes_changed:1, mode_changed:0,active_changed:0,connectors_changed:0
07-22 21:31:17.253 0 0 D [drm:amdgpu_dm_atomic_commit_tail [amdgpu]] crtc: 0, pflip_stat:AMDGPU_FLIP_SUBMITTED
07-22 21:31:17.267 0 0 D : [drm:dm_pflip_high_irq [amdgpu]] dm_pflip_high_irq - crtc :0[00000000da4e46cc], pflip_stat:AMDGPU_FLIP_NONE
07-22 21:31:17.267 0 0 D : [drm:drm_atomic_state_default_clear [drm]] Clearing atomic state 00000000b22a45ff
07-22 21:31:17.267 0 0 D : [drm:__drm_atomic_state_free [drm]] Freeing atomic state 00000000b22a45ff
07-22 21:31:16.946 2443 2459 D ViewRootImpl[application]: updatePointerIcon called with position out of bounds
07-22 21:31:17.271 0 0 D [drm:drm_mode_addfb2 [drm]] [FB: 78]
07-22 21:31:17.271 0 0 D : [drm:drm_atomic_state_init [drm]] Allocated atomic state 00000000985c742d
07-22 21:31:17.271 0 0 D : [drm:drm_atomic_get_plane_state [drm]] Added [PLANE:36:plane-0] 00000000d0a94eb0 state to 00000000985c742d
07-22 21:31:17.271 0 0 D : [drm:drm_atomic_get_crtc_state [drm]] Added [CRTC:43:crtc-0] 00000000e76cde76 state to 00000000985c742d
07-22 21:31:17.271 0 0 D : [drm:drm_atomic_set_crtc_for_plane [drm]] Link plane state 00000000d0a94eb0 to [CRTC:43:crtc-0]
07-22 21:31:17.271 0 0 D : [drm:drm_atomic_set_fb_for_plane [drm]] Set [FB:78] for plane state 00000000d0a94eb0
07-22 21:31:17.271 0 0 D : [drm:drm_atomic_check_only [drm]] checking 00000000985c742d
07-22 21:31:17.271 0 0 D : [drm:dm_update_planes_state [amdgpu]] Disabling DRM plane: 36 on DRM crtc 43
07-22 21:31:17.271 0 0 D : [drm:dm_update_planes_state [amdgpu]] Enabling DRM plane: 36 on DRM crtc 43
07-22 21:31:17.271 0 0 D : [drm:drm_atomic_state_default_clear [drm]] Clearing atomic state 00000000985c742d
07-22 21:31:17.271 0 0 D : [drm:__drm_atomic_state_free [drm]] Freeing atomic state 00000000985c742d
07-22 21:31:17.271 0 0 D : [drm:drm_atomic_state_init [drm]] Allocated atomic state 000000002e70ad7c
07-22 21:31:17.271 0 0 D : [drm:drm_atomic_get_plane_state [drm]] Added [PLANE:36:plane-0] 0000000010e71bc2 state to 000000002e70ad7c
07-22 21:31:17.271 0 0 D : [drm:drm_atomic_get_crtc_state [drm]] Added [CRTC:43:crtc-0] 00000000de53f7d1 state to 000000002e70ad7c
07-22 21:31:17.271 0 0 D : [drm:drm_atomic_set_crtc_for_plane [drm]] Link plane state 0000000010e71bc2 to [CRTC:43:crtc-0]
07-22 21:31:17.271 0 0 D : [drm:drm_atomic_set_fb_for_plane [drm]] Set [FB:78] for plane state 0000000010e71bc2
07-22 21:31:17.271 0 0 D : [drm:drm_atomic_check_only [drm]] checking 000000002e70ad7c
07-22 21:31:17.271 0 0 D : [drm:dm_update_planes_state [amdgpu]] Disabling DRM plane: 36 on DRM crtc 43
07-22 21:31:17.271 0 0 D : [drm:dm_update_planes_state [amdgpu]] Enabling DRM plane: 36 on DRM crtc 43
07-22 21:31:17.271 0 0 D : [drm:drm_atomic_commit [drm]] committing 000000002e70ad7c
07-22 21:31:17.272 0 0 D : [drm:amdgpu_dm_atomic_commit_tail [amdgpu]] amdgpu_crtc id:0 crtc_state_flags: enable:1, active:1, planes_changed:1, mode_changed:0,active_changed:0,connectors_changed:0
07-22 21:31:17.272 0 0 D [drm:amdgpu_dm_atomic_commit_tail [amdgpu]] crtc: 0, pflip_stat:AMDGPU_FLIP_SUBMITTED
07-22 21:31:17.284 0 0 D : [drm:dm_pflip_high_irq [amdgpu]] dm_pflip_high_irq - crtc :0[00000000da4e46cc], pflip_stat:AMDGPU_FLIP_NONE
07-22 21:31:17.284 0 0 D : [drm:drm_atomic_state_default_clear [drm]] Clearing atomic state 000000002e70ad7c
07-22 21:31:17.284 0 0 D : [drm:__drm_atomic_state_free [drm]] Freeing atomic state 000000002e70ad7c
07-22 21:31:17.287 0 0 D [drm:drm_mode_addfb2 [drm]] [FB: 74]
07-22 21:31:17.287 0 0 D : [drm:drm_atomic_state_init [drm]] Allocated atomic state 0000000088cbef8b
07-22 21:31:17.287 0 0 D : [drm:drm_atomic_get_plane_state [drm]] Added [PLANE:36:plane-0] 00000000d0a94eb0 state to 0000000088cbef8b
07-22 21:31:17.287 0 0 D : [drm:drm_atomic_get_crtc_state [drm]] Added [CRTC:43:crtc-0] 0000000046c9e48e state to 0000000088cbef8b
07-22 21:31:17.287 0 0 D : [drm:drm_atomic_set_crtc_for_plane [drm]] Link plane state 00000000d0a94eb0 to [CRTC:43:crtc-0]
07-22 21:31:17.287 0 0 D : [drm:drm_atomic_set_fb_for_plane [drm]] Set [FB:74] for plane state 00000000d0a94eb0
07-22 21:31:17.287 0 0 D : [drm:drm_atomic_check_only [drm]] checking 0000000088cbef8b
07-22 21:31:17.287 0 0 D : [drm:dm_update_planes_state [amdgpu]] Disabling DRM plane: 36 on DRM crtc 43
07-22 21:31:17.287 0 0 D : [drm:dm_update_planes_state [amdgpu]] Enabling DRM plane: 36 on DRM crtc 43
07-22 21:31:17.287 0 0 D : [drm:drm_atomic_state_default_clear [drm]] Clearing atomic state 0000000088cbef8b
07-22 21:31:17.287 0 0 D : [drm:__drm_atomic_state_free [drm]] Freeing atomic state 0000000088cbef8b
07-22 21:31:17.288 0 0 D : [drm:drm_atomic_state_init [drm]] Allocated atomic state 00000000985c742d
07-22 21:31:17.288 0 0 D : [drm:drm_atomic_get_plane_state [drm]] Added [PLANE:36:plane-0] 00000000796f3465 state to 00000000985c742d
07-22 21:31:17.288 0 0 D : [drm:drm_atomic_get_crtc_state [drm]] Added [CRTC:43:crtc-0] 000000009f68922c state to 00000000985c742d
07-22 21:31:17.288 0 0 D : [drm:drm_atomic_set_crtc_for_plane [drm]] Link plane state 00000000796f3465 to [CRTC:43:crtc-0]
07-22 21:31:17.288 0 0 D : [drm:drm_atomic_set_fb_for_plane [drm]] Set [FB:74] for plane state 00000000796f3465
07-22 21:31:17.288 0 0 D : [drm:drm_atomic_check_only [drm]] checking 00000000985c742d
07-22 21:31:17.288 0 0 D : [drm:dm_update_planes_state [amdgpu]] Disabling DRM plane: 36 on DRM crtc 43
07-22 21:31:17.288 0 0 D : [drm:dm_update_planes_state [amdgpu]] Enabling DRM plane: 36 on DRM crtc 43
07-22 21:31:17.288 0 0 D : [drm:drm_atomic_commit [drm]] committing 00000000985c742d
07-22 21:31:17.288 0 0 D : [drm:amdgpu_dm_atomic_commit_tail [amdgpu]] amdgpu_crtc id:0 crtc_state_flags: enable:1, active:1, planes_changed:1, mode_changed:0,active_changed:0,connectors_changed:0
07-22 21:31:17.288 0 0 D [drm:amdgpu_dm_atomic_commit_tail [amdgpu]] crtc: 0, pflip_stat:AMDGPU_FLIP_SUBMITTED
07-22 21:31:17.301 0 0 D : [drm:dm_pflip_high_irq [amdgpu]] dm_pflip_high_irq - crtc :0[00000000da4e46cc], pflip_stat:AMDGPU_FLIP_NONE
07-22 21:31:17.301 0 0 D : [drm:drm_atomic_state_default_clear [drm]] Clearing atomic state 00000000985c742d
07-22 21:31:17.301 0 0 D : [drm:__drm_atomic_state_free [drm]] Freeing atomic state 00000000985c742d
07-22 21:31:17.304 0 0 D [drm:drm_mode_addfb2 [drm]] [FB: 78]
07-22 21:31:17.304 0 0 D : [drm:drm_atomic_state_init [drm]] Allocated atomic state 00000000c2337f9a
07-22 21:31:17.304 0 0 D : [drm:drm_atomic_get_plane_state [drm]] Added [PLANE:36:plane-0] 000000004440362b state to 00000000c2337f9a
07-22 21:31:17.304 0 0 D : [drm:drm_atomic_get_crtc_state [drm]] Added [CRTC:43:crtc-0] 0000000084cec2cd state to 00000000c2337f9a
07-22 21:31:17.304 0 0 D : [drm:drm_atomic_set_crtc_for_plane [drm]] Link plane state 000000004440362b to [CRTC:43:crtc-0]
07-22 21:31:17.304 0 0 D : [drm:drm_atomic_set_fb_for_plane [drm]] Set [FB:78] for plane state 000000004440362b
07-22 21:31:17.304 0 0 D : [drm:drm_atomic_check_only [drm]] checking 00000000c2337f9a
07-22 21:31:17.304 0 0 D : [drm:dm_update_planes_state [amdgpu]] Disabling DRM plane: 36 on DRM crtc 43
07-22 21:31:17.304 0 0 D : [drm:dm_update_planes_state [amdgpu]] Enabling DRM plane: 36 on DRM crtc 43
07-22 21:31:17.304 0 0 D : [drm:drm_atomic_state_default_clear [drm]] Clearing atomic state 00000000c2337f9a
07-22 21:31:17.304 0 0 D : [drm:__drm_atomic_state_free [drm]] Freeing atomic state 00000000c2337f9a
07-22 21:31:17.304 0 0 D : [drm:drm_atomic_state_init [drm]] Allocated atomic state 000000007e124aed
07-22 21:31:17.304 0 0 D : [drm:drm_atomic_get_plane_state [drm]] Added [PLANE:36:plane-0] 0000000010e71bc2 state to 000000007e124aed
07-22 21:31:17.304 0 0 D : [drm:drm_atomic_get_crtc_state [drm]] Added [CRTC:43:crtc-0] 00000000066f486f state to 000000007e124aed
07-22 21:31:17.304 0 0 D : [drm:drm_atomic_set_crtc_for_plane [drm]] Link plane state 0000000010e71bc2 to [CRTC:43:crtc-0]
07-22 21:31:17.304 0 0 D : [drm:drm_atomic_set_fb_for_plane [drm]] Set [FB:78] for plane state 0000000010e71bc2
07-22 21:31:17.304 0 0 D : [drm:drm_atomic_check_only [drm]] checking 000000007e124aed
07-22 21:31:17.304 0 0 D : [drm:dm_update_planes_state [amdgpu]] Disabling DRM plane: 36 on DRM crtc 43
07-22 21:31:17.304 0 0 D : [drm:dm_update_planes_state [amdgpu]] Enabling DRM plane: 36 on DRM crtc 43
07-22 21:31:17.304 0 0 D : [drm:drm_atomic_commit [drm]] committing 000000007e124aed
07-22 21:31:17.304 0 0 D : [drm:amdgpu_dm_atomic_commit_tail [amdgpu]] amdgpu_crtc id:0 crtc_state_flags: enable:1, active:1, planes_changed:1, mode_changed:0,active_changed:0,connectors_changed:0
07-22 21:31:17.304 0 0 D [drm:amdgpu_dm_atomic_commit_tail [amdgpu]] crtc: 0, pflip_stat:AMDGPU_FLIP_SUBMITTED
07-22 21:31:17.318 0 0 D : [drm:dm_pflip_high_irq [amdgpu]] dm_pflip_high_irq - crtc :0[00000000da4e46cc], pflip_stat:AMDGPU_FLIP_NONE
07-22 21:31:17.318 0 0 D : [drm:drm_atomic_state_default_clear [drm]] Clearing atomic state 000000007e124aed
07-22 21:31:17.318 0 0 D : [drm:__drm_atomic_state_free [drm]] Freeing atomic state 000000007e124aed
07-22 21:31:17.320 0 0 D [drm:drm_mode_addfb2 [drm]] [FB: 74]
07-22 21:31:17.320 0 0 D : [drm:drm_atomic_state_init [drm]] Allocated atomic state 000000005ba01389
07-22 21:31:17.320 0 0 D : [drm:drm_atomic_get_plane_state [drm]] Added [PLANE:36:plane-0] 000000004440362b state to 000000005ba01389
07-22 21:31:17.320 0 0 D : [drm:drm_atomic_get_crtc_state [drm]] Added [CRTC:43:crtc-0] 0000000047d54551 state to 000000005ba01389
07-22 21:31:17.320 0 0 D : [drm:drm_atomic_set_crtc_for_plane [drm]] Link plane state 000000004440362b to [CRTC:43:crtc-0]
07-22 21:31:17.320 0 0 D : [drm:drm_atomic_set_fb_for_plane [drm]] Set [FB:74] for plane state 000000004440362b
07-22 21:31:17.320 0 0 D : [drm:drm_atomic_check_only [drm]] checking 000000005ba01389
07-22 21:31:17.321 0 0 D : [drm:dm_update_planes_state [amdgpu]] Disabling DRM plane: 36 on DRM crtc 43
07-22 21:31:17.321 0 0 D : [drm:dm_update_planes_state [amdgpu]] Enabling DRM plane: 36 on DRM crtc 43
07-22 21:31:17.321 0 0 D : [drm:drm_atomic_state_default_clear [drm]] Clearing atomic state 000000005ba01389
07-22 21:31:17.321 0 0 D : [drm:__drm_atomic_state_free [drm]] Freeing atomic state 000000005ba01389
07-22 21:31:17.321 0 0 D : [drm:drm_atomic_state_init [drm]] Allocated atomic state 00000000e62c34fb
07-22 21:31:17.321 0 0 D : [drm:drm_atomic_get_plane_state [drm]] Added [PLANE:36:plane-0] 00000000796f3465 state to 00000000e62c34fb
07-22 21:31:17.321 0 0 D : [drm:drm_atomic_get_crtc_state [drm]] Added [CRTC:43:crtc-0] 00000000fc1979c3 state to 00000000e62c34fb
07-22 21:31:17.321 0 0 D : [drm:drm_atomic_set_crtc_for_plane [drm]] Link plane state 00000000796f3465 to [CRTC:43:crtc-0]
07-22 21:31:17.321 0 0 D : [drm:drm_atomic_set_fb_for_plane [drm]] Set [FB:74] for plane state 00000000796f3465
07-22 21:31:17.321 0 0 D : [drm:drm_atomic_check_only [drm]] checking 00000000e62c34fb
07-22 21:31:17.321 0 0 D : [drm:dm_update_planes_state [amdgpu]] Disabling DRM plane: 36 on DRM crtc 43
07-22 21:31:17.321 0 0 D : [drm:dm_update_planes_state [amdgpu]] Enabling DRM plane: 36 on DRM crtc 43
07-22 21:31:17.321 0 0 D : [drm:drm_atomic_commit [drm]] committing 00000000e62c34fb
07-22 21:31:17.321 0 0 D : [drm:amdgpu_dm_atomic_commit_tail [amdgpu]] amdgpu_crtc id:0 crtc_state_flags: enable:1, active:1, planes_changed:1, mode_changed:0,active_changed:0,connectors_changed:0
07-22 21:31:17.321 0 0 D [drm:amdgpu_dm_atomic_commit_tail [amdgpu]] crtc: 0, pflip_stat:AMDGPU_FLIP_SUBMITTED
07-22 21:31:17.334 0 0 D : [drm:dm_pflip_high_irq [amdgpu]] dm_pflip_high_irq - crtc :0[00000000da4e46cc], pflip_stat:AMDGPU_FLIP_NONE
07-22 21:31:17.334 0 0 D : [drm:drm_atomic_state_default_clear [drm]] Clearing atomic state 00000000e62c34fb
07-22 21:31:17.334 0 0 D : [drm:__drm_atomic_state_free [drm]] Freeing atomic state 00000000e62c34fb
07-22 21:31:17.337 0 0 D [drm:drm_mode_addfb2 [drm]] [FB: 78]
07-22 21:31:17.337 0 0 D : [drm:drm_atomic_state_init [drm]] Allocated atomic state 00000000b22a45ff
07-22 21:31:17.337 0 0 D : [drm:drm_atomic_get_plane_state [drm]] Added [PLANE:36:plane-0] 0000000091de7da0 state to 00000000b22a45ff
07-22 21:31:17.337 0 0 D : [drm:drm_atomic_get_crtc_state [drm]] Added [CRTC:43:crtc-0] 000000000728143d state to 00000000b22a45ff
07-22 21:31:17.337 0 0 D : [drm:drm_atomic_set_crtc_for_plane [drm]] Link plane state 0000000091de7da0 to [CRTC:43:crtc-0]
07-22 21:31:17.337 0 0 D : [drm:drm_atomic_set_fb_for_plane [drm]] Set [FB:78] for plane state 0000000091de7da0
07-22 21:31:17.337 0 0 D : [drm:drm_atomic_check_only [drm]] checking 00000000b22a45ff
07-22 21:31:17.337 0 0 D : [drm:dm_update_planes_state [amdgpu]] Disabling DRM plane: 36 on DRM crtc 43
07-22 21:31:17.337 0 0 D : [drm:dm_update_planes_state [amdgpu]] Enabling DRM plane: 36 on DRM crtc 43
07-22 21:31:17.337 0 0 D : [drm:drm_atomic_state_default_clear [drm]] Clearing atomic state 00000000b22a45ff
07-22 21:31:17.337 0 0 D : [drm:__drm_atomic_state_free [drm]] Freeing atomic state 00000000b22a45ff
07-22 21:31:17.337 0 0 D : [drm:drm_atomic_state_init [drm]] Allocated atomic state 000000004a59c0ee
07-22 21:31:17.337 0 0 D : [drm:drm_atomic_get_plane_state [drm]] Added [PLANE:36:plane-0] 0000000010e71bc2 state to 000000004a59c0ee
07-22 21:31:17.337 0 0 D : [drm:drm_atomic_get_crtc_state [drm]] Added [CRTC:43:crtc-0] 000000001347c69e state to 000000004a59c0ee
07-22 21:31:17.337 0 0 D : [drm:drm_atomic_set_crtc_for_plane [drm]] Link plane state 0000000010e71bc2 to [CRTC:43:crtc-0]
07-22 21:31:17.337 0 0 D : [drm:drm_atomic_set_fb_for_plane [drm]] Set [FB:78] for plane state 0000000010e71bc2
07-22 21:31:17.337 0 0 D : [drm:drm_atomic_check_only [drm]] checking 000000004a59c0ee
07-22 21:31:17.337 0 0 D : [drm:dm_update_planes_state [amdgpu]] Disabling DRM plane: 36 on DRM crtc 43
07-22 21:31:17.337 0 0 D : [drm:dm_update_planes_state [amdgpu]] Enabling DRM plane: 36 on DRM crtc 43
07-22 21:31:17.337 0 0 D : [drm:drm_atomic_commit [drm]] committing 000000004a59c0ee
07-22 21:31:17.337 0 0 D : [drm:amdgpu_dm_atomic_commit_tail [amdgpu]] amdgpu_crtc id:0 crtc_state_flags: enable:1, active:1, planes_changed:1, mode_changed:0,active_changed:0,connectors_changed:0
07-22 21:31:17.337 0 0 D [drm:amdgpu_dm_atomic_commit_tail [amdgpu]] crtc: 0, pflip_stat:AMDGPU_FLIP_SUBMITTED
07-22 21:31:17.351 0 0 D : [drm:dm_pflip_high_irq [amdgpu]] dm_pflip_high_irq - crtc :0[00000000da4e46cc], pflip_stat:AMDGPU_FLIP_NONE
07-22 21:31:17.351 0 0 D : [drm:drm_atomic_state_default_clear [drm]] Clearing atomic state 000000004a59c0ee
07-22 21:31:17.351 0 0 D : [drm:__drm_atomic_state_free [drm]] Freeing atomic state 000000004a59c0ee
07-22 21:31:17.355 0 0 D [drm:drm_mode_addfb2 [drm]] [FB: 74]
07-22 21:31:17.355 0 0 D : [drm:drm_atomic_state_init [drm]] Allocated atomic state 0000000060428e4a
07-22 21:31:17.355 0 0 D : [drm:drm_atomic_get_plane_state [drm]] Added [PLANE:36:plane-0] 0000000091de7da0 state to 0000000060428e4a
07-22 21:31:17.355 0 0 D : [drm:drm_atomic_get_crtc_state [drm]] Added [CRTC:43:crtc-0] 00000000d8e950f5 state to 0000000060428e4a
07-22 21:31:17.355 0 0 D : [drm:drm_atomic_set_crtc_for_plane [drm]] Link plane state 0000000091de7da0 to [CRTC:43:crtc-0]
07-22 21:31:17.355 0 0 D : [drm:drm_atomic_set_fb_for_plane [drm]] Set [FB:74] for plane state 0000000091de7da0
07-22 21:31:17.355 0 0 D : [drm:drm_atomic_check_only [drm]] checking 0000000060428e4a
07-22 21:31:17.355 0 0 D : [drm:dm_update_planes_state [amdgpu]] Disabling DRM plane: 36 on DRM crtc 43
07-22 21:31:17.355 0 0 D : [drm:dm_update_planes_state [amdgpu]] Enabling DRM plane: 36 on DRM crtc 43
07-22 21:31:17.355 0 0 D : [drm:drm_atomic_state_default_clear [drm]] Clearing atomic state 0000000060428e4a
07-22 21:31:17.355 0 0 D : [drm:__drm_atomic_state_free [drm]] Freeing atomic state 0000000060428e4a
07-22 21:31:17.356 0 0 D : [drm:drm_atomic_state_init [drm]] Allocated atomic state 0000000074ddbf37
07-22 21:31:17.356 0 0 D : [drm:drm_atomic_get_plane_state [drm]] Added [PLANE:36:plane-0] 00000000796f3465 state to 0000000074ddbf37
07-22 21:31:17.356 0 0 D : [drm:drm_atomic_get_crtc_state [drm]] Added [CRTC:43:crtc-0] 00000000ab5abbb4 state to 0000000074ddbf37
07-22 21:31:17.356 0 0 D : [drm:drm_atomic_set_crtc_for_plane [drm]] Link plane state 00000000796f3465 to [CRTC:43:crtc-0]
07-22 21:31:17.356 0 0 D : [drm:drm_atomic_set_fb_for_plane [drm]] Set [FB:74] for plane state 00000000796f3465
07-22 21:31:17.356 0 0 D : [drm:drm_atomic_check_only [drm]] checking 0000000074ddbf37
07-22 21:31:17.356 0 0 D : [drm:dm_update_planes_state [amdgpu]] Disabling DRM plane: 36 on DRM crtc 43
07-22 21:31:17.356 0 0 D : [drm:dm_update_planes_state [amdgpu]] Enabling DRM plane: 36 on DRM crtc 43
07-22 21:31:17.356 0 0 D : [drm:drm_atomic_commit [drm]] committing 0000000074ddbf37
07-22 21:31:17.356 0 0 D : [drm:amdgpu_dm_atomic_commit_tail [amdgpu]] amdgpu_crtc id:0 crtc_state_flags: enable:1, active:1, planes_changed:1, mode_changed:0,active_changed:0,connectors_changed:0
07-22 21:31:17.356 0 0 D [drm:amdgpu_dm_atomic_commit_tail [amdgpu]] crtc: 0, pflip_stat:AMDGPU_FLIP_SUBMITTED
07-22 21:31:17.038 4695 4695 D com.futuremark.dmandroid.*hmarkLauncherPresenter: preparing for next task: FARANDOLE_CUSTOM
07-22 21:31:17.038 4695 4695 D com.futuremark.dmandroid.*chmarkLauncherActivity: onPrepareForNextTest - nextTestId: FARANDOLE_CUSTOM
07-22 21:31:17.039 4695 4695 D com.futuremark.dmandroid.*chmarkLauncherActivity: onResume()
07-22 21:31:17.039 4695 4695 I am_on_resume_called: [0,com.futuremark.dmandroid.application.BenchmarkLauncherActivity,RESUME_ACTIVITY]
07-22 21:31:17.039 4695 4811 D com.futuremark.dmandroid.*hmarkLauncherPresenter: We already have run state, no need for init (Automation/Standalone use case)
07-22 21:31:17.367 0 0 D : [drm:dm_pflip_high_irq [amdgpu]] dm_pflip_high_irq - crtc :0[00000000da4e46cc], pflip_stat:AMDGPU_FLIP_NONE
07-22 21:31:17.367 0 0 D : [drm:drm_atomic_state_default_clear [drm]] Clearing atomic state 0000000074ddbf37
07-22 21:31:17.367 0 0 D : [drm:__drm_atomic_state_free [drm]] Freeing atomic state 0000000074ddbf37
07-22 21:31:17.048 2546 2546 I auditd : type=1400 audit(0.0:822): avc: denied { map } for comm="RenderThread" path="/dev/dri/renderD128" dev="tmpfs" ino=8697 scontext=u:r:platform_app:s0:c512,c768 tcontext=u:object_r:device:s0 tclass=chr_file permissive=1
07-22 21:31:17.048 2546 2546 I RenderThread: type=1400 audit(0.0:822): avc: denied { map } for path="/dev/dri/renderD128" dev="tmpfs" ino=8697 scontext=u:r:platform_app:s0:c512,c768 tcontext=u:object_r:device:s0 tclass=chr_file permissive=1
07-22 21:31:17.048 2546 2546 I auditd : type=1400 audit(0.0:823): avc: denied { read write } for comm="RenderThread" path="/dev/dri/renderD128" dev="tmpfs" ino=8697 scontext=u:r:platform_app:s0:c512,c768 tcontext=u:object_r:device:s0 tclass=chr_file permissive=1
07-22 21:31:17.048 2546 2546 I RenderThread: type=1400 audit(0.0:823): avc: denied { read write } for path="/dev/dri/renderD128" dev="tmpfs" ino=8697 scontext=u:r:platform_app:s0:c512,c768 tcontext=u:object_r:device:s0 tclass=chr_file permissive=1
07-22 21:31:17.372 0 0 D [drm:drm_mode_addfb2 [drm]] [FB: 78]
07-22 21:31:17.372 0 0 D : [drm:drm_atomic_state_init [drm]] Allocated atomic state 00000000c820ad39
07-22 21:31:17.372 0 0 D : [drm:drm_atomic_get_plane_state [drm]] Added [PLANE:36:plane-0] 000000004aae3db2 state to 00000000c820ad39
07-22 21:31:17.372 0 0 D : [drm:drm_atomic_get_crtc_state [drm]] Added [CRTC:43:crtc-0] 0000000079eace6f state to 00000000c820ad39
07-22 21:31:17.372 0 0 D : [drm:drm_atomic_set_crtc_for_plane [drm]] Link plane state 000000004aae3db2 to [CRTC:43:crtc-0]
07-22 21:31:17.372 0 0 D : [drm:drm_atomic_set_fb_for_plane [drm]] Set [FB:78] for plane state 000000004aae3db2
07-22 21:31:17.372 0 0 D : [drm:drm_atomic_check_only [drm]] checking 00000000c820ad39
07-22 21:31:17.372 0 0 D : [drm:dm_update_planes_state [amdgpu]] Disabling DRM plane: 36 on DRM crtc 43
07-22 21:31:17.372 0 0 D : [drm:dm_update_planes_state [amdgpu]] Enabling DRM plane: 36 on DRM crtc 43
07-22 21:31:17.372 0 0 D : [drm:drm_atomic_state_default_clear [drm]] Clearing atomic state 00000000c820ad39
07-22 21:31:17.372 0 0 D : [drm:__drm_atomic_state_free [drm]] Freeing atomic state 00000000c820ad39
07-22 21:31:17.372 0 0 D : [drm:drm_atomic_state_init [drm]] Allocated atomic state 000000003f4a4a13
07-22 21:31:17.372 0 0 D : [drm:drm_atomic_get_plane_state [drm]] Added [PLANE:36:plane-0] 0000000010e71bc2 state to 000000003f4a4a13
07-22 21:31:17.372 0 0 D : [drm:drm_atomic_get_crtc_state [drm]] Added [CRTC:43:crtc-0] 000000001347c69e state to 000000003f4a4a13
07-22 21:31:17.372 0 0 D : [drm:drm_atomic_set_crtc_for_plane [drm]] Link plane state 0000000010e71bc2 to [CRTC:43:crtc-0]
07-22 21:31:17.372 0 0 D : [drm:drm_atomic_set_fb_for_plane [drm]] Set [FB:78] for plane state 0000000010e71bc2
07-22 21:31:17.372 0 0 D : [drm:drm_atomic_check_only [drm]] checking 000000003f4a4a13
07-22 21:31:17.372 0 0 D : [drm:dm_update_planes_state [amdgpu]] Disabling DRM plane: 36 on DRM crtc 43
07-22 21:31:17.372 0 0 D : [drm:dm_update_planes_state [amdgpu]] Enabling DRM plane: 36 on DRM crtc 43
07-22 21:31:17.372 0 0 D : [drm:drm_atomic_commit [drm]] committing 000000003f4a4a13
07-22 21:31:17.372 0 0 D : [drm:amdgpu_dm_atomic_commit_tail [amdgpu]] amdgpu_crtc id:0 crtc_state_flags: enable:1, active:1, planes_changed:1, mode_changed:0,active_changed:0,connectors_changed:0
07-22 21:31:17.372 0 0 D [drm:amdgpu_dm_atomic_commit_tail [amdgpu]] crtc: 0, pflip_stat:AMDGPU_FLIP_SUBMITTED
07-22 21:31:17.051 4695 4695 D com.futuremark.dmandroid.*hmarkLauncherPresenter: FARANDOLE_CUSTOM init end
07-22 21:31:17.051 4695 4695 D com.futuremark.dmandroid.*hmarkLauncherPresenter: Starting benchmarks for task: FARANDOLE_CUSTOM
07-22 21:31:17.052 4695 4695 W com.futuremark.dmandroid.DmAndroidConstants: Native wrapper class for workloadType FARANDOLE_VULKAN_CUSTOM is unknown - this is fine if it is a test using NativeActivity (like Vulkan tests)
07-22 21:31:17.052 4695 4695 D com.futuremark.dmandroid.*ctBmRunFsmEventFactory: isSystemInfoRefreshed: true, currentTs: 1388237919067, oldSiRelativeTimestampNs: 0
07-22 21:31:17.052 4695 4695 D com.futuremark.dmandroid.*hmarkLauncherPresenter: start monitoring service in WaitStateDefaultActionFsm / BM_RUN_ACTIVITY_RESUME
07-22 21:31:17.052 4695 4695 D com.futuremark.dmandroid.*hmarkLauncherPresenter: start monitoring service in stateInitializeBenchmark
07-22 21:31:17.052 4695 4695 D com.futuremark.dmandroid.Poller: cancelPoller called, active true
07-22 21:31:17.052 4695 4695 I com.futuremark.dmandroid.AbstractBmRunFsm: CommonBenchmarkRunFsm transitioned WAIT_SERVICES_AFTER_WORKLOAD->WORKLOAD_RESULT_AVAILABLE, on event type: BM_RUN_ACTIVITY_RESUME, full new state: BmRunExecutionState{fsmState=WORKLOAD_RESULT_AVAILABLE, loopingCounter=0, currentWorkloadIndex=1}
07-22 21:31:17.052 4695 4695 W com.futuremark.dmandroid.DmAndroidConstants: Native wrapper class for workloadType FARANDOLE_VULKAN_CUSTOM is unknown - this is fine if it is a test using NativeActivity (like Vulkan tests)
07-22 21:31:17.052 4695 4695 D com.futuremark.dmandroid.*ctBmRunFsmEventFactory: isSystemInfoRefreshed: true, currentTs: 1388237919067, oldSiRelativeTimestampNs: 0
07-22 21:31:17.052 4695 4695 I com.futuremark.dmandroid.MonitoringDataManager: addEvent sampleIndex:1, time:0.182s, event:EndWorkloadDeinit:FarandoleVulkanC:FarandoleVulkanC:1:0
07-22 21:31:17.052 4695 4695 I com.futuremark.dmandroid.AbstractBmRunFsm: CommonBenchmarkRunFsm transitioned WORKLOAD_RESULT_AVAILABLE->FINALIZE_BENCHMARK_RESULT, on event type: INTERNAL_TRANSITION, full new state: BmRunExecutionState{fsmState=FINALIZE_BENCHMARK_RESULT, loopingCounter=0, currentWorkloadIndex=1}
07-22 21:31:17.053 4695 4695 W com.futuremark.dmandroid.DmAndroidConstants: Native wrapper class for workloadType FARANDOLE_VULKAN_CUSTOM is unknown - this is fine if it is a test using NativeActivity (like Vulkan tests)
07-22 21:31:17.053 4695 4695 D com.futuremark.dmandroid.*ctBmRunFsmEventFactory: isSystemInfoRefreshed: true, currentTs: 1388237919067, oldSiRelativeTimestampNs: 0
07-22 21:31:17.053 4695 4695 I com.futuremark.dmandroid.AbstractBmRunFsm: run completed, errors:[BenchmarkRunError{status=CANCEL, message=}]
07-22 21:31:17.053 4695 4695 D com.futuremark.dmandroid.AbstractBmRunFsm: stopping monitoring service in stateFinalizeBenchmarkResult
07-22 21:31:17.053 4695 4695 D com.futuremark.dmandroid.*hmarkLauncherPresenter: stopping services
07-22 21:31:17.053 4695 4695 I com.futuremark.dmandroid.MonitoringDataService: flushMonitoringData 1388228421490.csv
07-22 21:31:17.384 0 0 D : [drm:dm_pflip_high_irq [amdgpu]] dm_pflip_high_irq - crtc :0[00000000da4e46cc], pflip_stat:AMDGPU_FLIP_NONE
07-22 21:31:17.058 4695 4695 I com.futuremark.dmandroid.MonitoringDataService: Writing CSV with 13 columns, 2 rows, write header: true, to /data/user/0/com.futuremark.dmandroid.application/files/f0dfee69-cb4d-48f6-9d2a-32dc6babb051/1388228421490.csv, keys:[AbstractSeriesKey{dataVariant=RAW, variableType=FramesPerSecond, name='BM/FramesPerSecond/memory:I1000', dataSourceType=BM, samplingInfo=I1000, seriesUnit=FramesPerSecond}, AbstractSeriesKey{dataVariant=RAW, variableType=RunTimeSeconds, name='BM/RunTimeSeconds:E', dataSourceType=BM, samplingInfo=E, seriesUnit=Seconds}, AbstractSeriesKey{dataVariant=HIGH, variableType=CpuLoad, name='HIGH/CPUID/CpuLoad/0:I1000', dataSourceType=CPUID, samplingInfo=I1000, seriesUnit=Percentage}, AbstractSeriesKey{dataVariant=HIGH, variableType=CpuFrequency, name='HIGH/CPUID/CpuFrequency:I1000', dataSourceType=CPUID, samplingInfo=I1000, seriesUnit=Mhz}, AbstractSeriesKey{dataVariant=LOW, variableType=CpuLoad, name='LOW/CPUID/CpuLoad/0:I1000', dataSourceType=CPUID, samplingInfo=I1000, seriesUnit=Percentage}, AbstractSeriesKey{dataVariant=LOW, variableType=CpuFrequency, name='LOW/CPUID/CpuFrequency:I1000', dataSourceType=CPUID, samplingInfo=I1000, seriesUnit=Mhz}, AbstractSeriesKey{dataVariant=AVERAGE, variableType=CpuLoad, name='AVG/CPUID/CpuLoad/0:I1000', dataSourceType=CPUID, samplingInfo=I1000, seriesUnit=Percentage}, AbstractSeriesKey{dataVariant=AVERAGE, variableType=CpuFrequency, name='AVG/CPUID/CpuFrequency:I1000', dataSourceType=CPUID, samplingInfo=I1000, seriesUnit=Mhz}, AbstractSeriesKey{dataVariant=AVERAGE, variableType=ChargePercentage, name='AVG/CPUID/ChargePercentage:I1000', dataSourceType=CPUID, samplingInfo=I1000, seriesUnit=Percentage}, AbstractSeriesKey{dataVariant=AVERAGE, variableType=BatTemp, name='AVG/CPUID/BatTemp:I1000', dataSourceType=CPUID, samplingInfo=I1000, seriesUnit=Celsius}, AbstractSeriesKey{dataVariant=AVERAGE, variableType=ProcessorCoreClockFrequency, name='AVG/CPUID/ProcessorCoreClockFrequency/0/0:I1000', dataSourceType=CPUID, samplingInfo=I1000, seriesUnit=Mhz}, AbstractSeriesKey{dataVariant=AVERAGE, variableType=ProcessorCoreClockFrequency, name='AVG/CPUID/ProcessorCoreClockFrequency/0/1:I1000', dataSourceType=CPUID, samplingInfo=I1000, seriesUnit=Mhz}, AbstractSeriesKey{dataVariant=RAW, variableType=Events, name='BM/Events:E', dataSourceType=BM, samplingInfo=E, seriesUnit=}]
07-22 21:31:17.060 4695 4695 I com.futuremark.dmandroid.MonitoringDataService: MonitoringData restored from previous CSV file with 13 columns and 2 rows
07-22 21:31:17.060 4695 4695 I com.futuremark.dmandroid.SystemInfoPoller: Stopping. Broadcasts sent:1
07-22 21:31:17.060 4695 4695 I com.futuremark.dmandroid.SystemInfoServiceImpl: pause: Unregistering CPUID battery receiver
07-22 21:31:17.384 0 0 D : [drm:drm_atomic_state_default_clear [drm]] Clearing atomic state 000000003f4a4a13
07-22 21:31:17.384 0 0 D : [drm:__drm_atomic_state_free [drm]] Freeing atomic state 000000003f4a4a13
07-22 21:31:17.063 4695 4695 I com.futuremark.dmandroid.SystemInfoPoller: Executor shutdown
07-22 21:31:17.065 4695 4695 D com.futuremark.dmandroid.*hmarkLauncherPresenter: onTaskFinished - FARANDOLE_CUSTOM - skipped: false
07-22 21:31:17.065 4695 4695 D com.futuremark.dmandroid.*chmarkLauncherActivity: onLauncherTaskFinished
07-22 21:31:17.065 4695 4695 D com.futuremark.dmandroid.*hmarkLauncherPresenter: preparing for next task: FLM_COLLECT_RESULTS:FARANDOLE_CUSTOM
07-22 21:31:17.387 0 0 D [drm:drm_mode_addfb2 [drm]] [FB: 74]
07-22 21:31:17.387 0 0 D : [drm:drm_atomic_state_init [drm]] Allocated atomic state 00000000ee564d6f
07-22 21:31:17.387 0 0 D : [drm:drm_atomic_get_plane_state [drm]] Added [PLANE:36:plane-0] 0000000091de7da0 state to 00000000ee564d6f
07-22 21:31:17.387 0 0 D : [drm:drm_atomic_get_crtc_state [drm]] Added [CRTC:43:crtc-0] 00000000fc1979c3 state to 00000000ee564d6f
07-22 21:31:17.387 0 0 D : [drm:drm_atomic_set_crtc_for_plane [drm]] Link plane state 0000000091de7da0 to [CRTC:43:crtc-0]
07-22 21:31:17.387 0 0 D : [drm:drm_atomic_set_fb_for_plane [drm]] Set [FB:74] for plane state 0000000091de7da0
07-22 21:31:17.387 0 0 D : [drm:drm_atomic_check_only [drm]] checking 00000000ee564d6f
07-22 21:31:17.387 0 0 D : [drm:dm_update_planes_state [amdgpu]] Disabling DRM plane: 36 on DRM crtc 43
07-22 21:31:17.387 0 0 D : [drm:dm_update_planes_state [amdgpu]] Enabling DRM plane: 36 on DRM crtc 43
07-22 21:31:17.387 0 0 D : [drm:drm_atomic_state_default_clear [drm]] Clearing atomic state 00000000ee564d6f
07-22 21:31:17.387 0 0 D : [drm:__drm_atomic_state_free [drm]] Freeing atomic state 00000000ee564d6f
07-22 21:31:17.387 0 0 D : [drm:drm_atomic_state_init [drm]] Allocated atomic state 00000000ee564d6f
07-22 21:31:17.387 0 0 D : [drm:drm_atomic_get_plane_state [drm]] Added [PLANE:36:plane-0] 0000000091de7da0 state to 00000000ee564d6f
07-22 21:31:17.387 0 0 D : [drm:drm_atomic_get_crtc_state [drm]] Added [CRTC:43:crtc-0] 0000000042d05269 state to 00000000ee564d6f
07-22 21:31:17.387 0 0 D : [drm:drm_atomic_set_crtc_for_plane [drm]] Link plane state 0000000091de7da0 to [CRTC:43:crtc-0]
07-22 21:31:17.387 0 0 D : [drm:drm_atomic_set_fb_for_plane [drm]] Set [FB:74] for plane state 0000000091de7da0
07-22 21:31:17.387 0 0 D : [drm:drm_atomic_check_only [drm]] checking 00000000ee564d6f
07-22 21:31:17.387 0 0 D : [drm:dm_update_planes_state [amdgpu]] Disabling DRM plane: 36 on DRM crtc 43
07-22 21:31:17.387 0 0 D : [drm:dm_update_planes_state [amdgpu]] Enabling DRM plane: 36 on DRM crtc 43
07-22 21:31:17.387 0 0 D : [drm:drm_atomic_commit [drm]] committing 00000000ee564d6f
07-22 21:31:17.387 0 0 D : [drm:amdgpu_dm_atomic_commit_tail [amdgpu]] amdgpu_crtc id:0 crtc_state_flags: enable:1, active:1, planes_changed:1, mode_changed:0,active_changed:0,connectors_changed:0
07-22 21:31:17.387 0 0 D [drm:amdgpu_dm_atomic_commit_tail [amdgpu]] crtc: 0, pflip_stat:AMDGPU_FLIP_SUBMITTED
07-22 21:31:17.066 4695 4695 D com.futuremark.dmandroid.*chmarkLauncherActivity: onStartedCollectingResults
07-22 21:31:17.066 4695 4695 I com.futuremark.dmandroid.AbstractBmRunFsm: CommonBenchmarkRunFsm transitioned FINALIZE_BENCHMARK_RESULT->BENCHMARK_COMPLETED, on event type: INTERNAL_TRANSITION, full new state: BmRunExecutionState{fsmState=BENCHMARK_COMPLETED, loopingCounter=0, currentWorkloadIndex=1}
07-22 21:31:17.066 4695 4695 W com.futuremark.dmandroid.DmAndroidConstants: Native wrapper class for workloadType FARANDOLE_VULKAN_CUSTOM is unknown - this is fine if it is a test using NativeActivity (like Vulkan tests)
07-22 21:31:17.066 4695 4695 D com.futuremark.dmandroid.*hmarkLauncherPresenter: Creating monitoringdata service, using file: /data/user/0/com.futuremark.dmandroid.application/files/f0dfee69-cb4d-48f6-9d2a-32dc6babb051/1388424826242.csv
07-22 21:31:17.066 4695 4695 D com.futuremark.dmandroid.MonitoringDataService: Monitoring data file: /data/user/0/com.futuremark.dmandroid.application/files/f0dfee69-cb4d-48f6-9d2a-32dc6babb051/1388424826242.csv
07-22 21:31:17.066 4695 4695 D com.futuremark.dmandroid.MonitoringDataService: Monitoring data backup file: null
07-22 21:31:17.066 4695 4695 D com.futuremark.dmandroid.MonitoringDataService: Raw Monitoring data json: null
07-22 21:31:17.066 4695 4695 I com.futuremark.dmandroid.MonitoringDataService: resetMonitoringData
07-22 21:31:17.067 4695 4695 D com.futuremark.dmandroid.*ctBmRunFsmEventFactory: isSystemInfoRefreshed: false, currentTs: 0, oldSiRelativeTimestampNs: 0
07-22 21:31:17.067 4695 4695 D com.futuremark.dmandroid.SystemController: Killing process com.futuremark.dmandroid.application:workload
07-22 21:31:17.068 4695 4790 D com.futuremark.dmandroid.MonitoringDataUtil: combining monitoring data to file wes_temp_monitoring_data.csv from folder /data/user/0/com.futuremark.dmandroid.application/files/f0dfee69-cb4d-48f6-9d2a-32dc6babb051
07-22 21:31:17.068 4695 4790 D com.futuremark.dmandroid.MonitoringDataUtil: folder contains monitoringdata files: 1341192763833.csv 1343907904210.csv 1382677849864.csv 1384505722024.csv 1388228421490.csv
07-22 21:31:17.069 4695 4695 I com.futuremark.dmandroid.BmRunFsmDriver: Identity transition (BENCHMARK_COMPLETED -> BENCHMARK_COMPLETED on INTERNAL_TRANSITION), full new state: BmRunExecutionState{fsmState=BENCHMARK_COMPLETED, loopingCounter=0, currentWorkloadIndex=1}
07-22 21:31:17.070 4695 4790 D com.futuremark.dmandroid.MonitoringDataUtil: added monitoring data from file 1341192763833.csv. Sample count: 2
07-22 21:31:17.401 0 0 D : [drm:dm_pflip_high_irq [amdgpu]] dm_pflip_high_irq - crtc :0[00000000da4e46cc], pflip_stat:AMDGPU_FLIP_NONE
07-22 21:31:17.401 0 0 D : [drm:drm_atomic_state_default_clear [drm]] Clearing atomic state 00000000ee564d6f
07-22 21:31:17.401 0 0 D : [drm:__drm_atomic_state_free [drm]] Freeing atomic state 00000000ee564d6f
07-22 21:31:17.405 0 0 D [drm:drm_mode_addfb2 [drm]] [FB: 78]
07-22 21:31:17.405 0 0 D : [drm:drm_atomic_state_init [drm]] Allocated atomic state 0000000000cc0718
07-22 21:31:17.405 0 0 D : [drm:drm_atomic_get_plane_state [drm]] Added [PLANE:36:plane-0] 000000007612c2fe state to 0000000000cc0718
07-22 21:31:17.405 0 0 D : [drm:drm_atomic_get_crtc_state [drm]] Added [CRTC:43:crtc-0] 00000000fd769242 state to 0000000000cc0718
07-22 21:31:17.405 0 0 D : [drm:drm_atomic_set_crtc_for_plane [drm]] Link plane state 000000007612c2fe to [CRTC:43:crtc-0]
07-22 21:31:17.405 0 0 D : [drm:drm_atomic_set_fb_for_plane [drm]] Set [FB:78] for plane state 000000007612c2fe
07-22 21:31:17.405 0 0 D : [drm:drm_atomic_check_only [drm]] checking 0000000000cc0718
07-22 21:31:17.405 0 0 D : [drm:dm_update_planes_state [amdgpu]] Disabling DRM plane: 36 on DRM crtc 43
07-22 21:31:17.405 0 0 D : [drm:dm_update_planes_state [amdgpu]] Enabling DRM plane: 36 on DRM crtc 43
07-22 21:31:17.405 0 0 D : [drm:drm_atomic_state_default_clear [drm]] Clearing atomic state 0000000000cc0718
07-22 21:31:17.405 0 0 D : [drm:__drm_atomic_state_free [drm]] Freeing atomic state 0000000000cc0718
07-22 21:31:17.405 0 0 D : [drm:drm_atomic_state_init [drm]] Allocated atomic state 0000000000cc0718
07-22 21:31:17.405 0 0 D : [drm:drm_atomic_get_plane_state [drm]] Added [PLANE:36:plane-0] 000000007612c2fe state to 0000000000cc0718
07-22 21:31:17.405 0 0 D : [drm:drm_atomic_get_crtc_state [drm]] Added [CRTC:43:crtc-0] 000000001bcf3d63 state to 0000000000cc0718
07-22 21:31:17.405 0 0 D : [drm:drm_atomic_set_crtc_for_plane [drm]] Link plane state 000000007612c2fe to [CRTC:43:crtc-0]
07-22 21:31:17.405 0 0 D : [drm:drm_atomic_set_fb_for_plane [drm]] Set [FB:78] for plane state 000000007612c2fe
07-22 21:31:17.405 0 0 D : [drm:drm_atomic_check_only [drm]] checking 0000000000cc0718
07-22 21:31:17.405 0 0 D : [drm:dm_update_planes_state [amdgpu]] Disabling DRM plane: 36 on DRM crtc 43
07-22 21:31:17.405 0 0 D : [drm:dm_update_planes_state [amdgpu]] Enabling DRM plane: 36 on DRM crtc 43
07-22 21:31:17.405 0 0 D : [drm:drm_atomic_commit [drm]] committing 0000000000cc0718
07-22 21:31:17.406 0 0 D : [drm:amdgpu_dm_atomic_commit_tail [amdgpu]] amdgpu_crtc id:0 crtc_state_flags: enable:1, active:1, planes_changed:1, mode_changed:0,active_changed:0,connectors_changed:0
07-22 21:31:17.406 0 0 D [drm:amdgpu_dm_atomic_commit_tail [amdgpu]] crtc: 0, pflip_stat:AMDGPU_FLIP_SUBMITTED
07-22 21:31:17.092 4695 4790 D com.futuremark.dmandroid.MonitoringDataUtil: added monitoring data from file 1343907904210.csv. Sample count: 79
07-22 21:31:17.094 4695 4790 D com.futuremark.dmandroid.MonitoringDataUtil: added monitoring data from file 1382677849864.csv. Sample count: 82
07-22 21:31:17.417 0 0 D : [drm:dm_pflip_high_irq [amdgpu]] dm_pflip_high_irq - crtc :0[00000000da4e46cc], pflip_stat:AMDGPU_FLIP_NONE
07-22 21:31:17.418 0 0 D : [drm:drm_atomic_state_default_clear [drm]] Clearing atomic state 0000000000cc0718
07-22 21:31:17.418 0 0 D : [drm:__drm_atomic_state_free [drm]] Freeing atomic state 0000000000cc0718
07-22 21:31:17.421 0 0 D [drm:drm_mode_addfb2 [drm]] [FB: 74]
07-22 21:31:17.421 0 0 D : [drm:drm_atomic_state_init [drm]] Allocated atomic state 00000000be7225ca
07-22 21:31:17.422 0 0 D : [drm:drm_atomic_get_plane_state [drm]] Added [PLANE:36:plane-0] 000000001eb51ce2 state to 00000000be7225ca
07-22 21:31:17.422 0 0 D : [drm:drm_atomic_get_crtc_state [drm]] Added [CRTC:43:crtc-0] 000000001b717f3e state to 00000000be7225ca
07-22 21:31:17.422 0 0 D : [drm:drm_atomic_set_crtc_for_plane [drm]] Link plane state 000000001eb51ce2 to [CRTC:43:crtc-0]
07-22 21:31:17.422 0 0 D : [drm:drm_atomic_set_fb_for_plane [drm]] Set [FB:74] for plane state 000000001eb51ce2
07-22 21:31:17.422 0 0 D : [drm:drm_atomic_check_only [drm]] checking 00000000be7225ca
07-22 21:31:17.422 0 0 D : [drm:dm_update_planes_state [amdgpu]] Disabling DRM plane: 36 on DRM crtc 43
07-22 21:31:17.422 0 0 D : [drm:dm_update_planes_state [amdgpu]] Enabling DRM plane: 36 on DRM crtc 43
07-22 21:31:17.422 0 0 D : [drm:drm_atomic_state_default_clear [drm]] Clearing atomic state 00000000be7225ca
07-22 21:31:17.422 0 0 D : [drm:__drm_atomic_state_free [drm]] Freeing atomic state 00000000be7225ca
