07-22 21:31:11.131 4875 4875 I chatty : uid=10090 com.futuremark.dmandroid.application:workload identical 3 lines
07-22 21:31:11.148 4875 4875 I com.futuremark.dmandroid.BaseWorkloadActivity: call to BaseWorkloadActivity.onUserInteraction
07-22 21:31:11.153 4875 4922 D 3DMarkAndroid: 21:31:11
07-22 21:31:11.153 4875 4922 D 3DMarkAndroid: 286588.23779296875
07-22 21:31:11.153 4875 4922 D 3DMarkAndroid:
07-22 21:31:11.153 4875 4922 D 3DMarkAndroid: 11136
07-22 21:31:11.153 4875 4922 D 3DMarkAndroid: 25.735294342041016
07-22 21:31:11.153 4875 4922 D 3DMarkAndroid:
07-22 21:31:11.153 4875 4922 D 3DMarkAndroid:
07-22 21:31:11.153 4875 4922 D 3DMarkAndroid:
07-22 21:31:11.153 4875 4922 D 3DMarkAndroid: 2018-07-22T21:30:34.3965080192
07-22 21:31:11.153 4875 4922 D 3DMarkAndroid: 2018-07-22T21:30:35.40036060228
07-22 21:31:11.153 4875 4922 D 3DMarkAndroid: 2018-07-22T21:30:36.41840960264
07-22 21:31:11.153 4875 4922 D 3DMarkAndroid: 2018-07-22T21:30:37.43512960300
07-22 21:31:11.153 4875 4922 D 3DMarkAndroid: 2018-07-22T21:30:38.43666860.0393677336
07-22 21:31:11.153 4875 4922 D 3DMarkAndroid:
07-22 21:31:11.153 4875 4922 D 3DMarkAndroid: 2018-07-22T21:30:39.45097460372
07-22 21:31:11.153 4875 4922 D 3DMarkAndroid: 2018-07-22T21:30:40.46812760432
07-22 21:31:11.153 4875 4922 D 3DMarkAndroid: 2018-07-22T21:30:41.48507160504
07-22 21:31:11.153 4875 4922 D 3DMarkAndroid: 2018-07-22T21:30:42.50216260576
07-22 21:31:11.153 4875 4922 D 3DMarkAndroid: 2018-07-22T21:30:43.52023160648
07-22 21:31:11.153 4875 4922 D 3DMarkAndroid: 2018-07-22T21:30:44.53582660720
07-22 21:31:11.153 4875 4922 D 3DMarkAndroid: 2018-07-22T21:30:45.55333160816
07-22 21:31:11.153 4875 4922 D 3DMarkAndroid: 2018-07-22T21:30:46.56922060.0393677960
07-22 21:31:11.153 4875 4922 D 3DMarkAndroid: 2018-07-22T21:30:47.57097259.94005581104
07-22 21:31:11.153 4875 4922 D 3DMarkAndroid: 2018-07-22T21:30:48.587528601248
07-22 21:31:11.153 4875 4922 D 3DMarkAndroid: 2018-07-22T21:30:49.589005601392
07-22 21:31:11.153 4875 4922 D 3DMarkAndroid: 2018-07-22T21:30:50.604355601536
07-22 21:31:11.153 4875 4922 D 3DMarkAndroid: 2018-07-22T21:30:51.605383601824
07-22 21:31:11.153 4875 4922 D 3DMarkAndroid: 2018-07-22T21:30:52.623936602112
07-22 21:31:11.153 4875 4922 D 3DMarkAndroid: 2018-07-22T21:30:53.625379602400
07-22 21:31:11.153 4875 4922 D 3DMarkAndroid: 2018-07-22T21:30:54.641839602688
07-22 21:31:11.153 4875 4922 D 3DMarkAndroid: 2018-07-22T21:30:55.659212602976
07-22 21:31:11.153 4875 4922 D 3DMarkAndroid: 2018-07-22T21:30:56.67808759.94005583456
07-22 21:31:11.153 4875 4922 D 3DMarkAndroid: 2018-07-22T21
07-22 21:31:11.153 4875 4922 D 3DMarkAndroid: 30:57.69375960.03936774032
07-22 21:31:11.153 4875 4922 D 3DMarkAndroid: 2018-07-22T21:30:58.695256604608
07-22 21:31:11.153 4875 4922 D 3DMarkAndroid: 2018-07-22T21:30:59.70314059.70149235184
07-22 21:31:11.153 4875 4922 D 3DMarkAndroid: 2018-07-22T21:31:00.704866555760
07-22 21:31:11.153 4875 4922 D 3DMarkAndroid: 2018-07-22T21:31:01.725455516528
07-22 21:31:11.153 4875 4922 D 3DMarkAndroid: 2018-07-22T21:31:02.72958745.90818417296
07-22 21:31:11.153 4875 4922 D 3DMarkAndroid: 2018-07-22T21:31:03.74423141.5019768064
07-22 21:31:11.153 4875 4922 D 3DMarkAndroid: 2018-07-22T21:31:04.74834637.92415248832
07-22 21:31:11.153 4875 4922 D 3DMarkAndroid: 2018-07-22T21:31:05.750418359600
07-22 21:31:11.153 4875 4922 D 3DMarkAndroid: 32.83581929984
07-22 21:31:11.153 4875 4922 D 3DMarkAndroid: 2018-07-22T21:31:07.76536130.815107310752
07-22 21:31:11.153 4875 4922 D 3DMarkAndroid: 2018-07-22T21:31:08.79184029.239765211136
07-22 21:31:11.153 4875 4922 D 3DMarkAndroid: 2018-07-22T21:31:09.83116427.158098211136
07-22 21:31:11.153 4875 4922 D 3DMarkAndroid: 2018-07-22T21:31:10.84343825.565389611136
07-22 21:31:11.153 4875 4922 D 3DMarkAndroid:
07-22 21:31:11.153 4875 4922 D 3DMarkAndroid:
07-22 21:31:11.153 4875 4922 D 3DMarkAndroid:
07-22 21:31:11.153 4875 4922 D 3DMarkAndroid: WorkloadLoadingStarted
07-22 21:31:11.153 4875 4922 D 3DMarkAndroid: WorkloadLoadingEnded
07-22 21:31:11.153 4875 4922 D 3DMarkAndroid: WorkloadTestStarted
07-22 21:31:11.153 4875 4922 D 3DMarkAndroid: WorkloadTestEnded
07-22 21:31:11.153 4875 4922 D 3DMarkAndroid:
07-22 21:31:11.153 4875 4922 D 3DMarkAndroid:
07-22 21:31:11.153 4875 4922 D 3DMarkAndroid:
07-22 21:31:11.484 0 0 D : [drm:dm_pflip_high_irq [amdgpu]] dm_pflip_high_irq - crtc :0[00000000da4e46cc], pflip_stat:AMDGPU_FLIP_NONE
07-22 21:31:11.484 0 0 D : [drm:drm_atomic_state_default_clear [drm]] Clearing atomic state 000000009137b96d
07-22 21:31:11.484 0 0 D : [drm:__drm_atomic_state_free [drm]] Freeing atomic state 000000009137b96d
07-22 21:31:11.164 4875 4922 D com.futuremark.dmandroid.GL3Renderer: tearDown()
07-22 21:31:11.164 4875 4922 D 3DMarkAndroid: 21:31:11 Reset native_application instance
07-22 21:31:11.164 4875 4875 I com.futuremark.dmandroid.BaseWorkloadActivity: call to BaseWorkloadActivity.onUserInteraction
07-22 21:31:11.487 0 0 D [drm:drm_mode_addfb2 [drm]] [FB: 74]
07-22 21:31:11.487 0 0 D : [drm:drm_atomic_state_init [drm]] Allocated atomic state 00000000067f714f
07-22 21:31:11.487 0 0 D : [drm:drm_atomic_get_plane_state [drm]] Added [PLANE:36:plane-0] 0000000073f6a83e state to 00000000067f714f
07-22 21:31:11.487 0 0 D : [drm:drm_atomic_get_crtc_state [drm]] Added [CRTC:43:crtc-0] 00000000c5d36fa3 state to 00000000067f714f
07-22 21:31:11.487 0 0 D : [drm:drm_atomic_set_crtc_for_plane [drm]] Link plane state 0000000073f6a83e to [CRTC:43:crtc-0]
07-22 21:31:11.487 0 0 D : [drm:drm_atomic_set_fb_for_plane [drm]] Set [FB:74] for plane state 0000000073f6a83e
07-22 21:31:11.487 0 0 D : [drm:drm_atomic_check_only [drm]] checking 00000000067f714f
07-22 21:31:11.487 0 0 D : [drm:dm_update_planes_state [amdgpu]] Disabling DRM plane: 36 on DRM crtc 43
07-22 21:31:11.487 0 0 D : [drm:dm_update_planes_state [amdgpu]] Enabling DRM plane: 36 on DRM crtc 43
07-22 21:31:11.487 0 0 D : [drm:drm_atomic_state_default_clear [drm]] Clearing atomic state 00000000067f714f
07-22 21:31:11.487 0 0 D : [drm:__drm_atomic_state_free [drm]] Freeing atomic state 00000000067f714f
07-22 21:31:11.488 0 0 D : [drm:drm_atomic_state_init [drm]] Allocated atomic state 00000000ba51e609
07-22 21:31:11.488 0 0 D : [drm:drm_atomic_get_plane_state [drm]] Added [PLANE:36:plane-0] 0000000005ccf683 state to 00000000ba51e609
07-22 21:31:11.488 0 0 D : [drm:drm_atomic_get_crtc_state [drm]] Added [CRTC:43:crtc-0] 000000006d29f37b state to 00000000ba51e609
07-22 21:31:11.488 0 0 D : [drm:drm_atomic_set_crtc_for_plane [drm]] Link plane state 0000000005ccf683 to [CRTC:43:crtc-0]
07-22 21:31:11.488 0 0 D : [drm:drm_atomic_set_fb_for_plane [drm]] Set [FB:74] for plane state 0000000005ccf683
07-22 21:31:11.488 0 0 D : [drm:drm_atomic_check_only [drm]] checking 00000000ba51e609
07-22 21:31:11.488 0 0 D : [drm:dm_update_planes_state [amdgpu]] Disabling DRM plane: 36 on DRM crtc 43
07-22 21:31:11.488 0 0 D : [drm:dm_update_planes_state [amdgpu]] Enabling DRM plane: 36 on DRM crtc 43
07-22 21:31:11.488 0 0 D : [drm:drm_atomic_commit [drm]] committing 00000000ba51e609
07-22 21:31:11.488 0 0 D : [drm:amdgpu_dm_atomic_commit_tail [amdgpu]] amdgpu_crtc id:0 crtc_state_flags: enable:1, active:1, planes_changed:1, mode_changed:0,active_changed:0,connectors_changed:0
07-22 21:31:11.488 0 0 D [drm:amdgpu_dm_atomic_commit_tail [amdgpu]] crtc: 0, pflip_stat:AMDGPU_FLIP_SUBMITTED
07-22 21:31:11.501 0 0 D : [drm:dm_pflip_high_irq [amdgpu]] dm_pflip_high_irq - crtc :0[00000000da4e46cc], pflip_stat:AMDGPU_FLIP_NONE
07-22 21:31:11.501 0 0 D : [drm:drm_atomic_state_default_clear [drm]] Clearing atomic state 00000000ba51e609
07-22 21:31:11.501 0 0 D : [drm:__drm_atomic_state_free [drm]] Freeing atomic state 00000000ba51e609
07-22 21:31:11.503 0 0 D [drm:drm_mode_addfb2 [drm]] [FB: 78]
07-22 21:31:11.503 0 0 D : [drm:drm_atomic_state_init [drm]] Allocated atomic state 00000000b5dba1f1
07-22 21:31:11.503 0 0 D : [drm:drm_atomic_get_plane_state [drm]] Added [PLANE:36:plane-0] 000000003d659290 state to 00000000b5dba1f1
07-22 21:31:11.503 0 0 D : [drm:drm_atomic_get_crtc_state [drm]] Added [CRTC:43:crtc-0] 000000009c0438db state to 00000000b5dba1f1
07-22 21:31:11.503 0 0 D : [drm:drm_atomic_set_crtc_for_plane [drm]] Link plane state 000000003d659290 to [CRTC:43:crtc-0]
07-22 21:31:11.503 0 0 D : [drm:drm_atomic_set_fb_for_plane [drm]] Set [FB:78] for plane state 000000003d659290
07-22 21:31:11.503 0 0 D : [drm:drm_atomic_check_only [drm]] checking 00000000b5dba1f1
07-22 21:31:11.503 0 0 D : [drm:dm_update_planes_state [amdgpu]] Disabling DRM plane: 36 on DRM crtc 43
07-22 21:31:11.503 0 0 D : [drm:dm_update_planes_state [amdgpu]] Enabling DRM plane: 36 on DRM crtc 43
07-22 21:31:11.503 0 0 D : [drm:drm_atomic_state_default_clear [drm]] Clearing atomic state 00000000b5dba1f1
07-22 21:31:11.504 0 0 D : [drm:__drm_atomic_state_free [drm]] Freeing atomic state 00000000b5dba1f1
07-22 21:31:11.504 0 0 D : [drm:drm_atomic_state_init [drm]] Allocated atomic state 00000000086652cc
07-22 21:31:11.504 0 0 D : [drm:drm_atomic_get_plane_state [drm]] Added [PLANE:36:plane-0] 0000000073f6a83e state to 00000000086652cc
07-22 21:31:11.504 0 0 D : [drm:drm_atomic_get_crtc_state [drm]] Added [CRTC:43:crtc-0] 000000001e7cf4f7 state to 00000000086652cc
07-22 21:31:11.504 0 0 D : [drm:drm_atomic_set_crtc_for_plane [drm]] Link plane state 0000000073f6a83e to [CRTC:43:crtc-0]
07-22 21:31:11.504 0 0 D : [drm:drm_atomic_set_fb_for_plane [drm]] Set [FB:78] for plane state 0000000073f6a83e
07-22 21:31:11.504 0 0 D : [drm:drm_atomic_check_only [drm]] checking 00000000086652cc
07-22 21:31:11.504 0 0 D : [drm:dm_update_planes_state [amdgpu]] Disabling DRM plane: 36 on DRM crtc 43
07-22 21:31:11.504 0 0 D : [drm:dm_update_planes_state [amdgpu]] Enabling DRM plane: 36 on DRM crtc 43
07-22 21:31:11.504 0 0 D : [drm:drm_atomic_commit [drm]] committing 00000000086652cc
07-22 21:31:11.504 0 0 D : [drm:amdgpu_dm_atomic_commit_tail [amdgpu]] amdgpu_crtc id:0 crtc_state_flags: enable:1, active:1, planes_changed:1, mode_changed:0,active_changed:0,connectors_changed:0
07-22 21:31:11.504 0 0 D [drm:amdgpu_dm_atomic_commit_tail [amdgpu]] crtc: 0, pflip_stat:AMDGPU_FLIP_SUBMITTED
07-22 21:31:11.517 0 0 D : [drm:dm_pflip_high_irq [amdgpu]] dm_pflip_high_irq - crtc :0[00000000da4e46cc], pflip_stat:AMDGPU_FLIP_NONE
07-22 21:31:11.517 0 0 D : [drm:drm_atomic_state_default_clear [drm]] Clearing atomic state 00000000086652cc
07-22 21:31:11.517 0 0 D : [drm:__drm_atomic_state_free [drm]] Freeing atomic state 00000000086652cc
07-22 21:31:11.520 0 0 D [drm:drm_mode_addfb2 [drm]] [FB: 74]
07-22 21:31:11.520 0 0 D : [drm:drm_atomic_state_init [drm]] Allocated atomic state 000000001950793e
07-22 21:31:11.520 0 0 D : [drm:drm_atomic_get_plane_state [drm]] Added [PLANE:36:plane-0] 000000003d659290 state to 000000001950793e
07-22 21:31:11.520 0 0 D : [drm:drm_atomic_get_crtc_state [drm]] Added [CRTC:43:crtc-0] 0000000078335bcd state to 000000001950793e
07-22 21:31:11.520 0 0 D : [drm:drm_atomic_set_crtc_for_plane [drm]] Link plane state 000000003d659290 to [CRTC:43:crtc-0]
07-22 21:31:11.520 0 0 D : [drm:drm_atomic_set_fb_for_plane [drm]] Set [FB:74] for plane state 000000003d659290
07-22 21:31:11.520 0 0 D : [drm:drm_atomic_check_only [drm]] checking 000000001950793e
07-22 21:31:11.520 0 0 D : [drm:dm_update_planes_state [amdgpu]] Disabling DRM plane: 36 on DRM crtc 43
07-22 21:31:11.520 0 0 D : [drm:dm_update_planes_state [amdgpu]] Enabling DRM plane: 36 on DRM crtc 43
07-22 21:31:11.520 0 0 D : [drm:drm_atomic_state_default_clear [drm]] Clearing atomic state 000000001950793e
07-22 21:31:11.520 0 0 D : [drm:__drm_atomic_state_free [drm]] Freeing atomic state 000000001950793e
07-22 21:31:11.521 0 0 D : [drm:drm_atomic_state_init [drm]] Allocated atomic state 00000000c34fd4bf
07-22 21:31:11.521 0 0 D : [drm:drm_atomic_get_plane_state [drm]] Added [PLANE:36:plane-0] 0000000005ccf683 state to 00000000c34fd4bf
07-22 21:31:11.521 0 0 D : [drm:drm_atomic_get_crtc_state [drm]] Added [CRTC:43:crtc-0] 000000008bf1d977 state to 00000000c34fd4bf
07-22 21:31:11.521 0 0 D : [drm:drm_atomic_set_crtc_for_plane [drm]] Link plane state 0000000005ccf683 to [CRTC:43:crtc-0]
07-22 21:31:11.521 0 0 D : [drm:drm_atomic_set_fb_for_plane [drm]] Set [FB:74] for plane state 0000000005ccf683
07-22 21:31:11.521 0 0 D : [drm:drm_atomic_check_only [drm]] checking 00000000c34fd4bf
07-22 21:31:11.521 0 0 D : [drm:dm_update_planes_state [amdgpu]] Disabling DRM plane: 36 on DRM crtc 43
07-22 21:31:11.521 0 0 D : [drm:dm_update_planes_state [amdgpu]] Enabling DRM plane: 36 on DRM crtc 43
07-22 21:31:11.521 0 0 D : [drm:drm_atomic_commit [drm]] committing 00000000c34fd4bf
07-22 21:31:11.521 0 0 D : [drm:amdgpu_dm_atomic_commit_tail [amdgpu]] amdgpu_crtc id:0 crtc_state_flags: enable:1, active:1, planes_changed:1, mode_changed:0,active_changed:0,connectors_changed:0
07-22 21:31:11.521 0 0 D [drm:amdgpu_dm_atomic_commit_tail [amdgpu]] crtc: 0, pflip_stat:AMDGPU_FLIP_SUBMITTED
07-22 21:31:11.181 4875 4875 I chatty : uid=10090 com.futuremark.dmandroid.application:workload identical 1 line
07-22 21:31:11.197 4875 4875 I com.futuremark.dmandroid.BaseWorkloadActivity: call to BaseWorkloadActivity.onUserInteraction
07-22 21:31:11.204 4875 4922 D 3DMarkAndroid: 21:31:11 buffer_resource:
07-22 21:31:11.204 4875 4922 D 3DMarkAndroid: 21:31:11 25147752 bytes
07-22 21:31:11.204 4875 4922 D 3DMarkAndroid: 21:31:11 texture_2d_resource:
07-22 21:31:11.204 4875 4922 D 3DMarkAndroid: 21:31:11 37093887 bytes
07-22 21:31:11.204 4875 4922 D com.futuremark.dmandroid.GL3Renderer: Teared down
07-22 21:31:11.204 4875 4875 I com.futuremark.dmandroid.BaseWorkloadActivity: call to BaseWorkloadActivity.workloadFinished
07-22 21:31:11.204 4875 4875 D com.futuremark.dmandroid.MonitoringDataService: monitoringdataservice 1343907904210.csv received workloadevent
07-22 21:31:11.204 4875 4875 I com.futuremark.dmandroid.MonitoringDataService: Received workload event: EndWorkloadWork:FarandoleOpenGlEs30C:FarandoleOpenGlEs30C:-1:-1
07-22 21:31:11.204 4875 4875 I com.futuremark.dmandroid.MonitoringDataManager: addEvent sampleIndex:39, time:38.653s, event:EndWorkloadWork:FarandoleOpenGlEs30C:FarandoleOpenGlEs30C:-1:-1
07-22 21:31:11.204 4875 4875 I com.futuremark.dmandroid.BaseWorkloadActivity: Stopping monitoring service
07-22 21:31:11.204 4875 4875 I com.futuremark.dmandroid.SystemInfoPoller: Stopping. Broadcasts sent:38
07-22 21:31:11.204 4875 4875 I com.futuremark.dmandroid.SystemInfoServiceImpl: pause: Unregistering CPUID battery receiver
07-22 21:31:11.205 4875 4875 I com.futuremark.dmandroid.SystemInfoPoller: Executor shutdown
07-22 21:31:11.205 4875 4875 W com.futuremark.dmandroid.*cyNativeWorkloadHelper: building workload result
07-22 21:31:11.206 4875 4875 I com.futuremark.dmandroid.*cyNativeWorkloadHelper: trying to parse getNativeWrapper().getResult():
07-22 21:31:11.206 4875 4875 I com.futuremark.dmandroid.*cyNativeWorkloadHelper: 286588.23779296875
07-22 21:31:11.206 4875 4875 I com.futuremark.dmandroid.*cyNativeWorkloadHelper:
07-22 21:31:11.206 4875 4875 I com.futuremark.dmandroid.*cyNativeWorkloadHelper: 11136
07-22 21:31:11.206 4875 4875 I com.futuremark.dmandroid.*cyNativeWorkloadHelper: 25.735294342041016
07-22 21:31:11.206 4875 4875 I com.futuremark.dmandroid.*cyNativeWorkloadHelper:
07-22 21:31:11.206 4875 4875 I com.futuremark.dmandroid.*cyNativeWorkloadHelper:
07-22 21:31:11.206 4875 4875 I com.futuremark.dmandroid.*cyNativeWorkloadHelper:
07-22 21:31:11.206 4875 4875 I com.futuremark.dmandroid.*cyNativeWorkloadHelper: 2018-07-22T21:30:34.3965080192
07-22 21:31:11.206 4875 4875 I com.futuremark.dmandroid.*cyNativeWorkloadHelper: 2018-07-22T21:30:35.40036060228
07-22 21:31:11.206 4875 4875 I com.futuremark.dmandroid.*cyNativeWorkloadHelper: 2018-07-22T21:30:36.41840960264
07-22 21:31:11.206 4875 4875 I com.futuremark.dmandroid.*cyNativeWorkloadHelper: 2018-07-22T21:30:37.43512960300
07-22 21:31:11.206 4875 4875 I com.futuremark.dmandroid.*cyNativeWorkloadHelper: 2018-07-22T21:30:38.43666860.0393677336
07-22 21:31:11.206 4875 4875 I com.futuremark.dmandroid.*cyNativeWorkloadHelper: 2018-07-22T21:30:39.45097460372
07-22 21:31:11.206 4875 4875 I com.futuremark.dmandroid.*cyNativeWorkloadHelper: 2018-07-22T21:30:40.46812760432
07-22 21:31:11.206 4875 4875 I com.futuremark.dmandroid.*cyNativeWorkloadHelper: 2018-07-22T21:30:41.48507160504
07-22 21:31:11.206 4875 4875 I com.futuremark.dmandroid.*cyNativeWorkloadHelper: 2018-07-22T21:30:42.50216260576
07-22 21:31:11.206 4875 4875 I com.futuremark.dmandroid.*cyNativeWorkloadHelper: 2018-07-22T21:30:43.52023160648
07-22 21:31:11.206 4875 4875 I com.futuremark.dmandroid.*cyNativeWorkloadHelper: 2018-07-22T21:30:44.53582660720
07-22 21:31:11.206 4875 4875 I com.futuremark.dmandroid.*cyNativeWorkloadHelper: 2018-07-22T21:30:45.55333160816
07-22 21:31:11.206 4875 4875 I com.futuremark.dmandroid.*cyNativeWorkloadHelper: 2018-07-22T21:30:46.56922060.0393677960
07-22 21:31:11.206 4875 4875 I com.futuremark.dmandroid.*cyNativeWorkloadHelper: 2018-07-22T21:30:47.57097259.94005581104
07-22 21:31:11.206 4875 4875 I com.futuremark.dmandroid.*cyNativeWorkloadHelper: 2018-07-22T21:30:48.587528601248
07-22 21:31:11.206 4875 4875 I com.futuremark.dmandroid.*cyNativeWorkloadHelper: 2018-07-22T21:30:49.589005601392
07-22 21:31:11.206 4875 4875 I com.futuremark.dmandroid.*cyNativeWorkloadHelper: 2018-07-22T21:30:50.604355601536
07-22 21:31:11.206 4875 4875 I com.futuremark.dmandroid.*cyNativeWorkloadHelper: 2018-07-22T21:30:51.605383601824
07-22 21:31:11.206 4875 4875 I com.futuremark.dmandroid.*cyNativeWorkloadHelper: 2018-07-22T21:30:52.623936602112
07-22 21:31:11.206 4875 4875 I com.futuremark.dmandroid.*cyNativeWorkloadHelper: 2018-07-22T21:30:53.625379602400
07-22 21:31:11.206 4875 4875 I com.futuremark.dmandroid.*cyNativeWorkloadHelper: 2018-07-22T21:30:54.641839602688
07-22 21:31:11.206 4875 4875 I com.futuremark.dmandroid.*cyNativeWorkloadHelper: 2018-07-22T21:30:55.659212602976
07-22 21:31:11.206 4875 4875 I com.futuremark.dmandroid.*cyNativeWorkloadHelper: 2018-07-22T21:30:56.67808759.94005583456
07-22 21:31:11.206 4875 4875 I com.futuremark.dmandroid.*cyNativeWorkloadHelper: 2018-07-22T21:30:57.69375960.03936774032
07-22 21:31:11.206 4875 4875 I com.futuremark.dmandroid.*cyNativeWorkloadHelper: 2018-07-22T21:30:58.695256604608
07-22 21:31:11.206 4875 4875 I com.futuremark.dmandroid.*cyNativeWorkloadHelper: 2018-07-22T21:30:59.70314059.70149235184
07-22 21:31:11.206 4875 4875 I com.futuremark.dmandroid.*cyNativeWorkloadHelper: 2018-07-22T21:31:00.704866555760
07-22 21:31:11.206 4875 4875 I com.futuremark.dmandroid.*cyNativeWorkloadHelper: 2018-07-22T21:31:01.725455516528
07-22 21:31:11.206 4875 4875 I com.futuremark.dmandroid.*cyNativeWorkloadHelper: 2018-07-22T21:31:02.72958745.90818417296
07-22 21:31:11.206 4875 4875 I com.futuremark.dmandroid.*cyNativeWorkloadHelper: 2018-07-22T21:31:03.74423141.5019768064
07-22 21:31:11.206 4875 4875 I com.futuremark.dmandroid.*cyNativeWorkloadHelper: 2018-07-22T21:31:04.74834637.92415248832
07-22 21:31:11.206 4875 4875 I com.futuremark.dmandroid.*cyNativeWorkloadHelper:
07-22 21:31:11.212 4875 4875 I com.futuremark.dmandroid.*OpenGlWorkloadActivity: 286588.23779296875
07-22 21:31:11.212 4875 4875 I com.futuremark.dmandroid.*OpenGlWorkloadActivity:
07-22 21:31:11.212 4875 4875 I com.futuremark.dmandroid.*OpenGlWorkloadActivity: 11136
07-22 21:31:11.212 4875 4875 I com.futuremark.dmandroid.*OpenGlWorkloadActivity: 25.735294342041016
07-22 21:31:11.212 4875 4875 I com.futuremark.dmandroid.*OpenGlWorkloadActivity:
07-22 21:31:11.212 4875 4875 I com.futuremark.dmandroid.*OpenGlWorkloadActivity:
07-22 21:31:11.212 4875 4875 I com.futuremark.dmandroid.*OpenGlWorkloadActivity:
07-22 21:31:11.212 4875 4875 I com.futuremark.dmandroid.*OpenGlWorkloadActivity: 2018-07-22T21:30:34.3965080192
07-22 21:31:11.212 4875 4875 I com.futuremark.dmandroid.*OpenGlWorkloadActivity: 2018-07-22T21:30:35.40036060228
07-22 21:31:11.212 4875 4875 I com.futuremark.dmandroid.*OpenGlWorkloadActivity: 2018-07-22T21:30:36.41840960264
07-22 21:31:11.212 4875 4875 I com.futuremark.dmandroid.*OpenGlWorkloadActivity: 2018-07-22T21:30:37.43512960300
07-22 21:31:11.212 4875 4875 I com.futuremark.dmandroid.*OpenGlWorkloadActivity: 2018-07-22T21:30:38.43666860.0393677336
07-22 21:31:11.212 4875 4875 I com.futuremark.dmandroid.*OpenGlWorkloadActivity: 2018-07-22T21:30:39.45097460372
07-22 21:31:11.212 4875 4875 I com.futuremark.dmandroid.*OpenGlWorkloadActivity: 2018-07-22T21:30:40.46812760432
07-22 21:31:11.212 4875 4875 I com.futuremark.dmandroid.*OpenGlWorkloadActivity: 2018-07-22T21:30:41.48507160504
07-22 21:31:11.212 4875 4875 I com.futuremark.dmandroid.*OpenGlWorkloadActivity: 2018-07-22T21:30:42.50216260576
07-22 21:31:11.212 4875 4875 I com.futuremark.dmandroid.*OpenGlWorkloadActivity: 2018-07-22T21:30:43.52023160648
07-22 21:31:11.212 4875 4875 I com.futuremark.dmandroid.*OpenGlWorkloadActivity: 2018-07-22T21:30:44.53582660720
07-22 21:31:11.212 4875 4875 I com.futuremark.dmandroid.*OpenGlWorkloadActivity: 2018-07-22T21:30:45.55333160816
07-22 21:31:11.212 4875 4875 I com.futuremark.dmandroid.*OpenGlWorkloadActivity: 2018-07-22T21:30:46.56922060.0393677960
07-22 21:31:11.212 4875 4875 I com.futuremark.dmandroid.*OpenGlWorkloadActivity: 2018-07-22T21:30:47.57097259.94005581104
07-22 21:31:11.212 4875 4875 I com.futuremark.dmandroid.*OpenGlWorkloadActivity: 2018-07-22T21:30:48.587528601248
07-22 21:31:11.212 4875 4875 I com.futuremark.dmandroid.*OpenGlWorkloadActivity: 2018-07-22T21:30:49.589005601392
07-22 21:31:11.212 4875 4875 I com.futuremark.dmandroid.*OpenGlWorkloadActivity: 2018-07-22T21:30:50.604355601536
07-22 21:31:11.212 4875 4875 I com.futuremark.dmandroid.*OpenGlWorkloadActivity: 2018-07-22T21:30:51.605383601824
07-22 21:31:11.212 4875 4875 I com.futuremark.dmandroid.*OpenGlWorkloadActivity: 2018-07-22T21:30:52.623936602112
07-22 21:31:11.212 4875 4875 I com.futuremark.dmandroid.*OpenGlWorkloadActivity: 2018-07-22T21:30:53.625379602400
07-22 21:31:11.212 4875 4875 I com.futuremark.dmandroid.*OpenGlWorkloadActivity: 2018-07-22T21:30:54.641839602688
07-22 21:31:11.212 4875 4875 I com.futuremark.dmandroid.*OpenGlWorkloadActivity: 2018-07-22T21:30:55.659212602976
07-22 21:31:11.212 4875 4875 I com.futuremark.dmandroid.*OpenGlWorkloadActivity: 2018-07-22T21:30:56.67808759.94005583456
07-22 21:31:11.212 4875 4875 I com.futuremark.dmandroid.*OpenGlWorkloadActivity: 2018-07-22T21:30:57.69375960.03936774032
07-22 21:31:11.212 4875 4875 I com.futuremark.dmandroid.*OpenGlWorkloadActivity: 2018-07-22T21:30:58.695256604608
07-22 21:31:11.212 4875 4875 I com.futuremark.dmandroid.*OpenGlWorkloadActivity: 2018-07-22T21:30:59.70314059.70149235184
07-22 21:31:11.212 4875 4875 I com.futuremark.dmandroid.*OpenGlWorkloadActivity: 2018-07-22T21:31:00.704866555760
07-22 21:31:11.212 4875 4875 I com.futuremark.dmandroid.*OpenGlWorkloadActivity: 2018-07-22T21:31:01.725455516528
07-22 21:31:11.212 4875 4875 I com.futuremark.dmandroid.*OpenGlWorkloadActivity: 2018-07-22T21:31:02.72958745.90818417296
07-22 21:31:11.212 4875 4875 I com.futuremark.dmandroid.*OpenGlWorkloadActivity: 2018-07-22T21:31:03.74423141.5019768064
07-22 21:31:11.212 4875 4875 I com.futuremark.dmandroid.*OpenGlWorkloadActivity: 2018-07-22T21:31:04.74834637.92415248832
07-22 21:31:11.212 4875 4875 I com.futuremark.dmandroid.*OpenGlWorkloadActivity: 2018-07-22T21:31:05.750418(int, com.google.common.collect.ImmutableMapEntry$TerminalEntry[]) due to JIT inline cache
07-22 21:31:11.227 4875 4875 I com.futuremark.dmandroid.MonitoringDataService: flushMonitoringData 1343907904210.csv
07-22 21:31:11.227 4875 4875 I zygote : Deoptimizing com.google.common.collect.UnmodifiableIterator com.google.common.collect.ImmutableList.iterator() due to JIT inline cache
07-22 21:31:11.228 4875 4875 I com.futuremark.dmandroid.MonitoringDataService: Writing CSV with 14 columns, 77 rows, write header: true, to /data/user/0/com.futuremark.dmandroid.application/files/f0dfee69-cb4d-48f6-9d2a-32dc6babb051/1343907904210.csv, keys:[AbstractSeriesKey{dataVariant=RAW, variableType=FramesPerSecond, name='BM/FramesPerSecond/memory:I1000', dataSourceType=BM, samplingInfo=I1000, seriesUnit=FramesPerSecond}, AbstractSeriesKey{dataVariant=RAW, variableType=RunTimeSeconds, name='BM/RunTimeSeconds:E', dataSourceType=BM, samplingInfo=E, seriesUnit=Seconds}, AbstractSeriesKey{dataVariant=HIGH, variableType=CpuLoad, name='HIGH/CPUID/CpuLoad/0:I1000', dataSourceType=CPUID, samplingInfo=I1000, seriesUnit=Percentage}, AbstractSeriesKey{dataVariant=HIGH, variableType=CpuFrequency, name='HIGH/CPUID/CpuFrequency:I1000', dataSourceType=CPUID, samplingInfo=I1000, seriesUnit=Mhz}, AbstractSeriesKey{dataVariant=LOW, variableType=CpuLoad, name='LOW/CPUID/CpuLoad/0:I1000', dataSourceType=CPUID, samplingInfo=I1000, seriesUnit=Percentage}, AbstractSeriesKey{dataVariant=LOW, variableType=CpuFrequency, name='LOW/CPUID/CpuFrequency:I1000', dataSourceType=CPUID, samplingInfo=I1000, seriesUnit=Mhz}, AbstractSeriesKey{dataVariant=AVERAGE, variableType=CpuLoad, name='AVG/CPUID/CpuLoad/0:I1000', dataSourceType=CPUID, samplingInfo=I1000, seriesUnit=Percentage}, AbstractSeriesKey{dataVariant=AVERAGE, variableType=CpuFrequency, name='AVG/CPUID/CpuFrequency:I1000', dataSourceType=CPUID, samplingInfo=I1000, seriesUnit=Mhz}, AbstractSeriesKey{dataVariant=AVERAGE, variableType=ChargePercentage, name='AVG/CPUID/ChargePercentage:I1000', dataSourceType=CPUID, samplingInfo=I1000, seriesUnit=Percentage}, AbstractSeriesKey{dataVariant=AVERAGE, variableType=BatTemp, name='AVG/CPUID/BatTemp:I1000', dataSourceType=CPUID, samplingInfo=I1000, seriesUnit=Celsius}, AbstractSeriesKey{dataVariant=AVERAGE, variableType=ProcessorCoreClockFrequency, name='AVG/CPUID/ProcessorCoreClockFrequency/0/0:I1000', dataSourceType=CPUID, samplingInfo=I1000, seriesUnit=Mhz}, AbstractSeriesKey{dataVariant=AVERAGE, variableType=ProcessorCoreClockFrequency, name='AVG/CPUID/ProcessorCoreClockFrequency/0/1:I1000', dataSourceType=CPUID, samplingInfo=I1000, seriesUnit=Mhz}, AbstractSeriesKey{dataVariant=RAW, variableType=Events, name='BM/Events:E', dataSourceType=BM, samplingInfo=E, seriesUnit=}, AbstractSeriesKey{dataVariant=RAW, variableType=DrawCallsPerFrame, name='BM/DrawCallsPerFrame:E', dataSourceType=BM, samplingInfo=E, seriesUnit=DrawcallsPerFrame}]
07-22 21:31:11.551 0 0 D : [drm:dm_pflip_high_irq [amdgpu]] dm_pflip_high_irq - crtc :0[00000000da4e46cc], pflip_stat:AMDGPU_FLIP_NONE
07-22 21:31:11.551 0 0 D : [drm:drm_atomic_state_default_clear [drm]] Clearing atomic state 00000000ba51e609
07-22 21:31:11.551 0 0 D : [drm:__drm_atomic_state_free [drm]] Freeing atomic state 00000000ba51e609
07-22 21:31:11.553 0 0 D [drm:drm_mode_addfb2 [drm]] [FB: 74]
07-22 21:31:11.554 0 0 D : [drm:drm_atomic_state_init [drm]] Allocated atomic state 00000000ab2a707a
07-22 21:31:11.554 0 0 D : [drm:drm_atomic_get_plane_state [drm]] Added [PLANE:36:plane-0] 00000000de9defc3 state to 00000000ab2a707a
07-22 21:31:11.554 0 0 D : [drm:drm_atomic_get_crtc_state [drm]] Added [CRTC:43:crtc-0] 0000000000434b3b state to 00000000ab2a707a
07-22 21:31:11.554 0 0 D : [drm:drm_atomic_set_crtc_for_plane [drm]] Link plane state 00000000de9defc3 to [CRTC:43:crtc-0]
07-22 21:31:11.554 0 0 D : [drm:drm_atomic_set_fb_for_plane [drm]] Set [FB:74] for plane state 00000000de9defc3
07-22 21:31:11.554 0 0 D : [drm:drm_atomic_check_only [drm]] checking 00000000ab2a707a
07-22 21:31:11.554 0 0 D : [drm:dm_update_planes_state [amdgpu]] Disabling DRM plane: 36 on DRM crtc 43
07-22 21:31:11.554 0 0 D : [drm:dm_update_planes_state [amdgpu]] Enabling DRM plane: 36 on DRM crtc 43
07-22 21:31:11.554 0 0 D : [drm:drm_atomic_state_default_clear [drm]] Clearing atomic state 00000000ab2a707a
07-22 21:31:11.554 0 0 D : [drm:__drm_atomic_state_free [drm]] Freeing atomic state 00000000ab2a707a
07-22 21:31:11.554 0 0 D : [drm:drm_atomic_state_init [drm]] Allocated atomic state 0000000096cf2514
07-22 21:31:11.554 0 0 D : [drm:drm_atomic_get_plane_state [drm]] Added [PLANE:36:plane-0] 0000000005ccf683 state to 0000000096cf2514
07-22 21:31:11.554 0 0 D : [drm:drm_atomic_get_crtc_state [drm]] Added [CRTC:43:crtc-0] 0000000068519ed3 state to 0000000096cf2514
07-22 21:31:11.554 0 0 D : [drm:drm_atomic_set_crtc_for_plane [drm]] Link plane state 0000000005ccf683 to [CRTC:43:crtc-0]
07-22 21:31:11.554 0 0 D : [drm:drm_atomic_set_fb_for_plane [drm]] Set [FB:74] for plane state 0000000005ccf683
07-22 21:31:11.554 0 0 D : [drm:drm_atomic_check_only [drm]] checking 0000000096cf2514
07-22 21:31:11.554 0 0 D : [drm:dm_update_planes_state [amdgpu]] Disabling DRM plane: 36 on DRM crtc 43
07-22 21:31:11.554 0 0 D : [drm:dm_update_planes_state [amdgpu]] Enabling DRM plane: 36 on DRM crtc 43
07-22 21:31:11.554 0 0 D : [drm:drm_atomic_commit [drm]] committing 0000000096cf2514
07-22 21:31:11.554 0 0 D : [drm:amdgpu_dm_atomic_commit_tail [amdgpu]] amdgpu_crtc id:0 crtc_state_flags: enable:1, active:1, planes_changed:1, mode_changed:0,active_changed:0,connectors_changed:0
07-22 21:31:11.554 0 0 D [drm:amdgpu_dm_atomic_commit_tail [amdgpu]] crtc: 0, pflip_stat:AMDGPU_FLIP_SUBMITTED
07-22 21:31:11.246 4875 4880 I zygote : Do partial code cache collection, code=231KB, data=146KB
07-22 21:31:11.246 4875 4880 I zygote : After code cache collection, code=219KB, data=139KB
07-22 21:31:11.246 4875 4880 I zygote : Increasing code cache capacity to 1024KB
07-22 21:31:11.567 0 0 D : [drm:dm_pflip_high_irq [amdgpu]] dm_pflip_high_irq - crtc :0[00000000da4e46cc], pflip_stat:AMDGPU_FLIP_NONE
07-22 21:31:11.567 0 0 D : [drm:drm_atomic_state_default_clear [drm]] Clearing atomic state 0000000096cf2514
07-22 21:31:11.567 0 0 D : [drm:__drm_atomic_state_free [drm]] Freeing atomic state 0000000096cf2514
07-22 21:31:11.570 0 0 D [drm:drm_mode_addfb2 [drm]] [FB: 78]
07-22 21:31:11.570 0 0 D : [drm:drm_atomic_state_init [drm]] Allocated atomic state 000000003ff5c7d7
07-22 21:31:11.570 0 0 D : [drm:drm_atomic_get_plane_state [drm]] Added [PLANE:36:plane-0] 00000000de9defc3 state to 000000003ff5c7d7
07-22 21:31:11.570 0 0 D : [drm:drm_atomic_get_crtc_state [drm]] Added [CRTC:43:crtc-0] 00000000f445444e state to 000000003ff5c7d7
07-22 21:31:11.570 0 0 D : [drm:drm_atomic_set_crtc_for_plane [drm]] Link plane state 00000000de9defc3 to [CRTC:43:crtc-0]
07-22 21:31:11.570 0 0 D : [drm:drm_atomic_set_fb_for_plane [drm]] Set [FB:78] for plane state 00000000de9defc3
07-22 21:31:11.570 0 0 D : [drm:drm_atomic_check_only [drm]] checking 000000003ff5c7d7
07-22 21:31:11.571 0 0 D : [drm:dm_update_planes_state [amdgpu]] Disabling DRM plane: 36 on DRM crtc 43
07-22 21:31:11.571 0 0 D : [drm:dm_update_planes_state [amdgpu]] Enabling DRM plane: 36 on DRM crtc 43
07-22 21:31:11.571 0 0 D : [drm:drm_atomic_state_default_clear [drm]] Clearing atomic state 000000003ff5c7d7
07-22 21:31:11.571 0 0 D : [drm:__drm_atomic_state_free [drm]] Freeing atomic state 000000003ff5c7d7
07-22 21:31:11.571 0 0 D : [drm:drm_atomic_state_init [drm]] Allocated atomic state 00000000e9d0d478
07-22 21:31:11.571 0 0 D : [drm:drm_atomic_get_plane_state [drm]] Added [PLANE:36:plane-0] 0000000073f6a83e state to 00000000e9d0d478
07-22 21:31:11.571 0 0 D : [drm:drm_atomic_get_crtc_state [drm]] Added [CRTC:43:crtc-0] 0000000056906799 state to 00000000e9d0d478
07-22 21:31:11.571 0 0 D : [drm:drm_atomic_set_crtc_for_plane [drm]] Link plane state 0000000073f6a83e to [CRTC:43:crtc-0]
07-22 21:31:11.571 0 0 D : [drm:drm_atomic_set_fb_for_plane [drm]] Set [FB:78] for plane state 0000000073f6a83e
07-22 21:31:11.571 0 0 D : [drm:drm_atomic_check_only [drm]] checking 00000000e9d0d478
07-22 21:31:11.571 0 0 D : [drm:dm_update_planes_state [amdgpu]] Disabling DRM plane: 36 on DRM crtc 43
07-22 21:31:11.571 0 0 D : [drm:dm_update_planes_state [amdgpu]] Enabling DRM plane: 36 on DRM crtc 43
07-22 21:31:11.571 0 0 D : [drm:drm_atomic_commit [drm]] committing 00000000e9d0d478
07-22 21:31:11.571 0 0 D : [drm:amdgpu_dm_atomic_commit_tail [amdgpu]] amdgpu_crtc id:0 crtc_state_flags: enable:1, active:1, planes_changed:1, mode_changed:0,active_changed:0,connectors_changed:0
07-22 21:31:11.571 0 0 D [drm:amdgpu_dm_atomic_commit_tail [amdgpu]] crtc: 0, pflip_stat:AMDGPU_FLIP_SUBMITTED
07-22 21:31:11.253 4875 4875 I com.futuremark.dmandroid.MonitoringDataService: MonitoringData restored from previous CSV file with 14 columns and 77 rows
07-22 21:31:11.253 4875 4875 D com.futuremark.dmandroid.*wMonitoringDataManager: Writing json file to /data/user/0/com.futuremark.dmandroid.application/files/f0dfee69-cb4d-48f6-9d2a-32dc6babb051/RawMonitoringData/1343908144581.json
07-22 21:31:11.584 0 0 D : [drm:dm_pflip_high_irq [amdgpu]] dm_pflip_high_irq - crtc :0[00000000da4e46cc], pflip_stat:AMDGPU_FLIP_NONE
07-22 21:31:11.584 0 0 D : [drm:drm_atomic_state_default_clear [drm]] Clearing atomic state 00000000e9d0d478
07-22 21:31:11.584 0 0 D : [drm:__drm_atomic_state_free [drm]] Freeing atomic state 00000000e9d0d478
07-22 21:31:11.262 4875 4875 I zygote : Deoptimizing com.fasterxml.jackson.databind.introspect.AnnotationMap com.fasterxml.jackson.databind.introspect.AnnotatedClass._resolveClassAnnotations() due to JIT inline cache
07-22 21:31:11.587 0 0 D [drm:drm_mode_addfb2 [drm]] [FB: 74]
07-22 21:31:11.587 0 0 D : [drm:drm_atomic_state_init [drm]] Allocated atomic state 00000000d9ef5bef
07-22 21:31:11.587 0 0 D : [drm:drm_atomic_get_plane_state [drm]] Added [PLANE:36:plane-0] 00000000de9defc3 state to 00000000d9ef5bef
07-22 21:31:11.587 0 0 D : [drm:drm_atomic_get_crtc_state [drm]] Added [CRTC:43:crtc-0] 000000008cdcc871 state to 00000000d9ef5bef
07-22 21:31:11.587 0 0 D : [drm:drm_atomic_set_crtc_for_plane [drm]] Link plane state 00000000de9defc3 to [CRTC:43:crtc-0]
07-22 21:31:11.587 0 0 D : [drm:drm_atomic_set_fb_for_plane [drm]] Set [FB:74] for plane state 00000000de9defc3
07-22 21:31:11.587 0 0 D : [drm:drm_atomic_check_only [drm]] checking 00000000d9ef5bef
07-22 21:31:11.587 0 0 D : [drm:dm_update_planes_state [amdgpu]] Disabling DRM plane: 36 on DRM crtc 43
07-22 21:31:11.587 0 0 D : [drm:dm_update_planes_state [amdgpu]] Enabling DRM plane: 36 on DRM crtc 43
07-22 21:31:11.587 0 0 D : [drm:drm_atomic_state_default_clear [drm]] Clearing atomic state 00000000d9ef5bef
07-22 21:31:11.587 0 0 D : [drm:__drm_atomic_state_free [drm]] Freeing atomic state 00000000d9ef5bef
07-22 21:31:11.587 0 0 D : [drm:drm_atomic_state_init [drm]] Allocated atomic state 00000000ce735642
07-22 21:31:11.587 0 0 D : [drm:drm_atomic_get_plane_state [drm]] Added [PLANE:36:plane-0] 0000000005ccf683 state to 00000000ce735642
07-22 21:31:11.587 0 0 D : [drm:drm_atomic_get_crtc_state [drm]] Added [CRTC:43:crtc-0] 000000006e05a062 state to 00000000ce735642
07-22 21:31:11.587 0 0 D : [drm:drm_atomic_set_crtc_for_plane [drm]] Link plane state 0000000005ccf683 to [CRTC:43:crtc-0]
07-22 21:31:11.587 0 0 D : [drm:drm_atomic_set_fb_for_plane [drm]] Set [FB:74] for plane state 0000000005ccf683
07-22 21:31:11.587 0 0 D : [drm:drm_atomic_check_only [drm]] checking 00000000ce735642
07-22 21:31:11.587 0 0 D : [drm:dm_update_planes_state [amdgpu]] Disabling DRM plane: 36 on DRM crtc 43
07-22 21:31:11.587 0 0 D : [drm:dm_update_planes_state [amdgpu]] Enabling DRM plane: 36 on DRM crtc 43
07-22 21:31:11.587 0 0 D : [drm:drm_atomic_commit [drm]] committing 00000000ce735642
07-22 21:31:11.587 0 0 D : [drm:amdgpu_dm_atomic_commit_tail [amdgpu]] amdgpu_crtc id:0 crtc_state_flags: enable:1, active:1, planes_changed:1, mode_changed:0,active_changed:0,connectors_changed:0
07-22 21:31:11.587 0 0 D [drm:amdgpu_dm_atomic_commit_tail [amdgpu]] crtc: 0, pflip_stat:AMDGPU_FLIP_SUBMITTED
07-22 21:31:11.270 4875 4875 I com.futuremark.dmandroid.BaseWorkloadActivity: call to BaseWorkloadActivity.sendResultXmlBack sending for first times
07-22 21:31:11.270 4875 4875 I com.futuremark.dmandroid.BaseWorkloadActivity: call to BaseWorkloadActivity.storeWorkloadSetXml
07-22 21:31:11.270 4875 4875 I com.futuremark.dmandroid.SystemInfoPoller: Stopping. Broadcasts sent:38
07-22 21:31:11.270 4875 4875 I com.futuremark.dmandroid.SystemInfoServiceImpl: pause: already paused
07-22 21:31:11.270 4875 4875 I com.futuremark.dmandroid.BaseWorkloadActivity: workload FarandoleOpenGlEs30C run times 1.532295032563E9 - 1.53229507127E9
07-22 21:31:11.270 4875 4875 D com.futuremark.dmandroid.TestDb: Data for required items already loaded [UNKNOWN]. Ignoring load request.
07-22 21:31:11.601 0 0 D : [drm:dm_pflip_high_irq [amdgpu]] dm_pflip_high_irq - crtc :0[00000000da4e46cc], pflip_stat:AMDGPU_FLIP_NONE
07-22 21:31:11.601 0 0 D : [drm:drm_atomic_state_default_clear [drm]] Clearing atomic state 00000000ce735642
07-22 21:31:11.601 0 0 D : [drm:__drm_atomic_state_free [drm]] Freeing atomic state 00000000ce735642
07-22 21:31:11.603 0 0 D [drm:drm_mode_addfb2 [drm]] [FB: 78]
07-22 21:31:11.603 0 0 D : [drm:drm_atomic_state_init [drm]] Allocated atomic state 000000009137b96d
07-22 21:31:11.603 0 0 D : [drm:drm_atomic_get_plane_state [drm]] Added [PLANE:36:plane-0] 00000000de9defc3 state to 000000009137b96d
07-22 21:31:11.603 0 0 D : [drm:drm_atomic_get_crtc_state [drm]] Added [CRTC:43:crtc-0] 0000000049b40f80 state to 000000009137b96d
07-22 21:31:11.603 0 0 D : [drm:drm_atomic_set_crtc_for_plane [drm]] Link plane state 00000000de9defc3 to [CRTC:43:crtc-0]
07-22 21:31:11.603 0 0 D : [drm:drm_atomic_set_fb_for_plane [drm]] Set [FB:78] for plane state 00000000de9defc3
07-22 21:31:11.603 0 0 D : [drm:drm_atomic_check_only [drm]] checking 000000009137b96d
07-22 21:31:11.603 0 0 D : [drm:dm_update_planes_state [amdgpu]] Disabling DRM plane: 36 on DRM crtc 43
07-22 21:31:11.603 0 0 D : [drm:dm_update_planes_state [amdgpu]] Enabling DRM plane: 36 on DRM crtc 43
07-22 21:31:11.282 4875 4875 I com.futuremark.dmandroid.BaseWorkloadActivity: packed xml size: 307 bytes
07-22 21:31:11.603 0 0 D : [drm:drm_atomic_state_default_clear [drm]] Clearing atomic state 000000009137b96d
07-22 21:31:11.603 0 0 D : [drm:__drm_atomic_state_free [drm]] Freeing atomic state 000000009137b96d
07-22 21:31:11.604 0 0 D : [drm:drm_atomic_state_init [drm]] Allocated atomic state 000000009137b96d
07-22 21:31:11.604 0 0 D : [drm:drm_atomic_get_plane_state [drm]] Added [PLANE:36:plane-0] 00000000de9defc3 state to 000000009137b96d
07-22 21:31:11.604 0 0 D : [drm:drm_atomic_get_crtc_state [drm]] Added [CRTC:43:crtc-0] 000000006898efd7 state to 000000009137b96d
07-22 21:31:11.604 0 0 D : [drm:drm_atomic_set_crtc_for_plane [drm]] Link plane state 00000000de9defc3 to [CRTC:43:crtc-0]
07-22 21:31:11.604 0 0 D : [drm:drm_atomic_set_fb_for_plane [drm]] Set [FB:78] for plane state 00000000de9defc3
07-22 21:31:11.604 0 0 D : [drm:drm_atomic_check_only [drm]] checking 000000009137b96d
07-22 21:31:11.604 0 0 D : [drm:dm_update_planes_state [amdgpu]] Disabling DRM plane: 36 on DRM crtc 43
07-22 21:31:11.604 0 0 D : [drm:dm_update_planes_state [amdgpu]] Enabling DRM plane: 36 on DRM crtc 43
07-22 21:31:11.604 0 0 D : [drm:drm_atomic_commit [drm]] committing 000000009137b96d
07-22 21:31:11.604 0 0 D : [drm:amdgpu_dm_atomic_commit_tail [amdgpu]] amdgpu_crtc id:0 crtc_state_flags: enable:1, active:1, planes_changed:1, mode_changed:0,active_changed:0,connectors_changed:0
07-22 21:31:11.604 0 0 D [drm:amdgpu_dm_atomic_commit_tail [amdgpu]] crtc: 0, pflip_stat:AMDGPU_FLIP_SUBMITTED
07-22 21:31:11.282 4875 4875 I com.futuremark.dmandroid.BaseWorkloadActivity: call to BaseWorkloadActivity.finish resultXmlSent: true
07-22 21:31:11.283 2443 2593 I am_finish_activity: [0,125235345,6,com.futuremark.dmandroid.application/com.futuremark.dmfarandole.ApiOverheadOpenGlWorkloadActivity,app-request]
07-22 21:31:11.283 2443 2593 I am_pause_activity: [0,125235345,com.futuremark.dmandroid.application/com.futuremark.dmfarandole.ApiOverheadOpenGlWorkloadActivity]
07-22 21:31:11.285 2443 2458 I sysui_count: [window_time_0,39]
07-22 21:31:11.285 2443 2458 I sysui_multi_action: [757,803,799,window_time_0,802,39]
07-22 21:31:11.285 4875 4875 I com.futuremark.dmandroid.BaseWorkloadActivity: call to BaseWorkloadActivity.onUserInteraction
07-22 21:31:11.285 4875 4875 D com.futuremark.dmandroid.*NativeWorkloadActivity: onPause
07-22 21:31:11.285 4875 4875 I com.futuremark.dmandroid.BaseWorkloadActivity: call to BaseWorkloadActivity.onPause
07-22 21:31:11.617 0 0 D : [drm:dm_pflip_high_irq [amdgpu]] dm_pflip_high_irq - crtc :0[00000000da4e46cc], pflip_stat:AMDGPU_FLIP_NONE
07-22 21:31:11.617 0 0 D : [drm:drm_atomic_state_default_clear [drm]] Clearing atomic state 000000009137b96d
07-22 21:31:11.617 0 0 D : [drm:__drm_atomic_state_free [drm]] Freeing atomic state 000000009137b96d
07-22 21:31:11.620 0 0 D [drm:drm_mode_addfb2 [drm]] [FB: 74]
07-22 21:31:11.620 0 0 D : [drm:drm_atomic_state_init [drm]] Allocated atomic state 00000000dd05de10
07-22 21:31:11.620 0 0 D : [drm:drm_atomic_get_plane_state [drm]] Added [PLANE:36:plane-0] 0000000005ccf683 state to 00000000dd05de10
07-22 21:31:11.620 0 0 D : [drm:drm_atomic_get_crtc_state [drm]] Added [CRTC:43:crtc-0] 00000000cf26c8fb state to 00000000dd05de10
07-22 21:31:11.620 0 0 D : [drm:drm_atomic_set_crtc_for_plane [drm]] Link plane state 0000000005ccf683 to [CRTC:43:crtc-0]
07-22 21:31:11.620 0 0 D : [drm:drm_atomic_set_fb_for_plane [drm]] Set [FB:74] for plane state 0000000005ccf683
07-22 21:31:11.620 0 0 D : [drm:drm_atomic_check_only [drm]] checking 00000000dd05de10
07-22 21:31:11.620 0 0 D : [drm:dm_update_planes_state [amdgpu]] Disabling DRM plane: 36 on DRM crtc 43
07-22 21:31:11.620 0 0 D : [drm:dm_update_planes_state [amdgpu]] Enabling DRM plane: 36 on DRM crtc 43
07-22 21:31:11.620 0 0 D : [drm:drm_atomic_state_default_clear [drm]] Clearing atomic state 00000000dd05de10
07-22 21:31:11.620 0 0 D : [drm:__drm_atomic_state_free [drm]] Freeing atomic state 00000000dd05de10
07-22 21:31:11.620 0 0 D : [drm:drm_atomic_state_init [drm]] Allocated atomic state 00000000dd05de10
07-22 21:31:11.620 0 0 D : [drm:drm_atomic_get_plane_state [drm]] Added [PLANE:36:plane-0] 0000000005ccf683 state to 00000000dd05de10
07-22 21:31:11.620 0 0 D : [drm:drm_atomic_get_crtc_state [drm]] Added [CRTC:43:crtc-0] 000000002f3dbe57 state to 00000000dd05de10
07-22 21:31:11.620 0 0 D : [drm:drm_atomic_set_crtc_for_plane [drm]] Link plane state 0000000005ccf683 to [CRTC:43:crtc-0]
07-22 21:31:11.620 0 0 D : [drm:drm_atomic_set_fb_for_plane [drm]] Set [FB:74] for plane state 0000000005ccf683
07-22 21:31:11.620 0 0 D : [drm:drm_atomic_check_only [drm]] checking 00000000dd05de10
07-22 21:31:11.620 0 0 D : [drm:dm_update_planes_state [amdgpu]] Disabling DRM plane: 36 on DRM crtc 43
07-22 21:31:11.620 0 0 D : [drm:dm_update_planes_state [amdgpu]] Enabling DRM plane: 36 on DRM crtc 43
07-22 21:31:11.620 0 0 D : [drm:drm_atomic_commit [drm]] committing 00000000dd05de10
07-22 21:31:11.620 0 0 D : [drm:amdgpu_dm_atomic_commit_tail [amdgpu]] amdgpu_crtc id:0 crtc_state_flags: enable:1, active:1, planes_changed:1, mode_changed:0,active_changed:0,connectors_changed:0
07-22 21:31:11.620 0 0 D [drm:amdgpu_dm_atomic_commit_tail [amdgpu]] crtc: 0, pflip_stat:AMDGPU_FLIP_SUBMITTED
07-22 21:31:11.299 4875 4875 I am_on_paused_called: [0,com.futuremark.dmfarandole.ApiOverheadOpenGlWorkloadActivity,handlePauseActivity]
07-22 21:31:11.300 2443 2593 I am_set_resumed_activity: [0,com.futuremark.dmandroid.application/.BenchmarkLauncherActivity,resumeTopActivityInnerLocked]
07-22 21:31:11.300 2443 2593 W SchedPolicy: add_tid_to_cgroup failed to write '4695' (Permission denied); fd=27
07-22 21:31:11.300 2443 2593 W SchedPolicy: add_tid_to_cgroup failed to write '4875' (Permission denied); fd=3
07-22 21:31:11.301 2443 2593 I am_resume_activity: [0,15929458,6,com.futuremark.dmandroid.application/.BenchmarkLauncherActivity]
07-22 21:31:11.302 2443 2458 I sysui_count: [window_time_0,0]
07-22 21:31:11.302 2443 2458 I sysui_multi_action: [757,803,799,window_time_0,802,0]
07-22 21:31:11.303 4875 4875 I com.futuremark.dmandroid.BaseWorkloadActivity: call to BaseWorkloadActivity.onUserInteraction
07-22 21:31:11.303 4875 4875 I com.futuremark.dmandroid.BaseWorkloadActivity: call to BaseWorkloadActivity.onWindowFocusChanged focus:false
07-22 21:31:11.634 0 0 D : [drm:dm_pflip_high_irq [amdgpu]] dm_pflip_high_irq - crtc :0[00000000da4e46cc], pflip_stat:AMDGPU_FLIP_NONE
07-22 21:31:11.634 0 0 D : [drm:drm_atomic_state_default_clear [drm]] Clearing atomic state 00000000dd05de10
07-22 21:31:11.634 0 0 D : [drm:__drm_atomic_state_free [drm]] Freeing atomic state 00000000dd05de10
07-22 21:31:11.314 4875 4875 I com.futuremark.dmandroid.BaseWorkloadActivity: call to BaseWorkloadActivity.onUserInteraction
07-22 21:31:11.637 0 0 D [drm:drm_mode_addfb2 [drm]] [FB: 78]
07-22 21:31:11.637 0 0 D : [drm:drm_atomic_state_init [drm]] Allocated atomic state 000000001950793e
07-22 21:31:11.637 0 0 D : [drm:drm_atomic_get_plane_state [drm]] Added [PLANE:36:plane-0] 00000000de9defc3 state to 000000001950793e
07-22 21:31:11.637 0 0 D : [drm:drm_atomic_get_crtc_state [drm]] Added [CRTC:43:crtc-0] 00000000c96b1c77 state to 000000001950793e
07-22 21:31:11.637 0 0 D : [drm:drm_atomic_set_crtc_for_plane [drm]] Link plane state 00000000de9defc3 to [CRTC:43:crtc-0]
07-22 21:31:11.637 0 0 D : [drm:drm_atomic_set_fb_for_plane [drm]] Set [FB:78] for plane state 00000000de9defc3
07-22 21:31:11.637 0 0 D : [drm:drm_atomic_check_only [drm]] checking 000000001950793e
07-22 21:31:11.637 0 0 D : [drm:dm_update_planes_state [amdgpu]] Disabling DRM plane: 36 on DRM crtc 43
07-22 21:31:11.637 0 0 D : [drm:dm_update_planes_state [amdgpu]] Enabling DRM plane: 36 on DRM crtc 43
07-22 21:31:11.637 0 0 D : [drm:drm_atomic_state_default_clear [drm]] Clearing atomic state 000000001950793e
07-22 21:31:11.637 0 0 D : [drm:__drm_atomic_state_free [drm]] Freeing atomic state 000000001950793e
07-22 21:31:11.637 0 0 D : [drm:drm_atomic_state_init [drm]] Allocated atomic state 000000001950793e
07-22 21:31:11.637 0 0 D : [drm:drm_atomic_get_plane_state [drm]] Added [PLANE:36:plane-0] 00000000de9defc3 state to 000000001950793e
07-22 21:31:11.637 0 0 D : [drm:drm_atomic_get_crtc_state [drm]] Added [CRTC:43:crtc-0] 0000000088e87c99 state to 000000001950793e
07-22 21:31:11.637 0 0 D : [drm:drm_atomic_set_crtc_for_plane [drm]] Link plane state 00000000de9defc3 to [CRTC:43:crtc-0]
07-22 21:31:11.637 0 0 D : [drm:drm_atomic_set_fb_for_plane [drm]] Set [FB:78] for plane state 00000000de9defc3
07-22 21:31:11.637 0 0 D : [drm:drm_atomic_check_only [drm]] checking 000000001950793e
07-22 21:31:11.637 0 0 D : [drm:dm_update_planes_state [amdgpu]] Disabling DRM plane: 36 on DRM crtc 43
07-22 21:31:11.637 0 0 D : [drm:dm_update_planes_state [amdgpu]] Enabling DRM plane: 36 on DRM crtc 43
07-22 21:31:11.637 0 0 D : [drm:drm_atomic_commit [drm]] committing 000000001950793e
07-22 21:31:11.637 0 0 D : [drm:amdgpu_dm_atomic_commit_tail [amdgpu]] amdgpu_crtc id:0 crtc_state_flags: enable:1, active:1, planes_changed:1, mode_changed:0,active_changed:0,connectors_changed:0
07-22 21:31:11.637 0 0 D [drm:amdgpu_dm_atomic_commit_tail [amdgpu]] crtc: 0, pflip_stat:AMDGPU_FLIP_SUBMITTED
07-22 21:31:11.317 4695 4695 D com.futuremark.dmandroid.*chmarkLauncherActivity: onActivityResult() - workload result
07-22 21:31:11.317 4695 4695 I com.futuremark.dmandroid.*hmarkLauncherPresenter: onWorkloadResult
07-22 21:31:11.318 4695 4695 D com.futuremark.dmandroid.TestDb: Data for required items already loaded [UNKNOWN]. Ignoring load request.
07-22 21:31:11.319 4695 4695 D com.futuremark.dmandroid.*hmarkLauncherPresenter: Creating monitoringdata service, using file: /data/user/0/com.futuremark.dmandroid.application/files/f0dfee69-cb4d-48f6-9d2a-32dc6babb051/1382677849864.csv
07-22 21:31:11.319 4695 4695 D com.futuremark.dmandroid.MonitoringDataService: Monitoring data file: /data/user/0/com.futuremark.dmandroid.application/files/f0dfee69-cb4d-48f6-9d2a-32dc6babb051/1382677849864.csv
07-22 21:31:11.319 4695 4695 D com.futuremark.dmandroid.MonitoringDataService: Monitoring data backup file: null
07-22 21:31:11.319 4695 4695 D com.futuremark.dmandroid.MonitoringDataService: Raw Monitoring data json: null
07-22 21:31:11.319 4695 4695 I com.futuremark.dmandroid.MonitoringDataService: resetMonitoringData
07-22 21:31:11.319 4695 4695 I zygote : Deoptimizing com.google.common.collect.ImmutableMap$Builder com.google.common.collect.ImmutableMap$Builder.putAll(java.util.Map) due to JIT inline cache
07-22 21:31:11.319 4695 4695 D com.futuremark.dmandroid.*ctBmRunFsmEventFactory: isSystemInfoRefreshed: false, currentTs: 0, oldSiRelativeTimestampNs: 0
07-22 21:31:11.320 4695 4695 D com.futuremark.dmandroid.AbstractBmRunFsm: start monitoring service in stateWorkloadStarted / WORKLOAD_RESULT_ADDED
07-22 21:31:11.320 4695 4695 D com.futuremark.dmandroid.*hmarkLauncherPresenter: start monitoring service in stateInitializeBenchmark
07-22 21:31:11.320 4695 4695 I com.futuremark.dmandroid.Watchdog: cancelWatchdog called, active false
07-22 21:31:11.320 4695 4695 I com.futuremark.dmandroid.AbstractBmRunFsm: AndroidSpecificFsm transitioned WORKLOAD_STARTED->WAIT_SERVICES_AFTER_WORKLOAD, on event type: WORKLOAD_RESULT_ADDED, full new state: BmRunExecutionState{fsmState=WAIT_SERVICES_AFTER_WORKLOAD, loopingCounter=0, currentWorkloadIndex=0}
07-22 21:31:11.320 4695 4695 D com.futuremark.dmandroid.*ctBmRunFsmEventFactory: isSystemInfoRefreshed: false, currentTs: 0, oldSiRelativeTimestampNs: 0
07-22 21:31:11.320 4695 4695 D com.futuremark.dmandroid.Poller: cancelPoller called, active false
07-22 21:31:11.320 4695 4695 D com.futuremark.dmandroid.Poller: Scheduling polling event in 500 ms.
07-22 21:31:11.320 4695 4695 I com.futuremark.dmandroid.BmRunFsmDriver: Identity transition (WAIT_SERVICES_AFTER_WORKLOAD -> WAIT_SERVICES_AFTER_WORKLOAD on INTERNAL_TRANSITION), full new state: BmRunExecutionState{fsmState=WAIT_SERVICES_AFTER_WORKLOAD, loopingCounter=0, currentWorkloadIndex=0}
07-22 21:31:11.321 4695 4943 I com.futuremark.dmandroid.SystemInfoPoller: Creating system info service
