07-22 21:31:19.451 4695 4695 D com.futuremark.dmandroid.BenchmarkFragment: onPause() - TPTs: [SLING_SHOT_ES_31, SLING_SHOT_ES_31_UNLIMITED, SLING_SHOT_VULKAN]
07-22 21:31:19.451 4695 4695 D com.futuremark.dmandroid.BenchmarkFragment: onPause() - TPTs: [SLING_SHOT_ES_30, SLING_SHOT_ES_30_UNLIMITED]
07-22 21:31:19.451 4695 4695 I am_on_paused_called: [0,com.futuremark.dmandroid.application.MainActivity,handlePauseActivity]
07-22 21:31:19.784 0 0 D : [drm:dm_pflip_high_irq [amdgpu]] dm_pflip_high_irq - crtc :0[00000000da4e46cc], pflip_stat:AMDGPU_FLIP_NONE
07-22 21:31:19.784 0 0 D : [drm:drm_atomic_state_default_clear [drm]] Clearing atomic state 0000000018984254
07-22 21:31:19.784 0 0 D : [drm:__drm_atomic_state_free [drm]] Freeing atomic state 0000000018984254
07-22 21:31:19.464 2443 4869 I configuration_changed: 3456
07-22 21:31:19.464 2443 4869 I ActivityManager: Config changes=d80 {1.0 ?mcc?mnc [en_US] ldltr sw590dp w590dp h696dp 160dpi lrg port -touch qwerty/v/v -nav/h appBounds=Rect(0, 0 - 590, 720) s.11}
07-22 21:31:19.787 0 0 D [drm:drm_mode_addfb2 [drm]] [FB: 74]
07-22 21:31:19.787 0 0 D : [drm:drm_atomic_state_init [drm]] Allocated atomic state 00000000e2b43470
07-22 21:31:19.787 0 0 D : [drm:drm_atomic_get_plane_state [drm]] Added [PLANE:36:plane-0] 00000000efca0975 state to 00000000e2b43470
07-22 21:31:19.787 0 0 D : [drm:drm_atomic_get_crtc_state [drm]] Added [CRTC:43:crtc-0] 0000000069b853eb state to 00000000e2b43470
07-22 21:31:19.787 0 0 D : [drm:drm_atomic_set_crtc_for_plane [drm]] Link plane state 00000000efca0975 to [CRTC:43:crtc-0]
07-22 21:31:19.787 0 0 D : [drm:drm_atomic_set_fb_for_plane [drm]] Set [FB:74] for plane state 00000000efca0975
07-22 21:31:19.787 0 0 D : [drm:drm_atomic_check_only [drm]] checking 00000000e2b43470
07-22 21:31:19.787 0 0 D : [drm:dm_update_planes_state [amdgpu]] Disabling DRM plane: 36 on DRM crtc 43
07-22 21:31:19.787 0 0 D : [drm:dm_update_planes_state [amdgpu]] Enabling DRM plane: 36 on DRM crtc 43
07-22 21:31:19.787 0 0 D : [drm:drm_atomic_state_default_clear [drm]] Clearing atomic state 00000000e2b43470
07-22 21:31:19.787 0 0 D : [drm:__drm_atomic_state_free [drm]] Freeing atomic state 00000000e2b43470
07-22 21:31:19.787 0 0 D : [drm:drm_atomic_state_init [drm]] Allocated atomic state 000000006837596b
07-22 21:31:19.787 0 0 D : [drm:drm_atomic_get_plane_state [drm]] Added [PLANE:36:plane-0] 000000001f50e7da state to 000000006837596b
07-22 21:31:19.787 0 0 D : [drm:drm_atomic_get_crtc_state [drm]] Added [CRTC:43:crtc-0] 0000000000434b3b state to 000000006837596b
07-22 21:31:19.787 0 0 D : [drm:drm_atomic_set_crtc_for_plane [drm]] Link plane state 000000001f50e7da to [CRTC:43:crtc-0]
07-22 21:31:19.787 0 0 D : [drm:drm_atomic_set_fb_for_plane [drm]] Set [FB:74] for plane state 000000001f50e7da
07-22 21:31:19.787 0 0 D : [drm:drm_atomic_check_only [drm]] checking 000000006837596b
07-22 21:31:19.787 0 0 D : [drm:dm_update_planes_state [amdgpu]] Disabling DRM plane: 36 on DRM crtc 43
07-22 21:31:19.788 0 0 D : [drm:dm_update_planes_state [amdgpu]] Enabling DRM plane: 36 on DRM crtc 43
07-22 21:31:19.788 0 0 D : [drm:drm_atomic_commit [drm]] committing 000000006837596b
07-22 21:31:19.788 0 0 D : [drm:amdgpu_dm_atomic_commit_tail [amdgpu]] amdgpu_crtc id:0 crtc_state_flags: enable:1, active:1, planes_changed:1, mode_changed:0,active_changed:0,connectors_changed:0
07-22 21:31:19.466 2443 4869 I ActivityManager: Override config changes=d80 {1.0 ?mcc?mnc [en_US] ldltr sw590dp w590dp h696dp 160dpi lrg port -touch qwerty/v/v -nav/h appBounds=Rect(0, 0 - 590, 720) s.11} for displayId=0
07-22 21:31:19.475 2443 4869 I am_relaunch_activity: [0,63770639,7,com.android.vending/com.google.android.finsky.activities.AppCrashProxy]
07-22 21:31:19.476 2443 4869 I am_relaunch_activity: [0,265876153,6,com.futuremark.dmandroid.application/.MainActivity]
07-22 21:31:19.476 2443 4869 W SchedPolicy: add_tid_to_cgroup failed to write '3472' (Permission denied); fd=27
07-22 21:31:19.479 2443 4869 W SchedPolicy: add_tid_to_cgroup failed to write '4695' (Permission denied); fd=3
07-22 21:31:19.479 2443 4869 I am_uid_active: 10025
07-22 21:31:19.479 2443 4869 I am_restart_activity: [0,63770639,7,com.android.vending/com.google.android.finsky.activities.AppCrashProxy]
07-22 21:31:19.480 2443 4869 I am_set_resumed_activity: [0,com.android.vending/com.google.android.finsky.activities.AppCrashProxy,minimalResumeActivityLocked]
07-22 21:31:19.788 0 0 D [drm:amdgpu_dm_atomic_commit_tail [amdgpu]] crtc: 0, pflip_stat:AMDGPU_FLIP_SUBMITTED
07-22 21:31:19.801 0 0 D : [drm:dm_pflip_high_irq [amdgpu]] dm_pflip_high_irq - crtc :0[00000000da4e46cc], pflip_stat:AMDGPU_FLIP_NONE
07-22 21:31:19.801 0 0 D : [drm:drm_atomic_state_default_clear [drm]] Clearing atomic state 000000006837596b
07-22 21:31:19.801 0 0 D : [drm:__drm_atomic_state_free [drm]] Freeing atomic state 000000006837596b
07-22 21:31:19.803 0 0 D [drm:drm_mode_addfb2 [drm]] [FB: 78]
07-22 21:31:19.803 0 0 D : [drm:drm_atomic_state_init [drm]] Allocated atomic state 0000000004fb5d67
07-22 21:31:19.803 0 0 D : [drm:drm_atomic_get_plane_state [drm]] Added [PLANE:36:plane-0] 000000008c031d71 state to 0000000004fb5d67
07-22 21:31:19.803 0 0 D : [drm:drm_atomic_get_crtc_state [drm]] Added [CRTC:43:crtc-0] 0000000046c9e48e state to 0000000004fb5d67
07-22 21:31:19.803 0 0 D : [drm:drm_atomic_set_crtc_for_plane [drm]] Link plane state 000000008c031d71 to [CRTC:43:crtc-0]
07-22 21:31:19.803 0 0 D : [drm:drm_atomic_set_fb_for_plane [drm]] Set [FB:78] for plane state 000000008c031d71
07-22 21:31:19.803 0 0 D : [drm:drm_atomic_check_only [drm]] checking 0000000004fb5d67
07-22 21:31:19.803 0 0 D : [drm:dm_update_planes_state [amdgpu]] Disabling DRM plane: 36 on DRM crtc 43
07-22 21:31:19.804 0 0 D : [drm:dm_update_planes_state [amdgpu]] Enabling DRM plane: 36 on DRM crtc 43
07-22 21:31:19.804 0 0 D : [drm:drm_atomic_state_default_clear [drm]] Clearing atomic state 0000000004fb5d67
07-22 21:31:19.804 0 0 D : [drm:__drm_atomic_state_free [drm]] Freeing atomic state 0000000004fb5d67
07-22 21:31:19.804 0 0 D : [drm:drm_atomic_state_init [drm]] Allocated atomic state 00000000b2040394
07-22 21:31:19.804 0 0 D : [drm:drm_atomic_get_plane_state [drm]] Added [PLANE:36:plane-0] 00000000ee9bdd55 state to 00000000b2040394
07-22 21:31:19.804 0 0 D : [drm:drm_atomic_get_crtc_state [drm]] Added [CRTC:43:crtc-0] 000000008bf1d977 state to 00000000b2040394
07-22 21:31:19.804 0 0 D : [drm:drm_atomic_set_crtc_for_plane [drm]] Link plane state 00000000ee9bdd55 to [CRTC:43:crtc-0]
07-22 21:31:19.804 0 0 D : [drm:drm_atomic_set_fb_for_plane [drm]] Set [FB:78] for plane state 00000000ee9bdd55
07-22 21:31:19.804 0 0 D : [drm:drm_atomic_check_only [drm]] checking 00000000b2040394
07-22 21:31:19.804 0 0 D : [drm:dm_update_planes_state [amdgpu]] Disabling DRM plane: 36 on DRM crtc 43
07-22 21:31:19.804 0 0 D : [drm:dm_update_planes_state [amdgpu]] Enabling DRM plane: 36 on DRM crtc 43
07-22 21:31:19.804 0 0 D : [drm:drm_atomic_commit [drm]] committing 00000000b2040394
07-22 21:31:19.804 0 0 D : [drm:amdgpu_dm_atomic_commit_tail [amdgpu]] amdgpu_crtc id:0 crtc_state_flags: enable:1, active:1, planes_changed:1, mode_changed:0,active_changed:0,connectors_changed:0
07-22 21:31:19.804 0 0 D [drm:amdgpu_dm_atomic_commit_tail [amdgpu]] crtc: 0, pflip_stat:AMDGPU_FLIP_SUBMITTED
07-22 21:31:19.817 0 0 D : [drm:dm_pflip_high_irq [amdgpu]] dm_pflip_high_irq - crtc :0[00000000da4e46cc], pflip_stat:AMDGPU_FLIP_NONE
07-22 21:31:19.817 0 0 D : [drm:drm_atomic_state_default_clear [drm]] Clearing atomic state 00000000b2040394
07-22 21:31:19.817 0 0 D : [drm:__drm_atomic_state_free [drm]] Freeing atomic state 00000000b2040394
07-22 21:31:19.498 2443 4869 W AppOps : Finishing op nesting under-run: uid 1000 pkg android code 24 time=0 duration=0 nesting=0
07-22 21:31:19.820 0 0 D [drm:drm_mode_addfb2 [drm]] [FB: 74]
07-22 21:31:19.820 0 0 D : [drm:drm_atomic_state_init [drm]] Allocated atomic state 0000000000cc0718
07-22 21:31:19.820 0 0 D : [drm:drm_atomic_get_plane_state [drm]] Added [PLANE:36:plane-0] 000000007538ea33 state to 0000000000cc0718
07-22 21:31:19.820 0 0 D : [drm:drm_atomic_get_crtc_state [drm]] Added [CRTC:43:crtc-0] 00000000c5d36fa3 state to 0000000000cc0718
07-22 21:31:19.820 0 0 D : [drm:drm_atomic_set_crtc_for_plane [drm]] Link plane state 000000007538ea33 to [CRTC:43:crtc-0]
07-22 21:31:19.820 0 0 D : [drm:drm_atomic_set_fb_for_plane [drm]] Set [FB:74] for plane state 000000007538ea33
07-22 21:31:19.820 0 0 D : [drm:drm_atomic_check_only [drm]] checking 0000000000cc0718
07-22 21:31:19.820 0 0 D : [drm:dm_update_planes_state [amdgpu]] Disabling DRM plane: 36 on DRM crtc 43
07-22 21:31:19.820 0 0 D : [drm:dm_update_planes_state [amdgpu]] Enabling DRM plane: 36 on DRM crtc 43
07-22 21:31:19.820 0 0 D : [drm:drm_atomic_state_default_clear [drm]] Clearing atomic state 0000000000cc0718
07-22 21:31:19.820 0 0 D : [drm:__drm_atomic_state_free [drm]] Freeing atomic state 0000000000cc0718
07-22 21:31:19.820 0 0 D : [drm:drm_atomic_state_init [drm]] Allocated atomic state 0000000000cc0718
07-22 21:31:19.820 0 0 D : [drm:drm_atomic_get_plane_state [drm]] Added [PLANE:36:plane-0] 000000007538ea33 state to 0000000000cc0718
07-22 21:31:19.820 0 0 D : [drm:drm_atomic_get_crtc_state [drm]] Added [CRTC:43:crtc-0] 0000000042d05269 state to 0000000000cc0718
07-22 21:31:19.820 0 0 D : [drm:drm_atomic_set_crtc_for_plane [drm]] Link plane state 000000007538ea33 to [CRTC:43:crtc-0]
07-22 21:31:19.820 0 0 D : [drm:drm_atomic_set_fb_for_plane [drm]] Set [FB:74] for plane state 000000007538ea33
07-22 21:31:19.820 0 0 D : [drm:drm_atomic_check_only [drm]] checking 0000000000cc0718
07-22 21:31:19.820 0 0 D : [drm:dm_update_planes_state [amdgpu]] Disabling DRM plane: 36 on DRM crtc 43
07-22 21:31:19.820 0 0 D : [drm:dm_update_planes_state [amdgpu]] Enabling DRM plane: 36 on DRM crtc 43
07-22 21:31:19.820 0 0 D : [drm:drm_atomic_commit [drm]] committing 0000000000cc0718
07-22 21:31:19.820 0 0 D : [drm:amdgpu_dm_atomic_commit_tail [amdgpu]] amdgpu_crtc id:0 crtc_state_flags: enable:1, active:1, planes_changed:1, mode_changed:0,active_changed:0,connectors_changed:0
07-22 21:31:19.820 0 0 D [drm:amdgpu_dm_atomic_commit_tail [amdgpu]] crtc: 0, pflip_stat:AMDGPU_FLIP_SUBMITTED
07-22 21:31:19.834 0 0 D : [drm:dm_pflip_high_irq [amdgpu]] dm_pflip_high_irq - crtc :0[00000000da4e46cc], pflip_stat:AMDGPU_FLIP_NONE
07-22 21:31:19.834 0 0 D : [drm:drm_atomic_state_default_clear [drm]] Clearing atomic state 0000000000cc0718
07-22 21:31:19.834 0 0 D : [drm:__drm_atomic_state_free [drm]] Freeing atomic state 0000000000cc0718
07-22 21:31:19.514 2443 2454 I dvm_lock_sample: [system_server,1,Binder:2443_1,31,WindowManagerService.java,1214,int com.android.server.wm.WindowManagerService.addWindow(com.android.server.wm.Session, android.view.IWindow, int, android.view.WindowManager$LayoutParams, int, int, android.graphics.Rect, android.graphics.Rect, android.graphics.Rect, android.view.InputChannel),-,2951,void com.android.server.wm.WindowManagerService.continueSurfaceLayout(),6]
07-22 21:31:19.515 2443 2458 I sysui_count: [window_time_0,2]
07-22 21:31:19.515 2443 2458 I sysui_multi_action: [757,803,799,window_time_0,802,2]
07-22 21:31:19.519 2812 2825 D DCT : [0]hasMatchedTetherApnSetting: APN=null
07-22 21:31:19.520 2443 2506 I InputReader: Reconfiguring input devices. changes=0x00000004
07-22 21:31:19.840 0 0 D [drm:drm_mode_addfb2 [drm]] [FB: 78]
07-22 21:31:19.840 0 0 D : [drm:drm_atomic_state_init [drm]] Allocated atomic state 00000000a670a354
07-22 21:31:19.840 0 0 D : [drm:drm_atomic_get_plane_state [drm]] Added [PLANE:36:plane-0] 00000000a5d8c34d state to 00000000a670a354
07-22 21:31:19.840 0 0 D : [drm:drm_atomic_get_crtc_state [drm]] Added [CRTC:43:crtc-0] 0000000023e575ec state to 00000000a670a354
07-22 21:31:19.840 0 0 D : [drm:drm_atomic_set_crtc_for_plane [drm]] Link plane state 00000000a5d8c34d to [CRTC:43:crtc-0]
07-22 21:31:19.840 0 0 D : [drm:drm_atomic_set_fb_for_plane [drm]] Set [FB:78] for plane state 00000000a5d8c34d
07-22 21:31:19.840 0 0 D : [drm:drm_atomic_check_only [drm]] checking 00000000a670a354
07-22 21:31:19.840 0 0 D : [drm:dm_update_planes_state [amdgpu]] Disabling DRM plane: 36 on DRM crtc 43
07-22 21:31:19.840 0 0 D : [drm:dm_update_planes_state [amdgpu]] Enabling DRM plane: 36 on DRM crtc 43
07-22 21:31:19.840 0 0 D : [drm:drm_atomic_state_default_clear [drm]] Clearing atomic state 00000000a670a354
07-22 21:31:19.840 0 0 D : [drm:__drm_atomic_state_free [drm]] Freeing atomic state 00000000a670a354
07-22 21:31:19.840 0 0 D : [drm:drm_atomic_state_init [drm]] Allocated atomic state 000000001d67a9fa
07-22 21:31:19.840 0 0 D : [drm:drm_atomic_get_plane_state [drm]] Added [PLANE:36:plane-0] 000000004356c025 state to 000000001d67a9fa
07-22 21:31:19.840 0 0 D : [drm:drm_atomic_get_crtc_state [drm]] Added [CRTC:43:crtc-0] 0000000007301545 state to 000000001d67a9fa
07-22 21:31:19.840 0 0 D : [drm:drm_atomic_set_crtc_for_plane [drm]] Link plane state 000000004356c025 to [CRTC:43:crtc-0]
07-22 21:31:19.840 0 0 D : [drm:drm_atomic_set_fb_for_plane [drm]] Set [FB:78] for plane state 000000004356c025
07-22 21:31:19.840 0 0 D : [drm:drm_atomic_check_only [drm]] checking 000000001d67a9fa
07-22 21:31:19.841 0 0 D : [drm:dm_update_planes_state [amdgpu]] Disabling DRM plane: 36 on DRM crtc 43
07-22 21:31:19.841 0 0 D : [drm:dm_update_planes_state [amdgpu]] Enabling DRM plane: 36 on DRM crtc 43
07-22 21:31:19.841 0 0 D : [drm:drm_atomic_commit [drm]] committing 000000001d67a9fa
07-22 21:31:19.841 0 0 D : [drm:amdgpu_dm_atomic_commit_tail [amdgpu]] amdgpu_crtc id:0 crtc_state_flags: enable:1, active:1, planes_changed:1, mode_changed:0,active_changed:0,connectors_changed:0
07-22 21:31:19.841 0 0 D [drm:amdgpu_dm_atomic_commit_tail [amdgpu]] crtc: 0, pflip_stat:AMDGPU_FLIP_SUBMITTED
07-22 21:31:19.525 4695 4695 I am_on_stop_called: [0,com.futuremark.dmandroid.application.MainActivity,destroy]
07-22 21:31:19.526 4695 4695 D com.futuremark.dmandroid.*eAllBenchmarksFragment: onDestroyView()
07-22 21:31:19.851 0 0 D : [drm:dm_pflip_high_irq [amdgpu]] dm_pflip_high_irq - crtc :0[00000000da4e46cc], pflip_stat:AMDGPU_FLIP_NONE
07-22 21:31:19.851 0 0 D : [drm:drm_atomic_state_default_clear [drm]] Clearing atomic state 000000001d67a9fa
07-22 21:31:19.851 0 0 D : [drm:__drm_atomic_state_free [drm]] Freeing atomic state 000000001d67a9fa
07-22 21:31:19.533 2443 2506 I InputReader: Reconfiguring input devices. changes=0x00000004
07-22 21:31:19.855 0 0 D [drm:drm_mode_addfb2 [drm]] [FB: 74]
07-22 21:31:19.855 0 0 D : [drm:drm_atomic_state_init [drm]] Allocated atomic state 0000000022683d38
07-22 21:31:19.855 0 0 D : [drm:drm_atomic_get_plane_state [drm]] Added [PLANE:36:plane-0] 000000007538ea33 state to 0000000022683d38
07-22 21:31:19.855 0 0 D : [drm:drm_atomic_get_crtc_state [drm]] Added [CRTC:43:crtc-0] 00000000066f486f state to 0000000022683d38
07-22 21:31:19.855 0 0 D : [drm:drm_atomic_set_crtc_for_plane [drm]] Link plane state 000000007538ea33 to [CRTC:43:crtc-0]
07-22 21:31:19.855 0 0 D : [drm:drm_atomic_set_fb_for_plane [drm]] Set [FB:74] for plane state 000000007538ea33
07-22 21:31:19.855 0 0 D : [drm:drm_atomic_check_only [drm]] checking 0000000022683d38
07-22 21:31:19.855 0 0 D : [drm:dm_update_planes_state [amdgpu]] Disabling DRM plane: 36 on DRM crtc 43
07-22 21:31:19.855 0 0 D : [drm:dm_update_planes_state [amdgpu]] Enabling DRM plane: 36 on DRM crtc 43
07-22 21:31:19.855 0 0 D : [drm:drm_atomic_state_default_clear [drm]] Clearing atomic state 0000000022683d38
07-22 21:31:19.855 0 0 D : [drm:__drm_atomic_state_free [drm]] Freeing atomic state 0000000022683d38
07-22 21:31:19.855 0 0 D : [drm:drm_atomic_state_init [drm]] Allocated atomic state 0000000022683d38
07-22 21:31:19.855 0 0 D : [drm:drm_atomic_get_plane_state [drm]] Added [PLANE:36:plane-0] 000000007538ea33 state to 0000000022683d38
07-22 21:31:19.855 0 0 D : [drm:drm_atomic_get_crtc_state [drm]] Added [CRTC:43:crtc-0] 0000000047d54551 state to 0000000022683d38
07-22 21:31:19.855 0 0 D : [drm:drm_atomic_set_crtc_for_plane [drm]] Link plane state 000000007538ea33 to [CRTC:43:crtc-0]
07-22 21:31:19.855 0 0 D : [drm:drm_atomic_set_fb_for_plane [drm]] Set [FB:74] for plane state 000000007538ea33
07-22 21:31:19.855 0 0 D : [drm:drm_atomic_check_only [drm]] checking 0000000022683d38
07-22 21:31:19.855 0 0 D : [drm:dm_update_planes_state [amdgpu]] Disabling DRM plane: 36 on DRM crtc 43
07-22 21:31:19.855 0 0 D : [drm:dm_update_planes_state [amdgpu]] Enabling DRM plane: 36 on DRM crtc 43
07-22 21:31:19.855 0 0 D : [drm:drm_atomic_commit [drm]] committing 0000000022683d38
07-22 21:31:19.855 0 0 D : [drm:amdgpu_dm_atomic_commit_tail [amdgpu]] amdgpu_crtc id:0 crtc_state_flags: enable:1, active:1, planes_changed:1, mode_changed:0,active_changed:0,connectors_changed:0
07-22 21:31:19.855 0 0 D [drm:amdgpu_dm_atomic_commit_tail [amdgpu]] crtc: 0, pflip_stat:AMDGPU_FLIP_SUBMITTED
07-22 21:31:19.867 0 0 D : [drm:dm_pflip_high_irq [amdgpu]] dm_pflip_high_irq - crtc :0[00000000da4e46cc], pflip_stat:AMDGPU_FLIP_NONE
07-22 21:31:19.867 0 0 D : [drm:drm_atomic_state_default_clear [drm]] Clearing atomic state 0000000022683d38
07-22 21:31:19.867 0 0 D : [drm:__drm_atomic_state_free [drm]] Freeing atomic state 0000000022683d38
07-22 21:31:19.870 0 0 D [drm:drm_mode_addfb2 [drm]] [FB: 78]
07-22 21:31:19.870 0 0 D : [drm:drm_atomic_state_init [drm]] Allocated atomic state 000000009e104ac7
07-22 21:31:19.870 0 0 D : [drm:drm_atomic_get_plane_state [drm]] Added [PLANE:36:plane-0] 000000004356c025 state to 000000009e104ac7
07-22 21:31:19.870 0 0 D : [drm:drm_atomic_get_crtc_state [drm]] Added [CRTC:43:crtc-0] 000000004dfe81dd state to 000000009e104ac7
07-22 21:31:19.870 0 0 D : [drm:drm_atomic_set_crtc_for_plane [drm]] Link plane state 000000004356c025 to [CRTC:43:crtc-0]
07-22 21:31:19.870 0 0 D : [drm:drm_atomic_set_fb_for_plane [drm]] Set [FB:78] for plane state 000000004356c025
07-22 21:31:19.870 0 0 D : [drm:drm_atomic_check_only [drm]] checking 000000009e104ac7
07-22 21:31:19.870 0 0 D : [drm:dm_update_planes_state [amdgpu]] Disabling DRM plane: 36 on DRM crtc 43
07-22 21:31:19.870 0 0 D : [drm:dm_update_planes_state [amdgpu]] Enabling DRM plane: 36 on DRM crtc 43
07-22 21:31:19.870 0 0 D : [drm:drm_atomic_state_default_clear [drm]] Clearing atomic state 000000009e104ac7
07-22 21:31:19.870 0 0 D : [drm:__drm_atomic_state_free [drm]] Freeing atomic state 000000009e104ac7
07-22 21:31:19.871 0 0 D : [drm:drm_atomic_state_init [drm]] Allocated atomic state 000000009e104ac7
07-22 21:31:19.871 0 0 D : [drm:drm_atomic_get_plane_state [drm]] Added [PLANE:36:plane-0] 000000004356c025 state to 000000009e104ac7
07-22 21:31:19.871 0 0 D : [drm:drm_atomic_get_crtc_state [drm]] Added [CRTC:43:crtc-0] 00000000c5b82447 state to 000000009e104ac7
07-22 21:31:19.871 0 0 D : [drm:drm_atomic_set_crtc_for_plane [drm]] Link plane state 000000004356c025 to [CRTC:43:crtc-0]
07-22 21:31:19.871 0 0 D : [drm:drm_atomic_set_fb_for_plane [drm]] Set [FB:78] for plane state 000000004356c025
07-22 21:31:19.871 0 0 D : [drm:drm_atomic_check_only [drm]] checking 000000009e104ac7
07-22 21:31:19.871 0 0 D : [drm:dm_update_planes_state [amdgpu]] Disabling DRM plane: 36 on DRM crtc 43
07-22 21:31:19.871 0 0 D : [drm:dm_update_planes_state [amdgpu]] Enabling DRM plane: 36 on DRM crtc 43
07-22 21:31:19.871 0 0 D : [drm:drm_atomic_commit [drm]] committing 000000009e104ac7
07-22 21:31:19.871 0 0 D : [drm:amdgpu_dm_atomic_commit_tail [amdgpu]] amdgpu_crtc id:0 crtc_state_flags: enable:1, active:1, planes_changed:1, mode_changed:0,active_changed:0,connectors_changed:0
07-22 21:31:19.871 0 0 D [drm:amdgpu_dm_atomic_commit_tail [amdgpu]] crtc: 0, pflip_stat:AMDGPU_FLIP_SUBMITTED
07-22 21:31:19.553 3472 3472 I AppLifecycleTracker: onActivityCreated:
07-22 21:31:19.555 3472 3472 I Finsky : [2] com.google.android.finsky.activities.AppCrashProxy.onCreate(108): Sending feedback for crashed com.futuremark.dmandroid.application to com.google.android.gms
07-22 21:31:19.559 2443 4794 I ActivityManager: START u0 {act=android.intent.action.APP_ERROR flg=0x10000000 pkg=com.google.android.gms cmp=com.google.android.gms/.feedback.FeedbackActivity (has extras)} from uid 10025
07-22 21:31:19.562 2443 4794 I wm_task_created: [8,1]
07-22 21:31:19.562 2443 4794 I wm_task_moved: [8,1,2]
07-22 21:31:19.884 0 0 D : [drm:dm_pflip_high_irq [amdgpu]] dm_pflip_high_irq - crtc :0[00000000da4e46cc], pflip_stat:AMDGPU_FLIP_NONE
07-22 21:31:19.884 0 0 D : [drm:drm_atomic_state_default_clear [drm]] Clearing atomic state 000000009e104ac7
07-22 21:31:19.884 0 0 D : [drm:__drm_atomic_state_free [drm]] Freeing atomic state 000000009e104ac7
07-22 21:31:19.562 2443 4794 I wm_task_moved: [8,1,2]
07-22 21:31:19.562 2443 4794 I am_create_task: [0,8]
07-22 21:31:19.562 2443 4794 I am_create_activity: [0,151609886,8,com.google.android.gms/.feedback.FeedbackActivity,android.intent.action.APP_ERROR,NULL,NULL,276824064]
07-22 21:31:19.562 2443 4794 I wm_task_moved: [8,1,2]
07-22 21:31:19.563 2443 4794 I am_pause_activity: [0,63770639,com.android.vending/com.google.android.finsky.activities.AppCrashProxy]
07-22 21:31:19.887 0 0 D [drm:drm_mode_addfb2 [drm]] [FB: 74]
07-22 21:31:19.887 0 0 D : [drm:drm_atomic_state_init [drm]] Allocated atomic state 00000000554b4c64
07-22 21:31:19.887 0 0 D : [drm:drm_atomic_get_plane_state [drm]] Added [PLANE:36:plane-0] 00000000a6d8ac25 state to 00000000554b4c64
07-22 21:31:19.887 0 0 D : [drm:drm_atomic_get_crtc_state [drm]] Added [CRTC:43:crtc-0] 00000000e38ed42c state to 00000000554b4c64
07-22 21:31:19.887 0 0 D : [drm:drm_atomic_set_crtc_for_plane [drm]] Link plane state 00000000a6d8ac25 to [CRTC:43:crtc-0]
07-22 21:31:19.887 0 0 D : [drm:drm_atomic_set_fb_for_plane [drm]] Set [FB:74] for plane state 00000000a6d8ac25
07-22 21:31:19.887 0 0 D : [drm:drm_atomic_check_only [drm]] checking 00000000554b4c64
07-22 21:31:19.887 0 0 D : [drm:dm_update_planes_state [amdgpu]] Disabling DRM plane: 36 on DRM crtc 43
07-22 21:31:19.887 0 0 D : [drm:dm_update_planes_state [amdgpu]] Enabling DRM plane: 36 on DRM crtc 43
07-22 21:31:19.887 0 0 D : [drm:drm_atomic_state_default_clear [drm]] Clearing atomic state 00000000554b4c64
07-22 21:31:19.887 0 0 D : [drm:__drm_atomic_state_free [drm]] Freeing atomic state 00000000554b4c64
07-22 21:31:19.887 0 0 D : [drm:drm_atomic_state_init [drm]] Allocated atomic state 00000000554b4c64
07-22 21:31:19.887 0 0 D : [drm:drm_atomic_get_plane_state [drm]] Added [PLANE:36:plane-0] 00000000a6d8ac25 state to 00000000554b4c64
07-22 21:31:19.887 0 0 D : [drm:drm_atomic_get_crtc_state [drm]] Added [CRTC:43:crtc-0] 00000000e1dfd4f8 state to 00000000554b4c64
07-22 21:31:19.887 0 0 D : [drm:drm_atomic_set_crtc_for_plane [drm]] Link plane state 00000000a6d8ac25 to [CRTC:43:crtc-0]
07-22 21:31:19.887 0 0 D : [drm:drm_atomic_set_fb_for_plane [drm]] Set [FB:74] for plane state 00000000a6d8ac25
07-22 21:31:19.887 0 0 D : [drm:drm_atomic_check_only [drm]] checking 00000000554b4c64
07-22 21:31:19.887 0 0 D : [drm:dm_update_planes_state [amdgpu]] Disabling DRM plane: 36 on DRM crtc 43
07-22 21:31:19.887 0 0 D : [drm:dm_update_planes_state [amdgpu]] Enabling DRM plane: 36 on DRM crtc 43
07-22 21:31:19.887 0 0 D : [drm:drm_atomic_commit [drm]] committing 00000000554b4c64
07-22 21:31:19.887 0 0 D : [drm:amdgpu_dm_atomic_commit_tail [amdgpu]] amdgpu_crtc id:0 crtc_state_flags: enable:1, active:1, planes_changed:1, mode_changed:0,active_changed:0,connectors_changed:0
07-22 21:31:19.887 0 0 D [drm:amdgpu_dm_atomic_commit_tail [amdgpu]] crtc: 0, pflip_stat:AMDGPU_FLIP_SUBMITTED
07-22 21:31:19.565 2443 4794 I am_finish_activity: [0,63770639,7,com.android.vending/com.google.android.finsky.activities.AppCrashProxy,app-request]
07-22 21:31:19.901 0 0 D : [drm:dm_pflip_high_irq [amdgpu]] dm_pflip_high_irq - crtc :0[00000000da4e46cc], pflip_stat:AMDGPU_FLIP_NONE
07-22 21:31:19.901 0 0 D : [drm:drm_atomic_state_default_clear [drm]] Clearing atomic state 00000000554b4c64
07-22 21:31:19.901 0 0 D : [drm:__drm_atomic_state_free [drm]] Freeing atomic state 00000000554b4c64
07-22 21:31:19.903 0 0 D [drm:drm_mode_addfb2 [drm]] [FB: 78]
07-22 21:31:19.903 0 0 D : [drm:drm_atomic_state_init [drm]] Allocated atomic state 00000000d9db28e1
07-22 21:31:19.903 0 0 D : [drm:drm_atomic_get_plane_state [drm]] Added [PLANE:36:plane-0] 000000004356c025 state to 00000000d9db28e1
07-22 21:31:19.903 0 0 D : [drm:drm_atomic_get_crtc_state [drm]] Added [CRTC:43:crtc-0] 00000000c5b82447 state to 00000000d9db28e1
07-22 21:31:19.903 0 0 D : [drm:drm_atomic_set_crtc_for_plane [drm]] Link plane state 000000004356c025 to [CRTC:43:crtc-0]
07-22 21:31:19.903 0 0 D : [drm:drm_atomic_set_fb_for_plane [drm]] Set [FB:78] for plane state 000000004356c025
07-22 21:31:19.903 0 0 D : [drm:drm_atomic_check_only [drm]] checking 00000000d9db28e1
07-22 21:31:19.903 0 0 D : [drm:dm_update_planes_state [amdgpu]] Disabling DRM plane: 36 on DRM crtc 43
07-22 21:31:19.903 0 0 D : [drm:dm_update_planes_state [amdgpu]] Enabling DRM plane: 36 on DRM crtc 43
07-22 21:31:19.903 0 0 D : [drm:drm_atomic_state_default_clear [drm]] Clearing atomic state 00000000d9db28e1
07-22 21:31:19.903 0 0 D : [drm:__drm_atomic_state_free [drm]] Freeing atomic state 00000000d9db28e1
07-22 21:31:19.903 0 0 D : [drm:drm_atomic_state_init [drm]] Allocated atomic state 00000000d9db28e1
07-22 21:31:19.903 0 0 D : [drm:drm_atomic_get_plane_state [drm]] Added [PLANE:36:plane-0] 000000004356c025 state to 00000000d9db28e1
07-22 21:31:19.903 0 0 D : [drm:drm_atomic_get_crtc_state [drm]] Added [CRTC:43:crtc-0] 000000001b717f3e state to 00000000d9db28e1
07-22 21:31:19.903 0 0 D : [drm:drm_atomic_set_crtc_for_plane [drm]] Link plane state 000000004356c025 to [CRTC:43:crtc-0]
07-22 21:31:19.903 0 0 D : [drm:drm_atomic_set_fb_for_plane [drm]] Set [FB:78] for plane state 000000004356c025
07-22 21:31:19.903 0 0 D : [drm:drm_atomic_check_only [drm]] checking 00000000d9db28e1
07-22 21:31:19.904 0 0 D : [drm:dm_update_planes_state [amdgpu]] Disabling DRM plane: 36 on DRM crtc 43
07-22 21:31:19.904 0 0 D : [drm:dm_update_planes_state [amdgpu]] Enabling DRM plane: 36 on DRM crtc 43
07-22 21:31:19.904 0 0 D : [drm:drm_atomic_commit [drm]] committing 00000000d9db28e1
07-22 21:31:19.904 0 0 D : [drm:amdgpu_dm_atomic_commit_tail [amdgpu]] amdgpu_crtc id:0 crtc_state_flags: enable:1, active:1, planes_changed:1, mode_changed:0,active_changed:0,connectors_changed:0
07-22 21:31:19.582 2443 2458 I sysui_count: [window_time_0,0]
07-22 21:31:19.582 2443 2458 I sysui_multi_action: [757,803,799,window_time_0,802,0]
07-22 21:31:19.904 0 0 D [drm:amdgpu_dm_atomic_commit_tail [amdgpu]] crtc: 0, pflip_stat:AMDGPU_FLIP_SUBMITTED
07-22 21:31:19.590 5059 5059 I auditd : type=1400 audit(0.0:833): avc: denied { mounton } for comm="main" path="/storage" dev="tmpfs" ino=834 scontext=u:r:zygote:s0 tcontext=u:object_r:tmpfs:s0 tclass=dir permissive=1
07-22 21:31:19.590 5059 5059 I main : type=1400 audit(0.0:833): avc: denied { mounton } for path="/storage" dev="tmpfs" ino=834 scontext=u:r:zygote:s0 tcontext=u:object_r:tmpfs:s0 tclass=dir permissive=1
07-22 21:31:19.592 5059 5059 W zygote64: Unexpected CPU variant for X86 using defaults: x86_64
07-22 21:31:19.917 0 0 D : [drm:dm_pflip_high_irq [amdgpu]] dm_pflip_high_irq - crtc :0[00000000da4e46cc], pflip_stat:AMDGPU_FLIP_NONE
07-22 21:31:19.919 0 0 D : [drm:drm_atomic_state_default_clear [drm]] Clearing atomic state 00000000d9db28e1
07-22 21:31:19.919 0 0 D : [drm:__drm_atomic_state_free [drm]] Freeing atomic state 00000000d9db28e1
07-22 21:31:19.597 2443 4869 I am_proc_start: [0,5059,10015,com.google.android.gms.ui,activity,com.google.android.gms/.feedback.FeedbackActivity]
07-22 21:31:19.597 2443 4869 I ActivityManager: Start proc 5059:com.google.android.gms.ui/u0a15 for activity com.google.android.gms/.feedback.FeedbackActivity
07-22 21:31:19.614 2443 2454 I am_proc_bound: [0,5059,com.google.android.gms.ui]
07-22 21:31:19.937 0 0 D [drm:drm_mode_addfb2 [drm]] [FB: 74]
07-22 21:31:19.937 0 0 D : [drm:drm_atomic_state_init [drm]] Allocated atomic state 0000000078da9e85
07-22 21:31:19.937 0 0 D : [drm:drm_atomic_get_plane_state [drm]] Added [PLANE:36:plane-0] 00000000da207a22 state to 0000000078da9e85
07-22 21:31:19.937 0 0 D : [drm:drm_atomic_get_crtc_state [drm]] Added [CRTC:43:crtc-0] 00000000d85615af state to 0000000078da9e85
07-22 21:31:19.937 0 0 D : [drm:drm_atomic_set_crtc_for_plane [drm]] Link plane state 00000000da207a22 to [CRTC:43:crtc-0]
07-22 21:31:19.937 0 0 D : [drm:drm_atomic_set_fb_for_plane [drm]] Set [FB:74] for plane state 00000000da207a22
07-22 21:31:19.937 0 0 D : [drm:drm_atomic_check_only [drm]] checking 0000000078da9e85
07-22 21:31:19.937 0 0 D : [drm:dm_update_planes_state [amdgpu]] Disabling DRM plane: 36 on DRM crtc 43
07-22 21:31:19.937 0 0 D : [drm:dm_update_planes_state [amdgpu]] Enabling DRM plane: 36 on DRM crtc 43
07-22 21:31:19.937 0 0 D : [drm:drm_atomic_state_default_clear [drm]] Clearing atomic state 0000000078da9e85
07-22 21:31:19.937 0 0 D : [drm:__drm_atomic_state_free [drm]] Freeing atomic state 0000000078da9e85
07-22 21:31:19.938 0 0 D : [drm:drm_atomic_state_init [drm]] Allocated atomic state 0000000078da9e85
07-22 21:31:19.938 0 0 D : [drm:drm_atomic_get_plane_state [drm]] Added [PLANE:36:plane-0] 00000000da207a22 state to 0000000078da9e85
07-22 21:31:19.938 0 0 D : [drm:drm_atomic_get_crtc_state [drm]] Added [CRTC:43:crtc-0] 000000005a2999e5 state to 0000000078da9e85
07-22 21:31:19.938 0 0 D : [drm:drm_atomic_set_crtc_for_plane [drm]] Link plane state 00000000da207a22 to [CRTC:43:crtc-0]
07-22 21:31:19.938 0 0 D : [drm:drm_atomic_set_fb_for_plane [drm]] Set [FB:74] for plane state 00000000da207a22
07-22 21:31:19.938 0 0 D : [drm:drm_atomic_check_only [drm]] checking 0000000078da9e85
07-22 21:31:19.938 0 0 D : [drm:dm_update_planes_state [amdgpu]] Disabling DRM plane: 36 on DRM crtc 43
07-22 21:31:19.938 0 0 D : [drm:dm_update_planes_state [amdgpu]] Enabling DRM plane: 36 on DRM crtc 43
07-22 21:31:19.938 0 0 D : [drm:drm_atomic_commit [drm]] committing 0000000078da9e85
07-22 21:31:19.938 0 0 D : [drm:amdgpu_dm_atomic_commit_tail [amdgpu]] amdgpu_crtc id:0 crtc_state_flags: enable:1, active:1, planes_changed:1, mode_changed:0,active_changed:0,connectors_changed:0
07-22 21:31:19.938 0 0 D [drm:amdgpu_dm_atomic_commit_tail [amdgpu]] crtc: 0, pflip_stat:AMDGPU_FLIP_SUBMITTED
07-22 21:31:19.951 0 0 D : [drm:dm_pflip_high_irq [amdgpu]] dm_pflip_high_irq - crtc :0[00000000da4e46cc], pflip_stat:AMDGPU_FLIP_NONE
07-22 21:31:19.951 0 0 D : [drm:drm_atomic_state_default_clear [drm]] Clearing atomic state 0000000078da9e85
07-22 21:31:19.951 0 0 D : [drm:__drm_atomic_state_free [drm]] Freeing atomic state 0000000078da9e85
07-22 21:31:19.632 2443 2454 W SchedPolicy: add_tid_to_cgroup failed to write '5059' (Permission denied); fd=27
07-22 21:31:19.632 2443 2454 W SchedPolicy: add_tid_to_cgroup failed to write '3472' (Permission denied); fd=3
07-22 21:31:19.633 2443 2454 I am_restart_activity: [0,151609886,8,com.google.android.gms/.feedback.FeedbackActivity]
07-22 21:31:19.633 2443 2454 I am_set_resumed_activity: [0,com.google.android.gms/.feedback.FeedbackActivity,minimalResumeActivityLocked]
07-22 21:31:19.954 0 0 D [drm:drm_mode_addfb2 [drm]] [FB: 78]
07-22 21:31:19.954 0 0 D : [drm:drm_atomic_state_init [drm]] Allocated atomic state 000000006e7cfc96
07-22 21:31:19.954 0 0 D : [drm:drm_atomic_get_plane_state [drm]] Added [PLANE:36:plane-0] 000000004356c025 state to 000000006e7cfc96
07-22 21:31:19.954 0 0 D : [drm:drm_atomic_get_crtc_state [drm]] Added [CRTC:43:crtc-0] 00000000fe2982c6 state to 000000006e7cfc96
07-22 21:31:19.954 0 0 D : [drm:drm_atomic_set_crtc_for_plane [drm]] Link plane state 000000004356c025 to [CRTC:43:crtc-0]
07-22 21:31:19.954 0 0 D : [drm:drm_atomic_set_fb_for_plane [drm]] Set [FB:78] for plane state 000000004356c025
07-22 21:31:19.954 0 0 D : [drm:drm_atomic_check_only [drm]] checking 000000006e7cfc96
07-22 21:31:19.954 0 0 D : [drm:dm_update_planes_state [amdgpu]] Disabling DRM plane: 36 on DRM crtc 43
07-22 21:31:19.954 0 0 D : [drm:dm_update_planes_state [amdgpu]] Enabling DRM plane: 36 on DRM crtc 43
07-22 21:31:19.954 0 0 D : [drm:drm_atomic_state_default_clear [drm]] Clearing atomic state 000000006e7cfc96
07-22 21:31:19.954 0 0 D : [drm:__drm_atomic_state_free [drm]] Freeing atomic state 000000006e7cfc96
07-22 21:31:19.954 0 0 D : [drm:drm_atomic_state_init [drm]] Allocated atomic state 00000000db0e2bc2
07-22 21:31:19.954 0 0 D : [drm:drm_atomic_get_plane_state [drm]] Added [PLANE:36:plane-0] 000000000f2bbab0 state to 00000000db0e2bc2
07-22 21:31:19.954 0 0 D : [drm:drm_atomic_get_crtc_state [drm]] Added [CRTC:43:crtc-0] 00000000e38ed42c state to 00000000db0e2bc2
07-22 21:31:19.954 0 0 D : [drm:drm_atomic_set_crtc_for_plane [drm]] Link plane state 000000000f2bbab0 to [CRTC:43:crtc-0]
07-22 21:31:19.954 0 0 D : [drm:drm_atomic_set_fb_for_plane [drm]] Set [FB:78] for plane state 000000000f2bbab0
07-22 21:31:19.954 0 0 D : [drm:drm_atomic_check_only [drm]] checking 00000000db0e2bc2
07-22 21:31:19.954 0 0 D : [drm:dm_update_planes_state [amdgpu]] Disabling DRM plane: 36 on DRM crtc 43
07-22 21:31:19.954 0 0 D : [drm:dm_update_planes_state [amdgpu]] Enabling DRM plane: 36 on DRM crtc 43
07-22 21:31:19.954 0 0 D : [drm:drm_atomic_commit [drm]] committing 00000000db0e2bc2
07-22 21:31:19.954 0 0 D : [drm:amdgpu_dm_atomic_commit_tail [amdgpu]] amdgpu_crtc id:0 crtc_state_flags: enable:1, active:1, planes_changed:1, mode_changed:0,active_changed:0,connectors_changed:0
07-22 21:31:19.955 0 0 D [drm:amdgpu_dm_atomic_commit_tail [amdgpu]] crtc: 0, pflip_stat:AMDGPU_FLIP_SUBMITTED
07-22 21:31:19.967 0 0 D : [drm:dm_pflip_high_irq [amdgpu]] dm_pflip_high_irq - crtc :0[00000000da4e46cc], pflip_stat:AMDGPU_FLIP_NONE
07-22 21:31:19.967 0 0 D : [drm:drm_atomic_state_default_clear [drm]] Clearing atomic state 00000000db0e2bc2
07-22 21:31:19.967 0 0 D : [drm:__drm_atomic_state_free [drm]] Freeing atomic state 00000000db0e2bc2
07-22 21:31:19.970 0 0 D [drm:drm_mode_addfb2 [drm]] [FB: 74]
07-22 21:31:19.970 0 0 D : [drm:drm_atomic_state_init [drm]] Allocated atomic state 000000003da4c69d
07-22 21:31:19.970 0 0 D : [drm:drm_atomic_get_plane_state [drm]] Added [PLANE:36:plane-0] 00000000da207a22 state to 000000003da4c69d
07-22 21:31:19.970 0 0 D : [drm:drm_atomic_get_crtc_state [drm]] Added [CRTC:43:crtc-0] 00000000a3bb6dec state to 000000003da4c69d
07-22 21:31:19.970 0 0 D : [drm:drm_atomic_set_crtc_for_plane [drm]] Link plane state 00000000da207a22 to [CRTC:43:crtc-0]
07-22 21:31:19.970 0 0 D : [drm:drm_atomic_set_fb_for_plane [drm]] Set [FB:74] for plane state 00000000da207a22
07-22 21:31:19.970 0 0 D : [drm:drm_atomic_check_only [drm]] checking 000000003da4c69d
07-22 21:31:19.970 0 0 D : [drm:dm_update_planes_state [amdgpu]] Disabling DRM plane: 36 on DRM crtc 43
07-22 21:31:19.970 0 0 D : [drm:dm_update_planes_state [amdgpu]] Enabling DRM plane: 36 on DRM crtc 43
07-22 21:31:19.970 0 0 D : [drm:drm_atomic_state_default_clear [drm]] Clearing atomic state 000000003da4c69d
07-22 21:31:19.970 0 0 D : [drm:__drm_atomic_state_free [drm]] Freeing atomic state 000000003da4c69d
07-22 21:31:19.970 0 0 D : [drm:drm_atomic_state_init [drm]] Allocated atomic state 00000000674d80d9
07-22 21:31:19.970 0 0 D : [drm:drm_atomic_get_plane_state [drm]] Added [PLANE:36:plane-0] 00000000e7f24723 state to 00000000674d80d9
07-22 21:31:19.970 0 0 D : [drm:drm_atomic_get_crtc_state [drm]] Added [CRTC:43:crtc-0] 000000004dfe81dd state to 00000000674d80d9
07-22 21:31:19.970 0 0 D : [drm:drm_atomic_set_crtc_for_plane [drm]] Link plane state 00000000e7f24723 to [CRTC:43:crtc-0]
07-22 21:31:19.970 0 0 D : [drm:drm_atomic_set_fb_for_plane [drm]] Set [FB:74] for plane state 00000000e7f24723
07-22 21:31:19.970 0 0 D : [drm:drm_atomic_check_only [drm]] checking 00000000674d80d9
07-22 21:31:19.970 0 0 D : [drm:dm_update_planes_state [amdgpu]] Disabling DRM plane: 36 on DRM crtc 43
07-22 21:31:19.970 0 0 D : [drm:dm_update_planes_state [amdgpu]] Enabling DRM plane: 36 on DRM crtc 43
07-22 21:31:19.970 0 0 D : [drm:drm_atomic_commit [drm]] committing 00000000674d80d9
07-22 21:31:19.970 0 0 D : [drm:amdgpu_dm_atomic_commit_tail [amdgpu]] amdgpu_crtc id:0 crtc_state_flags: enable:1, active:1, planes_changed:1, mode_changed:0,active_changed:0,connectors_changed:0
07-22 21:31:19.970 0 0 D [drm:amdgpu_dm_atomic_commit_tail [amdgpu]] crtc: 0, pflip_stat:AMDGPU_FLIP_SUBMITTED
07-22 21:31:19.984 0 0 D : [drm:dm_pflip_high_irq [amdgpu]] dm_pflip_high_irq - crtc :0[00000000da4e46cc], pflip_stat:AMDGPU_FLIP_NONE
07-22 21:31:19.984 0 0 D : [drm:drm_atomic_state_default_clear [drm]] Clearing atomic state 00000000674d80d9
07-22 21:31:19.984 0 0 D : [drm:__drm_atomic_state_free [drm]] Freeing atomic state 00000000674d80d9
07-22 21:31:19.986 0 0 D [drm:drm_mode_addfb2 [drm]] [FB: 78]
07-22 21:31:19.987 0 0 D : [drm:drm_atomic_state_init [drm]] Allocated atomic state 00000000674d80d9
07-22 21:31:19.987 0 0 D : [drm:drm_atomic_get_plane_state [drm]] Added [PLANE:36:plane-0] 000000004356c025 state to 00000000674d80d9
07-22 21:31:19.987 0 0 D : [drm:drm_atomic_get_crtc_state [drm]] Added [CRTC:43:crtc-0] 00000000fe2982c6 state to 00000000674d80d9
07-22 21:31:19.987 0 0 D : [drm:drm_atomic_set_crtc_for_plane [drm]] Link plane state 000000004356c025 to [CRTC:43:crtc-0]
07-22 21:31:19.987 0 0 D : [drm:drm_atomic_set_fb_for_plane [drm]] Set [FB:78] for plane state 000000004356c025
07-22 21:31:19.987 0 0 D : [drm:drm_atomic_check_only [drm]] checking 00000000674d80d9
07-22 21:31:19.987 0 0 D : [drm:dm_update_planes_state [amdgpu]] Disabling DRM plane: 36 on DRM crtc 43
07-22 21:31:19.987 0 0 D : [drm:dm_update_planes_state [amdgpu]] Enabling DRM plane: 36 on DRM crtc 43
07-22 21:31:19.987 0 0 D : [drm:drm_atomic_state_default_clear [drm]] Clearing atomic state 00000000674d80d9
07-22 21:31:19.987 0 0 D : [drm:__drm_atomic_state_free [drm]] Freeing atomic state 00000000674d80d9
07-22 21:31:19.987 0 0 D : [drm:drm_atomic_state_init [drm]] Allocated atomic state 00000000674d80d9
07-22 21:31:19.987 0 0 D : [drm:drm_atomic_get_plane_state [drm]] Added [PLANE:36:plane-0] 000000004356c025 state to 00000000674d80d9
07-22 21:31:19.987 0 0 D : [drm:drm_atomic_get_crtc_state [drm]] Added [CRTC:43:crtc-0] 00000000a3bb6dec state to 00000000674d80d9
07-22 21:31:19.987 0 0 D : [drm:drm_atomic_set_crtc_for_plane [drm]] Link plane state 000000004356c025 to [CRTC:43:crtc-0]
07-22 21:31:19.987 0 0 D : [drm:drm_atomic_set_fb_for_plane [drm]] Set [FB:78] for plane state 000000004356c025
07-22 21:31:19.987 0 0 D : [drm:drm_atomic_check_only [drm]] checking 00000000674d80d9
07-22 21:31:19.987 0 0 D : [drm:dm_update_planes_state [amdgpu]] Disabling DRM plane: 36 on DRM crtc 43
07-22 21:31:19.987 0 0 D : [drm:dm_update_planes_state [amdgpu]] Enabling DRM plane: 36 on DRM crtc 43
07-22 21:31:19.987 0 0 D : [drm:drm_atomic_commit [drm]] committing 00000000674d80d9
07-22 21:31:19.987 0 0 D : [drm:amdgpu_dm_atomic_commit_tail [amdgpu]] amdgpu_crtc id:0 crtc_state_flags: enable:1, active:1, planes_changed:1, mode_changed:0,active_changed:0,connectors_changed:0
07-22 21:31:19.987 0 0 D [drm:amdgpu_dm_atomic_commit_tail [amdgpu]] crtc: 0, pflip_stat:AMDGPU_FLIP_SUBMITTED
07-22 21:31:19.671 4695 4695 E WindowManager:
07-22 21:31:19.671 4695 4695 E WindowManager: android.view.WindowLeaked: Activity com.futuremark.dmandroid.application.MainActivity has leaked window DecorView@e5dfdeb[] that was originally added here
07-22 21:31:19.671 4695 4695 E WindowManager: at android.view.ViewRootImpl.(ViewRootImpl.java:485)
07-22 21:31:19.671 4695 4695 E WindowManager: at android.view.WindowManagerGlobal.addView(WindowManagerGlobal.java:346)
07-22 21:31:19.671 4695 4695 E WindowManager: at android.view.WindowManagerImpl.addView(WindowManagerImpl.java:93)
07-22 21:31:19.671 4695 4695 E WindowManager: at android.app.Dialog.show(Dialog.java:330)
07-22 21:31:19.671 4695 4695 E WindowManager: at android.support.v7.app.AlertDialog$Builder.show(AlertDialog.java:1006)
07-22 21:31:19.671 4695 4695 E WindowManager: at com.futuremark.flamenco.ui.main.BaseMainActivity.onActivityResult(BaseMainActivity.java:295)
07-22 21:31:19.671 4695 4695 E WindowManager: at android.app.Activity.dispatchActivityResult(Activity.java:7286)
07-22 21:31:19.671 4695 4695 E WindowManager: at android.app.ActivityThread.deliverResults(ActivityThread.java:4264)
07-22 21:31:19.671 4695 4695 E WindowManager: at android.app.ActivityThread.performResumeActivity(ActivityThread.java:3553)
07-22 21:31:19.671 4695 4695 E WindowManager: at android.app.ActivityThread.handleResumeActivity(ActivityThread.java:3621)
07-22 21:31:19.671 4695 4695 E WindowManager: at android.app.ActivityThread.handleLaunchActivity(ActivityThread.java:2862)
07-22 21:31:19.671 4695 4695 E WindowManager: at android.app.ActivityThread.handleRelaunchActivity(ActivityThread.java:4699)
07-22 21:31:19.671 4695 4695 E WindowManager: at android.app.ActivityThread.-wrap18(Unknown Source:0)
07-22 21:31:19.671 4695 4695 E WindowManager: at android.app.ActivityThread$H.handleMessage(ActivityThread.java:1595)
07-22 21:31:19.671 4695 4695 E WindowManager: at android.os.Handler.dispatchMessage(Handler.java:106)
07-22 21:31:19.671 4695 4695 E WindowManager: at android.os.Looper.loop(Looper.java:164)
07-22 21:31:19.671 4695 4695 E WindowManager: at android.app.ActivityThread.main(ActivityThread.java:6494)
07-22 21:31:19.671 4695 4695 E WindowManager: at java.lang.reflect.Method.invoke(Native Method)
07-22 21:31:19.671 4695 4695 E WindowManager: at com.android.internal.os.RuntimeInit$MethodAndArgsCaller.run(RuntimeInit.java:463)
07-22 21:31:19.671 4695 4695 E WindowManager: at com.android.internal.os.ZygoteInit.main(ZygoteInit.java:807)
07-22 21:31:19.672 5059 5059 I zygote64: The ClassLoaderContext is a special shared library.
07-22 21:31:20.001 0 0 D : [drm:dm_pflip_high_irq [amdgpu]] dm_pflip_high_irq - crtc :0[00000000da4e46cc], pflip_stat:AMDGPU_FLIP_NONE
07-22 21:31:20.001 0 0 D : [drm:drm_atomic_state_default_clear [drm]] Clearing atomic state 00000000674d80d9
07-22 21:31:20.001 0 0 D : [drm:__drm_atomic_state_free [drm]] Freeing atomic state 00000000674d80d9
07-22 21:31:20.003 0 0 D [drm:drm_mode_addfb2 [drm]] [FB: 74]
07-22 21:31:20.003 0 0 D : [drm:drm_atomic_state_init [drm]] Allocated atomic state 000000005901c2da
07-22 21:31:20.003 0 0 D : [drm:drm_atomic_get_plane_state [drm]] Added [PLANE:36:plane-0] 00000000e7f24723 state to 000000005901c2da
07-22 21:31:20.003 0 0 D : [drm:drm_atomic_get_crtc_state [drm]] Added [CRTC:43:crtc-0] 000000004dfe81dd state to 000000005901c2da
07-22 21:31:20.003 0 0 D : [drm:drm_atomic_set_crtc_for_plane [drm]] Link plane state 00000000e7f24723 to [CRTC:43:crtc-0]
07-22 21:31:20.003 0 0 D : [drm:drm_atomic_set_fb_for_plane [drm]] Set [FB:74] for plane state 00000000e7f24723
07-22 21:31:20.003 0 0 D : [drm:drm_atomic_check_only [drm]] checking 000000005901c2da
07-22 21:31:20.003 0 0 D : [drm:dm_update_planes_state [amdgpu]] Disabling DRM plane: 36 on DRM crtc 43
07-22 21:31:20.003 0 0 D : [drm:dm_update_planes_state [amdgpu]] Enabling DRM plane: 36 on DRM crtc 43
07-22 21:31:20.003 0 0 D : [drm:drm_atomic_state_default_clear [drm]] Clearing atomic state 000000005901c2da
07-22 21:31:20.003 0 0 D : [drm:__drm_atomic_state_free [drm]] Freeing atomic state 000000005901c2da
07-22 21:31:20.003 0 0 D : [drm:drm_atomic_state_init [drm]] Allocated atomic state 000000005901c2da
07-22 21:31:20.003 0 0 D : [drm:drm_atomic_get_plane_state [drm]] Added [PLANE:36:plane-0] 00000000e7f24723 state to 000000005901c2da
07-22 21:31:20.003 0 0 D : [drm:drm_atomic_get_crtc_state [drm]] Added [CRTC:43:crtc-0] 00000000d85615af state to 000000005901c2da
07-22 21:31:20.003 0 0 D : [drm:drm_atomic_set_crtc_for_plane [drm]] Link plane state 00000000e7f24723 to [CRTC:43:crtc-0]
07-22 21:31:20.003 0 0 D : [drm:drm_atomic_set_fb_for_plane [drm]] Set [FB:74] for plane state 00000000e7f24723
07-22 21:31:20.003 0 0 D : [drm:drm_atomic_check_only [drm]] checking 000000005901c2da
07-22 21:31:20.004 0 0 D : [drm:dm_update_planes_state [amdgpu]] Disabling DRM plane: 36 on DRM crtc 43
07-22 21:31:20.004 0 0 D : [drm:dm_update_planes_state [amdgpu]] Enabling DRM plane: 36 on DRM crtc 43
07-22 21:31:20.004 0 0 D : [drm:drm_atomic_commit [drm]] committing 000000005901c2da
07-22 21:31:20.004 0 0 D : [drm:amdgpu_dm_atomic_commit_tail [amdgpu]] amdgpu_crtc id:0 crtc_state_flags: enable:1, active:1, planes_changed:1, mode_changed:0,active_changed:0,connectors_changed:0
07-22 21:31:20.004 0 0 D [drm:amdgpu_dm_atomic_commit_tail [amdgpu]] crtc: 0, pflip_stat:AMDGPU_FLIP_SUBMITTED
07-22 21:31:19.673 5059 5059 I zygote64: The ClassLoaderContext is a special shared library.
07-22 21:31:19.685 4695 4817 I com.futuremark.dmandroid.ResultsDataSource: loaded 0 results from database
07-22 21:31:19.687 2443 2454 W SchedPolicy: add_tid_to_cgroup failed to write '3182' (Permission denied); fd=3
07-22 21:31:19.692 4695 4695 I com.futuremark.dmandroid.StateMachine: Firing OVERALL_COMMAND:START_DISCOVERY
07-22 21:31:19.692 4695 4695 I zygote : Deoptimizing java.lang.Object[] com.google.common.collect.ImmutableCollection.toArray() due to JIT inline cache
07-22 21:31:19.692 4695 4695 I com.futuremark.dmandroid.StateMachine: Firing DISCOVERY_ENGINE:DISCOVERY_ABOUT_TO_START
07-22 21:31:20.017 0 0 D : [drm:dm_pflip_high_irq [amdgpu]] dm_pflip_high_irq - crtc :0[00000000da4e46cc], pflip_stat:AMDGPU_FLIP_NONE
07-22 21:31:20.017 0 0 D : [drm:drm_atomic_state_default_clear [drm]] Clearing atomic state 000000005901c2da
07-22 21:31:20.017 0 0 D : [drm:__drm_atomic_state_free [drm]] Freeing atomic state 000000005901c2da
07-22 21:31:20.020 0 0 D [drm:drm_mode_addfb2 [drm]] [FB: 78]
07-22 21:31:20.020 0 0 D : [drm:drm_atomic_state_init [drm]] Allocated atomic state 00000000b0def856
07-22 21:31:20.020 0 0 D : [drm:drm_atomic_get_plane_state [drm]] Added [PLANE:36:plane-0] 000000004356c025 state to 00000000b0def856
07-22 21:31:20.020 0 0 D : [drm:drm_atomic_get_crtc_state [drm]] Added [CRTC:43:crtc-0] 00000000a3bb6dec state to 00000000b0def856
07-22 21:31:20.020 0 0 D : [drm:drm_atomic_set_crtc_for_plane [drm]] Link plane state 000000004356c025 to [CRTC:43:crtc-0]
07-22 21:31:20.020 0 0 D : [drm:drm_atomic_set_fb_for_plane [drm]] Set [FB:78] for plane state 000000004356c025
07-22 21:31:20.020 0 0 D : [drm:drm_atomic_check_only [drm]] checking 00000000b0def856
07-22 21:31:20.020 0 0 D : [drm:dm_update_planes_state [amdgpu]] Disabling DRM plane: 36 on DRM crtc 43
07-22 21:31:20.020 0 0 D : [drm:dm_update_planes_state [amdgpu]] Enabling DRM plane: 36 on DRM crtc 43
07-22 21:31:20.020 0 0 D : [drm:drm_atomic_state_default_clear [drm]] Clearing atomic state 00000000b0def856
07-22 21:31:20.020 0 0 D : [drm:__drm_atomic_state_free [drm]] Freeing atomic state 00000000b0def856
07-22 21:31:20.020 0 0 D : [drm:drm_atomic_state_init [drm]] Allocated atomic state 00000000b0def856
07-22 21:31:20.020 0 0 D : [drm:drm_atomic_get_plane_state [drm]] Added [PLANE:36:plane-0] 000000004356c025 state to 00000000b0def856
07-22 21:31:20.020 0 0 D : [drm:drm_atomic_get_crtc_state [drm]] Added [CRTC:43:crtc-0] 000000008cdcc871 state to 00000000b0def856
07-22 21:31:20.020 0 0 D : [drm:drm_atomic_set_crtc_for_plane [drm]] Link plane state 000000004356c025 to [CRTC:43:crtc-0]
07-22 21:31:20.020 0 0 D : [drm:drm_atomic_set_fb_for_plane [drm]] Set [FB:78] for plane state 000000004356c025
07-22 21:31:20.020 0 0 D : [drm:drm_atomic_check_only [drm]] checking 00000000b0def856
07-22 21:31:20.020 0 0 D : [drm:dm_update_planes_state [amdgpu]] Disabling DRM plane: 36 on DRM crtc 43
07-22 21:31:20.020 0 0 D : [drm:dm_update_planes_state [amdgpu]] Enabling DRM plane: 36 on DRM crtc 43
07-22 21:31:20.020 0 0 D : [drm:drm_atomic_commit [drm]] committing 00000000b0def856
07-22 21:31:20.020 0 0 D : [drm:amdgpu_dm_atomic_commit_tail [amdgpu]] amdgpu_crtc id:0 crtc_state_flags: enable:1, active:1, planes_changed:1, mode_changed:0,active_changed:0,connectors_changed:0
07-22 21:31:20.020 0 0 D [drm:amdgpu_dm_atomic_commit_tail [amdgpu]] crtc: 0, pflip_stat:AMDGPU_FLIP_SUBMITTED
07-22 21:31:19.699 4695 5051 I com.futuremark.dmandroid.StateMachine: Firing DISCOVERY_ENGINE:DISCOVERING
07-22 21:31:19.699 4695 4695 D com.futuremark.dmandroid.*eAllBenchmarksFragment: onCreateView() with instance: true
07-22 21:31:19.710 4695 4695 D com.futuremark.dmandroid.BenchmarkFragment: BenchmarkFragment|onCreateView|TPTs:[SLING_SHOT_ES_31, SLING_SHOT_ES_31_UNLIMITED, SLING_SHOT_VULKAN]|dlc:slingshot-android-data
07-22 21:31:20.034 0 0 D : [drm:dm_pflip_high_irq [amdgpu]] dm_pflip_high_irq - crtc :0[00000000da4e46cc], pflip_stat:AMDGPU_FLIP_NONE
07-22 21:31:20.034 0 0 D : [drm:drm_atomic_state_default_clear [drm]] Clearing atomic state 00000000b0def856
07-22 21:31:20.034 0 0 D : [drm:__drm_atomic_state_free [drm]] Freeing atomic state 00000000b0def856
07-22 21:31:20.037 0 0 D [drm:drm_mode_addfb2 [drm]] [FB: 74]
07-22 21:31:20.037 0 0 D : [drm:drm_atomic_state_init [drm]] Allocated atomic state 00000000e3ec482a
07-22 21:31:20.037 0 0 D : [drm:drm_atomic_get_plane_state [drm]] Added [PLANE:36:plane-0] 00000000e7f24723 state to 00000000e3ec482a
07-22 21:31:20.037 0 0 D : [drm:drm_atomic_get_crtc_state [drm]] Added [CRTC:43:crtc-0] 00000000d85615af state to 00000000e3ec482a
07-22 21:31:20.037 0 0 D : [drm:drm_atomic_set_crtc_for_plane [drm]] Link plane state 00000000e7f24723 to [CRTC:43:crtc-0]
07-22 21:31:20.037 0 0 D : [drm:drm_atomic_set_fb_for_plane [drm]] Set [FB:74] for plane state 00000000e7f24723
07-22 21:31:20.037 0 0 D : [drm:drm_atomic_check_only [drm]] checking 00000000e3ec482a
07-22 21:31:20.037 0 0 D : [drm:dm_update_planes_state [amdgpu]] Disabling DRM plane: 36 on DRM crtc 43
07-22 21:31:20.037 0 0 D : [drm:dm_update_planes_state [amdgpu]] Enabling DRM plane: 36 on DRM crtc 43
