07-22 21:31:14.120 0 0 D : [drm:drm_atomic_set_fb_for_plane [drm]] Set [FB:74] for plane state 00000000c1414379
07-22 21:31:14.120 0 0 D : [drm:drm_atomic_check_only [drm]] checking 000000007b423aed
07-22 21:31:14.120 0 0 D : [drm:dm_update_planes_state [amdgpu]] Disabling DRM plane: 36 on DRM crtc 43
07-22 21:31:14.120 0 0 D : [drm:dm_update_planes_state [amdgpu]] Enabling DRM plane: 36 on DRM crtc 43
07-22 21:31:14.120 0 0 D : [drm:drm_atomic_state_default_clear [drm]] Clearing atomic state 000000007b423aed
07-22 21:31:14.120 0 0 D : [drm:__drm_atomic_state_free [drm]] Freeing atomic state 000000007b423aed
07-22 21:31:14.120 0 0 D : [drm:drm_atomic_state_init [drm]] Allocated atomic state 00000000ea08878f
07-22 21:31:14.120 0 0 D : [drm:drm_atomic_get_plane_state [drm]] Added [PLANE:36:plane-0] 00000000c1414379 state to 00000000ea08878f
07-22 21:31:14.120 0 0 D : [drm:drm_atomic_get_crtc_state [drm]] Added [CRTC:43:crtc-0] 00000000ca42d1c8 state to 00000000ea08878f
07-22 21:31:14.120 0 0 D : [drm:drm_atomic_set_crtc_for_plane [drm]] Link plane state 00000000c1414379 to [CRTC:43:crtc-0]
07-22 21:31:14.120 0 0 D : [drm:drm_atomic_set_fb_for_plane [drm]] Set [FB:74] for plane state 00000000c1414379
07-22 21:31:14.120 0 0 D : [drm:drm_atomic_check_only [drm]] checking 00000000ea08878f
07-22 21:31:14.120 0 0 D : [drm:dm_update_planes_state [amdgpu]] Disabling DRM plane: 36 on DRM crtc 43
07-22 21:31:14.120 0 0 D : [drm:dm_update_planes_state [amdgpu]] Enabling DRM plane: 36 on DRM crtc 43
07-22 21:31:14.120 0 0 D : [drm:drm_atomic_commit [drm]] committing 00000000ea08878f
07-22 21:31:14.120 0 0 D : [drm:amdgpu_dm_atomic_commit_tail [amdgpu]] amdgpu_crtc id:0 crtc_state_flags: enable:1, active:1, planes_changed:1, mode_changed:0,active_changed:0,connectors_changed:0
07-22 21:31:14.120 0 0 D [drm:amdgpu_dm_atomic_commit_tail [amdgpu]] crtc: 0, pflip_stat:AMDGPU_FLIP_SUBMITTED
07-22 21:31:14.134 0 0 D : [drm:dm_pflip_high_irq [amdgpu]] dm_pflip_high_irq - crtc :0[00000000da4e46cc], pflip_stat:AMDGPU_FLIP_NONE
07-22 21:31:14.134 0 0 D : [drm:drm_atomic_state_default_clear [drm]] Clearing atomic state 00000000ea08878f
07-22 21:31:14.134 0 0 D : [drm:__drm_atomic_state_free [drm]] Freeing atomic state 00000000ea08878f
07-22 21:31:14.136 0 0 D [drm:drm_mode_addfb2 [drm]] [FB: 78]
07-22 21:31:14.136 0 0 D : [drm:drm_atomic_state_init [drm]] Allocated atomic state 000000006c4fd6f1
07-22 21:31:14.137 0 0 D : [drm:drm_atomic_get_plane_state [drm]] Added [PLANE:36:plane-0] 000000004c30bfcd state to 000000006c4fd6f1
07-22 21:31:14.137 0 0 D : [drm:drm_atomic_get_crtc_state [drm]] Added [CRTC:43:crtc-0] 000000000728143d state to 000000006c4fd6f1
07-22 21:31:14.137 0 0 D : [drm:drm_atomic_set_crtc_for_plane [drm]] Link plane state 000000004c30bfcd to [CRTC:43:crtc-0]
07-22 21:31:14.137 0 0 D : [drm:drm_atomic_set_fb_for_plane [drm]] Set [FB:78] for plane state 000000004c30bfcd
07-22 21:31:14.137 0 0 D : [drm:drm_atomic_check_only [drm]] checking 000000006c4fd6f1
07-22 21:31:14.137 0 0 D : [drm:dm_update_planes_state [amdgpu]] Disabling DRM plane: 36 on DRM crtc 43
07-22 21:31:14.137 0 0 D : [drm:dm_update_planes_state [amdgpu]] Enabling DRM plane: 36 on DRM crtc 43
07-22 21:31:14.137 0 0 D : [drm:drm_atomic_state_default_clear [drm]] Clearing atomic state 000000006c4fd6f1
07-22 21:31:14.137 0 0 D : [drm:__drm_atomic_state_free [drm]] Freeing atomic state 000000006c4fd6f1
07-22 21:31:14.137 0 0 D : [drm:drm_atomic_state_init [drm]] Allocated atomic state 000000006c4fd6f1
07-22 21:31:14.137 0 0 D : [drm:drm_atomic_get_plane_state [drm]] Added [PLANE:36:plane-0] 000000004c30bfcd state to 000000006c4fd6f1
07-22 21:31:14.137 0 0 D : [drm:drm_atomic_get_crtc_state [drm]] Added [CRTC:43:crtc-0] 00000000489b43f0 state to 000000006c4fd6f1
07-22 21:31:14.137 0 0 D : [drm:drm_atomic_set_crtc_for_plane [drm]] Link plane state 000000004c30bfcd to [CRTC:43:crtc-0]
07-22 21:31:14.137 0 0 D : [drm:drm_atomic_set_fb_for_plane [drm]] Set [FB:78] for plane state 000000004c30bfcd
07-22 21:31:14.137 0 0 D : [drm:drm_atomic_check_only [drm]] checking 000000006c4fd6f1
07-22 21:31:14.137 0 0 D : [drm:dm_update_planes_state [amdgpu]] Disabling DRM plane: 36 on DRM crtc 43
07-22 21:31:14.137 0 0 D : [drm:dm_update_planes_state [amdgpu]] Enabling DRM plane: 36 on DRM crtc 43
07-22 21:31:14.137 0 0 D : [drm:drm_atomic_commit [drm]] committing 000000006c4fd6f1
07-22 21:31:14.137 0 0 D : [drm:amdgpu_dm_atomic_commit_tail [amdgpu]] amdgpu_crtc id:0 crtc_state_flags: enable:1, active:1, planes_changed:1, mode_changed:0,active_changed:0,connectors_changed:0
07-22 21:31:14.137 0 0 D [drm:amdgpu_dm_atomic_commit_tail [amdgpu]] crtc: 0, pflip_stat:AMDGPU_FLIP_SUBMITTED
07-22 21:31:14.151 0 0 D : [drm:dm_pflip_high_irq [amdgpu]] dm_pflip_high_irq - crtc :0[00000000da4e46cc], pflip_stat:AMDGPU_FLIP_NONE
07-22 21:31:14.151 0 0 D : [drm:drm_atomic_state_default_clear [drm]] Clearing atomic state 000000006c4fd6f1
07-22 21:31:14.151 0 0 D : [drm:__drm_atomic_state_free [drm]] Freeing atomic state 000000006c4fd6f1
07-22 21:31:14.153 0 0 D [drm:drm_mode_addfb2 [drm]] [FB: 74]
07-22 21:31:14.153 0 0 D : [drm:drm_atomic_state_init [drm]] Allocated atomic state 0000000090b43b86
07-22 21:31:14.153 0 0 D : [drm:drm_atomic_get_plane_state [drm]] Added [PLANE:36:plane-0] 000000001f281155 state to 0000000090b43b86
07-22 21:31:14.153 0 0 D : [drm:drm_atomic_get_crtc_state [drm]] Added [CRTC:43:crtc-0] 00000000f328b6b3 state to 0000000090b43b86
07-22 21:31:14.153 0 0 D : [drm:drm_atomic_set_crtc_for_plane [drm]] Link plane state 000000001f281155 to [CRTC:43:crtc-0]
07-22 21:31:14.153 0 0 D : [drm:drm_atomic_set_fb_for_plane [drm]] Set [FB:74] for plane state 000000001f281155
07-22 21:31:14.153 0 0 D : [drm:drm_atomic_check_only [drm]] checking 0000000090b43b86
07-22 21:31:14.153 0 0 D : [drm:dm_update_planes_state [amdgpu]] Disabling DRM plane: 36 on DRM crtc 43
07-22 21:31:14.153 0 0 D : [drm:dm_update_planes_state [amdgpu]] Enabling DRM plane: 36 on DRM crtc 43
07-22 21:31:14.153 0 0 D : [drm:drm_atomic_state_default_clear [drm]] Clearing atomic state 0000000090b43b86
07-22 21:31:14.153 0 0 D : [drm:__drm_atomic_state_free [drm]] Freeing atomic state 0000000090b43b86
07-22 21:31:14.153 0 0 D : [drm:drm_atomic_state_init [drm]] Allocated atomic state 0000000090b43b86
07-22 21:31:14.153 0 0 D : [drm:drm_atomic_get_plane_state [drm]] Added [PLANE:36:plane-0] 000000001f281155 state to 0000000090b43b86
07-22 21:31:14.153 0 0 D : [drm:drm_atomic_get_crtc_state [drm]] Added [CRTC:43:crtc-0] 0000000079eace6f state to 0000000090b43b86
07-22 21:31:14.153 0 0 D : [drm:drm_atomic_set_crtc_for_plane [drm]] Link plane state 000000001f281155 to [CRTC:43:crtc-0]
07-22 21:31:14.153 0 0 D : [drm:drm_atomic_set_fb_for_plane [drm]] Set [FB:74] for plane state 000000001f281155
07-22 21:31:14.153 0 0 D : [drm:drm_atomic_check_only [drm]] checking 0000000090b43b86
07-22 21:31:14.154 0 0 D : [drm:dm_update_planes_state [amdgpu]] Disabling DRM plane: 36 on DRM crtc 43
07-22 21:31:14.154 0 0 D : [drm:dm_update_planes_state [amdgpu]] Enabling DRM plane: 36 on DRM crtc 43
07-22 21:31:14.154 0 0 D : [drm:drm_atomic_commit [drm]] committing 0000000090b43b86
07-22 21:31:14.154 0 0 D : [drm:amdgpu_dm_atomic_commit_tail [amdgpu]] amdgpu_crtc id:0 crtc_state_flags: enable:1, active:1, planes_changed:1, mode_changed:0,active_changed:0,connectors_changed:0
07-22 21:31:14.154 0 0 D [drm:amdgpu_dm_atomic_commit_tail [amdgpu]] crtc: 0, pflip_stat:AMDGPU_FLIP_SUBMITTED
07-22 21:31:14.167 0 0 D : [drm:dm_pflip_high_irq [amdgpu]] dm_pflip_high_irq - crtc :0[00000000da4e46cc], pflip_stat:AMDGPU_FLIP_NONE
07-22 21:31:14.167 0 0 D : [drm:drm_atomic_state_default_clear [drm]] Clearing atomic state 0000000090b43b86
07-22 21:31:14.167 0 0 D : [drm:__drm_atomic_state_free [drm]] Freeing atomic state 0000000090b43b86
07-22 21:31:14.170 0 0 D [drm:drm_mode_addfb2 [drm]] [FB: 78]
07-22 21:31:14.170 0 0 D : [drm:drm_atomic_state_init [drm]] Allocated atomic state 00000000ea08878f
07-22 21:31:14.170 0 0 D : [drm:drm_atomic_get_plane_state [drm]] Added [PLANE:36:plane-0] 0000000042613b5e state to 00000000ea08878f
07-22 21:31:14.170 0 0 D : [drm:drm_atomic_get_crtc_state [drm]] Added [CRTC:43:crtc-0] 0000000056906799 state to 00000000ea08878f
07-22 21:31:14.170 0 0 D : [drm:drm_atomic_set_crtc_for_plane [drm]] Link plane state 0000000042613b5e to [CRTC:43:crtc-0]
07-22 21:31:14.170 0 0 D : [drm:drm_atomic_set_fb_for_plane [drm]] Set [FB:78] for plane state 0000000042613b5e
07-22 21:31:14.170 0 0 D : [drm:drm_atomic_check_only [drm]] checking 00000000ea08878f
07-22 21:31:14.170 0 0 D : [drm:dm_update_planes_state [amdgpu]] Disabling DRM plane: 36 on DRM crtc 43
07-22 21:31:14.170 0 0 D : [drm:dm_update_planes_state [amdgpu]] Enabling DRM plane: 36 on DRM crtc 43
07-22 21:31:14.170 0 0 D : [drm:drm_atomic_state_default_clear [drm]] Clearing atomic state 00000000ea08878f
07-22 21:31:14.170 0 0 D : [drm:__drm_atomic_state_free [drm]] Freeing atomic state 00000000ea08878f
07-22 21:31:14.170 0 0 D : [drm:drm_atomic_state_init [drm]] Allocated atomic state 00000000ea08878f
07-22 21:31:14.170 0 0 D : [drm:drm_atomic_get_plane_state [drm]] Added [PLANE:36:plane-0] 0000000042613b5e state to 00000000ea08878f
07-22 21:31:14.170 0 0 D : [drm:drm_atomic_get_crtc_state [drm]] Added [CRTC:43:crtc-0] 00000000bc5fd81f state to 00000000ea08878f
07-22 21:31:14.170 0 0 D : [drm:drm_atomic_set_crtc_for_plane [drm]] Link plane state 0000000042613b5e to [CRTC:43:crtc-0]
07-22 21:31:14.170 0 0 D : [drm:drm_atomic_set_fb_for_plane [drm]] Set [FB:78] for plane state 0000000042613b5e
07-22 21:31:14.170 0 0 D : [drm:drm_atomic_check_only [drm]] checking 00000000ea08878f
07-22 21:31:14.170 0 0 D : [drm:dm_update_planes_state [amdgpu]] Disabling DRM plane: 36 on DRM crtc 43
07-22 21:31:14.170 0 0 D : [drm:dm_update_planes_state [amdgpu]] Enabling DRM plane: 36 on DRM crtc 43
07-22 21:31:14.170 0 0 D : [drm:drm_atomic_commit [drm]] committing 00000000ea08878f
07-22 21:31:14.170 0 0 D : [drm:amdgpu_dm_atomic_commit_tail [amdgpu]] amdgpu_crtc id:0 crtc_state_flags: enable:1, active:1, planes_changed:1, mode_changed:0,active_changed:0,connectors_changed:0
07-22 21:31:14.170 0 0 D [drm:amdgpu_dm_atomic_commit_tail [amdgpu]] crtc: 0, pflip_stat:AMDGPU_FLIP_SUBMITTED
07-22 21:31:14.184 0 0 D : [drm:dm_pflip_high_irq [amdgpu]] dm_pflip_high_irq - crtc :0[00000000da4e46cc], pflip_stat:AMDGPU_FLIP_NONE
07-22 21:31:14.184 0 0 D : [drm:drm_atomic_state_default_clear [drm]] Clearing atomic state 00000000ea08878f
07-22 21:31:14.184 0 0 D : [drm:__drm_atomic_state_free [drm]] Freeing atomic state 00000000ea08878f
07-22 21:31:14.186 0 0 D [drm:drm_mode_addfb2 [drm]] [FB: 74]
07-22 21:31:14.186 0 0 D : [drm:drm_atomic_state_init [drm]] Allocated atomic state 000000006c4fd6f1
07-22 21:31:14.186 0 0 D : [drm:drm_atomic_get_plane_state [drm]] Added [PLANE:36:plane-0] 0000000054550e95 state to 000000006c4fd6f1
07-22 21:31:14.186 0 0 D : [drm:drm_atomic_get_crtc_state [drm]] Added [CRTC:43:crtc-0] 00000000f445444e state to 000000006c4fd6f1
07-22 21:31:14.186 0 0 D : [drm:drm_atomic_set_crtc_for_plane [drm]] Link plane state 0000000054550e95 to [CRTC:43:crtc-0]
07-22 21:31:14.186 0 0 D : [drm:drm_atomic_set_fb_for_plane [drm]] Set [FB:74] for plane state 0000000054550e95
07-22 21:31:14.186 0 0 D : [drm:drm_atomic_check_only [drm]] checking 000000006c4fd6f1
07-22 21:31:14.187 0 0 D : [drm:dm_update_planes_state [amdgpu]] Disabling DRM plane: 36 on DRM crtc 43
07-22 21:31:14.187 0 0 D : [drm:dm_update_planes_state [amdgpu]] Enabling DRM plane: 36 on DRM crtc 43
07-22 21:31:14.187 0 0 D : [drm:drm_atomic_state_default_clear [drm]] Clearing atomic state 000000006c4fd6f1
07-22 21:31:14.187 0 0 D : [drm:__drm_atomic_state_free [drm]] Freeing atomic state 000000006c4fd6f1
07-22 21:31:14.187 0 0 D : [drm:drm_atomic_state_init [drm]] Allocated atomic state 000000006c4fd6f1
07-22 21:31:14.187 0 0 D : [drm:drm_atomic_get_plane_state [drm]] Added [PLANE:36:plane-0] 0000000054550e95 state to 000000006c4fd6f1
07-22 21:31:14.187 0 0 D : [drm:drm_atomic_get_crtc_state [drm]] Added [CRTC:43:crtc-0] 000000001bcf3d63 state to 000000006c4fd6f1
07-22 21:31:14.187 0 0 D : [drm:drm_atomic_set_crtc_for_plane [drm]] Link plane state 0000000054550e95 to [CRTC:43:crtc-0]
07-22 21:31:14.187 0 0 D : [drm:drm_atomic_set_fb_for_plane [drm]] Set [FB:74] for plane state 0000000054550e95
07-22 21:31:14.187 0 0 D : [drm:drm_atomic_check_only [drm]] checking 000000006c4fd6f1
07-22 21:31:14.187 0 0 D : [drm:dm_update_planes_state [amdgpu]] Disabling DRM plane: 36 on DRM crtc 43
07-22 21:31:14.187 0 0 D : [drm:dm_update_planes_state [amdgpu]] Enabling DRM plane: 36 on DRM crtc 43
07-22 21:31:14.187 0 0 D : [drm:drm_atomic_commit [drm]] committing 000000006c4fd6f1
07-22 21:31:14.187 0 0 D : [drm:amdgpu_dm_atomic_commit_tail [amdgpu]] amdgpu_crtc id:0 crtc_state_flags: enable:1, active:1, planes_changed:1, mode_changed:0,active_changed:0,connectors_changed:0
07-22 21:31:14.187 0 0 D [drm:amdgpu_dm_atomic_commit_tail [amdgpu]] crtc: 0, pflip_stat:AMDGPU_FLIP_SUBMITTED
07-22 21:31:14.201 0 0 D : [drm:dm_pflip_high_irq [amdgpu]] dm_pflip_high_irq - crtc :0[00000000da4e46cc], pflip_stat:AMDGPU_FLIP_NONE
07-22 21:31:14.201 0 0 D : [drm:drm_atomic_state_default_clear [drm]] Clearing atomic state 000000006c4fd6f1
07-22 21:31:14.201 0 0 D : [drm:__drm_atomic_state_free [drm]] Freeing atomic state 000000006c4fd6f1
07-22 21:31:14.203 0 0 D [drm:drm_mode_addfb2 [drm]] [FB: 78]
07-22 21:31:14.203 0 0 D : [drm:drm_atomic_state_init [drm]] Allocated atomic state 00000000ea08878f
07-22 21:31:14.203 0 0 D : [drm:drm_atomic_get_plane_state [drm]] Added [PLANE:36:plane-0] 000000001456c12b state to 00000000ea08878f
07-22 21:31:14.203 0 0 D : [drm:drm_atomic_get_crtc_state [drm]] Added [CRTC:43:crtc-0] 00000000bc5fd81f state to 00000000ea08878f
07-22 21:31:14.203 0 0 D : [drm:drm_atomic_set_crtc_for_plane [drm]] Link plane state 000000001456c12b to [CRTC:43:crtc-0]
07-22 21:31:14.203 0 0 D : [drm:drm_atomic_set_fb_for_plane [drm]] Set [FB:78] for plane state 000000001456c12b
07-22 21:31:14.203 0 0 D : [drm:drm_atomic_check_only [drm]] checking 00000000ea08878f
07-22 21:31:14.203 0 0 D : [drm:dm_update_planes_state [amdgpu]] Disabling DRM plane: 36 on DRM crtc 43
07-22 21:31:14.203 0 0 D : [drm:dm_update_planes_state [amdgpu]] Enabling DRM plane: 36 on DRM crtc 43
07-22 21:31:14.203 0 0 D : [drm:drm_atomic_state_default_clear [drm]] Clearing atomic state 00000000ea08878f
07-22 21:31:14.203 0 0 D : [drm:__drm_atomic_state_free [drm]] Freeing atomic state 00000000ea08878f
07-22 21:31:14.203 0 0 D : [drm:drm_atomic_state_init [drm]] Allocated atomic state 00000000ea08878f
07-22 21:31:14.203 0 0 D : [drm:drm_atomic_get_plane_state [drm]] Added [PLANE:36:plane-0] 000000001456c12b state to 00000000ea08878f
07-22 21:31:14.203 0 0 D : [drm:drm_atomic_get_crtc_state [drm]] Added [CRTC:43:crtc-0] 0000000056906799 state to 00000000ea08878f
07-22 21:31:14.203 0 0 D : [drm:drm_atomic_set_crtc_for_plane [drm]] Link plane state 000000001456c12b to [CRTC:43:crtc-0]
07-22 21:31:14.203 0 0 D : [drm:drm_atomic_set_fb_for_plane [drm]] Set [FB:78] for plane state 000000001456c12b
07-22 21:31:14.203 0 0 D : [drm:drm_atomic_check_only [drm]] checking 00000000ea08878f
07-22 21:31:14.203 0 0 D : [drm:dm_update_planes_state [amdgpu]] Disabling DRM plane: 36 on DRM crtc 43
07-22 21:31:14.203 0 0 D : [drm:dm_update_planes_state [amdgpu]] Enabling DRM plane: 36 on DRM crtc 43
07-22 21:31:14.203 0 0 D : [drm:drm_atomic_commit [drm]] committing 00000000ea08878f
07-22 21:31:14.203 0 0 D : [drm:amdgpu_dm_atomic_commit_tail [amdgpu]] amdgpu_crtc id:0 crtc_state_flags: enable:1, active:1, planes_changed:1, mode_changed:0,active_changed:0,connectors_changed:0
07-22 21:31:14.203 0 0 D [drm:amdgpu_dm_atomic_commit_tail [amdgpu]] crtc: 0, pflip_stat:AMDGPU_FLIP_SUBMITTED
07-22 21:31:14.217 0 0 D : [drm:dm_pflip_high_irq [amdgpu]] dm_pflip_high_irq - crtc :0[00000000da4e46cc], pflip_stat:AMDGPU_FLIP_NONE
07-22 21:31:14.217 0 0 D : [drm:drm_atomic_state_default_clear [drm]] Clearing atomic state 00000000ea08878f
07-22 21:31:14.217 0 0 D : [drm:__drm_atomic_state_free [drm]] Freeing atomic state 00000000ea08878f
07-22 21:31:14.220 0 0 D [drm:drm_mode_addfb2 [drm]] [FB: 74]
07-22 21:31:14.220 0 0 D : [drm:drm_atomic_state_init [drm]] Allocated atomic state 0000000090eaea13
07-22 21:31:14.220 0 0 D : [drm:drm_atomic_get_plane_state [drm]] Added [PLANE:36:plane-0] 000000008cf306f2 state to 0000000090eaea13
07-22 21:31:14.220 0 0 D : [drm:drm_atomic_get_crtc_state [drm]] Added [CRTC:43:crtc-0] 000000001bcf3d63 state to 0000000090eaea13
07-22 21:31:14.220 0 0 D : [drm:drm_atomic_set_crtc_for_plane [drm]] Link plane state 000000008cf306f2 to [CRTC:43:crtc-0]
07-22 21:31:14.220 0 0 D : [drm:drm_atomic_set_fb_for_plane [drm]] Set [FB:74] for plane state 000000008cf306f2
07-22 21:31:14.220 0 0 D : [drm:drm_atomic_check_only [drm]] checking 0000000090eaea13
07-22 21:31:14.220 0 0 D : [drm:dm_update_planes_state [amdgpu]] Disabling DRM plane: 36 on DRM crtc 43
07-22 21:31:14.220 0 0 D : [drm:dm_update_planes_state [amdgpu]] Enabling DRM plane: 36 on DRM crtc 43
07-22 21:31:14.220 0 0 D : [drm:drm_atomic_state_default_clear [drm]] Clearing atomic state 0000000090eaea13
07-22 21:31:14.220 0 0 D : [drm:__drm_atomic_state_free [drm]] Freeing atomic state 0000000090eaea13
07-22 21:31:14.220 0 0 D : [drm:drm_atomic_state_init [drm]] Allocated atomic state 0000000090eaea13
07-22 21:31:14.220 0 0 D : [drm:drm_atomic_get_plane_state [drm]] Added [PLANE:36:plane-0] 000000008cf306f2 state to 0000000090eaea13
07-22 21:31:14.220 0 0 D : [drm:drm_atomic_get_crtc_state [drm]] Added [CRTC:43:crtc-0] 00000000fe6e3f82 state to 0000000090eaea13
07-22 21:31:14.220 0 0 D : [drm:drm_atomic_set_crtc_for_plane [drm]] Link plane state 000000008cf306f2 to [CRTC:43:crtc-0]
07-22 21:31:14.220 0 0 D : [drm:drm_atomic_set_fb_for_plane [drm]] Set [FB:74] for plane state 000000008cf306f2
07-22 21:31:14.220 0 0 D : [drm:drm_atomic_check_only [drm]] checking 0000000090eaea13
07-22 21:31:14.220 0 0 D : [drm:dm_update_planes_state [amdgpu]] Disabling DRM plane: 36 on DRM crtc 43
07-22 21:31:14.220 0 0 D : [drm:dm_update_planes_state [amdgpu]] Enabling DRM plane: 36 on DRM crtc 43
07-22 21:31:14.220 0 0 D : [drm:drm_atomic_commit [drm]] committing 0000000090eaea13
07-22 21:31:14.220 0 0 D : [drm:amdgpu_dm_atomic_commit_tail [amdgpu]] amdgpu_crtc id:0 crtc_state_flags: enable:1, active:1, planes_changed:1, mode_changed:0,active_changed:0,connectors_changed:0
07-22 21:31:14.220 0 0 D [drm:amdgpu_dm_atomic_commit_tail [amdgpu]] crtc: 0, pflip_stat:AMDGPU_FLIP_SUBMITTED
07-22 21:31:14.234 0 0 D : [drm:dm_pflip_high_irq [amdgpu]] dm_pflip_high_irq - crtc :0[00000000da4e46cc], pflip_stat:AMDGPU_FLIP_NONE
07-22 21:31:14.234 0 0 D : [drm:drm_atomic_state_default_clear [drm]] Clearing atomic state 0000000090eaea13
07-22 21:31:14.234 0 0 D : [drm:__drm_atomic_state_free [drm]] Freeing atomic state 0000000090eaea13
07-22 21:31:14.147 4949 4985 I com.futuremark.dmandroid.NetworkController: Remote timestamp 1532160862541 is older or equal to local 1532160862541. Cache is valid.
07-22 21:31:14.174 4695 4948 I com.futuremark.dmandroid.SystemInfoPoller: Sending system info broadcast 1, battery: BatteryData{present=true, level=100, voltage=0, health='Good', status='Charging', temperature=424, scale=100}
07-22 21:31:14.174 4695 4948 D com.futuremark.dmandroid.SystemInfoPoller: memory #1 corefrequencies:
07-22 21:31:14.174 4695 4948 D com.futuremark.dmandroid.SystemInfoPoller: 2791280 2786581
07-22 21:31:14.174 4695 4948 D com.futuremark.dmandroid.SystemInfoPoller: avg of corefrequencies: 2.78893
07-22 21:31:14.174 4695 4948 D com.futuremark.dmandroid.MonitoringDataService: monitoringdataservice 1384505722024.csv received systeminfoevent
07-22 21:31:14.174 4695 4948 D com.futuremark.dmandroid.MonitoringDataService: monitoring test, avgOfCoreFrequencies: 2789.0
07-22 21:31:14.174 4695 4948 I chatty : uid=10090(com.futuremark.dmandroid.application) hw-polling-thre identical 1 line
07-22 21:31:14.174 4695 4948 D com.futuremark.dmandroid.MonitoringDataService: monitoring test, avgOfCoreFrequencies: 2789.0
07-22 21:31:14.174 4695 4948 D com.futuremark.dmandroid.MonitoringDataService: monitoring test, coreFrequencies: 2791.28
07-22 21:31:14.174 4695 4948 D com.futuremark.dmandroid.MonitoringDataService: monitoring test, coreFrequencies: 2786.581
07-22 21:31:14.398 2313 2410 E hwc-drm-compositor-worker: Failed to squash all -114
07-22 21:31:15.199 4695 4948 I com.futuremark.dmandroid.SystemInfoPoller: Sending system info broadcast 2, battery: BatteryData{present=true, level=100, voltage=0, health='Good', status='Charging', temperature=424, scale=100}
07-22 21:31:15.199 4695 4948 D com.futuremark.dmandroid.SystemInfoPoller: memory #1 corefrequencies:
07-22 21:31:15.199 4695 4948 D com.futuremark.dmandroid.SystemInfoPoller: 2793708 2793668
07-22 21:31:15.199 4695 4948 D com.futuremark.dmandroid.SystemInfoPoller: avg of corefrequencies: 2.793688
07-22 21:31:15.199 4695 4948 D com.futuremark.dmandroid.MonitoringDataService: monitoringdataservice 1384505722024.csv received systeminfoevent
07-22 21:31:15.199 4695 4948 D com.futuremark.dmandroid.MonitoringDataService: monitoring test, avgOfCoreFrequencies: 2794.0
07-22 21:31:15.199 4695 4948 I chatty : uid=10090(com.futuremark.dmandroid.application) hw-polling-thre identical 1 line
07-22 21:31:15.199 4695 4948 D com.futuremark.dmandroid.MonitoringDataService: monitoring test, avgOfCoreFrequencies: 2794.0
07-22 21:31:15.199 4695 4948 D com.futuremark.dmandroid.MonitoringDataService: monitoring test, coreFrequencies: 2793.708
07-22 21:31:15.199 4695 4948 D com.futuremark.dmandroid.MonitoringDataService: monitoring test, coreFrequencies: 2793.668
07-22 21:31:15.494 4949 4995 I com.futuremark.dmandroid.application:workload: android::hardware::configstore::V1_0::ISurfaceFlingerConfigs::hasWideColorDisplay retrieved: 0
07-22 21:31:15.494 4949 4995 I com.futuremark.dmandroid.application:workload: android::hardware::configstore::V1_0::ISurfaceFlingerConfigs::hasWideColorDisplay retrieved: 0
07-22 21:31:15.494 4949 4995 D 3DMarkAndroid: 21:31:15 available present modes:
07-22 21:31:15.494 4949 4995 D 3DMarkAndroid: 21:31:15 present mode: MAILBOX
07-22 21:31:15.494 4949 4995 D 3DMarkAndroid: 21:31:15 present mode: FIFO
07-22 21:31:15.494 4949 4995 D 3DMarkAndroid: 21:31:15 using present mode: MAILBOX
07-22 21:31:15.495 4949 4995 D vndksupport: Loading /vendor/lib/hw/android.hardware.graphics.mapper@2.0-impl.so from current namespace instead of sphal namespace.
07-22 21:31:15.496 4949 4995 D vndksupport: Loading /vendor/lib/hw/gralloc.gbm.so from current namespace instead of sphal namespace.
07-22 21:31:15.819 0 0 D : [drm:amdgpu_vm_init [amdgpu]] VM update mode is SDMA
07-22 21:31:15.922 4949 4995 D 3DMarkAndroid: 21:31:15 NPoT 2560 x 1440
07-22 21:31:15.938 4949 4995 D 3DMarkAndroid: 21:31:15 NPoT 688 x 185
--------- beginning of crash
07-22 21:31:15.938 4949 4995 F libc : Fatal signal 11 (SIGSEGV), code 1, fault addr 0x1c in tid 4995 (Thread-9), pid 4949 (cation:workload)
07-22 21:31:15.944 5006 5006 I auditd : type=1400 audit(0.0:814): avc: denied { getattr } for comm="crash_dump32" path="/vendor" dev="tmpfs" ino=5558 scontext=u:r:crash_dump:s0:c512,c768 tcontext=u:object_r:tmpfs:s0 tclass=lnk_file permissive=1
07-22 21:31:15.944 5006 5006 I crash_dump32: type=1400 audit(0.0:814): avc: denied { getattr } for path="/vendor" dev="tmpfs" ino=5558 scontext=u:r:crash_dump:s0:c512,c768 tcontext=u:object_r:tmpfs:s0 tclass=lnk_file permissive=1
07-22 21:31:15.944 5006 5006 I auditd : type=1400 audit(0.0:815): avc: denied { read } for comm="crash_dump32" name="vendor" dev="tmpfs" ino=5558 scontext=u:r:crash_dump:s0:c512,c768 tcontext=u:object_r:tmpfs:s0 tclass=lnk_file permissive=1
07-22 21:31:15.944 5006 5006 I crash_dump32: type=1400 audit(0.0:815): avc: denied { read } for name="vendor" dev="tmpfs" ino=5558 scontext=u:r:crash_dump:s0:c512,c768 tcontext=u:object_r:tmpfs:s0 tclass=lnk_file permissive=1
07-22 21:31:15.956 5007 5007 I crash_dump32: obtaining output fd from tombstoned, type: kDebuggerdTombstone
07-22 21:31:15.956 2335 2335 I /system/bin/tombstoned: received crash request for pid 4949
07-22 21:31:15.956 5007 5007 I crash_dump32: performing dump of process 4949 (target tid = 4995)
07-22 21:31:15.956 5007 5007 F DEBUG : *** *** *** *** *** *** *** *** *** *** *** *** *** *** *** ***
07-22 21:31:15.956 5007 5007 F DEBUG : Build fingerprint: 'Android-x86/android_x86_64/x86_64:8.1.0/OPM6.171019.030.E1/maur07141051:userdebug/test-keys'
07-22 21:31:15.956 5007 5007 F DEBUG : Revision: '0'
07-22 21:31:15.956 5007 5007 F DEBUG : ABI: 'x86'
07-22 21:31:15.956 5007 5007 F DEBUG : pid: 4949, tid: 4995, name: Thread-9 >>> com.futuremark.dmandroid.application:workload <<<
07-22 21:31:15.956 5007 5007 F DEBUG : signal 11 (SIGSEGV), code 1 (SEGV_MAPERR), fault addr 0x1c
07-22 21:31:15.956 5007 5007 F DEBUG : Cause: null pointer dereference
07-22 21:31:15.956 5007 5007 F DEBUG : eax 00000000 ebx c65b690c ecx c2a6d0ac edx 00000097
07-22 21:31:15.956 5007 5007 F DEBUG : esi c2a6d0ac edi c1fbbb00
07-22 21:31:15.956 5007 5007 F DEBUG : xcs 00000023 xds 0000002b xes 0000002b xfs 0000006b xss 0000002b
07-22 21:31:15.956 5007 5007 F DEBUG : eip c64e0d47 ebp c2b7eb38 esp c2b7eaf0 flags 00010286
07-22 21:31:16.071 5007 5007 F DEBUG :
07-22 21:31:16.071 5007 5007 F DEBUG : backtrace:
07-22 21:31:16.071 5007 5007 F DEBUG : #00 pc 000f1d47 /system/vendor/lib/hw/vulkan.radv.so (radv_image_create+199)
07-22 21:31:16.071 5007 5007 F DEBUG : #01 pc 000f2f26 /system/vendor/lib/hw/vulkan.radv.so (radv_CreateImage+166)
07-22 21:31:16.071 5007 5007 F DEBUG : #02 pc 0000b59a /android/system/lib/libvulkan.so
07-22 21:31:16.071 5007 5007 F DEBUG : #03 pc 001488fe /data/app/com.futuremark.dmandroid.application--TcMIPU5ttg_gGGrKxrVOQ==/lib/x86/lib3dmark_farandole.so (eva::graphics::vulkan::native_memory_utility::create_texture(VkImageCreateInfo const&)+78)
07-22 21:31:16.071 5007 5007 F DEBUG : #04 pc 0013ffe9 /data/app/com.futuremark.dmandroid.application--TcMIPU5ttg_gGGrKxrVOQ==/lib/x86/lib3dmark_farandole.so (eva::graphics::vulkan::vulkan_device::create_texture(eva::graphics::texture_desc const&, eva::graphics::subresource_data const*)+233)
07-22 21:31:16.071 5007 5007 F DEBUG : #05 pc 001458cf /data/app/com.futuremark.dmandroid.application--TcMIPU5ttg_gGGrKxrVOQ==/lib/x86/lib3dmark_farandole.so
07-22 21:31:16.071 5007 5007 F DEBUG : #06 pc 0013e474 /data/app/com.futuremark.dmandroid.application--TcMIPU5ttg_gGGrKxrVOQ==/lib/x86/lib3dmark_farandole.so (eva::graphics::vulkan::create_dds_texture_from_memory(std::function, eva::graphics::texture_desc*, unsigned char const*, DXGI_FORMAT, unsigned int, unsigned int, unsigned int)+2484)
07-22 21:31:16.071 5007 5007 F DEBUG : #07 pc 00145b8c /data/app/com.futuremark.dmandroid.application--TcMIPU5ttg_gGGrKxrVOQ==/lib/x86/lib3dmark_farandole.so (eva::graphics::vulkan::vulkan_resource_factory::load_texture(boost::filesystem::path const&, DXGI_FORMAT, int)+316)
07-22 21:31:16.071 5007 5007 F DEBUG : #08 pc 001ad794 /data/app/com.futuremark.dmandroid.application--TcMIPU5ttg_gGGrKxrVOQ==/lib/x86/lib3dmark_farandole.so (eva::graphics::assets::texture_loader::load(std::string const&) const+1412)
07-22 21:31:16.071 5007 5007 F DEBUG : #09 pc 00153e69 /data/app/com.futuremark.dmandroid.application--TcMIPU5ttg_gGGrKxrVOQ==/lib/x86/lib3dmark_farandole.so (eva::ui::loading_screen_contents::loading_screen_contents(eva::ui::loading_screen_creation_parameters const&, eva::globals&)+649)
07-22 21:31:16.071 5007 5007 F DEBUG : #10 pc 0011f1a1 /data/app/com.futuremark.dmandroid.application--TcMIPU5ttg_gGGrKxrVOQ==/lib/x86/lib3dmark_farandole.so (mobile_player::player::create_loading_screen()+161)
07-22 21:31:16.071 5007 5007 F DEBUG : #11 pc 00125563 /data/app/com.futuremark.dmandroid.application--TcMIPU5ttg_gGGrKxrVOQ==/lib/x86/lib3dmark_farandole.so (_ZN13mobile_player6playerC1ERN3eva7globalsESsNS1_4math6vectorIiLj2EEESsRNS1_2ui13invalidatableERNS7_12message_pumpEP13ANativeWindowiNS1_8graphics8platformE+6083)
07-22 21:31:16.071 5007 5007 F DEBUG : #12 pc 00118e37 /data/app/com.futuremark.dmandroid.application--TcMIPU5ttg_gGGrKxrVOQ==/lib/x86/lib3dmark_farandole.so (android_native::native_application::create_player(std::string, bool, ANativeWindow*)+375)
07-22 21:31:16.071 5007 5007 F DEBUG : #13 pc 0011cd0e /data/app/com.futuremark.dmandroid.application--TcMIPU5ttg_gGGrKxrVOQ==/lib/x86/lib3dmark_farandole.so (activity::handle_cmd(int)+206)
07-22 21:31:16.071 5007 5007 F DEBUG : #14 pc 0011ce15 /data/app/com.futuremark.dmandroid.application--TcMIPU5ttg_gGGrKxrVOQ==/lib/x86/lib3dmark_farandole.so (activity::handle_cmd(android_app*, int)+37)
07-22 21:31:16.071 5007 5007 F DEBUG : #15 pc 0025e46c /data/app/com.futuremark.dmandroid.application--TcMIPU5ttg_gGGrKxrVOQ==/lib/x86/lib3dmark_farandole.so
07-22 21:31:16.071 5007 5007 F DEBUG : #16 pc 0011cb9e /data/app/com.futuremark.dmandroid.application--TcMIPU5ttg_gGGrKxrVOQ==/lib/x86/lib3dmark_farandole.so (activity::run()+126)
07-22 21:31:16.071 5007 5007 F DEBUG : #17 pc 0011cf02 /data/app/com.futuremark.dmandroid.application--TcMIPU5ttg_gGGrKxrVOQ==/lib/x86/lib3dmark_farandole.so (android_main+98)
07-22 21:31:16.071 5007 5007 F DEBUG : #18 pc 0025ddd4 /data/app/com.futuremark.dmandroid.application--TcMIPU5ttg_gGGrKxrVOQ==/lib/x86/lib3dmark_farandole.so
07-22 21:31:16.071 5007 5007 F DEBUG : #19 pc 0007f595 /android/system/lib/libc.so
07-22 21:31:16.071 5007 5007 F DEBUG : #20 pc 0002f8db /android/system/lib/libc.so
07-22 21:31:16.071 5007 5007 F DEBUG : #21 pc 0001ea56 /android/system/lib/libc.so
07-22 21:31:16.224 4695 4948 I com.futuremark.dmandroid.SystemInfoPoller: Sending system info broadcast 3, battery: BatteryData{present=true, level=100, voltage=0, health='Good', status='Charging', temperature=424, scale=100}
07-22 21:31:16.224 4695 4948 D com.futuremark.dmandroid.SystemInfoPoller: memory #1 corefrequencies:
07-22 21:31:16.224 4695 4948 D com.futuremark.dmandroid.SystemInfoPoller: 1862461 1611504
07-22 21:31:16.224 4695 4948 D com.futuremark.dmandroid.SystemInfoPoller: avg of corefrequencies: 1.736982
07-22 21:31:16.224 4695 4948 D com.futuremark.dmandroid.MonitoringDataService: monitoringdataservice 1384505722024.csv received systeminfoevent
07-22 21:31:16.224 4695 4948 D com.futuremark.dmandroid.MonitoringDataService: monitoring test, avgOfCoreFrequencies: 1737.0
07-22 21:31:16.224 4695 4948 I chatty : uid=10090(com.futuremark.dmandroid.application) hw-polling-thre identical 1 line
07-22 21:31:16.224 4695 4948 D com.futuremark.dmandroid.MonitoringDataService: monitoring test, avgOfCoreFrequencies: 1737.0
07-22 21:31:16.225 4695 4948 D com.futuremark.dmandroid.MonitoringDataService: monitoring test, coreFrequencies: 1862.461
07-22 21:31:16.225 4695 4948 D com.futuremark.dmandroid.MonitoringDataService: monitoring test, coreFrequencies: 1611.504
07-22 21:31:16.818 2335 2335 E /system/bin/tombstoned: Tombstone written to: /data/tombstones/tombstone_45
07-22 21:31:16.819 2443 5012 I am_crash: [2443,0,com.futuremark.dmandroid.application:workload,952647236,Native crash,Segmentation fault,unknown,0]
07-22 21:31:16.819 2443 2462 I BootReceiver: Copying /data/tombstones/tombstone_45 to DropBox (SYSTEM_TOMBSTONE)
07-22 21:31:16.819 2443 5012 W ActivityManager: Force finishing activity com.futuremark.dmandroid.application/.vulkan.FarandoleVulkanNativeActivity
07-22 21:31:16.819 2443 5012 I am_finish_activity: [0,105904828,6,com.futuremark.dmandroid.application/.vulkan.FarandoleVulkanNativeActivity,force-crash]
07-22 21:31:16.820 2443 5012 I am_pause_activity: [0,105904828,com.futuremark.dmandroid.application/.vulkan.FarandoleVulkanNativeActivity]
07-22 21:31:17.143 0 0 I init : Untracked pid 5007 exited with status 0
07-22 21:31:16.823 2443 2458 I sysui_count: [window_time_0,4]
07-22 21:31:16.823 2443 2458 I sysui_multi_action: [757,803,799,window_time_0,802,4]
07-22 21:31:16.824 2443 2459 I ActivityManager: Showing crash dialog for package com.futuremark.dmandroid.application u0
07-22 21:31:16.836 2443 5015 D OpenGLRenderer: HWUI GL Pipeline
07-22 21:31:16.840 2443 2505 W InputDispatcher: channel '1c39db4 com.futuremark.dmandroid.application/com.futuremark.dmandroid.application.vulkan.FarandoleVulkanNativeActivity (server)' ~ Consumer closed input channel or an error occurred. events=0x9
07-22 21:31:16.840 2443 2505 E InputDispatcher: channel '1c39db4 com.futuremark.dmandroid.application/com.futuremark.dmandroid.application.vulkan.FarandoleVulkanNativeActivity (server)' ~ Channel is unrecoverably broken and will be disposed!
07-22 21:31:16.840 2297 2297 I Zygote : Process 4949 exited due to signal (11)
07-22 21:31:16.841 2443 4794 I ActivityManager: Process com.futuremark.dmandroid.application:workload (pid 4949) has died: fore TOP
07-22 21:31:16.841 2443 4794 I am_proc_died: [0,4949,com.futuremark.dmandroid.application:workload,0,2]
07-22 21:31:16.841 2443 2460 W system_server: kill(-4949, 9) failed: No such process
07-22 21:31:16.841 2443 2460 I system_server: Successfully killed process cgroup uid 10090 pid 4949 in 0ms
07-22 21:31:16.841 2443 4826 I WindowManager: WIN DEATH: Window{1c39db4 u0 com.futuremark.dmandroid.application/com.futuremark.dmandroid.application.vulkan.FarandoleVulkanNativeActivity}
07-22 21:31:16.841 2443 4826 W InputDispatcher: Attempted to unregister already unregistered input channel '1c39db4 com.futuremark.dmandroid.application/com.futuremark.dmandroid.application.vulkan.FarandoleVulkanNativeActivity (server)'
07-22 21:31:16.841 2546 2546 D StatusBar: disable
07-22 21:31:16.842 2312 2312 I auditd : type=1400 audit(0.0:816): avc: denied { dac_read_search } for comm="lmkd" capability=2 scontext=u:r:lmkd:s0 tcontext=u:r:lmkd:s0 tclass=capability permissive=1
07-22 21:31:16.842 2312 2312 I lmkd : type=1400 audit(0.0:816): avc: denied { dac_read_search } for capability=2 scontext=u:r:lmkd:s0 tcontext=u:r:lmkd:s0 tclass=capability permissive=1
07-22 21:31:17.165 0 0 D [drm:drm_mode_addfb2 [drm]] [FB: 78]
07-22 21:31:17.165 0 0 D : [drm:drm_atomic_state_init [drm]] Allocated atomic state 0000000090eaea13
07-22 21:31:17.165 0 0 D : [drm:drm_atomic_get_plane_state [drm]] Added [PLANE:36:plane-0] 0000000060264ceb state to 0000000090eaea13
07-22 21:31:17.165 0 0 D : [drm:drm_atomic_get_crtc_state [drm]] Added [CRTC:43:crtc-0] 0000000004c07a5c state to 0000000090eaea13
07-22 21:31:17.165 0 0 D : [drm:drm_atomic_set_crtc_for_plane [drm]] Link plane state 0000000060264ceb to [CRTC:43:crtc-0]
07-22 21:31:17.165 0 0 D : [drm:drm_atomic_set_fb_for_plane [drm]] Set [FB:78] for plane state 0000000060264ceb
07-22 21:31:17.165 0 0 D : [drm:drm_atomic_check_only [drm]] checking 0000000090eaea13
07-22 21:31:17.165 0 0 D : [drm:dm_update_planes_state [amdgpu]] Disabling DRM plane: 36 on DRM crtc 43
07-22 21:31:17.165 0 0 D : [drm:dm_update_planes_state [amdgpu]] Enabling DRM plane: 36 on DRM crtc 43
07-22 21:31:17.166 0 0 D : [drm:drm_atomic_state_default_clear [drm]] Clearing atomic state 0000000090eaea13
07-22 21:31:17.166 0 0 D : [drm:__drm_atomic_state_free [drm]] Freeing atomic state 0000000090eaea13
07-22 21:31:17.166 0 0 D : [drm:drm_atomic_state_init [drm]] Allocated atomic state 000000006969aed0
07-22 21:31:17.166 0 0 D : [drm:drm_atomic_get_plane_state [drm]] Added [PLANE:36:plane-0] 00000000f52f20bb state to 000000006969aed0
07-22 21:31:17.166 0 0 D : [drm:drm_atomic_get_crtc_state [drm]] Added [CRTC:43:crtc-0] 00000000eb6ab4cc state to 000000006969aed0
07-22 21:31:17.166 0 0 D : [drm:drm_atomic_set_crtc_for_plane [drm]] Link plane state 00000000f52f20bb to [CRTC:43:crtc-0]
07-22 21:31:17.166 0 0 D : [drm:drm_atomic_set_fb_for_plane [drm]] Set [FB:78] for plane state 00000000f52f20bb
07-22 21:31:17.166 0 0 D : [drm:drm_atomic_check_only [drm]] checking 000000006969aed0
07-22 21:31:17.166 0 0 D : [drm:dm_update_planes_state [amdgpu]] Disabling DRM plane: 36 on DRM crtc 43
07-22 21:31:17.166 0 0 D : [drm:dm_update_planes_state [amdgpu]] Enabling DRM plane: 36 on DRM crtc 43
07-22 21:31:17.166 0 0 D : [drm:drm_atomic_commit [drm]] committing 000000006969aed0
07-22 21:31:17.166 0 0 D : [drm:amdgpu_dm_atomic_commit_tail [amdgpu]] amdgpu_crtc id:0 crtc_state_flags: enable:1, active:1, planes_changed:1, mode_changed:0,active_changed:0,connectors_changed:0
07-22 21:31:17.166 0 0 D [drm:amdgpu_dm_atomic_commit_tail [amdgpu]] crtc: 0, pflip_stat:AMDGPU_FLIP_SUBMITTED
07-22 21:31:16.843 2443 4794 I am_set_resumed_activity: [0,com.futuremark.dmandroid.application/.vulkan.VulkanWorkloadActivity,resumeTopActivityInnerLocked]
07-22 21:31:16.843 2443 4794 W SchedPolicy: add_tid_to_cgroup failed to write '4695' (Permission denied); fd=27
07-22 21:31:16.845 2443 4794 I am_resume_activity: [0,73864592,6,com.futuremark.dmandroid.application/.vulkan.VulkanWorkloadActivity]
07-22 21:31:16.845 4695 4695 D com.futuremark.dmandroid.VulkanWorkloadActivity: onActivityResult requestCode 1066, resultCode 0, data null
07-22 21:31:16.845 4695 4695 I com.futuremark.dmandroid.VulkanWorkloadActivity: Result from workload: benchmark was cancelled
07-22 21:31:16.845 4695 4695 I com.futuremark.dmandroid.VulkanWorkloadActivity: sending event END_WORKLOAD_WORK
07-22 21:31:16.845 4695 4695 D com.futuremark.dmandroid.MonitoringDataService: monitoringdataservice 1384505722024.csv received workloadevent
07-22 21:31:16.845 4695 4695 I com.futuremark.dmandroid.MonitoringDataService: Received workload event: EndWorkloadWork:FarandoleVulkanC:FarandoleVulkanC:-1:-1
07-22 21:31:16.845 4695 4695 I com.futuremark.dmandroid.MonitoringDataManager: addEvent sampleIndex:5, time:3.698s, event:EndWorkloadWork:FarandoleVulkanC:FarandoleVulkanC:-1:-1
07-22 21:31:16.845 4695 4695 I com.futuremark.dmandroid.SystemInfoPoller: Stopping. Broadcasts sent:4
07-22 21:31:16.845 4695 4695 I com.futuremark.dmandroid.SystemInfoServiceImpl: pause: Unregistering CPUID battery receiver
07-22 21:31:16.846 2443 2465 W ActivityManager: setHasOverlayUi called on unknown pid: 4949
07-22 21:31:16.847 4695 4695 I com.futuremark.dmandroid.SystemInfoPoller: Executor shutdown
07-22 21:31:16.847 4695 4695 I com.futuremark.dmandroid.VulkanWorkloadActivity: Stopping monitoring service
07-22 21:31:16.847 4695 4695 I com.futuremark.dmandroid.SystemInfoPoller: Stopping. Broadcasts sent:4
07-22 21:31:16.847 4695 4695 I com.futuremark.dmandroid.SystemInfoServiceImpl: pause: already paused
07-22 21:31:16.847 4695 4695 I com.futuremark.dmandroid.MonitoringDataService: flushMonitoringData 1384505722024.csv
07-22 21:31:16.847 4695 4695 I com.futuremark.dmandroid.MonitoringDataService: Writing CSV with 13 columns, 6 rows, write header: true, to /data/user/0/com.futuremark.dmandroid.application/files/f0dfee69-cb4d-48f6-9d2a-32dc6babb051/1384505722024.csv, keys:[AbstractSeriesKey{dataVariant=RAW, variableType=FramesPerSecond, name='BM/FramesPerSecond/memory:I1000', dataSourceType=BM, samplingInfo=I1000, seriesUnit=FramesPerSecond}, AbstractSeriesKey{dataVariant=RAW, variableType=RunTimeSeconds, name='BM/RunTimeSeconds:E', dataSourceType=BM, samplingInfo=E, seriesUnit=Seconds}, AbstractSeriesKey{dataVariant=RAW, variableType=Events, name='BM/Events:E', dataSourceType=BM, samplingInfo=E, seriesUnit=}, AbstractSeriesKey{dataVariant=HIGH, variableType=CpuLoad, name='HIGH/CPUID/CpuLoad/0:I1000', dataSourceType=CPUID, samplingInfo=I1000, seriesUnit=Percentage}, AbstractSeriesKey{dataVariant=HIGH, variableType=CpuFrequency, name='HIGH/CPUID/CpuFrequency:I1000', dataSourceType=CPUID, samplingInfo=I1000, seriesUnit=Mhz}, AbstractSeriesKey{dataVariant=LOW, variableType=CpuLoad, name='LOW/CPUID/CpuLoad/0:I1000', dataSourceType=CPUID, samplingInfo=I1000, seriesUnit=Percentage}, AbstractSeriesKey{dataVariant=LOW, variableType=CpuFrequency, name='LOW/CPUID/CpuFrequency:I1000', dataSourceType=CPUID, samplingInfo=I1000, seriesUnit=Mhz}, AbstractSeriesKey{dataVariant=AVERAGE, variableType=CpuLoad, name='AVG/CPUID/CpuLoad/0:I1000', dataSourceType=CPUID, samplingInfo=I1000, seriesUnit=Percentage}, AbstractSeriesKey{dataVariant=AVERAGE, variableType=CpuFrequency, name='AVG/CPUID/CpuFrequency:I1000', dataSourceType=CPUID, samplingInfo=I1000, seriesUnit=Mhz}, AbstractSeriesKey{dataVariant=AVERAGE, variableType=ChargePercentage, name='AVG/CPUID/ChargePercentage:I1000', dataSourceType=CPUID, samplingInfo=I1000, seriesUnit=Percentage}, AbstractSeriesKey{dataVariant=AVERAGE, variableType=BatTemp, name='AVG/CPUID/BatTemp:I1000', dataSourceType=CPUID, samplingInfo=I1000, seriesUnit=Celsius}, AbstractSeriesKey{dataVariant=AVERAGE, variableType=ProcessorCoreClockFrequency, name='AVG/CPUID/ProcessorCoreClockFrequency/0/0:I1000', dataSourceType=CPUID, samplingInfo=I1000, seriesUnit=Mhz}, AbstractSeriesKey{dataVariant=AVERAGE, variableType=ProcessorCoreClockFrequency, name='AVG/CPUID/ProcessorCoreClockFrequency/0/1:I1000', dataSourceType=CPUID, samplingInfo=I1000, seriesUnit=Mhz}]
07-22 21:31:16.851 4695 4695 I com.futuremark.dmandroid.MonitoringDataService: MonitoringData restored from previous CSV file with 13 columns and 6 rows
07-22 21:31:16.851 4695 4695 I com.futuremark.dmandroid.VulkanWorkloadActivity: call to VulkanWorkloadActivity.storeWorkloadSetXml
07-22 21:31:16.853 4695 4695 I com.futuremark.dmandroid.VulkanWorkloadActivity: packed xml size: 160 bytes
07-22 21:31:16.853 4695 4695 I com.futuremark.dmandroid.VulkanWorkloadActivity: ApiOverheadVulkan activity finishing...
07-22 21:31:16.853 4695 4695 I com.futuremark.dmandroid.VulkanWorkloadActivity: call to VulkanWorkloadActivity.finish
07-22 21:31:17.167 0 0 D : [drm:dm_pflip_high_irq [amdgpu]] dm_pflip_high_irq - crtc :0[00000000da4e46cc], pflip_stat:AMDGPU_FLIP_NONE
07-22 21:31:17.168 0 0 D : [drm:drm_atomic_state_default_clear [drm]] Clearing atomic state 000000006969aed0
07-22 21:31:17.168 0 0 D : [drm:__drm_atomic_state_free [drm]] Freeing atomic state 000000006969aed0
07-22 21:31:16.853 2443 4826 I am_finish_activity: [0,73864592,6,com.futuremark.dmandroid.application/.vulkan.VulkanWorkloadActivity,app-request]
07-22 21:31:16.854 2443 4826 I am_pause_activity: [0,73864592,com.futuremark.dmandroid.application/.vulkan.VulkanWorkloadActivity]
07-22 21:31:16.854 2443 2458 I sysui_count: [window_time_0,0]
07-22 21:31:16.854 2443 2458 I sysui_multi_action: [757,803,799,window_time_0,802,0]
07-22 21:31:17.186 0 0 D [drm:drm_mode_addfb2 [drm]] [FB: 74]
07-22 21:31:17.186 0 0 D : [drm:drm_atomic_state_init [drm]] Allocated atomic state 00000000c2337f9a
07-22 21:31:17.186 0 0 D : [drm:drm_atomic_get_plane_state [drm]] Added [PLANE:36:plane-0] 000000003d659290 state to 00000000c2337f9a
07-22 21:31:17.187 0 0 D : [drm:drm_atomic_get_crtc_state [drm]] Added [CRTC:43:crtc-0] 000000008303978e state to 00000000c2337f9a
07-22 21:31:17.187 0 0 D : [drm:drm_atomic_set_crtc_for_plane [drm]] Link plane state 000000003d659290 to [CRTC:43:crtc-0]
07-22 21:31:17.187 0 0 D : [drm:drm_atomic_set_fb_for_plane [drm]] Set [FB:74] for plane state 000000003d659290
07-22 21:31:17.187 0 0 D : [drm:drm_atomic_check_only [drm]] checking 00000000c2337f9a
07-22 21:31:17.187 0 0 D : [drm:dm_update_planes_state [amdgpu]] Disabling DRM plane: 36 on DRM crtc 43
07-22 21:31:17.187 0 0 D : [drm:dm_update_planes_state [amdgpu]] Enabling DRM plane: 36 on DRM crtc 43
07-22 21:31:17.187 0 0 D : [drm:drm_atomic_state_default_clear [drm]] Clearing atomic state 00000000c2337f9a
07-22 21:31:17.187 0 0 D : [drm:__drm_atomic_state_free [drm]] Freeing atomic state 00000000c2337f9a
07-22 21:31:17.187 0 0 D : [drm:drm_atomic_state_init [drm]] Allocated atomic state 00000000c2337f9a
07-22 21:31:17.187 0 0 D : [drm:drm_atomic_get_plane_state [drm]] Added [PLANE:36:plane-0] 000000003d659290 state to 00000000c2337f9a
07-22 21:31:17.187 0 0 D : [drm:drm_atomic_get_crtc_state [drm]] Added [CRTC:43:crtc-0] 00000000605687d5 state to 00000000c2337f9a
07-22 21:31:17.187 0 0 D : [drm:drm_atomic_set_crtc_for_plane [drm]] Link plane state 000000003d659290 to [CRTC:43:crtc-0]
07-22 21:31:17.187 0 0 D : [drm:drm_atomic_set_fb_for_plane [drm]] Set [FB:74] for plane state 000000003d659290
07-22 21:31:17.187 0 0 D : [drm:drm_atomic_check_only [drm]] checking 00000000c2337f9a
07-22 21:31:17.187 0 0 D : [drm:dm_update_planes_state [amdgpu]] Disabling DRM plane: 36 on DRM crtc 43
07-22 21:31:17.187 0 0 D : [drm:dm_update_planes_state [amdgpu]] Enabling DRM plane: 36 on DRM crtc 43
07-22 21:31:17.187 0 0 D : [drm:drm_atomic_commit [drm]] committing 00000000c2337f9a
07-22 21:31:17.187 0 0 D : [drm:amdgpu_dm_atomic_commit_tail [amdgpu]] amdgpu_crtc id:0 crtc_state_flags: enable:1, active:1, planes_changed:1, mode_changed:0,active_changed:0,connectors_changed:0
07-22 21:31:17.187 0 0 D [drm:amdgpu_dm_atomic_commit_tail [amdgpu]] crtc: 0, pflip_stat:AMDGPU_FLIP_SUBMITTED
07-22 21:31:16.866 2443 2443 I auditd : type=1400 audit(0.0:817): avc: denied { read } for comm="RenderThread" name="vendor" dev="tmpfs" ino=5558 scontext=u:r:system_server:s0 tcontext=u:object_r:tmpfs:s0 tclass=lnk_file permissive=1
07-22 21:31:16.866 2443 2443 I RenderThread: type=1400 audit(0.0:817): avc: denied { read } for name="vendor" dev="tmpfs" ino=5558 scontext=u:r:system_server:s0 tcontext=u:object_r:tmpfs:s0 tclass=lnk_file permissive=1
07-22 21:31:16.867 2443 2443 I auditd : type=1400 audit(0.0:819): avc: denied { open } for comm="RenderThread" path="/dev/dri/renderD128" dev="tmpfs" ino=8697 scontext=u:r:system_server:s0 tcontext=u:object_r:device:s0 tclass=chr_file permissive=1
07-22 21:31:16.867 2443 2443 I RenderThread: type=1400 audit(0.0:819): avc: denied { open } for path="/dev/dri/renderD128" dev="tmpfs" ino=8697 scontext=u:r:system_server:s0 tcontext=u:object_r:device:s0 tclass=chr_file permissive=1
07-22 21:31:17.190 0 0 D : [drm:amdgpu_vm_init [amdgpu]] VM update mode is SDMA
07-22 21:31:16.867 2443 4826 I am_set_resumed_activity: [0,com.futuremark.dmandroid.application/.BenchmarkLauncherActivity,resumeTopActivityInnerLocked]
07-22 21:31:16.867 2443 5015 D vndksupport: Loading /vendor/lib64/hw/gralloc.gbm.so from current namespace instead of sphal namespace.
07-22 21:31:16.867 2443 4826 I am_resume_activity: [0,15929458,6,com.futuremark.dmandroid.application/.BenchmarkLauncherActivity]
07-22 21:31:16.868 2443 2458 I sysui_count: [window_time_0,0]
07-22 21:31:16.868 2443 2458 I sysui_multi_action: [757,803,799,window_time_0,802,0]
07-22 21:31:16.869 4695 4695 D com.futuremark.dmandroid.*chmarkLauncherActivity: onActivityResult() - workload result
07-22 21:31:16.869 4695 4695 I com.futuremark.dmandroid.*hmarkLauncherPresenter: onWorkloadResult
07-22 21:31:16.869 2443 5015 I EGL-MAIN: found extension DRI_Core version 2
07-22 21:31:16.869 2443 5015 I EGL-MAIN: found extension DRI_IMAGE_DRIVER version 1
07-22 21:31:16.870 4695 4695 W com.futuremark.dmandroid.DmAndroidConstants: Native wrapper class for workloadType FARANDOLE_VULKAN_CUSTOM is unknown - this is fine if it is a test using NativeActivity (like Vulkan tests)
07-22 21:31:16.870 4695 4695 D com.futuremark.dmandroid.*hmarkLauncherPresenter: Creating monitoringdata service, using file: /data/user/0/com.futuremark.dmandroid.application/files/f0dfee69-cb4d-48f6-9d2a-32dc6babb051/1388228421490.csv
07-22 21:31:16.870 4695 4695 D com.futuremark.dmandroid.MonitoringDataService: Monitoring data file: /data/user/0/com.futuremark.dmandroid.application/files/f0dfee69-cb4d-48f6-9d2a-32dc6babb051/1388228421490.csv
07-22 21:31:16.870 4695 4695 D com.futuremark.dmandroid.MonitoringDataService: Monitoring data backup file: null
07-22 21:31:16.870 4695 4695 D com.futuremark.dmandroid.MonitoringDataService: Raw Monitoring data json: null
07-22 21:31:16.870 4695 4695 I com.futuremark.dmandroid.MonitoringDataService: resetMonitoringData
07-22 21:31:16.870 4695 4695 D com.futuremark.dmandroid.*ctBmRunFsmEventFactory: isSystemInfoRefreshed: false, currentTs: 0, oldSiRelativeTimestampNs: 0
07-22 21:31:16.870 4695 4695 D com.futuremark.dmandroid.AbstractBmRunFsm: start monitoring service in stateWorkloadStarted / WORKLOAD_RESULT_ADDED
07-22 21:31:16.870 4695 4695 D com.futuremark.dmandroid.*hmarkLauncherPresenter: start monitoring service in stateInitializeBenchmark
07-22 21:31:16.870 4695 4695 I com.futuremark.dmandroid.Watchdog: cancelWatchdog called, active false
07-22 21:31:16.870 2443 5015 I EGL-MAIN: found extension DRI_TexBuffer version 2
07-22 21:31:16.870 2443 5015 I EGL-MAIN: found extension DRI2_Flush version 4
07-22 21:31:16.870 2443 5015 I EGL-MAIN: found extension DRI_IMAGE version 17
07-22 21:31:16.870 2443 5015 I EGL-MAIN: found extension DRI_IMAGE version 17
07-22 21:31:16.870 2443 5015 I EGL-MAIN: found extension DRI_RENDERER_QUERY version 1
07-22 21:31:16.870 2443 5015 I EGL-MAIN: found extension DRI_CONFIG_QUERY version 1
07-22 21:31:16.870 2443 5015 I EGL-MAIN: found extension DRI2_Fence version 2
07-22 21:31:16.870 2443 5015 I EGL-MAIN: found extension DRI2_Interop version 1
07-22 21:31:16.870 2443 5015 I EGL-MAIN: found extension DRI_Robustness version 1
07-22 21:31:16.870 2443 5015 I EGL-MAIN: found extension DRI_NoError version 1
07-22 21:31:16.870 4695 4695 I com.futuremark.dmandroid.AbstractBmRunFsm: AndroidSpecificFsm transitioned WORKLOAD_STARTED->WAIT_SERVICES_AFTER_WORKLOAD, on event type: WORKLOAD_RESULT_ADDED, full new state: BmRunExecutionState{fsmState=WAIT_SERVICES_AFTER_WORKLOAD, loopingCounter=0, currentWorkloadIndex=1}
07-22 21:31:16.871 4695 4695 W com.futuremark.dmandroid.DmAndroidConstants: Native wrapper class for workloadType FARANDOLE_VULKAN_CUSTOM is unknown - this is fine if it is a test using NativeActivity (like Vulkan tests)
07-22 21:31:16.871 4695 4695 D com.futuremark.dmandroid.*ctBmRunFsmEventFactory: isSystemInfoRefreshed: false, currentTs: 0, oldSiRelativeTimestampNs: 0
