07-22 21:31:17.628 2313 2313 I auditd : type=1400 audit(0.0:827): avc: denied { ioctl } for comm="frame-worker" path="/sys/kernel/debug/sync/sw_sync" dev="debugfs" ino=387 ioctlcmd=0x5701 scontext=u:r:surfaceflinger:s0 tcontext=u:object_r:debugfs:s0 tclass=file permissive=1
07-22 21:31:17.628 2313 2313 I frame-worker: type=1400 audit(0.0:827): avc: denied { ioctl } for path="/sys/kernel/debug/sync/sw_sync" dev="debugfs" ino=387 ioctlcmd=0x5701 scontext=u:r:surfaceflinger:s0 tcontext=u:object_r:debugfs:s0 tclass=file permissive=1
07-22 21:31:17.951 0 0 D : [drm:dm_pflip_high_irq [amdgpu]] dm_pflip_high_irq - crtc :0[00000000da4e46cc], pflip_stat:AMDGPU_FLIP_NONE
07-22 21:31:17.951 0 0 D : [drm:drm_atomic_state_default_clear [drm]] Clearing atomic state 000000001d67a9fa
07-22 21:31:17.951 0 0 D : [drm:__drm_atomic_state_free [drm]] Freeing atomic state 000000001d67a9fa
07-22 21:31:17.953 0 0 D [drm:drm_mode_addfb2 [drm]] [FB: 74]
07-22 21:31:17.954 0 0 D : [drm:drm_atomic_state_init [drm]] Allocated atomic state 00000000c1cd624a
07-22 21:31:17.954 0 0 D : [drm:drm_atomic_get_plane_state [drm]] Added [PLANE:36:plane-0] 0000000022fe314b state to 00000000c1cd624a
07-22 21:31:17.954 0 0 D : [drm:drm_atomic_get_crtc_state [drm]] Added [CRTC:43:crtc-0] 0000000023e575ec state to 00000000c1cd624a
07-22 21:31:17.954 0 0 D : [drm:drm_atomic_set_crtc_for_plane [drm]] Link plane state 0000000022fe314b to [CRTC:43:crtc-0]
07-22 21:31:17.954 0 0 D : [drm:drm_atomic_set_fb_for_plane [drm]] Set [FB:74] for plane state 0000000022fe314b
07-22 21:31:17.954 0 0 D : [drm:drm_atomic_check_only [drm]] checking 00000000c1cd624a
07-22 21:31:17.954 0 0 D : [drm:dm_update_planes_state [amdgpu]] Disabling DRM plane: 36 on DRM crtc 43
07-22 21:31:17.954 0 0 D : [drm:dm_update_planes_state [amdgpu]] Enabling DRM plane: 36 on DRM crtc 43
07-22 21:31:17.954 0 0 D : [drm:drm_atomic_state_default_clear [drm]] Clearing atomic state 00000000c1cd624a
07-22 21:31:17.954 0 0 D : [drm:__drm_atomic_state_free [drm]] Freeing atomic state 00000000c1cd624a
07-22 21:31:17.954 0 0 D : [drm:drm_atomic_state_init [drm]] Allocated atomic state 00000000d89afbbd
07-22 21:31:17.954 0 0 D : [drm:drm_atomic_get_plane_state [drm]] Added [PLANE:36:plane-0] 0000000076fd5997 state to 00000000d89afbbd
07-22 21:31:17.954 0 0 D : [drm:drm_atomic_get_crtc_state [drm]] Added [CRTC:43:crtc-0] 0000000000434b3b state to 00000000d89afbbd
07-22 21:31:17.954 0 0 D : [drm:drm_atomic_set_crtc_for_plane [drm]] Link plane state 0000000076fd5997 to [CRTC:43:crtc-0]
07-22 21:31:17.954 0 0 D : [drm:drm_atomic_set_fb_for_plane [drm]] Set [FB:74] for plane state 0000000076fd5997
07-22 21:31:17.954 0 0 D : [drm:drm_atomic_check_only [drm]] checking 00000000d89afbbd
07-22 21:31:17.954 0 0 D : [drm:dm_update_planes_state [amdgpu]] Disabling DRM plane: 36 on DRM crtc 43
07-22 21:31:17.954 0 0 D : [drm:dm_update_planes_state [amdgpu]] Enabling DRM plane: 36 on DRM crtc 43
07-22 21:31:17.954 0 0 D : [drm:drm_atomic_commit [drm]] committing 00000000d89afbbd
07-22 21:31:17.954 0 0 D : [drm:amdgpu_dm_atomic_commit_tail [amdgpu]] amdgpu_crtc id:0 crtc_state_flags: enable:1, active:1, planes_changed:1, mode_changed:0,active_changed:0,connectors_changed:0
07-22 21:31:17.954 0 0 D [drm:amdgpu_dm_atomic_commit_tail [amdgpu]] crtc: 0, pflip_stat:AMDGPU_FLIP_SUBMITTED
07-22 21:31:17.631 2313 2313 I auditd : type=1400 audit(0.0:828): avc: denied { read write } for comm="surfaceflinger" name="sw_sync" dev="debugfs" ino=387 scontext=u:r:surfaceflinger:s0 tcontext=u:object_r:debugfs:s0 tclass=file permissive=1
07-22 21:31:17.631 2313 2313 I surfaceflinger: type=1400 audit(0.0:828): avc: denied { read write } for name="sw_sync" dev="debugfs" ino=387 scontext=u:r:surfaceflinger:s0 tcontext=u:object_r:debugfs:s0 tclass=file permissive=1
07-22 21:31:17.631 2313 2313 I auditd : type=1400 audit(0.0:829): avc: denied { open } for comm="surfaceflinger" path="/sys/kernel/debug/sync/sw_sync" dev="debugfs" ino=387 scontext=u:r:surfaceflinger:s0 tcontext=u:object_r:debugfs:s0 tclass=file permissive=1
07-22 21:31:17.631 2313 2313 I surfaceflinger: type=1400 audit(0.0:829): avc: denied { open } for path="/sys/kernel/debug/sync/sw_sync" dev="debugfs" ino=387 scontext=u:r:surfaceflinger:s0 tcontext=u:object_r:debugfs:s0 tclass=file permissive=1
07-22 21:31:17.967 0 0 D : [drm:dm_pflip_high_irq [amdgpu]] dm_pflip_high_irq - crtc :0[00000000da4e46cc], pflip_stat:AMDGPU_FLIP_NONE
07-22 21:31:17.967 0 0 D : [drm:drm_atomic_state_default_clear [drm]] Clearing atomic state 00000000d89afbbd
07-22 21:31:17.967 0 0 D : [drm:__drm_atomic_state_free [drm]] Freeing atomic state 00000000d89afbbd
07-22 21:31:17.970 0 0 D [drm:drm_mode_addfb2 [drm]] [FB: 78]
07-22 21:31:17.970 0 0 D : [drm:drm_atomic_state_init [drm]] Allocated atomic state 000000007b423aed
07-22 21:31:17.970 0 0 D : [drm:drm_atomic_get_plane_state [drm]] Added [PLANE:36:plane-0] 0000000022fe314b state to 000000007b423aed
07-22 21:31:17.970 0 0 D : [drm:drm_atomic_get_crtc_state [drm]] Added [CRTC:43:crtc-0] 00000000fad31670 state to 000000007b423aed
07-22 21:31:17.970 0 0 D : [drm:drm_atomic_set_crtc_for_plane [drm]] Link plane state 0000000022fe314b to [CRTC:43:crtc-0]
07-22 21:31:17.970 0 0 D : [drm:drm_atomic_set_fb_for_plane [drm]] Set [FB:78] for plane state 0000000022fe314b
07-22 21:31:17.970 0 0 D : [drm:drm_atomic_check_only [drm]] checking 000000007b423aed
07-22 21:31:17.970 0 0 D : [drm:dm_update_planes_state [amdgpu]] Disabling DRM plane: 36 on DRM crtc 43
07-22 21:31:17.971 0 0 D : [drm:dm_update_planes_state [amdgpu]] Enabling DRM plane: 36 on DRM crtc 43
07-22 21:31:17.971 0 0 D : [drm:drm_atomic_state_default_clear [drm]] Clearing atomic state 000000007b423aed
07-22 21:31:17.971 0 0 D : [drm:__drm_atomic_state_free [drm]] Freeing atomic state 000000007b423aed
07-22 21:31:17.971 0 0 D : [drm:drm_atomic_state_init [drm]] Allocated atomic state 00000000c725d488
07-22 21:31:17.971 0 0 D : [drm:drm_atomic_get_plane_state [drm]] Added [PLANE:36:plane-0] 000000009e3be338 state to 00000000c725d488
07-22 21:31:17.971 0 0 D : [drm:drm_atomic_get_crtc_state [drm]] Added [CRTC:43:crtc-0] 0000000007a36b2a state to 00000000c725d488
07-22 21:31:17.971 0 0 D : [drm:drm_atomic_set_crtc_for_plane [drm]] Link plane state 000000009e3be338 to [CRTC:43:crtc-0]
07-22 21:31:17.971 0 0 D : [drm:drm_atomic_set_fb_for_plane [drm]] Set [FB:78] for plane state 000000009e3be338
07-22 21:31:17.971 0 0 D : [drm:drm_atomic_check_only [drm]] checking 00000000c725d488
07-22 21:31:17.971 0 0 D : [drm:dm_update_planes_state [amdgpu]] Disabling DRM plane: 36 on DRM crtc 43
07-22 21:31:17.971 0 0 D : [drm:dm_update_planes_state [amdgpu]] Enabling DRM plane: 36 on DRM crtc 43
07-22 21:31:17.971 0 0 D : [drm:drm_atomic_commit [drm]] committing 00000000c725d488
07-22 21:31:17.971 0 0 D : [drm:amdgpu_dm_atomic_commit_tail [amdgpu]] amdgpu_crtc id:0 crtc_state_flags: enable:1, active:1, planes_changed:1, mode_changed:0,active_changed:0,connectors_changed:0
07-22 21:31:17.971 0 0 D [drm:amdgpu_dm_atomic_commit_tail [amdgpu]] crtc: 0, pflip_stat:AMDGPU_FLIP_SUBMITTED
07-22 21:31:17.984 0 0 D : [drm:dm_pflip_high_irq [amdgpu]] dm_pflip_high_irq - crtc :0[00000000da4e46cc], pflip_stat:AMDGPU_FLIP_NONE
07-22 21:31:17.984 0 0 D : [drm:drm_atomic_state_default_clear [drm]] Clearing atomic state 00000000c725d488
07-22 21:31:17.984 0 0 D : [drm:__drm_atomic_state_free [drm]] Freeing atomic state 00000000c725d488
07-22 21:31:17.987 0 0 D [drm:drm_mode_addfb2 [drm]] [FB: 74]
07-22 21:31:17.987 0 0 D : [drm:drm_atomic_state_init [drm]] Allocated atomic state 000000003aacd7dc
07-22 21:31:17.987 0 0 D : [drm:drm_atomic_get_plane_state [drm]] Added [PLANE:36:plane-0] 00000000972394aa state to 000000003aacd7dc
07-22 21:31:17.987 0 0 D : [drm:drm_atomic_get_crtc_state [drm]] Added [CRTC:43:crtc-0] 00000000ca42d1c8 state to 000000003aacd7dc
07-22 21:31:17.987 0 0 D : [drm:drm_atomic_set_crtc_for_plane [drm]] Link plane state 00000000972394aa to [CRTC:43:crtc-0]
07-22 21:31:17.987 0 0 D : [drm:drm_atomic_set_fb_for_plane [drm]] Set [FB:74] for plane state 00000000972394aa
07-22 21:31:17.987 0 0 D : [drm:drm_atomic_check_only [drm]] checking 000000003aacd7dc
07-22 21:31:17.987 0 0 D : [drm:dm_update_planes_state [amdgpu]] Disabling DRM plane: 36 on DRM crtc 43
07-22 21:31:17.987 0 0 D : [drm:dm_update_planes_state [amdgpu]] Enabling DRM plane: 36 on DRM crtc 43
07-22 21:31:17.987 0 0 D : [drm:drm_atomic_state_default_clear [drm]] Clearing atomic state 000000003aacd7dc
07-22 21:31:17.987 0 0 D : [drm:__drm_atomic_state_free [drm]] Freeing atomic state 000000003aacd7dc
07-22 21:31:17.987 0 0 D : [drm:drm_atomic_state_init [drm]] Allocated atomic state 000000003da4c69d
07-22 21:31:17.987 0 0 D : [drm:drm_atomic_get_plane_state [drm]] Added [PLANE:36:plane-0] 000000007612c2fe state to 000000003da4c69d
07-22 21:31:17.987 0 0 D : [drm:drm_atomic_get_crtc_state [drm]] Added [CRTC:43:crtc-0] 000000008bf1d977 state to 000000003da4c69d
07-22 21:31:17.987 0 0 D : [drm:drm_atomic_set_crtc_for_plane [drm]] Link plane state 000000007612c2fe to [CRTC:43:crtc-0]
07-22 21:31:17.987 0 0 D : [drm:drm_atomic_set_fb_for_plane [drm]] Set [FB:74] for plane state 000000007612c2fe
07-22 21:31:17.987 0 0 D : [drm:drm_atomic_check_only [drm]] checking 000000003da4c69d
07-22 21:31:17.987 0 0 D : [drm:dm_update_planes_state [amdgpu]] Disabling DRM plane: 36 on DRM crtc 43
07-22 21:31:17.987 0 0 D : [drm:dm_update_planes_state [amdgpu]] Enabling DRM plane: 36 on DRM crtc 43
07-22 21:31:17.987 0 0 D : [drm:drm_atomic_commit [drm]] committing 000000003da4c69d
07-22 21:31:17.988 0 0 D : [drm:amdgpu_dm_atomic_commit_tail [amdgpu]] amdgpu_crtc id:0 crtc_state_flags: enable:1, active:1, planes_changed:1, mode_changed:0,active_changed:0,connectors_changed:0
07-22 21:31:17.988 0 0 D [drm:amdgpu_dm_atomic_commit_tail [amdgpu]] crtc: 0, pflip_stat:AMDGPU_FLIP_SUBMITTED
07-22 21:31:18.001 0 0 D : [drm:dm_pflip_high_irq [amdgpu]] dm_pflip_high_irq - crtc :0[00000000da4e46cc], pflip_stat:AMDGPU_FLIP_NONE
07-22 21:31:18.001 0 0 D : [drm:drm_atomic_state_default_clear [drm]] Clearing atomic state 000000003da4c69d
07-22 21:31:18.001 0 0 D : [drm:__drm_atomic_state_free [drm]] Freeing atomic state 000000003da4c69d
07-22 21:31:18.003 0 0 D [drm:drm_mode_addfb2 [drm]] [FB: 78]
07-22 21:31:18.003 0 0 D : [drm:drm_atomic_state_init [drm]] Allocated atomic state 000000008191b0b9
07-22 21:31:18.003 0 0 D : [drm:drm_atomic_get_plane_state [drm]] Added [PLANE:36:plane-0] 000000009e3be338 state to 000000008191b0b9
07-22 21:31:18.003 0 0 D : [drm:drm_atomic_get_crtc_state [drm]] Added [CRTC:43:crtc-0] 000000005ae0b157 state to 000000008191b0b9
07-22 21:31:18.003 0 0 D : [drm:drm_atomic_set_crtc_for_plane [drm]] Link plane state 000000009e3be338 to [CRTC:43:crtc-0]
07-22 21:31:18.003 0 0 D : [drm:drm_atomic_set_fb_for_plane [drm]] Set [FB:78] for plane state 000000009e3be338
07-22 21:31:18.003 0 0 D : [drm:drm_atomic_check_only [drm]] checking 000000008191b0b9
07-22 21:31:18.003 0 0 D : [drm:dm_update_planes_state [amdgpu]] Disabling DRM plane: 36 on DRM crtc 43
07-22 21:31:18.003 0 0 D : [drm:dm_update_planes_state [amdgpu]] Enabling DRM plane: 36 on DRM crtc 43
07-22 21:31:18.004 0 0 D : [drm:drm_atomic_state_default_clear [drm]] Clearing atomic state 000000008191b0b9
07-22 21:31:18.004 0 0 D : [drm:__drm_atomic_state_free [drm]] Freeing atomic state 000000008191b0b9
07-22 21:31:18.004 0 0 D : [drm:drm_atomic_state_init [drm]] Allocated atomic state 000000008191b0b9
07-22 21:31:18.004 0 0 D : [drm:drm_atomic_get_plane_state [drm]] Added [PLANE:36:plane-0] 000000009e3be338 state to 000000008191b0b9
07-22 21:31:18.004 0 0 D : [drm:drm_atomic_get_crtc_state [drm]] Added [CRTC:43:crtc-0] 000000000a2110c6 state to 000000008191b0b9
07-22 21:31:18.004 0 0 D : [drm:drm_atomic_set_crtc_for_plane [drm]] Link plane state 000000009e3be338 to [CRTC:43:crtc-0]
07-22 21:31:18.004 0 0 D : [drm:drm_atomic_set_fb_for_plane [drm]] Set [FB:78] for plane state 000000009e3be338
07-22 21:31:18.004 0 0 D : [drm:drm_atomic_check_only [drm]] checking 000000008191b0b9
07-22 21:31:18.004 0 0 D : [drm:dm_update_planes_state [amdgpu]] Disabling DRM plane: 36 on DRM crtc 43
07-22 21:31:18.004 0 0 D : [drm:dm_update_planes_state [amdgpu]] Enabling DRM plane: 36 on DRM crtc 43
07-22 21:31:18.004 0 0 D : [drm:drm_atomic_commit [drm]] committing 000000008191b0b9
07-22 21:31:18.004 0 0 D : [drm:amdgpu_dm_atomic_commit_tail [amdgpu]] amdgpu_crtc id:0 crtc_state_flags: enable:1, active:1, planes_changed:1, mode_changed:0,active_changed:0,connectors_changed:0
07-22 21:31:18.004 0 0 D [drm:amdgpu_dm_atomic_commit_tail [amdgpu]] crtc: 0, pflip_stat:AMDGPU_FLIP_SUBMITTED
07-22 21:31:17.683 4695 4695 E SensorManager: sensor or listener is null
07-22 21:31:17.683 4695 4695 I chatty : uid=10090(com.futuremark.dmandroid.application) identical 1 line
07-22 21:31:17.683 4695 4695 E SensorManager: sensor or listener is null
07-22 21:31:17.683 4695 4695 D com.futuremark.dmandroid.BenchmarkFragment: updateDlcUI|fragment:API Overhead|state:INSTALLED|progress:90
07-22 21:31:17.683 4695 4836 I com.futuremark.dmandroid.NetworkStateReceiver: Network available! - lollipop
07-22 21:31:17.683 4695 4695 D com.futuremark.dmandroid.BenchmarkFragment: API_OVERHEAD-showProgressLayout(show=false, animate=false)
07-22 21:31:17.684 4695 4695 E SensorManager: sensor or listener is null
07-22 21:31:17.684 4695 4695 I chatty : uid=10090(com.futuremark.dmandroid.application) identical 1 line
07-22 21:31:17.684 4695 4695 E SensorManager: sensor or listener is null
07-22 21:31:17.684 4695 4695 I zygote : Deoptimizing void com.futuremark.flamenco.ui.main.fragment.BenchmarkFragment.updateDlcUI(com.futuremark.chops.clientmodel.InstallState, com.futuremark.chops.progress.Progress) due to JIT inline cache
07-22 21:31:17.684 4695 4695 D com.futuremark.dmandroid.BenchmarkFragment: updateDlcUI|fragment:Ice Storm|state:INSTALL_AVAILABLE|progress:0
07-22 21:31:17.684 4695 4695 D com.futuremark.dmandroid.BenchmarkFragment: ICE_STORM-showProgressLayout(show=false, animate=false)
07-22 21:31:17.685 4695 4695 D com.futuremark.dmandroid.BenchmarkFragment: onPause() - TPTs: [FARANDOLE_CUSTOM]
07-22 21:31:17.686 4695 4695 D com.futuremark.dmandroid.BenchmarkFragment: onPause() - TPTs: [ICE_STORM_PERFORMANCE, ICE_STORM_UNLIMITED]
07-22 21:31:18.017 0 0 D : [drm:dm_pflip_high_irq [amdgpu]] dm_pflip_high_irq - crtc :0[00000000da4e46cc], pflip_stat:AMDGPU_FLIP_NONE
07-22 21:31:18.017 0 0 D : [drm:drm_atomic_state_default_clear [drm]] Clearing atomic state 000000008191b0b9
07-22 21:31:18.017 0 0 D : [drm:__drm_atomic_state_free [drm]] Freeing atomic state 000000008191b0b9
07-22 21:31:18.020 0 0 D [drm:drm_mode_addfb2 [drm]] [FB: 74]
07-22 21:31:18.020 0 0 D : [drm:drm_atomic_state_init [drm]] Allocated atomic state 00000000cbfb552a
07-22 21:31:18.020 0 0 D : [drm:drm_atomic_get_plane_state [drm]] Added [PLANE:36:plane-0] 000000002099a9da state to 00000000cbfb552a
07-22 21:31:18.020 0 0 D : [drm:drm_atomic_get_crtc_state [drm]] Added [CRTC:43:crtc-0] 000000009f68922c state to 00000000cbfb552a
07-22 21:31:18.020 0 0 D : [drm:drm_atomic_set_crtc_for_plane [drm]] Link plane state 000000002099a9da to [CRTC:43:crtc-0]
07-22 21:31:18.020 0 0 D : [drm:drm_atomic_set_fb_for_plane [drm]] Set [FB:74] for plane state 000000002099a9da
07-22 21:31:18.020 0 0 D : [drm:drm_atomic_check_only [drm]] checking 00000000cbfb552a
07-22 21:31:18.021 0 0 D : [drm:dm_update_planes_state [amdgpu]] Disabling DRM plane: 36 on DRM crtc 43
07-22 21:31:18.021 0 0 D : [drm:dm_update_planes_state [amdgpu]] Enabling DRM plane: 36 on DRM crtc 43
07-22 21:31:18.021 0 0 D : [drm:drm_atomic_state_default_clear [drm]] Clearing atomic state 00000000cbfb552a
07-22 21:31:18.021 0 0 D : [drm:__drm_atomic_state_free [drm]] Freeing atomic state 00000000cbfb552a
07-22 21:31:18.021 0 0 D : [drm:drm_atomic_state_init [drm]] Allocated atomic state 000000003aacd7dc
07-22 21:31:18.021 0 0 D : [drm:drm_atomic_get_plane_state [drm]] Added [PLANE:36:plane-0] 000000002edf2241 state to 000000003aacd7dc
07-22 21:31:18.021 0 0 D : [drm:drm_atomic_get_crtc_state [drm]] Added [CRTC:43:crtc-0] 0000000069b853eb state to 000000003aacd7dc
07-22 21:31:18.021 0 0 D : [drm:drm_atomic_set_crtc_for_plane [drm]] Link plane state 000000002edf2241 to [CRTC:43:crtc-0]
07-22 21:31:18.021 0 0 D : [drm:drm_atomic_set_fb_for_plane [drm]] Set [FB:74] for plane state 000000002edf2241
07-22 21:31:18.021 0 0 D : [drm:drm_atomic_check_only [drm]] checking 000000003aacd7dc
07-22 21:31:18.021 0 0 D : [drm:dm_update_planes_state [amdgpu]] Disabling DRM plane: 36 on DRM crtc 43
07-22 21:31:18.021 0 0 D : [drm:dm_update_planes_state [amdgpu]] Enabling DRM plane: 36 on DRM crtc 43
07-22 21:31:18.021 0 0 D : [drm:drm_atomic_commit [drm]] committing 000000003aacd7dc
07-22 21:31:18.021 0 0 D : [drm:amdgpu_dm_atomic_commit_tail [amdgpu]] amdgpu_crtc id:0 crtc_state_flags: enable:1, active:1, planes_changed:1, mode_changed:0,active_changed:0,connectors_changed:0
07-22 21:31:18.021 0 0 D [drm:amdgpu_dm_atomic_commit_tail [amdgpu]] crtc: 0, pflip_stat:AMDGPU_FLIP_SUBMITTED
07-22 21:31:18.034 0 0 D : [drm:dm_pflip_high_irq [amdgpu]] dm_pflip_high_irq - crtc :0[00000000da4e46cc], pflip_stat:AMDGPU_FLIP_NONE
07-22 21:31:18.034 0 0 D : [drm:drm_atomic_state_default_clear [drm]] Clearing atomic state 000000003aacd7dc
07-22 21:31:18.034 0 0 D : [drm:__drm_atomic_state_free [drm]] Freeing atomic state 000000003aacd7dc
07-22 21:31:18.037 0 0 D [drm:drm_mode_addfb2 [drm]] [FB: 78]
07-22 21:31:18.037 0 0 D : [drm:drm_atomic_state_init [drm]] Allocated atomic state 00000000016146db
07-22 21:31:18.037 0 0 D : [drm:drm_atomic_get_plane_state [drm]] Added [PLANE:36:plane-0] 000000009e3be338 state to 00000000016146db
07-22 21:31:18.037 0 0 D : [drm:drm_atomic_get_crtc_state [drm]] Added [CRTC:43:crtc-0] 000000009f68922c state to 00000000016146db
07-22 21:31:18.037 0 0 D : [drm:drm_atomic_set_crtc_for_plane [drm]] Link plane state 000000009e3be338 to [CRTC:43:crtc-0]
07-22 21:31:18.037 0 0 D : [drm:drm_atomic_set_fb_for_plane [drm]] Set [FB:78] for plane state 000000009e3be338
07-22 21:31:18.037 0 0 D : [drm:drm_atomic_check_only [drm]] checking 00000000016146db
07-22 21:31:18.037 0 0 D : [drm:dm_update_planes_state [amdgpu]] Disabling DRM plane: 36 on DRM crtc 43
07-22 21:31:18.037 0 0 D : [drm:dm_update_planes_state [amdgpu]] Enabling DRM plane: 36 on DRM crtc 43
07-22 21:31:18.037 0 0 D : [drm:drm_atomic_state_default_clear [drm]] Clearing atomic state 00000000016146db
07-22 21:31:18.037 0 0 D : [drm:__drm_atomic_state_free [drm]] Freeing atomic state 00000000016146db
07-22 21:31:18.037 0 0 D : [drm:drm_atomic_state_init [drm]] Allocated atomic state 00000000016146db
07-22 21:31:18.037 0 0 D : [drm:drm_atomic_get_plane_state [drm]] Added [PLANE:36:plane-0] 000000009e3be338 state to 00000000016146db
07-22 21:31:18.037 0 0 D : [drm:drm_atomic_get_crtc_state [drm]] Added [CRTC:43:crtc-0] 00000000d85615af state to 00000000016146db
07-22 21:31:18.037 0 0 D : [drm:drm_atomic_set_crtc_for_plane [drm]] Link plane state 000000009e3be338 to [CRTC:43:crtc-0]
07-22 21:31:18.037 0 0 D : [drm:drm_atomic_set_fb_for_plane [drm]] Set [FB:78] for plane state 000000009e3be338
07-22 21:31:18.037 0 0 D : [drm:drm_atomic_check_only [drm]] checking 00000000016146db
07-22 21:31:18.037 0 0 D : [drm:dm_update_planes_state [amdgpu]] Disabling DRM plane: 36 on DRM crtc 43
07-22 21:31:18.037 0 0 D : [drm:dm_update_planes_state [amdgpu]] Enabling DRM plane: 36 on DRM crtc 43
07-22 21:31:18.037 0 0 D : [drm:drm_atomic_commit [drm]] committing 00000000016146db
07-22 21:31:18.037 0 0 D : [drm:amdgpu_dm_atomic_commit_tail [amdgpu]] amdgpu_crtc id:0 crtc_state_flags: enable:1, active:1, planes_changed:1, mode_changed:0,active_changed:0,connectors_changed:0
07-22 21:31:18.038 0 0 D [drm:amdgpu_dm_atomic_commit_tail [amdgpu]] crtc: 0, pflip_stat:AMDGPU_FLIP_SUBMITTED
07-22 21:31:18.051 0 0 D : [drm:dm_pflip_high_irq [amdgpu]] dm_pflip_high_irq - crtc :0[00000000da4e46cc], pflip_stat:AMDGPU_FLIP_NONE
07-22 21:31:18.051 0 0 D : [drm:drm_atomic_state_default_clear [drm]] Clearing atomic state 00000000016146db
07-22 21:31:18.051 0 0 D : [drm:__drm_atomic_state_free [drm]] Freeing atomic state 00000000016146db
07-22 21:31:18.053 0 0 D [drm:drm_mode_addfb2 [drm]] [FB: 74]
07-22 21:31:18.054 0 0 D : [drm:drm_atomic_state_init [drm]] Allocated atomic state 000000008f7f868e
07-22 21:31:18.054 0 0 D : [drm:drm_atomic_get_plane_state [drm]] Added [PLANE:36:plane-0] 00000000fefffb2c state to 000000008f7f868e
07-22 21:31:18.054 0 0 D : [drm:drm_atomic_get_crtc_state [drm]] Added [CRTC:43:crtc-0] 0000000067c80328 state to 000000008f7f868e
07-22 21:31:18.054 0 0 D : [drm:drm_atomic_set_crtc_for_plane [drm]] Link plane state 00000000fefffb2c to [CRTC:43:crtc-0]
07-22 21:31:18.054 0 0 D : [drm:drm_atomic_set_fb_for_plane [drm]] Set [FB:74] for plane state 00000000fefffb2c
07-22 21:31:18.054 0 0 D : [drm:drm_atomic_check_only [drm]] checking 000000008f7f868e
07-22 21:31:18.054 0 0 D : [drm:dm_update_planes_state [amdgpu]] Disabling DRM plane: 36 on DRM crtc 43
07-22 21:31:18.054 0 0 D : [drm:dm_update_planes_state [amdgpu]] Enabling DRM plane: 36 on DRM crtc 43
07-22 21:31:18.054 0 0 D : [drm:drm_atomic_state_default_clear [drm]] Clearing atomic state 000000008f7f868e
07-22 21:31:18.054 0 0 D : [drm:__drm_atomic_state_free [drm]] Freeing atomic state 000000008f7f868e
07-22 21:31:18.054 0 0 D : [drm:drm_atomic_state_init [drm]] Allocated atomic state 000000008f7f868e
07-22 21:31:18.054 0 0 D : [drm:drm_atomic_get_plane_state [drm]] Added [PLANE:36:plane-0] 00000000fefffb2c state to 000000008f7f868e
07-22 21:31:18.054 0 0 D : [drm:drm_atomic_get_crtc_state [drm]] Added [CRTC:43:crtc-0] 000000001bcf3d63 state to 000000008f7f868e
07-22 21:31:18.054 0 0 D : [drm:drm_atomic_set_crtc_for_plane [drm]] Link plane state 00000000fefffb2c to [CRTC:43:crtc-0]
07-22 21:31:18.054 0 0 D : [drm:drm_atomic_set_fb_for_plane [drm]] Set [FB:74] for plane state 00000000fefffb2c
07-22 21:31:18.054 0 0 D : [drm:drm_atomic_check_only [drm]] checking 000000008f7f868e
07-22 21:31:18.054 0 0 D : [drm:dm_update_planes_state [amdgpu]] Disabling DRM plane: 36 on DRM crtc 43
07-22 21:31:18.054 0 0 D : [drm:dm_update_planes_state [amdgpu]] Enabling DRM plane: 36 on DRM crtc 43
07-22 21:31:18.054 0 0 D : [drm:drm_atomic_commit [drm]] committing 000000008f7f868e
07-22 21:31:18.054 0 0 D : [drm:amdgpu_dm_atomic_commit_tail [amdgpu]] amdgpu_crtc id:0 crtc_state_flags: enable:1, active:1, planes_changed:1, mode_changed:0,active_changed:0,connectors_changed:0
07-22 21:31:18.054 0 0 D [drm:amdgpu_dm_atomic_commit_tail [amdgpu]] crtc: 0, pflip_stat:AMDGPU_FLIP_SUBMITTED
07-22 21:31:18.067 0 0 D : [drm:dm_pflip_high_irq [amdgpu]] dm_pflip_high_irq - crtc :0[00000000da4e46cc], pflip_stat:AMDGPU_FLIP_NONE
07-22 21:31:18.067 0 0 D : [drm:drm_atomic_state_default_clear [drm]] Clearing atomic state 000000008f7f868e
07-22 21:31:18.067 0 0 D : [drm:__drm_atomic_state_free [drm]] Freeing atomic state 000000008f7f868e
07-22 21:31:17.748 4695 4695 D com.futuremark.dmandroid.*eAllBenchmarksFragment: onDestroyView()
07-22 21:31:18.070 0 0 D [drm:drm_mode_addfb2 [drm]] [FB: 78]
07-22 21:31:18.070 0 0 D : [drm:drm_atomic_state_init [drm]] Allocated atomic state 00000000cbfb552a
07-22 21:31:18.070 0 0 D : [drm:drm_atomic_get_plane_state [drm]] Added [PLANE:36:plane-0] 00000000a1246b44 state to 00000000cbfb552a
07-22 21:31:18.070 0 0 D : [drm:drm_atomic_get_crtc_state [drm]] Added [CRTC:43:crtc-0] 000000006e837571 state to 00000000cbfb552a
07-22 21:31:18.070 0 0 D : [drm:drm_atomic_set_crtc_for_plane [drm]] Link plane state 00000000a1246b44 to [CRTC:43:crtc-0]
07-22 21:31:18.070 0 0 D : [drm:drm_atomic_set_fb_for_plane [drm]] Set [FB:78] for plane state 00000000a1246b44
07-22 21:31:18.070 0 0 D : [drm:drm_atomic_check_only [drm]] checking 00000000cbfb552a
07-22 21:31:18.070 0 0 D : [drm:dm_update_planes_state [amdgpu]] Disabling DRM plane: 36 on DRM crtc 43
07-22 21:31:18.070 0 0 D : [drm:dm_update_planes_state [amdgpu]] Enabling DRM plane: 36 on DRM crtc 43
07-22 21:31:18.070 0 0 D : [drm:drm_atomic_state_default_clear [drm]] Clearing atomic state 00000000cbfb552a
07-22 21:31:18.070 0 0 D : [drm:__drm_atomic_state_free [drm]] Freeing atomic state 00000000cbfb552a
07-22 21:31:18.070 0 0 D : [drm:drm_atomic_state_init [drm]] Allocated atomic state 00000000cbfb552a
07-22 21:31:18.070 0 0 D : [drm:drm_atomic_get_plane_state [drm]] Added [PLANE:36:plane-0] 00000000a1246b44 state to 00000000cbfb552a
07-22 21:31:18.070 0 0 D : [drm:drm_atomic_get_crtc_state [drm]] Added [CRTC:43:crtc-0] 0000000007a36b2a state to 00000000cbfb552a
07-22 21:31:18.070 0 0 D : [drm:drm_atomic_set_crtc_for_plane [drm]] Link plane state 00000000a1246b44 to [CRTC:43:crtc-0]
07-22 21:31:18.070 0 0 D : [drm:drm_atomic_set_fb_for_plane [drm]] Set [FB:78] for plane state 00000000a1246b44
07-22 21:31:18.070 0 0 D : [drm:drm_atomic_check_only [drm]] checking 00000000cbfb552a
07-22 21:31:18.070 0 0 D : [drm:dm_update_planes_state [amdgpu]] Disabling DRM plane: 36 on DRM crtc 43
07-22 21:31:18.070 0 0 D : [drm:dm_update_planes_state [amdgpu]] Enabling DRM plane: 36 on DRM crtc 43
07-22 21:31:18.070 0 0 D : [drm:drm_atomic_commit [drm]] committing 00000000cbfb552a
07-22 21:31:18.070 0 0 D : [drm:amdgpu_dm_atomic_commit_tail [amdgpu]] amdgpu_crtc id:0 crtc_state_flags: enable:1, active:1, planes_changed:1, mode_changed:0,active_changed:0,connectors_changed:0
07-22 21:31:18.070 0 0 D [drm:amdgpu_dm_atomic_commit_tail [amdgpu]] crtc: 0, pflip_stat:AMDGPU_FLIP_SUBMITTED
07-22 21:31:18.084 0 0 D : [drm:dm_pflip_high_irq [amdgpu]] dm_pflip_high_irq - crtc :0[00000000da4e46cc], pflip_stat:AMDGPU_FLIP_NONE
07-22 21:31:18.084 0 0 D : [drm:drm_atomic_state_default_clear [drm]] Clearing atomic state 00000000cbfb552a
07-22 21:31:18.084 0 0 D : [drm:__drm_atomic_state_free [drm]] Freeing atomic state 00000000cbfb552a
07-22 21:31:17.765 4695 4695 D com.futuremark.dmandroid.*eAllBenchmarksFragment: onCreateView() with instance: false
07-22 21:31:18.087 0 0 D [drm:drm_mode_addfb2 [drm]] [FB: 74]
07-22 21:31:18.087 0 0 D : [drm:drm_atomic_state_init [drm]] Allocated atomic state 000000005e0a510f
07-22 21:31:18.087 0 0 D : [drm:drm_atomic_get_plane_state [drm]] Added [PLANE:36:plane-0] 0000000025eb78d7 state to 000000005e0a510f
07-22 21:31:18.087 0 0 D : [drm:drm_atomic_get_crtc_state [drm]] Added [CRTC:43:crtc-0] 000000001347c69e state to 000000005e0a510f
07-22 21:31:18.087 0 0 D : [drm:drm_atomic_set_crtc_for_plane [drm]] Link plane state 0000000025eb78d7 to [CRTC:43:crtc-0]
07-22 21:31:18.087 0 0 D : [drm:drm_atomic_set_fb_for_plane [drm]] Set [FB:74] for plane state 0000000025eb78d7
07-22 21:31:18.087 0 0 D : [drm:drm_atomic_check_only [drm]] checking 000000005e0a510f
07-22 21:31:18.087 0 0 D : [drm:dm_update_planes_state [amdgpu]] Disabling DRM plane: 36 on DRM crtc 43
07-22 21:31:18.087 0 0 D : [drm:dm_update_planes_state [amdgpu]] Enabling DRM plane: 36 on DRM crtc 43
07-22 21:31:18.087 0 0 D : [drm:drm_atomic_state_default_clear [drm]] Clearing atomic state 000000005e0a510f
07-22 21:31:18.087 0 0 D : [drm:__drm_atomic_state_free [drm]] Freeing atomic state 000000005e0a510f
07-22 21:31:18.087 0 0 D : [drm:drm_atomic_state_init [drm]] Allocated atomic state 0000000068a6371e
07-22 21:31:18.087 0 0 D : [drm:drm_atomic_get_plane_state [drm]] Added [PLANE:36:plane-0] 0000000025eb78d7 state to 0000000068a6371e
07-22 21:31:18.087 0 0 D : [drm:drm_atomic_get_crtc_state [drm]] Added [CRTC:43:crtc-0] 0000000000434b3b state to 0000000068a6371e
07-22 21:31:18.087 0 0 D : [drm:drm_atomic_set_crtc_for_plane [drm]] Link plane state 0000000025eb78d7 to [CRTC:43:crtc-0]
07-22 21:31:18.087 0 0 D : [drm:drm_atomic_set_fb_for_plane [drm]] Set [FB:74] for plane state 0000000025eb78d7
07-22 21:31:18.087 0 0 D : [drm:drm_atomic_check_only [drm]] checking 0000000068a6371e
07-22 21:31:18.087 0 0 D : [drm:dm_update_planes_state [amdgpu]] Disabling DRM plane: 36 on DRM crtc 43
07-22 21:31:18.087 0 0 D : [drm:dm_update_planes_state [amdgpu]] Enabling DRM plane: 36 on DRM crtc 43
07-22 21:31:18.087 0 0 D : [drm:drm_atomic_commit [drm]] committing 0000000068a6371e
07-22 21:31:18.087 0 0 D : [drm:amdgpu_dm_atomic_commit_tail [amdgpu]] amdgpu_crtc id:0 crtc_state_flags: enable:1, active:1, planes_changed:1, mode_changed:0,active_changed:0,connectors_changed:0
07-22 21:31:18.087 0 0 D [drm:amdgpu_dm_atomic_commit_tail [amdgpu]] crtc: 0, pflip_stat:AMDGPU_FLIP_SUBMITTED
07-22 21:31:17.772 4695 4695 I am_on_resume_called: [0,com.futuremark.dmandroid.application.MainActivity,handleRelaunchActivity]
07-22 21:31:18.101 0 0 D : [drm:dm_pflip_high_irq [amdgpu]] dm_pflip_high_irq - crtc :0[00000000da4e46cc], pflip_stat:AMDGPU_FLIP_NONE
07-22 21:31:18.101 0 0 D : [drm:drm_atomic_state_default_clear [drm]] Clearing atomic state 0000000068a6371e
07-22 21:31:18.101 0 0 D : [drm:__drm_atomic_state_free [drm]] Freeing atomic state 0000000068a6371e
07-22 21:31:18.103 0 0 D [drm:drm_mode_addfb2 [drm]] [FB: 78]
07-22 21:31:18.103 0 0 D : [drm:drm_atomic_state_init [drm]] Allocated atomic state 000000002e1779b0
07-22 21:31:18.103 0 0 D : [drm:drm_atomic_get_plane_state [drm]] Added [PLANE:36:plane-0] 0000000091de7da0 state to 000000002e1779b0
07-22 21:31:18.103 0 0 D : [drm:drm_atomic_get_crtc_state [drm]] Added [CRTC:43:crtc-0] 000000003d2faebc state to 000000002e1779b0
07-22 21:31:18.103 0 0 D : [drm:drm_atomic_set_crtc_for_plane [drm]] Link plane state 0000000091de7da0 to [CRTC:43:crtc-0]
07-22 21:31:18.103 0 0 D : [drm:drm_atomic_set_fb_for_plane [drm]] Set [FB:78] for plane state 0000000091de7da0
07-22 21:31:18.103 0 0 D : [drm:drm_atomic_check_only [drm]] checking 000000002e1779b0
07-22 21:31:18.103 0 0 D : [drm:dm_update_planes_state [amdgpu]] Disabling DRM plane: 36 on DRM crtc 43
07-22 21:31:18.103 0 0 D : [drm:dm_update_planes_state [amdgpu]] Enabling DRM plane: 36 on DRM crtc 43
07-22 21:31:18.103 0 0 D : [drm:drm_atomic_state_default_clear [drm]] Clearing atomic state 000000002e1779b0
07-22 21:31:18.103 0 0 D : [drm:__drm_atomic_state_free [drm]] Freeing atomic state 000000002e1779b0
07-22 21:31:18.104 0 0 D : [drm:drm_atomic_state_init [drm]] Allocated atomic state 000000006a0c0698
07-22 21:31:18.104 0 0 D : [drm:drm_atomic_get_plane_state [drm]] Added [PLANE:36:plane-0] 0000000091de7da0 state to 000000006a0c0698
07-22 21:31:18.104 0 0 D : [drm:drm_atomic_get_crtc_state [drm]] Added [CRTC:43:crtc-0] 000000006e05a062 state to 000000006a0c0698
07-22 21:31:18.104 0 0 D : [drm:drm_atomic_set_crtc_for_plane [drm]] Link plane state 0000000091de7da0 to [CRTC:43:crtc-0]
07-22 21:31:18.104 0 0 D : [drm:drm_atomic_set_fb_for_plane [drm]] Set [FB:78] for plane state 0000000091de7da0
07-22 21:31:18.104 0 0 D : [drm:drm_atomic_check_only [drm]] checking 000000006a0c0698
07-22 21:31:18.104 0 0 D : [drm:dm_update_planes_state [amdgpu]] Disabling DRM plane: 36 on DRM crtc 43
07-22 21:31:18.104 0 0 D : [drm:dm_update_planes_state [amdgpu]] Enabling DRM plane: 36 on DRM crtc 43
07-22 21:31:18.104 0 0 D : [drm:drm_atomic_commit [drm]] committing 000000006a0c0698
07-22 21:31:18.104 0 0 D : [drm:amdgpu_dm_atomic_commit_tail [amdgpu]] amdgpu_crtc id:0 crtc_state_flags: enable:1, active:1, planes_changed:1, mode_changed:0,active_changed:0,connectors_changed:0
07-22 21:31:18.104 0 0 D [drm:amdgpu_dm_atomic_commit_tail [amdgpu]] crtc: 0, pflip_stat:AMDGPU_FLIP_SUBMITTED
07-22 21:31:18.117 0 0 D : [drm:dm_pflip_high_irq [amdgpu]] dm_pflip_high_irq - crtc :0[00000000da4e46cc], pflip_stat:AMDGPU_FLIP_NONE
07-22 21:31:18.117 0 0 D : [drm:drm_atomic_state_default_clear [drm]] Clearing atomic state 000000006a0c0698
07-22 21:31:18.117 0 0 D : [drm:__drm_atomic_state_free [drm]] Freeing atomic state 000000006a0c0698
07-22 21:31:18.120 0 0 D [drm:drm_mode_addfb2 [drm]] [FB: 74]
07-22 21:31:18.120 0 0 D : [drm:drm_atomic_state_init [drm]] Allocated atomic state 000000005e0a510f
07-22 21:31:18.120 0 0 D : [drm:drm_atomic_get_plane_state [drm]] Added [PLANE:36:plane-0] 0000000025eb78d7 state to 000000005e0a510f
07-22 21:31:18.120 0 0 D : [drm:drm_atomic_get_crtc_state [drm]] Added [CRTC:43:crtc-0] 000000001898b5ec state to 000000005e0a510f
07-22 21:31:18.120 0 0 D : [drm:drm_atomic_set_crtc_for_plane [drm]] Link plane state 0000000025eb78d7 to [CRTC:43:crtc-0]
07-22 21:31:18.120 0 0 D : [drm:drm_atomic_set_fb_for_plane [drm]] Set [FB:74] for plane state 0000000025eb78d7
07-22 21:31:18.120 0 0 D : [drm:drm_atomic_check_only [drm]] checking 000000005e0a510f
07-22 21:31:18.121 0 0 D : [drm:dm_update_planes_state [amdgpu]] Disabling DRM plane: 36 on DRM crtc 43
07-22 21:31:18.121 0 0 D : [drm:dm_update_planes_state [amdgpu]] Enabling DRM plane: 36 on DRM crtc 43
07-22 21:31:18.121 0 0 D : [drm:drm_atomic_state_default_clear [drm]] Clearing atomic state 000000005e0a510f
07-22 21:31:18.121 0 0 D : [drm:__drm_atomic_state_free [drm]] Freeing atomic state 000000005e0a510f
07-22 21:31:18.121 0 0 D : [drm:drm_atomic_state_init [drm]] Allocated atomic state 000000005e0a510f
07-22 21:31:18.121 0 0 D : [drm:drm_atomic_get_plane_state [drm]] Added [PLANE:36:plane-0] 0000000025eb78d7 state to 000000005e0a510f
07-22 21:31:18.121 0 0 D : [drm:drm_atomic_get_crtc_state [drm]] Added [CRTC:43:crtc-0] 00000000e38ed42c state to 000000005e0a510f
07-22 21:31:18.121 0 0 D : [drm:drm_atomic_set_crtc_for_plane [drm]] Link plane state 0000000025eb78d7 to [CRTC:43:crtc-0]
07-22 21:31:18.121 0 0 D : [drm:drm_atomic_set_fb_for_plane [drm]] Set [FB:74] for plane state 0000000025eb78d7
07-22 21:31:18.121 0 0 D : [drm:drm_atomic_check_only [drm]] checking 000000005e0a510f
07-22 21:31:18.121 0 0 D : [drm:dm_update_planes_state [amdgpu]] Disabling DRM plane: 36 on DRM crtc 43
07-22 21:31:18.121 0 0 D : [drm:dm_update_planes_state [amdgpu]] Enabling DRM plane: 36 on DRM crtc 43
07-22 21:31:18.121 0 0 D : [drm:drm_atomic_commit [drm]] committing 000000005e0a510f
07-22 21:31:18.121 0 0 D : [drm:amdgpu_dm_atomic_commit_tail [amdgpu]] amdgpu_crtc id:0 crtc_state_flags: enable:1, active:1, planes_changed:1, mode_changed:0,active_changed:0,connectors_changed:0
07-22 21:31:18.121 0 0 D [drm:amdgpu_dm_atomic_commit_tail [amdgpu]] crtc: 0, pflip_stat:AMDGPU_FLIP_SUBMITTED
07-22 21:31:18.134 0 0 D : [drm:dm_pflip_high_irq [amdgpu]] dm_pflip_high_irq - crtc :0[00000000da4e46cc], pflip_stat:AMDGPU_FLIP_NONE
07-22 21:31:18.134 0 0 D : [drm:drm_atomic_state_default_clear [drm]] Clearing atomic state 000000005e0a510f
07-22 21:31:18.134 0 0 D : [drm:__drm_atomic_state_free [drm]] Freeing atomic state 000000005e0a510f
07-22 21:31:18.137 0 0 D [drm:drm_mode_addfb2 [drm]] [FB: 78]
07-22 21:31:18.137 0 0 D : [drm:drm_atomic_state_init [drm]] Allocated atomic state 00000000cbfb552a
07-22 21:31:18.137 0 0 D : [drm:drm_atomic_get_plane_state [drm]] Added [PLANE:36:plane-0] 0000000091de7da0 state to 00000000cbfb552a
07-22 21:31:18.137 0 0 D : [drm:drm_atomic_get_crtc_state [drm]] Added [CRTC:43:crtc-0] 00000000f815225a state to 00000000cbfb552a
07-22 21:31:18.137 0 0 D : [drm:drm_atomic_set_crtc_for_plane [drm]] Link plane state 0000000091de7da0 to [CRTC:43:crtc-0]
07-22 21:31:18.137 0 0 D : [drm:drm_atomic_set_fb_for_plane [drm]] Set [FB:78] for plane state 0000000091de7da0
07-22 21:31:18.137 0 0 D : [drm:drm_atomic_check_only [drm]] checking 00000000cbfb552a
07-22 21:31:18.137 0 0 D : [drm:dm_update_planes_state [amdgpu]] Disabling DRM plane: 36 on DRM crtc 43
07-22 21:31:18.137 0 0 D : [drm:dm_update_planes_state [amdgpu]] Enabling DRM plane: 36 on DRM crtc 43
07-22 21:31:18.137 0 0 D : [drm:drm_atomic_state_default_clear [drm]] Clearing atomic state 00000000cbfb552a
07-22 21:31:18.137 0 0 D : [drm:__drm_atomic_state_free [drm]] Freeing atomic state 00000000cbfb552a
07-22 21:31:18.137 0 0 D : [drm:drm_atomic_state_init [drm]] Allocated atomic state 00000000cbfb552a
07-22 21:31:18.137 0 0 D : [drm:drm_atomic_get_plane_state [drm]] Added [PLANE:36:plane-0] 0000000091de7da0 state to 00000000cbfb552a
07-22 21:31:18.137 0 0 D : [drm:drm_atomic_get_crtc_state [drm]] Added [CRTC:43:crtc-0] 000000005a2999e5 state to 00000000cbfb552a
07-22 21:31:18.137 0 0 D : [drm:drm_atomic_set_crtc_for_plane [drm]] Link plane state 0000000091de7da0 to [CRTC:43:crtc-0]
07-22 21:31:18.137 0 0 D : [drm:drm_atomic_set_fb_for_plane [drm]] Set [FB:78] for plane state 0000000091de7da0
07-22 21:31:18.137 0 0 D : [drm:drm_atomic_check_only [drm]] checking 00000000cbfb552a
07-22 21:31:18.137 0 0 D : [drm:dm_update_planes_state [amdgpu]] Disabling DRM plane: 36 on DRM crtc 43
07-22 21:31:18.137 0 0 D : [drm:dm_update_planes_state [amdgpu]] Enabling DRM plane: 36 on DRM crtc 43
07-22 21:31:18.137 0 0 D : [drm:drm_atomic_commit [drm]] committing 00000000cbfb552a
07-22 21:31:18.137 0 0 D : [drm:amdgpu_dm_atomic_commit_tail [amdgpu]] amdgpu_crtc id:0 crtc_state_flags: enable:1, active:1, planes_changed:1, mode_changed:0,active_changed:0,connectors_changed:0
07-22 21:31:18.137 0 0 D [drm:amdgpu_dm_atomic_commit_tail [amdgpu]] crtc: 0, pflip_stat:AMDGPU_FLIP_SUBMITTED
07-22 21:31:18.151 0 0 D : [drm:dm_pflip_high_irq [amdgpu]] dm_pflip_high_irq - crtc :0[00000000da4e46cc], pflip_stat:AMDGPU_FLIP_NONE
07-22 21:31:18.151 0 0 D : [drm:drm_atomic_state_default_clear [drm]] Clearing atomic state 00000000cbfb552a
07-22 21:31:18.151 0 0 D : [drm:__drm_atomic_state_free [drm]] Freeing atomic state 00000000cbfb552a
07-22 21:31:18.154 0 0 D [drm:drm_mode_addfb2 [drm]] [FB: 74]
07-22 21:31:18.154 0 0 D : [drm:drm_atomic_state_init [drm]] Allocated atomic state 000000008f07c381
07-22 21:31:18.154 0 0 D : [drm:drm_atomic_get_plane_state [drm]] Added [PLANE:36:plane-0] 00000000fefffb2c state to 000000008f07c381
07-22 21:31:18.154 0 0 D : [drm:drm_atomic_get_crtc_state [drm]] Added [CRTC:43:crtc-0] 00000000e76cde76 state to 000000008f07c381
07-22 21:31:18.154 0 0 D : [drm:drm_atomic_set_crtc_for_plane [drm]] Link plane state 00000000fefffb2c to [CRTC:43:crtc-0]
07-22 21:31:18.154 0 0 D : [drm:drm_atomic_set_fb_for_plane [drm]] Set [FB:74] for plane state 00000000fefffb2c
07-22 21:31:18.154 0 0 D : [drm:drm_atomic_check_only [drm]] checking 000000008f07c381
07-22 21:31:18.154 0 0 D : [drm:dm_update_planes_state [amdgpu]] Disabling DRM plane: 36 on DRM crtc 43
07-22 21:31:18.154 0 0 D : [drm:dm_update_planes_state [amdgpu]] Enabling DRM plane: 36 on DRM crtc 43
07-22 21:31:18.154 0 0 D : [drm:drm_atomic_state_default_clear [drm]] Clearing atomic state 000000008f07c381
07-22 21:31:18.154 0 0 D : [drm:__drm_atomic_state_free [drm]] Freeing atomic state 000000008f07c381
07-22 21:31:18.154 0 0 D : [drm:drm_atomic_state_init [drm]] Allocated atomic state 000000008f07c381
07-22 21:31:18.154 0 0 D : [drm:drm_atomic_get_plane_state [drm]] Added [PLANE:36:plane-0] 00000000fefffb2c state to 000000008f07c381
07-22 21:31:18.154 0 0 D : [drm:drm_atomic_get_crtc_state [drm]] Added [CRTC:43:crtc-0] 00000000e38ed42c state to 000000008f07c381
07-22 21:31:18.154 0 0 D : [drm:drm_atomic_set_crtc_for_plane [drm]] Link plane state 00000000fefffb2c to [CRTC:43:crtc-0]
07-22 21:31:18.154 0 0 D : [drm:drm_atomic_set_fb_for_plane [drm]] Set [FB:74] for plane state 00000000fefffb2c
07-22 21:31:18.154 0 0 D : [drm:drm_atomic_check_only [drm]] checking 000000008f07c381
07-22 21:31:18.154 0 0 D : [drm:dm_update_planes_state [amdgpu]] Disabling DRM plane: 36 on DRM crtc 43
07-22 21:31:18.154 0 0 D : [drm:dm_update_planes_state [amdgpu]] Enabling DRM plane: 36 on DRM crtc 43
07-22 21:31:18.154 0 0 D : [drm:drm_atomic_commit [drm]] committing 000000008f07c381
07-22 21:31:18.154 0 0 D : [drm:amdgpu_dm_atomic_commit_tail [amdgpu]] amdgpu_crtc id:0 crtc_state_flags: enable:1, active:1, planes_changed:1, mode_changed:0,active_changed:0,connectors_changed:0
07-22 21:31:18.154 0 0 D [drm:amdgpu_dm_atomic_commit_tail [amdgpu]] crtc: 0, pflip_stat:AMDGPU_FLIP_SUBMITTED
07-22 21:31:17.834 4695 4695 I zygote : Deoptimizing void android.support.v4.widget.NestedScrollView.measureChildWithMargins(android.view.View, int, int, int, int) due to JIT inline cache
07-22 21:31:17.843 4695 4708 I com.futuremark.dmandroid.*hmarkResultStorageUtil: exposed file: /data/data/com.futuremark.dmandroid.application/files/2018-07-22T21-30-29-736.zip
07-22 21:31:17.843 2443 4869 W SchedPolicy: add_tid_to_cgroup failed to write '5030' (Permission denied); fd=25
07-22 21:31:18.167 0 0 D : [drm:dm_pflip_high_irq [amdgpu]] dm_pflip_high_irq - crtc :0[00000000da4e46cc], pflip_stat:AMDGPU_FLIP_NONE
07-22 21:31:18.167 0 0 D : [drm:drm_atomic_state_default_clear [drm]] Clearing atomic state 000000008f07c381
07-22 21:31:18.167 0 0 D : [drm:__drm_atomic_state_free [drm]] Freeing atomic state 000000008f07c381
07-22 21:31:18.170 0 0 D [drm:drm_mode_addfb2 [drm]] [FB: 78]
07-22 21:31:18.170 0 0 D : [drm:drm_atomic_state_init [drm]] Allocated atomic state 00000000016146db
07-22 21:31:18.170 0 0 D : [drm:drm_atomic_get_plane_state [drm]] Added [PLANE:36:plane-0] 0000000091de7da0 state to 00000000016146db
07-22 21:31:18.170 0 0 D : [drm:drm_atomic_get_crtc_state [drm]] Added [CRTC:43:crtc-0] 000000005a2999e5 state to 00000000016146db
07-22 21:31:18.170 0 0 D : [drm:drm_atomic_set_crtc_for_plane [drm]] Link plane state 0000000091de7da0 to [CRTC:43:crtc-0]
07-22 21:31:18.170 0 0 D : [drm:drm_atomic_set_fb_for_plane [drm]] Set [FB:78] for plane state 0000000091de7da0
07-22 21:31:18.170 0 0 D : [drm:drm_atomic_check_only [drm]] checking 00000000016146db
07-22 21:31:18.170 0 0 D : [drm:dm_update_planes_state [amdgpu]] Disabling DRM plane: 36 on DRM crtc 43
07-22 21:31:18.170 0 0 D : [drm:dm_update_planes_state [amdgpu]] Enabling DRM plane: 36 on DRM crtc 43
07-22 21:31:18.170 0 0 D : [drm:drm_atomic_state_default_clear [drm]] Clearing atomic state 00000000016146db
07-22 21:31:18.170 0 0 D : [drm:__drm_atomic_state_free [drm]] Freeing atomic state 00000000016146db
07-22 21:31:18.170 0 0 D : [drm:drm_atomic_state_init [drm]] Allocated atomic state 00000000016146db
07-22 21:31:18.170 0 0 D : [drm:drm_atomic_get_plane_state [drm]] Added [PLANE:36:plane-0] 0000000091de7da0 state to 00000000016146db
07-22 21:31:18.170 0 0 D : [drm:drm_atomic_get_crtc_state [drm]] Added [CRTC:43:crtc-0] 00000000c5b82447 state to 00000000016146db
07-22 21:31:18.170 0 0 D : [drm:drm_atomic_set_crtc_for_plane [drm]] Link plane state 0000000091de7da0 to [CRTC:43:crtc-0]
07-22 21:31:18.170 0 0 D : [drm:drm_atomic_set_fb_for_plane [drm]] Set [FB:78] for plane state 0000000091de7da0
07-22 21:31:18.170 0 0 D : [drm:drm_atomic_check_only [drm]] checking 00000000016146db
07-22 21:31:18.170 0 0 D : [drm:dm_update_planes_state [amdgpu]] Disabling DRM plane: 36 on DRM crtc 43
07-22 21:31:18.170 0 0 D : [drm:dm_update_planes_state [amdgpu]] Enabling DRM plane: 36 on DRM crtc 43
07-22 21:31:18.170 0 0 D : [drm:drm_atomic_commit [drm]] committing 00000000016146db
07-22 21:31:18.170 0 0 D : [drm:amdgpu_dm_atomic_commit_tail [amdgpu]] amdgpu_crtc id:0 crtc_state_flags: enable:1, active:1, planes_changed:1, mode_changed:0,active_changed:0,connectors_changed:0
07-22 21:31:18.170 0 0 D [drm:amdgpu_dm_atomic_commit_tail [amdgpu]] crtc: 0, pflip_stat:AMDGPU_FLIP_SUBMITTED
07-22 21:31:18.184 0 0 D : [drm:dm_pflip_high_irq [amdgpu]] dm_pflip_high_irq - crtc :0[00000000da4e46cc], pflip_stat:AMDGPU_FLIP_NONE
07-22 21:31:18.184 0 0 D : [drm:drm_atomic_state_default_clear [drm]] Clearing atomic state 00000000016146db
07-22 21:31:18.184 0 0 D : [drm:__drm_atomic_state_free [drm]] Freeing atomic state 00000000016146db
07-22 21:31:18.186 0 0 D [drm:drm_mode_addfb2 [drm]] [FB: 74]
07-22 21:31:18.187 0 0 D : [drm:drm_atomic_state_init [drm]] Allocated atomic state 000000006a0c0698
07-22 21:31:18.187 0 0 D : [drm:drm_atomic_get_plane_state [drm]] Added [PLANE:36:plane-0] 00000000967d3d88 state to 000000006a0c0698
07-22 21:31:18.187 0 0 D : [drm:drm_atomic_get_crtc_state [drm]] Added [CRTC:43:crtc-0] 000000001f60d47b state to 000000006a0c0698
07-22 21:31:18.187 0 0 D : [drm:drm_atomic_set_crtc_for_plane [drm]] Link plane state 00000000967d3d88 to [CRTC:43:crtc-0]
07-22 21:31:18.187 0 0 D : [drm:drm_atomic_set_fb_for_plane [drm]] Set [FB:74] for plane state 00000000967d3d88
07-22 21:31:18.187 0 0 D : [drm:drm_atomic_check_only [drm]] checking 000000006a0c0698
07-22 21:31:18.187 0 0 D : [drm:dm_update_planes_state [amdgpu]] Disabling DRM plane: 36 on DRM crtc 43
07-22 21:31:18.187 0 0 D : [drm:dm_update_planes_state [amdgpu]] Enabling DRM plane: 36 on DRM crtc 43
07-22 21:31:18.187 0 0 D : [drm:drm_atomic_state_default_clear [drm]] Clearing atomic state 000000006a0c0698
07-22 21:31:18.187 0 0 D : [drm:__drm_atomic_state_free [drm]] Freeing atomic state 000000006a0c0698
07-22 21:31:18.187 0 0 D : [drm:drm_atomic_state_init [drm]] Allocated atomic state 000000006a0c0698
07-22 21:31:18.187 0 0 D : [drm:drm_atomic_get_plane_state [drm]] Added [PLANE:36:plane-0] 00000000967d3d88 state to 000000006a0c0698
07-22 21:31:18.187 0 0 D : [drm:drm_atomic_get_crtc_state [drm]] Added [CRTC:43:crtc-0] 000000004dfe81dd state to 000000006a0c0698
07-22 21:31:18.187 0 0 D : [drm:drm_atomic_set_crtc_for_plane [drm]] Link plane state 00000000967d3d88 to [CRTC:43:crtc-0]
07-22 21:31:18.187 0 0 D : [drm:drm_atomic_set_fb_for_plane [drm]] Set [FB:74] for plane state 00000000967d3d88
07-22 21:31:18.187 0 0 D : [drm:drm_atomic_check_only [drm]] checking 000000006a0c0698
07-22 21:31:18.187 0 0 D : [drm:dm_update_planes_state [amdgpu]] Disabling DRM plane: 36 on DRM crtc 43
07-22 21:31:18.187 0 0 D : [drm:dm_update_planes_state [amdgpu]] Enabling DRM plane: 36 on DRM crtc 43
07-22 21:31:18.187 0 0 D : [drm:drm_atomic_commit [drm]] committing 000000006a0c0698
07-22 21:31:18.187 0 0 D : [drm:amdgpu_dm_atomic_commit_tail [amdgpu]] amdgpu_crtc id:0 crtc_state_flags: enable:1, active:1, planes_changed:1, mode_changed:0,active_changed:0,connectors_changed:0
07-22 21:31:18.187 0 0 D [drm:amdgpu_dm_atomic_commit_tail [amdgpu]] crtc: 0, pflip_stat:AMDGPU_FLIP_SUBMITTED
07-22 21:31:17.868 4695 5051 D com.futuremark.dmandroid.*stemUpdateStateService: Sideloadable packages found []
07-22 21:31:17.871 4695 5051 I com.futuremark.dmandroid.StateMachine: Firing DISCOVERY_ENGINE:COMPLETED
07-22 21:31:17.872 4695 5051 I com.futuremark.dmandroid.StateMachine: Firing DISCOVERY_UPDATE_INFO:NO_UPDATE
07-22 21:31:17.872 4695 5051 I com.futuremark.dmandroid.StateMachine: Firing DISCOVERY_UPDATE_INFO:UNKNOWN
07-22 21:31:17.873 4695 5051 I chatty : uid=10090(com.futuremark.dmandroid.application) chops-pool-1 identical 7 lines
07-22 21:31:17.873 4695 5051 I com.futuremark.dmandroid.StateMachine: Firing DISCOVERY_UPDATE_INFO:UNKNOWN
07-22 21:31:17.873 4695 5051 I com.futuremark.dmandroid.StateMachine: Firing DISCOVERY_UPDATE_INFO:NEW
07-22 21:31:17.873 4695 5051 I com.futuremark.dmandroid.StateMachine: Firing DISCOVERY_UPDATE_INFO:UNKNOWN
07-22 21:31:17.873 4695 5051 I com.futuremark.dmandroid.StateMachine: Firing DISCOVERY_UPDATE_INFO:NEW
07-22 21:31:17.874 4695 5051 I com.futuremark.dmandroid.StateMachine: Firing CHOPS_CLIENT_INTERNAL:IMMEDIATE
07-22 21:31:18.201 0 0 D : [drm:dm_pflip_high_irq [amdgpu]] dm_pflip_high_irq - crtc :0[00000000da4e46cc], pflip_stat:AMDGPU_FLIP_NONE
07-22 21:31:18.201 0 0 D : [drm:drm_atomic_state_default_clear [drm]] Clearing atomic state 000000006a0c0698
07-22 21:31:18.201 0 0 D : [drm:__drm_atomic_state_free [drm]] Freeing atomic state 000000006a0c0698
07-22 21:31:17.881 2313 2313 I auditd : type=1400 audit(0.0:830): avc: denied { sys_admin } for comm="Binder:2313_4" capability=21 scontext=u:r:surfaceflinger:s0 tcontext=u:r:surfaceflinger:s0 tclass=capability permissive=1
07-22 21:31:17.881 2313 2313 I Binder:2313_4: type=1400 audit(0.0:830): avc: denied { sys_admin } for capability=21 scontext=u:r:surfaceflinger:s0 tcontext=u:r:surfaceflinger:s0 tclass=capability permissive=1
07-22 21:31:18.204 0 0 D [drm:drm_mode_addfb2 [drm]] [FB: 78]
07-22 21:31:18.204 0 0 D : [drm:drm_atomic_state_init [drm]] Allocated atomic state 000000008f121a9c
07-22 21:31:18.204 0 0 D : [drm:drm_atomic_get_plane_state [drm]] Added [PLANE:36:plane-0] 00000000024bec48 state to 000000008f121a9c
07-22 21:31:18.204 0 0 D : [drm:drm_atomic_get_crtc_state [drm]] Added [CRTC:43:crtc-0] 000000006e837571 state to 000000008f121a9c
07-22 21:31:18.204 0 0 D : [drm:drm_atomic_set_crtc_for_plane [drm]] Link plane state 00000000024bec48 to [CRTC:43:crtc-0]
07-22 21:31:18.204 0 0 D : [drm:drm_atomic_set_fb_for_plane [drm]] Set [FB:78] for plane state 00000000024bec48
07-22 21:31:18.204 0 0 D : [drm:drm_atomic_check_only [drm]] checking 000000008f121a9c
07-22 21:31:18.204 0 0 D : [drm:dm_update_planes_state [amdgpu]] Disabling DRM plane: 36 on DRM crtc 43
07-22 21:31:18.204 0 0 D : [drm:dm_update_planes_state [amdgpu]] Enabling DRM plane: 36 on DRM crtc 43
07-22 21:31:18.204 0 0 D : [drm:drm_atomic_state_default_clear [drm]] Clearing atomic state 000000008f121a9c
07-22 21:31:18.204 0 0 D : [drm:__drm_atomic_state_free [drm]] Freeing atomic state 000000008f121a9c
07-22 21:31:18.204 0 0 D : [drm:drm_atomic_state_init [drm]] Allocated atomic state 000000001bf0a1bc
07-22 21:31:18.204 0 0 D : [drm:drm_atomic_get_plane_state [drm]] Added [PLANE:36:plane-0] 00000000e5a79837 state to 000000001bf0a1bc
07-22 21:31:18.204 0 0 D : [drm:drm_atomic_get_crtc_state [drm]] Added [CRTC:43:crtc-0] 0000000007a36b2a state to 000000001bf0a1bc
07-22 21:31:18.204 0 0 D : [drm:drm_atomic_set_crtc_for_plane [drm]] Link plane state 00000000e5a79837 to [CRTC:43:crtc-0]
07-22 21:31:18.204 0 0 D : [drm:drm_atomic_set_fb_for_plane [drm]] Set [FB:78] for plane state 00000000e5a79837
07-22 21:31:18.204 0 0 D : [drm:drm_atomic_check_only [drm]] checking 000000001bf0a1bc
07-22 21:31:18.204 0 0 D : [drm:dm_update_planes_state [amdgpu]] Disabling DRM plane: 36 on DRM crtc 43
07-22 21:31:18.204 0 0 D : [drm:dm_update_planes_state [amdgpu]] Enabling DRM plane: 36 on DRM crtc 43
07-22 21:31:18.204 0 0 D : [drm:drm_atomic_commit [drm]] committing 000000001bf0a1bc
