07-22 21:31:18.204 0 0 D : [drm:amdgpu_dm_atomic_commit_tail [amdgpu]] amdgpu_crtc id:0 crtc_state_flags: enable:1, active:1, planes_changed:1, mode_changed:0,active_changed:0,connectors_changed:0
07-22 21:31:18.204 0 0 D [drm:amdgpu_dm_atomic_commit_tail [amdgpu]] crtc: 0, pflip_stat:AMDGPU_FLIP_SUBMITTED
07-22 21:31:17.884 4695 4695 D com.futuremark.dmandroid.MainActivity: call to createBenchmarkFragment()
07-22 21:31:17.884 4695 4695 D com.futuremark.dmandroid.MainActivity: call to createBenchmarkFragment()
07-22 21:31:17.886 4695 4695 D com.futuremark.dmandroid.BenchmarkFragment: BenchmarkFragment|onCreateView|TPTs:[SLING_SHOT_ES_31, SLING_SHOT_ES_31_UNLIMITED, SLING_SHOT_VULKAN]|dlc:slingshot-android-data
07-22 21:31:17.890 4695 4817 I com.futuremark.dmandroid.ResultsDataSource: loaded 0 results from database
07-22 21:31:18.217 0 0 D : [drm:dm_pflip_high_irq [amdgpu]] dm_pflip_high_irq - crtc :0[00000000da4e46cc], pflip_stat:AMDGPU_FLIP_NONE
07-22 21:31:18.217 0 0 D : [drm:drm_atomic_state_default_clear [drm]] Clearing atomic state 000000001bf0a1bc
07-22 21:31:18.217 0 0 D : [drm:__drm_atomic_state_free [drm]] Freeing atomic state 000000001bf0a1bc
07-22 21:31:18.221 0 0 D [drm:drm_mode_addfb2 [drm]] [FB: 74]
07-22 21:31:18.221 0 0 D : [drm:drm_atomic_state_init [drm]] Allocated atomic state 000000003555ee50
07-22 21:31:18.221 0 0 D : [drm:drm_atomic_get_plane_state [drm]] Added [PLANE:36:plane-0] 00000000972394aa state to 000000003555ee50
07-22 21:31:18.221 0 0 D : [drm:drm_atomic_get_crtc_state [drm]] Added [CRTC:43:crtc-0] 00000000e1dfd4f8 state to 000000003555ee50
07-22 21:31:18.221 0 0 D : [drm:drm_atomic_set_crtc_for_plane [drm]] Link plane state 00000000972394aa to [CRTC:43:crtc-0]
07-22 21:31:18.221 0 0 D : [drm:drm_atomic_set_fb_for_plane [drm]] Set [FB:74] for plane state 00000000972394aa
07-22 21:31:18.221 0 0 D : [drm:drm_atomic_check_only [drm]] checking 000000003555ee50
07-22 21:31:18.222 0 0 D : [drm:dm_update_planes_state [amdgpu]] Disabling DRM plane: 36 on DRM crtc 43
07-22 21:31:18.222 0 0 D : [drm:dm_update_planes_state [amdgpu]] Enabling DRM plane: 36 on DRM crtc 43
07-22 21:31:18.222 0 0 D : [drm:drm_atomic_state_default_clear [drm]] Clearing atomic state 000000003555ee50
07-22 21:31:18.222 0 0 D : [drm:__drm_atomic_state_free [drm]] Freeing atomic state 000000003555ee50
07-22 21:31:18.222 0 0 D : [drm:drm_atomic_state_init [drm]] Allocated atomic state 00000000a827914f
07-22 21:31:18.222 0 0 D : [drm:drm_atomic_get_plane_state [drm]] Added [PLANE:36:plane-0] 0000000017524848 state to 00000000a827914f
07-22 21:31:18.222 0 0 D : [drm:drm_atomic_get_crtc_state [drm]] Added [CRTC:43:crtc-0] 000000004dfe81dd state to 00000000a827914f
07-22 21:31:18.222 0 0 D : [drm:drm_atomic_set_crtc_for_plane [drm]] Link plane state 0000000017524848 to [CRTC:43:crtc-0]
07-22 21:31:18.222 0 0 D : [drm:drm_atomic_set_fb_for_plane [drm]] Set [FB:74] for plane state 0000000017524848
07-22 21:31:18.222 0 0 D : [drm:drm_atomic_check_only [drm]] checking 00000000a827914f
07-22 21:31:18.222 0 0 D : [drm:dm_update_planes_state [amdgpu]] Disabling DRM plane: 36 on DRM crtc 43
07-22 21:31:18.222 0 0 D : [drm:dm_update_planes_state [amdgpu]] Enabling DRM plane: 36 on DRM crtc 43
07-22 21:31:18.222 0 0 D : [drm:drm_atomic_commit [drm]] committing 00000000a827914f
07-22 21:31:18.222 0 0 D : [drm:amdgpu_dm_atomic_commit_tail [amdgpu]] amdgpu_crtc id:0 crtc_state_flags: enable:1, active:1, planes_changed:1, mode_changed:0,active_changed:0,connectors_changed:0
07-22 21:31:18.222 0 0 D [drm:amdgpu_dm_atomic_commit_tail [amdgpu]] crtc: 0, pflip_stat:AMDGPU_FLIP_SUBMITTED
07-22 21:31:18.234 0 0 D : [drm:dm_pflip_high_irq [amdgpu]] dm_pflip_high_irq - crtc :0[00000000da4e46cc], pflip_stat:AMDGPU_FLIP_NONE
07-22 21:31:18.234 0 0 D : [drm:drm_atomic_state_default_clear [drm]] Clearing atomic state 00000000a827914f
07-22 21:31:18.234 0 0 D : [drm:__drm_atomic_state_free [drm]] Freeing atomic state 00000000a827914f
07-22 21:31:17.914 2443 2459 D ViewRootImpl[application]: updatePointerIcon called with position out of bounds
07-22 21:31:18.238 0 0 D [drm:drm_mode_addfb2 [drm]] [FB: 78]
07-22 21:31:18.238 0 0 D : [drm:drm_atomic_state_init [drm]] Allocated atomic state 000000001402bc02
07-22 21:31:18.238 0 0 D : [drm:drm_atomic_get_plane_state [drm]] Added [PLANE:36:plane-0] 000000004aae3db2 state to 000000001402bc02
07-22 21:31:18.238 0 0 D : [drm:drm_atomic_get_crtc_state [drm]] Added [CRTC:43:crtc-0] 000000008bf1d977 state to 000000001402bc02
07-22 21:31:18.238 0 0 D : [drm:drm_atomic_set_crtc_for_plane [drm]] Link plane state 000000004aae3db2 to [CRTC:43:crtc-0]
07-22 21:31:18.238 0 0 D : [drm:drm_atomic_set_fb_for_plane [drm]] Set [FB:78] for plane state 000000004aae3db2
07-22 21:31:18.238 0 0 D : [drm:drm_atomic_check_only [drm]] checking 000000001402bc02
07-22 21:31:18.238 0 0 D : [drm:dm_update_planes_state [amdgpu]] Disabling DRM plane: 36 on DRM crtc 43
07-22 21:31:18.238 0 0 D : [drm:dm_update_planes_state [amdgpu]] Enabling DRM plane: 36 on DRM crtc 43
07-22 21:31:18.238 0 0 D : [drm:drm_atomic_state_default_clear [drm]] Clearing atomic state 000000001402bc02
07-22 21:31:18.238 0 0 D : [drm:__drm_atomic_state_free [drm]] Freeing atomic state 000000001402bc02
07-22 21:31:18.238 0 0 D : [drm:drm_atomic_state_init [drm]] Allocated atomic state 000000003555ee50
07-22 21:31:18.238 0 0 D : [drm:drm_atomic_get_plane_state [drm]] Added [PLANE:36:plane-0] 000000007f82887e state to 000000003555ee50
07-22 21:31:18.238 0 0 D : [drm:drm_atomic_get_crtc_state [drm]] Added [CRTC:43:crtc-0] 0000000007a36b2a state to 000000003555ee50
07-22 21:31:18.238 0 0 D : [drm:drm_atomic_set_crtc_for_plane [drm]] Link plane state 000000007f82887e to [CRTC:43:crtc-0]
07-22 21:31:18.238 0 0 D : [drm:drm_atomic_set_fb_for_plane [drm]] Set [FB:78] for plane state 000000007f82887e
07-22 21:31:18.238 0 0 D : [drm:drm_atomic_check_only [drm]] checking 000000003555ee50
07-22 21:31:18.238 0 0 D : [drm:dm_update_planes_state [amdgpu]] Disabling DRM plane: 36 on DRM crtc 43
07-22 21:31:18.238 0 0 D : [drm:dm_update_planes_state [amdgpu]] Enabling DRM plane: 36 on DRM crtc 43
07-22 21:31:18.238 0 0 D : [drm:drm_atomic_commit [drm]] committing 000000003555ee50
07-22 21:31:18.238 0 0 D : [drm:amdgpu_dm_atomic_commit_tail [amdgpu]] amdgpu_crtc id:0 crtc_state_flags: enable:1, active:1, planes_changed:1, mode_changed:0,active_changed:0,connectors_changed:0
07-22 21:31:18.238 0 0 D [drm:amdgpu_dm_atomic_commit_tail [amdgpu]] crtc: 0, pflip_stat:AMDGPU_FLIP_SUBMITTED
07-22 21:31:17.921 4695 4695 E SensorManager: sensor or listener is null
07-22 21:31:17.921 4695 4695 I chatty : uid=10090(com.futuremark.dmandroid.application) identical 1 line
07-22 21:31:17.921 4695 4695 E SensorManager: sensor or listener is null
07-22 21:31:17.921 4695 4695 D com.futuremark.dmandroid.BenchmarkFragment: updateDlcUI|fragment:Sling Shot Extreme|state:INSTALL_AVAILABLE|progress:0
07-22 21:31:17.921 4695 4695 D com.futuremark.dmandroid.BenchmarkFragment: SLING_SHOT_EXTREME-showProgressLayout(show=false, animate=false)
07-22 21:31:17.922 4695 4695 D com.futuremark.dmandroid.BenchmarkFragment: BenchmarkFragment|onCreateView|TPTs:[SLING_SHOT_ES_30, SLING_SHOT_ES_30_UNLIMITED]|dlc:slingshot-android-data
07-22 21:31:18.251 0 0 D : [drm:dm_pflip_high_irq [amdgpu]] dm_pflip_high_irq - crtc :0[00000000da4e46cc], pflip_stat:AMDGPU_FLIP_NONE
07-22 21:31:18.251 0 0 D : [drm:drm_atomic_state_default_clear [drm]] Clearing atomic state 000000003555ee50
07-22 21:31:18.251 0 0 D : [drm:__drm_atomic_state_free [drm]] Freeing atomic state 000000003555ee50
07-22 21:31:18.254 0 0 D [drm:drm_mode_addfb2 [drm]] [FB: 74]
07-22 21:31:18.254 0 0 D : [drm:drm_atomic_state_init [drm]] Allocated atomic state 000000003da4c69d
07-22 21:31:18.254 0 0 D : [drm:drm_atomic_get_plane_state [drm]] Added [PLANE:36:plane-0] 000000004aae3db2 state to 000000003da4c69d
07-22 21:31:18.254 0 0 D : [drm:drm_atomic_get_crtc_state [drm]] Added [CRTC:43:crtc-0] 00000000560244a5 state to 000000003da4c69d
07-22 21:31:18.254 0 0 D : [drm:drm_atomic_set_crtc_for_plane [drm]] Link plane state 000000004aae3db2 to [CRTC:43:crtc-0]
07-22 21:31:18.254 0 0 D : [drm:drm_atomic_set_fb_for_plane [drm]] Set [FB:74] for plane state 000000004aae3db2
07-22 21:31:18.254 0 0 D : [drm:drm_atomic_check_only [drm]] checking 000000003da4c69d
07-22 21:31:18.255 0 0 D : [drm:dm_update_planes_state [amdgpu]] Disabling DRM plane: 36 on DRM crtc 43
07-22 21:31:18.255 0 0 D : [drm:dm_update_planes_state [amdgpu]] Enabling DRM plane: 36 on DRM crtc 43
07-22 21:31:18.255 0 0 D : [drm:drm_atomic_state_default_clear [drm]] Clearing atomic state 000000003da4c69d
07-22 21:31:18.255 0 0 D : [drm:__drm_atomic_state_free [drm]] Freeing atomic state 000000003da4c69d
07-22 21:31:18.255 0 0 D : [drm:drm_atomic_state_init [drm]] Allocated atomic state 00000000cbfb552a
07-22 21:31:18.255 0 0 D : [drm:drm_atomic_get_plane_state [drm]] Added [PLANE:36:plane-0] 000000001eb51ce2 state to 00000000cbfb552a
07-22 21:31:18.255 0 0 D : [drm:drm_atomic_get_crtc_state [drm]] Added [CRTC:43:crtc-0] 0000000067c80328 state to 00000000cbfb552a
07-22 21:31:18.255 0 0 D : [drm:drm_atomic_set_crtc_for_plane [drm]] Link plane state 000000001eb51ce2 to [CRTC:43:crtc-0]
07-22 21:31:18.255 0 0 D : [drm:drm_atomic_set_fb_for_plane [drm]] Set [FB:74] for plane state 000000001eb51ce2
07-22 21:31:18.255 0 0 D : [drm:drm_atomic_check_only [drm]] checking 00000000cbfb552a
07-22 21:31:18.255 0 0 D : [drm:dm_update_planes_state [amdgpu]] Disabling DRM plane: 36 on DRM crtc 43
07-22 21:31:18.255 0 0 D : [drm:dm_update_planes_state [amdgpu]] Enabling DRM plane: 36 on DRM crtc 43
07-22 21:31:18.255 0 0 D : [drm:drm_atomic_commit [drm]] committing 00000000cbfb552a
07-22 21:31:18.255 0 0 D : [drm:amdgpu_dm_atomic_commit_tail [amdgpu]] amdgpu_crtc id:0 crtc_state_flags: enable:1, active:1, planes_changed:1, mode_changed:0,active_changed:0,connectors_changed:0
07-22 21:31:18.255 0 0 D [drm:amdgpu_dm_atomic_commit_tail [amdgpu]] crtc: 0, pflip_stat:AMDGPU_FLIP_SUBMITTED
07-22 21:31:18.267 0 0 D : [drm:dm_pflip_high_irq [amdgpu]] dm_pflip_high_irq - crtc :0[00000000da4e46cc], pflip_stat:AMDGPU_FLIP_NONE
07-22 21:31:18.267 0 0 D : [drm:drm_atomic_state_default_clear [drm]] Clearing atomic state 00000000cbfb552a
07-22 21:31:18.267 0 0 D : [drm:__drm_atomic_state_free [drm]] Freeing atomic state 00000000cbfb552a
07-22 21:31:18.270 0 0 D [drm:drm_mode_addfb2 [drm]] [FB: 78]
07-22 21:31:18.271 0 0 D : [drm:drm_atomic_state_init [drm]] Allocated atomic state 000000006a0c0698
07-22 21:31:18.271 0 0 D : [drm:drm_atomic_get_plane_state [drm]] Added [PLANE:36:plane-0] 000000004aae3db2 state to 000000006a0c0698
07-22 21:31:18.271 0 0 D : [drm:drm_atomic_get_crtc_state [drm]] Added [CRTC:43:crtc-0] 000000001bcf3d63 state to 000000006a0c0698
07-22 21:31:18.271 0 0 D : [drm:drm_atomic_set_crtc_for_plane [drm]] Link plane state 000000004aae3db2 to [CRTC:43:crtc-0]
07-22 21:31:18.271 0 0 D : [drm:drm_atomic_set_fb_for_plane [drm]] Set [FB:78] for plane state 000000004aae3db2
07-22 21:31:18.271 0 0 D : [drm:drm_atomic_check_only [drm]] checking 000000006a0c0698
07-22 21:31:18.271 0 0 D : [drm:dm_update_planes_state [amdgpu]] Disabling DRM plane: 36 on DRM crtc 43
07-22 21:31:18.271 0 0 D : [drm:dm_update_planes_state [amdgpu]] Enabling DRM plane: 36 on DRM crtc 43
07-22 21:31:18.271 0 0 D : [drm:drm_atomic_state_default_clear [drm]] Clearing atomic state 000000006a0c0698
07-22 21:31:18.271 0 0 D : [drm:__drm_atomic_state_free [drm]] Freeing atomic state 000000006a0c0698
07-22 21:31:18.271 0 0 D : [drm:drm_atomic_state_init [drm]] Allocated atomic state 00000000cbfb552a
07-22 21:31:18.271 0 0 D : [drm:drm_atomic_get_plane_state [drm]] Added [PLANE:36:plane-0] 000000007612c2fe state to 00000000cbfb552a
07-22 21:31:18.271 0 0 D : [drm:drm_atomic_get_crtc_state [drm]] Added [CRTC:43:crtc-0] 000000004dfe81dd state to 00000000cbfb552a
07-22 21:31:18.271 0 0 D : [drm:drm_atomic_set_crtc_for_plane [drm]] Link plane state 000000007612c2fe to [CRTC:43:crtc-0]
07-22 21:31:18.271 0 0 D : [drm:drm_atomic_set_fb_for_plane [drm]] Set [FB:78] for plane state 000000007612c2fe
07-22 21:31:18.271 0 0 D : [drm:drm_atomic_check_only [drm]] checking 00000000cbfb552a
07-22 21:31:18.271 0 0 D : [drm:dm_update_planes_state [amdgpu]] Disabling DRM plane: 36 on DRM crtc 43
07-22 21:31:18.271 0 0 D : [drm:dm_update_planes_state [amdgpu]] Enabling DRM plane: 36 on DRM crtc 43
07-22 21:31:18.271 0 0 D : [drm:drm_atomic_commit [drm]] committing 00000000cbfb552a
07-22 21:31:18.271 0 0 D : [drm:amdgpu_dm_atomic_commit_tail [amdgpu]] amdgpu_crtc id:0 crtc_state_flags: enable:1, active:1, planes_changed:1, mode_changed:0,active_changed:0,connectors_changed:0
07-22 21:31:18.271 0 0 D [drm:amdgpu_dm_atomic_commit_tail [amdgpu]] crtc: 0, pflip_stat:AMDGPU_FLIP_SUBMITTED
07-22 21:31:17.951 4695 4695 E SensorManager: sensor or listener is null
07-22 21:31:17.951 4695 4695 I chatty : uid=10090(com.futuremark.dmandroid.application) identical 1 line
07-22 21:31:17.951 4695 4695 E SensorManager: sensor or listener is null
07-22 21:31:17.951 4695 4695 D com.futuremark.dmandroid.BenchmarkFragment: updateDlcUI|fragment:Sling Shot|state:INSTALL_AVAILABLE|progress:0
07-22 21:31:17.952 4695 4695 D com.futuremark.dmandroid.BenchmarkFragment: SLING_SHOT-showProgressLayout(show=false, animate=false)
07-22 21:31:18.284 0 0 D : [drm:dm_pflip_high_irq [amdgpu]] dm_pflip_high_irq - crtc :0[00000000da4e46cc], pflip_stat:AMDGPU_FLIP_NONE
07-22 21:31:18.284 0 0 D : [drm:drm_atomic_state_default_clear [drm]] Clearing atomic state 00000000cbfb552a
07-22 21:31:18.284 0 0 D : [drm:__drm_atomic_state_free [drm]] Freeing atomic state 00000000cbfb552a
07-22 21:31:17.965 2313 2313 D SurfaceFlinger: duplicate layer name: changing com.futuremark.dmandroid.application/com.futuremark.dmandroid.application.MainActivity to com.futuremark.dmandroid.application/com.futuremark.dmandroid.application.MainActivity#1
07-22 21:31:18.287 0 0 D [drm:drm_mode_addfb2 [drm]] [FB: 74]
07-22 21:31:18.287 0 0 D : [drm:drm_atomic_state_init [drm]] Allocated atomic state 000000003da4c69d
07-22 21:31:18.287 0 0 D : [drm:drm_atomic_get_plane_state [drm]] Added [PLANE:36:plane-0] 00000000967d3d88 state to 000000003da4c69d
07-22 21:31:18.287 0 0 D : [drm:drm_atomic_get_crtc_state [drm]] Added [CRTC:43:crtc-0] 00000000e1dfd4f8 state to 000000003da4c69d
07-22 21:31:18.287 0 0 D : [drm:drm_atomic_set_crtc_for_plane [drm]] Link plane state 00000000967d3d88 to [CRTC:43:crtc-0]
07-22 21:31:18.287 0 0 D : [drm:drm_atomic_set_fb_for_plane [drm]] Set [FB:74] for plane state 00000000967d3d88
07-22 21:31:18.287 0 0 D : [drm:drm_atomic_check_only [drm]] checking 000000003da4c69d
07-22 21:31:18.287 0 0 D : [drm:dm_update_planes_state [amdgpu]] Disabling DRM plane: 36 on DRM crtc 43
07-22 21:31:18.287 0 0 D : [drm:dm_update_planes_state [amdgpu]] Enabling DRM plane: 36 on DRM crtc 43
07-22 21:31:18.287 0 0 D : [drm:drm_atomic_state_default_clear [drm]] Clearing atomic state 000000003da4c69d
07-22 21:31:18.287 0 0 D : [drm:__drm_atomic_state_free [drm]] Freeing atomic state 000000003da4c69d
07-22 21:31:18.287 0 0 D : [drm:drm_atomic_state_init [drm]] Allocated atomic state 000000003da4c69d
07-22 21:31:18.287 0 0 D : [drm:drm_atomic_get_plane_state [drm]] Added [PLANE:36:plane-0] 00000000967d3d88 state to 000000003da4c69d
07-22 21:31:18.287 0 0 D : [drm:drm_atomic_get_crtc_state [drm]] Added [CRTC:43:crtc-0] 000000001bcf3d63 state to 000000003da4c69d
07-22 21:31:18.287 0 0 D : [drm:drm_atomic_set_crtc_for_plane [drm]] Link plane state 00000000967d3d88 to [CRTC:43:crtc-0]
07-22 21:31:18.287 0 0 D : [drm:drm_atomic_set_fb_for_plane [drm]] Set [FB:74] for plane state 00000000967d3d88
07-22 21:31:18.287 0 0 D : [drm:drm_atomic_check_only [drm]] checking 000000003da4c69d
07-22 21:31:18.287 0 0 D : [drm:dm_update_planes_state [amdgpu]] Disabling DRM plane: 36 on DRM crtc 43
07-22 21:31:18.287 0 0 D : [drm:dm_update_planes_state [amdgpu]] Enabling DRM plane: 36 on DRM crtc 43
07-22 21:31:18.287 0 0 D : [drm:drm_atomic_commit [drm]] committing 000000003da4c69d
07-22 21:31:18.287 0 0 D : [drm:amdgpu_dm_atomic_commit_tail [amdgpu]] amdgpu_crtc id:0 crtc_state_flags: enable:1, active:1, planes_changed:1, mode_changed:0,active_changed:0,connectors_changed:0
07-22 21:31:18.287 0 0 D [drm:amdgpu_dm_atomic_commit_tail [amdgpu]] crtc: 0, pflip_stat:AMDGPU_FLIP_SUBMITTED
07-22 21:31:18.301 0 0 D : [drm:dm_pflip_high_irq [amdgpu]] dm_pflip_high_irq - crtc :0[00000000da4e46cc], pflip_stat:AMDGPU_FLIP_NONE
07-22 21:31:18.301 0 0 D : [drm:drm_atomic_state_default_clear [drm]] Clearing atomic state 000000003da4c69d
07-22 21:31:18.301 0 0 D : [drm:__drm_atomic_state_free [drm]] Freeing atomic state 000000003da4c69d
07-22 21:31:18.304 0 0 D [drm:drm_mode_addfb2 [drm]] [FB: 78]
07-22 21:31:18.304 0 0 D : [drm:drm_atomic_state_init [drm]] Allocated atomic state 000000006439e8cc
07-22 21:31:18.304 0 0 D : [drm:drm_atomic_get_plane_state [drm]] Added [PLANE:36:plane-0] 000000007612c2fe state to 000000006439e8cc
07-22 21:31:18.304 0 0 D : [drm:drm_atomic_get_crtc_state [drm]] Added [CRTC:43:crtc-0] 000000004dfe81dd state to 000000006439e8cc
07-22 21:31:18.304 0 0 D : [drm:drm_atomic_set_crtc_for_plane [drm]] Link plane state 000000007612c2fe to [CRTC:43:crtc-0]
07-22 21:31:18.304 0 0 D : [drm:drm_atomic_set_fb_for_plane [drm]] Set [FB:78] for plane state 000000007612c2fe
07-22 21:31:18.304 0 0 D : [drm:drm_atomic_check_only [drm]] checking 000000006439e8cc
07-22 21:31:18.304 0 0 D : [drm:dm_update_planes_state [amdgpu]] Disabling DRM plane: 36 on DRM crtc 43
07-22 21:31:18.304 0 0 D : [drm:dm_update_planes_state [amdgpu]] Enabling DRM plane: 36 on DRM crtc 43
07-22 21:31:18.304 0 0 D : [drm:drm_atomic_state_default_clear [drm]] Clearing atomic state 000000006439e8cc
07-22 21:31:18.304 0 0 D : [drm:__drm_atomic_state_free [drm]] Freeing atomic state 000000006439e8cc
07-22 21:31:18.304 0 0 D : [drm:drm_atomic_state_init [drm]] Allocated atomic state 000000006439e8cc
07-22 21:31:18.304 0 0 D : [drm:drm_atomic_get_plane_state [drm]] Added [PLANE:36:plane-0] 000000007612c2fe state to 000000006439e8cc
07-22 21:31:18.304 0 0 D : [drm:drm_atomic_get_crtc_state [drm]] Added [CRTC:43:crtc-0] 000000008bf1d977 state to 000000006439e8cc
07-22 21:31:18.304 0 0 D : [drm:drm_atomic_set_crtc_for_plane [drm]] Link plane state 000000007612c2fe to [CRTC:43:crtc-0]
07-22 21:31:18.304 0 0 D : [drm:drm_atomic_set_fb_for_plane [drm]] Set [FB:78] for plane state 000000007612c2fe
07-22 21:31:18.304 0 0 D : [drm:drm_atomic_check_only [drm]] checking 000000006439e8cc
07-22 21:31:18.304 0 0 D : [drm:dm_update_planes_state [amdgpu]] Disabling DRM plane: 36 on DRM crtc 43
07-22 21:31:18.304 0 0 D : [drm:dm_update_planes_state [amdgpu]] Enabling DRM plane: 36 on DRM crtc 43
07-22 21:31:18.304 0 0 D : [drm:drm_atomic_commit [drm]] committing 000000006439e8cc
07-22 21:31:18.304 0 0 D : [drm:amdgpu_dm_atomic_commit_tail [amdgpu]] amdgpu_crtc id:0 crtc_state_flags: enable:1, active:1, planes_changed:1, mode_changed:0,active_changed:0,connectors_changed:0
07-22 21:31:18.304 0 0 D [drm:amdgpu_dm_atomic_commit_tail [amdgpu]] crtc: 0, pflip_stat:AMDGPU_FLIP_SUBMITTED
07-22 21:31:18.317 0 0 D : [drm:dm_pflip_high_irq [amdgpu]] dm_pflip_high_irq - crtc :0[00000000da4e46cc], pflip_stat:AMDGPU_FLIP_NONE
07-22 21:31:18.317 0 0 D : [drm:drm_atomic_state_default_clear [drm]] Clearing atomic state 000000006439e8cc
07-22 21:31:18.317 0 0 D : [drm:__drm_atomic_state_free [drm]] Freeing atomic state 000000006439e8cc
07-22 21:31:18.320 0 0 D [drm:drm_mode_addfb2 [drm]] [FB: 74]
07-22 21:31:18.320 0 0 D : [drm:drm_atomic_state_init [drm]] Allocated atomic state 00000000cbfb552a
07-22 21:31:18.320 0 0 D : [drm:drm_atomic_get_plane_state [drm]] Added [PLANE:36:plane-0] 000000002edf2241 state to 00000000cbfb552a
07-22 21:31:18.320 0 0 D : [drm:drm_atomic_get_crtc_state [drm]] Added [CRTC:43:crtc-0] 000000008cdcc871 state to 00000000cbfb552a
07-22 21:31:18.321 0 0 D : [drm:drm_atomic_set_crtc_for_plane [drm]] Link plane state 000000002edf2241 to [CRTC:43:crtc-0]
07-22 21:31:18.321 0 0 D : [drm:drm_atomic_set_fb_for_plane [drm]] Set [FB:74] for plane state 000000002edf2241
07-22 21:31:18.321 0 0 D : [drm:drm_atomic_check_only [drm]] checking 00000000cbfb552a
07-22 21:31:18.321 0 0 D : [drm:dm_update_planes_state [amdgpu]] Disabling DRM plane: 36 on DRM crtc 43
07-22 21:31:18.321 0 0 D : [drm:dm_update_planes_state [amdgpu]] Enabling DRM plane: 36 on DRM crtc 43
07-22 21:31:18.321 0 0 D : [drm:drm_atomic_state_default_clear [drm]] Clearing atomic state 00000000cbfb552a
07-22 21:31:18.321 0 0 D : [drm:__drm_atomic_state_free [drm]] Freeing atomic state 00000000cbfb552a
07-22 21:31:18.322 0 0 D : [drm:drm_atomic_state_init [drm]] Allocated atomic state 00000000b6244276
07-22 21:31:18.322 0 0 D : [drm:drm_atomic_get_plane_state [drm]] Added [PLANE:36:plane-0] 000000002edf2241 state to 00000000b6244276
07-22 21:31:18.322 0 0 D : [drm:drm_atomic_get_crtc_state [drm]] Added [CRTC:43:crtc-0] 00000000da7422c9 state to 00000000b6244276
07-22 21:31:18.322 0 0 D : [drm:drm_atomic_set_crtc_for_plane [drm]] Link plane state 000000002edf2241 to [CRTC:43:crtc-0]
07-22 21:31:18.322 0 0 D : [drm:drm_atomic_set_fb_for_plane [drm]] Set [FB:74] for plane state 000000002edf2241
07-22 21:31:18.322 0 0 D : [drm:drm_atomic_check_only [drm]] checking 00000000b6244276
07-22 21:31:18.322 0 0 D : [drm:dm_update_planes_state [amdgpu]] Disabling DRM plane: 36 on DRM crtc 43
07-22 21:31:18.322 0 0 D : [drm:dm_update_planes_state [amdgpu]] Enabling DRM plane: 36 on DRM crtc 43
07-22 21:31:18.322 0 0 D : [drm:drm_atomic_commit [drm]] committing 00000000b6244276
07-22 21:31:18.322 0 0 D : [drm:amdgpu_dm_atomic_commit_tail [amdgpu]] amdgpu_crtc id:0 crtc_state_flags: enable:1, active:1, planes_changed:1, mode_changed:0,active_changed:0,connectors_changed:0
07-22 21:31:18.322 0 0 D [drm:amdgpu_dm_atomic_commit_tail [amdgpu]] crtc: 0, pflip_stat:AMDGPU_FLIP_SUBMITTED
07-22 21:31:18.004 4695 4695 W View : requestLayout() improperly called by android.widget.LinearLayout{7d064fc V.E...... ......ID 0,0-1024,64 #7f09002b app:id/bb_bottom_bar_item_container} during layout: running second layout pass
07-22 21:31:18.004 4695 4695 W View : requestLayout() improperly called by com.roughike.bottombar.BottomBarTab{967f785 VFE...CL. .FS...ID 176,4-344,60 #7f0900e3 app:id/flm_nav_benchmarks} during layout: running second layout pass
07-22 21:31:18.004 4695 4695 W View : requestLayout() improperly called by com.roughike.bottombar.BottomBarTab{48d19da VFE...CL. ......ID 344,4-512,60 #7f0900e7 app:id/flm_nav_results} during layout: running second layout pass
07-22 21:31:18.004 4695 4695 W View : requestLayout() improperly called by com.roughike.bottombar.BottomBarTab{6909e0b VFE...CL. ......ID 512,4-680,60 #7f0900e5 app:id/flm_nav_my_device} during layout: running second layout pass
07-22 21:31:18.004 4695 4695 W View : requestLayout() improperly called by com.roughike.bottombar.BottomBarTab{33cd4e8 VFE...CL. ......ID 680,4-848,60 #7f0900e4 app:id/flm_nav_devices} during layout: running second layout pass
07-22 21:31:18.005 4695 4695 D com.futuremark.dmandroid.ProductController: New chops state: ChopsStateImpl{dlcInstallStates={slingshot-android-data=INSTALL_AVAILABLE, is-android-data=INSTALL_AVAILABLE, apioverhead-data=INSTALLED, promos=NOT_DISCOVERED, arkan-android-data=UNKNOWN, dibbs-device-data=UNKNOWN, dibbs-deviceimages=UNKNOWN, dibbs-devicelist=UNKNOWN, dibbs-devicelist-data=UNKNOWN, dma-main-program=UNKNOWN, dma-main-program-stable=UNKNOWN, farandole-data=UNKNOWN, humppa-android-data=UNKNOWN, isu-android-data=UNKNOWN}, overallState=DISCOVERING, progress=combined progress 100 download: percentCompleted:100 secondsRemaining: 0s speed: 0KiB/s install: percentCompleted:105 secondsRemaining: 0s speed: 0KiB/s}
07-22 21:31:18.005 4695 4695 D com.futuremark.dmandroid.ProductController: New chops state: ChopsStateImpl{dlcInstallStates={slingshot-android-data=INSTALL_AVAILABLE, is-android-data=INSTALL_AVAILABLE, apioverhead-data=INSTALLED, promos=NOT_DISCOVERED, arkan-android-data=UNKNOWN, dibbs-device-data=UNKNOWN, dibbs-deviceimages=UNKNOWN, dibbs-devicelist=UNKNOWN, dibbs-devicelist-data=UNKNOWN, dma-main-program=UNKNOWN, dma-main-program-stable=UNKNOWN, farandole-data=UNKNOWN, humppa-android-data=UNKNOWN, isu-android-data=UNKNOWN}, overallState=DISCOVERY_INSTALLED_CHECKED, progress=combined progress 100 download: percentCompleted:100 secondsRemaining: 0s speed: 0KiB/s install: percentCompleted:105 secondsRemaining: 0s speed: 0KiB/s}
07-22 21:31:18.005 4695 4695 D com.futuremark.dmandroid.ProductController: New chops state: ChopsStateImpl{dlcInstallStates={slingshot-android-data=INSTALL_AVAILABLE, is-android-data=INSTALL_AVAILABLE, apioverhead-data=INSTALLED, promos=NOT_DISCOVERED, arkan-android-data=UNKNOWN, dibbs-device-data=UNKNOWN, dibbs-deviceimages=UNKNOWN, dibbs-devicelist=UNKNOWN, dibbs-devicelist-data=UNKNOWN, dma-main-program=UNKNOWN, dma-main-program-stable=UNKNOWN, farandole-data=UNKNOWN, humppa-android-data=UNKNOWN, isu-android-data=UNKNOWN}, overallState=IDLE_DISCOVERY_DONE, progress=percentCompleted:100 secondsRemaining: 0s speed: 0KiB/s}
07-22 21:31:18.007 4695 4695 I auditd : type=1400 audit(0.0:831): avc: denied { map } for comm="RenderThread" path="/dev/dri/renderD128" dev="tmpfs" ino=8697 scontext=u:r:untrusted_app:s0:c512,c768 tcontext=u:object_r:device:s0 tclass=chr_file permissive=1
07-22 21:31:18.007 4695 4695 I RenderThread: type=1400 audit(0.0:831): avc: denied { map } for path="/dev/dri/renderD128" dev="tmpfs" ino=8697 scontext=u:r:untrusted_app:s0:c512,c768 tcontext=u:object_r:device:s0 tclass=chr_file permissive=1
07-22 21:31:18.007 4695 4695 I auditd : type=1400 audit(0.0:832): avc: denied { read write } for comm="RenderThread" path="/dev/dri/renderD128" dev="tmpfs" ino=8697 scontext=u:r:untrusted_app:s0:c512,c768 tcontext=u:object_r:device:s0 tclass=chr_file permissive=1
07-22 21:31:18.007 4695 4695 I RenderThread: type=1400 audit(0.0:832): avc: denied { read write } for path="/dev/dri/renderD128" dev="tmpfs" ino=8697 scontext=u:r:untrusted_app:s0:c512,c768 tcontext=u:object_r:device:s0 tclass=chr_file permissive=1
07-22 21:31:18.334 0 0 D : [drm:dm_pflip_high_irq [amdgpu]] dm_pflip_high_irq - crtc :0[00000000da4e46cc], pflip_stat:AMDGPU_FLIP_NONE
07-22 21:31:18.334 0 0 D : [drm:drm_atomic_state_default_clear [drm]] Clearing atomic state 00000000b6244276
07-22 21:31:18.334 0 0 D : [drm:__drm_atomic_state_free [drm]] Freeing atomic state 00000000b6244276
07-22 21:31:18.337 0 0 D [drm:drm_mode_addfb2 [drm]] [FB: 78]
07-22 21:31:18.337 0 0 D : [drm:drm_atomic_state_init [drm]] Allocated atomic state 00000000db0e2bc2
07-22 21:31:18.337 0 0 D : [drm:drm_atomic_get_plane_state [drm]] Added [PLANE:36:plane-0] 000000004cf49724 state to 00000000db0e2bc2
07-22 21:31:18.337 0 0 D : [drm:drm_atomic_get_crtc_state [drm]] Added [CRTC:43:crtc-0] 00000000d85615af state to 00000000db0e2bc2
07-22 21:31:18.337 0 0 D : [drm:drm_atomic_set_crtc_for_plane [drm]] Link plane state 000000004cf49724 to [CRTC:43:crtc-0]
07-22 21:31:18.337 0 0 D : [drm:drm_atomic_set_fb_for_plane [drm]] Set [FB:78] for plane state 000000004cf49724
07-22 21:31:18.337 0 0 D : [drm:drm_atomic_check_only [drm]] checking 00000000db0e2bc2
07-22 21:31:18.337 0 0 D : [drm:dm_update_planes_state [amdgpu]] Disabling DRM plane: 36 on DRM crtc 43
07-22 21:31:18.337 0 0 D : [drm:dm_update_planes_state [amdgpu]] Enabling DRM plane: 36 on DRM crtc 43
07-22 21:31:18.337 0 0 D : [drm:drm_atomic_state_default_clear [drm]] Clearing atomic state 00000000db0e2bc2
07-22 21:31:18.337 0 0 D : [drm:__drm_atomic_state_free [drm]] Freeing atomic state 00000000db0e2bc2
07-22 21:31:18.337 0 0 D : [drm:drm_atomic_state_init [drm]] Allocated atomic state 0000000022683d38
07-22 21:31:18.337 0 0 D : [drm:drm_atomic_get_plane_state [drm]] Added [PLANE:36:plane-0] 0000000095dc5370 state to 0000000022683d38
07-22 21:31:18.337 0 0 D : [drm:drm_atomic_get_crtc_state [drm]] Added [CRTC:43:crtc-0] 000000009f68922c state to 0000000022683d38
07-22 21:31:18.337 0 0 D : [drm:drm_atomic_set_crtc_for_plane [drm]] Link plane state 0000000095dc5370 to [CRTC:43:crtc-0]
07-22 21:31:18.337 0 0 D : [drm:drm_atomic_set_fb_for_plane [drm]] Set [FB:78] for plane state 0000000095dc5370
07-22 21:31:18.337 0 0 D : [drm:drm_atomic_check_only [drm]] checking 0000000022683d38
07-22 21:31:18.337 0 0 D : [drm:dm_update_planes_state [amdgpu]] Disabling DRM plane: 36 on DRM crtc 43
07-22 21:31:18.337 0 0 D : [drm:dm_update_planes_state [amdgpu]] Enabling DRM plane: 36 on DRM crtc 43
07-22 21:31:18.337 0 0 D : [drm:drm_atomic_commit [drm]] committing 0000000022683d38
07-22 21:31:18.337 0 0 D : [drm:amdgpu_dm_atomic_commit_tail [amdgpu]] amdgpu_crtc id:0 crtc_state_flags: enable:1, active:1, planes_changed:1, mode_changed:0,active_changed:0,connectors_changed:0
07-22 21:31:18.337 0 0 D [drm:amdgpu_dm_atomic_commit_tail [amdgpu]] crtc: 0, pflip_stat:AMDGPU_FLIP_SUBMITTED
07-22 21:31:18.351 0 0 D : [drm:dm_pflip_high_irq [amdgpu]] dm_pflip_high_irq - crtc :0[00000000da4e46cc], pflip_stat:AMDGPU_FLIP_NONE
07-22 21:31:18.351 0 0 D : [drm:drm_atomic_state_default_clear [drm]] Clearing atomic state 0000000022683d38
07-22 21:31:18.351 0 0 D : [drm:__drm_atomic_state_free [drm]] Freeing atomic state 0000000022683d38
07-22 21:31:18.354 0 0 D [drm:drm_mode_addfb2 [drm]] [FB: 74]
07-22 21:31:18.354 0 0 D : [drm:drm_atomic_state_init [drm]] Allocated atomic state 00000000520073bf
07-22 21:31:18.354 0 0 D : [drm:drm_atomic_get_plane_state [drm]] Added [PLANE:36:plane-0] 0000000073f6a83e state to 00000000520073bf
07-22 21:31:18.354 0 0 D : [drm:drm_atomic_get_crtc_state [drm]] Added [CRTC:43:crtc-0] 00000000f815225a state to 00000000520073bf
07-22 21:31:18.354 0 0 D : [drm:drm_atomic_set_crtc_for_plane [drm]] Link plane state 0000000073f6a83e to [CRTC:43:crtc-0]
07-22 21:31:18.354 0 0 D : [drm:drm_atomic_set_fb_for_plane [drm]] Set [FB:74] for plane state 0000000073f6a83e
07-22 21:31:18.354 0 0 D : [drm:drm_atomic_check_only [drm]] checking 00000000520073bf
07-22 21:31:18.355 0 0 D : [drm:dm_update_planes_state [amdgpu]] Disabling DRM plane: 36 on DRM crtc 43
07-22 21:31:18.355 0 0 D : [drm:dm_update_planes_state [amdgpu]] Enabling DRM plane: 36 on DRM crtc 43
07-22 21:31:18.355 0 0 D : [drm:drm_atomic_state_default_clear [drm]] Clearing atomic state 00000000520073bf
07-22 21:31:18.355 0 0 D : [drm:__drm_atomic_state_free [drm]] Freeing atomic state 00000000520073bf
07-22 21:31:18.355 0 0 D : [drm:drm_atomic_state_init [drm]] Allocated atomic state 00000000520073bf
07-22 21:31:18.355 0 0 D : [drm:drm_atomic_get_plane_state [drm]] Added [PLANE:36:plane-0] 0000000073f6a83e state to 00000000520073bf
07-22 21:31:18.355 0 0 D : [drm:drm_atomic_get_crtc_state [drm]] Added [CRTC:43:crtc-0] 000000008cdcc871 state to 00000000520073bf
07-22 21:31:18.355 0 0 D : [drm:drm_atomic_set_crtc_for_plane [drm]] Link plane state 0000000073f6a83e to [CRTC:43:crtc-0]
07-22 21:31:18.355 0 0 D : [drm:drm_atomic_set_fb_for_plane [drm]] Set [FB:74] for plane state 0000000073f6a83e
07-22 21:31:18.355 0 0 D : [drm:drm_atomic_check_only [drm]] checking 00000000520073bf
07-22 21:31:18.355 0 0 D : [drm:dm_update_planes_state [amdgpu]] Disabling DRM plane: 36 on DRM crtc 43
07-22 21:31:18.355 0 0 D : [drm:dm_update_planes_state [amdgpu]] Enabling DRM plane: 36 on DRM crtc 43
07-22 21:31:18.355 0 0 D : [drm:drm_atomic_commit [drm]] committing 00000000520073bf
07-22 21:31:18.355 0 0 D : [drm:amdgpu_dm_atomic_commit_tail [amdgpu]] amdgpu_crtc id:0 crtc_state_flags: enable:1, active:1, planes_changed:1, mode_changed:0,active_changed:0,connectors_changed:0
07-22 21:31:18.355 0 0 D [drm:amdgpu_dm_atomic_commit_tail [amdgpu]] crtc: 0, pflip_stat:AMDGPU_FLIP_SUBMITTED
07-22 21:31:18.035 4695 4695 E com.futuremark.dmandroid.BenchmarkFragment: Error during check if SLING_SHOT_EXTREME is capped for device
07-22 21:31:18.035 4695 4695 E com.futuremark.dmandroid.BenchmarkFragment: com.futuremark.flamenco.controller.network.exceptions.MyDeviceNotRecognizedException
07-22 21:31:18.035 4695 4695 E com.futuremark.dmandroid.BenchmarkFragment: at com.futuremark.flamenco.controller.network.NetworkController.findMyDeviceSingle(NetworkController.java:904)
07-22 21:31:18.035 4695 4695 E com.futuremark.dmandroid.BenchmarkFragment: at com.futuremark.flamenco.controller.network.NetworkController.lambda$getMyDevice$2$NetworkController(NetworkController.java:336)
07-22 21:31:18.035 4695 4695 E com.futuremark.dmandroid.BenchmarkFragment: at com.futuremark.flamenco.controller.network.NetworkController$$Lambda$4.apply(Unknown Source:6)
07-22 21:31:18.035 4695 4695 E com.futuremark.dmandroid.BenchmarkFragment: at io.reactivex.internal.operators.single.SingleFlatMap$SingleFlatMapCallback.onSuccess(SingleFlatMap.java:76)
07-22 21:31:18.035 4695 4695 E com.futuremark.dmandroid.BenchmarkFragment: at io.reactivex.internal.operators.single.SingleFromCallable.subscribeActual(SingleFromCallable.java:56)
07-22 21:31:18.035 4695 4695 E com.futuremark.dmandroid.BenchmarkFragment: at io.reactivex.Single.subscribe(Single.java:3096)
07-22 21:31:18.035 4695 4695 E com.futuremark.dmandroid.BenchmarkFragment: at io.reactivex.internal.operators.single.SingleFlatMap.subscribeActual(SingleFlatMap.java:36)
07-22 21:31:18.035 4695 4695 E com.futuremark.dmandroid.BenchmarkFragment: at io.reactivex.Single.subscribe(Single.java:3096)
07-22 21:31:18.035 4695 4695 E com.futuremark.dmandroid.BenchmarkFragment: at io.reactivex.internal.operators.single.SingleZipArray.subscribeActual(SingleZipArray.java:64)
07-22 21:31:18.035 4695 4695 E com.futuremark.dmandroid.BenchmarkFragment: at io.reactivex.Single.subscribe(Single.java:3096)
07-22 21:31:18.035 4695 4695 E com.futuremark.dmandroid.BenchmarkFragment: at io.reactivex.internal.operators.single.SingleFlatMap.subscribeActual(SingleFlatMap.java:36)
07-22 21:31:18.035 4695 4695 E com.futuremark.dmandroid.BenchmarkFragment: at io.reactivex.Single.subscribe(Single.java:3096)
07-22 21:31:18.035 4695 4695 E com.futuremark.dmandroid.BenchmarkFragment: at io.reactivex.internal.operators.single.SingleSubscribeOn$SubscribeOnObserver.run(SingleSubscribeOn.java:89)
07-22 21:31:18.035 4695 4695 E com.futuremark.dmandroid.BenchmarkFragment: at io.reactivex.Scheduler$DisposeTask.run(Scheduler.java:463)
07-22 21:31:18.035 4695 4695 E com.futuremark.dmandroid.BenchmarkFragment: at io.reactivex.internal.schedulers.ScheduledRunnable.run(ScheduledRunnable.java:66)
07-22 21:31:18.035 4695 4695 E com.futuremark.dmandroid.BenchmarkFragment: at io.reactivex.internal.schedulers.ScheduledRunnable.call(ScheduledRunnable.java:57)
07-22 21:31:18.035 4695 4695 E com.futuremark.dmandroid.BenchmarkFragment: at java.util.concurrent.FutureTask.run(FutureTask.java:266)
07-22 21:31:18.035 4695 4695 E com.futuremark.dmandroid.BenchmarkFragment: at java.util.concurrent.ScheduledThreadPoolExecutor$ScheduledFutureTask.run(ScheduledThreadPoolExecutor.java:301)
07-22 21:31:18.035 4695 4695 E com.futuremark.dmandroid.BenchmarkFragment: at java.util.concurrent.ThreadPoolExecutor.runWorker(ThreadPoolExecutor.java:1162)
07-22 21:31:18.035 4695 4695 E com.futuremark.dmandroid.BenchmarkFragment: at java.util.concurrent.ThreadPoolExecutor$Worker.run(ThreadPoolExecutor.java:636)
07-22 21:31:18.035 4695 4695 E com.futuremark.dmandroid.BenchmarkFragment: at java.lang.Thread.run(Thread.java:764)
07-22 21:31:18.035 4695 4695 E com.futuremark.dmandroid.BenchmarkFragment: Error during check if SLING_SHOT is capped for device
07-22 21:31:18.035 4695 4695 E com.futuremark.dmandroid.BenchmarkFragment: com.futuremark.flamenco.controller.network.exceptions.MyDeviceNotRecognizedException
07-22 21:31:18.035 4695 4695 E com.futuremark.dmandroid.BenchmarkFragment: at com.futuremark.flamenco.controller.network.NetworkController.findMyDeviceSingle(NetworkController.java:904)
07-22 21:31:18.035 4695 4695 E com.futuremark.dmandroid.BenchmarkFragment: at com.futuremark.flamenco.controller.network.NetworkController.lambda$getMyDevice$2$NetworkController(NetworkController.java:336)
07-22 21:31:18.035 4695 4695 E com.futuremark.dmandroid.BenchmarkFragment: at com.futuremark.flamenco.controller.network.NetworkController$$Lambda$4.apply(Unknown Source:6)
07-22 21:31:18.035 4695 4695 E com.futuremark.dmandroid.BenchmarkFragment: at io.reactivex.internal.operators.single.SingleFlatMap$SingleFlatMapCallback.onSuccess(SingleFlatMap.java:76)
07-22 21:31:18.035 4695 4695 E com.futuremark.dmandroid.BenchmarkFragment: at io.reactivex.internal.operators.single.SingleFromCallable.subscribeActual(SingleFromCallable.java:56)
07-22 21:31:18.035 4695 4695 E com.futuremark.dmandroid.BenchmarkFragment: at io.reactivex.Single.subscribe(Single.java:3096)
07-22 21:31:18.035 4695 4695 E com.futuremark.dmandroid.BenchmarkFragment: at io.reactivex.internal.operators.single.SingleFlatMap.subscribeActual(SingleFlatMap.java:36)
07-22 21:31:18.035 4695 4695 E com.futuremark.dmandroid.BenchmarkFragment: at io.reactivex.Single.subscribe(Single.java:3096)
07-22 21:31:18.035 4695 4695 E com.futuremark.dmandroid.BenchmarkFragment: at io.reactivex.internal.operators.single.SingleZipArray.subscribeActual(SingleZipArray.java:64)
07-22 21:31:18.035 4695 4695 E com.futuremark.dmandroid.BenchmarkFragment: at io.reactivex.Single.subscribe(Single.java:3096)
07-22 21:31:18.035 4695 4695 E com.futuremark.dmandroid.BenchmarkFragment: at io.reactivex.internal.operators.single.SingleFlatMap.subscribeActual(SingleFlatMap.java:36)
07-22 21:31:18.035 4695 4695 E com.futuremark.dmandroid.BenchmarkFragment: at io.reactivex.Single.subscribe(Single.java:3096)
07-22 21:31:18.035 4695 4695 E com.futuremark.dmandroid.BenchmarkFragment: at io.reactivex.internal.operators.single.SingleSubscribeOn$SubscribeOnObserver.run(SingleSubscribeOn.java:89)
07-22 21:31:18.035 4695 4695 E com.futuremark.dmandroid.BenchmarkFragment: at io.reactivex.Scheduler$DisposeTask.run(Scheduler.java:463)
07-22 21:31:18.035 4695 4695 E com.futuremark.dmandroid.BenchmarkFragment: at io.reactivex.internal.schedulers.ScheduledRunnable.run(ScheduledRunnable.java:66)
07-22 21:31:18.035 4695 4695 E com.futuremark.dmandroid.BenchmarkFragment: at io.reactivex.internal.schedulers.ScheduledRunnable.call(ScheduledRunnable.java:57)
07-22 21:31:18.035 4695 4695 E com.futuremark.dmandroid.BenchmarkFragment: at java.util.concurrent.FutureTask.run(FutureTask.java:266)
07-22 21:31:18.035 4695 4695 E com.futuremark.dmandroid.BenchmarkFragment: at java.util.concurrent.ScheduledThreadPoolExecutor$ScheduledFutureTask.run(ScheduledThreadPoolExecutor.java:301)
07-22 21:31:18.035 4695 4695 E com.futuremark.dmandroid.BenchmarkFragment: at java.util.concurrent.ThreadPoolExecutor.runWorker(ThreadPoolExecutor.java:1162)
07-22 21:31:18.035 4695 4695 E com.futuremark.dmandroid.BenchmarkFragment: at java.util.concurrent.ThreadPoolExecutor$Worker.run(ThreadPoolExecutor.java:636)
07-22 21:31:18.035 4695 4695 E com.futuremark.dmandroid.BenchmarkFragment: at java.lang.Thread.run(Thread.java:764)
07-22 21:31:18.367 0 0 D : [drm:dm_pflip_high_irq [amdgpu]] dm_pflip_high_irq - crtc :0[00000000da4e46cc], pflip_stat:AMDGPU_FLIP_NONE
07-22 21:31:18.367 0 0 D : [drm:drm_atomic_state_default_clear [drm]] Clearing atomic state 00000000520073bf
07-22 21:31:18.367 0 0 D : [drm:__drm_atomic_state_free [drm]] Freeing atomic state 00000000520073bf
07-22 21:31:18.370 0 0 D [drm:drm_mode_addfb2 [drm]] [FB: 78]
07-22 21:31:18.370 0 0 D : [drm:drm_atomic_state_init [drm]] Allocated atomic state 00000000996c41ae
07-22 21:31:18.370 0 0 D : [drm:drm_atomic_get_plane_state [drm]] Added [PLANE:36:plane-0] 000000001456c12b state to 00000000996c41ae
07-22 21:31:18.370 0 0 D : [drm:drm_atomic_get_crtc_state [drm]] Added [CRTC:43:crtc-0] 000000000a2110c6 state to 00000000996c41ae
07-22 21:31:18.370 0 0 D : [drm:drm_atomic_set_crtc_for_plane [drm]] Link plane state 000000001456c12b to [CRTC:43:crtc-0]
07-22 21:31:18.370 0 0 D : [drm:drm_atomic_set_fb_for_plane [drm]] Set [FB:78] for plane state 000000001456c12b
07-22 21:31:18.370 0 0 D : [drm:drm_atomic_check_only [drm]] checking 00000000996c41ae
07-22 21:31:18.370 0 0 D : [drm:dm_update_planes_state [amdgpu]] Disabling DRM plane: 36 on DRM crtc 43
07-22 21:31:18.370 0 0 D : [drm:dm_update_planes_state [amdgpu]] Enabling DRM plane: 36 on DRM crtc 43
07-22 21:31:18.371 0 0 D : [drm:drm_atomic_state_default_clear [drm]] Clearing atomic state 00000000996c41ae
07-22 21:31:18.371 0 0 D : [drm:__drm_atomic_state_free [drm]] Freeing atomic state 00000000996c41ae
07-22 21:31:18.371 0 0 D : [drm:drm_atomic_state_init [drm]] Allocated atomic state 00000000996c41ae
07-22 21:31:18.371 0 0 D : [drm:drm_atomic_get_plane_state [drm]] Added [PLANE:36:plane-0] 000000001456c12b state to 00000000996c41ae
07-22 21:31:18.371 0 0 D : [drm:drm_atomic_get_crtc_state [drm]] Added [CRTC:43:crtc-0] 0000000007301545 state to 00000000996c41ae
07-22 21:31:18.371 0 0 D : [drm:drm_atomic_set_crtc_for_plane [drm]] Link plane state 000000001456c12b to [CRTC:43:crtc-0]
07-22 21:31:18.371 0 0 D : [drm:drm_atomic_set_fb_for_plane [drm]] Set [FB:78] for plane state 000000001456c12b
07-22 21:31:18.371 0 0 D : [drm:drm_atomic_check_only [drm]] checking 00000000996c41ae
07-22 21:31:18.371 0 0 D : [drm:dm_update_planes_state [amdgpu]] Disabling DRM plane: 36 on DRM crtc 43
07-22 21:31:18.371 0 0 D : [drm:dm_update_planes_state [amdgpu]] Enabling DRM plane: 36 on DRM crtc 43
07-22 21:31:18.371 0 0 D : [drm:drm_atomic_commit [drm]] committing 00000000996c41ae
07-22 21:31:18.371 0 0 D : [drm:amdgpu_dm_atomic_commit_tail [amdgpu]] amdgpu_crtc id:0 crtc_state_flags: enable:1, active:1, planes_changed:1, mode_changed:0,active_changed:0,connectors_changed:0
07-22 21:31:18.371 0 0 D [drm:amdgpu_dm_atomic_commit_tail [amdgpu]] crtc: 0, pflip_stat:AMDGPU_FLIP_SUBMITTED
07-22 21:31:18.384 0 0 D : [drm:dm_pflip_high_irq [amdgpu]] dm_pflip_high_irq - crtc :0[00000000da4e46cc], pflip_stat:AMDGPU_FLIP_NONE
07-22 21:31:18.384 0 0 D : [drm:drm_atomic_state_default_clear [drm]] Clearing atomic state 00000000996c41ae
07-22 21:31:18.384 0 0 D : [drm:__drm_atomic_state_free [drm]] Freeing atomic state 00000000996c41ae
07-22 21:31:18.388 0 0 D [drm:drm_mode_addfb2 [drm]] [FB: 74]
07-22 21:31:18.388 0 0 D : [drm:drm_atomic_state_init [drm]] Allocated atomic state 00000000c05353b9
07-22 21:31:18.388 0 0 D : [drm:drm_atomic_get_plane_state [drm]] Added [PLANE:36:plane-0] 00000000c1414379 state to 00000000c05353b9
07-22 21:31:18.388 0 0 D : [drm:drm_atomic_get_crtc_state [drm]] Added [CRTC:43:crtc-0] 000000008cdcc871 state to 00000000c05353b9
07-22 21:31:18.388 0 0 D : [drm:drm_atomic_set_crtc_for_plane [drm]] Link plane state 00000000c1414379 to [CRTC:43:crtc-0]
07-22 21:31:18.388 0 0 D : [drm:drm_atomic_set_fb_for_plane [drm]] Set [FB:74] for plane state 00000000c1414379
07-22 21:31:18.388 0 0 D : [drm:drm_atomic_check_only [drm]] checking 00000000c05353b9
07-22 21:31:18.388 0 0 D : [drm:dm_update_planes_state [amdgpu]] Disabling DRM plane: 36 on DRM crtc 43
07-22 21:31:18.388 0 0 D : [drm:dm_update_planes_state [amdgpu]] Enabling DRM plane: 36 on DRM crtc 43
07-22 21:31:18.388 0 0 D : [drm:drm_atomic_state_default_clear [drm]] Clearing atomic state 00000000c05353b9
07-22 21:31:18.388 0 0 D : [drm:__drm_atomic_state_free [drm]] Freeing atomic state 00000000c05353b9
07-22 21:31:18.388 0 0 D : [drm:drm_atomic_state_init [drm]] Allocated atomic state 00000000d9e964b1
07-22 21:31:18.388 0 0 D : [drm:drm_atomic_get_plane_state [drm]] Added [PLANE:36:plane-0] 0000000073f6a83e state to 00000000d9e964b1
07-22 21:31:18.388 0 0 D : [drm:drm_atomic_get_crtc_state [drm]] Added [CRTC:43:crtc-0] 000000000a1c2172 state to 00000000d9e964b1
07-22 21:31:18.388 0 0 D : [drm:drm_atomic_set_crtc_for_plane [drm]] Link plane state 0000000073f6a83e to [CRTC:43:crtc-0]
07-22 21:31:18.388 0 0 D : [drm:drm_atomic_set_fb_for_plane [drm]] Set [FB:74] for plane state 0000000073f6a83e
07-22 21:31:18.388 0 0 D : [drm:drm_atomic_check_only [drm]] checking 00000000d9e964b1
07-22 21:31:18.388 0 0 D : [drm:dm_update_planes_state [amdgpu]] Disabling DRM plane: 36 on DRM crtc 43
07-22 21:31:18.388 0 0 D : [drm:dm_update_planes_state [amdgpu]] Enabling DRM plane: 36 on DRM crtc 43
07-22 21:31:18.388 0 0 D : [drm:drm_atomic_commit [drm]] committing 00000000d9e964b1
07-22 21:31:18.388 0 0 D : [drm:amdgpu_dm_atomic_commit_tail [amdgpu]] amdgpu_crtc id:0 crtc_state_flags: enable:1, active:1, planes_changed:1, mode_changed:0,active_changed:0,connectors_changed:0
07-22 21:31:18.388 0 0 D [drm:amdgpu_dm_atomic_commit_tail [amdgpu]] crtc: 0, pflip_stat:AMDGPU_FLIP_SUBMITTED
07-22 21:31:18.401 0 0 D : [drm:dm_pflip_high_irq [amdgpu]] dm_pflip_high_irq - crtc :0[00000000da4e46cc], pflip_stat:AMDGPU_FLIP_NONE
07-22 21:31:18.401 0 0 D : [drm:drm_atomic_state_default_clear [drm]] Clearing atomic state 00000000d9e964b1
07-22 21:31:18.401 0 0 D : [drm:__drm_atomic_state_free [drm]] Freeing atomic state 00000000d9e964b1
07-22 21:31:18.404 0 0 D [drm:drm_mode_addfb2 [drm]] [FB: 78]
07-22 21:31:18.404 0 0 D : [drm:drm_atomic_state_init [drm]] Allocated atomic state 000000003aacd7dc
07-22 21:31:18.404 0 0 D : [drm:drm_atomic_get_plane_state [drm]] Added [PLANE:36:plane-0] 00000000d722dd78 state to 000000003aacd7dc
07-22 21:31:18.404 0 0 D : [drm:drm_atomic_get_crtc_state [drm]] Added [CRTC:43:crtc-0] 0000000079eace6f state to 000000003aacd7dc
07-22 21:31:18.404 0 0 D : [drm:drm_atomic_set_crtc_for_plane [drm]] Link plane state 00000000d722dd78 to [CRTC:43:crtc-0]
07-22 21:31:18.404 0 0 D : [drm:drm_atomic_set_fb_for_plane [drm]] Set [FB:78] for plane state 00000000d722dd78
07-22 21:31:18.404 0 0 D : [drm:drm_atomic_check_only [drm]] checking 000000003aacd7dc
07-22 21:31:18.404 0 0 D : [drm:dm_update_planes_state [amdgpu]] Disabling DRM plane: 36 on DRM crtc 43
07-22 21:31:18.404 0 0 D : [drm:dm_update_planes_state [amdgpu]] Enabling DRM plane: 36 on DRM crtc 43
07-22 21:31:18.404 0 0 D : [drm:drm_atomic_state_default_clear [drm]] Clearing atomic state 000000003aacd7dc
07-22 21:31:18.404 0 0 D : [drm:__drm_atomic_state_free [drm]] Freeing atomic state 000000003aacd7dc
07-22 21:31:18.404 0 0 D : [drm:drm_atomic_state_init [drm]] Allocated atomic state 000000003972053d
07-22 21:31:18.404 0 0 D : [drm:drm_atomic_get_plane_state [drm]] Added [PLANE:36:plane-0] 00000000f04ea2cd state to 000000003972053d
07-22 21:31:18.404 0 0 D : [drm:drm_atomic_get_crtc_state [drm]] Added [CRTC:43:crtc-0] 000000006e05a062 state to 000000003972053d
07-22 21:31:18.404 0 0 D : [drm:drm_atomic_set_crtc_for_plane [drm]] Link plane state 00000000f04ea2cd to [CRTC:43:crtc-0]
07-22 21:31:18.404 0 0 D : [drm:drm_atomic_set_fb_for_plane [drm]] Set [FB:78] for plane state 00000000f04ea2cd
07-22 21:31:18.404 0 0 D : [drm:drm_atomic_check_only [drm]] checking 000000003972053d
07-22 21:31:18.404 0 0 D : [drm:dm_update_planes_state [amdgpu]] Disabling DRM plane: 36 on DRM crtc 43
07-22 21:31:18.404 0 0 D : [drm:dm_update_planes_state [amdgpu]] Enabling DRM plane: 36 on DRM crtc 43
07-22 21:31:18.404 0 0 D : [drm:drm_atomic_commit [drm]] committing 000000003972053d
07-22 21:31:18.404 0 0 D : [drm:amdgpu_dm_atomic_commit_tail [amdgpu]] amdgpu_crtc id:0 crtc_state_flags: enable:1, active:1, planes_changed:1, mode_changed:0,active_changed:0,connectors_changed:0
07-22 21:31:18.404 0 0 D [drm:amdgpu_dm_atomic_commit_tail [amdgpu]] crtc: 0, pflip_stat:AMDGPU_FLIP_SUBMITTED
07-22 21:31:18.417 0 0 D : [drm:dm_pflip_high_irq [amdgpu]] dm_pflip_high_irq - crtc :0[00000000da4e46cc], pflip_stat:AMDGPU_FLIP_NONE
07-22 21:31:18.417 0 0 D : [drm:drm_atomic_state_default_clear [drm]] Clearing atomic state 000000003972053d
07-22 21:31:18.417 0 0 D : [drm:__drm_atomic_state_free [drm]] Freeing atomic state 000000003972053d
07-22 21:31:18.420 0 0 D [drm:drm_mode_addfb2 [drm]] [FB: 74]
07-22 21:31:18.420 0 0 D : [drm:drm_atomic_state_init [drm]] Allocated atomic state 000000008998e664
07-22 21:31:18.420 0 0 D : [drm:drm_atomic_get_plane_state [drm]] Added [PLANE:36:plane-0] 0000000073f6a83e state to 000000008998e664
07-22 21:31:18.420 0 0 D : [drm:drm_atomic_get_crtc_state [drm]] Added [CRTC:43:crtc-0] 00000000ca42d1c8 state to 000000008998e664
07-22 21:31:18.420 0 0 D : [drm:drm_atomic_set_crtc_for_plane [drm]] Link plane state 0000000073f6a83e to [CRTC:43:crtc-0]
07-22 21:31:18.420 0 0 D : [drm:drm_atomic_set_fb_for_plane [drm]] Set [FB:74] for plane state 0000000073f6a83e
07-22 21:31:18.420 0 0 D : [drm:drm_atomic_check_only [drm]] checking 000000008998e664
07-22 21:31:18.420 0 0 D : [drm:dm_update_planes_state [amdgpu]] Disabling DRM plane: 36 on DRM crtc 43
07-22 21:31:18.420 0 0 D : [drm:dm_update_planes_state [amdgpu]] Enabling DRM plane: 36 on DRM crtc 43
07-22 21:31:18.421 0 0 D : [drm:drm_atomic_state_default_clear [drm]] Clearing atomic state 000000008998e664
07-22 21:31:18.421 0 0 D : [drm:__drm_atomic_state_free [drm]] Freeing atomic state 000000008998e664
07-22 21:31:18.421 0 0 D : [drm:drm_atomic_state_init [drm]] Allocated atomic state 000000008998e664
07-22 21:31:18.421 0 0 D : [drm:drm_atomic_get_plane_state [drm]] Added [PLANE:36:plane-0] 0000000073f6a83e state to 000000008998e664
07-22 21:31:18.421 0 0 D : [drm:drm_atomic_get_crtc_state [drm]] Added [CRTC:43:crtc-0] 00000000ab5abbb4 state to 000000008998e664
07-22 21:31:18.421 0 0 D : [drm:drm_atomic_set_crtc_for_plane [drm]] Link plane state 0000000073f6a83e to [CRTC:43:crtc-0]
07-22 21:31:18.421 0 0 D : [drm:drm_atomic_set_fb_for_plane [drm]] Set [FB:74] for plane state 0000000073f6a83e
07-22 21:31:18.421 0 0 D : [drm:drm_atomic_check_only [drm]] checking 000000008998e664
07-22 21:31:18.421 0 0 D : [drm:dm_update_planes_state [amdgpu]] Disabling DRM plane: 36 on DRM crtc 43
07-22 21:31:18.421 0 0 D : [drm:dm_update_planes_state [amdgpu]] Enabling DRM plane: 36 on DRM crtc 43
