07-22 21:31:20.037 0 0 D : [drm:drm_atomic_state_default_clear [drm]] Clearing atomic state 00000000e3ec482a
07-22 21:31:20.037 0 0 D : [drm:__drm_atomic_state_free [drm]] Freeing atomic state 00000000e3ec482a
07-22 21:31:20.037 0 0 D : [drm:drm_atomic_state_init [drm]] Allocated atomic state 00000000e3ec482a
07-22 21:31:20.037 0 0 D : [drm:drm_atomic_get_plane_state [drm]] Added [PLANE:36:plane-0] 00000000e7f24723 state to 00000000e3ec482a
07-22 21:31:20.037 0 0 D : [drm:drm_atomic_get_crtc_state [drm]] Added [CRTC:43:crtc-0] 000000008303978e state to 00000000e3ec482a
07-22 21:31:20.037 0 0 D : [drm:drm_atomic_set_crtc_for_plane [drm]] Link plane state 00000000e7f24723 to [CRTC:43:crtc-0]
07-22 21:31:20.037 0 0 D : [drm:drm_atomic_set_fb_for_plane [drm]] Set [FB:74] for plane state 00000000e7f24723
07-22 21:31:20.037 0 0 D : [drm:drm_atomic_check_only [drm]] checking 00000000e3ec482a
07-22 21:31:20.037 0 0 D : [drm:dm_update_planes_state [amdgpu]] Disabling DRM plane: 36 on DRM crtc 43
07-22 21:31:20.037 0 0 D : [drm:dm_update_planes_state [amdgpu]] Enabling DRM plane: 36 on DRM crtc 43
07-22 21:31:20.037 0 0 D : [drm:drm_atomic_commit [drm]] committing 00000000e3ec482a
07-22 21:31:20.037 0 0 D : [drm:amdgpu_dm_atomic_commit_tail [amdgpu]] amdgpu_crtc id:0 crtc_state_flags: enable:1, active:1, planes_changed:1, mode_changed:0,active_changed:0,connectors_changed:0
07-22 21:31:20.037 0 0 D [drm:amdgpu_dm_atomic_commit_tail [amdgpu]] crtc: 0, pflip_stat:AMDGPU_FLIP_SUBMITTED
07-22 21:31:19.717 5059 5059 W linker : "/data/app/com.google.android.gms-p3w4FLvKx9PJegDTyxevqg==/lib/x86_64/libconscrypt_gmscore_jni.so" unused DT entry: type 0xf arg 0x10b
07-22 21:31:19.718 5059 5059 V NativeCrypto: Registering com/google/android/gms/org/conscrypt/NativeCrypto's 283 native methods...
07-22 21:31:19.718 4695 5051 I com.futuremark.dmandroid.StateMachine: Firing DISCOVERY_UPDATE_INFO:NO_UPDATE
07-22 21:31:19.719 4695 5051 I com.futuremark.dmandroid.StateMachine: Firing DISCOVERY_ENGINE:INSTALLED_COMPLETED
07-22 21:31:19.724 5059 5059 D NetworkSecurityConfig: Using Network Security Config from resource network_security_config debugBuild: false
07-22 21:31:19.725 5059 5059 I ProviderInstaller: Installed default security provider GmsCore_OpenSSL
07-22 21:31:20.051 0 0 D : [drm:dm_pflip_high_irq [amdgpu]] dm_pflip_high_irq - crtc :0[00000000da4e46cc], pflip_stat:AMDGPU_FLIP_NONE
07-22 21:31:20.051 0 0 D : [drm:drm_atomic_state_default_clear [drm]] Clearing atomic state 00000000e3ec482a
07-22 21:31:20.051 0 0 D : [drm:__drm_atomic_state_free [drm]] Freeing atomic state 00000000e3ec482a
07-22 21:31:20.053 0 0 D [drm:drm_mode_addfb2 [drm]] [FB: 78]
07-22 21:31:20.053 0 0 D : [drm:drm_atomic_state_init [drm]] Allocated atomic state 00000000e3ec482a
07-22 21:31:20.053 0 0 D : [drm:drm_atomic_get_plane_state [drm]] Added [PLANE:36:plane-0] 000000004356c025 state to 00000000e3ec482a
07-22 21:31:20.053 0 0 D : [drm:drm_atomic_get_crtc_state [drm]] Added [CRTC:43:crtc-0] 000000008cdcc871 state to 00000000e3ec482a
07-22 21:31:20.053 0 0 D : [drm:drm_atomic_set_crtc_for_plane [drm]] Link plane state 000000004356c025 to [CRTC:43:crtc-0]
07-22 21:31:20.053 0 0 D : [drm:drm_atomic_set_fb_for_plane [drm]] Set [FB:78] for plane state 000000004356c025
07-22 21:31:20.053 0 0 D : [drm:drm_atomic_check_only [drm]] checking 00000000e3ec482a
07-22 21:31:20.053 0 0 D : [drm:dm_update_planes_state [amdgpu]] Disabling DRM plane: 36 on DRM crtc 43
07-22 21:31:20.053 0 0 D : [drm:dm_update_planes_state [amdgpu]] Enabling DRM plane: 36 on DRM crtc 43
07-22 21:31:20.053 0 0 D : [drm:drm_atomic_state_default_clear [drm]] Clearing atomic state 00000000e3ec482a
07-22 21:31:20.053 0 0 D : [drm:__drm_atomic_state_free [drm]] Freeing atomic state 00000000e3ec482a
07-22 21:31:20.053 0 0 D : [drm:drm_atomic_state_init [drm]] Allocated atomic state 000000009bde9a02
07-22 21:31:20.053 0 0 D : [drm:drm_atomic_get_plane_state [drm]] Added [PLANE:36:plane-0] 000000004356c025 state to 000000009bde9a02
07-22 21:31:20.053 0 0 D : [drm:drm_atomic_get_crtc_state [drm]] Added [CRTC:43:crtc-0] 0000000079eace6f state to 000000009bde9a02
07-22 21:31:20.053 0 0 D : [drm:drm_atomic_set_crtc_for_plane [drm]] Link plane state 000000004356c025 to [CRTC:43:crtc-0]
07-22 21:31:20.053 0 0 D : [drm:drm_atomic_set_fb_for_plane [drm]] Set [FB:78] for plane state 000000004356c025
07-22 21:31:20.053 0 0 D : [drm:drm_atomic_check_only [drm]] checking 000000009bde9a02
07-22 21:31:20.054 0 0 D : [drm:dm_update_planes_state [amdgpu]] Disabling DRM plane: 36 on DRM crtc 43
07-22 21:31:20.054 0 0 D : [drm:dm_update_planes_state [amdgpu]] Enabling DRM plane: 36 on DRM crtc 43
07-22 21:31:20.054 0 0 D : [drm:drm_atomic_commit [drm]] committing 000000009bde9a02
07-22 21:31:20.054 0 0 D : [drm:amdgpu_dm_atomic_commit_tail [amdgpu]] amdgpu_crtc id:0 crtc_state_flags: enable:1, active:1, planes_changed:1, mode_changed:0,active_changed:0,connectors_changed:0
07-22 21:31:20.054 0 0 D [drm:amdgpu_dm_atomic_commit_tail [amdgpu]] crtc: 0, pflip_stat:AMDGPU_FLIP_SUBMITTED
07-22 21:31:19.744 5059 5059 E zygote64: The String#value field is not present on Android versions >= 6.0
07-22 21:31:20.067 0 0 D : [drm:dm_pflip_high_irq [amdgpu]] dm_pflip_high_irq - crtc :0[00000000da4e46cc], pflip_stat:AMDGPU_FLIP_NONE
07-22 21:31:20.067 0 0 D : [drm:drm_atomic_state_default_clear [drm]] Clearing atomic state 000000009bde9a02
07-22 21:31:20.067 0 0 D : [drm:__drm_atomic_state_free [drm]] Freeing atomic state 000000009bde9a02
07-22 21:31:20.070 0 0 D [drm:drm_mode_addfb2 [drm]] [FB: 74]
07-22 21:31:20.070 0 0 D : [drm:drm_atomic_state_init [drm]] Allocated atomic state 000000003da4c69d
07-22 21:31:20.070 0 0 D : [drm:drm_atomic_get_plane_state [drm]] Added [PLANE:36:plane-0] 00000000e7f24723 state to 000000003da4c69d
07-22 21:31:20.070 0 0 D : [drm:drm_atomic_get_crtc_state [drm]] Added [CRTC:43:crtc-0] 000000008303978e state to 000000003da4c69d
07-22 21:31:20.070 0 0 D : [drm:drm_atomic_set_crtc_for_plane [drm]] Link plane state 00000000e7f24723 to [CRTC:43:crtc-0]
07-22 21:31:20.070 0 0 D : [drm:drm_atomic_set_fb_for_plane [drm]] Set [FB:74] for plane state 00000000e7f24723
07-22 21:31:20.070 0 0 D : [drm:drm_atomic_check_only [drm]] checking 000000003da4c69d
07-22 21:31:20.070 0 0 D : [drm:dm_update_planes_state [amdgpu]] Disabling DRM plane: 36 on DRM crtc 43
07-22 21:31:20.071 0 0 D : [drm:dm_update_planes_state [amdgpu]] Enabling DRM plane: 36 on DRM crtc 43
07-22 21:31:20.071 0 0 D : [drm:drm_atomic_state_default_clear [drm]] Clearing atomic state 000000003da4c69d
07-22 21:31:20.071 0 0 D : [drm:__drm_atomic_state_free [drm]] Freeing atomic state 000000003da4c69d
07-22 21:31:20.071 0 0 D : [drm:drm_atomic_state_init [drm]] Allocated atomic state 00000000f71c7ae4
07-22 21:31:20.071 0 0 D : [drm:drm_atomic_get_plane_state [drm]] Added [PLANE:36:plane-0] 00000000e7f24723 state to 00000000f71c7ae4
07-22 21:31:20.071 0 0 D : [drm:drm_atomic_get_crtc_state [drm]] Added [CRTC:43:crtc-0] 0000000047d54551 state to 00000000f71c7ae4
07-22 21:31:20.071 0 0 D : [drm:drm_atomic_set_crtc_for_plane [drm]] Link plane state 00000000e7f24723 to [CRTC:43:crtc-0]
07-22 21:31:20.071 0 0 D : [drm:drm_atomic_set_fb_for_plane [drm]] Set [FB:74] for plane state 00000000e7f24723
07-22 21:31:20.071 0 0 D : [drm:drm_atomic_check_only [drm]] checking 00000000f71c7ae4
07-22 21:31:20.071 0 0 D : [drm:dm_update_planes_state [amdgpu]] Disabling DRM plane: 36 on DRM crtc 43
07-22 21:31:20.071 0 0 D : [drm:dm_update_planes_state [amdgpu]] Enabling DRM plane: 36 on DRM crtc 43
07-22 21:31:20.071 0 0 D : [drm:drm_atomic_commit [drm]] committing 00000000f71c7ae4
07-22 21:31:20.071 0 0 D : [drm:amdgpu_dm_atomic_commit_tail [amdgpu]] amdgpu_crtc id:0 crtc_state_flags: enable:1, active:1, planes_changed:1, mode_changed:0,active_changed:0,connectors_changed:0
07-22 21:31:20.071 0 0 D [drm:amdgpu_dm_atomic_commit_tail [amdgpu]] crtc: 0, pflip_stat:AMDGPU_FLIP_SUBMITTED
07-22 21:31:19.750 5059 5059 W Primes : Primes not initialized, returning default (no-op) Primes instance which will ignore all calls. Please call Primes.initialize(...) before using any Primes API.
07-22 21:31:20.084 0 0 D : [drm:dm_pflip_high_irq [amdgpu]] dm_pflip_high_irq - crtc :0[00000000da4e46cc], pflip_stat:AMDGPU_FLIP_NONE
07-22 21:31:20.084 0 0 D : [drm:drm_atomic_state_default_clear [drm]] Clearing atomic state 00000000f71c7ae4
07-22 21:31:20.084 0 0 D : [drm:__drm_atomic_state_free [drm]] Freeing atomic state 00000000f71c7ae4
07-22 21:31:20.086 0 0 D [drm:drm_mode_addfb2 [drm]] [FB: 78]
07-22 21:31:20.087 0 0 D : [drm:drm_atomic_state_init [drm]] Allocated atomic state 00000000b0293359
07-22 21:31:20.087 0 0 D : [drm:drm_atomic_get_plane_state [drm]] Added [PLANE:36:plane-0] 000000004356c025 state to 00000000b0293359
07-22 21:31:20.087 0 0 D : [drm:drm_atomic_get_crtc_state [drm]] Added [CRTC:43:crtc-0] 0000000079eace6f state to 00000000b0293359
07-22 21:31:20.087 0 0 D : [drm:drm_atomic_set_crtc_for_plane [drm]] Link plane state 000000004356c025 to [CRTC:43:crtc-0]
07-22 21:31:20.087 0 0 D : [drm:drm_atomic_set_fb_for_plane [drm]] Set [FB:78] for plane state 000000004356c025
07-22 21:31:20.087 0 0 D : [drm:drm_atomic_check_only [drm]] checking 00000000b0293359
07-22 21:31:20.087 0 0 D : [drm:dm_update_planes_state [amdgpu]] Disabling DRM plane: 36 on DRM crtc 43
07-22 21:31:20.087 0 0 D : [drm:dm_update_planes_state [amdgpu]] Enabling DRM plane: 36 on DRM crtc 43
07-22 21:31:20.087 0 0 D : [drm:drm_atomic_state_default_clear [drm]] Clearing atomic state 00000000b0293359
07-22 21:31:20.087 0 0 D : [drm:__drm_atomic_state_free [drm]] Freeing atomic state 00000000b0293359
07-22 21:31:20.087 0 0 D : [drm:drm_atomic_state_init [drm]] Allocated atomic state 00000000b0293359
07-22 21:31:20.087 0 0 D : [drm:drm_atomic_get_plane_state [drm]] Added [PLANE:36:plane-0] 000000004356c025 state to 00000000b0293359
07-22 21:31:20.087 0 0 D : [drm:drm_atomic_get_crtc_state [drm]] Added [CRTC:43:crtc-0] 000000001f60d47b state to 00000000b0293359
07-22 21:31:20.087 0 0 D : [drm:drm_atomic_set_crtc_for_plane [drm]] Link plane state 000000004356c025 to [CRTC:43:crtc-0]
07-22 21:31:20.087 0 0 D : [drm:drm_atomic_set_fb_for_plane [drm]] Set [FB:78] for plane state 000000004356c025
07-22 21:31:20.087 0 0 D : [drm:drm_atomic_check_only [drm]] checking 00000000b0293359
07-22 21:31:20.087 0 0 D : [drm:dm_update_planes_state [amdgpu]] Disabling DRM plane: 36 on DRM crtc 43
07-22 21:31:20.087 0 0 D : [drm:dm_update_planes_state [amdgpu]] Enabling DRM plane: 36 on DRM crtc 43
07-22 21:31:20.087 0 0 D : [drm:drm_atomic_commit [drm]] committing 00000000b0293359
07-22 21:31:20.087 0 0 D : [drm:amdgpu_dm_atomic_commit_tail [amdgpu]] amdgpu_crtc id:0 crtc_state_flags: enable:1, active:1, planes_changed:1, mode_changed:0,active_changed:0,connectors_changed:0
07-22 21:31:20.087 0 0 D [drm:amdgpu_dm_atomic_commit_tail [amdgpu]] crtc: 0, pflip_stat:AMDGPU_FLIP_SUBMITTED
07-22 21:31:19.770 2546 2546 D StatusBar: disable
07-22 21:31:19.770 2546 2546 I auditd : type=1400 audit(0.0:834): avc: denied { ioctl } for comm="RenderThread" path="/dev/dri/renderD128" dev="tmpfs" ino=8697 ioctlcmd=0x642e scontext=u:r:platform_app:s0:c512,c768 tcontext=u:object_r:device:s0 tclass=chr_file permissive=1
07-22 21:31:19.770 2546 2546 I RenderThread: type=1400 audit(0.0:834): avc: denied { ioctl } for path="/dev/dri/renderD128" dev="tmpfs" ino=8697 ioctlcmd=0x642e scontext=u:r:platform_app:s0:c512,c768 tcontext=u:object_r:device:s0 tclass=chr_file permissive=1
07-22 21:31:19.775 4695 4695 D com.futuremark.dmandroid.BenchmarkFragment: BenchmarkFragment|onCreateView|TPTs:[SLING_SHOT_ES_30, SLING_SHOT_ES_30_UNLIMITED]|dlc:slingshot-android-data
07-22 21:31:20.101 0 0 D : [drm:dm_pflip_high_irq [amdgpu]] dm_pflip_high_irq - crtc :0[00000000da4e46cc], pflip_stat:AMDGPU_FLIP_NONE
07-22 21:31:20.101 0 0 D : [drm:drm_atomic_state_default_clear [drm]] Clearing atomic state 00000000b0293359
07-22 21:31:20.101 0 0 D : [drm:__drm_atomic_state_free [drm]] Freeing atomic state 00000000b0293359
07-22 21:31:20.103 0 0 D [drm:drm_mode_addfb2 [drm]] [FB: 74]
07-22 21:31:20.103 0 0 D : [drm:drm_atomic_state_init [drm]] Allocated atomic state 00000000a18fea49
07-22 21:31:20.103 0 0 D : [drm:drm_atomic_get_plane_state [drm]] Added [PLANE:36:plane-0] 00000000e7f24723 state to 00000000a18fea49
07-22 21:31:20.103 0 0 D : [drm:drm_atomic_get_crtc_state [drm]] Added [CRTC:43:crtc-0] 0000000047d54551 state to 00000000a18fea49
07-22 21:31:20.103 0 0 D : [drm:drm_atomic_set_crtc_for_plane [drm]] Link plane state 00000000e7f24723 to [CRTC:43:crtc-0]
07-22 21:31:20.103 0 0 D : [drm:drm_atomic_set_fb_for_plane [drm]] Set [FB:74] for plane state 00000000e7f24723
07-22 21:31:20.103 0 0 D : [drm:drm_atomic_check_only [drm]] checking 00000000a18fea49
07-22 21:31:20.103 0 0 D : [drm:dm_update_planes_state [amdgpu]] Disabling DRM plane: 36 on DRM crtc 43
07-22 21:31:20.103 0 0 D : [drm:dm_update_planes_state [amdgpu]] Enabling DRM plane: 36 on DRM crtc 43
07-22 21:31:20.103 0 0 D : [drm:drm_atomic_state_default_clear [drm]] Clearing atomic state 00000000a18fea49
07-22 21:31:20.103 0 0 D : [drm:__drm_atomic_state_free [drm]] Freeing atomic state 00000000a18fea49
07-22 21:31:20.103 0 0 D : [drm:drm_atomic_state_init [drm]] Allocated atomic state 00000000a18fea49
07-22 21:31:20.103 0 0 D : [drm:drm_atomic_get_plane_state [drm]] Added [PLANE:36:plane-0] 00000000e7f24723 state to 00000000a18fea49
07-22 21:31:20.103 0 0 D : [drm:drm_atomic_get_crtc_state [drm]] Added [CRTC:43:crtc-0] 00000000e76cde76 state to 00000000a18fea49
07-22 21:31:20.103 0 0 D : [drm:drm_atomic_set_crtc_for_plane [drm]] Link plane state 00000000e7f24723 to [CRTC:43:crtc-0]
07-22 21:31:20.103 0 0 D : [drm:drm_atomic_set_fb_for_plane [drm]] Set [FB:74] for plane state 00000000e7f24723
07-22 21:31:20.104 0 0 D : [drm:drm_atomic_check_only [drm]] checking 00000000a18fea49
07-22 21:31:20.104 0 0 D : [drm:dm_update_planes_state [amdgpu]] Disabling DRM plane: 36 on DRM crtc 43
07-22 21:31:20.104 0 0 D : [drm:dm_update_planes_state [amdgpu]] Enabling DRM plane: 36 on DRM crtc 43
07-22 21:31:20.104 0 0 D : [drm:drm_atomic_commit [drm]] committing 00000000a18fea49
07-22 21:31:20.104 0 0 D : [drm:amdgpu_dm_atomic_commit_tail [amdgpu]] amdgpu_crtc id:0 crtc_state_flags: enable:1, active:1, planes_changed:1, mode_changed:0,active_changed:0,connectors_changed:0
07-22 21:31:20.104 0 0 D [drm:amdgpu_dm_atomic_commit_tail [amdgpu]] crtc: 0, pflip_stat:AMDGPU_FLIP_SUBMITTED
07-22 21:31:20.117 0 0 D : [drm:dm_pflip_high_irq [amdgpu]] dm_pflip_high_irq - crtc :0[00000000da4e46cc], pflip_stat:AMDGPU_FLIP_NONE
07-22 21:31:20.117 0 0 D : [drm:drm_atomic_state_default_clear [drm]] Clearing atomic state 00000000a18fea49
07-22 21:31:20.117 0 0 D : [drm:__drm_atomic_state_free [drm]] Freeing atomic state 00000000a18fea49
07-22 21:31:19.800 3125 3540 W zygote64: Long monitor contention with owner lowpool[14] (5026) at void wtw.a(wrz, boolean)(:com.google.android.gms@12872027@12.8.72 (040800-202717283):2) waiters=0 in void wtw.a(wts, wrj) for 381ms
07-22 21:31:19.800 3125 3540 I dvm_lock_sample: [com.google.android.gms.persisten,0,netscheduler-queue-handler,381,:com.google.android.gms@12872027@12.8.72 (040800-202717283),124,void wtw.a(wts, wrj),-,2,void wtw.a(wrz, boolean),76]
07-22 21:31:20.124 0 0 D [drm:drm_mode_addfb2 [drm]] [FB: 78]
07-22 21:31:20.124 0 0 D : [drm:drm_atomic_state_init [drm]] Allocated atomic state 000000003972053d
07-22 21:31:20.124 0 0 D : [drm:drm_atomic_get_plane_state [drm]] Added [PLANE:36:plane-0] 000000004356c025 state to 000000003972053d
07-22 21:31:20.124 0 0 D : [drm:drm_atomic_get_crtc_state [drm]] Added [CRTC:43:crtc-0] 000000002b419c2e state to 000000003972053d
07-22 21:31:20.124 0 0 D : [drm:drm_atomic_set_crtc_for_plane [drm]] Link plane state 000000004356c025 to [CRTC:43:crtc-0]
07-22 21:31:20.124 0 0 D : [drm:drm_atomic_set_fb_for_plane [drm]] Set [FB:78] for plane state 000000004356c025
07-22 21:31:20.124 0 0 D : [drm:drm_atomic_check_only [drm]] checking 000000003972053d
07-22 21:31:20.125 0 0 D : [drm:dm_update_planes_state [amdgpu]] Disabling DRM plane: 36 on DRM crtc 43
07-22 21:31:20.125 0 0 D : [drm:dm_update_planes_state [amdgpu]] Enabling DRM plane: 36 on DRM crtc 43
07-22 21:31:20.125 0 0 D : [drm:drm_atomic_state_default_clear [drm]] Clearing atomic state 000000003972053d
07-22 21:31:20.125 0 0 D : [drm:__drm_atomic_state_free [drm]] Freeing atomic state 000000003972053d
07-22 21:31:20.125 0 0 D : [drm:drm_atomic_state_init [drm]] Allocated atomic state 000000003972053d
07-22 21:31:20.125 0 0 D : [drm:drm_atomic_get_plane_state [drm]] Added [PLANE:36:plane-0] 000000004356c025 state to 000000003972053d
07-22 21:31:20.125 0 0 D : [drm:drm_atomic_get_crtc_state [drm]] Added [CRTC:43:crtc-0] 000000001f60d47b state to 000000003972053d
07-22 21:31:20.125 0 0 D : [drm:drm_atomic_set_crtc_for_plane [drm]] Link plane state 000000004356c025 to [CRTC:43:crtc-0]
07-22 21:31:20.125 0 0 D : [drm:drm_atomic_set_fb_for_plane [drm]] Set [FB:78] for plane state 000000004356c025
07-22 21:31:20.125 0 0 D : [drm:drm_atomic_check_only [drm]] checking 000000003972053d
07-22 21:31:20.125 0 0 D : [drm:dm_update_planes_state [amdgpu]] Disabling DRM plane: 36 on DRM crtc 43
07-22 21:31:20.125 0 0 D : [drm:dm_update_planes_state [amdgpu]] Enabling DRM plane: 36 on DRM crtc 43
07-22 21:31:20.125 0 0 D : [drm:drm_atomic_commit [drm]] committing 000000003972053d
07-22 21:31:20.125 0 0 D : [drm:amdgpu_dm_atomic_commit_tail [amdgpu]] amdgpu_crtc id:0 crtc_state_flags: enable:1, active:1, planes_changed:1, mode_changed:0,active_changed:0,connectors_changed:0
07-22 21:31:20.125 0 0 D [drm:amdgpu_dm_atomic_commit_tail [amdgpu]] crtc: 0, pflip_stat:AMDGPU_FLIP_SUBMITTED
07-22 21:31:19.809 5059 5059 I AppCompatDelegate: Failed to instantiate custom view inflater androidx.appcompat.app.AppCompatViewInflater. Falling back to default.
07-22 21:31:19.809 5059 5059 I AppCompatDelegate: java.lang.ClassNotFoundException: androidx.appcompat.app.AppCompatViewInflater
07-22 21:31:19.809 5059 5059 I AppCompatDelegate: at java.lang.Class.classForName(Native Method)
07-22 21:31:19.809 5059 5059 I AppCompatDelegate: at java.lang.Class.forName(Class.java:453)
07-22 21:31:19.809 5059 5059 I AppCompatDelegate: at java.lang.Class.forName(Class.java:378)
07-22 21:31:19.809 5059 5059 I AppCompatDelegate: at android.support.v7.app.AppCompatDelegateImpl.a(:com.google.android.gms@12872027@12.8.72 (040800-202717283):1)
07-22 21:31:19.809 5059 5059 I AppCompatDelegate: at android.support.v7.app.AppCompatDelegateImpl.onCreateView(:com.google.android.gms@12872027@12.8.72 (040800-202717283):1)
07-22 21:31:19.809 5059 5059 I AppCompatDelegate: at android.view.LayoutInflater.createViewFromTag(LayoutInflater.java:772)
07-22 21:31:19.809 5059 5059 I AppCompatDelegate: at android.view.LayoutInflater.createViewFromTag(LayoutInflater.java:730)
07-22 21:31:19.809 5059 5059 I AppCompatDelegate: at android.view.LayoutInflater.inflate(LayoutInflater.java:492)
07-22 21:31:19.809 5059 5059 I AppCompatDelegate: at android.view.LayoutInflater.inflate(LayoutInflater.java:423)
07-22 21:31:19.809 5059 5059 I AppCompatDelegate: at android.view.LayoutInflater.inflate(LayoutInflater.java:374)
07-22 21:31:19.809 5059 5059 I AppCompatDelegate: at com.android.internal.policy.DecorView.onResourcesLoaded(DecorView.java:1933)
07-22 21:31:19.809 5059 5059 I AppCompatDelegate: at com.android.internal.policy.PhoneWindow.generateLayout(PhoneWindow.java:2586)
07-22 21:31:19.809 5059 5059 I AppCompatDelegate: at com.android.internal.policy.PhoneWindow.installDecor(PhoneWindow.java:2659)
07-22 21:31:19.809 5059 5059 I AppCompatDelegate: at com.android.internal.policy.PhoneWindow.getDecorView(PhoneWindow.java:2067)
07-22 21:31:19.809 5059 5059 I AppCompatDelegate: at android.support.v7.app.AppCompatDelegateImpl.n(:com.google.android.gms@12872027@12.8.72 (040800-202717283):8)
07-22 21:31:19.809 5059 5059 I AppCompatDelegate: at android.support.v7.app.AppCompatDelegateImpl.p(:com.google.android.gms@12872027@12.8.72 (040800-202717283):1)
07-22 21:31:19.809 5059 5059 I AppCompatDelegate: at android.support.v7.app.AppCompatDelegateImpl.c(:com.google.android.gms@12872027@12.8.72 (040800-202717283):1)
07-22 21:31:19.809 5059 5059 I AppCompatDelegate: at xbk.a(:com.google.android.gms@12872027@12.8.72 (040800-202717283):119)
07-22 21:31:19.809 5059 5059 I AppCompatDelegate: at com.google.android.gms.feedback.FeedbackChimeraActivity.onCreate(:com.google.android.gms@12872027@12.8.72 (040800-202717283):8)
07-22 21:31:19.809 5059 5059 I AppCompatDelegate: at com.google.android.chimera.Activity.publicOnCreate(Unknown Source:0)
07-22 21:31:19.809 5059 5059 I AppCompatDelegate: at ddv.onCreate(:com.google.android.gms@12872027@12.8.72 (040800-202717283):5)
07-22 21:31:19.809 5059 5059 I AppCompatDelegate: at android.app.Activity.performCreate(Activity.java:7019)
07-22 21:31:19.809 5059 5059 I AppCompatDelegate: at android.app.Activity.performCreate(Activity.java:7010)
07-22 21:31:19.809 5059 5059 I AppCompatDelegate: at android.app.Instrumentation.callActivityOnCreate(Instrumentation.java:1214)
07-22 21:31:19.809 5059 5059 I AppCompatDelegate: at android.app.ActivityThread.performLaunchActivity(ActivityThread.java:2731)
07-22 21:31:19.809 5059 5059 I AppCompatDelegate: at android.app.ActivityThread.handleLaunchActivity(ActivityThread.java:2856)
07-22 21:31:19.809 5059 5059 I AppCompatDelegate: at android.app.ActivityThread.-wrap11(Unknown Source:0)
07-22 21:31:19.809 5059 5059 I AppCompatDelegate: at android.app.ActivityThread$H.handleMessage(ActivityThread.java:1589)
07-22 21:31:19.809 5059 5059 I AppCompatDelegate: at android.os.Handler.dispatchMessage(Handler.java:106)
07-22 21:31:19.809 5059 5059 I AppCompatDelegate: at android.os.Looper.loop(Looper.java:164)
07-22 21:31:19.809 5059 5059 I AppCompatDelegate: at android.app.ActivityThread.main(ActivityThread.java:6494)
07-22 21:31:19.809 5059 5059 I AppCompatDelegate: at java.lang.reflect.Method.invoke(Native Method)
07-22 21:31:19.809 5059 5059 I AppCompatDelegate: at com.android.internal.os.RuntimeInit$MethodAndArgsCaller.run(RuntimeInit.java:463)
07-22 21:31:19.809 5059 5059 I AppCompatDelegate: at com.android.internal.os.ZygoteInit.main(ZygoteInit.java:807)
07-22 21:31:19.809 5059 5059 I AppCompatDelegate: Caused by: java.lang.ClassNotFoundException: Didn't find class "androidx.appcompat.app.AppCompatViewInflater" on path: DexPathList[[zip file "/system/framework/com.android.media.remotedisplay.jar", zip file "/system/framework/com.android.location.provider.jar", zip file "/data/app/com.google.android.gms-p3w4FLvKx9PJegDTyxevqg==/base.apk"],nativeLibraryDirectories=[/data/app/com.google.android.gms-p3w4FLvKx9PJegDTyxevqg==/lib/x86_64, /data/app/com.google.android.gms-p3w4FLvKx9PJegDTyxevqg==/base.apk!/lib/x86_64, /system/lib64, /system/vendor/lib64]]
07-22 21:31:19.809 5059 5059 I AppCompatDelegate: at dalvik.system.BaseDexClassLoader.findClass(BaseDexClassLoader.java:125)
07-22 21:31:19.809 5059 5059 I AppCompatDelegate: at java.lang.ClassLoader.loadClass(ClassLoader.java:379)
07-22 21:31:19.809 5059 5059 I AppCompatDelegate: at java.lang.ClassLoader.loadClass(ClassLoader.java:312)
07-22 21:31:19.809 5059 5059 I AppCompatDelegate: ... 34 more
07-22 21:31:20.134 0 0 D : [drm:dm_pflip_high_irq [amdgpu]] dm_pflip_high_irq - crtc :0[00000000da4e46cc], pflip_stat:AMDGPU_FLIP_NONE
07-22 21:31:20.134 0 0 D : [drm:drm_atomic_state_default_clear [drm]] Clearing atomic state 000000003972053d
07-22 21:31:20.134 0 0 D : [drm:__drm_atomic_state_free [drm]] Freeing atomic state 000000003972053d
07-22 21:31:20.137 0 0 D [drm:drm_mode_addfb2 [drm]] [FB: 74]
07-22 21:31:20.137 0 0 D : [drm:drm_atomic_state_init [drm]] Allocated atomic state 0000000038696bf6
07-22 21:31:20.137 0 0 D : [drm:drm_atomic_get_plane_state [drm]] Added [PLANE:36:plane-0] 00000000e7f24723 state to 0000000038696bf6
07-22 21:31:20.137 0 0 D : [drm:drm_atomic_get_crtc_state [drm]] Added [CRTC:43:crtc-0] 00000000e76cde76 state to 0000000038696bf6
07-22 21:31:20.137 0 0 D : [drm:drm_atomic_set_crtc_for_plane [drm]] Link plane state 00000000e7f24723 to [CRTC:43:crtc-0]
07-22 21:31:20.137 0 0 D : [drm:drm_atomic_set_fb_for_plane [drm]] Set [FB:74] for plane state 00000000e7f24723
07-22 21:31:20.137 0 0 D : [drm:drm_atomic_check_only [drm]] checking 0000000038696bf6
07-22 21:31:20.137 0 0 D : [drm:dm_update_planes_state [amdgpu]] Disabling DRM plane: 36 on DRM crtc 43
07-22 21:31:20.137 0 0 D : [drm:dm_update_planes_state [amdgpu]] Enabling DRM plane: 36 on DRM crtc 43
07-22 21:31:20.137 0 0 D : [drm:drm_atomic_state_default_clear [drm]] Clearing atomic state 0000000038696bf6
07-22 21:31:20.137 0 0 D : [drm:__drm_atomic_state_free [drm]] Freeing atomic state 0000000038696bf6
07-22 21:31:20.137 0 0 D : [drm:drm_atomic_state_init [drm]] Allocated atomic state 0000000038696bf6
07-22 21:31:20.137 0 0 D : [drm:drm_atomic_get_plane_state [drm]] Added [PLANE:36:plane-0] 00000000e7f24723 state to 0000000038696bf6
07-22 21:31:20.137 0 0 D : [drm:drm_atomic_get_crtc_state [drm]] Added [CRTC:43:crtc-0] 00000000c5b82447 state to 0000000038696bf6
07-22 21:31:20.137 0 0 D : [drm:drm_atomic_set_crtc_for_plane [drm]] Link plane state 00000000e7f24723 to [CRTC:43:crtc-0]
07-22 21:31:20.137 0 0 D : [drm:drm_atomic_set_fb_for_plane [drm]] Set [FB:74] for plane state 00000000e7f24723
07-22 21:31:20.137 0 0 D : [drm:drm_atomic_check_only [drm]] checking 0000000038696bf6
07-22 21:31:20.137 0 0 D : [drm:dm_update_planes_state [amdgpu]] Disabling DRM plane: 36 on DRM crtc 43
07-22 21:31:20.137 0 0 D : [drm:dm_update_planes_state [amdgpu]] Enabling DRM plane: 36 on DRM crtc 43
07-22 21:31:20.138 0 0 D : [drm:drm_atomic_commit [drm]] committing 0000000038696bf6
07-22 21:31:20.138 0 0 D : [drm:amdgpu_dm_atomic_commit_tail [amdgpu]] amdgpu_crtc id:0 crtc_state_flags: enable:1, active:1, planes_changed:1, mode_changed:0,active_changed:0,connectors_changed:0
07-22 21:31:20.138 0 0 D [drm:amdgpu_dm_atomic_commit_tail [amdgpu]] crtc: 0, pflip_stat:AMDGPU_FLIP_SUBMITTED
07-22 21:31:20.151 0 0 D : [drm:dm_pflip_high_irq [amdgpu]] dm_pflip_high_irq - crtc :0[00000000da4e46cc], pflip_stat:AMDGPU_FLIP_NONE
07-22 21:31:20.151 0 0 D : [drm:drm_atomic_state_default_clear [drm]] Clearing atomic state 0000000038696bf6
07-22 21:31:20.151 0 0 D : [drm:__drm_atomic_state_free [drm]] Freeing atomic state 0000000038696bf6
07-22 21:31:20.154 0 0 D [drm:drm_mode_addfb2 [drm]] [FB: 78]
07-22 21:31:20.154 0 0 D : [drm:drm_atomic_state_init [drm]] Allocated atomic state 00000000c4b8699d
07-22 21:31:20.154 0 0 D : [drm:drm_atomic_get_plane_state [drm]] Added [PLANE:36:plane-0] 000000004356c025 state to 00000000c4b8699d
07-22 21:31:20.154 0 0 D : [drm:drm_atomic_get_crtc_state [drm]] Added [CRTC:43:crtc-0] 0000000072a80d06 state to 00000000c4b8699d
07-22 21:31:20.154 0 0 D : [drm:drm_atomic_set_crtc_for_plane [drm]] Link plane state 000000004356c025 to [CRTC:43:crtc-0]
07-22 21:31:20.154 0 0 D : [drm:drm_atomic_set_fb_for_plane [drm]] Set [FB:78] for plane state 000000004356c025
07-22 21:31:20.154 0 0 D : [drm:drm_atomic_check_only [drm]] checking 00000000c4b8699d
07-22 21:31:20.154 0 0 D : [drm:dm_update_planes_state [amdgpu]] Disabling DRM plane: 36 on DRM crtc 43
07-22 21:31:20.154 0 0 D : [drm:dm_update_planes_state [amdgpu]] Enabling DRM plane: 36 on DRM crtc 43
07-22 21:31:20.154 0 0 D : [drm:drm_atomic_state_default_clear [drm]] Clearing atomic state 00000000c4b8699d
07-22 21:31:20.154 0 0 D : [drm:__drm_atomic_state_free [drm]] Freeing atomic state 00000000c4b8699d
07-22 21:31:20.154 0 0 D : [drm:drm_atomic_state_init [drm]] Allocated atomic state 00000000c4b8699d
07-22 21:31:20.154 0 0 D : [drm:drm_atomic_get_plane_state [drm]] Added [PLANE:36:plane-0] 000000004356c025 state to 00000000c4b8699d
07-22 21:31:20.154 0 0 D : [drm:drm_atomic_get_crtc_state [drm]] Added [CRTC:43:crtc-0] 00000000ae77dac3 state to 00000000c4b8699d
07-22 21:31:20.154 0 0 D : [drm:drm_atomic_set_crtc_for_plane [drm]] Link plane state 000000004356c025 to [CRTC:43:crtc-0]
07-22 21:31:20.154 0 0 D : [drm:drm_atomic_set_fb_for_plane [drm]] Set [FB:78] for plane state 000000004356c025
07-22 21:31:20.154 0 0 D : [drm:drm_atomic_check_only [drm]] checking 00000000c4b8699d
07-22 21:31:20.154 0 0 D : [drm:dm_update_planes_state [amdgpu]] Disabling DRM plane: 36 on DRM crtc 43
07-22 21:31:20.154 0 0 D : [drm:dm_update_planes_state [amdgpu]] Enabling DRM plane: 36 on DRM crtc 43
07-22 21:31:20.154 0 0 D : [drm:drm_atomic_commit [drm]] committing 00000000c4b8699d
07-22 21:31:20.154 0 0 D : [drm:amdgpu_dm_atomic_commit_tail [amdgpu]] amdgpu_crtc id:0 crtc_state_flags: enable:1, active:1, planes_changed:1, mode_changed:0,active_changed:0,connectors_changed:0
07-22 21:31:20.154 0 0 D [drm:amdgpu_dm_atomic_commit_tail [amdgpu]] crtc: 0, pflip_stat:AMDGPU_FLIP_SUBMITTED
07-22 21:31:20.167 0 0 D : [drm:dm_pflip_high_irq [amdgpu]] dm_pflip_high_irq - crtc :0[00000000da4e46cc], pflip_stat:AMDGPU_FLIP_NONE
07-22 21:31:20.167 0 0 D : [drm:drm_atomic_state_default_clear [drm]] Clearing atomic state 00000000c4b8699d
07-22 21:31:20.167 0 0 D : [drm:__drm_atomic_state_free [drm]] Freeing atomic state 00000000c4b8699d
07-22 21:31:20.174 0 0 D [drm:drm_mode_addfb2 [drm]] [FB: 74]
07-22 21:31:20.174 0 0 D : [drm:drm_atomic_state_init [drm]] Allocated atomic state 00000000cd319e84
07-22 21:31:20.174 0 0 D : [drm:drm_atomic_get_plane_state [drm]] Added [PLANE:36:plane-0] 00000000e7f24723 state to 00000000cd319e84
07-22 21:31:20.174 0 0 D : [drm:drm_atomic_get_crtc_state [drm]] Added [CRTC:43:crtc-0] 000000005ae0b157 state to 00000000cd319e84
07-22 21:31:20.174 0 0 D : [drm:drm_atomic_set_crtc_for_plane [drm]] Link plane state 00000000e7f24723 to [CRTC:43:crtc-0]
07-22 21:31:20.174 0 0 D : [drm:drm_atomic_set_fb_for_plane [drm]] Set [FB:74] for plane state 00000000e7f24723
07-22 21:31:20.174 0 0 D : [drm:drm_atomic_check_only [drm]] checking 00000000cd319e84
07-22 21:31:20.174 0 0 D : [drm:dm_update_planes_state [amdgpu]] Disabling DRM plane: 36 on DRM crtc 43
07-22 21:31:20.174 0 0 D : [drm:dm_update_planes_state [amdgpu]] Enabling DRM plane: 36 on DRM crtc 43
07-22 21:31:20.174 0 0 D : [drm:drm_atomic_state_default_clear [drm]] Clearing atomic state 00000000cd319e84
07-22 21:31:20.174 0 0 D : [drm:__drm_atomic_state_free [drm]] Freeing atomic state 00000000cd319e84
07-22 21:31:20.174 0 0 D : [drm:drm_atomic_state_init [drm]] Allocated atomic state 00000000cd319e84
07-22 21:31:20.174 0 0 D : [drm:drm_atomic_get_plane_state [drm]] Added [PLANE:36:plane-0] 00000000e7f24723 state to 00000000cd319e84
07-22 21:31:20.174 0 0 D : [drm:drm_atomic_get_crtc_state [drm]] Added [CRTC:43:crtc-0] 00000000f445444e state to 00000000cd319e84
07-22 21:31:20.174 0 0 D : [drm:drm_atomic_set_crtc_for_plane [drm]] Link plane state 00000000e7f24723 to [CRTC:43:crtc-0]
07-22 21:31:20.174 0 0 D : [drm:drm_atomic_set_fb_for_plane [drm]] Set [FB:74] for plane state 00000000e7f24723
07-22 21:31:20.174 0 0 D : [drm:drm_atomic_check_only [drm]] checking 00000000cd319e84
07-22 21:31:20.174 0 0 D : [drm:dm_update_planes_state [amdgpu]] Disabling DRM plane: 36 on DRM crtc 43
07-22 21:31:20.174 0 0 D : [drm:dm_update_planes_state [amdgpu]] Enabling DRM plane: 36 on DRM crtc 43
07-22 21:31:20.174 0 0 D : [drm:drm_atomic_commit [drm]] committing 00000000cd319e84
07-22 21:31:20.174 0 0 D : [drm:amdgpu_dm_atomic_commit_tail [amdgpu]] amdgpu_crtc id:0 crtc_state_flags: enable:1, active:1, planes_changed:1, mode_changed:0,active_changed:0,connectors_changed:0
07-22 21:31:20.175 0 0 D [drm:amdgpu_dm_atomic_commit_tail [amdgpu]] crtc: 0, pflip_stat:AMDGPU_FLIP_SUBMITTED
07-22 21:31:19.854 4695 4695 E SensorManager: sensor or listener is null
07-22 21:31:19.854 4695 4695 I chatty : uid=10090(com.futuremark.dmandroid.application) identical 1 line
07-22 21:31:19.854 4695 4695 E SensorManager: sensor or listener is null
07-22 21:31:19.855 4695 4695 D com.futuremark.dmandroid.BenchmarkFragment: updateDlcUI|fragment:Sling Shot Extreme|state:INSTALL_AVAILABLE|progress:0
07-22 21:31:19.855 4695 4695 D com.futuremark.dmandroid.BenchmarkFragment: SLING_SHOT_EXTREME-showProgressLayout(show=false, animate=false)
07-22 21:31:19.855 4695 4836 I com.futuremark.dmandroid.NetworkStateReceiver: Network available! - lollipop
07-22 21:31:19.855 4695 4695 E SensorManager: sensor or listener is null
07-22 21:31:19.855 4695 4695 I chatty : uid=10090(com.futuremark.dmandroid.application) identical 1 line
07-22 21:31:19.855 4695 4695 E SensorManager: sensor or listener is null
07-22 21:31:19.856 4695 4695 D com.futuremark.dmandroid.BenchmarkFragment: updateDlcUI|fragment:Sling Shot|state:INSTALL_AVAILABLE|progress:0
07-22 21:31:19.856 4695 4695 D com.futuremark.dmandroid.BenchmarkFragment: SLING_SHOT-showProgressLayout(show=false, animate=false)
07-22 21:31:19.857 4695 4695 D com.futuremark.dmandroid.BenchmarkFragment: onPause() - TPTs: [SLING_SHOT_ES_31, SLING_SHOT_ES_31_UNLIMITED, SLING_SHOT_VULKAN]
07-22 21:31:19.857 4695 4695 D com.futuremark.dmandroid.BenchmarkFragment: onPause() - TPTs: [SLING_SHOT_ES_30, SLING_SHOT_ES_30_UNLIMITED]
07-22 21:31:19.858 4695 4695 D com.futuremark.dmandroid.*eAllBenchmarksFragment: onDestroyView()
07-22 21:31:19.858 4695 4695 D com.futuremark.dmandroid.*eAllBenchmarksFragment: onCreateView() with instance: false
07-22 21:31:19.869 1108 1108 I auditd : type=1400 audit(0.0:835): avc: denied { read } for comm="loop0" path="/mnt/android-2018-07-14/system.img" dev="sda1" ino=2076711 scontext=u:r:kernel:s0 tcontext=u:object_r:unlabeled:s0 tclass=file permissive=1
07-22 21:31:19.869 1108 1108 I loop0 : type=1400 audit(0.0:835): avc: denied { read } for path="/mnt/android-2018-07-14/system.img" dev="sda1" ino=2076711 scontext=u:r:kernel:s0 tcontext=u:object_r:unlabeled:s0 tclass=file permissive=1
07-22 21:31:19.869 4695 4695 I am_on_resume_called: [0,com.futuremark.dmandroid.application.MainActivity,handleRelaunchActivity]
07-22 21:31:20.184 0 0 D : [drm:dm_pflip_high_irq [amdgpu]] dm_pflip_high_irq - crtc :0[00000000da4e46cc], pflip_stat:AMDGPU_FLIP_NONE
07-22 21:31:20.184 0 0 D : [drm:drm_atomic_state_default_clear [drm]] Clearing atomic state 00000000cd319e84
07-22 21:31:20.184 0 0 D : [drm:__drm_atomic_state_free [drm]] Freeing atomic state 00000000cd319e84
07-22 21:31:20.187 0 0 D [drm:drm_mode_addfb2 [drm]] [FB: 78]
07-22 21:31:20.187 0 0 D : [drm:drm_atomic_state_init [drm]] Allocated atomic state 00000000e4ee68b6
07-22 21:31:20.187 0 0 D : [drm:drm_atomic_get_plane_state [drm]] Added [PLANE:36:plane-0] 000000005bb864ee state to 00000000e4ee68b6
07-22 21:31:20.187 0 0 D : [drm:drm_atomic_get_crtc_state [drm]] Added [CRTC:43:crtc-0] 0000000023e575ec state to 00000000e4ee68b6
07-22 21:31:20.187 0 0 D : [drm:drm_atomic_set_crtc_for_plane [drm]] Link plane state 000000005bb864ee to [CRTC:43:crtc-0]
07-22 21:31:20.187 0 0 D : [drm:drm_atomic_set_fb_for_plane [drm]] Set [FB:78] for plane state 000000005bb864ee
07-22 21:31:20.187 0 0 D : [drm:drm_atomic_check_only [drm]] checking 00000000e4ee68b6
07-22 21:31:20.187 0 0 D : [drm:dm_update_planes_state [amdgpu]] Disabling DRM plane: 36 on DRM crtc 43
07-22 21:31:20.187 0 0 D : [drm:dm_update_planes_state [amdgpu]] Enabling DRM plane: 36 on DRM crtc 43
07-22 21:31:20.187 0 0 D : [drm:drm_atomic_state_default_clear [drm]] Clearing atomic state 00000000e4ee68b6
07-22 21:31:20.187 0 0 D : [drm:__drm_atomic_state_free [drm]] Freeing atomic state 00000000e4ee68b6
07-22 21:31:20.187 0 0 D : [drm:drm_atomic_state_init [drm]] Allocated atomic state 00000000801a8f64
07-22 21:31:20.187 0 0 D : [drm:drm_atomic_get_plane_state [drm]] Added [PLANE:36:plane-0] 00000000b95a870a state to 00000000801a8f64
07-22 21:31:20.187 0 0 D : [drm:drm_atomic_get_crtc_state [drm]] Added [CRTC:43:crtc-0] 00000000e76cde76 state to 00000000801a8f64
07-22 21:31:20.187 0 0 D : [drm:drm_atomic_set_crtc_for_plane [drm]] Link plane state 00000000b95a870a to [CRTC:43:crtc-0]
07-22 21:31:20.187 0 0 D : [drm:drm_atomic_set_fb_for_plane [drm]] Set [FB:78] for plane state 00000000b95a870a
07-22 21:31:20.187 0 0 D : [drm:drm_atomic_check_only [drm]] checking 00000000801a8f64
07-22 21:31:20.187 0 0 D : [drm:dm_update_planes_state [amdgpu]] Disabling DRM plane: 36 on DRM crtc 43
07-22 21:31:20.187 0 0 D : [drm:dm_update_planes_state [amdgpu]] Enabling DRM plane: 36 on DRM crtc 43
07-22 21:31:20.187 0 0 D : [drm:drm_atomic_commit [drm]] committing 00000000801a8f64
07-22 21:31:20.187 0 0 D : [drm:amdgpu_dm_atomic_commit_tail [amdgpu]] amdgpu_crtc id:0 crtc_state_flags: enable:1, active:1, planes_changed:1, mode_changed:0,active_changed:0,connectors_changed:0
07-22 21:31:20.187 0 0 D [drm:amdgpu_dm_atomic_commit_tail [amdgpu]] crtc: 0, pflip_stat:AMDGPU_FLIP_SUBMITTED
07-22 21:31:20.201 0 0 D : [drm:dm_pflip_high_irq [amdgpu]] dm_pflip_high_irq - crtc :0[00000000da4e46cc], pflip_stat:AMDGPU_FLIP_NONE
07-22 21:31:20.201 0 0 D : [drm:drm_atomic_state_default_clear [drm]] Clearing atomic state 00000000801a8f64
07-22 21:31:20.201 0 0 D : [drm:__drm_atomic_state_free [drm]] Freeing atomic state 00000000801a8f64
07-22 21:31:20.204 0 0 D [drm:drm_mode_addfb2 [drm]] [FB: 74]
07-22 21:31:20.204 0 0 D : [drm:drm_atomic_state_init [drm]] Allocated atomic state 0000000040ccf651
07-22 21:31:20.204 0 0 D : [drm:drm_atomic_get_plane_state [drm]] Added [PLANE:36:plane-0] 000000003fab56f9 state to 0000000040ccf651
07-22 21:31:20.204 0 0 D : [drm:drm_atomic_get_crtc_state [drm]] Added [CRTC:43:crtc-0] 000000003d2faebc state to 0000000040ccf651
07-22 21:31:20.204 0 0 D : [drm:drm_atomic_set_crtc_for_plane [drm]] Link plane state 000000003fab56f9 to [CRTC:43:crtc-0]
07-22 21:31:20.204 0 0 D : [drm:drm_atomic_set_fb_for_plane [drm]] Set [FB:74] for plane state 000000003fab56f9
07-22 21:31:20.204 0 0 D : [drm:drm_atomic_check_only [drm]] checking 0000000040ccf651
07-22 21:31:20.204 0 0 D : [drm:dm_update_planes_state [amdgpu]] Disabling DRM plane: 36 on DRM crtc 43
07-22 21:31:20.204 0 0 D : [drm:dm_update_planes_state [amdgpu]] Enabling DRM plane: 36 on DRM crtc 43
07-22 21:31:20.204 0 0 D : [drm:drm_atomic_state_default_clear [drm]] Clearing atomic state 0000000040ccf651
07-22 21:31:20.204 0 0 D : [drm:__drm_atomic_state_free [drm]] Freeing atomic state 0000000040ccf651
07-22 21:31:20.204 0 0 D : [drm:drm_atomic_state_init [drm]] Allocated atomic state 0000000040ccf651
07-22 21:31:20.204 0 0 D : [drm:drm_atomic_get_plane_state [drm]] Added [PLANE:36:plane-0] 000000003fab56f9 state to 0000000040ccf651
07-22 21:31:20.204 0 0 D : [drm:drm_atomic_get_crtc_state [drm]] Added [CRTC:43:crtc-0] 00000000de53f7d1 state to 0000000040ccf651
07-22 21:31:20.204 0 0 D : [drm:drm_atomic_set_crtc_for_plane [drm]] Link plane state 000000003fab56f9 to [CRTC:43:crtc-0]
07-22 21:31:20.204 0 0 D : [drm:drm_atomic_set_fb_for_plane [drm]] Set [FB:74] for plane state 000000003fab56f9
07-22 21:31:20.204 0 0 D : [drm:drm_atomic_check_only [drm]] checking 0000000040ccf651
07-22 21:31:20.204 0 0 D : [drm:dm_update_planes_state [amdgpu]] Disabling DRM plane: 36 on DRM crtc 43
07-22 21:31:20.204 0 0 D : [drm:dm_update_planes_state [amdgpu]] Enabling DRM plane: 36 on DRM crtc 43
07-22 21:31:20.204 0 0 D : [drm:drm_atomic_commit [drm]] committing 0000000040ccf651
07-22 21:31:20.204 0 0 D : [drm:amdgpu_dm_atomic_commit_tail [amdgpu]] amdgpu_crtc id:0 crtc_state_flags: enable:1, active:1, planes_changed:1, mode_changed:0,active_changed:0,connectors_changed:0
07-22 21:31:20.204 0 0 D [drm:amdgpu_dm_atomic_commit_tail [amdgpu]] crtc: 0, pflip_stat:AMDGPU_FLIP_SUBMITTED
07-22 21:31:19.894 5059 5059 E gf_ErrorReportUtil: Error trying to add app version info for com.google.android.webview
07-22 21:31:20.217 0 0 D : [drm:dm_pflip_high_irq [amdgpu]] dm_pflip_high_irq - crtc :0[00000000da4e46cc], pflip_stat:AMDGPU_FLIP_NONE
07-22 21:31:20.218 0 0 D : [drm:drm_atomic_state_default_clear [drm]] Clearing atomic state 0000000040ccf651
07-22 21:31:20.218 0 0 D : [drm:__drm_atomic_state_free [drm]] Freeing atomic state 0000000040ccf651
07-22 21:31:20.220 0 0 D [drm:drm_mode_addfb2 [drm]] [FB: 78]
07-22 21:31:20.220 0 0 D : [drm:drm_atomic_state_init [drm]] Allocated atomic state 00000000bf82a50f
07-22 21:31:20.221 0 0 D : [drm:drm_atomic_get_plane_state [drm]] Added [PLANE:36:plane-0] 00000000da207a22 state to 00000000bf82a50f
07-22 21:31:20.221 0 0 D : [drm:drm_atomic_get_crtc_state [drm]] Added [CRTC:43:crtc-0] 0000000046c9e48e state to 00000000bf82a50f
07-22 21:31:20.221 0 0 D : [drm:drm_atomic_set_crtc_for_plane [drm]] Link plane state 00000000da207a22 to [CRTC:43:crtc-0]
07-22 21:31:20.221 0 0 D : [drm:drm_atomic_set_fb_for_plane [drm]] Set [FB:78] for plane state 00000000da207a22
07-22 21:31:20.221 0 0 D : [drm:drm_atomic_check_only [drm]] checking 00000000bf82a50f
07-22 21:31:20.221 0 0 D : [drm:dm_update_planes_state [amdgpu]] Disabling DRM plane: 36 on DRM crtc 43
07-22 21:31:20.221 0 0 D : [drm:dm_update_planes_state [amdgpu]] Enabling DRM plane: 36 on DRM crtc 43
07-22 21:31:20.221 0 0 D : [drm:drm_atomic_state_default_clear [drm]] Clearing atomic state 00000000bf82a50f
07-22 21:31:20.221 0 0 D : [drm:__drm_atomic_state_free [drm]] Freeing atomic state 00000000bf82a50f
07-22 21:31:20.221 0 0 D : [drm:drm_atomic_state_init [drm]] Allocated atomic state 00000000bf82a50f
07-22 21:31:20.221 0 0 D : [drm:drm_atomic_get_plane_state [drm]] Added [PLANE:36:plane-0] 00000000da207a22 state to 00000000bf82a50f
07-22 21:31:20.221 0 0 D : [drm:drm_atomic_get_crtc_state [drm]] Added [CRTC:43:crtc-0] 00000000da7422c9 state to 00000000bf82a50f
07-22 21:31:20.221 0 0 D : [drm:drm_atomic_set_crtc_for_plane [drm]] Link plane state 00000000da207a22 to [CRTC:43:crtc-0]
07-22 21:31:20.221 0 0 D : [drm:drm_atomic_set_fb_for_plane [drm]] Set [FB:78] for plane state 00000000da207a22
07-22 21:31:20.221 0 0 D : [drm:drm_atomic_check_only [drm]] checking 00000000bf82a50f
07-22 21:31:20.221 0 0 D : [drm:dm_update_planes_state [amdgpu]] Disabling DRM plane: 36 on DRM crtc 43
07-22 21:31:20.221 0 0 D : [drm:dm_update_planes_state [amdgpu]] Enabling DRM plane: 36 on DRM crtc 43
07-22 21:31:20.221 0 0 D : [drm:drm_atomic_commit [drm]] committing 00000000bf82a50f
07-22 21:31:20.221 0 0 D : [drm:amdgpu_dm_atomic_commit_tail [amdgpu]] amdgpu_crtc id:0 crtc_state_flags: enable:1, active:1, planes_changed:1, mode_changed:0,active_changed:0,connectors_changed:0
07-22 21:31:20.221 0 0 D [drm:amdgpu_dm_atomic_commit_tail [amdgpu]] crtc: 0, pflip_stat:AMDGPU_FLIP_SUBMITTED
07-22 21:31:19.900 4695 5051 D com.futuremark.dmandroid.*stemUpdateStateService: Sideloadable packages found []
07-22 21:31:19.901 5059 5059 I am_on_resume_called: [0,com.google.android.gms.feedback.FeedbackActivity,LAUNCH_ACTIVITY]
07-22 21:31:19.902 4695 5051 I com.futuremark.dmandroid.StateMachine: Firing DISCOVERY_ENGINE:COMPLETED
07-22 21:31:19.904 4695 5051 I com.futuremark.dmandroid.StateMachine: Firing DISCOVERY_UPDATE_INFO:NO_UPDATE
07-22 21:31:19.904 4695 5051 I com.futuremark.dmandroid.StateMachine: Firing DISCOVERY_UPDATE_INFO:UNKNOWN
07-22 21:31:19.905 4695 5051 I chatty : uid=10090(com.futuremark.dmandroid.application) chops-pool-1 identical 7 lines
07-22 21:31:19.905 4695 5051 I com.futuremark.dmandroid.StateMachine: Firing DISCOVERY_UPDATE_INFO:UNKNOWN
07-22 21:31:19.905 4695 5051 I com.futuremark.dmandroid.StateMachine: Firing DISCOVERY_UPDATE_INFO:NEW
07-22 21:31:19.905 4695 5051 I com.futuremark.dmandroid.StateMachine: Firing DISCOVERY_UPDATE_INFO:UNKNOWN
07-22 21:31:19.906 4695 5051 I com.futuremark.dmandroid.StateMachine: Firing DISCOVERY_UPDATE_INFO:NEW
07-22 21:31:19.906 4695 5051 I com.futuremark.dmandroid.StateMachine: Firing CHOPS_CLIENT_INTERNAL:IMMEDIATE
07-22 21:31:20.234 0 0 D : [drm:dm_pflip_high_irq [amdgpu]] dm_pflip_high_irq - crtc :0[00000000da4e46cc], pflip_stat:AMDGPU_FLIP_NONE
07-22 21:31:20.234 0 0 D : [drm:drm_atomic_state_default_clear [drm]] Clearing atomic state 00000000bf82a50f
07-22 21:31:20.234 0 0 D : [drm:__drm_atomic_state_free [drm]] Freeing atomic state 00000000bf82a50f
07-22 21:31:19.914 2443 2593 I dvm_lock_sample: [system_server,1,Binder:2443_4,33,WindowManagerService.java,1214,int com.android.server.wm.WindowManagerService.addWindow(com.android.server.wm.Session, android.view.IWindow, int, android.view.WindowManager$LayoutParams, int, int, android.graphics.Rect, android.graphics.Rect, android.graphics.Rect, android.view.InputChannel),-,5284,void com.android.server.wm.WindowManagerService$H.handleMessage(android.os.Message),6]
07-22 21:31:20.237 0 0 D [drm:drm_mode_addfb2 [drm]] [FB: 74]
07-22 21:31:20.237 0 0 D : [drm:drm_atomic_state_init [drm]] Allocated atomic state 000000005bfca605
07-22 21:31:20.237 0 0 D : [drm:drm_atomic_get_plane_state [drm]] Added [PLANE:36:plane-0] 00000000024bec48 state to 000000005bfca605
07-22 21:31:20.237 0 0 D : [drm:drm_atomic_get_crtc_state [drm]] Added [CRTC:43:crtc-0] 00000000695d5140 state to 000000005bfca605
07-22 21:31:20.237 0 0 D : [drm:drm_atomic_set_crtc_for_plane [drm]] Link plane state 00000000024bec48 to [CRTC:43:crtc-0]
07-22 21:31:20.237 0 0 D : [drm:drm_atomic_set_fb_for_plane [drm]] Set [FB:74] for plane state 00000000024bec48
07-22 21:31:20.237 0 0 D : [drm:drm_atomic_check_only [drm]] checking 000000005bfca605
07-22 21:31:20.238 0 0 D : [drm:dm_update_planes_state [amdgpu]] Disabling DRM plane: 36 on DRM crtc 43
07-22 21:31:20.238 0 0 D : [drm:dm_update_planes_state [amdgpu]] Enabling DRM plane: 36 on DRM crtc 43
07-22 21:31:20.238 0 0 D : [drm:drm_atomic_state_default_clear [drm]] Clearing atomic state 000000005bfca605
07-22 21:31:20.238 0 0 D : [drm:__drm_atomic_state_free [drm]] Freeing atomic state 000000005bfca605
07-22 21:31:20.238 0 0 D : [drm:drm_atomic_state_init [drm]] Allocated atomic state 00000000450a2651
07-22 21:31:20.238 0 0 D : [drm:drm_atomic_get_plane_state [drm]] Added [PLANE:36:plane-0] 00000000024bec48 state to 00000000450a2651
07-22 21:31:20.238 0 0 D : [drm:drm_atomic_get_crtc_state [drm]] Added [CRTC:43:crtc-0] 0000000069d53ca5 state to 00000000450a2651
07-22 21:31:20.238 0 0 D : [drm:drm_atomic_set_crtc_for_plane [drm]] Link plane state 00000000024bec48 to [CRTC:43:crtc-0]
07-22 21:31:20.238 0 0 D : [drm:drm_atomic_set_fb_for_plane [drm]] Set [FB:74] for plane state 00000000024bec48
07-22 21:31:20.238 0 0 D : [drm:drm_atomic_check_only [drm]] checking 00000000450a2651
07-22 21:31:20.238 0 0 D : [drm:dm_update_planes_state [amdgpu]] Disabling DRM plane: 36 on DRM crtc 43
07-22 21:31:20.238 0 0 D : [drm:dm_update_planes_state [amdgpu]] Enabling DRM plane: 36 on DRM crtc 43
07-22 21:31:20.238 0 0 D : [drm:drm_atomic_commit [drm]] committing 00000000450a2651
07-22 21:31:20.238 0 0 D : [drm:amdgpu_dm_atomic_commit_tail [amdgpu]] amdgpu_crtc id:0 crtc_state_flags: enable:1, active:1, planes_changed:1, mode_changed:0,active_changed:0,connectors_changed:0
07-22 21:31:20.238 0 0 D [drm:amdgpu_dm_atomic_commit_tail [amdgpu]] crtc: 0, pflip_stat:AMDGPU_FLIP_SUBMITTED
07-22 21:31:20.243 0 0 D logd : logdr: UID=10015 GID=10015 PID=5086 n tail=0 logMask=4 pid=0 start=0ns timeout=0ns
07-22 21:31:20.251 0 0 D : [drm:dm_pflip_high_irq [amdgpu]] dm_pflip_high_irq - crtc :0[00000000da4e46cc], pflip_stat:AMDGPU_FLIP_NONE
07-22 21:31:20.251 0 0 D : [drm:drm_atomic_state_default_clear [drm]] Clearing atomic state 00000000450a2651
07-22 21:31:20.251 0 0 D : [drm:__drm_atomic_state_free [drm]] Freeing atomic state 00000000450a2651
07-22 21:31:19.931 2443 2465 I dvm_lock_sample: [system_server,0,android.display,50,WindowManagerService.java,5284,void com.android.server.wm.WindowManagerService$H.handleMessage(android.os.Message),-,1930,int com.android.server.wm.WindowManagerService.relayoutWindow(com.android.server.wm.Session, android.view.IWindow, int, android.view.WindowManager$LayoutParams, int, int, int, int, android.graphics.Rect, android.graphics.Rect, android.graphics.Rect, android.graphics.Rect, android.graphics.Rect, android.graphics.Rect, android.graphics.Rect, android.util.MergedConfiguration, android.view.Surface),10]
07-22 21:31:19.932 2546 2546 W StatusBar/NavBarView: *** Invalid layout in navigation bar (sizeChanged this=590x48 cur=574x48)
07-22 21:31:20.256 0 0 D [drm:drm_mode_addfb2 [drm]] [FB: 78]
07-22 21:31:20.256 0 0 D : [drm:drm_atomic_state_init [drm]] Allocated atomic state 00000000b28ac4df
07-22 21:31:20.256 0 0 D : [drm:drm_atomic_get_plane_state [drm]] Added [PLANE:36:plane-0] 00000000da207a22 state to 00000000b28ac4df
07-22 21:31:20.256 0 0 D : [drm:drm_atomic_get_crtc_state [drm]] Added [CRTC:43:crtc-0] 0000000025dc30ce state to 00000000b28ac4df
07-22 21:31:20.256 0 0 D : [drm:drm_atomic_set_crtc_for_plane [drm]] Link plane state 00000000da207a22 to [CRTC:43:crtc-0]
07-22 21:31:20.256 0 0 D : [drm:drm_atomic_set_fb_for_plane [drm]] Set [FB:78] for plane state 00000000da207a22
07-22 21:31:20.256 0 0 D : [drm:drm_atomic_check_only [drm]] checking 00000000b28ac4df
07-22 21:31:20.256 0 0 D : [drm:dm_update_planes_state [amdgpu]] Disabling DRM plane: 36 on DRM crtc 43
07-22 21:31:20.256 0 0 D : [drm:dm_update_planes_state [amdgpu]] Enabling DRM plane: 36 on DRM crtc 43
07-22 21:31:20.256 0 0 D : [drm:drm_atomic_state_default_clear [drm]] Clearing atomic state 00000000b28ac4df
07-22 21:31:20.256 0 0 D : [drm:__drm_atomic_state_free [drm]] Freeing atomic state 00000000b28ac4df
07-22 21:31:20.256 0 0 D : [drm:drm_atomic_state_init [drm]] Allocated atomic state 00000000b28ac4df
07-22 21:31:20.256 0 0 D : [drm:drm_atomic_get_plane_state [drm]] Added [PLANE:36:plane-0] 00000000fc966a6d state to 00000000b28ac4df
07-22 21:31:20.256 0 0 D : [drm:drm_atomic_get_crtc_state [drm]] Added [CRTC:43:crtc-0] 00000000fad31670 state to 00000000b28ac4df
07-22 21:31:20.256 0 0 D : [drm:drm_atomic_set_crtc_for_plane [drm]] Link plane state 00000000fc966a6d to [CRTC:43:crtc-0]
