07-22 21:31:13.970 0 0 D : [drm:drm_atomic_state_default_clear [drm]] Clearing atomic state 00000000b22a45ff
07-22 21:31:13.970 0 0 D : [drm:__drm_atomic_state_free [drm]] Freeing atomic state 00000000b22a45ff
07-22 21:31:13.970 0 0 D : [drm:drm_atomic_state_init [drm]] Allocated atomic state 00000000b22a45ff
07-22 21:31:13.970 0 0 D : [drm:drm_atomic_get_plane_state [drm]] Added [PLANE:36:plane-0] 0000000001f393fe state to 00000000b22a45ff
07-22 21:31:13.970 0 0 D : [drm:drm_atomic_get_crtc_state [drm]] Added [CRTC:43:crtc-0] 000000003d2faebc state to 00000000b22a45ff
07-22 21:31:13.970 0 0 D : [drm:drm_atomic_set_crtc_for_plane [drm]] Link plane state 0000000001f393fe to [CRTC:43:crtc-0]
07-22 21:31:13.970 0 0 D : [drm:drm_atomic_set_fb_for_plane [drm]] Set [FB:78] for plane state 0000000001f393fe
07-22 21:31:13.970 0 0 D : [drm:drm_atomic_check_only [drm]] checking 00000000b22a45ff
07-22 21:31:13.970 0 0 D : [drm:dm_update_planes_state [amdgpu]] Disabling DRM plane: 36 on DRM crtc 43
07-22 21:31:13.970 0 0 D : [drm:dm_update_planes_state [amdgpu]] Enabling DRM plane: 36 on DRM crtc 43
07-22 21:31:13.970 0 0 D : [drm:drm_atomic_commit [drm]] committing 00000000b22a45ff
07-22 21:31:13.970 0 0 D : [drm:amdgpu_dm_atomic_commit_tail [amdgpu]] amdgpu_crtc id:0 crtc_state_flags: enable:1, active:1, planes_changed:1, mode_changed:0,active_changed:0,connectors_changed:0
07-22 21:31:13.970 0 0 D [drm:amdgpu_dm_atomic_commit_tail [amdgpu]] crtc: 0, pflip_stat:AMDGPU_FLIP_SUBMITTED
07-22 21:31:13.650 2443 2505 I InputDispatcher: Dropping event because there is no touchable window at (858, 237).
07-22 21:31:13.657 4949 4995 I Farandole: Loading libvulkan.so...
07-22 21:31:13.658 2443 2505 I InputDispatcher: Dropping event because there is no touchable window at (858, 235).
07-22 21:31:13.984 0 0 D : [drm:dm_pflip_high_irq [amdgpu]] dm_pflip_high_irq - crtc :0[00000000da4e46cc], pflip_stat:AMDGPU_FLIP_NONE
07-22 21:31:13.984 0 0 D : [drm:drm_atomic_state_default_clear [drm]] Clearing atomic state 00000000b22a45ff
07-22 21:31:13.984 0 0 D : [drm:__drm_atomic_state_free [drm]] Freeing atomic state 00000000b22a45ff
07-22 21:31:13.986 0 0 D [drm:drm_mode_addfb2 [drm]] [FB: 74]
07-22 21:31:13.987 0 0 D : [drm:drm_atomic_state_init [drm]] Allocated atomic state 000000007e124aed
07-22 21:31:13.987 0 0 D : [drm:drm_atomic_get_plane_state [drm]] Added [PLANE:36:plane-0] 0000000042613b5e state to 000000007e124aed
07-22 21:31:13.987 0 0 D : [drm:drm_atomic_get_crtc_state [drm]] Added [CRTC:43:crtc-0] 00000000f445444e state to 000000007e124aed
07-22 21:31:13.987 0 0 D : [drm:drm_atomic_set_crtc_for_plane [drm]] Link plane state 0000000042613b5e to [CRTC:43:crtc-0]
07-22 21:31:13.987 0 0 D : [drm:drm_atomic_set_fb_for_plane [drm]] Set [FB:74] for plane state 0000000042613b5e
07-22 21:31:13.987 0 0 D : [drm:drm_atomic_check_only [drm]] checking 000000007e124aed
07-22 21:31:13.987 0 0 D : [drm:dm_update_planes_state [amdgpu]] Disabling DRM plane: 36 on DRM crtc 43
07-22 21:31:13.987 0 0 D : [drm:dm_update_planes_state [amdgpu]] Enabling DRM plane: 36 on DRM crtc 43
07-22 21:31:13.987 0 0 D : [drm:drm_atomic_state_default_clear [drm]] Clearing atomic state 000000007e124aed
07-22 21:31:13.987 0 0 D : [drm:__drm_atomic_state_free [drm]] Freeing atomic state 000000007e124aed
07-22 21:31:13.987 0 0 D : [drm:drm_atomic_state_init [drm]] Allocated atomic state 000000007e124aed
07-22 21:31:13.987 0 0 D : [drm:drm_atomic_get_plane_state [drm]] Added [PLANE:36:plane-0] 0000000042613b5e state to 000000007e124aed
07-22 21:31:13.987 0 0 D : [drm:drm_atomic_get_crtc_state [drm]] Added [CRTC:43:crtc-0] 000000006c6fd3a0 state to 000000007e124aed
07-22 21:31:13.987 0 0 D : [drm:drm_atomic_set_crtc_for_plane [drm]] Link plane state 0000000042613b5e to [CRTC:43:crtc-0]
07-22 21:31:13.987 0 0 D : [drm:drm_atomic_set_fb_for_plane [drm]] Set [FB:74] for plane state 0000000042613b5e
07-22 21:31:13.987 0 0 D : [drm:drm_atomic_check_only [drm]] checking 000000007e124aed
07-22 21:31:13.987 0 0 D : [drm:dm_update_planes_state [amdgpu]] Disabling DRM plane: 36 on DRM crtc 43
07-22 21:31:13.987 0 0 D : [drm:dm_update_planes_state [amdgpu]] Enabling DRM plane: 36 on DRM crtc 43
07-22 21:31:13.987 0 0 D : [drm:drm_atomic_commit [drm]] committing 000000007e124aed
07-22 21:31:13.987 0 0 D : [drm:amdgpu_dm_atomic_commit_tail [amdgpu]] amdgpu_crtc id:0 crtc_state_flags: enable:1, active:1, planes_changed:1, mode_changed:0,active_changed:0,connectors_changed:0
07-22 21:31:13.987 0 0 D [drm:amdgpu_dm_atomic_commit_tail [amdgpu]] crtc: 0, pflip_stat:AMDGPU_FLIP_SUBMITTED
07-22 21:31:13.666 2443 2505 I InputDispatcher: Dropping event because there is no touchable window at (858, 234).
07-22 21:31:13.671 4949 4995 I Farandole: Vulkan: creating instance...
07-22 21:31:13.994 0 0 D : [drm:amdgpu_vm_init [amdgpu]] VM update mode is SDMA
07-22 21:31:13.671 4949 4995 I Farandole: Vulkan: enumerating devices...
07-22 21:31:13.672 4949 4995 I Farandole: enumerating instance layer properties.
07-22 21:31:13.672 4949 4995 I Farandole: Vulkan: no instance layers found.
07-22 21:31:13.672 4949 4995 I Farandole: Vulkan library loaded.
07-22 21:31:13.673 4949 4995 E 3DMarkAndroid: Settings xml parsed.
07-22 21:31:13.673 4949 4995 E 3DMarkAndroid: dlc/apioverhead-data
07-22 21:31:13.674 2443 2505 I InputDispatcher: Dropping event because there is no touchable window at (858, 232).
07-22 21:31:13.675 4949 4995 E 3DMarkAndroid: /storage/emulated/0/Android/data/com.futuremark.dmandroid.application/files/dlc/apioverhead-data
07-22 21:31:13.677 4949 4949 I am_on_resume_called: [0,com.futuremark.dmandroid.application.vulkan.FarandoleVulkanNativeActivity,LAUNCH_ACTIVITY]
07-22 21:31:13.678 4949 4974 I FA : Tag Manager is not found and thus will not be used
07-22 21:31:14.001 0 0 D : [drm:dm_pflip_high_irq [amdgpu]] dm_pflip_high_irq - crtc :0[00000000da4e46cc], pflip_stat:AMDGPU_FLIP_NONE
07-22 21:31:14.001 0 0 D : [drm:drm_atomic_state_default_clear [drm]] Clearing atomic state 000000007e124aed
07-22 21:31:14.001 0 0 D : [drm:__drm_atomic_state_free [drm]] Freeing atomic state 000000007e124aed
07-22 21:31:14.003 0 0 D [drm:drm_mode_addfb2 [drm]] [FB: 78]
07-22 21:31:14.003 0 0 D : [drm:drm_atomic_state_init [drm]] Allocated atomic state 000000008f7f868e
07-22 21:31:14.003 0 0 D : [drm:drm_atomic_get_plane_state [drm]] Added [PLANE:36:plane-0] 000000009f7c04ef state to 000000008f7f868e
07-22 21:31:14.003 0 0 D : [drm:drm_atomic_get_crtc_state [drm]] Added [CRTC:43:crtc-0] 0000000088e87c99 state to 000000008f7f868e
07-22 21:31:14.003 0 0 D : [drm:drm_atomic_set_crtc_for_plane [drm]] Link plane state 000000009f7c04ef to [CRTC:43:crtc-0]
07-22 21:31:14.003 0 0 D : [drm:drm_atomic_set_fb_for_plane [drm]] Set [FB:78] for plane state 000000009f7c04ef
07-22 21:31:14.003 0 0 D : [drm:drm_atomic_check_only [drm]] checking 000000008f7f868e
07-22 21:31:14.003 0 0 D : [drm:dm_update_planes_state [amdgpu]] Disabling DRM plane: 36 on DRM crtc 43
07-22 21:31:14.003 0 0 D : [drm:dm_update_planes_state [amdgpu]] Enabling DRM plane: 36 on DRM crtc 43
07-22 21:31:14.003 0 0 D : [drm:drm_atomic_state_default_clear [drm]] Clearing atomic state 000000008f7f868e
07-22 21:31:14.003 0 0 D : [drm:__drm_atomic_state_free [drm]] Freeing atomic state 000000008f7f868e
07-22 21:31:14.003 0 0 D : [drm:drm_atomic_state_init [drm]] Allocated atomic state 000000008f7f868e
07-22 21:31:14.003 0 0 D : [drm:drm_atomic_get_plane_state [drm]] Added [PLANE:36:plane-0] 000000009f7c04ef state to 000000008f7f868e
07-22 21:31:14.003 0 0 D : [drm:drm_atomic_get_crtc_state [drm]] Added [CRTC:43:crtc-0] 000000008bf1d977 state to 000000008f7f868e
07-22 21:31:14.003 0 0 D : [drm:drm_atomic_set_crtc_for_plane [drm]] Link plane state 000000009f7c04ef to [CRTC:43:crtc-0]
07-22 21:31:14.003 0 0 D : [drm:drm_atomic_set_fb_for_plane [drm]] Set [FB:78] for plane state 000000009f7c04ef
07-22 21:31:14.003 0 0 D : [drm:drm_atomic_check_only [drm]] checking 000000008f7f868e
07-22 21:31:14.003 0 0 D : [drm:dm_update_planes_state [amdgpu]] Disabling DRM plane: 36 on DRM crtc 43
07-22 21:31:14.003 0 0 D : [drm:dm_update_planes_state [amdgpu]] Enabling DRM plane: 36 on DRM crtc 43
07-22 21:31:14.003 0 0 D : [drm:drm_atomic_commit [drm]] committing 000000008f7f868e
07-22 21:31:14.003 0 0 D : [drm:amdgpu_dm_atomic_commit_tail [amdgpu]] amdgpu_crtc id:0 crtc_state_flags: enable:1, active:1, planes_changed:1, mode_changed:0,active_changed:0,connectors_changed:0
07-22 21:31:14.003 0 0 D [drm:amdgpu_dm_atomic_commit_tail [amdgpu]] crtc: 0, pflip_stat:AMDGPU_FLIP_SUBMITTED
07-22 21:31:13.682 2443 2505 I InputDispatcher: Dropping event because there is no touchable window at (858, 231).
07-22 21:31:13.682 2546 2546 D StatusBar: disable
07-22 21:31:13.686 4949 4995 D 3DMarkAndroid: 21:31:13 Created instance of native_application
07-22 21:31:13.687 4949 4995 D 3DMarkAndroid: 21:31:13 Settings:
07-22 21:31:13.687 4949 4995 D 3DMarkAndroid:
07-22 21:31:13.687 4949 4995 D 3DMarkAndroid:
07-22 21:31:13.687 4949 4995 D 3DMarkAndroid: monitoring_data_folder
07-22 21:31:13.687 4949 4995 D 3DMarkAndroid: /data/user/0/com.futuremark.dmandroid.application/files/f0dfee69-cb4d-48f6-9d2a-32dc6babb051
07-22 21:31:13.687 4949 4995 D 3DMarkAndroid:
07-22 21:31:13.687 4949 4995 D 3DMarkAndroid:
07-22 21:31:13.687 4949 4995 D 3DMarkAndroid: workload_progress_end
07-22 21:31:13.687 4949 4995 D 3DMarkAndroid: 100
07-22 21:31:13.687 4949 4995 D 3DMarkAndroid:
07-22 21:31:13.687 4949 4995 D 3DMarkAndroid:
07-22 21:31:13.687 4949 4995 D 3DMarkAndroid: workload_progress_start
07-22 21:31:13.687 4949 4995 D 3DMarkAndroid: 0
07-22 21:31:13.687 4949 4995 D 3DMarkAndroid:
07-22 21:31:13.687 4949 4995 D 3DMarkAndroid:
07-22 21:31:13.687 4949 4995 D 3DMarkAndroid: loading_badge_path
07-22 21:31:13.687 4949 4995 D 3DMarkAndroid: images/hud/badges/api_overhead/api_overhead_vulkan_full.evaasset
07-22 21:31:13.687 4949 4995 D 3DMarkAndroid:
07-22 21:31:13.687 4949 4995 D 3DMarkAndroid:
07-22 21:31:13.687 4949 4995 D 3DMarkAndroid: initial_scene_loading_badge_path
07-22 21:31:13.687 4949 4995 D 3DMarkAndroid: images/hud/badges/api_overhead/api_overhead_vulkan_initial.evaasset
07-22 21:31:13.687 4949 4995 D 3DMarkAndroid:
07-22 21:31:13.687 4949 4995 D 3DMarkAndroid:
07-22 21:31:13.687 4949 4995 D 3DMarkAndroid: draw_loading_screen
07-22 21:31:13.687 4949 4995 D 3DMarkAndroid: 1
07-22 21:31:13.687 4949 4995 D 3DMarkAndroid:
07-22 21:31:13.687 4949 4995 D 3DMarkAndroid:
07-22 21:31:13.687 4949 4995 D 3DMarkAndroid: dlc_name
07-22 21:31:13.687 4949 4995 D 3DMarkAndroid: apioverhead-data
07-22 21:31:13.687 4949 4995 D 3DMarkAndroid:
07-22 21:31:13.687 4949 4995 D 3DMarkAndroid:
07-22 21:31:13.687 4949 4995 D 3DMarkAndroid: image_dump_tim
07-22 21:31:13.687 4949 4995 D 3DMarkAndroid: s
07-22 21:31:13.687 4949 4995 D 3DMarkAndroid: 0.0
07-22 21:31:13.687 4949 4995 D 3DMarkAndroid:
07-22 21:31:13.687 4949 4995 D 3DMarkAndroid:
07-22 21:31:13.687 4949 4995 D 3DMarkAndroid: first_frame
07-22 21:31:13.687 4949 4995 D 3DMarkAndroid: 0
07-22 21:31:13.687 4949 4995 D 3DMarkAndroid:
07-22 21:31:13.687 4949 4995 D 3DMarkAndroid:
07-22 21:31:13.687 4949 4995 D 3DMarkAndroid: start_from_last_stage
07-22 21:31:13.687 4949 4995 D 3DMarkAndroid: 0
07-22 21:31:13.687 4949 4995 D 3DMarkAndroid:
07-22 21:31:13.687 4949 4995 D 3DMarkAndroid:
07-22 21:31:13.687 4949 4995 D 3DMarkAndroid: draw_call_cap
07-22 21:31:13.687 4949 4995 D 3DMarkAndroid: 0
07-22 21:31:13.687 4949 4995 D 3DMarkAndroid:
07-22 21:31:13.687 4949 4995 D 3DMarkAndroid:
07-22 21:31:13.687 4949 4995 D 3DMarkAndroid: rendering_width
07-22 21:31:13.687 4949 4995 D 3DMarkAndroid: 1280
07-22 21:31:13.687 4949 4995 D 3DMarkAndroid:
07-22 21:31:13.687 4949 4995 D 3DMarkAndroid:
07-22 21:31:13.687 4949 4995 D 3DMarkAndroid: rendering_height
07-22 21:31:13.687 4949 4995 D 3DMarkAndroid: 720
07-22 21:31:13.687 4949 4995 D 3DMarkAndroid:
07-22 21:31:13.687 4949 4995 D 3DMarkAndroid:
07-22 21:31:13.687 4949 4995 D 3DMarkAndroid: force_thread_count
07-22 21:31:13.687 4949 4995 D 3DMarkAndroid: 0
07-22 21:31:13.687 4949 4995 D 3DMarkAndroid:
07-22 21:31:13.687 4949 4995 D 3DMarkAndroid:
07-22 21:31:13.687 4949 4995 D 3DMarkAndroid: gles_version
07-22 21:31:13.687 4949 4995 D 3DMarkAndroid: 3.0
07-22 21:31:13.687 4949 4995 D 3DMarkAndroid:
07-22 21:31:13.687 4949 4995 D 3DMarkAndroid:
07-22 21:31:13.687 4949 4995 D 3DMarkAndroid: data_root_path
07-22 21:31:13.687 4949 4995 D 3DMarkAndroid: dlc/apioverhead-data
07-22 21:31:13.687 4949 4995 D 3DMarkAndroid:
07-22 21:31:13.687 4949 4995 D 3DMarkAndroid:
07-22 21:31:13.687 4949 4995 D 3DMarkAndroid: workload_name
07-22 21:31:13.687 4949 4995 D 3DMarkAndroid: FarandoleVulkanC
07-22 21:31:13.687 4949 4995 D 3DMarkAndroid:
07-22 21:31:13.687 4949 4995 D 3DMarkAndroid:
07-22 21:31:13.687 4949 4995 D 3DMarkAndroid: set_name
07-22 21:31:13.687 4949 4995 D 3DMarkAndroid: FarandoleVulkanC
07-22 21:31:13.687 4949 4995 D 3DMarkAndroid:
07-22 21:31:13.687 4949 4995 D 3DMarkAndroid:
07-22 21:31:13.687 4949 4995 D 3DMarkAndroid:
07-22 21:31:13.687 4949 4995 D 3DMarkAndroid: ux_dat_path
07-22 21:31:13.687 4949 4995 D 3DMarkAndroid: ux.dat
07-22 21:31:13.687 4949 4995 D 3DMarkAndroid:
07-22 21:31:13.687 4949 4995 D 3DMarkAndroid:
07-22 21:31:13.687 4949 4995 D 3DMarkAndroid: pre_workload_apps_to_run
07-22 21:31:13.687 4949 4995 D 3DMarkAndroid:
07-22 21:31:13.687 4949 4995 D 3DMarkAndroid:
07-22 21:31:13.687 4949 4995 D 3DMarkAndroid:
07-22 21:31:13.687 4949 4995 D 3DMarkAndroid: write_benchmark_run_xml_path
07-22 21:31:13.687 4949 4995 D 3DMarkAndroid: /data/user/0/com.futuremark.dmandroid.application/files/2018-07-22T21-30-29-736.zip
07-22 21:31:13.687 4949 4995 D 3DMarkAndroid:
07-22 21:31:13.687 4949 4995 D 3DMarkAndroid:
07-22 21:31:13.687 4949 4995 D 3DMarkAndroid:
07-22 21:31:13.687 4949 4995 D 3DMarkAndroid: 21:31:13 Settings xml parsed.
07-22 21:31:13.687 4949 4995 D 3DMarkAndroid: 21:31:13 Asset root: "/storage/emulated/0/Android/data/com.futuremark.dmandroid.application/files/dlc/apioverhead-data".
07-22 21:31:13.687 4949 4995 D 3DMarkAndroid: 21:31:13 Opening archive /storage/emulated/0/Android/data/com.futuremark.dmandroid.application/files/dlc/apioverhead-data/apioverhead_mobile.dat
07-22 21:31:13.687 4949 4995 D 3DMarkAndroid: 21:31:13 Opening archive /storage/emulated/0/Android/data/com.futuremark.dmandroid.application/files/dlc/apioverhead-data/ux.dat
07-22 21:31:13.688 4949 4995 D 3DMarkAndroid: 21:31:13 loading_screen_path: images/loading_screen/background.evaasset
07-22 21:31:13.688 4949 4995 D 3DMarkAndroid: 21:31:13 loading_screen_badge_path: images/hud/badges/api_overhead/api_overhead_vulkan_initial.evaasset
07-22 21:31:13.688 4949 4995 D 3DMarkAndroid: 21:31:13 loading_screen_path: images/loading_screen/background.evaasset
07-22 21:31:13.688 4949 4995 D 3DMarkAndroid: 21:31:13 loading_screen_badge_path: images/hud/badges/api_overhead/api_overhead_vulkan_full.evaasset
07-22 21:31:13.688 4949 4995 D 3DMarkAndroid: 21:31:13 Attempting open /sys/devices/system/cpu/cpu0
07-22 21:31:13.688 4949 4995 D 3DMarkAndroid: 21:31:13 Opened cpu
07-22 21:31:13.688 4949 4995 D 3DMarkAndroid: 21:31:13 Attempting open /sys/devices/system/cpu/cpu1
07-22 21:31:13.688 4949 4995 D 3DMarkAndroid: 21:31:13 Opened cpu
07-22 21:31:13.688 4949 4995 D 3DMarkAndroid: 21:31:13 Attempting open /sys/devices/system/cpu/cpu2
07-22 21:31:13.688 4949 4995 D 3DMarkAndroid: 21:31:13 Creating thread workers_thread_0
07-22 21:31:13.688 4949 4995 D 3DMarkAndroid: 21:31:13 Thread count 2
07-22 21:31:13.693 4949 4995 D 3DMarkAndroid: 21:31:13 ---
07-22 21:31:13.693 4949 4995 D 3DMarkAndroid: 21:31:13 Physical device: AMD RADV BONAIRE (LLVM 7.0.0)
07-22 21:31:14.014 0 0 D : [drm:amdgpu_vm_init [amdgpu]] VM update mode is SDMA
07-22 21:31:13.693 4949 4995 D 3DMarkAndroid: 21:31:13 Memory type [0] - Property flags: 0x00000001, Device local heap: Yes
07-22 21:31:13.693 4949 4995 D 3DMarkAndroid: 21:31:13 Memory type [1] - Property flags: 0x00000006, Device local heap: No
07-22 21:31:13.693 4949 4995 D 3DMarkAndroid: 21:31:13 Memory type [2] - Property flags: 0x00000007, Device local heap: Yes
07-22 21:31:13.693 4949 4995 D 3DMarkAndroid: 21:31:13 Memory type [3] - Property flags: 0x0000000e, Device local heap: No
07-22 21:31:13.693 4949 4995 D 3DMarkAndroid: 21:31:13
07-22 21:31:13.693 4949 4995 D 3DMarkAndroid: 21:31:13 apiVersion: 1.0.68
07-22 21:31:13.693 4949 4995 D 3DMarkAndroid: 21:31:13 driverVersion: 75501667
07-22 21:31:13.693 4949 4995 D 3DMarkAndroid: 21:31:13 vendorID: 4098
07-22 21:31:13.693 4949 4995 D 3DMarkAndroid: 21:31:13 deviceID: 26204
07-22 21:31:13.693 4949 4995 D 3DMarkAndroid: 21:31:13 deviceType: DISCRETE_GPU
07-22 21:31:13.693 4949 4995 D 3DMarkAndroid: 21:31:13 deviceName: AMD RADV BONAIRE (LLVM 7.0.0)
07-22 21:31:13.693 4949 4995 D 3DMarkAndroid: 21:31:13 maxImageDimension1D: 16384
07-22 21:31:13.693 4949 4995 D 3DMarkAndroid: 21:31:13 maxImageDimension2D: 16384
07-22 21:31:13.693 4949 4995 D 3DMarkAndroid: 21:31:13 maxImageDimension3D: 2048
07-22 21:31:13.693 4949 4995 D 3DMarkAndroid: 21:31:13 maxImageDimensionCube: 16384
07-22 21:31:13.693 4949 4995 D 3DMarkAndroid: 21:31:13 maxImageArrayLayers: 2048
07-22 21:31:13.694 4949 4995 D 3DMarkAndroid: 21:31:13 maxTexelBufferElements: 134217728
07-22 21:31:13.694 4949 4995 D 3DMarkAndroid: 21:31:13 maxUniformBufferRange: -1
07-22 21:31:13.694 4949 4995 D 3DMarkAndroid: 21:31:13 maxStorageBufferRange: -1
07-22 21:31:13.694 4949 4995 D 3DMarkAndroid: 21:31:13 maxPushConstantsSize: 128
07-22 21:31:13.694 4949 4995 D 3DMarkAndroid: 21:31:13 maxMemoryAllocationCount: -1
07-22 21:31:13.694 4949 4995 D 3DMarkAndroid: 21:31:13 maxSamplerAllocationCount: 65536
07-22 21:31:13.694 4949 4995 D 3DMarkAndroid: 21:31:13 bufferImageGranularity: 64
07-22 21:31:13.694 4949 4995 D 3DMarkAndroid: 21:31:13 sparseAddressSpaceSize: 4294967295
07-22 21:31:13.694 4949 4995 D 3DMarkAndroid: 21:31:13 maxBoundDescriptorSets: 32
07-22 21:31:13.694 4949 4995 D 3DMarkAndroid: 21:31:13 maxPerStageDescriptorSamplers: 9586978
07-22 21:31:13.694 4949 4995 D 3DMarkAndroid: 21:31:13 maxPerStageDescriptorUniformBuffers: 9586978
07-22 21:31:13.694 4949 4995 D 3DMarkAndroid: 21:31:13 maxPerStageDescriptorStorageBuffers: 9586978
07-22 21:31:13.694 4949 4995 D 3DMarkAndroid: 21:31:13 maxPerStageDescriptorSampledImages: 9586978
07-22 21:31:13.694 4949 4995 D 3DMarkAndroid: 21:31:13 maxPerStageDescriptorStorageImages: 9586978
07-22 21:31:13.694 4949 4995 D 3DMarkAndroid: 21:31:13 maxPerStageDescriptorInputAttachments: 9586978
07-22 21:31:13.694 4949 4995 D 3DMarkAndroid: 21:31:13 maxPerStageResources: 9586978
07-22 21:31:13.694 4949 4995 D 3DMarkAndroid: 21:31:13 maxDescriptorSetSamplers: 9586978
07-22 21:31:13.694 4949 4995 D 3DMarkAndroid: 21:31:13 maxDescriptorSetUniformBuffers: 9586978
07-22 21:31:13.694 4949 4995 D 3DMarkAndroid: 21:31:13 maxDescriptorSetUniformBuffersDynamic: 16
07-22 21:31:13.694 4949 4995 D 3DMarkAndroid: 21:31:13 maxDescriptorSetStorageBuffers: 9586978
07-22 21:31:13.694 4949 4995 D 3DMarkAndroid: 21:31:13 maxDescriptorSetStorageBuffersDynamic: 8
07-22 21:31:13.694 4949 4995 D 3DMarkAndroid: 21:31:13 maxDescriptorSetSampledImages: 9586978
07-22 21:31:13.694 4949 4995 D 3DMarkAndroid: 21:31:13 maxDescriptorSetStorageImages: 9586978
07-22 21:31:13.694 4949 4995 D 3DMarkAndroid: 21:31:13 maxDescriptorSetInputAttachments: 9586978
07-22 21:31:13.694 4949 4995 D 3DMarkAndroid: 21:31:13 maxVertexInputAttributes: 32
07-22 21:31:13.694 4949 4995 D 3DMarkAndroid: 21:31:13 maxVertexInputBindings: 32
07-22 21:31:13.694 4949 4995 D 3DMarkAndroid: 21:31:13 maxVertexInputAttributeOffset: 2047
07-22 21:31:13.694 4949 4995 D 3DMarkAndroid: 21:31:13 maxVertexInputBindingStride: 2048
07-22 21:31:13.694 4949 4995 D 3DMarkAndroid: 21:31:13 maxVertexOutputComponents: 128
07-22 21:31:13.694 4949 4995 D 3DMarkAndroid: 21:31:13 maxTessellationGenerationLevel: 64
07-22 21:31:13.694 4949 4995 D 3DMarkAndroid: 21:31:13 maxTessellationPatchSize: 32
07-22 21:31:13.694 4949 4995 D 3DMarkAndroid: 21:31:13 maxTessellationControlPerVertexInputComponents: 128
07-22 21:31:13.694 4949 4995 D 3DMarkAndroid: 21:31:13 maxTessellationControlPerVertexOutputComponents: 128
07-22 21:31:13.694 4949 4995 D 3DMarkAndroid: 21:31:13 maxTessellationControlPerPatchOutputComponents: 120
07-22 21:31:13.694 4949 4995 D 3DMarkAndroid: 21:31:13 maxTessellationControlTotalOutputComponents: 4096
07-22 21:31:13.694 4949 4995 D 3DMarkAndroid: 21:31:13 maxTessellationEvaluationInputComponents: 128
07-22 21:31:13.694 4949 4995 D 3DMarkAndroid: 21:31:13 maxTessellationEvaluationOutputComponents: 128
07-22 21:31:13.695 4949 4995 D 3DMarkAndroid: 21:31:13 maxGeometryShaderInvocations: 127
07-22 21:31:13.695 4949 4995 D 3DMarkAndroid: 21:31:13 maxGeometryInputComponents: 64
07-22 21:31:13.695 4949 4995 D 3DMarkAndroid: 21:31:13 maxGeometryOutputComponents: 128
07-22 21:31:13.695 4949 4995 D 3DMarkAndroid: 21:31:13 maxGeometryOutputVertices: 256
07-22 21:31:13.695 4949 4995 D 3DMarkAndroid: 21:31:13 maxGeometryTotalOutputComponents: 1024
07-22 21:31:13.695 4949 4995 D 3DMarkAndroid: 21:31:13 maxFragmentInputComponents: 128
07-22 21:31:13.695 4949 4995 D 3DMarkAndroid: 21:31:13 maxFragmentOutputAttachments: 8
07-22 21:31:13.695 4949 4995 D 3DMarkAndroid: 21:31:13 maxFragmentDualSrcAttachments: 1
07-22 21:31:13.695 4949 4995 D 3DMarkAndroid: 21:31:13 maxFragmentCombinedOutputResources: 8
07-22 21:31:13.695 4949 4995 D 3DMarkAndroid: 21:31:13 maxComputeSharedMemorySize: 32768
07-22 21:31:13.695 4949 4995 D 3DMarkAndroid: 21:31:13 maxImageDimension1D: 65535 65535 65535
07-22 21:31:13.695 4949 4995 D 3DMarkAndroid: 21:31:13 maxComputeWorkGroupInvocations: 2048
07-22 21:31:13.695 4949 4995 D 3DMarkAndroid: 21:31:13 maxImageDimension1D: 2048 2048 2048
07-22 21:31:13.695 4949 4995 D 3DMarkAndroid: 21:31:13 subPixelPrecisionBits: 4
07-22 21:31:13.695 4949 4995 D 3DMarkAndroid: 21:31:13 subTexelPrecisionBits: 4
07-22 21:31:13.695 4949 4995 D 3DMarkAndroid: 21:31:13 mipmapPrecisionBits: 4
07-22 21:31:13.695 4949 4995 D 3DMarkAndroid: 21:31:13 maxDrawIndexedIndexValue: -1
07-22 21:31:13.695 4949 4995 D 3DMarkAndroid: 21:31:13 maxDrawIndirectCount: -1
07-22 21:31:13.695 4949 4995 D 3DMarkAndroid: 21:31:13 maxSamplerLodBias: 16.000000
07-22 21:31:13.695 4949 4995 D 3DMarkAndroid: 21:31:13 maxSamplerAnisotropy: 16.000000
07-22 21:31:13.695 4949 4995 D 3DMarkAndroid: 21:31:13 maxViewports: 16
07-22 21:31:13.695 4949 4995 D 3DMarkAndroid: 21:31:13 maxViewportDimensions: 16384 16384
07-22 21:31:13.695 4949 4995 D 3DMarkAndroid: 21:31:13 viewportBoundsRange: -32768.000000 32767.000000
07-22 21:31:13.695 4949 4995 D 3DMarkAndroid: 21:31:13 viewportSubPixelBits: 8
07-22 21:31:13.695 4949 4995 D 3DMarkAndroid: 21:31:13 minMemoryMapAlignment: 4096
07-22 21:31:13.695 4949 4995 D 3DMarkAndroid: 21:31:13 minTexelBufferOffsetAlignment: 1
07-22 21:31:13.695 4949 4995 D 3DMarkAndroid: 21:31:13 minUniformBufferOffsetAlignment: 4
07-22 21:31:13.695 4949 4995 D 3DMarkAndroid: 21:31:13 minStorageBufferOffsetAlignment: 4
07-22 21:31:13.695 4949 4995 D 3DMarkAndroid: 21:31:13 minTexelOffset: -32
07-22 21:31:13.695 4949 4995 D 3DMarkAndroid: 21:31:13 maxTexelOffset: 31
07-22 21:31:13.695 4949 4995 D 3DMarkAndroid: 21:31:13 minTexelGatherOffset: -32
07-22 21:31:13.696 4949 4995 D 3DMarkAndroid: 21:31:13 maxTexelGatherOffset: 31
07-22 21:31:13.696 4949 4995 D 3DMarkAndroid: 21:31:13 minInterpolationOffset: -2.000000
07-22 21:31:13.696 4949 4995 D 3DMarkAndroid: 21:31:13 maxInterpolationOffset: 2.000000
07-22 21:31:13.696 4949 4995 D 3DMarkAndroid: 21:31:13 subPixelInterpolationOffsetBits: 8
07-22 21:31:13.696 4949 4995 D 3DMarkAndroid: 21:31:13 maxFramebufferWidth: 16384
07-22 21:31:13.696 4949 4995 D 3DMarkAndroid: 21:31:13 maxFramebufferHeight: 16384
07-22 21:31:13.696 4949 4995 D 3DMarkAndroid: 21:31:13 maxFramebufferLayers: 1024
07-22 21:31:13.696 4949 4995 D 3DMarkAndroid: 21:31:13 framebufferColorSampleCounts: 15
07-22 21:31:13.696 4949 4995 D 3DMarkAndroid: 21:31:13 framebufferDepthSampleCounts: 15
07-22 21:31:13.696 4949 4995 D 3DMarkAndroid: 21:31:13 framebufferStencilSampleCounts: 15
07-22 21:31:13.696 4949 4995 D 3DMarkAndroid: 21:31:13 framebufferNoAttachmentsSampleCounts: 15
07-22 21:31:13.696 4949 4995 D 3DMarkAndroid: 21:31:13 maxColorAttachments: 8
07-22 21:31:13.696 4949 4995 D 3DMarkAndroid: 21:31:13 sampledImageColorSampleCounts: 15
07-22 21:31:13.696 4949 4995 D 3DMarkAndroid: 21:31:13 sampledImageIntegerSampleCounts: 1
07-22 21:31:13.696 4949 4995 D 3DMarkAndroid: 21:31:13 sampledImageDepthSampleCounts: 15
07-22 21:31:13.696 4949 4995 D 3DMarkAndroid: 21:31:13 sampledImageStencilSampleCounts: 15
07-22 21:31:13.696 4949 4995 D 3DMarkAndroid: 21:31:13 storageImageSampleCounts: 1
07-22 21:31:13.696 4949 4995 D 3DMarkAndroid: 21:31:13 maxSampleMaskWords: 1
07-22 21:31:13.696 4949 4995 D 3DMarkAndroid: 21:31:13 timestampComputeAndGraphics: 1
07-22 21:31:13.696 4949 4995 D 3DMarkAndroid: 21:31:13 timestampPeriod: 37.037037
07-22 21:31:13.696 4949 4995 D 3DMarkAndroid: 21:31:13 maxClipDistances: 8
07-22 21:31:13.696 4949 4995 D 3DMarkAndroid: 21:31:13 maxCullDistances: 8
07-22 21:31:13.696 4949 4995 D 3DMarkAndroid: 21:31:13 maxCombinedClipAndCullDistances: 8
07-22 21:31:13.696 4949 4995 D 3DMarkAndroid: 21:31:13 discreteQueuePriorities: 1
07-22 21:31:13.696 4949 4995 D 3DMarkAndroid: 21:31:13 pointSizeRange: 0.125000 255.875000
07-22 21:31:13.696 4949 4995 D 3DMarkAndroid: 21:31:13 lineWidthRange: 0.000000 7.992188
07-22 21:31:13.696 4949 4995 D 3DMarkAndroid: 21:31:13 pointSizeGranularity: 0.125000
07-22 21:31:14.017 0 0 D : [drm:dm_pflip_high_irq [amdgpu]] dm_pflip_high_irq - crtc :0[00000000da4e46cc], pflip_stat:AMDGPU_FLIP_NONE
07-22 21:31:14.017 0 0 D : [drm:drm_atomic_state_default_clear [drm]] Clearing atomic state 000000008f7f868e
07-22 21:31:14.017 0 0 D : [drm:__drm_atomic_state_free [drm]] Freeing atomic state 000000008f7f868e
07-22 21:31:13.696 4949 4995 D 3DMarkAndroid: 21:31:13 lineWidthGranularity: 0.007812
07-22 21:31:13.696 4949 4995 D 3DMarkAndroid: 21:31:13 strictLines: 0
07-22 21:31:13.696 4949 4995 D 3DMarkAndroid: 21:31:13 standardSampleLocations: 1
07-22 21:31:13.696 4949 4995 D 3DMarkAndroid: 21:31:13 optimalBufferCopyOffsetAlignment: 128
07-22 21:31:13.696 4949 4995 D 3DMarkAndroid: 21:31:13 optimalBufferCopyRowPitchAlignment: 128
07-22 21:31:13.696 4949 4995 D 3DMarkAndroid: 21:31:13 nonCoherentAtomSize: 64
07-22 21:31:13.696 4949 4995 D 3DMarkAndroid: 21:31:13 robustBufferAccess: 1
07-22 21:31:13.696 4949 4995 D 3DMarkAndroid: 21:31:13 fullDrawIndexUint32: 1
07-22 21:31:13.696 4949 4995 D 3DMarkAndroid: 21:31:13 imageCubeArray: 1
07-22 21:31:13.696 4949 4995 D 3DMarkAndroid: 21:31:13 independentBlend: 1
07-22 21:31:13.697 4949 4995 D 3DMarkAndroid: 21:31:13 geometryShader: 1
07-22 21:31:13.697 4949 4995 D 3DMarkAndroid: 21:31:13 tessellationShader: 1
07-22 21:31:13.697 4949 4995 D 3DMarkAndroid: 21:31:13 sampleRateShading: 1
07-22 21:31:13.697 4949 4995 D 3DMarkAndroid: 21:31:13 dualSrcBlend: 1
07-22 21:31:13.697 4949 4995 D 3DMarkAndroid: 21:31:13 logicOp: 1
07-22 21:31:13.697 4949 4995 D 3DMarkAndroid: 21:31:13 multiDrawIndirect: 1
07-22 21:31:13.697 4949 4995 D 3DMarkAndroid: 21:31:13 drawIndirectFirstInstance: 1
07-22 21:31:13.697 4949 4995 D 3DMarkAndroid: 21:31:13 depthClamp: 1
07-22 21:31:13.697 4949 4995 D 3DMarkAndroid: 21:31:13 depthBiasClamp: 1
07-22 21:31:13.697 4949 4995 D 3DMarkAndroid: 21:31:13 fillModeNonSolid: 1
07-22 21:31:13.697 4949 4995 D 3DMarkAndroid: 21:31:13 depthBounds: 1
07-22 21:31:13.697 4949 4995 D 3DMarkAndroid: 21:31:13 wideLines: 1
07-22 21:31:13.697 4949 4995 D 3DMarkAndroid: 21:31:13 largePoints: 1
07-22 21:31:13.697 4949 4995 D 3DMarkAndroid: 21:31:13 alphaToOne: 1
07-22 21:31:13.697 4949 4995 D 3DMarkAndroid: 21:31:13 multiViewport: 1
07-22 21:31:13.697 4949 4995 D 3DMarkAndroid: 21:31:13 samplerAnisotropy: 1
07-22 21:31:13.697 4949 4995 D 3DMarkAndroid: 21:31:13 textureCompressionETC2: 0
07-22 21:31:13.697 4949 4995 D 3DMarkAndroid: 21:31:13 textureCompressionASTC_LDR: 0
07-22 21:31:13.697 4949 4995 D 3DMarkAndroid: 21:31:13 textureCompressionBC: 1
07-22 21:31:13.697 4949 4995 D 3DMarkAndroid: 21:31:13 occlusionQueryPrecise: 1
07-22 21:31:13.697 4949 4995 D 3DMarkAndroid: 21:31:13 pipelineStatisticsQuery: 1
07-22 21:31:13.697 4949 4995 D 3DMarkAndroid: 21:31:13 vertexPipelineStoresAndAtomics: 1
07-22 21:31:13.697 4949 4995 D 3DMarkAndroid: 21:31:13 fragmentStoresAndAtomics: 1
07-22 21:31:13.697 4949 4995 D 3DMarkAndroid: 21:31:13 shaderTessellationAndGeometryPointSize: 1
07-22 21:31:13.697 4949 4995 D 3DMarkAndroid: 21:31:13 shaderImageGatherExtended: 1
07-22 21:31:13.697 4949 4995 D 3DMarkAndroid: 21:31:13 shaderStorageImageExtendedFormats: 1
07-22 21:31:13.697 4949 4995 D 3DMarkAndroid: 21:31:13 shaderStorageImageMultisample: 0
07-22 21:31:13.697 4949 4995 D 3DMarkAndroid: 21:31:13 shaderStorageImageReadWithoutFormat: 1
07-22 21:31:13.697 4949 4995 D 3DMarkAndroid: 21:31:13 shaderStorageImageWriteWithoutFormat: 1
07-22 21:31:13.697 4949 4995 D 3DMarkAndroid: 21:31:13 shaderUniformBufferArrayDynamicIndexing: 1
07-22 21:31:13.697 4949 4995 D 3DMarkAndroid: 21:31:13 shaderSampledImageArrayDynamicIndexing: 1
07-22 21:31:13.697 4949 4995 D 3DMarkAndroid: 21:31:13 shaderStorageBufferArrayDynamicIndexing: 1
07-22 21:31:13.697 4949 4995 D 3DMarkAndroid: 21:31:13 shaderStorageImageArrayDynamicIndexing: 1
07-22 21:31:13.698 4949 4995 D 3DMarkAndroid: 21:31:13 shaderClipDistance: 1
07-22 21:31:13.698 4949 4995 D 3DMarkAndroid: 21:31:13 shaderCullDistance: 1
07-22 21:31:13.698 4949 4995 D 3DMarkAndroid: 21:31:13 shaderFloat64: 1
07-22 21:31:13.698 4949 4995 D 3DMarkAndroid: 21:31:13 shaderInt64: 1
07-22 21:31:13.698 4949 4995 D 3DMarkAndroid: 21:31:13 shaderInt16: 0
07-22 21:31:13.698 4949 4995 D 3DMarkAndroid: 21:31:13 shaderResourceResidency: 0
07-22 21:31:13.698 4949 4995 D 3DMarkAndroid: 21:31:13 shaderResourceMinLod: 0
07-22 21:31:13.698 4949 4995 D 3DMarkAndroid: 21:31:13 sparseBinding: 1
07-22 21:31:13.698 4949 4995 D 3DMarkAndroid: 21:31:13 sparseResidencyBuffer: 0
07-22 21:31:13.698 4949 4995 D 3DMarkAndroid: 21:31:13 sparseResidencyImage2D: 0
07-22 21:31:13.698 4949 4995 D 3DMarkAndroid: 21:31:13 sparseResidencyImage3D: 0
07-22 21:31:13.698 4949 4995 D 3DMarkAndroid: 21:31:13 sparseResidency2Samples: 0
07-22 21:31:13.698 4949 4995 D 3DMarkAndroid: 21:31:13 sparseResidency4Samples: 0
07-22 21:31:13.698 4949 4995 D 3DMarkAndroid: 21:31:13 sparseResidency8Samples: 0
07-22 21:31:13.698 4949 4995 D 3DMarkAndroid: 21:31:13 sparseResidency16Samples: 0
07-22 21:31:13.698 4949 4995 D 3DMarkAndroid: 21:31:13 sparseResidencyAliased: 0
07-22 21:31:13.698 4949 4995 D 3DMarkAndroid: 21:31:13 variableMultisampleRate: 1
07-22 21:31:13.698 4949 4995 D 3DMarkAndroid: 21:31:13 inheritedQueries: 1
07-22 21:31:13.698 4949 4995 D 3DMarkAndroid: 21:31:13
07-22 21:31:14.021 0 0 D [drm:drm_mode_addfb2 [drm]] [FB: 74]
07-22 21:31:14.021 0 0 D : [drm:drm_atomic_state_init [drm]] Allocated atomic state 00000000c2337f9a
07-22 21:31:14.021 0 0 D : [drm:drm_atomic_get_plane_state [drm]] Added [PLANE:36:plane-0] 000000003d571887 state to 00000000c2337f9a
07-22 21:31:14.021 0 0 D : [drm:drm_atomic_get_crtc_state [drm]] Added [CRTC:43:crtc-0] 00000000066f486f state to 00000000c2337f9a
07-22 21:31:14.021 0 0 D : [drm:drm_atomic_set_crtc_for_plane [drm]] Link plane state 000000003d571887 to [CRTC:43:crtc-0]
07-22 21:31:14.021 0 0 D : [drm:drm_atomic_set_fb_for_plane [drm]] Set [FB:74] for plane state 000000003d571887
07-22 21:31:14.021 0 0 D : [drm:drm_atomic_check_only [drm]] checking 00000000c2337f9a
07-22 21:31:14.022 0 0 D : [drm:dm_update_planes_state [amdgpu]] Disabling DRM plane: 36 on DRM crtc 43
07-22 21:31:14.022 0 0 D : [drm:dm_update_planes_state [amdgpu]] Enabling DRM plane: 36 on DRM crtc 43
07-22 21:31:14.022 0 0 D : [drm:drm_atomic_state_default_clear [drm]] Clearing atomic state 00000000c2337f9a
07-22 21:31:14.022 0 0 D : [drm:__drm_atomic_state_free [drm]] Freeing atomic state 00000000c2337f9a
07-22 21:31:14.022 0 0 D : [drm:drm_atomic_state_init [drm]] Allocated atomic state 00000000c2337f9a
07-22 21:31:14.022 0 0 D : [drm:drm_atomic_get_plane_state [drm]] Added [PLANE:36:plane-0] 000000003d571887 state to 00000000c2337f9a
07-22 21:31:14.022 0 0 D : [drm:drm_atomic_get_crtc_state [drm]] Added [CRTC:43:crtc-0] 000000001898b5ec state to 00000000c2337f9a
07-22 21:31:14.022 0 0 D : [drm:drm_atomic_set_crtc_for_plane [drm]] Link plane state 000000003d571887 to [CRTC:43:crtc-0]
07-22 21:31:14.022 0 0 D : [drm:drm_atomic_set_fb_for_plane [drm]] Set [FB:74] for plane state 000000003d571887
07-22 21:31:14.022 0 0 D : [drm:drm_atomic_check_only [drm]] checking 00000000c2337f9a
07-22 21:31:14.022 0 0 D : [drm:dm_update_planes_state [amdgpu]] Disabling DRM plane: 36 on DRM crtc 43
07-22 21:31:14.022 0 0 D : [drm:dm_update_planes_state [amdgpu]] Enabling DRM plane: 36 on DRM crtc 43
07-22 21:31:14.022 0 0 D : [drm:drm_atomic_commit [drm]] committing 00000000c2337f9a
07-22 21:31:14.022 0 0 D : [drm:amdgpu_dm_atomic_commit_tail [amdgpu]] amdgpu_crtc id:0 crtc_state_flags: enable:1, active:1, planes_changed:1, mode_changed:0,active_changed:0,connectors_changed:0
07-22 21:31:14.022 0 0 D [drm:amdgpu_dm_atomic_commit_tail [amdgpu]] crtc: 0, pflip_stat:AMDGPU_FLIP_SUBMITTED
07-22 21:31:13.706 2443 2465 I sysui_multi_action: [319,33,321,32,322,552,325,1384,757,761,758,7,759,1,806,com.futuremark.dmandroid.application,871,com.futuremark.dmandroid.application.vulkan.FarandoleVulkanNativeActivity,904,com.futuremark.dmandroid.application,905,0,945,22]
07-22 21:31:13.706 2443 2465 I am_activity_launch_time: [0,105904828,com.futuremark.dmandroid.application/.vulkan.FarandoleVulkanNativeActivity,548,568]
07-22 21:31:13.706 2443 2465 I ActivityManager: Displayed com.futuremark.dmandroid.application/.vulkan.FarandoleVulkanNativeActivity: +548ms (total +568ms)
07-22 21:31:13.707 2443 2458 I am_stop_activity: [0,73864592,com.futuremark.dmandroid.application/.vulkan.VulkanWorkloadActivity]
07-22 21:31:13.707 2443 2458 I am_stop_activity: [0,15929458,com.futuremark.dmandroid.application/.BenchmarkLauncherActivity]
07-22 21:31:13.707 2443 2458 W SchedPolicy: add_tid_to_cgroup failed to write '4695' (Permission denied); fd=25
07-22 21:31:13.707 4695 4695 I com.futuremark.dmandroid.VulkanWorkloadActivity: call to onSaveInstanceState()
07-22 21:31:13.707 4695 4695 I com.futuremark.dmandroid.VulkanWorkloadActivity: call to VulkanWorkloadActivity.onStop
07-22 21:31:13.707 4695 4695 I am_on_stop_called: [0,com.futuremark.dmandroid.application.vulkan.VulkanWorkloadActivity,handleStopActivity]
07-22 21:31:13.707 4695 4695 D com.futuremark.dmandroid.*hmarkLauncherPresenter: onSaveInstanceState
07-22 21:31:13.712 4695 4695 D com.futuremark.dmandroid.*chmarkLauncherActivity: onSaveInstanceState()
07-22 21:31:13.712 4695 4695 I am_on_stop_called: [0,com.futuremark.dmandroid.application.BenchmarkLauncherActivity,handleStopActivity]
07-22 21:31:14.034 0 0 D : [drm:dm_pflip_high_irq [amdgpu]] dm_pflip_high_irq - crtc :0[00000000da4e46cc], pflip_stat:AMDGPU_FLIP_NONE
07-22 21:31:14.034 0 0 D : [drm:drm_atomic_state_default_clear [drm]] Clearing atomic state 00000000c2337f9a
07-22 21:31:14.034 0 0 D : [drm:__drm_atomic_state_free [drm]] Freeing atomic state 00000000c2337f9a
07-22 21:31:14.036 0 0 D [drm:drm_mode_addfb2 [drm]] [FB: 78]
07-22 21:31:14.037 0 0 D : [drm:drm_atomic_state_init [drm]] Allocated atomic state 00000000df2176d9
07-22 21:31:14.037 0 0 D : [drm:drm_atomic_get_plane_state [drm]] Added [PLANE:36:plane-0] 000000001456c12b state to 00000000df2176d9
07-22 21:31:14.037 0 0 D : [drm:drm_atomic_get_crtc_state [drm]] Added [CRTC:43:crtc-0] 000000000a1c2172 state to 00000000df2176d9
07-22 21:31:14.037 0 0 D : [drm:drm_atomic_set_crtc_for_plane [drm]] Link plane state 000000001456c12b to [CRTC:43:crtc-0]
07-22 21:31:14.037 0 0 D : [drm:drm_atomic_set_fb_for_plane [drm]] Set [FB:78] for plane state 000000001456c12b
07-22 21:31:14.037 0 0 D : [drm:drm_atomic_check_only [drm]] checking 00000000df2176d9
07-22 21:31:14.037 0 0 D : [drm:dm_update_planes_state [amdgpu]] Disabling DRM plane: 36 on DRM crtc 43
07-22 21:31:14.037 0 0 D : [drm:dm_update_planes_state [amdgpu]] Enabling DRM plane: 36 on DRM crtc 43
07-22 21:31:14.037 0 0 D : [drm:drm_atomic_state_default_clear [drm]] Clearing atomic state 00000000df2176d9
07-22 21:31:14.037 0 0 D : [drm:__drm_atomic_state_free [drm]] Freeing atomic state 00000000df2176d9
07-22 21:31:14.037 0 0 D : [drm:drm_atomic_state_init [drm]] Allocated atomic state 00000000df2176d9
07-22 21:31:14.037 0 0 D : [drm:drm_atomic_get_plane_state [drm]] Added [PLANE:36:plane-0] 000000001456c12b state to 00000000df2176d9
07-22 21:31:14.037 0 0 D : [drm:drm_atomic_get_crtc_state [drm]] Added [CRTC:43:crtc-0] 000000000a2110c6 state to 00000000df2176d9
07-22 21:31:14.037 0 0 D : [drm:drm_atomic_set_crtc_for_plane [drm]] Link plane state 000000001456c12b to [CRTC:43:crtc-0]
07-22 21:31:14.037 0 0 D : [drm:drm_atomic_set_fb_for_plane [drm]] Set [FB:78] for plane state 000000001456c12b
07-22 21:31:14.037 0 0 D : [drm:drm_atomic_check_only [drm]] checking 00000000df2176d9
07-22 21:31:14.037 0 0 D : [drm:dm_update_planes_state [amdgpu]] Disabling DRM plane: 36 on DRM crtc 43
07-22 21:31:14.037 0 0 D : [drm:dm_update_planes_state [amdgpu]] Enabling DRM plane: 36 on DRM crtc 43
07-22 21:31:14.037 0 0 D : [drm:drm_atomic_commit [drm]] committing 00000000df2176d9
07-22 21:31:14.037 0 0 D : [drm:amdgpu_dm_atomic_commit_tail [amdgpu]] amdgpu_crtc id:0 crtc_state_flags: enable:1, active:1, planes_changed:1, mode_changed:0,active_changed:0,connectors_changed:0
07-22 21:31:14.037 0 0 D [drm:amdgpu_dm_atomic_commit_tail [amdgpu]] crtc: 0, pflip_stat:AMDGPU_FLIP_SUBMITTED
07-22 21:31:14.051 0 0 D : [drm:dm_pflip_high_irq [amdgpu]] dm_pflip_high_irq - crtc :0[00000000da4e46cc], pflip_stat:AMDGPU_FLIP_NONE
07-22 21:31:14.051 0 0 D : [drm:drm_atomic_state_default_clear [drm]] Clearing atomic state 00000000df2176d9
07-22 21:31:14.051 0 0 D : [drm:__drm_atomic_state_free [drm]] Freeing atomic state 00000000df2176d9
07-22 21:31:14.053 0 0 D [drm:drm_mode_addfb2 [drm]] [FB: 74]
07-22 21:31:14.053 0 0 D : [drm:drm_atomic_state_init [drm]] Allocated atomic state 000000007b423aed
07-22 21:31:14.053 0 0 D : [drm:drm_atomic_get_plane_state [drm]] Added [PLANE:36:plane-0] 00000000b1b7d1ac state to 000000007b423aed
07-22 21:31:14.053 0 0 D : [drm:drm_atomic_get_crtc_state [drm]] Added [CRTC:43:crtc-0] 000000006688dcd5 state to 000000007b423aed
07-22 21:31:14.053 0 0 D : [drm:drm_atomic_set_crtc_for_plane [drm]] Link plane state 00000000b1b7d1ac to [CRTC:43:crtc-0]
07-22 21:31:14.053 0 0 D : [drm:drm_atomic_set_fb_for_plane [drm]] Set [FB:74] for plane state 00000000b1b7d1ac
07-22 21:31:14.053 0 0 D : [drm:drm_atomic_check_only [drm]] checking 000000007b423aed
07-22 21:31:14.053 0 0 D : [drm:dm_update_planes_state [amdgpu]] Disabling DRM plane: 36 on DRM crtc 43
07-22 21:31:14.053 0 0 D : [drm:dm_update_planes_state [amdgpu]] Enabling DRM plane: 36 on DRM crtc 43
07-22 21:31:14.053 0 0 D : [drm:drm_atomic_state_default_clear [drm]] Clearing atomic state 000000007b423aed
07-22 21:31:14.053 0 0 D : [drm:__drm_atomic_state_free [drm]] Freeing atomic state 000000007b423aed
07-22 21:31:14.053 0 0 D : [drm:drm_atomic_state_init [drm]] Allocated atomic state 000000007b423aed
07-22 21:31:14.053 0 0 D : [drm:drm_atomic_get_plane_state [drm]] Added [PLANE:36:plane-0] 00000000b1b7d1ac state to 000000007b423aed
07-22 21:31:14.053 0 0 D : [drm:drm_atomic_get_crtc_state [drm]] Added [CRTC:43:crtc-0] 00000000e76cde76 state to 000000007b423aed
07-22 21:31:14.053 0 0 D : [drm:drm_atomic_set_crtc_for_plane [drm]] Link plane state 00000000b1b7d1ac to [CRTC:43:crtc-0]
07-22 21:31:14.053 0 0 D : [drm:drm_atomic_set_fb_for_plane [drm]] Set [FB:74] for plane state 00000000b1b7d1ac
07-22 21:31:14.053 0 0 D : [drm:drm_atomic_check_only [drm]] checking 000000007b423aed
07-22 21:31:14.054 0 0 D : [drm:dm_update_planes_state [amdgpu]] Disabling DRM plane: 36 on DRM crtc 43
07-22 21:31:14.054 0 0 D : [drm:dm_update_planes_state [amdgpu]] Enabling DRM plane: 36 on DRM crtc 43
07-22 21:31:14.054 0 0 D : [drm:drm_atomic_commit [drm]] committing 000000007b423aed
07-22 21:31:14.054 0 0 D : [drm:amdgpu_dm_atomic_commit_tail [amdgpu]] amdgpu_crtc id:0 crtc_state_flags: enable:1, active:1, planes_changed:1, mode_changed:0,active_changed:0,connectors_changed:0
07-22 21:31:14.054 0 0 D [drm:amdgpu_dm_atomic_commit_tail [amdgpu]] crtc: 0, pflip_stat:AMDGPU_FLIP_SUBMITTED
07-22 21:31:14.067 0 0 D : [drm:dm_pflip_high_irq [amdgpu]] dm_pflip_high_irq - crtc :0[00000000da4e46cc], pflip_stat:AMDGPU_FLIP_NONE
07-22 21:31:14.067 0 0 D : [drm:drm_atomic_state_default_clear [drm]] Clearing atomic state 000000007b423aed
07-22 21:31:14.067 0 0 D : [drm:__drm_atomic_state_free [drm]] Freeing atomic state 000000007b423aed
07-22 21:31:14.070 0 0 D [drm:drm_mode_addfb2 [drm]] [FB: 78]
07-22 21:31:14.070 0 0 D : [drm:drm_atomic_state_init [drm]] Allocated atomic state 00000000c2337f9a
07-22 21:31:14.070 0 0 D : [drm:drm_atomic_get_plane_state [drm]] Added [PLANE:36:plane-0] 000000008c53cfa7 state to 00000000c2337f9a
07-22 21:31:14.070 0 0 D : [drm:drm_atomic_get_crtc_state [drm]] Added [CRTC:43:crtc-0] 00000000d2d265d4 state to 00000000c2337f9a
07-22 21:31:14.070 0 0 D : [drm:drm_atomic_set_crtc_for_plane [drm]] Link plane state 000000008c53cfa7 to [CRTC:43:crtc-0]
07-22 21:31:14.070 0 0 D : [drm:drm_atomic_set_fb_for_plane [drm]] Set [FB:78] for plane state 000000008c53cfa7
07-22 21:31:14.070 0 0 D : [drm:drm_atomic_check_only [drm]] checking 00000000c2337f9a
07-22 21:31:14.070 0 0 D : [drm:dm_update_planes_state [amdgpu]] Disabling DRM plane: 36 on DRM crtc 43
07-22 21:31:14.070 0 0 D : [drm:dm_update_planes_state [amdgpu]] Enabling DRM plane: 36 on DRM crtc 43
07-22 21:31:14.070 0 0 D : [drm:drm_atomic_state_default_clear [drm]] Clearing atomic state 00000000c2337f9a
07-22 21:31:14.070 0 0 D : [drm:__drm_atomic_state_free [drm]] Freeing atomic state 00000000c2337f9a
07-22 21:31:14.070 0 0 D : [drm:drm_atomic_state_init [drm]] Allocated atomic state 00000000c2337f9a
07-22 21:31:14.070 0 0 D : [drm:drm_atomic_get_plane_state [drm]] Added [PLANE:36:plane-0] 000000008c53cfa7 state to 00000000c2337f9a
07-22 21:31:14.070 0 0 D : [drm:drm_atomic_get_crtc_state [drm]] Added [CRTC:43:crtc-0] 00000000695d5140 state to 00000000c2337f9a
07-22 21:31:14.070 0 0 D : [drm:drm_atomic_set_crtc_for_plane [drm]] Link plane state 000000008c53cfa7 to [CRTC:43:crtc-0]
07-22 21:31:14.070 0 0 D : [drm:drm_atomic_set_fb_for_plane [drm]] Set [FB:78] for plane state 000000008c53cfa7
07-22 21:31:14.070 0 0 D : [drm:drm_atomic_check_only [drm]] checking 00000000c2337f9a
07-22 21:31:14.070 0 0 D : [drm:dm_update_planes_state [amdgpu]] Disabling DRM plane: 36 on DRM crtc 43
07-22 21:31:14.070 0 0 D : [drm:dm_update_planes_state [amdgpu]] Enabling DRM plane: 36 on DRM crtc 43
07-22 21:31:14.070 0 0 D : [drm:drm_atomic_commit [drm]] committing 00000000c2337f9a
07-22 21:31:14.070 0 0 D : [drm:amdgpu_dm_atomic_commit_tail [amdgpu]] amdgpu_crtc id:0 crtc_state_flags: enable:1, active:1, planes_changed:1, mode_changed:0,active_changed:0,connectors_changed:0
07-22 21:31:14.070 0 0 D [drm:amdgpu_dm_atomic_commit_tail [amdgpu]] crtc: 0, pflip_stat:AMDGPU_FLIP_SUBMITTED
07-22 21:31:14.084 0 0 D : [drm:dm_pflip_high_irq [amdgpu]] dm_pflip_high_irq - crtc :0[00000000da4e46cc], pflip_stat:AMDGPU_FLIP_NONE
07-22 21:31:14.084 0 0 D : [drm:drm_atomic_state_default_clear [drm]] Clearing atomic state 00000000c2337f9a
07-22 21:31:14.084 0 0 D : [drm:__drm_atomic_state_free [drm]] Freeing atomic state 00000000c2337f9a
07-22 21:31:14.086 0 0 D [drm:drm_mode_addfb2 [drm]] [FB: 74]
07-22 21:31:14.086 0 0 D : [drm:drm_atomic_state_init [drm]] Allocated atomic state 000000006c4fd6f1
07-22 21:31:14.086 0 0 D : [drm:drm_atomic_get_plane_state [drm]] Added [PLANE:36:plane-0] 000000009f7c04ef state to 000000006c4fd6f1
07-22 21:31:14.086 0 0 D : [drm:drm_atomic_get_crtc_state [drm]] Added [CRTC:43:crtc-0] 0000000089471139 state to 000000006c4fd6f1
07-22 21:31:14.086 0 0 D : [drm:drm_atomic_set_crtc_for_plane [drm]] Link plane state 000000009f7c04ef to [CRTC:43:crtc-0]
07-22 21:31:14.087 0 0 D : [drm:drm_atomic_set_fb_for_plane [drm]] Set [FB:74] for plane state 000000009f7c04ef
07-22 21:31:14.087 0 0 D : [drm:drm_atomic_check_only [drm]] checking 000000006c4fd6f1
07-22 21:31:14.087 0 0 D : [drm:dm_update_planes_state [amdgpu]] Disabling DRM plane: 36 on DRM crtc 43
07-22 21:31:14.087 0 0 D : [drm:dm_update_planes_state [amdgpu]] Enabling DRM plane: 36 on DRM crtc 43
07-22 21:31:14.087 0 0 D : [drm:drm_atomic_state_default_clear [drm]] Clearing atomic state 000000006c4fd6f1
07-22 21:31:14.087 0 0 D : [drm:__drm_atomic_state_free [drm]] Freeing atomic state 000000006c4fd6f1
07-22 21:31:14.087 0 0 D : [drm:drm_atomic_state_init [drm]] Allocated atomic state 000000006c4fd6f1
07-22 21:31:14.087 0 0 D : [drm:drm_atomic_get_plane_state [drm]] Added [PLANE:36:plane-0] 000000009f7c04ef state to 000000006c4fd6f1
07-22 21:31:14.087 0 0 D : [drm:drm_atomic_get_crtc_state [drm]] Added [CRTC:43:crtc-0] 000000006e05a062 state to 000000006c4fd6f1
07-22 21:31:14.087 0 0 D : [drm:drm_atomic_set_crtc_for_plane [drm]] Link plane state 000000009f7c04ef to [CRTC:43:crtc-0]
07-22 21:31:14.087 0 0 D : [drm:drm_atomic_set_fb_for_plane [drm]] Set [FB:74] for plane state 000000009f7c04ef
07-22 21:31:14.087 0 0 D : [drm:drm_atomic_check_only [drm]] checking 000000006c4fd6f1
07-22 21:31:14.087 0 0 D : [drm:dm_update_planes_state [amdgpu]] Disabling DRM plane: 36 on DRM crtc 43
07-22 21:31:14.087 0 0 D : [drm:dm_update_planes_state [amdgpu]] Enabling DRM plane: 36 on DRM crtc 43
07-22 21:31:14.087 0 0 D : [drm:drm_atomic_commit [drm]] committing 000000006c4fd6f1
07-22 21:31:14.087 0 0 D : [drm:amdgpu_dm_atomic_commit_tail [amdgpu]] amdgpu_crtc id:0 crtc_state_flags: enable:1, active:1, planes_changed:1, mode_changed:0,active_changed:0,connectors_changed:0
07-22 21:31:14.087 0 0 D [drm:amdgpu_dm_atomic_commit_tail [amdgpu]] crtc: 0, pflip_stat:AMDGPU_FLIP_SUBMITTED
07-22 21:31:14.101 0 0 D : [drm:dm_pflip_high_irq [amdgpu]] dm_pflip_high_irq - crtc :0[00000000da4e46cc], pflip_stat:AMDGPU_FLIP_NONE
07-22 21:31:14.101 0 0 D : [drm:drm_atomic_state_default_clear [drm]] Clearing atomic state 000000006c4fd6f1
07-22 21:31:14.101 0 0 D : [drm:__drm_atomic_state_free [drm]] Freeing atomic state 000000006c4fd6f1
07-22 21:31:14.103 0 0 D [drm:drm_mode_addfb2 [drm]] [FB: 78]
07-22 21:31:14.103 0 0 D : [drm:drm_atomic_state_init [drm]] Allocated atomic state 000000006969aed0
07-22 21:31:14.103 0 0 D : [drm:drm_atomic_get_plane_state [drm]] Added [PLANE:36:plane-0] 000000003bc31529 state to 000000006969aed0
07-22 21:31:14.103 0 0 D : [drm:drm_atomic_get_crtc_state [drm]] Added [CRTC:43:crtc-0] 000000009f68922c state to 000000006969aed0
07-22 21:31:14.103 0 0 D : [drm:drm_atomic_set_crtc_for_plane [drm]] Link plane state 000000003bc31529 to [CRTC:43:crtc-0]
07-22 21:31:14.103 0 0 D : [drm:drm_atomic_set_fb_for_plane [drm]] Set [FB:78] for plane state 000000003bc31529
07-22 21:31:14.103 0 0 D : [drm:drm_atomic_check_only [drm]] checking 000000006969aed0
07-22 21:31:14.103 0 0 D : [drm:dm_update_planes_state [amdgpu]] Disabling DRM plane: 36 on DRM crtc 43
07-22 21:31:14.103 0 0 D : [drm:dm_update_planes_state [amdgpu]] Enabling DRM plane: 36 on DRM crtc 43
07-22 21:31:14.103 0 0 D : [drm:drm_atomic_state_default_clear [drm]] Clearing atomic state 000000006969aed0
07-22 21:31:14.103 0 0 D : [drm:__drm_atomic_state_free [drm]] Freeing atomic state 000000006969aed0
07-22 21:31:14.104 0 0 D : [drm:drm_atomic_state_init [drm]] Allocated atomic state 000000006969aed0
07-22 21:31:14.104 0 0 D : [drm:drm_atomic_get_plane_state [drm]] Added [PLANE:36:plane-0] 000000003bc31529 state to 000000006969aed0
07-22 21:31:14.104 0 0 D : [drm:drm_atomic_get_crtc_state [drm]] Added [CRTC:43:crtc-0] 00000000c96b1c77 state to 000000006969aed0
07-22 21:31:14.104 0 0 D : [drm:drm_atomic_set_crtc_for_plane [drm]] Link plane state 000000003bc31529 to [CRTC:43:crtc-0]
07-22 21:31:14.104 0 0 D : [drm:drm_atomic_set_fb_for_plane [drm]] Set [FB:78] for plane state 000000003bc31529
07-22 21:31:14.104 0 0 D : [drm:drm_atomic_check_only [drm]] checking 000000006969aed0
07-22 21:31:14.104 0 0 D : [drm:dm_update_planes_state [amdgpu]] Disabling DRM plane: 36 on DRM crtc 43
07-22 21:31:14.104 0 0 D : [drm:dm_update_planes_state [amdgpu]] Enabling DRM plane: 36 on DRM crtc 43
07-22 21:31:14.104 0 0 D : [drm:drm_atomic_commit [drm]] committing 000000006969aed0
07-22 21:31:14.104 0 0 D : [drm:amdgpu_dm_atomic_commit_tail [amdgpu]] amdgpu_crtc id:0 crtc_state_flags: enable:1, active:1, planes_changed:1, mode_changed:0,active_changed:0,connectors_changed:0
07-22 21:31:14.104 0 0 D [drm:amdgpu_dm_atomic_commit_tail [amdgpu]] crtc: 0, pflip_stat:AMDGPU_FLIP_SUBMITTED
07-22 21:31:14.117 0 0 D : [drm:dm_pflip_high_irq [amdgpu]] dm_pflip_high_irq - crtc :0[00000000da4e46cc], pflip_stat:AMDGPU_FLIP_NONE
07-22 21:31:14.117 0 0 D : [drm:drm_atomic_state_default_clear [drm]] Clearing atomic state 000000006969aed0
07-22 21:31:14.117 0 0 D : [drm:__drm_atomic_state_free [drm]] Freeing atomic state 000000006969aed0
07-22 21:31:14.120 0 0 D [drm:drm_mode_addfb2 [drm]] [FB: 74]
07-22 21:31:14.120 0 0 D : [drm:drm_atomic_state_init [drm]] Allocated atomic state 000000007b423aed
07-22 21:31:14.120 0 0 D : [drm:drm_atomic_get_plane_state [drm]] Added [PLANE:36:plane-0] 00000000c1414379 state to 000000007b423aed
07-22 21:31:14.120 0 0 D : [drm:drm_atomic_get_crtc_state [drm]] Added [CRTC:43:crtc-0] 000000003d19d566 state to 000000007b423aed
07-22 21:31:14.120 0 0 D : [drm:drm_atomic_set_crtc_for_plane [drm]] Link plane state 00000000c1414379 to [CRTC:43:crtc-0]
