Jul 25 15:09:21 cybertron NetworkManager[955]: [1532545761.9222] dhcp4 (enp0s25): lease time 300
Jul 25 15:09:21 cybertron NetworkManager[955]: [1532545761.9222] dhcp4 (enp0s25): hostname 'cybertron'
Jul 25 15:09:21 cybertron NetworkManager[955]: [1532545761.9222] dhcp4 (enp0s25): nameserver '10.7.255.53'
Jul 25 15:09:21 cybertron dbus[904]: [system] Activating via systemd: service name='org.freedesktop.nm_dispatcher' unit='dbus-org.freedesktop.nm-dispatcher.service'
Jul 25 15:09:21 cybertron NetworkManager[955]: [1532545761.9222] dhcp4 (enp0s25): nameserver '10.7.255.54'
Jul 25 15:09:21 cybertron NetworkManager[955]: [1532545761.9223] dhcp4 (enp0s25): domain name 'redacted'
Jul 25 15:09:21 cybertron dhclient[4619]: bound to 10.7.49.151 -- renewal in 127 seconds.
Jul 25 15:09:21 cybertron NetworkManager[955]: [1532545761.9223] dhcp (enp0s25): domain search 'redacted.'
Jul 25 15:09:21 cybertron NetworkManager[955]: [1532545761.9223] dhcp (enp0s25): domain search 'redacted.'
Jul 25 15:09:21 cybertron NetworkManager[955]: [1532545761.9223] dhcp4 (enp0s25): state changed bound -> bound
Jul 25 15:09:21 cybertron systemd[1]: Starting Network Manager Script Dispatcher Service...
Jul 25 15:09:21 cybertron dbus[904]: [system] Successfully activated service 'org.freedesktop.nm_dispatcher'
Jul 25 15:09:21 cybertron systemd[1]: Started Network Manager Script Dispatcher Service.
Jul 25 15:09:21 cybertron nm-dispatcher: req:1 'dhcp4-change' [enp0s25]: new request (1 scripts)
Jul 25 15:09:21 cybertron nm-dispatcher: req:1 'dhcp4-change' [enp0s25]: start running ordered scripts...
Jul 25 15:09:22 cybertron gnome-panel.desktop[16108]: [16340:16340:0725/150922.099244:ERROR:gl_surface_presentation_helper.cc(115)] GetVSyncParametersIfAvailable() failed! [ ... The previous message repeated 1153 times ... ]
Jul 25 15:11:28 cybertron dhclient[4619]: DHCPREQUEST of 10.7.49.151 on enp0s25 to 10.7.255.67 port 67 (xid=0x5ed45837)
Jul 25 15:11:29 cybertron dhclient[4619]: DHCPACK of 10.7.49.151 from 10.7.233.5
Jul 25 15:11:29 cybertron NetworkManager[955]: [1532545889.0178] dhcp4 (enp0s25): address 10.7.49.151
Jul 25 15:11:29 cybertron NetworkManager[955]: [1532545889.0178] dhcp4 (enp0s25): plen 23 (255.255.254.0)
Jul 25 15:11:29 cybertron NetworkManager[955]: [1532545889.0178] dhcp4 (enp0s25): gateway 10.7.49.254
Jul 25 15:11:29 cybertron NetworkManager[955]: [1532545889.0179] dhcp4 (enp0s25): lease time 300
Jul 25 15:11:29 cybertron NetworkManager[955]: [1532545889.0179] dhcp4 (enp0s25): hostname 'cybertron'
Jul 25 15:11:29 cybertron dbus[904]: [system] Activating via systemd: service name='org.freedesktop.nm_dispatcher' unit='dbus-org.freedesktop.nm-dispatcher.service'
Jul 25 15:11:29 cybertron NetworkManager[955]: [1532545889.0179] dhcp4 (enp0s25): nameserver '10.7.255.53'
Jul 25 15:11:29 cybertron NetworkManager[955]: [1532545889.0179] dhcp4 (enp0s25): nameserver '10.7.255.54'
Jul 25 15:11:29 cybertron dhclient[4619]: bound to 10.7.49.151 -- renewal in 141 seconds.
Jul 25 15:11:29 cybertron NetworkManager[955]: [1532545889.0179] dhcp4 (enp0s25): domain name 'redacted'
Jul 25 15:11:29 cybertron NetworkManager[955]: [1532545889.0179] dhcp (enp0s25): domain search 'redacted.'
Jul 25 15:11:29 cybertron NetworkManager[955]: [1532545889.0180] dhcp (enp0s25): domain search 'redacted.'
Jul 25 15:11:29 cybertron NetworkManager[955]: [1532545889.0180] dhcp4 (enp0s25): state changed bound -> bound
Jul 25 15:11:29 cybertron systemd[1]: Starting Network Manager Script Dispatcher Service...
Jul 25 15:11:29 cybertron dbus[904]: [system] Successfully activated service 'org.freedesktop.nm_dispatcher'
Jul 25 15:11:29 cybertron systemd[1]: Started Network Manager Script Dispatcher Service.
Jul 25 15:11:29 cybertron nm-dispatcher: req:1 'dhcp4-change' [enp0s25]: new request (1 scripts)
Jul 25 15:11:29 cybertron nm-dispatcher: req:1 'dhcp4-change' [enp0s25]: start running ordered scripts...
Jul 25 15:11:29 cybertron gnome-panel.desktop[16108]: [16340:16340:0725/151129.585370:ERROR:gl_surface_presentation_helper.cc(115)] GetVSyncParametersIfAvailable() failed! [ ... The previous message repeated 635 times ... ]
Jul 25 15:13:50 cybertron dhclient[4619]: DHCPREQUEST of 10.7.49.151 on enp0s25 to 10.7.255.67 port 67 (xid=0x5ed45837)
Jul 25 15:13:50 cybertron dhclient[4619]: DHCPACK of 10.7.49.151 from 10.7.233.5
Jul 25 15:13:50 cybertron NetworkManager[955]: [1532546030.6200] dhcp4 (enp0s25): address 10.7.49.151
Jul 25 15:13:50 cybertron NetworkManager[955]: [1532546030.6200] dhcp4 (enp0s25): plen 23 (255.255.254.0)
Jul 25 15:13:50 cybertron NetworkManager[955]: [1532546030.6200] dhcp4 (enp0s25): gateway 10.7.49.254
Jul 25 15:13:50 cybertron NetworkManager[955]: [1532546030.6200] dhcp4 (enp0s25): lease time 300
Jul 25 15:13:50 cybertron dbus[904]: [system] Activating via systemd: service name='org.freedesktop.nm_dispatcher' unit='dbus-org.freedesktop.nm-dispatcher.service'
Jul 25 15:13:50 cybertron NetworkManager[955]: [1532546030.6200] dhcp4 (enp0s25): hostname 'cybertron'
Jul 25 15:13:50 cybertron dhclient[4619]: bound to 10.7.49.151 -- renewal in 134 seconds.
Jul 25 15:13:50 cybertron NetworkManager[955]: [1532546030.6201] dhcp4 (enp0s25): nameserver '10.7.255.53'
Jul 25 15:13:50 cybertron NetworkManager[955]: [1532546030.6201] dhcp4 (enp0s25): nameserver '10.7.255.54'
Jul 25 15:13:50 cybertron NetworkManager[955]: [1532546030.6201] dhcp4 (enp0s25): domain name 'redacted'
Jul 25 15:13:50 cybertron NetworkManager[955]: [1532546030.6201] dhcp (enp0s25): domain search 'redacted.'
Jul 25 15:13:50 cybertron NetworkManager[955]: [1532546030.6201] dhcp (enp0s25): domain search 'redacted.'
Jul 25 15:13:50 cybertron NetworkManager[955]: [1532546030.6201] dhcp4 (enp0s25): state changed bound -> bound
Jul 25 15:13:50 cybertron systemd[1]: Starting Network Manager Script Dispatcher Service...
Jul 25 15:13:50 cybertron dbus[904]: [system] Successfully activated service 'org.freedesktop.nm_dispatcher'
Jul 25 15:13:50 cybertron systemd[1]: Started Network Manager Script Dispatcher Service.
Jul 25 15:13:50 cybertron nm-dispatcher: req:1 'dhcp4-change' [enp0s25]: new request (1 scripts)
Jul 25 15:13:50 cybertron nm-dispatcher: req:1 'dhcp4-change' [enp0s25]: start running ordered scripts...
Jul 25 15:15:01 cybertron CRON[4494]: (root) CMD (command -v debian-sa1 > /dev/null && debian-sa1 1 1)
Jul 25 15:16:04 cybertron dhclient[4619]: DHCPREQUEST of 10.7.49.151 on enp0s25 to 10.7.255.67 port 67 (xid=0x5ed45837)
Jul 25 15:16:04 cybertron dhclient[4619]: DHCPACK of 10.7.49.151 from 10.7.233.5
Jul 25 15:16:04 cybertron NetworkManager[955]: [1532546164.1970] dhcp4 (enp0s25): address 10.7.49.151
Jul 25 15:16:04 cybertron NetworkManager[955]: [1532546164.1971] dhcp4 (enp0s25): plen 23 (255.255.254.0)
Jul 25 15:16:04 cybertron NetworkManager[955]: [1532546164.1971] dhcp4 (enp0s25): gateway 10.7.49.254
Jul 25 15:16:04 cybertron NetworkManager[955]: [1532546164.1971] dhcp4 (enp0s25): lease time 300
Jul 25 15:16:04 cybertron NetworkManager[955]: [1532546164.1972] dhcp4 (enp0s25): hostname 'cybertron'
Jul 25 15:16:04 cybertron dbus[904]: [system] Activating via systemd: service name='org.freedesktop.nm_dispatcher' unit='dbus-org.freedesktop.nm-dispatcher.service'
Jul 25 15:16:04 cybertron NetworkManager[955]: [1532546164.1972] dhcp4 (enp0s25): nameserver '10.7.255.53'
Jul 25 15:16:04 cybertron dhclient[4619]: bound to 10.7.49.151 -- renewal in 152 seconds.
Jul 25 15:16:04 cybertron NetworkManager[955]: [1532546164.1972] dhcp4 (enp0s25): nameserver '10.7.255.54'
Jul 25 15:16:04 cybertron NetworkManager[955]: [1532546164.1972] dhcp4 (enp0s25): domain name 'redacted'
Jul 25 15:16:04 cybertron NetworkManager[955]: [1532546164.1972] dhcp (enp0s25): domain search 'redacted.'
Jul 25 15:16:04 cybertron NetworkManager[955]: [1532546164.1972] dhcp (enp0s25): domain search 'redacted.'
Jul 25 15:16:04 cybertron NetworkManager[955]: [1532546164.1973] dhcp4 (enp0s25): state changed bound -> bound
Jul 25 15:16:04 cybertron systemd[1]: Starting Network Manager Script Dispatcher Service...
Jul 25 15:16:04 cybertron dbus[904]: [system] Successfully activated service 'org.freedesktop.nm_dispatcher'
Jul 25 15:16:04 cybertron systemd[1]: Started Network Manager Script Dispatcher Service.
Jul 25 15:16:04 cybertron nm-dispatcher: req:1 'dhcp4-change' [enp0s25]: new request (1 scripts)
Jul 25 15:16:04 cybertron nm-dispatcher: req:1 'dhcp4-change' [enp0s25]: start running ordered scripts...
Jul 25 15:17:01 cybertron CRON[4758]: (root) CMD ( cd / && run-parts --report /etc/cron.hourly)
Jul 25 15:17:03 cybertron gnome-panel.desktop[16108]: [16340:16340:0725/151703.339966:ERROR:gl_surface_presentation_helper.cc(115)] GetVSyncParametersIfAvailable() failed! [ ... The previous message repeated 162 times ... ]
Jul 25 15:17:09 cybertron gnome-panel.desktop[16108]: [16299:3757:0725/151709.190194:ERROR:cert_verify_proc_nss.cc(981)] CERT_PKIXVerifyCert for 127.0.0.1 failed err=-8172
Jul 25 15:17:09 cybertron gnome-panel.desktop[16108]: [16340:16340:0725/151709.191662:ERROR:gl_surface_presentation_helper.cc(115)] GetVSyncParametersIfAvailable() failed! [ ... The previous message repeated 101 times ... ]
Jul 25 15:17:23 cybertron gnome-panel.desktop[16108]: [16299:4734:0725/151723.360560:ERROR:cert_verify_proc_nss.cc(981)] CERT_PKIXVerifyCert for localhost failed err=-8172
Jul 25 15:17:23 cybertron gnome-panel.desktop[16108]: [16340:16340:0725/151723.369797:ERROR:gl_surface_presentation_helper.cc(115)] GetVSyncParametersIfAvailable() failed! [ ... The previous message repeated 1906 times ... ]
Jul 25 15:18:10 cybertron gnome-panel.desktop[16108]: [16299:16315:0725/151810.896788:ERROR:extension_protocols.cc(563)] Allowing load of chrome-extension://hdokiejnpimakedhajhdlcegeplioahd/sourcemaps/onloadwff.js.mapfrom unknown origin. Could not find user data for request.
Jul 25 15:18:10 cybertron gnome-panel.desktop[16108]: [16340:16340:0725/151810.899748:ERROR:gl_surface_presentation_helper.cc(115)] GetVSyncParametersIfAvailable() failed! [ ... The previous message repeated 761 times ... ]
Jul 25 15:18:23 cybertron gnome-panel.desktop[16108]: [16299:16315:0725/151823.605531:ERROR:extension_protocols.cc(563)] Allowing load of chrome-extension://hdokiejnpimakedhajhdlcegeplioahd/sourcemaps/onloadwff.js.mapfrom unknown origin. Could not find user data for request.
Jul 25 15:18:23 cybertron gnome-panel.desktop[16108]: [16340:16340:0725/151823.622356:ERROR:gl_surface_presentation_helper.cc(115)] GetVSyncParametersIfAvailable() failed! [ ... The previous message repeated 749 times ... ]
Jul 25 15:18:36 cybertron dhclient[4619]: DHCPREQUEST of 10.7.49.151 on enp0s25 to 10.7.255.67 port 67 (xid=0x5ed45837)
Jul 25 15:18:36 cybertron gnome-panel.desktop[16108]: [16340:16340:0725/151836.098595:ERROR:gl_surface_presentation_helper.cc(115)] GetVSyncParametersIfAvailable() failed! [ ... The previous message repeated 1 times ... ]
Jul 25 15:18:36 cybertron dhclient[4619]: DHCPACK of 10.7.49.151 from 10.7.233.5
Jul 25 15:18:36 cybertron NetworkManager[955]: [1532546316.1210] dhcp4 (enp0s25): address 10.7.49.151
Jul 25 15:18:36 cybertron NetworkManager[955]: [1532546316.1211] dhcp4 (enp0s25): plen 23 (255.255.254.0)
Jul 25 15:18:36 cybertron gnome-panel.desktop[16108]: [16340:16340:0725/151836.121559:ERROR:gl_surface_presentation_helper.cc(115)] GetVSyncParametersIfAvailable() failed! [ ... The previous message repeated 1 times ... ]
Jul 25 15:18:36 cybertron NetworkManager[955]: [1532546316.1211] dhcp4 (enp0s25): gateway 10.7.49.254
Jul 25 15:18:36 cybertron dbus[904]: [system] Activating via systemd: service name='org.freedesktop.nm_dispatcher' unit='dbus-org.freedesktop.nm-dispatcher.service'
Jul 25 15:18:36 cybertron NetworkManager[955]: [1532546316.1211] dhcp4 (enp0s25): lease time 300
Jul 25 15:18:36 cybertron dhclient[4619]: bound to 10.7.49.151 -- renewal in 121 seconds.
Jul 25 15:18:36 cybertron NetworkManager[955]: [1532546316.1211] dhcp4 (enp0s25): hostname 'cybertron'
Jul 25 15:18:36 cybertron NetworkManager[955]: [1532546316.1211] dhcp4 (enp0s25): nameserver '10.7.255.53'
Jul 25 15:18:36 cybertron NetworkManager[955]: [1532546316.1212] dhcp4 (enp0s25): nameserver '10.7.255.54'
Jul 25 15:18:36 cybertron NetworkManager[955]: [1532546316.1212] dhcp4 (enp0s25): domain name 'redacted'
Jul 25 15:18:36 cybertron NetworkManager[955]: [1532546316.1212] dhcp (enp0s25): domain search 'redacted.'
Jul 25 15:18:36 cybertron NetworkManager[955]: [1532546316.1212] dhcp (enp0s25): domain search 'redacted.'
Jul 25 15:18:36 cybertron NetworkManager[955]: [1532546316.1212] dhcp4 (enp0s25): state changed bound -> bound
Jul 25 15:18:36 cybertron systemd[1]: Starting Network Manager Script Dispatcher Service...
Jul 25 15:18:36 cybertron dbus[904]: [system] Successfully activated service 'org.freedesktop.nm_dispatcher'
Jul 25 15:18:36 cybertron systemd[1]: Started Network Manager Script Dispatcher Service.
Jul 25 15:18:36 cybertron nm-dispatcher: req:1 'dhcp4-change' [enp0s25]: new request (1 scripts)
Jul 25 15:18:36 cybertron nm-dispatcher: req:1 'dhcp4-change' [enp0s25]: start running ordered scripts...
Jul 25 15:18:36 cybertron gnome-panel.desktop[16108]: [16340:16340:0725/151836.136886:ERROR:gl_surface_presentation_helper.cc(115)] GetVSyncParametersIfAvailable() failed! [ ... The previous message repeated 1498 times ... ]
Jul 25 15:19:01 cybertron CRON[5233]: (root) CMD ( test -x /etc/cron.daily/popularity-contest && /etc/cron.daily/popularity-contest --crond)
Jul 25 15:19:01 cybertron gnome-panel.desktop[16108]: [16340:16340:0725/151901.193819:ERROR:gl_surface_presentation_helper.cc(115)] GetVSyncParametersIfAvailable() failed! [ ... The previous message repeated 5409 times ... ]
Jul 25 15:20:37 cybertron dhclient[4619]: DHCPREQUEST of 10.7.49.151 on enp0s25 to 10.7.255.67 port 67 (xid=0x5ed45837)
Jul 25 15:20:37 cybertron dhclient[4619]: DHCPACK of 10.7.49.151 from 10.7.233.5
Jul 25 15:20:37 cybertron gnome-panel.desktop[16108]: [16340:16340:0725/152037.689893:ERROR:gl_surface_presentation_helper.cc(115)] GetVSyncParametersIfAvailable() failed! [ ... The previous message repeated 1 times ... ]
Jul 25 15:20:37 cybertron NetworkManager[955]: [1532546437.6953] dhcp4 (enp0s25): address 10.7.49.151
Jul 25 15:20:37 cybertron NetworkManager[955]: [1532546437.6953] dhcp4 (enp0s25): plen 23 (255.255.254.0)
Jul 25 15:20:37 cybertron NetworkManager[955]: [1532546437.6954] dhcp4 (enp0s25): gateway 10.7.49.254
Jul 25 15:20:37 cybertron NetworkManager[955]: [1532546437.6954] dhcp4 (enp0s25): lease time 300
Jul 25 15:20:37 cybertron NetworkManager[955]: [1532546437.6954] dhcp4 (enp0s25): hostname 'cybertron'
Jul 25 15:20:37 cybertron dbus[904]: [system] Activating via systemd: service name='org.freedesktop.nm_dispatcher' unit='dbus-org.freedesktop.nm-dispatcher.service'
Jul 25 15:20:37 cybertron NetworkManager[955]: [1532546437.6954] dhcp4 (enp0s25): nameserver '10.7.255.53'
Jul 25 15:20:37 cybertron dhclient[4619]: bound to 10.7.49.151 -- renewal in 126 seconds.
Jul 25 15:20:37 cybertron NetworkManager[955]: [1532546437.6954] dhcp4 (enp0s25): nameserver '10.7.255.54'
Jul 25 15:20:37 cybertron NetworkManager[955]: [1532546437.6954] dhcp4 (enp0s25): domain name 'redacted'
Jul 25 15:20:37 cybertron NetworkManager[955]: [1532546437.6955] dhcp (enp0s25): domain search 'redacted.'
Jul 25 15:20:37 cybertron NetworkManager[955]: [1532546437.6955] dhcp (enp0s25): domain search 'redacted.'
Jul 25 15:20:37 cybertron NetworkManager[955]: [1532546437.6955] dhcp4 (enp0s25): state changed bound -> bound
Jul 25 15:20:37 cybertron systemd[1]: Starting Network Manager Script Dispatcher Service...
Jul 25 15:20:37 cybertron gnome-panel.desktop[16108]: [16340:16340:0725/152037.707176:ERROR:gl_surface_presentation_helper.cc(115)] GetVSyncParametersIfAvailable() failed! [ ... The previous message repeated 1 times ... ]
Jul 25 15:20:37 cybertron dbus[904]: [system] Successfully activated service 'org.freedesktop.nm_dispatcher'
Jul 25 15:20:37 cybertron systemd[1]: Started Network Manager Script Dispatcher Service.
Jul 25 15:20:37 cybertron nm-dispatcher: req:1 'dhcp4-change' [enp0s25]: new request (1 scripts)
Jul 25 15:20:37 cybertron nm-dispatcher: req:1 'dhcp4-change' [enp0s25]: start running ordered scripts...
Jul 25 15:20:37 cybertron gnome-panel.desktop[16108]: [16340:16340:0725/152037.723071:ERROR:gl_surface_presentation_helper.cc(115)] GetVSyncParametersIfAvailable() failed! [ ... The previous message repeated 7526 times ... ]
Jul 25 15:22:43 cybertron dhclient[4619]: DHCPREQUEST of 10.7.49.151 on enp0s25 to 10.7.255.67 port 67 (xid=0x5ed45837)
Jul 25 15:22:43 cybertron gnome-panel.desktop[16108]: [16340:16340:0725/152243.152038:ERROR:gl_surface_presentation_helper.cc(115)] GetVSyncParametersIfAvailable() failed! [ ... The previous message repeated 1 times ... ]
Jul 25 15:22:43 cybertron dhclient[4619]: DHCPACK of 10.7.49.151 from 10.7.233.5
Jul 25 15:22:43 cybertron gnome-panel.desktop[16108]: [16340:16340:0725/152243.168351:ERROR:gl_surface_presentation_helper.cc(115)] GetVSyncParametersIfAvailable() failed! [ ... The previous message repeated 1 times ... ]
Jul 25 15:22:43 cybertron NetworkManager[955]: [1532546563.1689] dhcp4 (enp0s25): address 10.7.49.151
Jul 25 15:22:43 cybertron NetworkManager[955]: [1532546563.1690] dhcp4 (enp0s25): plen 23 (255.255.254.0)
Jul 25 15:22:43 cybertron NetworkManager[955]: [1532546563.1690] dhcp4 (enp0s25): gateway 10.7.49.254
Jul 25 15:22:43 cybertron NetworkManager[955]: [1532546563.1690] dhcp4 (enp0s25): lease time 300
Jul 25 15:22:43 cybertron NetworkManager[955]: [1532546563.1691] dhcp4 (enp0s25): hostname 'cybertron'
Jul 25 15:22:43 cybertron dbus[904]: [system] Activating via systemd: service name='org.freedesktop.nm_dispatcher' unit='dbus-org.freedesktop.nm-dispatcher.service'
Jul 25 15:22:43 cybertron NetworkManager[955]: [1532546563.1691] dhcp4 (enp0s25): nameserver '10.7.255.53'
Jul 25 15:22:43 cybertron dhclient[4619]: bound to 10.7.49.151 -- renewal in 123 seconds.
Jul 25 15:22:43 cybertron NetworkManager[955]: [1532546563.1691] dhcp4 (enp0s25): nameserver '10.7.255.54'
Jul 25 15:22:43 cybertron NetworkManager[955]: [1532546563.1691] dhcp4 (enp0s25): domain name 'redacted'
Jul 25 15:22:43 cybertron NetworkManager[955]: [1532546563.1691] dhcp (enp0s25): domain search 'redacted.'
Jul 25 15:22:43 cybertron NetworkManager[955]: [1532546563.1691] dhcp (enp0s25): domain search 'redacted.'
Jul 25 15:22:43 cybertron NetworkManager[955]: [1532546563.1692] dhcp4 (enp0s25): state changed bound -> bound
Jul 25 15:22:43 cybertron systemd[1]: Starting Network Manager Script Dispatcher Service...
Jul 25 15:22:43 cybertron dbus[904]: [system] Successfully activated service 'org.freedesktop.nm_dispatcher'
Jul 25 15:22:43 cybertron systemd[1]: Started Network Manager Script Dispatcher Service.
Jul 25 15:22:43 cybertron nm-dispatcher: req:1 'dhcp4-change' [enp0s25]: new request (1 scripts)
Jul 25 15:22:43 cybertron nm-dispatcher: req:1 'dhcp4-change' [enp0s25]: start running ordered scripts...
Jul 25 15:22:43 cybertron gnome-panel.desktop[16108]: [16340:16340:0725/152243.183977:ERROR:gl_surface_presentation_helper.cc(115)] GetVSyncParametersIfAvailable() failed! [ ... The previous message repeated 7395 times ... ]
Jul 25 15:24:46 cybertron dhclient[4619]: DHCPREQUEST of 10.7.49.151 on enp0s25 to 10.7.255.67 port 67 (xid=0x5ed45837)
Jul 25 15:24:46 cybertron gnome-panel.desktop[16108]: [16340:16340:0725/152446.430632:ERROR:gl_surface_presentation_helper.cc(115)] GetVSyncParametersIfAvailable() failed! [ ... The previous message repeated 2 times ... ]
Jul 25 15:24:46 cybertron dhclient[4619]: DHCPACK of 10.7.49.151 from 10.7.233.5
Jul 25 15:24:46 cybertron NetworkManager[955]: [1532546686.4621] dhcp4 (enp0s25): address 10.7.49.151
Jul 25 15:24:46 cybertron NetworkManager[955]: [1532546686.4621] dhcp4 (enp0s25): plen 23 (255.255.254.0)
Jul 25 15:24:46 cybertron NetworkManager[955]: [1532546686.4622] dhcp4 (enp0s25): gateway 10.7.49.254
Jul 25 15:24:46 cybertron gnome-panel.desktop[16108]: [16340:16340:0725/152446.463363:ERROR:gl_surface_presentation_helper.cc(115)] GetVSyncParametersIfAvailable() failed! [ ... The previous message repeated 1 times ... ]
Jul 25 15:24:46 cybertron NetworkManager[955]: [1532546686.4622] dhcp4 (enp0s25): lease time 300
Jul 25 15:24:46 cybertron dbus[904]: [system] Activating via systemd: service name='org.freedesktop.nm_dispatcher' unit='dbus-org.freedesktop.nm-dispatcher.service'
Jul 25 15:24:46 cybertron NetworkManager[955]: [1532546686.4622] dhcp4 (enp0s25): hostname 'cybertron'
Jul 25 15:24:46 cybertron dhclient[4619]: bound to 10.7.49.151 -- renewal in 149 seconds.
Jul 25 15:24:46 cybertron NetworkManager[955]: [1532546686.4622] dhcp4 (enp0s25): nameserver '10.7.255.53'
Jul 25 15:24:46 cybertron NetworkManager[955]: [1532546686.4623] dhcp4 (enp0s25): nameserver '10.7.255.54'
Jul 25 15:24:46 cybertron NetworkManager[955]: [1532546686.4623] dhcp4 (enp0s25): domain name 'redacted'
Jul 25 15:24:46 cybertron NetworkManager[955]: [1532546686.4623] dhcp (enp0s25): domain search 'redacted.'
Jul 25 15:24:46 cybertron NetworkManager[955]: [1532546686.4623] dhcp (enp0s25): domain search 'redacted.'
Jul 25 15:24:46 cybertron NetworkManager[955]: [1532546686.4624] dhcp4 (enp0s25): state changed bound -> bound
Jul 25 15:24:46 cybertron systemd[1]: Starting Network Manager Script Dispatcher Service...
Jul 25 15:24:46 cybertron dbus[904]: [system] Successfully activated service 'org.freedesktop.nm_dispatcher'
Jul 25 15:24:46 cybertron systemd[1]: Started Network Manager Script Dispatcher Service.
Jul 25 15:24:46 cybertron nm-dispatcher: req:1 'dhcp4-change' [enp0s25]: new request (1 scripts)
Jul 25 15:24:46 cybertron nm-dispatcher: req:1 'dhcp4-change' [enp0s25]: start running ordered scripts...
Jul 25 15:24:46 cybertron gnome-panel.desktop[16108]: [16340:16340:0725/152446.481270:ERROR:gl_surface_presentation_helper.cc(115)] GetVSyncParametersIfAvailable() failed! [ ... The previous message repeated 883 times ... ]
Jul 25 15:25:01 cybertron CRON[6209]: (root) CMD (command -v debian-sa1 > /dev/null && debian-sa1 1 1)
Jul 25 15:25:01 cybertron gnome-panel.desktop[16108]: [16340:16340:0725/152501.196002:ERROR:gl_surface_presentation_helper.cc(115)] GetVSyncParametersIfAvailable() failed! [ ... The previous message repeated 5976 times ... ]
Jul 25 15:27:15 cybertron dhclient[4619]: DHCPREQUEST of 10.7.49.151 on enp0s25 to 10.7.255.67 port 67 (xid=0x5ed45837)
Jul 25 15:27:15 cybertron gnome-panel.desktop[16108]: [16340:16340:0725/152715.995095:ERROR:gl_surface_presentation_helper.cc(115)] GetVSyncParametersIfAvailable() failed! [ ... The previous message repeated 1 times ... ]
Jul 25 15:27:16 cybertron dhclient[4619]: DHCPACK of 10.7.49.151 from 10.7.233.5
Jul 25 15:27:16 cybertron NetworkManager[955]: [1532546836.0073] dhcp4 (enp0s25): address 10.7.49.151
Jul 25 15:27:16 cybertron NetworkManager[955]: [1532546836.0073] dhcp4 (enp0s25): plen 23 (255.255.254.0)
Jul 25 15:27:16 cybertron NetworkManager[955]: [1532546836.0074] dhcp4 (enp0s25): gateway 10.7.49.254
Jul 25 15:27:16 cybertron NetworkManager[955]: [1532546836.0074] dhcp4 (enp0s25): lease time 300
Jul 25 15:27:16 cybertron NetworkManager[955]: [1532546836.0074] dhcp4 (enp0s25): hostname 'cybertron'
Jul 25 15:27:16 cybertron NetworkManager[955]: [1532546836.0074] dhcp4 (enp0s25): nameserver '10.7.255.53'
Jul 25 15:27:16 cybertron NetworkManager[955]: [1532546836.0074] dhcp4 (enp0s25): nameserver '10.7.255.54'
Jul 25 15:27:16 cybertron NetworkManager[955]: [1532546836.0074] dhcp4 (enp0s25): domain name 'redacted'
Jul 25 15:27:16 cybertron NetworkManager[955]: [1532546836.0075] dhcp (enp0s25): domain search 'redacted.'
Jul 25 15:27:16 cybertron dbus[904]: [system] Activating via systemd: service name='org.freedesktop.nm_dispatcher' unit='dbus-org.freedesktop.nm-dispatcher.service'
Jul 25 15:27:16 cybertron NetworkManager[955]: [1532546836.0075] dhcp (enp0s25): domain search 'redacted.'
Jul 25 15:27:16 cybertron dhclient[4619]: bound to 10.7.49.151 -- renewal in 152 seconds.
Jul 25 15:27:16 cybertron NetworkManager[955]: [1532546836.0075] dhcp4 (enp0s25): state changed bound -> bound
Jul 25 15:27:16 cybertron systemd[1]: Starting Network Manager Script Dispatcher Service...
Jul 25 15:27:16 cybertron gnome-panel.desktop[16108]: [16340:16340:0725/152716.017668:ERROR:gl_surface_presentation_helper.cc(115)] GetVSyncParametersIfAvailable() failed! [ ... The previous message repeated 1 times ... ]
Jul 25 15:27:16 cybertron dbus[904]: [system] Successfully activated service 'org.freedesktop.nm_dispatcher'
Jul 25 15:27:16 cybertron systemd[1]: Started Network Manager Script Dispatcher Service.
Jul 25 15:27:16 cybertron nm-dispatcher: req:1 'dhcp4-change' [enp0s25]: new request (1 scripts)
Jul 25 15:27:16 cybertron nm-dispatcher: req:1 'dhcp4-change' [enp0s25]: start running ordered scripts...
Jul 25 15:27:16 cybertron gnome-panel.desktop[16108]: [16340:16340:0725/152716.046983:ERROR:gl_surface_presentation_helper.cc(115)] GetVSyncParametersIfAvailable() failed! [ ... The previous message repeated 6112 times ... ]
Jul 25 15:29:48 cybertron dhclient[4619]: DHCPREQUEST of 10.7.49.151 on enp0s25 to 10.7.255.67 port 67 (xid=0x5ed45837)
Jul 25 15:29:48 cybertron dhclient[4619]: DHCPACK of 10.7.49.151 from 10.7.233.5
Jul 25 15:29:48 cybertron NetworkManager[955]: [1532546988.3016] dhcp4 (enp0s25): address 10.7.49.151
Jul 25 15:29:48 cybertron NetworkManager[955]: [1532546988.3017] dhcp4 (enp0s25): plen 23 (255.255.254.0)
Jul 25 15:29:48 cybertron NetworkManager[955]: [1532546988.3017] dhcp4 (enp0s25): gateway 10.7.49.254
Jul 25 15:29:48 cybertron NetworkManager[955]: [1532546988.3017] dhcp4 (enp0s25): lease time 300
Jul 25 15:29:48 cybertron dbus[904]: [system] Activating via systemd: service name='org.freedesktop.nm_dispatcher' unit='dbus-org.freedesktop.nm-dispatcher.service'
Jul 25 15:29:48 cybertron NetworkManager[955]: [1532546988.3017] dhcp4 (enp0s25): hostname 'cybertron'
Jul 25 15:29:48 cybertron dhclient[4619]: bound to 10.7.49.151 -- renewal in 124 seconds.
Jul 25 15:29:48 cybertron NetworkManager[955]: [1532546988.3018] dhcp4 (enp0s25): nameserver '10.7.255.53'
Jul 25 15:29:48 cybertron NetworkManager[955]: [1532546988.3018] dhcp4 (enp0s25): nameserver '10.7.255.54'
Jul 25 15:29:48 cybertron NetworkManager[955]: [1532546988.3018] dhcp4 (enp0s25): domain name 'redacted'
Jul 25 15:29:48 cybertron NetworkManager[955]: [1532546988.3018] dhcp (enp0s25): domain search 'redacted.'
Jul 25 15:29:48 cybertron NetworkManager[955]: [1532546988.3018] dhcp (enp0s25): domain search 'redacted.'
Jul 25 15:29:48 cybertron NetworkManager[955]: [1532546988.3018] dhcp4 (enp0s25): state changed bound -> bound
Jul 25 15:29:48 cybertron systemd[1]: Starting Network Manager Script Dispatcher Service...
Jul 25 15:29:48 cybertron dbus[904]: [system] Successfully activated service 'org.freedesktop.nm_dispatcher'
Jul 25 15:29:48 cybertron systemd[1]: Started Network Manager Script Dispatcher Service.
Jul 25 15:29:48 cybertron nm-dispatcher: req:1 'dhcp4-change' [enp0s25]: new request (1 scripts)
Jul 25 15:29:48 cybertron nm-dispatcher: req:1 'dhcp4-change' [enp0s25]: start running ordered scripts...
Jul 25 15:29:48 cybertron gnome-panel.desktop[16108]: [16340:16340:0725/152948.457542:ERROR:gl_surface_presentation_helper.cc(115)] GetVSyncParametersIfAvailable() failed! [ ... The previous message repeated 746 times ... ]
Jul 25 15:30:41 cybertron evolution-sourc[15834]: secret_service_search_sync: must specify at least one attribute to match
Jul 25 15:30:42 cybertron gnome-panel.desktop[16108]: [16340:16340:0725/153042.455908:ERROR:gl_surface_presentation_helper.cc(115)] GetVSyncParametersIfAvailable() failed! [ ... The previous message repeated 981 times ... ]
Jul 25 15:31:52 cybertron dhclient[4619]: DHCPREQUEST of 10.7.49.151 on enp0s25 to 10.7.255.67 port 67 (xid=0x5ed45837)
Jul 25 15:31:52 cybertron dhclient[4619]: DHCPACK of 10.7.49.151 from 10.7.233.5
Jul 25 15:31:52 cybertron NetworkManager[955]: [1532547112.2055] dhcp4 (enp0s25): address 10.7.49.151
Jul 25 15:31:52 cybertron NetworkManager[955]: [1532547112.2055] dhcp4 (enp0s25): plen 23 (255.255.254.0)
Jul 25 15:31:52 cybertron NetworkManager[955]: [1532547112.2055] dhcp4 (enp0s25): gateway 10.7.49.254
Jul 25 15:31:52 cybertron NetworkManager[955]: [1532547112.2055] dhcp4 (enp0s25): lease time 300
Jul 25 15:31:52 cybertron dbus[904]: [system] Activating via systemd: service name='org.freedesktop.nm_dispatcher' unit='dbus-org.freedesktop.nm-dispatcher.service'
Jul 25 15:31:52 cybertron NetworkManager[955]: [1532547112.2055] dhcp4 (enp0s25): hostname 'cybertron'
Jul 25 15:31:52 cybertron dhclient[4619]: bound to 10.7.49.151 -- renewal in 150 seconds.
Jul 25 15:31:52 cybertron NetworkManager[955]: [1532547112.2056] dhcp4 (enp0s25): nameserver '10.7.255.53'
Jul 25 15:31:52 cybertron NetworkManager[955]: [1532547112.2056] dhcp4 (enp0s25): nameserver '10.7.255.54'
Jul 25 15:31:52 cybertron NetworkManager[955]: [1532547112.2056] dhcp4 (enp0s25): domain name 'redacted'
Jul 25 15:31:52 cybertron NetworkManager[955]: [1532547112.2056] dhcp (enp0s25): domain search 'redacted.'
Jul 25 15:31:52 cybertron NetworkManager[955]: [1532547112.2056] dhcp (enp0s25): domain search 'redacted.'
Jul 25 15:31:52 cybertron NetworkManager[955]: [1532547112.2056] dhcp4 (enp0s25): state changed bound -> bound
Jul 25 15:31:52 cybertron systemd[1]: Starting Network Manager Script Dispatcher Service...
Jul 25 15:31:52 cybertron dbus[904]: [system] Successfully activated service 'org.freedesktop.nm_dispatcher'
Jul 25 15:31:52 cybertron systemd[1]: Started Network Manager Script Dispatcher Service.
Jul 25 15:31:52 cybertron nm-dispatcher: req:1 'dhcp4-change' [enp0s25]: new request (1 scripts)
Jul 25 15:31:52 cybertron nm-dispatcher: req:1 'dhcp4-change' [enp0s25]: start running ordered scripts...
Jul 25 15:32:03 cybertron gnome-panel.desktop[16108]: [16340:16340:0725/153203.524841:ERROR:gl_surface_presentation_helper.cc(115)] GetVSyncParametersIfAvailable() failed! [ ... The previous message repeated 1742 times ... ]
Jul 25 15:34:22 cybertron dhclient[4619]: DHCPREQUEST of 10.7.49.151 on enp0s25 to 10.7.255.67 port 67 (xid=0x5ed45837)
Jul 25 15:34:22 cybertron gnome-panel.desktop[16108]: [16340:16340:0725/153422.409705:ERROR:gl_surface_presentation_helper.cc(115)] GetVSyncParametersIfAvailable() failed! [ ... The previous message repeated 1 times ... ]
Jul 25 15:34:22 cybertron dhclient[4619]: DHCPACK of 10.7.49.151 from 10.7.233.5
Jul 25 15:34:22 cybertron gnome-panel.desktop[16108]: [16340:16340:0725/153422.432731:ERROR:gl_surface_presentation_helper.cc(115)] GetVSyncParametersIfAvailable() failed! [ ... The previous message repeated 1 times ... ]
Jul 25 15:34:22 cybertron NetworkManager[955]: [1532547262.4346] dhcp4 (enp0s25): address 10.7.49.151
Jul 25 15:34:22 cybertron NetworkManager[955]: [1532547262.4347] dhcp4 (enp0s25): plen 23 (255.255.254.0)
Jul 25 15:34:22 cybertron NetworkManager[955]: [1532547262.4347] dhcp4 (enp0s25): gateway 10.7.49.254
Jul 25 15:34:22 cybertron NetworkManager[955]: [1532547262.4347] dhcp4 (enp0s25): lease time 300
Jul 25 15:34:22 cybertron NetworkManager[955]: [1532547262.4347] dhcp4 (enp0s25): hostname 'cybertron'
Jul 25 15:34:22 cybertron dbus[904]: [system] Activating via systemd: service name='org.freedesktop.nm_dispatcher' unit='dbus-org.freedesktop.nm-dispatcher.service'
Jul 25 15:34:22 cybertron NetworkManager[955]: [1532547262.4347] dhcp4 (enp0s25): nameserver '10.7.255.53'
Jul 25 15:34:22 cybertron dhclient[4619]: bound to 10.7.49.151 -- renewal in 132 seconds.
Jul 25 15:34:22 cybertron NetworkManager[955]: [1532547262.4347] dhcp4 (enp0s25): nameserver '10.7.255.54'
Jul 25 15:34:22 cybertron NetworkManager[955]: [1532547262.4348] dhcp4 (enp0s25): domain name 'redacted'
Jul 25 15:34:22 cybertron NetworkManager[955]: [1532547262.4348] dhcp (enp0s25): domain search 'redacted.'
Jul 25 15:34:22 cybertron NetworkManager[955]: [1532547262.4348] dhcp (enp0s25): domain search 'redacted.'
Jul 25 15:34:22 cybertron NetworkManager[955]: [1532547262.4348] dhcp4 (enp0s25): state changed bound -> bound
Jul 25 15:34:22 cybertron systemd[1]: Starting Network Manager Script Dispatcher Service...
Jul 25 15:34:22 cybertron dbus[904]: [system] Successfully activated service 'org.freedesktop.nm_dispatcher'
Jul 25 15:34:22 cybertron gnome-panel.desktop[16108]: [16340:16340:0725/153422.448920:ERROR:gl_surface_presentation_helper.cc(115)] GetVSyncParametersIfAvailable() failed! [ ... The previous message repeated 1 times ... ]
Jul 25 15:34:22 cybertron systemd[1]: Started Network Manager Script Dispatcher Service.
Jul 25 15:34:22 cybertron nm-dispatcher: req:1 'dhcp4-change' [enp0s25]: new request (1 scripts)
Jul 25 15:34:22 cybertron nm-dispatcher: req:1 'dhcp4-change' [enp0s25]: start running ordered scripts...
Jul 25 15:34:22 cybertron gnome-panel.desktop[16108]: [16340:16340:0725/153422.467441:ERROR:gl_surface_presentation_helper.cc(115)] GetVSyncParametersIfAvailable() failed! [ ... The previous message repeated 1574 times ... ]
Jul 25 15:35:01 cybertron CRON[8028]: (root) CMD (command -v debian-sa1 > /dev/null && debian-sa1 1 1)
Jul 25 15:35:01 cybertron gnome-panel.desktop[16108]: [16340:16340:0725/153501.207248:ERROR:gl_surface_presentation_helper.cc(115)] GetVSyncParametersIfAvailable() failed! [ ... The previous message repeated 1770 times ... ]
Jul 25 15:36:34 cybertron dhclient[4619]: DHCPREQUEST of 10.7.49.151 on enp0s25 to 10.7.255.67 port 67 (xid=0x5ed45837)
Jul 25 15:36:34 cybertron dhclient[4619]: DHCPACK of 10.7.49.151 from 10.7.233.5
Jul 25 15:36:34 cybertron NetworkManager[955]: [1532547394.8787] dhcp4 (enp0s25): address 10.7.49.151
Jul 25 15:36:34 cybertron NetworkManager[955]: [1532547394.8787] dhcp4 (enp0s25): plen 23 (255.255.254.0)
Jul 25 15:36:34 cybertron NetworkManager[955]: [1532547394.8787] dhcp4 (enp0s25): gateway 10.7.49.254
Jul 25 15:36:34 cybertron NetworkManager[955]: [1532547394.8787] dhcp4 (enp0s25): lease time 300
Jul 25 15:36:34 cybertron dbus[904]: [system] Activating via systemd: service name='org.freedesktop.nm_dispatcher' unit='dbus-org.freedesktop.nm-dispatcher.service'
Jul 25 15:36:34 cybertron NetworkManager[955]: [1532547394.8788] dhcp4 (enp0s25): hostname 'cybertron'
Jul 25 15:36:34 cybertron NetworkManager[955]: [1532547394.8788] dhcp4 (enp0s25): nameserver '10.7.255.53'
Jul 25 15:36:34 cybertron dhclient[4619]: bound to 10.7.49.151 -- renewal in 138 seconds.
Jul 25 15:36:34 cybertron NetworkManager[955]: [1532547394.8788] dhcp4 (enp0s25): nameserver '10.7.255.54'
Jul 25 15:36:34 cybertron NetworkManager[955]: [1532547394.8788] dhcp4 (enp0s25): domain name 'redacted'
Jul 25 15:36:34 cybertron NetworkManager[955]: [1532547394.8788] dhcp (enp0s25): domain search 'redacted.'
Jul 25 15:36:34 cybertron NetworkManager[955]: [1532547394.8788] dhcp (enp0s25): domain search 'redacted.'
Jul 25 15:36:34 cybertron NetworkManager[955]: [1532547394.8789] dhcp4 (enp0s25): state changed bound -> bound
Jul 25 15:36:34 cybertron systemd[1]: Starting Network Manager Script Dispatcher Service...
Jul 25 15:36:34 cybertron dbus[904]: [system] Successfully activated service 'org.freedesktop.nm_dispatcher'
Jul 25 15:36:34 cybertron systemd[1]: Started Network Manager Script Dispatcher Service.
Jul 25 15:36:34 cybertron nm-dispatcher: req:1 'dhcp4-change' [enp0s25]: new request (1 scripts)
Jul 25 15:36:34 cybertron nm-dispatcher: req:1 'dhcp4-change' [enp0s25]: start running ordered scripts...
Jul 25 15:36:34 cybertron gnome-panel.desktop[16108]: [16340:16340:0725/153634.904160:ERROR:gl_surface_presentation_helper.cc(115)] GetVSyncParametersIfAvailable() failed! [ ... The previous message repeated 1433 times ... ]
Jul 25 15:38:52 cybertron dhclient[4619]: DHCPREQUEST of 10.7.49.151 on enp0s25 to 10.7.255.67 port 67 (xid=0x5ed45837)
Jul 25 15:38:52 cybertron dhclient[4619]: DHCPACK of 10.7.49.151 from 10.7.233.5
Jul 25 15:38:52 cybertron NetworkManager[955]: [1532547532.1161] dhcp4 (enp0s25): address 10.7.49.151
Jul 25 15:38:52 cybertron NetworkManager[955]: [1532547532.1161] dhcp4 (enp0s25): plen 23 (255.255.254.0)
Jul 25 15:38:52 cybertron NetworkManager[955]: [1532547532.1161] dhcp4 (enp0s25): gateway 10.7.49.254
Jul 25 15:38:52 cybertron NetworkManager[955]: [1532547532.1162] dhcp4 (enp0s25): lease time 300
Jul 25 15:38:52 cybertron NetworkManager[955]: [1532547532.1162] dhcp4 (enp0s25): hostname 'cybertron'
Jul 25 15:38:52 cybertron dbus[904]: [system] Activating via systemd: service name='org.freedesktop.nm_dispatcher' unit='dbus-org.freedesktop.nm-dispatcher.service'
Jul 25 15:38:52 cybertron NetworkManager[955]: [1532547532.1162] dhcp4 (enp0s25): nameserver '10.7.255.53'
Jul 25 15:38:52 cybertron dhclient[4619]: bound to 10.7.49.151 -- renewal in 129 seconds.
Jul 25 15:38:52 cybertron NetworkManager[955]: [1532547532.1162] dhcp4 (enp0s25): nameserver '10.7.255.54'
Jul 25 15:38:52 cybertron NetworkManager[955]: [1532547532.1162] dhcp4 (enp0s25): domain name 'redacted'
Jul 25 15:38:52 cybertron NetworkManager[955]: [1532547532.1162] dhcp (enp0s25): domain search 'redacted.'
Jul 25 15:38:52 cybertron NetworkManager[955]: [1532547532.1163] dhcp (enp0s25): domain search 'redacted.'
Jul 25 15:38:52 cybertron NetworkManager[955]: [1532547532.1163] dhcp4 (enp0s25): state changed bound -> bound
Jul 25 15:38:52 cybertron systemd[1]: Starting Network Manager Script Dispatcher Service...
Jul 25 15:38:52 cybertron dbus[904]: [system] Successfully activated service 'org.freedesktop.nm_dispatcher'
Jul 25 15:38:52 cybertron systemd[1]: Started Network Manager Script Dispatcher Service.
Jul 25 15:38:52 cybertron nm-dispatcher: req:1 'dhcp4-change' [enp0s25]: new request (1 scripts)
Jul 25 15:38:52 cybertron nm-dispatcher: req:1 'dhcp4-change' [enp0s25]: start running ordered scripts...
Jul 25 15:38:52 cybertron gnome-panel.desktop[16108]: [16340:16340:0725/153852.150806:ERROR:gl_surface_presentation_helper.cc(115)] GetVSyncParametersIfAvailable() failed! [ ... The previous message repeated 1945 times ... ]
Jul 25 15:41:01 cybertron dhclient[4619]: DHCPREQUEST of 10.7.49.151 on enp0s25 to 10.7.255.67 port 67 (xid=0x5ed45837)
Jul 25 15:41:01 cybertron dhclient[4619]: DHCPACK of 10.7.49.151 from 10.7.233.5
Jul 25 15:41:01 cybertron NetworkManager[955]: [1532547661.5142] dhcp4 (enp0s25): address 10.7.49.151
Jul 25 15:41:01 cybertron NetworkManager[955]: [1532547661.5142] dhcp4 (enp0s25): plen 23 (255.255.254.0)
Jul 25 15:41:01 cybertron NetworkManager[955]: [1532547661.5143] dhcp4 (enp0s25): gateway 10.7.49.254
Jul 25 15:41:01 cybertron NetworkManager[955]: [1532547661.5143] dhcp4 (enp0s25): lease time 300
Jul 25 15:41:01 cybertron dbus[904]: [system] Activating via systemd: service name='org.freedesktop.nm_dispatcher' unit='dbus-org.freedesktop.nm-dispatcher.service'
Jul 25 15:41:01 cybertron NetworkManager[955]: [1532547661.5143] dhcp4 (enp0s25): hostname 'cybertron'
Jul 25 15:41:01 cybertron dhclient[4619]: bound to 10.7.49.151 -- renewal in 122 seconds.
Jul 25 15:41:01 cybertron NetworkManager[955]: [1532547661.5143] dhcp4 (enp0s25): nameserver '10.7.255.53'
Jul 25 15:41:01 cybertron NetworkManager[955]: [1532547661.5143] dhcp4 (enp0s25): nameserver '10.7.255.54'
Jul 25 15:41:01 cybertron NetworkManager[955]: [1532547661.5143] dhcp4 (enp0s25): domain name 'redacted'
Jul 25 15:41:01 cybertron NetworkManager[955]: [1532547661.5143] dhcp (enp0s25): domain search 'redacted.'
Jul 25 15:41:01 cybertron NetworkManager[955]: [1532547661.5143] dhcp (enp0s25): domain search 'redacted.'
Jul 25 15:41:01 cybertron NetworkManager[955]: [1532547661.5143] dhcp4 (enp0s25): state changed bound -> bound
Jul 25 15:41:01 cybertron systemd[1]: Starting Network Manager Script Dispatcher Service...
Jul 25 15:41:01 cybertron dbus[904]: [system] Successfully activated service 'org.freedesktop.nm_dispatcher'
Jul 25 15:41:01 cybertron systemd[1]: Started Network Manager Script Dispatcher Service.
Jul 25 15:41:01 cybertron nm-dispatcher: req:1 'dhcp4-change' [enp0s25]: new request (1 scripts)
Jul 25 15:41:01 cybertron nm-dispatcher: req:1 'dhcp4-change' [enp0s25]: start running ordered scripts...
Jul 25 15:41:03 cybertron gnome-panel.desktop[16108]: [16340:16340:0725/154103.456040:ERROR:gl_surface_presentation_helper.cc(115)] GetVSyncParametersIfAvailable() failed! [ ... The previous message repeated 184 times ... ]
Jul 25 15:41:17 cybertron dockerd[23624]: time="2018-07-25T15:41:17-04:00" level=info msg="shim reaped" id=c31c438ae47ea7be4bbf55561ddfa750ec1b1007b7dbe04db2b83568f9cbaef8
Jul 25 15:41:17 cybertron dockerd[23624]: time="2018-07-25T15:41:17.662901602-04:00" level=info msg="ignoring event" module=libcontainerd namespace=moby topic=/tasks/delete type="*events.TaskDelete"
Jul 25 15:41:17 cybertron kernel: [510122.892264] br-e2c26775ee5c: port 3(vethc685cc4) entered disabled state
Jul 25 15:41:17 cybertron kernel: [510122.892337] veth7314b2a: renamed from eth0
Jul 25 15:41:17 cybertron kernel: [510122.985619] br-e2c26775ee5c: port 3(vethc685cc4) entered disabled state
Jul 25 15:41:17 cybertron avahi-daemon[900]: Interface vethc685cc4.IPv6 no longer relevant for mDNS.
Jul 25 15:41:17 cybertron avahi-daemon[900]: Leaving mDNS multicast group on interface vethc685cc4.IPv6 with address fe80::f89f:36ff:fe9b:fbd7.
Jul 25 15:41:17 cybertron NetworkManager[955]: [1532547677.7877] manager: (veth7314b2a): new Veth device (/org/freedesktop/NetworkManager/Devices/250)
Jul 25 15:41:17 cybertron kernel: [510122.989741] device vethc685cc4 left promiscuous mode
Jul 25 15:41:17 cybertron kernel: [510122.989748] br-e2c26775ee5c: port 3(vethc685cc4) entered disabled state
Jul 25 15:41:17 cybertron avahi-daemon[900]: Withdrawing address record for fe80::f89f:36ff:fe9b:fbd7 on vethc685cc4.
Jul 25 15:41:17 cybertron systemd-udevd[9731]: link_config: autonegotiation is unset or enabled, the speed and duplex are not writable.
Jul 25 15:41:17 cybertron systemd-udevd[9731]: link_config: could not get ethtool features for veth7314b2a
Jul 25 15:41:17 cybertron systemd-udevd[9731]: Could not set offload features of veth7314b2a: No such device
Jul 25 15:41:17 cybertron NetworkManager[955]: [1532547677.8307] device (vethc685cc4): released from master device br-e2c26775ee5c
Jul 25 15:41:17 cybertron nm-applet[16174]: gtk_widget_destroy: assertion 'GTK_IS_WIDGET (widget)' failed
Jul 25 15:41:17 cybertron nm-applet[16174]: gtk_widget_destroy: assertion 'GTK_IS_WIDGET (widget)' failed
Jul 25 15:41:17 cybertron NetworkManager[955]: [1532547677.8319] devices removed (path: /sys/devices/virtual/net/vethc685cc4, iface: vethc685cc4)
Jul 25 15:41:17 cybertron nm-applet[16174]: Can't set a parent on widget which has a parent
Jul 25 15:41:17 cybertron NetworkManager[955]: [1532547677.8469] devices added (path: /sys/devices/virtual/net/veth7314b2a, iface: veth7314b2a)
Jul 25 15:41:17 cybertron NetworkManager[955]: [1532547677.8470] device added (path: /sys/devices/virtual/net/veth7314b2a, iface: veth7314b2a): no ifupdown configuration found.
Jul 25 15:41:17 cybertron libvirtd[1072]: 2018-07-25 19:41:17.847+0000: 1072: error : virFileReadAll:1409 : Failed to open file '/sys/class/net/veth7314b2a/operstate': No such file or directory
Jul 25 15:41:17 cybertron libvirtd[1072]: 2018-07-25 19:41:17.847+0000: 1072: error : virNetDevGetLinkInfo:2419 : unable to read: /sys/class/net/veth7314b2a/operstate: No such file or directory
Jul 25 15:41:17 cybertron NetworkManager[955]: [1532547677.8507] devices removed (path: /sys/devices/virtual/net/veth7314b2a, iface: veth7314b2a)
Jul 25 15:41:19 cybertron dockerd[23624]: time="2018-07-25T15:41:19-04:00" level=info msg="shim reaped" id=ad36608e8f1ab75d818c49908491f6f2b874f54d9c55b69943f75809d528d92e
Jul 25 15:41:19 cybertron dockerd[23624]: time="2018-07-25T15:41:19.427946151-04:00" level=info msg="ignoring event" module=libcontainerd namespace=moby topic=/tasks/delete type="*events.TaskDelete"
Jul 25 15:41:19 cybertron kernel: [510124.632557] br-e2c26775ee5c: port 1(vethf423d3d) entered disabled state
Jul 25 15:41:19 cybertron kernel: [510124.632663] veth6fe6267: renamed from eth0
Jul 25 15:41:19 cybertron systemd-udevd[10086]: link_config: autonegotiation is unset or enabled, the speed and duplex are not writable.
Jul 25 15:41:19 cybertron avahi-daemon[900]: Interface vethf423d3d.IPv6 no longer relevant for mDNS.
Jul 25 15:41:19 cybertron avahi-daemon[900]: Leaving mDNS multicast group on interface vethf423d3d.IPv6 with address fe80::c46e:3dff:fec3:43fb.
Jul 25 15:41:19 cybertron NetworkManager[955]: [1532547679.5185] manager: (veth6fe6267): new Veth device (/org/freedesktop/NetworkManager/Devices/251)
Jul 25 15:41:19 cybertron kernel: [510124.716931] br-e2c26775ee5c: port 1(vethf423d3d) entered disabled state
Jul 25 15:41:19 cybertron kernel: [510124.719278] device vethf423d3d left promiscuous mode
Jul 25 15:41:19 cybertron kernel: [510124.719281] br-e2c26775ee5c: port 1(vethf423d3d) entered disabled state
Jul 25 15:41:19 cybertron systemd-udevd[10086]: link_config: could not get ethtool features for veth6fe6267
Jul 25 15:41:19 cybertron systemd-udevd[10086]: Could not set offload features of veth6fe6267: No such device
Jul 25 15:41:19 cybertron avahi-daemon[900]: Withdrawing address record for fe80::c46e:3dff:fec3:43fb on vethf423d3d.
Jul 25 15:41:19 cybertron NetworkManager[955]: [1532547679.5486] device (vethf423d3d): released from master device br-e2c26775ee5c
Jul 25 15:41:19 cybertron NetworkManager[955]: [1532547679.5491] devices removed (path: /sys/devices/virtual/net/vethf423d3d, iface: vethf423d3d)
Jul 25 15:41:19 cybertron nm-applet[16174]: gtk_widget_destroy: assertion 'GTK_IS_WIDGET (widget)' failed
Jul 25 15:41:19 cybertron nm-applet[16174]: gtk_widget_destroy: assertion 'GTK_IS_WIDGET (widget)' failed
Jul 25 15:41:19 cybertron nm-applet[16174]: Can't set a parent on widget which has a parent
Jul 25 15:41:19 cybertron libvirtd[1072]: 2018-07-25 19:41:19.559+0000: 1072: error : virFileReadAll:1409 : Failed to open file '/sys/class/net/veth6fe6267/operstate': No such file or directory
Jul 25 15:41:19 cybertron libvirtd[1072]: 2018-07-25 19:41:19.559+0000: 1072: error : virNetDevGetLinkInfo:2419 : unable to read: /sys/class/net/veth6fe6267/operstate: No such file or directory
Jul 25 15:41:19 cybertron NetworkManager[955]: [1532547679.5599] devices added (path: /sys/devices/virtual/net/veth6fe6267, iface: veth6fe6267)
Jul 25 15:41:19 cybertron NetworkManager[955]: [1532547679.5599] device added (path: /sys/devices/virtual/net/veth6fe6267, iface: veth6fe6267): no ifupdown configuration found.
Jul 25 15:41:19 cybertron NetworkManager[955]: [1532547679.5624] devices removed (path: /sys/devices/virtual/net/veth6fe6267, iface: veth6fe6267)
Jul 25 15:41:20 cybertron dockerd[23624]: time="2018-07-25T15:41:20-04:00" level=info msg="shim reaped" id=ab8035cc7b1d6448d25a760ca9bcac8d79a536375f84444b601c4f668ad89271
Jul 25 15:41:20 cybertron dockerd[23624]: time="2018-07-25T15:41:20.055653614-04:00" level=info msg="ignoring event" module=libcontainerd namespace=moby topic=/tasks/delete type="*events.TaskDelete"
Jul 25 15:41:20 cybertron kernel: [510125.284685] br-e2c26775ee5c: port 2(vethe6956ee) entered disabled state
Jul 25 15:41:20 cybertron kernel: [510125.284761] vethcd3b9bb: renamed from eth0
Jul 25 15:41:20 cybertron avahi-daemon[900]: Interface vethe6956ee.IPv6 no longer relevant for mDNS.
Jul 25 15:41:20 cybertron avahi-daemon[900]: Leaving mDNS multicast group on interface vethe6956ee.IPv6 with address fe80::e8c6:2eff:fe82:4a03.
Jul 25 15:41:20 cybertron kernel: [510125.377538] br-e2c26775ee5c: port 2(vethe6956ee) entered disabled state
Jul 25 15:41:20 cybertron kernel: [510125.381499] device vethe6956ee left promiscuous mode
Jul 25 15:41:20 cybertron kernel: [510125.381504] br-e2c26775ee5c: port 2(vethe6956ee) entered disabled state
Jul 25 15:41:20 cybertron avahi-daemon[900]: Withdrawing address record for fe80::e8c6:2eff:fe82:4a03 on vethe6956ee.
Jul 25 15:41:20 cybertron systemd-udevd[10164]: link_config: autonegotiation is unset or enabled, the speed and duplex are not writable.
Jul 25 15:41:20 cybertron systemd-udevd[10164]: link_config: could not get ethtool features for vethcd3b9bb
Jul 25 15:41:20 cybertron systemd-udevd[10164]: Could not set offload features of vethcd3b9bb: No such device
Jul 25 15:41:20 cybertron NetworkManager[955]: [1532547680.2129] device (vethe6956ee): released from master device br-e2c26775ee5c
Jul 25 15:41:20 cybertron NetworkManager[955]: [1532547680.2150] devices removed (path: /sys/devices/virtual/net/vethe6956ee, iface: vethe6956ee)
Jul 25 15:41:20 cybertron NetworkManager[955]: [1532547680.2317] devices added (path: /sys/devices/virtual/net/vethcd3b9bb, iface: vethcd3b9bb)
Jul 25 15:41:20 cybertron NetworkManager[955]: [1532547680.2318] device added (path: /sys/devices/virtual/net/vethcd3b9bb, iface: vethcd3b9bb): no ifupdown configuration found.
Jul 25 15:41:20 cybertron libvirtd[1072]: 2018-07-25 19:41:20.231+0000: 1072: error : virFileReadAll:1409 : Failed to open file '/sys/class/net/vethcd3b9bb/operstate': No such file or directory
Jul 25 15:41:20 cybertron libvirtd[1072]: 2018-07-25 19:41:20.231+0000: 1072: error : virNetDevGetLinkInfo:2419 : unable to read: /sys/class/net/vethcd3b9bb/operstate: No such file or directory
Jul 25 15:41:20 cybertron NetworkManager[955]: [1532547680.2367] devices removed (path: /sys/devices/virtual/net/vethcd3b9bb, iface: vethcd3b9bb)
Jul 25 15:43:03 cybertron dhclient[4619]: DHCPREQUEST of 10.7.49.151 on enp0s25 to 10.7.255.67 port 67 (xid=0x5ed45837)
Jul 25 15:43:03 cybertron dhclient[4619]: DHCPACK of 10.7.49.151 from 10.7.233.5
Jul 25 15:43:03 cybertron NetworkManager[955]: [1532547783.6746] dhcp4 (enp0s25): address 10.7.49.151
Jul 25 15:43:03 cybertron NetworkManager[955]: [1532547783.6746] dhcp4 (enp0s25): plen 23 (255.255.254.0)
