08-13 16:32:11.309 2607 2607 W Notification: Use of stream types is deprecated for operations other than volume control
08-13 16:32:11.309 2607 2607 W Notification: See the documentation of setSound() for what to use instead with android.media.AudioAttributes to qualify your playback use case
08-13 16:32:11.344 2607 2607 W tutu.ABenchMark: type=1400 audit(0.0:509): avc: denied { read } for name="stat" dev="proc" ino=4026532079 scontext=u:r:untrusted_app:s0:c512,c768 tcontext=u:object_r:proc_stat:s0 tclass=file permissive=0
08-13 16:32:11.353 2607 2607 W Notification: Use of stream types is deprecated for operations other than volume control
08-13 16:32:11.353 2607 2607 W Notification: See the documentation of setSound() for what to use instead with android.media.AudioAttributes to qualify your playback use case
08-13 16:32:20.626 2197 4395 I chatty : uid=10015(com.google.android.gms) Binder:2197_B expire 6 lines
08-13 16:32:21.363 2607 2607 W Notification: Use of stream types is deprecated for operations other than volume control
08-13 16:32:21.363 2607 2607 W Notification: See the documentation of setSound() for what to use instead with android.media.AudioAttributes to qualify your playback use case
08-13 16:32:21.397 2607 2607 W tutu.ABenchMark: type=1400 audit(0.0:510): avc: denied { read } for name="stat" dev="proc" ino=4026532079 scontext=u:r:untrusted_app:s0:c512,c768 tcontext=u:object_r:proc_stat:s0 tclass=file permissive=0
08-13 16:32:21.405 2607 2607 W Notification: Use of stream types is deprecated for operations other than volume control
08-13 16:32:21.406 2607 2607 W Notification: See the documentation of setSound() for what to use instead with android.media.AudioAttributes to qualify your playback use case
08-13 16:32:25.741 2321 7366 I chatty : uid=10026(com.google.android.googlequicksearchbox) NonUserFacing11 expire 4 lines
08-13 16:32:25.751 2321 8171 I chatty : uid=10026(com.google.android.googlequicksearchbox) UserFacing26 expire 1 line
08-13 16:32:25.792 2321 7359 I chatty : uid=10026(com.google.android.googlequicksearchbox) UserFacing14 expire 5 lines
08-13 16:32:25.796 2321 8177 I chatty : uid=10026(com.google.android.googlequicksearchbox) UserFacing30 expire 1 line
08-13 16:32:31.441 2607 2607 W Notification: Use of stream types is deprecated for operations other than volume control
08-13 16:32:31.441 2607 2607 W Notification: See the documentation of setSound() for what to use instead with android.media.AudioAttributes to qualify your playback use case
08-13 16:32:31.474 2607 2607 W tutu.ABenchMark: type=1400 audit(0.0:511): avc: denied { read } for name="stat" dev="proc" ino=4026532079 scontext=u:r:untrusted_app:s0:c512,c768 tcontext=u:object_r:proc_stat:s0 tclass=file permissive=0
08-13 16:32:31.483 2607 2607 W Notification: Use of stream types is deprecated for operations other than volume control
08-13 16:32:31.484 2607 2607 W Notification: See the documentation of setSound() for what to use instead with android.media.AudioAttributes to qualify your playback use case
08-13 16:32:41.516 2607 2607 W Notification: Use of stream types is deprecated for operations other than volume control
08-13 16:32:41.516 2607 2607 W Notification: See the documentation of setSound() for what to use instead with android.media.AudioAttributes to qualify your playback use case
08-13 16:32:41.547 2607 2607 W tutu.ABenchMark: type=1400 audit(0.0:512): avc: denied { read } for name="stat" dev="proc" ino=4026532079 scontext=u:r:untrusted_app:s0:c512,c768 tcontext=u:object_r:proc_stat:s0 tclass=file permissive=0
08-13 16:32:41.556 2607 2607 W Notification: Use of stream types is deprecated for operations other than volume control
08-13 16:32:41.556 2607 2607 W Notification: See the documentation of setSound() for what to use instead with android.media.AudioAttributes to qualify your playback use case
08-13 16:32:48.880 3199 6513 I PlayCommon: [89] com.google.android.play.b.h.e(263): Preparing logs for uploading
08-13 16:32:48.881 3199 6513 I PlayCommon: [89] com.google.android.play.b.h.e(267): No file ready to send
08-13 16:32:49.534 2197 8206 I chatty : uid=10015 com.google.android.gms.persistent expire 3 lines
08-13 16:32:49.567 2197 3180 I chatty : uid=10015(com.google.android.gms) Thread-10 expire 6 lines
08-13 16:32:51.565 2607 2607 W Notification: Use of stream types is deprecated for operations other than volume control
08-13 16:32:51.566 2607 2607 W Notification: See the documentation of setSound() for what to use instead with android.media.AudioAttributes to qualify your playback use case
08-13 16:32:51.604 2607 2607 W tutu.ABenchMark: type=1400 audit(0.0:513): avc: denied { read } for name="stat" dev="proc" ino=4026532079 scontext=u:r:untrusted_app:s0:c512,c768 tcontext=u:object_r:proc_stat:s0 tclass=file permissive=0
08-13 16:32:51.613 2607 2607 W Notification: Use of stream types is deprecated for operations other than volume control
08-13 16:32:51.613 2607 2607 W Notification: See the documentation of setSound() for what to use instead with android.media.AudioAttributes to qualify your playback use case
08-13 16:32:54.483 1637 1637 E QtiImsExtUtils: getConfigForPhoneId phoneId is invalid
08-13 16:32:54.483 1637 1637 E QtiImsExtUtils: isCarrierConfigEnabled bundle is null
08-13 16:32:54.502 2607 2607 W Notification: Use of stream types is deprecated for operations other than volume control
08-13 16:32:54.502 2607 2607 W Notification: See the documentation of setSound() for what to use instead with android.media.AudioAttributes to qualify your playback use case
08-13 16:33:01.651 2607 2607 W Notification: Use of stream types is deprecated for operations other than volume control
08-13 16:33:01.651 2607 2607 W Notification: See the documentation of setSound() for what to use instead with android.media.AudioAttributes to qualify your playback use case
08-13 16:33:01.687 2607 2607 W tutu.ABenchMark: type=1400 audit(0.0:514): avc: denied { read } for name="stat" dev="proc" ino=4026532079 scontext=u:r:untrusted_app:s0:c512,c768 tcontext=u:object_r:proc_stat:s0 tclass=file permissive=0
08-13 16:33:01.695 2607 2607 W Notification: Use of stream types is deprecated for operations other than volume control
08-13 16:33:01.695 2607 2607 W Notification: See the documentation of setSound() for what to use instead with android.media.AudioAttributes to qualify your playback use case
08-13 16:33:08.640 2197 8187 I chatty : uid=10015 com.google.android.gms.persistent expire 1 line
08-13 16:33:09.696 2569 8216 I chatty : uid=10015(com.google.android.gms) expire 2 lines
08-13 16:33:09.746 3199 3210 I Finsky : [26] com.google.android.finsky.contentfilterui.m.a(8): Received content filters request from sharedUserId=com.google.uid.shared:10015
08-13 16:33:09.747 3199 3210 W GooglePlayServicesUtil: Google Play services out of date. Requires 11910000 but found 11580948
08-13 16:33:09.747 3199 3210 E GooglePlayServicesUtil: GooglePlayServices not available due to error 2
08-13 16:33:11.704 2607 2607 W Notification: Use of stream types is deprecated for operations other than volume control
08-13 16:33:11.705 2607 2607 W Notification: See the documentation of setSound() for what to use instead with android.media.AudioAttributes to qualify your playback use case
08-13 16:33:11.744 2607 2607 W tutu.ABenchMark: type=1400 audit(0.0:515): avc: denied { read } for name="stat" dev="proc" ino=4026532079 scontext=u:r:untrusted_app:s0:c512,c768 tcontext=u:object_r:proc_stat:s0 tclass=file permissive=0
08-13 16:33:11.751 2607 2607 W Notification: Use of stream types is deprecated for operations other than volume control
08-13 16:33:11.751 2607 2607 W Notification: See the documentation of setSound() for what to use instead with android.media.AudioAttributes to qualify your playback use case
08-13 16:33:20.704 2197 2924 I chatty : uid=10015(com.google.android.gms) CMEventHandler expire 12 lines
08-13 16:33:20.827 2197 3181 I chatty : uid=10015(com.google.android.gms) Places expire 3 lines
08-13 16:33:20.938 2197 2205 I chatty : uid=10015(com.google.android.gms) FinalizerDaemon expire 2 lines
08-13 16:33:20.957 2197 2202 I chatty : uid=10015(com.google.android.gms) Jit thread pool expire 2 lines
08-13 16:33:21.783 2607 2607 W Notification: Use of stream types is deprecated for operations other than volume control
08-13 16:33:21.783 2607 2607 W Notification: See the documentation of setSound() for what to use instead with android.media.AudioAttributes to qualify your playback use case
08-13 16:33:21.814 2607 2607 W tutu.ABenchMark: type=1400 audit(0.0:516): avc: denied { read } for name="stat" dev="proc" ino=4026532079 scontext=u:r:untrusted_app:s0:c512,c768 tcontext=u:object_r:proc_stat:s0 tclass=file permissive=0
08-13 16:33:21.823 2607 2607 W Notification: Use of stream types is deprecated for operations other than volume control
08-13 16:33:21.823 2607 2607 W Notification: See the documentation of setSound() for what to use instead with android.media.AudioAttributes to qualify your playback use case
08-13 16:33:28.247 1108 8226 I chatty : uid=1000 system_server expire 2 lines
08-13 16:33:28.256 1108 8227 I chatty : uid=1000 system_server expire 2 lines
08-13 16:33:31.839 2607 2607 W Notification: Use of stream types is deprecated for operations other than volume control
08-13 16:33:31.839 2607 2607 W Notification: See the documentation of setSound() for what to use instead with android.media.AudioAttributes to qualify your playback use case
08-13 16:33:31.877 2607 2607 W tutu.ABenchMark: type=1400 audit(0.0:517): avc: denied { read } for name="stat" dev="proc" ino=4026532079 scontext=u:r:untrusted_app:s0:c512,c768 tcontext=u:object_r:proc_stat:s0 tclass=file permissive=0
08-13 16:33:31.885 2607 2607 W Notification: Use of stream types is deprecated for operations other than volume control
08-13 16:33:31.886 2607 2607 W Notification: See the documentation of setSound() for what to use instead with android.media.AudioAttributes to qualify your playback use case
08-13 16:33:32.410 2607 2623 I zygote64: Background concurrent copying GC freed 13373(1746KB) AllocSpace objects, 140(2MB) LOS objects, 49% free, 4MB/8MB, paused 382us total 115.646ms
08-13 16:33:41.277 1108 1287 D ConnectivityService: NetworkAgentInfo [WIFI () - 101] validation failed
08-13 16:33:41.371 2569 8235 I chatty : uid=10015(com.google.android.gms) expire 1 line
08-13 16:33:41.391 2197 8223 I chatty : uid=10015 com.google.android.gms.persistent expire 2 lines
08-13 16:33:41.902 2607 2607 W Notification: Use of stream types is deprecated for operations other than volume control
08-13 16:33:41.903 2607 2607 W Notification: See the documentation of setSound() for what to use instead with android.media.AudioAttributes to qualify your playback use case
08-13 16:33:41.934 2607 2607 W tutu.ABenchMark: type=1400 audit(0.0:518): avc: denied { read } for name="stat" dev="proc" ino=4026532079 scontext=u:r:untrusted_app:s0:c512,c768 tcontext=u:object_r:proc_stat:s0 tclass=file permissive=0
08-13 16:33:41.941 2607 2607 W Notification: Use of stream types is deprecated for operations other than volume control
08-13 16:33:41.941 2607 2607 W Notification: See the documentation of setSound() for what to use instead with android.media.AudioAttributes to qualify your playback use case
08-13 16:33:51.969 2607 2607 W Notification: Use of stream types is deprecated for operations other than volume control
08-13 16:33:51.970 2607 2607 W Notification: See the documentation of setSound() for what to use instead with android.media.AudioAttributes to qualify your playback use case
08-13 16:33:52.004 2607 2607 W tutu.ABenchMark: type=1400 audit(0.0:519): avc: denied { read } for name="stat" dev="proc" ino=4026532079 scontext=u:r:untrusted_app:s0:c512,c768 tcontext=u:object_r:proc_stat:s0 tclass=file permissive=0
08-13 16:33:52.013 2607 2607 W Notification: Use of stream types is deprecated for operations other than volume control
08-13 16:33:52.013 2607 2607 W Notification: See the documentation of setSound() for what to use instead with android.media.AudioAttributes to qualify your playback use case
08-13 16:33:54.545 1637 1637 E QtiImsExtUtils: getConfigForPhoneId phoneId is invalid
08-13 16:33:54.546 1637 1637 E QtiImsExtUtils: isCarrierConfigEnabled bundle is null
08-13 16:33:54.570 2607 2607 W Notification: Use of stream types is deprecated for operations other than volume control
08-13 16:33:54.570 2607 2607 W Notification: See the documentation of setSound() for what to use instead with android.media.AudioAttributes to qualify your playback use case
08-13 16:34:02.021 2607 2607 W Notification: Use of stream types is deprecated for operations other than volume control
08-13 16:34:02.021 2607 2607 W Notification: See the documentation of setSound() for what to use instead with android.media.AudioAttributes to qualify your playback use case
08-13 16:34:02.061 2607 2607 W tutu.ABenchMark: type=1400 audit(0.0:520): avc: denied { read } for name="stat" dev="proc" ino=4026532079 scontext=u:r:untrusted_app:s0:c512,c768 tcontext=u:object_r:proc_stat:s0 tclass=file permissive=0
08-13 16:34:02.069 2607 2607 W Notification: Use of stream types is deprecated for operations other than volume control
08-13 16:34:02.069 2607 2607 W Notification: See the documentation of setSound() for what to use instead with android.media.AudioAttributes to qualify your playback use case
08-13 16:34:12.095 2607 2607 W Notification: Use of stream types is deprecated for operations other than volume control
08-13 16:34:12.095 2607 2607 W Notification: See the documentation of setSound() for what to use instead with android.media.AudioAttributes to qualify your playback use case
08-13 16:34:12.127 2607 2607 W tutu.ABenchMark: type=1400 audit(0.0:521): avc: denied { read } for name="stat" dev="proc" ino=4026532079 scontext=u:r:untrusted_app:s0:c512,c768 tcontext=u:object_r:proc_stat:s0 tclass=file permissive=0
08-13 16:34:12.135 2607 2607 W Notification: Use of stream types is deprecated for operations other than volume control
08-13 16:34:12.136 2607 2607 W Notification: See the documentation of setSound() for what to use instead with android.media.AudioAttributes to qualify your playback use case
08-13 16:34:15.450 2279 2284 I zygote64: Do full code cache collection, code=120KB, data=84KB
08-13 16:34:15.451 2279 2284 I zygote64: After code cache collection, code=93KB, data=53KB
08-13 16:34:20.733 2197 4395 I chatty : uid=10015(com.google.android.gms) Binder:2197_B expire 3 lines
08-13 16:34:22.148 2607 2607 W Notification: Use of stream types is deprecated for operations other than volume control
08-13 16:34:22.148 2607 2607 W Notification: See the documentation of setSound() for what to use instead with android.media.AudioAttributes to qualify your playback use case
08-13 16:34:22.181 2607 2607 W tutu.ABenchMark: type=1400 audit(0.0:522): avc: denied { read } for name="stat" dev="proc" ino=4026532079 scontext=u:r:untrusted_app:s0:c512,c768 tcontext=u:object_r:proc_stat:s0 tclass=file permissive=0
08-13 16:34:22.189 2607 2607 W Notification: Use of stream types is deprecated for operations other than volume control
08-13 16:34:22.189 2607 2607 W Notification: See the documentation of setSound() for what to use instead with android.media.AudioAttributes to qualify your playback use case
08-13 16:34:24.025 744 793 I chatty : uid=1000(system) /vendor/bin/sensors.qcom expire 43 lines
08-13 16:34:26.585 838 1075 D fpc_fingerprint_hal: nav_loop FPC_NAV_REQUEST_WAIT_IRQ_HIGH
08-13 16:34:27.677 1108 1239 I PowerManagerService: Waking up from dozing (uid=1000 reason=android.policy:POWER)...
08-13 16:34:27.679 1443 1443 I Elmyra/ElmyraService: Gated by SystemKeyPress
08-13 16:34:27.690 1606 1711 I chatty : uid=1000(system) MainEventThread expire 9 lines
08-13 16:34:27.694 1443 1443 D StatusBar: disable
08-13 16:34:27.694 1443 1443 D StatusBar: disable
08-13 16:34:27.699 1549 1549 I WallpaperService: engine resumed
08-13 16:34:27.706 1108 1156 I DisplayPowerController: Blocking screen off
08-13 16:34:27.706 1108 1156 I DisplayPowerController: Unblocked screen off after 0 ms
08-13 16:34:27.714 1637 1637 E QtiImsExtUtils: getConfigForPhoneId phoneId is invalid
08-13 16:34:27.714 1637 1637 E QtiImsExtUtils: isCarrierConfigEnabled bundle is null
08-13 16:34:27.730 1443 1443 D StatusBar: disable
08-13 16:34:27.730 1108 1156 I DisplayPowerController: Blocking screen on until initial contents have been drawn.
08-13 16:34:27.730 1443 1443 D StatusBar: disable
08-13 16:34:27.734 1108 1154 I DisplayManagerService: Display device changed state: "Built-in Screen", ON
08-13 16:34:27.748 1108 1665 I chatty : uid=1000(system) Binder:1108_7 expire 10 lines
08-13 16:34:27.749 2569 3165 I chatty : uid=10015(com.google.android.gms) lowpool[3] expire 7 lines
08-13 16:34:27.750 2197 4153 I chatty : uid=10015(com.google.android.gms) NearbyDirectMai expire 4 lines
08-13 16:34:27.751 1108 2366 I chatty : uid=1000(system) Binder:1108_C expire 10 lines
08-13 16:34:27.751 1108 1119 I chatty : uid=1000(system) Binder:1108_2 expire 1 line
08-13 16:34:27.752 2197 4126 I chatty : uid=10015(com.google.android.gms) NearbyMessages expire 1 line
08-13 16:34:27.755 2607 2607 W Notification: Use of stream types is deprecated for operations other than volume control
08-13 16:34:27.755 2607 2607 W Notification: See the documentation of setSound() for what to use instead with android.media.AudioAttributes to qualify your playback use case
08-13 16:34:27.769 598 598 D SurfaceFlinger: Set power mode=2, type=0 flinger=0x706e65e000
08-13 16:34:27.770 600 5260 I SDM : DisplayBase::SetDisplayState: Set state = 1, display 0
08-13 16:34:27.777 1108 1156 I DisplayPowerController: Unblocked screen on after 47 ms
08-13 16:34:27.777 1108 1156 I DreamManagerService: Gently waking up from dream.
08-13 16:34:27.777 1108 1152 I DreamManagerService: Performing gentle wake from dream.
08-13 16:34:27.789 1108 2366 I DreamManagerService: Leaving dreamland.
08-13 16:34:27.789 1108 1152 I DreamManagerService: Performing gentle wake from dream.
08-13 16:34:27.789 1108 1152 I DreamController: Stopping dream: name=ComponentInfo{com.android.systemui/com.android.systemui.doze.DozeService}, isTest=false, canDoze=true, userId=0
08-13 16:34:28.178 1443 1443 I Elmyra/ElmyraService: Gated by KeyguardDeferredSetup [mDeferredSetupComplete -> false]
08-13 16:34:29.100 1443 1443 D StatusBar: disable
08-13 16:34:29.128 1443 1443 I chatty : uid=10060(com.android.systemui) identical 1 line
08-13 16:34:29.148 1443 1443 D StatusBar: disable
08-13 16:34:29.783 715 2118 D audio_hw_primary: enable_snd_device: snd_device(2: speaker)
08-13 16:34:29.783 2081 2096 E ANDR-PERF-RESOURCEQS: Failed to apply optimization [2, 0]
08-13 16:34:29.783 715 2118 D audio_route: Apply path: speaker
08-13 16:34:29.785 715 2118 D ACDB-LOADER: ACDB -> send_audio_cal, acdb_id = 15, path = 0, app id = 0x11130, sample rate = 48000
08-13 16:34:29.785 715 2118 D ACDB-LOADER: ACDB -> ACDB_CMD_GET_AUDPROC_GAIN_DEP_STEP_TABLE, vol index 0
08-13 16:34:29.785 715 2118 D ACDB-LOADER: ACDB -> GET_AFE_TOPOLOGY_ID for adcd_id 15, Topology Id 112fc
08-13 16:34:29.785 715 2118 D : Failed to fetch the lookup information of the device 0000000F
08-13 16:34:29.785 715 2118 D ACDB-LOADER: Error: ACDB AFE returned = -19
08-13 16:34:29.785 715 2118 D audio_hw_primary: enable_audio_route: usecase(1) apply and update mixer path: low-latency-playback speaker
08-13 16:34:29.785 715 2118 D audio_route: Apply path: low-latency-playback speaker
08-13 16:34:29.790 838 1075 D fpc_fingerprint_hal: nav_loop FPC_NAV_REQUEST_WAIT_IRQ_HIGH
08-13 16:34:29.819 715 2118 D audio_hw_primary: out_write: retry previous failed cal level set
08-13 16:34:30.468 838 1075 D fpc_fingerprint_hal: nav_loop FPC_NAV_REQUEST_WAIT_IRQ_HIGH
08-13 16:34:31.219 740 740 I libese : Interface --- Card
08-13 16:34:31.219 740 740 I libese : I(0, 0) --> [ 5]
08-13 16:34:31.230 740 740 I libese : <-- I(0, 0) [ 3]
08-13 16:34:31.230 740 740 I libese : Interface --- Card
08-13 16:34:31.230 740 740 I libese : I(1, 0) --> [ 18]
08-13 16:34:31.244 740 740 I libese : <-- I(1, 0) [ 2]
08-13 16:34:31.244 740 740 I libese : Interface --- Card
08-13 16:34:31.244 740 740 I libese : I(0, 0) --> [ 26]
08-13 16:34:31.248 740 740 I libese : <-- I(0, 0) [ 19]
08-13 16:34:31.249 740 740 I libese : Interface --- Card
08-13 16:34:31.249 740 740 I libese : I(1, 0) --> [ 5]
08-13 16:34:31.253 740 740 I libese : <-- I(1, 0) [ 2]
08-13 16:34:31.256 740 740 I libese : Requested power-down delay times (sec):
08-13 16:34:31.256 740 740 I libese : - Timer 0xF1: 0
08-13 16:34:31.256 740 740 I libese : - Timer 0xF2: 0
08-13 16:34:31.256 740 740 I libese : - Timer 0xF3: 0
08-13 16:34:31.306 808 808 D keystore: AddAuthenticationToken: timestamp = 3884007 (16664227917387005952), time_received = 3862
08-13 16:34:31.326 808 808 D keystore: AddAuthenticationToken: timestamp = 3884028 (18177437392183492608), time_received = 3862
08-13 16:34:31.328 808 808 I keystore: calling unlock when already unlocked, ignoring.
08-13 16:34:31.328 1108 2366 I LockSettingsService: Unlocking user 0 with secret only, length 64
08-13 16:34:31.329 1108 2366 W ActivityManager: Expected user 0 in state RUNNING_LOCKED but was in state RUNNING_UNLOCKED
08-13 16:34:31.329 1108 2366 I LockSettingsService: Disabling escrow token on user 0
08-13 16:34:31.640 1443 1443 D StatusBar: disable
08-13 16:34:31.641 1443 1443 D StatusBar: disable
08-13 16:34:31.642 1443 1575 I AudioTrack: AUDIO_OUTPUT_FLAG_FAST successful; frameCount 4800 -> 4800
08-13 16:34:31.643 1443 1443 D StatusBar: disable
08-13 16:34:31.653 2197 2197 I chatty : uid=10015 com.google.android.gms.persistent expire 5 lines
08-13 16:34:31.653 1108 1143 W BroadcastQueue: Background execution not allowed: receiving Intent { act=android.intent.action.USER_PRESENT flg=0x24200010 } to com.antutu.ABenchMark/com.antutu.benchmark.receiver.KeepAliveReceiver
08-13 16:34:31.655 1443 1443 D StatusBar: disable
08-13 16:34:31.660 1443 1443 I Elmyra/ElmyraService: Unblocked; current action: SetupWizardAction
08-13 16:34:31.664 2279 4511 W Settings: Setting auto_time has moved from android.provider.Settings.System to android.provider.Settings.Global, returning read-only value.
08-13 16:34:31.664 2279 4511 I chatty : uid=10125(com.antutu.ABenchMark) GBD-Thread identical 1 line
08-13 16:34:31.665 2279 4511 W Settings: Setting auto_time has moved from android.provider.Settings.System to android.provider.Settings.Global, returning read-only value.
08-13 16:34:31.666 2607 2607 W Notification: Use of stream types is deprecated for operations other than volume control
08-13 16:34:31.666 2607 2607 W Notification: See the documentation of setSound() for what to use instead with android.media.AudioAttributes to qualify your playback use case
08-13 16:34:31.674 600 5260 I SDM : HWCDisplay::GetColorModeCount: Supported color mode count = 3
08-13 16:34:31.674 600 5260 I SDM : HWCDisplay::GetColorModes: Supports color mode[0] = 0
08-13 16:34:31.674 600 5260 I SDM : HWCDisplay::GetColorModes: Supports color mode[1] = 7
08-13 16:34:31.674 600 5260 I SDM : HWCDisplay::GetColorModes: Supports color mode[2] = 9
08-13 16:34:31.675 7456 7477 I zygote : android::hardware::configstore::V1_0::ISurfaceFlingerConfigs::hasWideColorDisplay retrieved: 1
08-13 16:34:31.683 2414 2414 I bil : Respecting usage reporting opt-in status.
08-13 16:34:31.689 1108 2477 W BroadcastQueue: Background execution not allowed: receiving Intent { act=android.intent.action.USER_PRESENT flg=0x24200010 } to com.antutu.ABenchMark/com.igexin.sdk.PushReceiver
08-13 16:34:31.690 1108 1143 W BroadcastQueue: Background execution not allowed: receiving Intent { act=android.intent.action.USER_PRESENT flg=0x24200010 } to com.antutu.ABenchMark/com.taobao.accs.EventReceiver
08-13 16:34:31.701 2569 8274 I chatty : uid=10015(com.google.android.gms) expire 1 line
08-13 16:34:31.704 2197 8276 I chatty : uid=10015 com.google.android.gms.persistent expire 1 line
08-13 16:34:31.711 598 1241 W ServiceManager: Permission failure: android.permission.ACCESS_SURFACE_FLINGER from uid=10121 pid=7389
08-13 16:34:31.712 598 1241 D PermissionCache: checking android.permission.ACCESS_SURFACE_FLINGER for uid=10121 => denied (557 us)
08-13 16:34:31.712 598 1241 E SurfaceFlinger: Permission Denial: can't openGlobalTransaction pid=7389, uid<=10121
08-13 16:34:31.712 7389 7389 E BpSurfaceComposerClient: Failed to transact (-1)
08-13 16:34:31.712 598 616 E SurfaceFlinger: Permission Denial: can't openGlobalTransaction pid=7389, uid<=10121
08-13 16:34:31.712 7389 7389 E BpSurfaceComposerClient: Failed to transact (-1)
08-13 16:34:31.747 598 598 D SurfaceFlinger: Set active color mode: HAL_COLOR_MODE_DISPLAY_P3 (9), type=0
08-13 16:34:31.751 600 5260 I SDM : HWCDisplay::HandleColorModeTransform: Setting Color Mode = 9 Transform Hint = 1 Success
08-13 16:34:31.827 2197 4440 I chatty : uid=10015(com.google.android.gms) Binder:2197_C expire 3 lines
08-13 16:34:31.992 1549 1549 I WallpaperService: engine paused
08-13 16:34:32.197 2607 2607 W Notification: Use of stream types is deprecated for operations other than volume control
08-13 16:34:32.197 2607 2607 W Notification: See the documentation of setSound() for what to use instead with android.media.AudioAttributes to qualify your playback use case
08-13 16:34:32.224 2607 2607 W tutu.ABenchMark: type=1400 audit(0.0:523): avc: denied { read } for name="stat" dev="proc" ino=4026532079 scontext=u:r:untrusted_app:s0:c512,c768 tcontext=u:object_r:proc_stat:s0 tclass=file permissive=0
08-13 16:34:32.233 2607 2607 W Notification: Use of stream types is deprecated for operations other than volume control
08-13 16:34:32.233 2607 2607 W Notification: See the documentation of setSound() for what to use instead with android.media.AudioAttributes to qualify your playback use case
08-13 16:34:34.043 1108 1238 I ActivityManager: START u0 {act=android.intent.action.MAIN cat=[android.intent.category.HOME] flg=0x10200000 cmp=com.google.android.apps.nexuslauncher/.NexusLauncherActivity (has extras)} from uid 1000
08-13 16:34:34.083 7389 7389 W cr_Autocomplete: stopping autocomplete.
08-13 16:34:34.090 598 598 D SurfaceFlinger: duplicate layer name: changing com.google.android.apps.nexuslauncher/com.google.android.apps.nexuslauncher.NexusLauncherActivity to com.google.android.apps.nexuslauncher/com.google.android.apps.nexuslauncher.NexusLauncherActivity#1
08-13 16:34:34.110 1549 1549 I WallpaperService: engine resumed
08-13 16:34:34.116 744 793 I chatty : uid=1000(system) /vendor/bin/sensors.qcom expire 10 lines
08-13 16:34:34.149 2321 2321 I chatty : uid=10026 com.google.android.googlequicksearchbox:search expire 6 lines
08-13 16:34:34.167 1108 2378 I chatty : uid=1000(system) Binder:1108_E expire 5 lines
08-13 16:34:34.167 2321 8174 I chatty : uid=10026(com.google.android.googlequicksearchbox) UserFacing27 expire 1 line
08-13 16:34:34.170 2321 8181 I chatty : uid=10026(com.google.android.googlequicksearchbox) UserFacing34 expire 1 line
08-13 16:34:34.178 2321 8173 I chatty : uid=10026(com.google.android.googlequicksearchbox) NonUserFacing19 expire 2 lines
08-13 16:34:34.192 2321 2768 I chatty : uid=10026(com.google.android.googlequicksearchbox) HotwordDetector expire 1 line
08-13 16:34:34.198 2321 8179 I chatty : uid=10026(com.google.android.googlequicksearchbox) UserFacing31 expire 2 lines
08-13 16:34:34.201 715 715 W DeviceHAL: Device 0xecb36000 open_input_stream: Invalid argument
08-13 16:34:34.202 2197 8107 I chatty : uid=10015 com.google.android.gms.persistent expire 1 line
08-13 16:34:34.203 804 8284 I AudioFlinger: AudioFlinger's thread 0xeb503f40 tid=8284 ready to run
08-13 16:34:34.213 2081 2096 E ANDR-PERF-RESOURCEQS: Failed to apply optimization [2, 0]
08-13 16:34:34.213 715 8290 D sound_trigger_platform: platform_stdev_check_and_update_concurrency: concurrency active 0, tx 1, rx 0, concurrency session_allowed 0
08-13 16:34:34.213 715 8290 D audio_hw_primary: enable_snd_device: snd_device(75: voice-rec-mic)
08-13 16:34:34.213 715 8290 D audio_route: Apply path: voice-rec-mic
08-13 16:34:34.217 1108 1656 I chatty : uid=1000(system) Binder:1108_6 expire 1 line
08-13 16:34:34.223 715 8290 D ACDB-LOADER: ACDB -> send_audio_cal, acdb_id = 41, path = 1, app id = 0x11132, sample rate = 48000
08-13 16:34:34.223 715 8290 D ACDB-LOADER: ACDB -> ACDB_CMD_GET_AUDPROC_GAIN_DEP_STEP_TABLE, vol index 0
08-13 16:34:34.223 715 8290 D : Failed to fetch the lookup information of the device 00000029
08-13 16:34:34.223 715 8290 E ACDB-LOADER: Error: ACDB AudProc vol returned = -19
08-13 16:34:34.223 715 8290 D ACDB-LOADER: ACDB -> GET_AFE_TOPOLOGY_ID for adcd_id 41, Topology Id 112fb
08-13 16:34:34.223 715 8290 D : Failed to fetch the lookup information of the device 00000029
08-13 16:34:34.223 715 8290 D ACDB-LOADER: Error: ACDB AFE returned = -19
08-13 16:34:34.223 715 8290 D audio_hw_primary: enable_audio_route: usecase(9) apply and update mixer path: audio-record
08-13 16:34:34.223 715 8290 D audio_route: Apply path: audio-record
08-13 16:34:34.236 2321 2331 I chatty : uid=10026(com.google.android.googlequicksearchbox) FinalizerDaemon expire 1 line
08-13 16:34:34.246 2321 8292 I chatty : uid=10026(com.google.android.googlequicksearchbox) NonUserFacing22 expire 1 line
08-13 16:34:34.278 2321 2328 I chatty : uid=10026(com.google.android.googlequicksearchbox) Jit thread pool expire 2 lines
08-13 16:34:34.284 1108 1118 I chatty : uid=1000(system) Binder:1108_1 expire 5 lines
08-13 16:34:34.344 598 598 D SurfaceFlinger: Set active color mode: HAL_COLOR_MODE_SRGB (7), type=0
08-13 16:34:34.345 600 5260 I SDM : HWCDisplay::HandleColorModeTransform: Setting Color Mode = 7 Transform Hint = 1 Success
08-13 16:34:34.407 7389 7415 I cr_BindingManager: onTrimMemory: level=20, size=0
08-13 16:34:34.611 2383 2547 W OpenGLRenderer: Incorrectly called buildLayer on View: ShortcutAndWidgetContainer, destroying layer...
08-13 16:34:34.611 2383 2547 W OpenGLRenderer: Incorrectly called buildLayer on View: ShortcutAndWidgetContainer, destroying layer...
08-13 16:34:37.151 715 715 D audio_hw_primary: disable_audio_route: usecase(1) reset and update mixer path: low-latency-playback speaker
08-13 16:34:37.153 715 715 D audio_hw_primary: disable_snd_device: snd_device(2: speaker)
08-13 16:34:39.245 2321 7359 I chatty : uid=10026(com.google.android.googlequicksearchbox) UserFacing14 expire 1 line
08-13 16:34:39.247 2321 8288 I chatty : uid=10026(com.google.android.googlequicksearchbox) UserFacing37 expire 1 line
08-13 16:34:39.333 2321 8291 I chatty : uid=10026(com.google.android.googlequicksearchbox) NonUserFacing21 expire 1 line
08-13 16:34:39.334 2321 8291 W Search.LoginHelper: [Trace]
08-13 16:34:39.334 2321 8291 W Search.LoginHelper: LoginHelper: get token: 5042+
08-13 16:34:39.334 2321 8291 W Search.LoginHelper: CachingGoogleAuthAdapter: access token cache: 0
08-13 16:34:39.334 2321 8291 W Search.LoginHelper: CachingGoogleAuthAdapter: get token from wrapped adapter: 5042+
08-13 16:34:39.334 2321 8291 W Search.LoginHelper: FallingBackGoogleAuthAdapter: try chosen adapter: 5042+
08-13 16:34:39.334 2321 8291 W Search.LoginHelper: AccountManagerGoogleAuthAdapter: get token: 5042+
08-13 16:34:39.334 2321 8291 E VelvetNetworkClient: Failed to get auth token
08-13 16:34:39.336 2321 8297 W Search.LoginHelper: IO exception for scope: oauth2:https://www.googleapis.com/auth/googlenow
08-13 16:34:39.336 2321 8297 W Search.LoginHelper: java.io.IOException: android.accounts.OperationCanceledException
08-13 16:34:39.336 2321 8297 W Search.LoginHelper: at com.google.android.apps.gsa.search.core.google.gaia.d.b(SourceFile:30)
08-13 16:34:39.336 2321 8297 W Search.LoginHelper: at com.google.android.apps.gsa.search.core.google.gaia.k.b(SourceFile:49)
08-13 16:34:39.336 2321 8297 W Search.LoginHelper: at com.google.android.apps.gsa.search.core.google.gaia.h.a(SourceFile:23)
08-13 16:34:39.336 2321 8297 W Search.LoginHelper: at com.google.android.apps.gsa.search.core.google.gaia.h.b(SourceFile:8)
08-13 16:34:39.336 2321 8297 W Search.LoginHelper: at com.google.android.apps.gsa.search.core.google.gaia.LoginHelper.b(SourceFile:278)
08-13 16:34:39.336 2321 8297 W Search.LoginHelper: at com.google.android.apps.gsa.search.core.google.gaia.y.call(SourceFile:3)
08-13 16:34:39.336 2321 8297 W Search.LoginHelper: at java.util.concurrent.FutureTask.run(FutureTask.java:266)
08-13 16:34:39.336 2321 8297 W Search.LoginHelper: at java.util.concurrent.Executors$RunnableAdapter.call(Executors.java:457)
08-13 16:34:39.336 2321 8297 W Search.LoginHelper: at java.util.concurrent.FutureTask.run(FutureTask.java:266)
08-13 16:34:39.336 2321 8297 W Search.LoginHelper: at com.google.android.apps.gsa.shared.util.concurrent.a.ag.run(Unknown Source:4)
08-13 16:34:39.336 2321 8297 W Search.LoginHelper: at com.google.android.apps.gsa.shared.util.concurrent.a.bo.run(SourceFile:4)
08-13 16:34:39.336 2321 8297 W Search.LoginHelper: at com.google.android.apps.gsa.shared.util.concurrent.a.bo.run(SourceFile:4)
08-13 16:34:39.336 2321 8297 W Search.LoginHelper: at java.util.concurrent.ThreadPoolExecutor.runWorker(ThreadPoolExecutor.java:1162)
08-13 16:34:39.336 2321 8297 W Search.LoginHelper: at java.util.concurrent.ThreadPoolExecutor$Worker.run(ThreadPoolExecutor.java:636)
08-13 16:34:39.336 2321 8297 W Search.LoginHelper: at java.lang.Thread.run(Thread.java:764)
08-13 16:34:39.336 2321 8297 W Search.LoginHelper: at com.google.android.apps.gsa.shared.util.concurrent.a.ak.run(SourceFile:6)
08-13 16:34:39.336 2321 8297 W Search.LoginHelper: Caused by: android.accounts.OperationCanceledException
08-13 16:34:39.336 2321 8297 W Search.LoginHelper: at android.accounts.AccountManager$AmsTask.internalGetResult(AccountManager.java:2298)
08-13 16:34:39.336 2321 8297 W Search.LoginHelper: at android.accounts.AccountManager$AmsTask.getResult(AccountManager.java:2304)
08-13 16:34:39.336 2321 8297 W Search.LoginHelper: at android.accounts.AccountManager$AmsTask.getResult(AccountManager.java:2301)
08-13 16:34:39.336 2321 8297 W Search.LoginHelper: at android.accounts.AccountManager.blockingGetAuthToken(AccountManager.java:1498)
08-13 16:34:39.336 2321 8297 W Search.LoginHelper: at com.google.android.apps.gsa.search.core.google.gaia.d.b(SourceFile:26)
08-13 16:34:39.336 2321 8297 W Search.LoginHelper: ... 15 more
08-13 16:34:39.349 2321 8291 E RequestManagerImpl: Server error
08-13 16:34:39.352 2321 8174 E NowController: Failed to access data from EntryProvider. ExecutionException.
08-13 16:34:39.352 2321 8174 E NowController: java.util.concurrent.ExecutionException: java.lang.RuntimeException: Could not complete scheduled request to refresh entries. ClientErrorCode: 1
08-13 16:34:39.352 2321 8174 E NowController: at com.google.common.util.concurrent.d.da(SourceFile:85)
08-13 16:34:39.352 2321 8174 E NowController: at com.google.common.util.concurrent.d.get(SourceFile:37)
08-13 16:34:39.352 2321 8174 E NowController: at com.google.common.util.concurrent.l.get(SourceFile:2)
08-13 16:34:39.352 2321 8174 E NowController: at com.google.android.apps.gsa.staticplugins.nowstream.b.a.af.aGC(SourceFile:21)
08-13 16:34:39.352 2321 8174 E NowController: at com.google.android.apps.gsa.staticplugins.nowstream.b.a.af.doInBackground(SourceFile:153)
08-13 16:34:39.352 2321 8174 E NowController: at com.google.android.apps.gsa.shared.util.concurrent.d.call(SourceFile:2)
08-13 16:34:39.352 2321 8174 E NowController: at java.util.concurrent.FutureTask.run(FutureTask.java:266)
08-13 16:34:39.352 2321 8174 E NowController: at java.util.concurrent.Executors$RunnableAdapter.call(Executors.java:457)
08-13 16:34:39.352 2321 8174 E NowController: at java.util.concurrent.FutureTask.run(FutureTask.java:266)
08-13 16:34:39.352 2321 8174 E NowController: at com.google.android.apps.gsa.shared.util.concurrent.a.ag.run(Unknown Source:4)
08-13 16:34:39.352 2321 8174 E NowController: at com.google.android.apps.gsa.shared.util.concurrent.a.bo.run(SourceFile:4)
08-13 16:34:39.352 2321 8174 E NowController: at com.google.android.apps.gsa.shared.util.concurrent.a.bo.run(SourceFile:4)
08-13 16:34:39.352 2321 8174 E NowController: at java.util.concurrent.ThreadPoolExecutor.runWorker(ThreadPoolExecutor.java:1162)
08-13 16:34:39.352 2321 8174 E NowController: at java.util.concurrent.ThreadPoolExecutor$Worker.run(ThreadPoolExecutor.java:636)
08-13 16:34:39.352 2321 8174 E NowController: at java.lang.Thread.run(Thread.java:764)
08-13 16:34:39.352 2321 8174 E NowController: at com.google.android.apps.gsa.shared.util.concurrent.a.ak.run(SourceFile:6)
08-13 16:34:39.352 2321 8174 E NowController: Caused by: java.lang.RuntimeException: Could not complete scheduled request to refresh entries. ClientErrorCode: 1
08-13 16:34:39.352 2321 8174 E NowController: at com.google.android.apps.gsa.sidekick.main.i.u.ak(SourceFile:6)
08-13 16:34:39.352 2321 8174 E NowController: at com.google.common.util.concurrent.q.P(SourceFile:7)
08-13 16:34:39.352 2321 8174 E NowController: at com.google.common.util.concurrent.p.run(SourceFile:37)
08-13 16:34:39.352 2321 8174 E NowController: at com.google.common.util.concurrent.br.execute(SourceFile:3)
08-13 16:34:39.352 2321 8174 E NowController: at com.google.common.util.concurrent.d.a(SourceFile:264)
08-13 16:34:39.352 2321 8174 E NowController: at com.google.common.util.concurrent.d.a(SourceFile:220)
08-13 16:34:39.352 2321 8174 E NowController: at com.google.common.util.concurrent.d.set(SourceFile:138)
08-13 16:34:39.352 2321 8174 E NowController: at com.google.common.util.concurrent.SettableFuture.set(SourceFile:2)
08-13 16:34:39.352 2321 8174 E NowController: at com.google.android.apps.gsa.staticplugins.bo.j.h.cx(SourceFile:3)
08-13 16:34:39.352 2321 8174 E NowController: at com.google.android.apps.gsa.staticplugins.bo.j.aw.sX(SourceFile:39)
08-13 16:34:39.352 2321 8174 E NowController: at com.google.android.apps.gsa.staticplugins.bo.j.p.sW(SourceFile:5)
08-13 16:34:39.352 2321 8174 E NowController: at com.google.android.apps.gsa.staticplugins.bo.j.s.a(SourceFile:103)
08-13 16:34:39.352 2321 8174 E NowController: at com.google.android.apps.gsa.staticplugins.bo.j.s.Ma(SourceFile:52)
08-13 16:34:39.352 2321 8174 E NowController: at com.google.android.apps.gsa.staticplugins.bo.j.bc.perform(SourceFile:12)
08-13 16:34:39.352 2321 8174 E NowController: at com.google.android.apps.gsa.tasks.e.QT(SourceFile:23)
08-13 16:34:39.352 2321 8174 E NowController: at com.google.android.apps.gsa.tasks.e.call(SourceFile:60)
08-13 16:34:39.352 2321 8174 E NowController: ... 10 more
08-13 16:34:39.385 1108 2380 I chatty : uid=1000(system) Binder:1108_10 expire 3 lines
08-13 16:34:42.250 2607 2607 W Notification: Use of stream types is deprecated for operations other than volume control
08-13 16:34:42.251 2607 2607 W Notification: See the documentation of setSound() for what to use instead with android.media.AudioAttributes to qualify your playback use case
08-13 16:34:42.294 2607 2607 W tutu.ABenchMark: type=1400 audit(0.0:524): avc: denied { read } for name="stat" dev="proc" ino=4026532079 scontext=u:r:untrusted_app:s0:c512,c768 tcontext=u:object_r:proc_stat:s0 tclass=file permissive=0
08-13 16:34:42.309 2607 2607 W Notification: Use of stream types is deprecated for operations other than volume control
08-13 16:34:42.309 2607 2607 W Notification: See the documentation of setSound() for what to use instead with android.media.AudioAttributes to qualify your playback use case
08-13 16:34:43.334 838 1075 D fpc_fingerprint_hal: nav_loop FPC_NAV_REQUEST_WAIT_IRQ_HIGH
08-13 16:34:44.400 2321 8174 W Search.LoginHelper: TimeoutException while waiting for token.
08-13 16:34:44.400 2321 8174 W Search.LoginHelper: java.util.concurrent.TimeoutException: Waited 5000 milliseconds for com.google.common.util.concurrent.r@823f3df[status=PENDING, info=[inputFuture=[TaskRunnerFutureTask[y[Get token with recovery intent]]], function=[com.google.android.apps.gsa.search.core.google.gaia.x@916f82c]]]
08-13 16:34:44.400 2321 8174 W Search.LoginHelper: at com.google.common.util.concurrent.d.get(SourceFile:57)
08-13 16:34:44.400 2321 8174 W Search.LoginHelper: at com.google.common.util.concurrent.l.get(SourceFile:2)
08-13 16:34:44.400 2321 8174 W Search.LoginHelper: at com.google.android.apps.gsa.search.core.google.gaia.LoginHelper.a(SourceFile:252)
08-13 16:34:44.400 2321 8174 W Search.LoginHelper: at com.google.android.apps.gsa.search.core.google.gaia.LoginHelper.a(SourceFile:215)
08-13 16:34:44.400 2321 8174 W Search.LoginHelper: at com.google.android.apps.gsa.staticplugins.bo.ba.b(SourceFile:159)
08-13 16:34:44.400 2321 8174 W Search.LoginHelper: at com.google.android.apps.gsa.search.core.NowOptInSettings.B(SourceFile:424)
08-13 16:34:44.400 2321 8174 W Search.LoginHelper: at com.google.android.apps.gsa.search.core.bb.run(SourceFile:3)
08-13 16:34:44.400 2321 8174 W Search.LoginHelper: at java.util.concurrent.Executors$RunnableAdapter.call(Executors.java:457)
08-13 16:34:44.400 2321 8174 W Search.LoginHelper: at java.util.concurrent.FutureTask.run(FutureTask.java:266)
08-13 16:34:44.400 2321 8174 W Search.LoginHelper: at java.util.concurrent.Executors$RunnableAdapter.call(Executors.java:457)
08-13 16:34:44.400 2321 8174 W Search.LoginHelper: at java.util.concurrent.FutureTask.run(FutureTask.java:266)
08-13 16:34:44.400 2321 8174 W Search.LoginHelper: at com.google.android.apps.gsa.shared.util.concurrent.a.ag.run(Unknown Source:4)
08-13 16:34:44.400 2321 8174 W Search.LoginHelper: at com.google.android.apps.gsa.shared.util.concurrent.a.bo.run(SourceFile:4)
08-13 16:34:44.400 2321 8174 W Search.LoginHelper: at com.google.android.apps.gsa.shared.util.concurrent.a.bo.run(SourceFile:4)
08-13 16:34:44.400 2321 8174 W Search.LoginHelper: at java.util.concurrent.ThreadPoolExecutor.runWorker(ThreadPoolExecutor.java:1162)
08-13 16:34:44.400 2321 8174 W Search.LoginHelper: at java.util.concurrent.ThreadPoolExecutor$Worker.run(ThreadPoolExecutor.java:636)
08-13 16:34:44.400 2321 8174 W Search.LoginHelper: at java.lang.Thread.run(Thread.java:764)
08-13 16:34:44.400 2321 8174 W Search.LoginHelper: at com.google.android.apps.gsa.shared.util.concurrent.a.ak.run(SourceFile:6)
08-13 16:34:44.402 2321 8174 W Search.LoginHelper: [Trace]
08-13 16:34:44.402 2321 8174 W Search.LoginHelper: LoginHelper: get token: 5003+
08-13 16:34:44.402 2321 8174 W Search.LoginHelper: CachingGoogleAuthAdapter: access token cache: 0
08-13 16:34:44.402 2321 8174 W Search.LoginHelper: CachingGoogleAuthAdapter: get token from wrapped adapter: 5002+
08-13 16:34:44.402 2321 8174 W Search.LoginHelper: FallingBackGoogleAuthAdapter: try chosen adapter: 5002+
08-13 16:34:44.402 2321 8174 W Search.LoginHelper: AccountManagerGoogleAuthAdapter: get token: 5002+
08-13 16:34:44.403 2321 8174 E VelvetNetworkClient: Failed to get auth token
08-13 16:34:44.404 2321 8178 W Search.LoginHelper: IO exception for scope: oauth2:https://www.googleapis.com/auth/googlenow
08-13 16:34:44.404 2321 8178 W Search.LoginHelper: java.io.IOException: android.accounts.OperationCanceledException
08-13 16:34:44.404 2321 8178 W Search.LoginHelper: at com.google.android.apps.gsa.search.core.google.gaia.d.b(SourceFile:30)
08-13 16:34:44.404 2321 8178 W Search.LoginHelper: at com.google.android.apps.gsa.search.core.google.gaia.k.b(SourceFile:49)
08-13 16:34:44.404 2321 8178 W Search.LoginHelper: at com.google.android.apps.gsa.search.core.google.gaia.h.a(SourceFile:23)
08-13 16:34:44.404 2321 8178 W Search.LoginHelper: at com.google.android.apps.gsa.search.core.google.gaia.h.b(SourceFile:8)
08-13 16:34:44.404 2321 8178 W Search.LoginHelper: at com.google.android.apps.gsa.search.core.google.gaia.LoginHelper.b(SourceFile:278)
08-13 16:34:44.404 2321 8178 W Search.LoginHelper: at com.google.android.apps.gsa.search.core.google.gaia.y.call(SourceFile:3)
08-13 16:34:44.404 2321 8178 W Search.LoginHelper: at java.util.concurrent.FutureTask.run(FutureTask.java:266)
08-13 16:34:44.404 2321 8178 W Search.LoginHelper: at java.util.concurrent.Executors$RunnableAdapter.call(Executors.java:457)
08-13 16:34:44.404 2321 8178 W Search.LoginHelper: at java.util.concurrent.FutureTask.run(FutureTask.java:266)
08-13 16:34:44.404 2321 8178 W Search.LoginHelper: at com.google.android.apps.gsa.shared.util.concurrent.a.ag.run(Unknown Source:4)
08-13 16:34:44.404 2321 8178 W Search.LoginHelper: at com.google.android.apps.gsa.shared.util.concurrent.a.bo.run(SourceFile:4)
08-13 16:34:44.404 2321 8178 W Search.LoginHelper: at com.google.android.apps.gsa.shared.util.concurrent.a.bo.run(SourceFile:4)
08-13 16:34:44.404 2321 8178 W Search.LoginHelper: at java.util.concurrent.ThreadPoolExecutor.runWorker(ThreadPoolExecutor.java:1162)
08-13 16:34:44.404 2321 8178 W Search.LoginHelper: at java.util.concurrent.ThreadPoolExecutor$Worker.run(ThreadPoolExecutor.java:636)
08-13 16:34:44.404 2321 8178 W Search.LoginHelper: at java.lang.Thread.run(Thread.java:764)
08-13 16:34:44.404 2321 8178 W Search.LoginHelper: at com.google.android.apps.gsa.shared.util.concurrent.a.ak.run(SourceFile:6)
08-13 16:34:44.404 2321 8178 W Search.LoginHelper: Caused by: android.accounts.OperationCanceledException
08-13 16:34:44.404 2321 8178 W Search.LoginHelper: at android.accounts.AccountManager$AmsTask.internalGetResult(AccountManager.java:2298)
08-13 16:34:44.404 2321 8178 W Search.LoginHelper: at android.accounts.AccountManager$AmsTask.getResult(AccountManager.java:2304)
08-13 16:34:44.404 2321 8178 W Search.LoginHelper: at android.accounts.AccountManager$AmsTask.getResult(AccountManager.java:2301)
08-13 16:34:44.404 2321 8178 W Search.LoginHelper: at android.accounts.AccountManager.blockingGetAuthToken(AccountManager.java:1498)
08-13 16:34:44.404 2321 8178 W Search.LoginHelper: at com.google.android.apps.gsa.search.core.google.gaia.d.b(SourceFile:26)
08-13 16:34:44.404 2321 8178 W Search.LoginHelper: ... 15 more
08-13 16:34:49.862 2197 3180 I chatty : uid=10015(com.google.android.gms) Thread-10 expire 3 lines
08-13 16:34:50.681 2279 2781 D com.xiaomi.mipushsdk: [Thread:152] JOB: Handle intent action = com.xiaomi.push.timer
08-13 16:34:50.682 2279 2781 D com.xiaomi.mipushsdk: [Thread:152] Service called on timer
08-13 16:34:50.699 2279 2781 D com.xiaomi.mipushsdk: [Thread:152] [Slim] SND ping id=0
08-13 16:34:50.764 2279 3275 D com.xiaomi.mipushsdk: [Thread:162] [Slim] RCV ping id=0
08-13 16:34:51.173 2279 4511 W Settings: Setting auto_time has moved from android.provider.Settings.System to android.provider.Settings.Global, returning read-only value.
08-13 16:34:51.307 2279 8308 W Settings: Setting auto_time has moved from android.provider.Settings.System to android.provider.Settings.Global, returning read-only value.
08-13 16:34:51.310 2279 8308 I chatty : uid=10125 com.antutu.ABenchMark:push identical 29 lines
08-13 16:34:51.310 2279 8308 W Settings: Setting auto_time has moved from android.provider.Settings.System to android.provider.Settings.Global, returning read-only value.
08-13 16:34:51.739 1637 1637 E QtiImsExtUtils: getConfigForPhoneId phoneId is invalid
08-13 16:34:51.739 1637 1637 E QtiImsExtUtils: isCarrierConfigEnabled bundle is null
08-13 16:34:51.758 2607 2607 W Notification: Use of stream types is deprecated for operations other than volume control
08-13 16:34:51.758 2607 2607 W Notification: See the documentation of setSound() for what to use instead with android.media.AudioAttributes to qualify your playback use case
08-13 16:34:52.007 1108 1150 I chatty : uid=1000(system) batterystats-wo expire 12 lines
08-13 16:34:52.011 1108 1108 I EntropyMixer: Writing entropy...
08-13 16:34:52.015 1443 1443 I Elmyra/ElmyraService: Gated by ChargingState
08-13 16:34:52.018 2197 2197 I chatty : uid=10015 com.google.android.gms.persistent expire 1 line
08-13 16:34:52.023 744 793 I chatty : uid=1000(system) /vendor/bin/sensors.qcom expire 10 lines
08-13 16:34:52.025 1637 1637 E QtiImsExtUtils: getConfigForPhoneId phoneId is invalid
08-13 16:34:52.025 1637 1637 E QtiImsExtUtils: isCarrierConfigEnabled bundle is null
08-13 16:34:52.025 1108 1143 W BroadcastQueue: Background execution not allowed: receiving Intent { act=android.intent.action.ACTION_POWER_CONNECTED flg=0x4000010 (has extras) } to com.antutu.ABenchMark/com.antutu.benchmark.receiver.KeepAliveReceiver
08-13 16:34:52.026 1108 1143 W BroadcastQueue: Background execution not allowed: receiving Intent { act=android.intent.action.ACTION_POWER_CONNECTED flg=0x4000010 (has extras) } to com.google.android.apps.photos/.scheduler.PowerReceiver
08-13 16:34:52.032 1108 1150 E BatteryExternalStatsWorker: no controller energy info supplied for bluetooth
08-13 16:34:52.032 2607 2607 W Notification: Use of stream types is deprecated for operations other than volume control
08-13 16:34:52.032 2607 2607 W Notification: See the documentation of setSound() for what to use instead with android.media.AudioAttributes to qualify your playback use case
08-13 16:34:52.038 2569 2569 I chatty : uid=10015(com.google.android.gms) expire 1 line
08-13 16:34:52.041 2569 4449 I chatty : uid=10015(com.google.android.gms) iu-sync-manager expire 3 lines
08-13 16:34:52.047 2607 2607 W Notification: Use of stream types is deprecated for operations other than volume control
08-13 16:34:52.047 2607 2607 W Notification: See the documentation of setSound() for what to use instead with android.media.AudioAttributes to qualify your playback use case
08-13 16:34:52.048 2197 3964 I chatty : uid=10015(com.google.android.gms) Binder:2197_8 expire 1 line
08-13 16:34:52.048 2197 8223 I GCoreUlr: DispatchingService.updateActiveState+PowerModeReceiver: Ensuring that reporting is active for [account#15#]
08-13 16:34:52.049 3562 8320 E turbo_BatteryLogger: could not get google accounts, e
08-13 16:34:52.050 2197 8223 I GCoreUlr: Place inference reporting - stop
08-13 16:34:52.050 2197 8322 I GCoreUlr: Unregistering for aliased place alerts.
