08-13 16:35:19.583 5311 8190 E YouTube : at com.google.android.gms.org.conscrypt.NativeCrypto.SSL_do_handshake(Native Method)
08-13 16:35:19.583 5311 8190 E YouTube : at com.google.android.gms.org.conscrypt.OpenSSLSocketImpl.startHandshake(:com.google.android.gms@11580948:24)
08-13 16:35:19.583 5311 8190 E YouTube : at pde.startHandshake(SourceFile:24)
08-13 16:35:19.583 5311 8190 E YouTube : at arv.createSocket(SourceFile:40)
08-13 16:35:19.583 5311 8190 E YouTube : at org.apache.http.impl.conn.DefaultClientConnectionOperator.openConnection(DefaultClientConnectionOperator.java:170)
08-13 16:35:19.583 5311 8190 E YouTube : at org.apache.http.impl.conn.AbstractPoolEntry.open(AbstractPoolEntry.java:169)
08-13 16:35:19.583 5311 8190 E YouTube : at org.apache.http.impl.conn.AbstractPooledConnAdapter.open(AbstractPooledConnAdapter.java:124)
08-13 16:35:19.583 5311 8190 E YouTube : at org.apache.http.impl.client.DefaultRequestDirector.execute(DefaultRequestDirector.java:366)
08-13 16:35:19.583 5311 8190 E YouTube : at org.apache.http.impl.client.AbstractHttpClient.execute(AbstractHttpClient.java:560)
08-13 16:35:19.583 5311 8190 E YouTube : at org.apache.http.impl.client.AbstractHttpClient.execute(AbstractHttpClient.java:492)
08-13 16:35:19.583 5311 8190 E YouTube : at org.apache.http.impl.client.AbstractHttpClient.execute(AbstractHttpClient.java:470)
08-13 16:35:19.583 5311 8190 E YouTube : at pcn.a(SourceFile:4)
08-13 16:35:19.583 5311 8190 E YouTube : at pdf.a(SourceFile:11)
08-13 16:35:19.583 5311 8190 E YouTube : at pcu.a(SourceFile:7)
08-13 16:35:19.583 5311 8190 E YouTube : at pga.a(SourceFile:63)
08-13 16:35:19.583 5311 8190 E YouTube : at ath.a(SourceFile:21)
08-13 16:35:19.583 5311 8190 E YouTube : ... 5 more
08-13 16:35:19.679 1108 2378 I ActivityManager: Start proc 8425:com.google.android.gms.learning/u0a15 for service com.google.android.gms/.learning.training.background.TrainingGcmTaskService
08-13 16:35:19.717 8425 8425 I zygote64: The ClassLoaderContext is a special shared library.
08-13 16:35:19.719 8425 8425 I chatty : uid=10015 com.google.android.gms.learning identical 1 line
08-13 16:35:19.722 8425 8425 I zygote64: The ClassLoaderContext is a special shared library.
08-13 16:35:19.735 8425 8425 I LoadedApk: No resource references to update in package FFFFFFFFFFFFFFFFFFFFFF
08-13 16:35:19.755 8425 8425 V NativeCrypto: Registering com/google/android/gms/org/conscrypt/NativeCrypto's 259 native methods...
08-13 16:35:19.762 8425 8425 D NetworkSecurityConfig: No Network Security Config specified, using platform default
08-13 16:35:19.762 8425 8425 I ProviderInstaller: Installed default security provider GmsCore_OpenSSL
08-13 16:35:19.842 8425 8425 I brella.LearningContext: Creating new LearningContext
08-13 16:35:19.851 8425 8425 I DynamiteModule: Considering local module com.google.android.gms.brella_dynamite:0 and remote module com.google.android.gms.brella_dynamite:15
08-13 16:35:19.851 8425 8425 I DynamiteModule: Selected remote version of com.google.android.gms.brella_dynamite, version >= 15
08-13 16:35:19.858 8425 8425 W zygote64: Unsupported class loader
08-13 16:35:19.859 8425 8425 W zygote64: Skipping duplicate class check due to unsupported classloader
08-13 16:35:19.867 8425 8425 I brella.ModuleInit: located Brella library via dynamite module at /data/user_de/0/com.google.android.gms/app_chimera/m/00000002/n/arm64-v8a/libBrella.so
08-13 16:35:19.868 8425 8442 I NativeLibraryUtils: Extraction to /data/user_de/0/com.google.android.gms/app_extracted_libs/arm64-v8a/libAppDataSearch.so false
08-13 16:35:19.885 8425 8442 I NativeLibraryUtils: Extraction to /data/user_de/0/com.google.android.gms/app_extracted_libs/arm64-v8a/libWhisper.so false
08-13 16:35:19.891 8425 8442 I NativeLibraryUtils: Extraction to /data/user_de/0/com.google.android.gms/app_extracted_libs/arm64-v8a/libconscrypt_gmscore_jni.so false
08-13 16:35:19.898 8425 8442 I NativeLibraryUtils: Extraction to /data/user_de/0/com.google.android.gms/app_extracted_libs/arm64-v8a/libgcastv2_base.so false
08-13 16:35:19.901 8425 8449 I brella.TrainingTaskService: Training activated
08-13 16:35:19.905 8425 8442 I NativeLibraryUtils: Extraction to /data/user_de/0/com.google.android.gms/app_extracted_libs/arm64-v8a/libgcastv2_support.so false
08-13 16:35:19.916 8425 8449 I brella.ClearcutLogManager: Sending clearcut diagnosis: BACKGROUND_TRAINING_STARTED
08-13 16:35:19.924 8425 8442 I NativeLibraryUtils: Extraction to /data/user_de/0/com.google.android.gms/app_extracted_libs/arm64-v8a/libgmscore.so false
08-13 16:35:19.930 8425 8449 I brella.InternalServiceClient: attempt to bind Intent { act=com.google.android.gms.learning.intservice.START pkg=com.google.android.gms }
08-13 16:35:19.933 8425 8442 I NativeLibraryUtils: Extraction to /data/user_de/0/com.google.android.gms/app_extracted_libs/arm64-v8a/libgoogle-ocrclient-v3.so false
08-13 16:35:19.937 8425 8449 I brella.InternalServiceClient: Waiting for connection to internal service
08-13 16:35:19.938 2569 2569 I brella.InternalService: onCreate
08-13 16:35:19.938 2569 2569 I brella.LearningContext: Creating new LearningContext
08-13 16:35:19.940 8425 8442 I NativeLibraryUtils: Extraction to /data/user_de/0/com.google.android.gms/app_extracted_libs/arm64-v8a/libjgcastservice.so false
08-13 16:35:19.951 8425 8442 I NativeLibraryUtils: Extraction to /data/user_de/0/com.google.android.gms/app_extracted_libs/arm64-v8a/libleveldbjni.so false
08-13 16:35:19.959 8425 8442 I NativeLibraryUtils: Extraction to /data/user_de/0/com.google.android.gms/app_extracted_libs/arm64-v8a/libsslwrapper_jni.so false
08-13 16:35:19.965 8425 8425 I brella.InternalServiceClient: Connection to internal service established
08-13 16:35:19.968 8425 8442 I NativeLibraryUtils: Extraction to /data/user_de/0/com.google.android.gms/app_extracted_libs/arm64-v8a/libvcdiffjni.so false
08-13 16:35:19.975 8425 8442 I NativeLibraryUtils: Extraction to /data/user_de/0/com.google.android.gms/app_extracted_libs/arm64-v8a/libwearable-selector.so false
08-13 16:35:19.981 8425 8442 I NativeLibraryUtils: Extraction to /data/user_de/0/com.google.android.gms/app_extracted_libs/armeabi-v7a/libconscrypt_gmscore_jni.so false
08-13 16:35:19.989 2569 2750 I brella.ClearcutLogManager: Sending clearcut diagnosis: EXAMPLE_STORE_LEVELDB_DATA_REMOVAL
08-13 16:35:19.992 2569 2750 I brella.TrainingScheduler: Scheduling periodic task (period=900, flex=600)
08-13 16:35:19.993 8425 8442 I NativeLibraryUtils: Extraction to /data/user_de/0/com.google.android.gms/app_extracted_libs/armeabi-v7a/libgmscore.so false
08-13 16:35:20.000 2197 2205 E DataBuffer: Internal data leak within a DataBuffer object detected! Be sure to explicitly call release() on all DataBuffer extending objects when you are done with them. (internal object: com.google.android.gms.common.data.DataHolder@4539727)
08-13 16:35:20.000 2197 2205 E DataBuffer: Internal data leak within a DataBuffer object detected! Be sure to explicitly call release() on all DataBuffer extending objects when you are done with them. (internal object: com.google.android.gms.common.data.DataHolder@ecf6dd4)
08-13 16:35:20.001 2197 2205 E DataBuffer: Internal data leak within a DataBuffer object detected! Be sure to explicitly call release() on all DataBuffer extending objects when you are done with them. (internal object: com.google.android.gms.common.data.DataHolder@7c08b7d)
08-13 16:35:20.001 8425 8449 I brella.BackgroundTrainingRunner: No training task to run
08-13 16:35:20.001 2197 2205 E DataBuffer: Internal data leak within a DataBuffer object detected! Be sure to explicitly call release() on all DataBuffer extending objects when you are done with them. (internal object: com.google.android.gms.common.data.DataHolder@729aa72)
08-13 16:35:20.001 2197 2205 E DataBuffer: Internal data leak within a DataBuffer object detected! Be sure to explicitly call release() on all DataBuffer extending objects when you are done with them. (internal object: com.google.android.gms.common.data.DataHolder@4d87ec3)
08-13 16:35:20.006 8425 8449 I brella.ClearcutLogManager: Sending clearcut diagnosis: BACKGROUND_TRAINING_ENDED
08-13 16:35:20.008 2569 2569 I brella.InternalService: onDestroy
08-13 16:35:20.009 2569 2569 I brella.ClearcutLogManager: Sending clearcut event: # atih@63a737a7
08-13 16:35:20.011 2197 2210 E NetworkScheduler.ATC: Received callback from client for task that is already complete. ComponentInfo{com.google.android.gms/com.google.android.gms.learning.training.background.TrainingGcmTaskService} com.google.android.gms.learning.BACKGROUND_TRAINING_TASK
08-13 16:35:20.016 8425 8425 I brella.ClearcutLogManager: Sending clearcut event: # atih@62cd6f96
08-13 16:35:20.853 2197 4395 W Conscrypt: Could not set socket write timeout:
08-13 16:35:20.854 2197 4395 W Conscrypt: java.lang.reflect.Method.invoke(Native Method)
08-13 16:35:20.854 2197 4395 W Conscrypt: com.google.android.gms.org.conscrypt.Platform.setSocketWriteTimeout(:com.google.android.gms@11580948:13)
08-13 16:35:21.106 2197 2924 W Conscrypt: Could not set socket write timeout:
08-13 16:35:21.107 2197 2924 W Conscrypt: java.lang.reflect.Method.invoke(Native Method)
08-13 16:35:21.107 2197 2924 W Conscrypt: com.google.android.gms.org.conscrypt.Platform.setSocketWriteTimeout(:com.google.android.gms@11580948:13)
08-13 16:35:22.196 2569 8305 W InstanceID/Rpc: No response android.os.ConditionVariable@b3f1686
08-13 16:35:22.197 2569 8305 E constellation: [event_manager] Couldn't get GCM token
08-13 16:35:22.197 2569 8305 E constellation: java.io.IOException: TIMEOUT
08-13 16:35:22.197 2569 8305 E constellation: at vab.b(:com.google.android.gms@11580948:42)
08-13 16:35:22.197 2569 8305 E constellation: at vab.a(:com.google.android.gms@11580948:47)
08-13 16:35:22.197 2569 8305 E constellation: at uzy.b(:com.google.android.gms@11580948:11)
08-13 16:35:22.197 2569 8305 E constellation: at uzy.a(:com.google.android.gms@11580948:29)
08-13 16:35:22.197 2569 8305 E constellation: at com.google.android.gms.constellation.EventManager.onCreate(:com.google.android.gms@11580948:6)
08-13 16:35:22.197 2569 8305 E constellation: at com.google.android.chimera.IntentOperation.init(Unknown Source:3)
08-13 16:35:22.197 2569 8305 E constellation: at bwc.a(:com.google.android.gms@11580948:23)
08-13 16:35:22.197 2569 8305 E constellation: at kep.a(:com.google.android.gms@11580948:4)
08-13 16:35:22.197 2569 8305 E constellation: at bwj.a(:com.google.android.gms@11580948:20)
08-13 16:35:22.197 2569 8305 E constellation: at bwk.run(:com.google.android.gms@11580948:69)
08-13 16:35:22.197 2569 8305 E constellation: at java.util.concurrent.ThreadPoolExecutor.runWorker(ThreadPoolExecutor.java:1162)
08-13 16:35:22.197 2569 8305 E constellation: at java.util.concurrent.ThreadPoolExecutor$Worker.run(ThreadPoolExecutor.java:636)
08-13 16:35:22.197 2569 8305 E constellation: at java.lang.Thread.run(Thread.java:764)
08-13 16:35:22.198 2569 8306 W constellation: [event_manager] Event manager is not initialized
08-13 16:35:22.206 2569 8306 I SystemUpdate: [Execution,InstallationEventIntentOperation] Received intent with event 109.
08-13 16:35:22.216 2569 8306 I SystemUpdate: [Execution,InstallationEventIntentOperation] Received intent with event 109.
08-13 16:35:22.217 2569 8463 I SystemUpdate: [Execution,InstallationIntentOperation] Received intent: Intent { act=com.google.android.gms.update.INSTALL_UPDATE cat=[targeted_intent_op_prefix:.update.execution.InstallationIntentOperation] cmp=com.google.android.gms/.chimera.GmsIntentOperationService }.
08-13 16:35:22.255 2569 2569 I SystemUpdate: [Control,BatteryControl] Received intent: Intent { act=android.intent.action.BATTERY_CHANGED flg=0x60000010 (has extras) }.
08-13 16:35:22.258 2569 2569 W Notification: Use of stream types is deprecated for operations other than volume control
08-13 16:35:22.258 2569 2569 W Notification: See the documentation of setSound() for what to use instead with android.media.AudioAttributes to qualify your playback use case
08-13 16:35:22.261 2569 8463 I SystemUpdate: [Control,ChimeraGcmTaskService] Scheduling WiFi connected task.
08-13 16:35:22.264 2569 2569 I SystemUpdate: [Control,NetworkControl] Received intent: Intent { act=android.net.wifi.supplicant.STATE_CHANGE flg=0x24000010 (has extras) }.
08-13 16:35:22.264 2569 8306 I SystemUpdate: [Execution,InstallationEventIntentOperation] Received intent with event 4.
08-13 16:35:22.268 2569 2569 W Notification: Use of stream types is deprecated for operations other than volume control
08-13 16:35:22.269 2569 2569 W Notification: See the documentation of setSound() for what to use instead with android.media.AudioAttributes to qualify your playback use case
08-13 16:35:22.270 2569 8463 I SystemUpdate: [Control,ChimeraGcmTaskService] Scheduling device charging task.
08-13 16:35:22.272 2569 8306 I SystemUpdate: [Execution,InstallationEventIntentOperation] Received intent with event 3.
08-13 16:35:22.274 2569 2569 W .INSTALL_UPDATE: type=1400 audit(0.0:530): avc: denied { read } for name="u:object_r:firstboot_prop:s0" dev="tmpfs" ino=16433 scontext=u:r:priv_app:s0:c512,c768 tcontext=u:object_r:firstboot_prop:s0 tclass=file permissive=0
08-13 16:35:22.275 2569 8463 I SystemUpdate: [Execution,ExecutionManager] Action streaming-download executed for 0.05 seconds.
08-13 16:35:22.280 2569 8463 E libc : Access denied finding property "ro.runtime.firstboot"
08-13 16:35:22.286 2569 8463 I SystemUpdate: [Execution,ExecutionManager] Action fixed-delay-execution executed for 0.01 seconds.
08-13 16:35:22.293 2569 8306 I SystemUpdate: [Execution,InstallationIntentOperation] Received intent: Intent { act=com.google.android.gms.update.INSTALL_UPDATE cat=[targeted_intent_op_prefix:.update.execution.InstallationIntentOperation] cmp=com.google.android.gms/.chimera.GmsIntentOperationService }.
08-13 16:35:22.305 2569 2569 I SystemUpdate: [Control,BatteryControl] Received intent: Intent { act=android.intent.action.BATTERY_CHANGED flg=0x60000010 (has extras) }.
08-13 16:35:22.308 2569 2569 W Notification: Use of stream types is deprecated for operations other than volume control
08-13 16:35:22.308 2569 2569 W Notification: See the documentation of setSound() for what to use instead with android.media.AudioAttributes to qualify your playback use case
08-13 16:35:22.310 2569 8306 I SystemUpdate: [Control,ChimeraGcmTaskService] Scheduling WiFi connected task.
08-13 16:35:22.311 2569 2569 I SystemUpdate: [Control,NetworkControl] Received intent: Intent { act=android.net.wifi.supplicant.STATE_CHANGE flg=0x24000010 (has extras) }.
08-13 16:35:22.311 2569 8463 I SystemUpdate: [Execution,InstallationEventIntentOperation] Received intent with event 4.
08-13 16:35:22.313 2569 2569 W Notification: Use of stream types is deprecated for operations other than volume control
08-13 16:35:22.313 2569 2569 W Notification: See the documentation of setSound() for what to use instead with android.media.AudioAttributes to qualify your playback use case
08-13 16:35:22.316 2569 8463 I SystemUpdate: [Execution,InstallationEventIntentOperation] Received intent with event 3.
08-13 16:35:22.317 2569 8306 I SystemUpdate: [Control,ChimeraGcmTaskService] Scheduling device charging task.
08-13 16:35:22.319 2569 8306 I SystemUpdate: [Execution,ExecutionManager] Action streaming-download executed for 0.03 seconds.
08-13 16:35:22.321 2569 2569 W .INSTALL_UPDATE: type=1400 audit(0.0:531): avc: denied { read } for name="u:object_r:firstboot_prop:s0" dev="tmpfs" ino=16433 scontext=u:r:priv_app:s0:c512,c768 tcontext=u:object_r:firstboot_prop:s0 tclass=file permissive=0
08-13 16:35:22.324 2569 8306 E libc : Access denied finding property "ro.runtime.firstboot"
08-13 16:35:22.328 2569 8306 I SystemUpdate: [Execution,ExecutionManager] Action fixed-delay-execution executed for 0.01 seconds.
08-13 16:35:22.423 2607 2607 W Notification: Use of stream types is deprecated for operations other than volume control
08-13 16:35:22.424 2607 2607 W Notification: See the documentation of setSound() for what to use instead with android.media.AudioAttributes to qualify your playback use case
08-13 16:35:22.447 2607 2607 W tutu.ABenchMark: type=1400 audit(0.0:532): avc: denied { read } for name="stat" dev="proc" ino=4026532079 scontext=u:r:untrusted_app:s0:c512,c768 tcontext=u:object_r:proc_stat:s0 tclass=file permissive=0
08-13 16:35:22.455 2607 2607 W Notification: Use of stream types is deprecated for operations other than volume control
08-13 16:35:22.455 2607 2607 W Notification: See the documentation of setSound() for what to use instead with android.media.AudioAttributes to qualify your playback use case
08-13 16:35:23.643 1443 1443 D StatusBar: disable
08-13 16:35:23.704 1443 1443 D StatusBar: disable
08-13 16:35:24.727 8425 8439 I zygote64: Waiting for a blocking GC ProfileSaver
08-13 16:35:24.929 744 793 I chatty : uid=1000(system) /vendor/bin/sensors.qcom expire 18 lines
08-13 16:35:25.572 1443 1443 I Elmyra/ElmyraService: Gated by ChargingState
08-13 16:35:25.577 1637 1637 E QtiImsExtUtils: getConfigForPhoneId phoneId is invalid
08-13 16:35:25.578 1637 1637 E QtiImsExtUtils: isCarrierConfigEnabled bundle is null
08-13 16:35:25.579 1108 1143 W BroadcastQueue: Background execution not allowed: receiving Intent { act=android.intent.action.ACTION_POWER_DISCONNECTED flg=0x4000010 (has extras) } to com.antutu.ABenchMark/com.antutu.benchmark.receiver.KeepAliveReceiver
08-13 16:35:25.593 2197 2197 I GCoreUlr: Starting service, intent=Intent { act=com.google.android.location.reporting.ACTION_UPDATE_ACTIVE_STATE cmp=com.google.android.gms/com.google.android.location.reporting.service.DispatchingService (has extras) }, extras=Bundle[{source=PowerModeReceiver}]
08-13 16:35:25.593 1108 1143 W BroadcastQueue: Background execution not allowed: receiving Intent { act=android.intent.action.ACTION_POWER_DISCONNECTED flg=0x4000010 (has extras) } to com.google.android.apps.photos/.scheduler.PowerReceiver
08-13 16:35:25.597 2569 2569 I iu.Environment: update battery state; isPlugged? false*
08-13 16:35:25.599 2569 4449 I iu.UploadsManager: num queued entries: 0
08-13 16:35:25.600 2569 4449 I iu.UploadsManager: num updated entries: 0
08-13 16:35:25.601 1108 1150 E BatteryExternalStatsWorker: no controller energy info supplied for bluetooth
08-13 16:35:25.605 2569 4449 I iu.SyncManager: NEXT; no task
08-13 16:35:25.606 2197 8370 I GCoreUlr: DispatchingService.updateActiveState+PowerModeReceiver: Ensuring that reporting is active for [account#15#]
08-13 16:35:25.608 2197 8370 I GCoreUlr: Place inference reporting - stop
08-13 16:35:25.608 2607 2607 W Notification: Use of stream types is deprecated for operations other than volume control
08-13 16:35:25.608 2607 2607 W Notification: See the documentation of setSound() for what to use instead with android.media.AudioAttributes to qualify your playback use case
08-13 16:35:25.611 2197 8464 I GCoreUlr: Unregistering for aliased place alerts.
08-13 16:35:25.618 2607 2607 W Notification: Use of stream types is deprecated for operations other than volume control
08-13 16:35:25.618 2607 2607 W Notification: See the documentation of setSound() for what to use instead with android.media.AudioAttributes to qualify your playback use case
08-13 16:35:25.620 1108 2378 W BroadcastQueue: Background execution not allowed: receiving Intent { act=android.intent.action.ACTION_POWER_DISCONNECTED flg=0x4000010 (has extras) } to com.antutu.ABenchMark/com.igexin.sdk.PushReceiver
08-13 16:35:25.644 2197 2925 E DatabaseUtils: Writing exception to parcel
08-13 16:35:25.644 2197 2925 E DatabaseUtils: java.lang.SecurityException: Caller isn't signed with recognized keys!
08-13 16:35:25.644 2197 2925 E DatabaseUtils: at com.google.android.gms.auth.account.be.legacy.AccountChimeraContentProvider.call(:com.google.android.gms@11580948:2)
08-13 16:35:25.644 2197 2925 E DatabaseUtils: at bve.call(:com.google.android.gms@11580948:1)
08-13 16:35:25.644 2197 2925 E DatabaseUtils: at android.content.ContentProvider$Transport.call(ContentProvider.java:401)
08-13 16:35:25.644 2197 2925 E DatabaseUtils: at android.content.ContentProviderNative.onTransact(ContentProviderNative.java:272)
08-13 16:35:25.644 2197 2925 E DatabaseUtils: at android.os.Binder.execTransact(Binder.java:697)
08-13 16:35:25.645 3562 8468 E turbo_BatteryLogger: could not get google accounts, e
08-13 16:35:26.072 1443 1443 I Elmyra/ElmyraService: Unblocked; current action: SetupWizardAction
08-13 16:35:27.549 1637 1637 E QtiImsExtUtils: getConfigForPhoneId phoneId is invalid
08-13 16:35:27.550 1637 1637 E QtiImsExtUtils: isCarrierConfigEnabled bundle is null
08-13 16:35:27.577 2607 2607 W Notification: Use of stream types is deprecated for operations other than volume control
08-13 16:35:27.578 2607 2607 W Notification: See the documentation of setSound() for what to use instead with android.media.AudioAttributes to qualify your playback use case
08-13 16:35:27.819 1108 1150 I chatty : uid=1000(system) batterystats-wo expire 4 lines
08-13 16:35:27.826 1108 1108 I EntropyMixer: Writing entropy...
08-13 16:35:27.827 1443 1443 I Elmyra/ElmyraService: Gated by ChargingState
08-13 16:35:27.833 2197 2197 I GCoreUlr: Starting service, intent=Intent { act=com.google.android.location.reporting.ACTION_UPDATE_ACTIVE_STATE cmp=com.google.android.gms/com.google.android.location.reporting.service.DispatchingService (has extras) }, extras=Bundle[{source=PowerModeReceiver}]
08-13 16:35:27.835 1637 1637 E QtiImsExtUtils: getConfigForPhoneId phoneId is invalid
08-13 16:35:27.835 1637 1637 E QtiImsExtUtils: isCarrierConfigEnabled bundle is null
08-13 16:35:27.837 1108 1143 W BroadcastQueue: Background execution not allowed: receiving Intent { act=android.intent.action.ACTION_POWER_CONNECTED flg=0x4000010 (has extras) } to com.antutu.ABenchMark/com.antutu.benchmark.receiver.KeepAliveReceiver
08-13 16:35:27.838 1108 1143 W BroadcastQueue: Background execution not allowed: receiving Intent { act=android.intent.action.ACTION_POWER_CONNECTED flg=0x4000010 (has extras) } to com.google.android.apps.photos/.scheduler.PowerReceiver
08-13 16:35:27.846 2569 2569 I iu.Environment: update battery state; isPlugged? true*
08-13 16:35:27.847 1108 1150 E BatteryExternalStatsWorker: no controller energy info supplied for bluetooth
08-13 16:35:27.849 2569 4449 I iu.UploadsManager: num queued entries: 0
08-13 16:35:27.849 2569 4449 I iu.UploadsManager: num updated entries: 0
08-13 16:35:27.850 2569 4449 I iu.SyncManager: NEXT; no task
08-13 16:35:27.851 2607 2607 W Notification: Use of stream types is deprecated for operations other than volume control
08-13 16:35:27.851 2607 2607 W Notification: See the documentation of setSound() for what to use instead with android.media.AudioAttributes to qualify your playback use case
08-13 16:35:27.853 2197 8464 I GCoreUlr: DispatchingService.updateActiveState+PowerModeReceiver: Ensuring that reporting is active for [account#15#]
08-13 16:35:27.867 730 730 I chatty : uid=1000(system) power@1.1-servi expire 6 lines
08-13 16:35:27.872 2569 8486 I iu.FingerprintManager: Start processing all media
08-13 16:35:27.872 2569 8486 I iu.FingerprintManager: Start processing media store URI: content://media/external/images/media
08-13 16:35:27.873 2607 2607 W Notification: Use of stream types is deprecated for operations other than volume control
08-13 16:35:27.873 2607 2607 W Notification: See the documentation of setSound() for what to use instead with android.media.AudioAttributes to qualify your playback use case
08-13 16:35:27.875 2197 8464 I GCoreUlr: Place inference reporting - stop
08-13 16:35:27.875 2197 3964 E DatabaseUtils: Writing exception to parcel
08-13 16:35:27.875 2197 3964 E DatabaseUtils: java.lang.SecurityException: Caller isn't signed with recognized keys!
08-13 16:35:27.875 2197 3964 E DatabaseUtils: at com.google.android.gms.auth.account.be.legacy.AccountChimeraContentProvider.call(:com.google.android.gms@11580948:2)
08-13 16:35:27.875 2197 3964 E DatabaseUtils: at bve.call(:com.google.android.gms@11580948:1)
08-13 16:35:27.875 2197 3964 E DatabaseUtils: at android.content.ContentProvider$Transport.call(ContentProvider.java:401)
08-13 16:35:27.875 2197 3964 E DatabaseUtils: at android.content.ContentProviderNative.onTransact(ContentProviderNative.java:272)
08-13 16:35:27.875 2197 3964 E DatabaseUtils: at android.os.Binder.execTransact(Binder.java:697)
08-13 16:35:27.877 2197 8370 I GCoreUlr: Unregistering for aliased place alerts.
08-13 16:35:27.888 3562 8481 E turbo_BatteryLogger: could not get google accounts, e
08-13 16:35:27.895 2569 8486 I iu.FingerprintManager: Start processing media store URI: content://media/external/video/media
08-13 16:35:27.896 1637 1654 E PhoneInterfaceManager: [PhoneIntfMgr] getIccId: No UICC
08-13 16:35:27.897 2569 8486 I iu.FingerprintManager: Start processing media store URI: content://media/phoneStorage/images/media
08-13 16:35:27.899 2569 8486 I iu.FingerprintManager: Start processing media store URI: content://media/phoneStorage/video/media
08-13 16:35:27.900 2569 8486 I iu.FingerprintManager: Finished generating fingerprints; 0.027 seconds
08-13 16:35:27.900 2569 8486 I iu.FingerprintManager: numSeen=0 numGenerated=0 numDeleted=0 numFailed=0
08-13 16:35:27.900 1637 1654 E PhoneInterfaceManager: [PhoneIntfMgr] getIccId: No UICC
08-13 16:35:27.905 1637 1654 E PhoneInterfaceManager: [PhoneIntfMgr] getIccId: No UICC
08-13 16:35:27.907 1637 1845 E PhoneInterfaceManager: [PhoneIntfMgr] getIccId: No UICC
08-13 16:35:27.907 1637 1654 E PhoneInterfaceManager: [PhoneIntfMgr] getIccId: No UICC
08-13 16:35:27.910 1637 1845 E PhoneInterfaceManager: [PhoneIntfMgr] getIccId: No UICC
08-13 16:35:27.913 1108 2378 W BroadcastQueue: Background execution not allowed: receiving Intent { act=android.intent.action.ACTION_POWER_CONNECTED flg=0x4000010 (has extras) } to com.antutu.ABenchMark/com.igexin.sdk.PushReceiver
08-13 16:35:27.919 1108 1150 I WifiService: reportActivityInfo uid=1000
08-13 16:35:27.919 1108 1150 I WifiService: getSupportedFeatures uid=1000
08-13 16:35:27.925 1108 1150 E BatteryExternalStatsWorker: no controller energy info supplied for bluetooth
08-13 16:35:27.997 1108 1150 I WifiService: requestActivityInfo uid=1000
08-13 16:35:27.998 1108 1150 I WifiService: reportActivityInfo uid=1000
08-13 16:35:27.998 1108 1150 I WifiService: getSupportedFeatures uid=1000
08-13 16:35:28.212 1108 2377 E LightsService: Light requested not available on this device. 3
08-13 16:35:28.212 1637 1637 E QtiImsExtUtils: getConfigForPhoneId phoneId is invalid
08-13 16:35:28.212 1637 1637 E QtiImsExtUtils: isCarrierConfigEnabled bundle is null
08-13 16:35:28.236 2607 2607 W Notification: Use of stream types is deprecated for operations other than volume control
08-13 16:35:28.236 2607 2607 W Notification: See the documentation of setSound() for what to use instead with android.media.AudioAttributes to qualify your playback use case
08-13 16:35:28.327 1443 1443 I Elmyra/ElmyraService: Unblocked; current action: SetupWizardAction
08-13 16:35:31.886 2197 4440 W Conscrypt: Could not set socket write timeout:
08-13 16:35:31.887 2197 4440 W Conscrypt: java.lang.reflect.Method.invoke(Native Method)
08-13 16:35:31.887 2197 4440 W Conscrypt: com.google.android.gms.org.conscrypt.Platform.setSocketWriteTimeout(:com.google.android.gms@11580948:13)
08-13 16:35:32.462 2607 2607 W Notification: Use of stream types is deprecated for operations other than volume control
08-13 16:35:32.462 2607 2607 W Notification: See the documentation of setSound() for what to use instead with android.media.AudioAttributes to qualify your playback use case
08-13 16:35:32.487 2607 2607 W tutu.ABenchMark: type=1400 audit(0.0:537): avc: denied { read } for name="stat" dev="proc" ino=4026532079 scontext=u:r:untrusted_app:s0:c512,c768 tcontext=u:object_r:proc_stat:s0 tclass=file permissive=0
08-13 16:35:32.496 2607 2607 W Notification: Use of stream types is deprecated for operations other than volume control
08-13 16:35:32.496 2607 2607 W Notification: See the documentation of setSound() for what to use instead with android.media.AudioAttributes to qualify your playback use case
08-13 16:35:32.857 2321 8173 E GmsContextObserver: Failed to register context manager listener: Status{statusCode=CANCELED, resolution=null}
08-13 16:35:34.375 1108 1150 I WifiService: requestActivityInfo uid=1000
08-13 16:35:34.375 1108 1150 I WifiService: reportActivityInfo uid=1000
08-13 16:35:34.375 1108 1150 I WifiService: getSupportedFeatures uid=1000
08-13 16:35:34.377 1108 2378 E LightsService: Light requested not available on this device. 3
08-13 16:35:34.378 1443 1443 I Elmyra/ElmyraService: Gated by ChargingState
08-13 16:35:34.384 2197 2197 I GCoreUlr: Starting service, intent=Intent { act=com.google.android.location.reporting.ACTION_UPDATE_ACTIVE_STATE cmp=com.google.android.gms/com.google.android.location.reporting.service.DispatchingService (has extras) }, extras=Bundle[{source=PowerModeReceiver}]
08-13 16:35:34.387 1637 1637 E QtiImsExtUtils: getConfigForPhoneId phoneId is invalid
08-13 16:35:34.387 1637 1637 E QtiImsExtUtils: isCarrierConfigEnabled bundle is null
08-13 16:35:28.001 1108 1150 E BatteryExternalStatsWorker: no controller energy info supplied for bluetooth
08-13 16:35:34.388 1108 1143 W BroadcastQueue: Background execution not allowed: receiving Intent { act=android.intent.action.ACTION_POWER_DISCONNECTED flg=0x4000010 (has extras) } to com.antutu.ABenchMark/com.antutu.benchmark.receiver.KeepAliveReceiver
08-13 16:35:34.393 1108 1150 E BatteryExternalStatsWorker: no controller energy info supplied for bluetooth
08-13 16:35:34.394 1108 1143 W BroadcastQueue: Background execution not allowed: receiving Intent { act=android.intent.action.ACTION_POWER_DISCONNECTED flg=0x4000010 (has extras) } to com.google.android.apps.photos/.scheduler.PowerReceiver
08-13 16:35:34.399 2569 2569 I iu.Environment: update battery state; isPlugged? false*
08-13 16:35:34.400 2569 4449 I iu.UploadsManager: num queued entries: 0
08-13 16:35:34.400 2569 4449 I iu.UploadsManager: num updated entries: 0
08-13 16:35:34.401 2569 4449 I iu.SyncManager: NEXT; no task
08-13 16:35:34.412 730 730 E QCOM PowerHAL: extract_stats: failed to open: /d/system_stats Error = Permission denied
08-13 16:35:34.412 730 730 E QCOM PowerHAL: extract_stats: failed to open: /d/wlan0/power_stats Error = Permission denied
08-13 16:35:34.414 2607 2607 W Notification: Use of stream types is deprecated for operations other than volume control
08-13 16:35:34.414 2607 2607 W Notification: See the documentation of setSound() for what to use instead with android.media.AudioAttributes to qualify your playback use case
08-13 16:35:34.416 2197 3964 E DatabaseUtils: Writing exception to parcel
08-13 16:35:34.416 2197 3964 E DatabaseUtils: java.lang.SecurityException: Caller isn't signed with recognized keys!
08-13 16:35:34.416 2197 3964 E DatabaseUtils: at com.google.android.gms.auth.account.be.legacy.AccountChimeraContentProvider.call(:com.google.android.gms@11580948:2)
08-13 16:35:34.416 2197 3964 E DatabaseUtils: at bve.call(:com.google.android.gms@11580948:1)
08-13 16:35:34.416 2197 3964 E DatabaseUtils: at android.content.ContentProvider$Transport.call(ContentProvider.java:401)
08-13 16:35:34.416 2197 3964 E DatabaseUtils: at android.content.ContentProviderNative.onTransact(ContentProviderNative.java:272)
08-13 16:35:34.416 2197 3964 E DatabaseUtils: at android.os.Binder.execTransact(Binder.java:697)
08-13 16:35:34.416 3562 8507 E turbo_BatteryLogger: could not get google accounts, e
08-13 16:35:34.421 2197 8460 I GCoreUlr: DispatchingService.updateActiveState+PowerModeReceiver: Ensuring that reporting is active for [account#15#]
08-13 16:35:34.426 2607 2607 W Notification: Use of stream types is deprecated for operations other than volume control
08-13 16:35:34.426 2607 2607 W Notification: See the documentation of setSound() for what to use instead with android.media.AudioAttributes to qualify your playback use case
08-13 16:35:34.426 2197 8460 I GCoreUlr: Place inference reporting - stop
08-13 16:35:34.428 2197 8370 I GCoreUlr: Unregistering for aliased place alerts.
08-13 16:35:34.430 1108 1665 W BroadcastQueue: Background execution not allowed: receiving Intent { act=android.intent.action.ACTION_POWER_DISCONNECTED flg=0x4000010 (has extras) } to com.antutu.ABenchMark/com.igexin.sdk.PushReceiver
08-13 16:35:34.533 1637 1637 E QtiImsExtUtils: getConfigForPhoneId phoneId is invalid
08-13 16:35:34.533 1637 1637 E QtiImsExtUtils: isCarrierConfigEnabled bundle is null
08-13 16:35:34.555 2607 2607 W Notification: Use of stream types is deprecated for operations other than volume control
08-13 16:35:34.555 2607 2607 W Notification: See the documentation of setSound() for what to use instead with android.media.AudioAttributes to qualify your playback use case
08-13 16:35:34.879 1443 1443 I Elmyra/ElmyraService: Unblocked; current action: SetupWizardAction
08-13 16:35:35.237 1637 1637 E QtiImsExtUtils: getConfigForPhoneId phoneId is invalid
08-13 16:35:35.237 1637 1637 E QtiImsExtUtils: isCarrierConfigEnabled bundle is null
08-13 16:35:35.246 2607 2607 W Notification: Use of stream types is deprecated for operations other than volume control
08-13 16:35:35.246 2607 2607 W Notification: See the documentation of setSound() for what to use instead with android.media.AudioAttributes to qualify your playback use case
08-13 16:35:35.513 1108 1150 I WifiService: requestActivityInfo uid=1000
08-13 16:35:35.513 1108 1150 I WifiService: reportActivityInfo uid=1000
08-13 16:35:35.513 1108 1150 I WifiService: getSupportedFeatures uid=1000
08-13 16:35:35.514 1108 1108 I EntropyMixer: Writing entropy...
08-13 16:35:35.516 1637 1637 E QtiImsExtUtils: getConfigForPhoneId phoneId is invalid
08-13 16:35:35.516 1637 1637 E QtiImsExtUtils: isCarrierConfigEnabled bundle is null
08-13 16:35:35.516 1108 1143 W BroadcastQueue: Background execution not allowed: receiving Intent { act=android.intent.action.ACTION_POWER_CONNECTED flg=0x4000010 (has extras) } to com.antutu.ABenchMark/com.antutu.benchmark.receiver.KeepAliveReceiver
08-13 16:35:35.516 2197 2197 I GCoreUlr: Starting service, intent=Intent { act=com.google.android.location.reporting.ACTION_UPDATE_ACTIVE_STATE cmp=com.google.android.gms/com.google.android.location.reporting.service.DispatchingService (has extras) }, extras=Bundle[{source=PowerModeReceiver}]
08-13 16:35:35.516 1108 1143 W BroadcastQueue: Background execution not allowed: receiving Intent { act=android.intent.action.ACTION_POWER_CONNECTED flg=0x4000010 (has extras) } to com.google.android.apps.photos/.scheduler.PowerReceiver
08-13 16:35:35.523 1443 1443 I Elmyra/ElmyraService: Gated by ChargingState
08-13 16:35:35.528 1108 1150 E BatteryExternalStatsWorker: no controller energy info supplied for bluetooth
08-13 16:35:35.528 744 793 I chatty : uid=1000(system) /vendor/bin/sensors.qcom expire 2 lines
08-13 16:35:35.529 2569 2569 I iu.Environment: update battery state; isPlugged? true*
08-13 16:35:35.530 2569 4449 I iu.UploadsManager: num queued entries: 0
08-13 16:35:35.530 2569 4449 I iu.UploadsManager: num updated entries: 0
08-13 16:35:35.530 2569 4449 I iu.SyncManager: NEXT; no task
08-13 16:35:35.541 2197 8464 I GCoreUlr: DispatchingService.updateActiveState+PowerModeReceiver: Ensuring that reporting is active for [account#15#]
08-13 16:35:35.551 730 730 W power@1.1-servi: type=1400 audit(0.0:540): avc: denied { read } for name="system_stats" dev="debugfs" ino=17769 scontext=u:r:hal_power_default:s0 tcontext=u:object_r:debugfs_rpm:s0 tclass=file permissive=0
08-13 16:35:35.551 730 730 W power@1.1-servi: type=1400 audit(0.0:541): avc: denied { search } for name="wlan0" dev="debugfs" ino=32097 scontext=u:r:hal_power_default:s0 tcontext=u:object_r:debugfs_wlan:s0 tclass=dir permissive=0
08-13 16:35:35.556 730 730 E QCOM PowerHAL: extract_stats: failed to open: /d/system_stats Error = Permission denied
08-13 16:35:35.556 730 730 E QCOM PowerHAL: extract_stats: failed to open: /d/wlan0/power_stats Error = Permission denied
08-13 16:35:35.556 2569 8523 I iu.FingerprintManager: Start processing all media
08-13 16:35:35.557 2569 8523 I iu.FingerprintManager: Start processing media store URI: content://media/external/images/media
08-13 16:35:35.558 2197 8464 I GCoreUlr: Place inference reporting - stop
08-13 16:35:35.558 2197 8370 I GCoreUlr: Unregistering for aliased place alerts.
08-13 16:35:35.559 2197 2920 E DatabaseUtils: Writing exception to parcel
08-13 16:35:35.559 2197 2920 E DatabaseUtils: java.lang.SecurityException: Caller isn't signed with recognized keys!
08-13 16:35:35.559 2197 2920 E DatabaseUtils: at com.google.android.gms.auth.account.be.legacy.AccountChimeraContentProvider.call(:com.google.android.gms@11580948:2)
08-13 16:35:35.559 2197 2920 E DatabaseUtils: at bve.call(:com.google.android.gms@11580948:1)
08-13 16:35:35.559 2197 2920 E DatabaseUtils: at android.content.ContentProvider$Transport.call(ContentProvider.java:401)
08-13 16:35:35.559 2197 2920 E DatabaseUtils: at android.content.ContentProviderNative.onTransact(ContentProviderNative.java:272)
08-13 16:35:35.559 2197 2920 E DatabaseUtils: at android.os.Binder.execTransact(Binder.java:697)
08-13 16:35:35.569 3562 8521 E turbo_BatteryLogger: could not get google accounts, e
08-13 16:35:35.571 2607 2607 W Notification: Use of stream types is deprecated for operations other than volume control
08-13 16:35:35.571 2607 2607 W Notification: See the documentation of setSound() for what to use instead with android.media.AudioAttributes to qualify your playback use case
08-13 16:35:35.575 2569 8523 I iu.FingerprintManager: Start processing media store URI: content://media/external/video/media
08-13 16:35:35.582 1637 1845 E PhoneInterfaceManager: [PhoneIntfMgr] getIccId: No UICC
08-13 16:35:35.584 2607 2607 W Notification: Use of stream types is deprecated for operations other than volume control
08-13 16:35:35.584 2607 2607 W Notification: See the documentation of setSound() for what to use instead with android.media.AudioAttributes to qualify your playback use case
08-13 16:35:35.586 2569 8523 I iu.FingerprintManager: Start processing media store URI: content://media/phoneStorage/images/media
08-13 16:35:35.586 2569 8523 I iu.FingerprintManager: Start processing media store URI: content://media/phoneStorage/video/media
08-13 16:35:35.587 2569 8523 I iu.FingerprintManager: Finished generating fingerprints; 0.031 seconds
08-13 16:35:35.587 2569 8523 I iu.FingerprintManager: numSeen=0 numGenerated=0 numDeleted=0 numFailed=0
08-13 16:35:35.593 1637 1845 E PhoneInterfaceManager: [PhoneIntfMgr] getIccId: No UICC
08-13 16:35:35.600 1637 1845 E PhoneInterfaceManager: [PhoneIntfMgr] getIccId: No UICC
08-13 16:35:35.601 1637 1654 E PhoneInterfaceManager: [PhoneIntfMgr] getIccId: No UICC
08-13 16:35:35.602 1637 1654 I chatty : uid=1001(radio) Binder:1637_2 identical 1 line
08-13 16:35:35.603 1637 1654 E PhoneInterfaceManager: [PhoneIntfMgr] getIccId: No UICC
08-13 16:35:35.607 1108 2377 W BroadcastQueue: Background execution not allowed: receiving Intent { act=android.intent.action.ACTION_POWER_CONNECTED flg=0x4000010 (has extras) } to com.antutu.ABenchMark/com.igexin.sdk.PushReceiver
08-13 16:35:35.615 1108 1150 I WifiService: requestActivityInfo uid=1000
08-13 16:35:35.615 1108 1150 I WifiService: reportActivityInfo uid=1000
08-13 16:35:35.615 1108 1150 I WifiService: getSupportedFeatures uid=1000
08-13 16:35:35.618 1108 1150 E BatteryExternalStatsWorker: no controller energy info supplied for bluetooth
08-13 16:35:35.681 1108 1150 I WifiService: requestActivityInfo uid=1000
08-13 16:35:35.681 1108 1150 I WifiService: reportActivityInfo uid=1000
08-13 16:35:35.681 1108 1150 I WifiService: getSupportedFeatures uid=1000
08-13 16:35:35.899 1108 1665 E LightsService: Light requested not available on this device. 3
08-13 16:35:35.900 1637 1637 E QtiImsExtUtils: getConfigForPhoneId phoneId is invalid
08-13 16:35:35.900 1637 1637 E QtiImsExtUtils: isCarrierConfigEnabled bundle is null
08-13 16:35:35.915 2607 2607 W Notification: Use of stream types is deprecated for operations other than volume control
08-13 16:35:35.915 2607 2607 W Notification: See the documentation of setSound() for what to use instead with android.media.AudioAttributes to qualify your playback use case
08-13 16:35:36.019 1443 1443 I Elmyra/ElmyraService: Unblocked; current action: SetupWizardAction
08-13 16:35:36.077 744 793 I ASH : @ 3948.781: ccb_proximityHandle: PRX_STATE_BEGIN
08-13 16:35:36.078 744 793 I ASH : @ 3948.781: ccb_proximityHandle: initial state farAway
08-13 16:35:36.800 744 793 I ASH : @ 3949.504: _490x_handleAdaptiveAtime: Adaptive ATIME Long to Short
08-13 16:35:37.195 1108 2378 I WifiService: getConnectionInfo uid=10125
08-13 16:35:37.195 1108 2378 I WifiService: getWifiEnabledState uid=10125
08-13 16:35:40.115 1108 1665 D WificondControl: Scan result ready event
08-13 16:35:40.457 838 1075 D fpc_fingerprint_hal: nav_loop FPC_NAV_REQUEST_WAIT_IRQ_HIGH
08-13 16:35:42.502 2607 2607 W Notification: Use of stream types is deprecated for operations other than volume control
08-13 16:35:42.502 2607 2607 W Notification: See the documentation of setSound() for what to use instead with android.media.AudioAttributes to qualify your playback use case
08-13 16:35:42.541 2607 2607 W tutu.ABenchMark: type=1400 audit(0.0:542): avc: denied { read } for name="stat" dev="proc" ino=4026532079 scontext=u:r:untrusted_app:s0:c512,c768 tcontext=u:object_r:proc_stat:s0 tclass=file permissive=0
08-13 16:35:42.558 2607 2607 W Notification: Use of stream types is deprecated for operations other than volume control
08-13 16:35:42.558 2607 2607 W Notification: See the documentation of setSound() for what to use instead with android.media.AudioAttributes to qualify your playback use case
08-13 16:35:44.994 2197 7940 E NetworkScheduler.ATC: Trying to release unacquired lock: com.google.android.gms/.clearcut.uploader.QosUploaderService
08-13 16:35:45.019 2197 3960 E NetworkScheduler: Task completed but with no record in list of active tasks: [com.google.android.gms/.clearcut.uploader.QosUploaderService:qos_unmetered_periodic,u0]
08-13 16:35:45.458 1443 1443 D StatusBar: disable
08-13 16:35:45.530 1443 1443 D StatusBar: disable
08-13 16:35:47.244 715 2118 D audio_hw_primary: enable_snd_device: snd_device(2: speaker)
08-13 16:35:47.244 715 2118 D audio_route: Apply path: speaker
08-13 16:35:47.246 715 2118 D ACDB-LOADER: ACDB -> send_audio_cal, acdb_id = 15, path = 0, app id = 0x11130, sample rate = 48000
08-13 16:35:47.246 715 2118 D ACDB-LOADER: ACDB -> ACDB_CMD_GET_AUDPROC_GAIN_DEP_STEP_TABLE, vol index 0
08-13 16:35:47.246 715 2118 D ACDB-LOADER: ACDB -> GET_AFE_TOPOLOGY_ID for adcd_id 15, Topology Id 112fc
08-13 16:35:47.246 715 2118 D : Failed to fetch the lookup information of the device 0000000F
08-13 16:35:47.246 715 2118 D ACDB-LOADER: Error: ACDB AFE returned = -19
08-13 16:35:47.246 715 2118 D audio_hw_primary: enable_audio_route: usecase(1) apply and update mixer path: low-latency-playback speaker
08-13 16:35:47.246 715 2118 D audio_route: Apply path: low-latency-playback speaker
08-13 16:35:47.250 2081 2096 E ANDR-PERF-RESOURCEQS: Failed to apply optimization [2, 0]
08-13 16:35:47.283 715 2118 D audio_hw_primary: out_write: retry previous failed cal level set
08-13 16:35:47.283 715 2118 W msm8974_platform: platform_send_gain_dep_cal: Usecase list is empty
08-13 16:35:35.686 1108 1150 E BatteryExternalStatsWorker: no controller energy info supplied for bluetooth
08-13 16:35:49.475 1108 2318 I ActivityManager: START u0 {act=android.settings.SETTINGS flg=0x14000000 cmp=com.android.settings/.Settings} from uid 10060
08-13 16:35:49.483 730 730 D QCOM PowerHAL: LAUNCH HINT: ON
08-13 16:35:49.483 730 730 D QCOM PowerHAL: Activity launch hint handled
08-13 16:35:49.488 1108 1665 E ActivityManager: applyOptionsLocked: Unknown animationType=0
08-13 16:35:49.499 1108 1665 I ActivityManager: Start proc 8557:com.android.settings/1000 for activity com.android.settings/.Settings
08-13 16:35:49.524 8557 8557 I zygote64: The ClassLoaderContext is a special shared library.
08-13 16:35:49.535 8557 8571 D libEGL : loaded /vendor/lib64/egl/libEGL_adreno.so
08-13 16:35:49.543 8557 8571 D libEGL : loaded /vendor/lib64/egl/libGLESv1_CM_adreno.so
08-13 16:35:49.546 8557 8557 D OpenGLRenderer: HWUI GL Pipeline
08-13 16:35:49.551 8557 8571 D libEGL : loaded /vendor/lib64/egl/libGLESv2_adreno.so
08-13 16:35:49.574 8557 8557 W TileUtils: Found com.android.settings.backup.BackupSettingsActivity for intent Intent { act=com.android.settings.action.SETTINGS pkg=com.android.settings } missing metadata com.android.settings.category
08-13 16:35:49.586 2321 2321 I MicroDetector: Keeping mic open: false
08-13 16:35:49.587 2321 8172 I DeviceStateChecker: DeviceStateChecker cancelled
08-13 16:35:49.587 2321 8289 I AudioController: internalShutdown
08-13 16:35:49.587 2321 2768 I MicroRecognitionRunner: Stopping hotword detection.
08-13 16:35:49.587 2321 8289 I MicrophoneInputStream: mic_close com.google.android.apps.gsa.speech.audio.af@65197f7
08-13 16:35:49.594 8557 8557 D ConditionManager: conditions loading asychronously
08-13 16:35:49.595 8557 8575 D ConditionManager: loading conditions from xml
08-13 16:35:49.607 8557 8578 D SuggestionParser: Day 88 for com.android.settings.suggested.category.FIRST_IMPRESSION
08-13 16:35:49.614 715 1174 D audio_hw_primary: disable_audio_route: usecase(9) reset and update mixer path: audio-record
08-13 16:35:49.615 715 1174 D audio_hw_primary: disable_snd_device: snd_device(75: voice-rec-mic)
08-13 16:35:49.619 715 1174 D sound_trigger_platform: platform_stdev_check_and_update_concurrency: concurrency active 0, tx 0, rx 0, concurrency session_allowed 1
08-13 16:35:49.621 2321 8292 I MicroRecognitionRunner: Detection finished
08-13 16:35:49.628 8557 8574 D BatteryInfo: time to make batteryStatsHelper: 2ms
08-13 16:35:49.628 1108 1150 I WifiService: requestActivityInfo uid=1000
08-13 16:35:49.628 1108 1150 I WifiService: reportActivityInfo uid=1000
08-13 16:35:49.628 1108 1150 I WifiService: getSupportedFeatures uid=1000
08-13 16:35:49.631 8557 8557 D ConditionManager: conditions loaded from xml, refreshing conditions
08-13 16:35:49.631 8557 8557 D APM_Condition: APM condition refreshed
08-13 16:35:49.631 8557 8557 D APM_Condition: setActive was called with false
08-13 16:35:49.631 1108 2380 I WifiService: getWifiApEnabledState uid=1000
08-13 16:35:49.635 1108 1150 E BatteryExternalStatsWorker: no controller energy info supplied for bluetooth
08-13 16:35:49.643 8557 8579 I Adreno : QUALCOMM build : 594927b, I916dfac403
08-13 16:35:49.643 8557 8579 I Adreno : Build Date : 10/11/17
08-13 16:35:49.643 8557 8579 I Adreno : OpenGL ES Shader Compiler Version: EV031.21.02.00
08-13 16:35:49.643 8557 8579 I Adreno : Local Branch : mybranch28618966
08-13 16:35:49.643 8557 8579 I Adreno : Remote Branch : quic/gfx-adreno.lnx.6.4.9-rel
08-13 16:35:49.643 8557 8579 I Adreno : Remote Branch : NONE
08-13 16:35:49.643 8557 8579 I Adreno : Reconstruct Branch : NOTHING
08-13 16:35:49.646 8557 8579 I Adreno : PFP: 0x005ff087, ME: 0x005ff063
08-13 16:35:49.648 8557 8579 I zygote64: android::hardware::configstore::V1_0::ISurfaceFlingerConfigs::hasWideColorDisplay retrieved: 1
08-13 16:35:49.649 8557 8579 I OpenGLRenderer: Initialized EGL, version 1.4
08-13 16:35:49.649 8557 8579 D OpenGLRenderer: Swap behavior 2
08-13 16:35:49.657 730 730 W power@1.1-servi: type=1400 audit(0.0:543): avc: denied { read } for name="system_stats" dev="debugfs" ino=17769 scontext=u:r:hal_power_default:s0 tcontext=u:object_r:debugfs_rpm:s0 tclass=file permissive=0
08-13 16:35:49.657 730 730 W power@1.1-servi: type=1400 audit(0.0:544): avc: denied { search } for name="wlan0" dev="debugfs" ino=32097 scontext=u:r:hal_power_default:s0 tcontext=u:object_r:debugfs_wlan:s0 tclass=dir permissive=0
08-13 16:35:49.661 730 730 E QCOM PowerHAL: extract_stats: failed to open: /d/system_stats Error = Permission denied
08-13 16:35:49.662 730 730 E QCOM PowerHAL: extract_stats: failed to open: /d/wlan0/power_stats Error = Permission denied
08-13 16:35:49.678 8557 8557 D DashboardSummary: Listening for condition changes
08-13 16:35:49.678 8557 8557 D DashboardSummary: onConditionsChanged
08-13 16:35:49.678 8557 8557 D DashboardSummary: conditions refreshed
08-13 16:35:49.678 8557 8557 D APM_Condition: APM condition refreshed
08-13 16:35:49.678 8557 8557 D APM_Condition: setActive was called with false
08-13 16:35:49.678 1108 2380 I WifiService: getWifiApEnabledState uid=1000
08-13 16:35:49.680 1108 1154 I ActivityManager: Displayed com.android.settings/.Settings: +190ms
08-13 16:35:49.692 730 730 D QCOM PowerHAL: LAUNCH HINT: OFF
08-13 16:35:49.693 8557 8574 D BatteryInfo: time for getStats: 65ms
08-13 16:35:49.697 8557 8578 D NewDeviceIntroSugg: is suggestion expired: true
08-13 16:35:49.702 8557 8583 W TileUtils: Found com.android.settings.backup.BackupSettingsActivity for intent Intent { act=com.android.settings.action.SETTINGS pkg=com.android.settings } missing metadata com.android.settings.category
08-13 16:35:49.709 8557 8585 D Settings: No enabled state changed, skipping updateCategory call
08-13 16:35:49.709 8557 8585 D BatteryInfo: time for regular BatteryInfo: 0ms
08-13 16:35:49.710 8557 8585 D BatteryInfo: time for getBatteryInfo: 0ms
08-13 16:35:49.724 8557 8557 D BatteryInfo: time for callback: 0ms
08-13 16:35:49.921 2197 3180 W Conscrypt: Could not set socket write timeout:
08-13 16:35:49.921 2197 3180 W Conscrypt: java.lang.reflect.Method.invoke(Native Method)
08-13 16:35:49.921 2197 3180 W Conscrypt: com.google.android.gms.org.conscrypt.Platform.setSocketWriteTimeout(:com.google.android.gms@11580948:13)
08-13 16:35:49.955 1443 1443 D StatusBar: disable
08-13 16:35:50.079 1443 1443 D StatusBar: disable
