--------- beginning of system
06-21 13:51:12.106 625 625 I vold : Vold 3.0 (the awakening) firing up
06-21 13:51:12.106 625 625 V vold : Detected support for: ext4 vfat
06-21 13:51:12.113 625 633 I vold : e4crypt_initialize_global_de
08-13 15:29:11.148 625 633 D vold : Key exists, using: /data/unencrypted/key
08-13 15:29:11.166 625 633 D vold : Added key 116681381 (ext4:2eecd0c9a367bf76) to keyring 206924781 in process 625
08-13 15:29:11.166 625 633 D vold : Added key 760097821 (f2fs:2eecd0c9a367bf76) to keyring 206924781 in process 625
08-13 15:29:11.166 625 633 D vold : Added key 1048448387 (fscrypt:2eecd0c9a367bf76) to keyring 206924781 in process 625
08-13 15:29:11.166 625 633 I vold : Wrote system DE key reference to:/data/unencrypted/ref
08-13 15:29:11.226 625 633 D vold : e4crypt_init_user0
08-13 15:29:11.226 625 633 D vold : Preparing: /data/misc/vold/user_keys
08-13 15:29:11.226 625 633 D vold : Preparing: /data/misc/vold/user_keys/ce
08-13 15:29:11.227 625 633 D vold : Preparing: /data/misc/vold/user_keys/de
08-13 15:29:11.228 625 633 D vold : Skipping non-de-key .
08-13 15:29:11.425 625 633 D vold : Added key 996997928 (ext4:5cb04138c63666a1) to keyring 206924781 in process 625
08-13 15:29:11.425 625 633 D vold : Added key 912795719 (f2fs:5cb04138c63666a1) to keyring 206924781 in process 625
08-13 15:29:11.425 625 633 D vold : Added key 995273279 (fscrypt:5cb04138c63666a1) to keyring 206924781 in process 625
08-13 15:29:11.425 625 633 D vold : Installed de key for user 0
08-13 15:29:11.425 625 633 D vold : Skipping non-de-key ..
08-13 15:29:11.425 625 633 D vold : e4crypt_prepare_user_storage for volume null, user 0, serial 0, flags 1
08-13 15:29:11.425 625 633 D vold : Preparing: /data/system/users/0
08-13 15:29:11.426 625 633 D vold : Preparing: /data/misc/profiles/cur/0
08-13 15:29:11.427 625 633 D vold : Preparing: /data/system_de/0
08-13 15:29:11.427 625 633 D vold : Preparing: /data/misc_de/0
08-13 15:29:11.427 625 633 D vold : Preparing: /data/user_de/0
08-13 15:29:11.428 625 633 I vold : Found policy 5cb04138c63666a1 at /data/system_de/0 which matches expected value
08-13 15:29:11.428 625 633 I vold : Policy for /data/misc_de/0 set to 5cb04138c63666a1
08-13 15:29:11.429 625 633 I vold : Found policy 5cb04138c63666a1 at /data/user_de/0 which matches expected value
08-13 15:29:11.722 745 745 I irsc_util: Starting irsc tool
08-13 15:29:11.731 735 735 I android.hardware.wifi.offload@1.0-service: Wifi Offload HAL service start
08-13 15:29:11.731 735 735 I android.hardware.wifi.offload@1.0-service: Wifi Offload HAL impl
08-13 15:29:11.734 745 745 I irsc_util: Num of entries:292
08-13 15:29:11.735 745 745 I irsc_util: Ending irsc tool
08-13 15:29:11.784 738 738 I android.hardware.wifi@1.0-service: Wifi Hal is booting up...
08-13 15:29:11.839 807 807 I installd: installd firing up
08-13 15:29:11.940 822 822 I wificond: wificond is starting up...
08-13 15:29:12.994 735 756 I android.hardware.wifi.offload@1.0-service: Connected to CHRE socket
08-13 15:29:12.994 735 756 I android.hardware.wifi.offload@1.0-service: Connected to socket
08-13 15:29:13.133 1108 1108 I SystemServer: InitBeforeStartServices
08-13 15:29:13.133 1108 1108 I SystemServer: Entered the Android system server!
08-13 15:29:13.294 1108 1108 I SystemServer: StartServices
08-13 15:29:13.294 1108 1108 I SystemServer: Reading configuration...
08-13 15:29:13.294 1108 1108 I SystemServer: ReadingSystemConfig
08-13 15:29:13.294 1108 1108 I SystemServer: StartInstaller
08-13 15:29:13.294 1108 1108 I SystemServiceManager: Starting com.android.server.pm.Installer
08-13 15:29:13.295 1108 1108 I SystemServer: DeviceIdentifiersPolicyService
08-13 15:29:13.295 1108 1108 I SystemServiceManager: Starting com.android.server.os.DeviceIdentifiersPolicyService
08-13 15:29:13.296 1108 1108 I SystemServer: StartActivityManager
08-13 15:29:13.296 1108 1108 I SystemServiceManager: Starting com.android.server.am.ActivityManagerService$Lifecycle
08-13 15:29:13.304 1108 1108 I ActivityManager: Memory class: 192
08-13 15:29:13.313 1108 1108 D BatteryStatsImpl: Reading daily items from /data/system/batterystats-daily.xml
08-13 15:29:13.324 1108 1150 E BatteryExternalStatsWorker: no controller energy info supplied for telephony
08-13 15:29:13.363 1108 1108 I IntentFirewall: Read new rules (A:0 B:0 S:0)
08-13 15:29:13.367 1108 1108 D AppOps : AppOpsService published
08-13 15:29:13.368 1108 1108 I SystemServer: StartPowerManager
08-13 15:29:13.368 1108 1108 I SystemServiceManager: Starting com.android.server.power.PowerManagerService
08-13 15:29:13.369 1108 1108 I SystemServer: InitPowerManagement
08-13 15:29:13.370 1108 1108 I SystemServer: StartRecoverySystemService
08-13 15:29:13.370 1108 1108 I SystemServiceManager: Starting com.android.server.RecoverySystemService
08-13 15:29:13.377 1108 1108 W RescueParty: Noticed 1 events for UID 0 in last 5 sec
08-13 15:29:13.377 1108 1108 I SystemServer: StartLightsService
08-13 15:29:13.377 1108 1108 I SystemServiceManager: Starting com.android.server.lights.LightsService
08-13 15:29:13.377 1108 1108 I SystemServer: StartDisplayManager
08-13 15:29:13.377 1108 1108 I SystemServiceManager: Starting com.android.server.display.DisplayManagerService
08-13 15:29:13.379 1108 1108 I SystemServer: WaitForDisplay
08-13 15:29:13.379 1108 1108 I SystemServiceManager: Starting phase 100
08-13 15:29:13.381 1108 1154 I DisplayManagerService: Display device added: DisplayDeviceInfo{"Built-in Screen": uniqueId="local:0", 1080 x 1920, modeId 1, defaultModeId 1, supportedModes [{id=1, width=1080, height=1920, fps=60.000004}], colorMode 0, supportedColorModes [0, 7, 9], HdrCapabilities android.view.Display$HdrCapabilities@1d6308, density 420, 442.451 x 443.345 dpi, appVsyncOff 2000000, presDeadline 11666666, touch INTERNAL, rotation 0, type BUILT_IN, state UNKNOWN, FLAG_DEFAULT_DISPLAY, FLAG_ROTATES_WITH_CONTENT, FLAG_SECURE, FLAG_SUPPORTS_PROTECTED_BUFFERS}
08-13 15:29:13.383 1108 1154 I DisplayManagerService: Display device changed state: "Built-in Screen", ON
08-13 15:29:13.384 1108 1108 I SystemServer: StartPackageManagerService
08-13 15:29:13.391 1108 1108 D SELinuxMMAC: Using policy file /system/etc/selinux/plat_mac_permissions.xml
08-13 15:29:13.392 1108 1108 D SELinuxMMAC: Using policy file /vendor/etc/selinux/nonplat_mac_permissions.xml
08-13 15:29:13.485 1108 1108 W PackageManager: Failed to parse /system/framework/oat: Missing base APK in /system/framework/oat
08-13 15:29:13.485 1108 1108 W PackageManager: Failed to parse /system/framework/arm64: Missing base APK in /system/framework/arm64
08-13 15:29:13.488 1108 1108 W PackageManager: Failed to parse /system/framework/arm: Missing base APK in /system/framework/arm
08-13 15:29:13.562 1108 1108 W PackageManager: Failed to scan /system/priv-app/Phonesky: Package com.android.vending at /system/priv-app/Phonesky ignored: updated version 80980700 better than this 80806200
08-13 15:29:13.626 1108 1108 I PackageManager: /vendor/app/embms changed; collecting certs
08-13 15:29:13.629 1108 1108 W PackageManager: Failed to scan /vendor/app/embms: Application package com.qualcomm.embms already installed. Skipping duplicate.
08-13 15:29:13.633 1108 1108 I PackageManager: Finished scanning system apps. Time: 161 ms, packageCount: 163 , timePerPackage: 0 , cached: 165
08-13 15:29:13.642 1108 1206 W PackageParser: Unknown element under : supports-gl-texture at /data/app/com.antutu.benchmark.full-vq9a1poVbHEqcOn64japCg==/base.apk Binary XML file line #21
08-13 15:29:13.651 1108 1108 I PackageManager: Finished scanning non-system apps. Time: 18 ms, packageCount: 4 , timePerPackage: 4 , cached: 2
08-13 15:29:13.660 1108 1108 I PackageManager: Time to scan packages: 0.189 seconds
08-13 15:29:13.661 1108 1108 W PackageManager: Privileged permission android.permission.INSTALL_PACKAGES for package com.verizon.mips.services - not in privapp-permissions whitelist
08-13 15:29:13.661 1108 1108 I PackageManager: Un-granting permission android.permission.INSTALL_GRANT_RUNTIME_PERMISSIONS from package com.android.vending (protectionLevel=770 flags=0x384abec5)
08-13 15:29:13.661 1108 1108 I PackageManager: Un-granting permission android.permission.GRANT_RUNTIME_PERMISSIONS from package com.android.vending (protectionLevel=770 flags=0x384abec5)
08-13 15:29:13.661 1108 1108 I PackageManager: Un-granting permission android.permission.REVOKE_RUNTIME_PERMISSIONS from package com.android.vending (protectionLevel=770 flags=0x384abec5)
08-13 15:29:13.661 1108 1108 W PackageManager: Privileged permission android.permission.BACKUP for package com.android.vending - not in privapp-permissions whitelist
08-13 15:29:13.661 1108 1108 I PackageManager: Un-granting permission android.permission.SET_PREFERRED_APPLICATIONS from package com.android.vending (protectionLevel=514 flags=0x384abec5)
08-13 15:29:13.661 1108 1108 I PackageManager: Un-granting permission android.permission.ACCESS_INSTANT_APPS from package com.android.vending (protectionLevel=770 flags=0x384abec5)
08-13 15:29:13.662 1108 1108 I PackageManager: Un-granting permission android.permission.CLEAR_APP_USER_DATA from package com.google.android.packageinstaller (protectionLevel=258 flags=0x38483e45)
08-13 15:29:13.662 1108 1108 I PackageManager: Un-granting permission android.permission.GRANT_RUNTIME_PERMISSIONS from package com.google.android.packageinstaller (protectionLevel=770 flags=0x38483e45)
08-13 15:29:13.662 1108 1108 I PackageManager: Un-granting permission android.permission.REVOKE_RUNTIME_PERMISSIONS from package com.google.android.packageinstaller (protectionLevel=770 flags=0x38483e45)
08-13 15:29:13.662 1108 1108 I PackageManager: Un-granting permission android.permission.INSTALL_GRANT_RUNTIME_PERMISSIONS from package com.google.android.packageinstaller (protectionLevel=770 flags=0x38483e45)
08-13 15:29:13.662 1108 1108 I PackageManager: Un-granting permission android.permission.INTERACT_ACROSS_USERS_FULL from package com.google.android.packageinstaller (protectionLevel=258 flags=0x38483e45)
08-13 15:29:13.662 1108 1108 I PackageManager: Un-granting permission android.permission.KILL_UID from package com.google.android.packageinstaller (protectionLevel=258 flags=0x38483e45)
08-13 15:29:13.662 1108 1108 I PackageManager: Un-granting permission android.permission.MANAGE_APP_OPS_RESTRICTIONS from package com.google.android.packageinstaller (protectionLevel=258 flags=0x38483e45)
08-13 15:29:13.662 1108 1108 I PackageManager: Un-granting permission android.permission.HIDE_NON_SYSTEM_OVERLAY_WINDOWS from package com.google.android.packageinstaller (protectionLevel=258 flags=0x38483e45)
08-13 15:29:13.662 1108 1108 I PackageManager: Un-granting permission android.permission.ACCESS_INSTANT_APPS from package com.google.android.packageinstaller (protectionLevel=770 flags=0x38483e45)
08-13 15:29:13.664 1108 1108 V PackageManager: reconcileAppsData for null u0 0x1 migrateAppData=true
08-13 15:29:13.704 1108 1108 V PackageManager: reconcileAppsData finished 25 packages
08-13 15:29:13.832 1108 1108 I SystemServer: StartOtaDexOptService
08-13 15:29:13.832 1108 1108 D OTADexopt: No upgrade, skipping A/B artifacts check.
08-13 15:29:13.832 1108 1108 I SystemServer: StartUserManagerService
08-13 15:29:13.832 1108 1108 I SystemServiceManager: Starting com.android.server.pm.UserManagerService$LifeCycle
08-13 15:29:13.833 1108 1108 I SystemServer: InitAttributerCache
08-13 15:29:13.833 1108 1108 I SystemServer: SetSystemProcess
08-13 15:29:13.837 1108 1108 I SystemServer: StartOverlayManagerService
08-13 15:29:13.837 1108 1108 I SystemServer: StartDropBoxManager
08-13 15:29:13.837 1108 1108 I SystemServiceManager: Starting com.android.server.DropBoxManagerService
08-13 15:29:13.841 1108 1108 I SystemServer: StartBatteryService
08-13 15:29:13.842 1108 1108 I SystemServiceManager: Starting com.android.server.BatteryService
08-13 15:29:13.846 1108 1108 I SystemServer: StartUsageService
08-13 15:29:13.846 1108 1150 E BatteryExternalStatsWorker: no controller energy info supplied for telephony
08-13 15:29:13.850 1108 1150 I BatteryStatsImpl: Resetting battery stats: level=96 status=3 dischargeLevel=96 lowAmount=2 highAmount=3
08-13 15:29:13.851 1108 1108 I SystemServiceManager: Starting com.android.server.usage.UsageStatsService
08-13 15:29:13.858 1108 1108 I SystemServer: StartWebViewUpdateService
08-13 15:29:13.858 1108 1108 I SystemServiceManager: Starting com.android.server.webkit.WebViewUpdateService
08-13 15:29:13.860 1108 1108 I SystemServer: StartKeyAttestationApplicationIdProviderService
08-13 15:29:13.860 1108 1135 I SystemServer: SecondaryZygotePreload
08-13 15:29:13.860 1108 1108 I SystemServer: StartKeyChainSystemService
08-13 15:29:13.860 1108 1108 I SystemServiceManager: Starting com.android.server.security.KeyChainSystemService
08-13 15:29:13.860 1108 1108 I SystemServer: StartSchedulingPolicyService
08-13 15:29:13.861 1108 1108 I SystemServer: StartTelecomLoaderService
08-13 15:29:13.861 1108 1108 I SystemServiceManager: Starting com.android.server.telecom.TelecomLoaderService
08-13 15:29:13.861 1108 1108 I SystemServer: StartTelephonyRegistry
08-13 15:29:13.863 1108 1108 I SystemServer: StartEntropyMixer
08-13 15:29:13.864 1108 1108 I EntropyMixer: Writing entropy...
08-13 15:29:13.867 1108 1108 I SystemServer: StartAccountManagerService
08-13 15:29:13.867 1108 1108 I SystemServiceManager: Starting com.android.server.accounts.AccountManagerService$Lifecycle
08-13 15:29:13.871 1108 1108 I SystemServer: StartContentService
08-13 15:29:13.871 1108 1108 I SystemServiceManager: Starting com.android.server.content.ContentService$Lifecycle
08-13 15:29:13.872 1108 1108 I SystemServer: InstallSystemProviders
08-13 15:29:13.889 1108 1108 I SystemServer: StartVibratorService
08-13 15:29:13.892 1108 1108 I SystemServer: StartConsumerIrService
08-13 15:29:13.893 1108 1108 I SystemServer: StartAlarmManagerService
08-13 15:29:13.893 1108 1108 I SystemServiceManager: Starting com.android.server.AlarmManagerService
08-13 15:29:13.896 1108 1108 I SystemServer: InitWatchdog
08-13 15:29:13.896 1108 1108 I SystemServer: StartInputManagerService
08-13 15:29:13.896 1108 1108 I InputManager: Initializing input manager, mUseDevInputEventForAudioJack=true
08-13 15:29:13.897 1108 1108 I SystemServer: StartWindowManagerService
08-13 15:29:13.907 1108 1154 I WindowManager: No existing display settings /data/system/display_settings.xml; starting empty
08-13 15:29:13.975 1108 1108 I SystemServer: StartVrManagerService
08-13 15:29:13.975 1108 1108 I SystemServiceManager: Starting com.android.server.vr.VrManagerService
08-13 15:29:13.978 1108 1108 I SystemServer: SetWindowManagerService
08-13 15:29:13.980 1108 1108 I SystemServer: StartInputManager
08-13 15:29:13.980 1108 1108 I InputManager: Starting input manager
08-13 15:29:13.981 1108 1108 I SystemServer: DisplayManagerWindowManagerAndInputReady
08-13 15:29:13.981 1108 1108 I SystemServer: StartBluetoothService
08-13 15:29:13.981 1108 1108 I SystemServiceManager: Starting com.android.server.BluetoothService
08-13 15:29:13.982 1108 1108 D BluetoothManagerService: Loading stored name and address
08-13 15:29:13.983 1108 1108 D BluetoothManagerService: Stored bluetooth Name=Pixel 2,Address=40:4E:36:BE:34:59
08-13 15:29:13.983 1108 1108 D BluetoothManagerService: Bluetooth persisted state: 0
08-13 15:29:13.983 1108 1108 I SystemServer: IpConnectivityMetrics
08-13 15:29:13.983 1108 1108 I SystemServiceManager: Starting com.android.server.connectivity.IpConnectivityMetrics
08-13 15:29:13.984 1108 1108 I SystemServer: PinnerService
08-13 15:29:13.984 1108 1108 I SystemServiceManager: Starting com.android.server.PinnerService
08-13 15:29:13.986 1108 1108 I SystemServer: StartInputMethodManagerLifecycle
08-13 15:29:13.986 1108 1108 I SystemServiceManager: Starting com.android.server.InputMethodManagerService$Lifecycle
08-13 15:29:13.992 1108 1108 I SystemServer: StartAccessibilityManagerService
08-13 15:29:13.995 1108 1108 I SystemServer: MakeDisplayReady
08-13 15:29:13.996 1108 1108 I ActivityManager: Config changes=5df8 {1.0 ?mcc?mnc [en_US] ldltr sw411dp w411dp h731dp 420dpi nrml long port ?uimode ?night -touch -keyb/v/h -nav/h appBounds=Rect(0, 0 - 1080, 1920) s.2}
08-13 15:29:14.001 1108 1108 I ActivityManager: Override config changes=40007dfc {1.0 ?mcc?mnc [en_US] ldltr sw411dp w411dp h731dp 420dpi nrml long port ?uimode ?night -touch -keyb/v/h -nav/h appBounds=Rect(0, 0 - 1080, 1920) s.2} for displayId=0
08-13 15:29:14.024 1108 1238 I ActivityManager: Config changes=508 {1.0 ?mcc?mnc [en_US] ldltr sw411dp w411dp h659dp 420dpi nrml port ?uimode ?night finger -keyb/v/h -nav/h appBounds=Rect(0, 0 - 1080, 1794) s.3}
08-13 15:29:14.027 1108 1238 I ActivityManager: Override config changes=508 {1.0 ?mcc?mnc [en_US] ldltr sw411dp w411dp h659dp 420dpi nrml port ?uimode ?night finger -keyb/v/h -nav/h appBounds=Rect(0, 0 - 1080, 1794) s.3} for displayId=0
08-13 15:29:14.029 1108 1108 I SystemServer: StartStorageManagerService
08-13 15:29:14.029 1108 1108 I SystemServiceManager: Starting com.android.server.StorageManagerService$Lifecycle
08-13 15:29:14.037 1108 1108 I SystemServer: StartStorageStatsService
08-13 15:29:14.038 1108 1108 I SystemServiceManager: Starting com.android.server.usage.StorageStatsService$Lifecycle
08-13 15:29:14.038 1108 1240 D StorageManagerService: Thinking about init, mSystemReady=false, mDaemonConnected=true
08-13 15:29:14.038 1108 1240 D StorageManagerService: Thinking about reset, mSystemReady=false, mDaemonConnected=true
08-13 15:29:14.038 1108 1240 D StorageManagerService: Thinking about init, mSystemReady=false, mDaemonConnected=true
08-13 15:29:14.038 1108 1240 D StorageManagerService: Thinking about reset, mSystemReady=false, mDaemonConnected=true
08-13 15:29:14.038 1108 1240 D CryptdConnector: SND -> {1 cryptfs getfield SystemLocale}
08-13 15:29:14.045 1108 1108 I SystemServer: StartUiModeManager
08-13 15:29:14.045 1108 1108 I SystemServiceManager: Starting com.android.server.UiModeManagerService
08-13 15:29:14.048 1108 1211 I ActivityManager: Config changes=200 {1.0 ?mcc?mnc [en_US] ldltr sw411dp w411dp h659dp 420dpi nrml port finger -keyb/v/h -nav/h appBounds=Rect(0, 0 - 1080, 1794) s.4}
08-13 15:29:14.048 1108 1108 I SystemServer: UpdatePackagesIfNeeded
08-13 15:29:14.048 1108 1108 I SystemServer: PerformFstrimIfNeeded
08-13 15:29:14.049 1108 1108 W PackageManager: No disk maintenance in 5353556049; running immediately
08-13 15:29:14.049 1108 1108 I SystemServer: StartLockSettingsService
08-13 15:29:14.049 1108 1108 I SystemServiceManager: Starting com.android.server.locksettings.LockSettingsService$Lifecycle
08-13 15:29:14.058 625 633 E Cryptfs : Cannot get field when file encrypted
08-13 15:29:14.059 1108 1243 D CryptdConnector: RCV <- {200 1 -1}
08-13 15:29:14.059 1108 1240 W StorageManagerService: No primary storage mounted!
08-13 15:29:14.059 1108 1240 D VoldConnector: SND -> {1 asec list}
08-13 15:29:14.060 1108 1242 D VoldConnector: RCV <- {200 1 asec operation succeeded}
08-13 15:29:14.060 1108 1211 I ActivityManager: Override config changes=200 {1.0 ?mcc?mnc [en_US] ldltr sw411dp w411dp h659dp 420dpi nrml port finger -keyb/v/h -nav/h appBounds=Rect(0, 0 - 1080, 1794) s.4} for displayId=0
08-13 15:29:14.060 1108 1240 W PackageManager: Privileged permission android.permission.INSTALL_PACKAGES for package com.verizon.mips.services - not in privapp-permissions whitelist
08-13 15:29:14.061 1108 1240 W PackageManager: Privileged permission android.permission.BACKUP for package com.android.vending - not in privapp-permissions whitelist
08-13 15:29:14.062 1108 1108 I SystemServer: StartPersistentDataBlock
08-13 15:29:14.062 1108 1108 I SystemServiceManager: Starting com.android.server.PersistentDataBlockService
08-13 15:29:14.063 1108 1108 I SystemServer: StartOemLockService
08-13 15:29:14.063 1108 1108 I SystemServiceManager: Starting com.android.server.oemlock.OemLockService
08-13 15:29:14.065 1108 1108 I OemLock : Using vendor lock via the HAL
08-13 15:29:14.066 1108 1108 I SystemServer: StartDeviceIdleController
08-13 15:29:14.066 1108 1108 I SystemServiceManager: Starting com.android.server.DeviceIdleController
08-13 15:29:14.198 1108 1240 W StorageManagerService: No primary storage mounted!
08-13 15:29:14.198 1108 1240 D VoldConnector: SND -> {2 asec list}
08-13 15:29:14.199 818 960 I /system/bin/storaged: storaged: Start
08-13 15:29:14.199 1108 1242 D VoldConnector: RCV <- {200 2 asec operation succeeded}
08-13 15:29:14.199 1108 1108 W SystemServiceManager: Service com.android.server.DeviceIdleController took 133 ms in onStart
08-13 15:29:14.199 1108 1108 I SystemServer: StartDevicePolicyManager
08-13 15:29:14.199 1108 1108 I SystemServiceManager: Starting com.android.server.devicepolicy.DevicePolicyManagerService$Lifecycle
08-13 15:29:14.199 1108 1240 I StorageManagerService: Running fstrim idle maintenance
08-13 15:29:14.200 1108 1240 D VoldConnector: SND -> {3 fstrim dotrim}
08-13 15:29:14.204 1108 1108 I SystemServer: StartStatusBarManagerService
08-13 15:29:14.205 1108 1108 I SystemServer: StartClipboardService
08-13 15:29:14.205 1108 1108 I SystemServiceManager: Starting com.android.server.clipboard.ClipboardService
08-13 15:29:14.206 1108 1108 I SystemServer: StartNetworkManagementService
08-13 15:29:14.206 1108 1242 D VoldConnector: RCV <- {200 3 Command succeeded}
08-13 15:29:14.207 1108 1249 I NetworkManagement: onDaemonConnected()
08-13 15:29:14.208 1108 1108 I SystemServer: StartTextServicesManager
08-13 15:29:14.208 1108 1108 I SystemServiceManager: Starting com.android.server.TextServicesManagerService$Lifecycle
08-13 15:29:14.209 1108 1108 W TextServicesManagerService: no available spell checker services found
08-13 15:29:14.210 1108 1108 I SystemServer: StartNetworkScoreService
08-13 15:29:14.210 625 1248 D vold : Starting trim of /persist
08-13 15:29:14.211 1108 1108 I SystemServer: StartNetworkStatsService
08-13 15:29:14.215 1108 1108 I SystemServer: StartNetworkPolicyManagerService
08-13 15:29:14.217 1108 1108 I SystemServer: StartWifi
08-13 15:29:14.281 1108 1108 I SystemServiceManager: Starting com.android.server.wifi.WifiService
08-13 15:29:14.460 1108 1108 I SystemServer: StartWifiScanning
08-13 15:29:14.461 1108 1108 I SystemServiceManager: Starting com.android.server.wifi.scanner.WifiScanningService
08-13 15:29:14.463 1108 1108 I SystemServer: StartWifiRtt
08-13 15:29:14.463 1108 1108 I SystemServiceManager: Starting com.android.server.wifi.RttService
08-13 15:29:14.465 1108 1108 I SystemServer: StartWifiAware
08-13 15:29:14.467 1108 1108 I SystemServiceManager: Starting com.android.server.wifi.aware.WifiAwareService
08-13 15:29:14.467 1108 1108 I SystemServer: StartWifiP2P
08-13 15:29:14.468 1108 1108 I SystemServiceManager: Starting com.android.server.wifi.p2p.WifiP2pService
08-13 15:29:14.475 1108 1108 I SystemServer: StartEthernet
08-13 15:29:14.476 1108 1108 I SystemServiceManager: Starting com.android.server.ethernet.EthernetService
08-13 15:29:14.526 1108 1108 I SystemServer: StartConnectivityService
08-13 15:29:14.540 1108 1108 D ConnectivityService: ConnectivityService starting up
08-13 15:29:14.542 1108 1108 D ConnectivityService: wifiOnly=false
08-13 15:29:14.555 1108 1108 I SystemServer: StartNsdService
08-13 15:29:14.557 1108 1108 D NsdService: Network service discovery is enabled
08-13 15:29:14.559 1108 1108 I SystemServer: StartUpdateLockService
08-13 15:29:14.560 1108 1108 I SystemServer: WaitForAsecScan
08-13 15:29:14.560 1108 1108 I SystemServer: StartNotificationManager
08-13 15:29:14.561 1108 1108 I SystemServiceManager: Starting com.android.server.notification.NotificationManagerService
08-13 15:29:14.575 1108 1108 D ConditionProviders.SCP: new ScheduleConditionProvider()
08-13 15:29:14.676 1108 1108 I NotificationListeners: Read notification listener permissions from xml
08-13 15:29:14.676 1108 1108 I ConditionProviders: Read condition provider permissions from xml
08-13 15:29:14.677 1108 1108 I ConditionProviders: Read condition provider permissions from xml
08-13 15:29:14.681 1108 1108 W SystemServiceManager: Service com.android.server.notification.NotificationManagerService took 119 ms in onStart
08-13 15:29:14.683 1108 1108 I SystemServer: StartDeviceMonitor
08-13 15:29:14.684 1108 1108 I SystemServiceManager: Starting com.android.server.storage.DeviceStorageMonitorService
08-13 15:29:14.686 1108 1108 I SystemServer: StartLocationManagerService
08-13 15:29:14.690 1108 1108 I SystemServer: StartCountryDetectorService
08-13 15:29:14.691 1108 1108 I SystemServer: StartSearchManagerService
08-13 15:29:14.691 1108 1108 I SystemServiceManager: Starting com.android.server.search.SearchManagerService$Lifecycle
08-13 15:29:14.693 1108 1108 I SystemServer: StartWallpaperManagerService
08-13 15:29:14.694 1108 1108 I SystemServiceManager: Starting com.android.server.wallpaper.WallpaperManagerService$Lifecycle
08-13 15:29:14.696 1108 1108 I WallpaperManagerService: No static wallpaper imagery; defaults will be shown
08-13 15:29:14.715 1108 1140 I UsageStatsService: User[0] Rollover scheduled @ 2018-06-13 16:41:52(1528879312042)
08-13 15:29:14.715 1108 1140 I UsageStatsService: User[0] Rolling over usage stats
08-13 15:29:14.715 1108 1108 I SystemServer: StartAudioService
08-13 15:29:14.716 1108 1108 I SystemServiceManager: Starting com.android.server.audio.AudioService$Lifecycle
08-13 15:29:14.736 1108 1108 I SystemServer: StartDockObserver
08-13 15:29:14.736 1108 1108 I SystemServiceManager: Starting com.android.server.DockObserver
08-13 15:29:14.738 1108 1108 W DockObserver: This kernel does not have dock station support
08-13 15:29:14.738 1108 1108 I SystemServer: StartWiredAccessoryManager
08-13 15:29:14.739 1108 1108 W WiredAccessoryManager: This kernel does not have usb audio support
08-13 15:29:14.739 1108 1108 I SystemServer: StartMidiManager
08-13 15:29:14.739 1108 1108 I SystemServiceManager: Starting com.android.server.midi.MidiService$Lifecycle
08-13 15:29:14.740 1108 1108 I SystemServer: StartUsbService
08-13 15:29:14.740 1108 1108 I SystemServiceManager: Starting com.android.server.usb.UsbService$Lifecycle
08-13 15:29:14.742 1108 1108 E UsbDeviceManager: failed to write to /sys/class/android_usb/android0/f_rndis/ethaddr
08-13 15:29:14.745 1108 1237 I UsbPortManager: Usb hal service started android.hardware.usb@1.0::IUsb default
08-13 15:29:14.748 1108 1108 I SystemServer: StartSerialService
08-13 15:29:14.748 1108 1108 I SystemServer: StartHardwarePropertiesManagerService
08-13 15:29:14.749 1108 1108 I SystemServer: StartTwilightService
08-13 15:29:14.749 1108 1108 I SystemServiceManager: Starting com.android.server.twilight.TwilightService
08-13 15:29:14.749 1108 1108 I SystemServer: StartNightDisplay
08-13 15:29:14.749 1108 1108 I SystemServiceManager: Starting com.android.server.display.NightDisplayService
08-13 15:29:14.750 1108 1108 I SystemServer: StartJobScheduler
08-13 15:29:14.750 1108 1108 I SystemServiceManager: Starting com.android.server.job.JobSchedulerService
08-13 15:29:14.756 1108 1108 D JobStore: Start tag: job-info
08-13 15:29:14.762 1108 1108 I JobStore: Read 59 jobs
08-13 15:29:14.763 1108 1108 D ConnectivityService: requestNetwork for uid/pid:1000/1108 NetworkRequest [ TRACK_DEFAULT id=3, [ Capabilities: INTERNET&NOT_RESTRICTED&TRUSTED&NOT_VPN] ]
08-13 15:29:14.771 1108 1108 I SystemServer: StartSoundTrigger
08-13 15:29:14.771 1108 1108 I SystemServiceManager: Starting com.android.server.soundtrigger.SoundTriggerService
08-13 15:29:14.771 1108 1108 I SystemServer: StartTrustManager
08-13 15:29:14.772 1108 1108 I SystemServiceManager: Starting com.android.server.trust.TrustManagerService
08-13 15:29:14.773 1108 1108 I SystemServer: StartBackupManager
08-13 15:29:14.773 1108 1108 I SystemServiceManager: Starting com.android.server.backup.BackupManagerService$Lifecycle
08-13 15:29:14.774 1108 1108 I SystemServer: StartAppWidgerService
08-13 15:29:14.774 1108 1108 I SystemServiceManager: Starting com.android.server.appwidget.AppWidgetService
08-13 15:29:14.777 1108 1108 I SystemServer: StartVoiceRecognitionManager
08-13 15:29:14.777 1108 1108 I SystemServiceManager: Starting com.android.server.voiceinteraction.VoiceInteractionManagerService
08-13 15:29:14.778 1108 1108 I SystemServer: StartGestureLauncher
08-13 15:29:14.778 1108 1108 I SystemServiceManager: Starting com.android.server.GestureLauncherService
08-13 15:29:14.778 1108 1108 I SystemServer: StartSensorNotification
08-13 15:29:14.779 1108 1108 I SystemServiceManager: Starting com.android.server.SensorNotificationService
08-13 15:29:14.779 1108 1108 I SystemServer: StartContextHubSystemService
08-13 15:29:14.779 1108 1108 I SystemServiceManager: Starting com.android.server.ContextHubSystemService
08-13 15:29:14.779 1108 1108 I SystemServer: StartDiskStatsService
08-13 15:29:14.780 1108 1108 I SystemServer: StartTimeZoneRulesManagerService
08-13 15:29:14.780 1108 1108 I SystemServiceManager: Starting com.android.server.timezone.RulesManagerService$Lifecycle
08-13 15:29:14.790 1108 1108 D timezone.PackageTracker: Update app com.android.timezone.updater is valid.
08-13 15:29:14.790 1108 1108 D timezone.PackageTracker: Data app com.google.android.timezone.data is valid.
08-13 15:29:14.790 1108 1108 D timezone.TimeZoneUpdateIdler: schedule() called: minimumDelayMillis=360000
08-13 15:29:14.791 1108 1108 I timezone.PackageTracker: Time zone updater / data package tracking enabled
08-13 15:29:14.791 1108 1108 I SystemServer: StartNetworkTimeUpdateService
08-13 15:29:14.791 1108 1108 I SystemServer: StartCommonTimeManagementService
08-13 15:29:14.792 1108 1108 I SystemServer: CertBlacklister
08-13 15:29:14.792 1108 1108 I SystemServer: StartEmergencyAffordanceService
08-13 15:29:14.793 1108 1108 I SystemServiceManager: Starting com.android.server.emergency.EmergencyAffordanceService
08-13 15:29:14.793 1108 1108 I SystemServer: StartDreamManager
08-13 15:29:14.793 1108 1108 I SystemServiceManager: Starting com.android.server.dreams.DreamManagerService
08-13 15:29:14.794 1108 1108 I SystemServer: AddGraphicsStatsService
08-13 15:29:14.796 1108 1108 I SystemServer: StartPrintManager
08-13 15:29:14.796 1108 1108 I SystemServiceManager: Starting com.android.server.print.PrintManagerService
08-13 15:29:14.798 1108 1108 I SystemServer: StartCompanionDeviceManager
08-13 15:29:14.798 1108 1108 I SystemServiceManager: Starting com.android.server.companion.CompanionDeviceManagerService
08-13 15:29:14.799 1108 1108 I SystemServer: StartRestrictionManager
08-13 15:29:14.799 1108 1108 I SystemServiceManager: Starting com.android.server.restrictions.RestrictionsManagerService
08-13 15:29:14.800 1108 1108 I SystemServer: StartMediaSessionService
08-13 15:29:14.800 1108 1108 I SystemServiceManager: Starting com.android.server.media.MediaSessionService
08-13 15:29:14.801 1108 1108 I SystemServer: StartMediaResourceMonitor
08-13 15:29:14.801 1108 1108 I SystemServiceManager: Starting com.android.server.media.MediaResourceMonitorService
08-13 15:29:14.802 1108 1108 I SystemServer: StartMediaRouterService
08-13 15:29:14.803 1108 1108 I SystemServer: StartFingerprintSensor
08-13 15:29:14.803 1108 1108 I SystemServiceManager: Starting com.android.server.fingerprint.FingerprintService
08-13 15:29:14.804 1108 1135 V FingerprintService: mDeamon was null, reconnect to fingerprint
08-13 15:29:14.804 1108 1108 I SystemServer: StartBackgroundDexOptService
08-13 15:29:14.805 1108 1108 I SystemServer: StartPruneInstantAppsJobService
08-13 15:29:14.805 1108 1108 I SystemServer: StartShortcutServiceLifecycle
08-13 15:29:14.805 1108 1108 I SystemServiceManager: Starting com.android.server.pm.ShortcutService$Lifecycle
08-13 15:29:14.806 1108 1135 V FingerprintService: Fingerprint HAL id: 479973274080
08-13 15:29:14.807 1108 1108 I SystemServer: StartLauncherAppsService
08-13 15:29:14.807 1108 1108 I SystemServiceManager: Starting com.android.server.pm.LauncherAppsService
08-13 15:29:14.810 1108 1108 I SystemServer: StartMediaProjectionManager
08-13 15:29:14.810 1108 1108 I SystemServiceManager: Starting com.android.server.media.projection.MediaProjectionManagerService
08-13 15:29:14.812 1108 1108 I SystemServer: StartCameraServiceProxy
08-13 15:29:14.812 1108 1108 I SystemServiceManager: Starting com.android.server.camera.CameraServiceProxy
08-13 15:29:14.814 1108 1108 I SystemServer: StartJitCompilation
08-13 15:29:14.814 1108 1108 I SystemServer: StartMmsService
08-13 15:29:14.814 1108 1108 I SystemServiceManager: Starting com.android.server.MmsServiceBroker
08-13 15:29:14.815 1108 1108 I SystemServer: StartAutoFillService
08-13 15:29:14.815 1108 1108 I SystemServiceManager: Starting com.android.server.autofill.AutofillManagerService
08-13 15:29:14.816 1108 1108 I AutofillManagerService: Setting debug to false
08-13 15:29:14.817 1108 1108 I SystemServer: MakeVibratorServiceReady
08-13 15:29:14.817 1108 1108 I SystemServer: MakeLockSettingsServiceReady
08-13 15:29:14.832 625 1248 I vold : Trimmed 20951040 bytes on /persist in 621ms
08-13 15:29:14.832 625 1248 D vold : Starting trim of /data
08-13 15:29:14.832 1108 1242 D VoldConnector: RCV <- {662 /persist 20951040 621146781}
08-13 15:29:14.855 1108 1140 I UsageStatsService: User[0] Rollover scheduled @ 2018-08-14 15:29:13(1534231753996)
08-13 15:29:14.855 1108 1140 I UsageStatsService: User[0] Rolling over usage stats complete. Took 141 milliseconds
08-13 15:29:14.872 1108 1108 E LockSettingsStorage: Cannot read file java.io.FileNotFoundException: /data/system/gatekeeper.password.key: open failed: ENOENT (No such file or directory)
08-13 15:29:14.872 1108 1108 E LockSettingsStorage: Cannot read file java.io.FileNotFoundException: /data/system/password.key: open failed: ENOENT (No such file or directory)
08-13 15:29:14.873 1108 1108 E LockSettingsStorage: Cannot read file java.io.FileNotFoundException: /data/system/gatekeeper.pattern.key: open failed: ENOENT (No such file or directory)
08-13 15:29:14.873 1108 1108 E LockSettingsStorage: Cannot read file java.io.FileNotFoundException: /data/system/gatekeeper.gesture.key: open failed: ENOENT (No such file or directory)
08-13 15:29:14.873 1108 1108 E LockSettingsStorage: Cannot read file java.io.FileNotFoundException: /data/system/gesture.key: open failed: ENOENT (No such file or directory)
08-13 15:29:14.873 1108 1108 I SystemServer: StartBootPhaseLockSettingsReady
08-13 15:29:14.873 1108 1108 I SystemServiceManager: Starting phase 480
08-13 15:29:14.913 1108 1108 I DevicePolicyManager: Set ro.device_owner property to false
08-13 15:29:14.915 1108 1108 I SystemServer: StartBootPhaseSystemServicesReady
08-13 15:29:14.915 1108 1108 I SystemServiceManager: Starting phase 500
08-13 15:29:14.920 1108 1108 I ConditionProviders: Allowing condition provider com.google.vr.vrcore
08-13 15:29:14.921 1108 1108 I ConditionProviders: Allowing condition provider com.google.vr.vrcore/com.google.vr.vrcore.notification.VrNotificationService
08-13 15:29:14.921 1108 1108 I NotificationListeners: Allowing notification listener com.google.vr.vrcore/com.google.vr.vrcore.notification.VrNotificationService
08-13 15:29:14.921 1108 1108 V NotificationListeners: enabling notification listener for 0: ComponentInfo{com.google.vr.vrcore/com.google.vr.vrcore.notification.VrNotificationService}
08-13 15:29:14.921 1108 1108 V NotificationListeners: binding: Intent { act=android.service.notification.NotificationListenerService cmp=com.google.vr.vrcore/.notification.VrNotificationService (has extras) }
08-13 15:29:14.923 1108 1108 W ActivityManager: Unable to start service Intent { act=android.service.notification.NotificationListenerService cmp=com.google.vr.vrcore/.notification.VrNotificationService } U=0: not found
08-13 15:29:14.923 1108 1108 W NotificationListeners: Unable to bind notification listener service: Intent { act=android.service.notification.NotificationListenerService cmp=com.google.vr.vrcore/.notification.VrNotificationService (has extras) }
08-13 15:29:14.923 1108 1108 V NotificationListeners: enabling notification listener for 0: ComponentInfo{com.google.android.apps.nexuslauncher/com.android.launcher3.notification.NotificationListener}
08-13 15:29:14.923 1108 1108 V NotificationListeners: binding: Intent { act=android.service.notification.NotificationListenerService cmp=com.google.android.apps.nexuslauncher/com.android.launcher3.notification.NotificationListener (has extras) }
08-13 15:29:14.923 1108 1108 W ActivityManager: Unable to start service Intent { act=android.service.notification.NotificationListenerService cmp=com.google.android.apps.nexuslauncher/com.android.launcher3.notification.NotificationListener } U=0: not found
08-13 15:29:14.923 1108 1108 W NotificationListeners: Unable to bind notification listener service: Intent { act=android.service.notification.NotificationListenerService cmp=com.google.android.apps.nexuslauncher/com.android.launcher3.notification.NotificationListener (has extras) }
08-13 15:29:14.926 1108 1108 I WifiService: WifiService starting up with Wi-Fi enabled
08-13 15:29:14.931 1108 1108 D WifiService: setWifiEnabled: true pid=1108, uid=1000, package=android
08-13 15:29:14.932 738 738 I android.hardware.wifi@1.0-service: Wifi HAL started
08-13 15:29:14.935 1108 1287 D ConnectivityService: Got NetworkFactory Messenger for WIFI_AWARE_FACTORY
08-13 15:29:14.937 1108 1287 D ConnectivityService: Got NetworkFactory Messenger for Ethernet
08-13 15:29:14.942 1108 1108 I SystemServer: MakeWindowManagerServiceReady
08-13 15:29:14.945 1108 1108 I SystemServer: MakePowerManagerServiceReady
08-13 15:29:14.949 1108 1156 W KeyguardServiceDelegate: onScreenTurningOn(): no keyguard service!
08-13 15:29:14.949 1108 1108 I SystemServer: MakePackageManagerServiceReady
08-13 15:29:14.959 1108 1108 V UserDataPreparer: Found /data/user_de/0 with serial number 0
08-13 15:29:14.959 1108 1108 V UserDataPreparer: Found /data/user/0 with serial number 0
08-13 15:29:14.959 1108 1108 V UserDataPreparer: Found /data/system_de/0 with serial number 0
08-13 15:29:14.960 1108 1108 V UserDataPreparer: Found /data/system_ce/0 with serial number 0
08-13 15:29:14.960 1108 1108 V UserDataPreparer: Found /data/misc_ce/0 with serial number 0
08-13 15:29:14.960 1108 1108 I SystemServer: MakeDisplayManagerServiceReady
08-13 15:29:14.961 1108 1108 I ActivityManager: System now ready
08-13 15:29:14.962 1108 1108 I ActivityManager: Config changes=100 {1.0 ?mcc?mnc [en_US] ldltr sw411dp w411dp h659dp 420dpi nrml port finger -keyb/v/h -nav/h appBounds=Rect(0, 0 - 1080, 1794) s.5}
08-13 15:29:14.963 1108 1208 I PackageManager: Deferred reconcileAppsData finished 142 packages
08-13 15:29:14.965 1108 1108 I ActivityManager: Override config changes=100 {1.0 ?mcc?mnc [en_US] ldltr sw411dp w411dp h659dp 420dpi nrml port finger -keyb/v/h -nav/h appBounds=Rect(0, 0 - 1080, 1794) s.5} for displayId=0
08-13 15:29:14.967 1108 1108 I SystemServer: Making services ready
08-13 15:29:14.967 1108 1108 I SystemServer: StartActivityManagerReadyPhase
08-13 15:29:14.967 1108 1108 I SystemServiceManager: Starting phase 550
08-13 15:29:14.968 1108 1154 I ActivityManager: Config changes=4100 {1.0 ?mcc?mnc [en_US] ldltr sw411dp w411dp h659dp 420dpi nrml widecg port finger -keyb/v/h -nav/h appBounds=Rect(0, 0 - 1080, 1794) s.6}
08-13 15:29:14.970 1108 1154 I ActivityManager: Override config changes=4100 {1.0 ?mcc?mnc [en_US] ldltr sw411dp w411dp h659dp 420dpi nrml widecg port finger -keyb/v/h -nav/h appBounds=Rect(0, 0 - 1080, 1794) s.6} for displayId=0
08-13 15:29:15.109 1108 1108 W SystemServiceManager: Service com.android.server.content.ContentService$Lifecycle took 136 ms in onBootPhase
08-13 15:29:15.109 1108 1108 D BluetoothManagerService: Bluetooth boot completed
08-13 15:29:15.123 735 756 I android.hardware.wifi.offload@1.0-service: Wifi Offload Nano app found
08-13 15:29:15.123 735 756 I android.hardware.wifi.offload@1.0-service: Version: 65536
08-13 15:29:15.342 1108 1108 I ActivityManager: Start proc 1410:com.google.android.inputmethod.latin/u0a81 for service com.google.android.inputmethod.latin/com.android.inputmethod.latin.LatinIME
08-13 15:29:15.343 1108 1108 W SystemServiceManager: Service com.android.server.InputMethodManagerService$Lifecycle took 233 ms in onBootPhase
08-13 15:29:15.343 1108 1240 D StorageManagerService: Thinking about init, mSystemReady=true, mDaemonConnected=true
08-13 15:29:15.343 1108 1240 D StorageManagerService: Thinking about reset, mSystemReady=true, mDaemonConnected=true
08-13 15:29:15.343 1108 1240 D VoldConnector: SND -> {4 volume reset}
08-13 15:29:15.343 1108 1143 I ActivityManager: Force stopping com.android.providers.media appid=10012 user=-1: vold reset
08-13 15:29:15.344 1108 1108 W TextServicesManagerService: no available spell checker services found
08-13 15:29:15.344 1108 1242 D VoldConnector: RCV <- {651 emulated 7}
08-13 15:29:15.344 1108 1242 D VoldConnector: RCV <- {659 emulated}
08-13 15:29:15.344 1108 1242 D VoldConnector: RCV <- {650 emulated 2 "" ""}
08-13 15:29:15.344 1108 1242 D VoldConnector: RCV <- {651 emulated 0}
08-13 15:29:15.345 1108 1242 D VoldConnector: RCV <- {200 4 Command succeeded}
08-13 15:29:15.345 1108 1240 D VoldConnector: SND -> {5 volume user_added 0 0}
08-13 15:29:15.345 1108 1152 V StorageManagerService: Found primary storage at VolumeInfo{emulated}:
08-13 15:29:15.345 1108 1152 V StorageManagerService: type=EMULATED diskId=null partGuid=null mountFlags=0 mountUserId=-1
08-13 15:29:15.345 1108 1152 V StorageManagerService: state=UNMOUNTED
08-13 15:29:15.345 1108 1152 V StorageManagerService: fsType=null fsUuid=null fsLabel=null
08-13 15:29:15.345 1108 1152 V StorageManagerService: path=null internalPath=null
08-13 15:29:15.345 1108 1242 D VoldConnector: RCV <- {200 5 Command succeeded}
08-13 15:29:15.345 1108 1108 D UsbAlsaManager: Adding ALSA device AlsaDevice: [card: 0, device: 39, type: 2]
08-13 15:29:15.345 1108 1108 D UsbAlsaManager: Adding ALSA device AlsaDevice: [card: 0, device: 39, type: 1]
08-13 15:29:15.345 1108 1108 D UsbAlsaManager: Adding ALSA device AlsaDevice: [card: 0, device: 38, type: 2]
08-13 15:29:15.345 1108 1108 D UsbAlsaManager: Adding ALSA device AlsaDevice: [card: 0, device: 38, type: 1]
08-13 15:29:15.345 1108 1108 D UsbAlsaManager: Adding ALSA device AlsaDevice: [card: 0, device: 37, type: 2]
08-13 15:29:15.345 1108 1108 D UsbAlsaManager: Adding ALSA device AlsaDevice: [card: 0, device: 36, type: 1]
08-13 15:29:15.345 1108 1108 D UsbAlsaManager: Adding ALSA device AlsaDevice: [card: 0, device: 35, type: 2]
08-13 15:29:15.345 1108 1108 D UsbAlsaManager: Adding ALSA device AlsaDevice: [card: 0, device: 34, type: 2]
08-13 15:29:15.345 1108 1108 D UsbAlsaManager: Adding ALSA device AlsaDevice: [card: 0, device: 27, type: 2]
08-13 15:29:15.345 1108 1108 D UsbAlsaManager: Adding ALSA device AlsaDevice: [card: 0, device: 27, type: 1]
08-13 15:29:15.345 1108 1108 D UsbAlsaManager: Adding ALSA device AlsaDevice: [card: 0, device: 26, type: 2]
08-13 15:29:15.345 1108 1108 D UsbAlsaManager: Adding ALSA device AlsaDevice: [card: 0, device: 25, type: 2]
08-13 15:29:15.345 1108 1108 D UsbAlsaManager: Adding ALSA device AlsaDevice: [card: 0, device: 24, type: 2]
08-13 15:29:15.345 1108 1108 D UsbAlsaManager: Adding ALSA device AlsaDevice: [card: 0, device: 23, type: 2]
08-13 15:29:15.345 1108 1108 D UsbAlsaManager: Adding ALSA device AlsaDevice: [card: 0, device: 22, type: 2]
08-13 15:29:15.345 1108 1108 D UsbAlsaManager: Adding ALSA device AlsaDevice: [card: 0, device: 21, type: 2]
08-13 15:29:15.345 1108 1108 D UsbAlsaManager: Adding ALSA device AlsaDevice: [card: 0, device: 20, type: 2]
08-13 15:29:15.345 1108 1108 D UsbAlsaManager: Adding ALSA device AlsaDevice: [card: 0, device: 19, type: 2]
08-13 15:29:15.345 1108 1108 D UsbAlsaManager: Adding ALSA device AlsaDevice: [card: 0, device: 19, type: 1]
08-13 15:29:15.345 1108 1108 D UsbAlsaManager: Adding ALSA device AlsaDevice: [card: 0, device: 18, type: 1]
08-13 15:29:15.346 1108 1108 D UsbAlsaManager: Adding ALSA device AlsaDevice: [card: 0, device: 17, type: 2]
08-13 15:29:15.346 1108 1108 D UsbAlsaManager: Adding ALSA device AlsaDevice: [card: 0, device: 17, type: 1]
08-13 15:29:15.346 1108 1108 D UsbAlsaManager: Adding ALSA device AlsaDevice: [card: 0, device: 16, type: 2]
08-13 15:29:15.346 1108 1108 D UsbAlsaManager: Adding ALSA device AlsaDevice: [card: 0, device: 16, type: 1]
08-13 15:29:15.346 1108 1108 D UsbAlsaManager: Adding ALSA device AlsaDevice: [card: 0, device: 14, type: 2]
08-13 15:29:15.346 1108 1108 D UsbAlsaManager: Adding ALSA device AlsaDevice: [card: 0, device: 13, type: 2]
08-13 15:29:15.346 1108 1108 D UsbAlsaManager: Adding ALSA device AlsaDevice: [card: 0, device: 13, type: 1]
08-13 15:29:15.346 1108 1108 D UsbAlsaManager: Adding ALSA device AlsaDevice: [card: 0, device: 12, type: 2]
08-13 15:29:15.346 1108 1108 D UsbAlsaManager: Adding ALSA device AlsaDevice: [card: 0, device: 12, type: 1]
08-13 15:29:15.346 1108 1108 D UsbAlsaManager: Adding ALSA device AlsaDevice: [card: 0, device: 11, type: 2]
08-13 15:29:15.346 1108 1108 D UsbAlsaManager: Adding ALSA device AlsaDevice: [card: 0, device: 11, type: 1]
08-13 15:29:15.346 1108 1108 D UsbAlsaManager: Adding ALSA device AlsaDevice: [card: 0, device: 10, type: 2]
08-13 15:29:15.346 1108 1108 D UsbAlsaManager: Adding ALSA device AlsaDevice: [card: 0, device: 10, type: 1]
08-13 15:29:15.346 1108 1108 D UsbAlsaManager: Adding ALSA device AlsaDevice: [card: 0, device: 9, type: 2]
08-13 15:29:15.346 1108 1108 D UsbAlsaManager: Adding ALSA device AlsaDevice: [card: 0, device: 9, type: 1]
08-13 15:29:15.346 1108 1108 D UsbAlsaManager: Adding ALSA device AlsaDevice: [card: 0, device: 7, type: 2]
08-13 15:29:15.346 1108 1108 D UsbAlsaManager: Adding ALSA device AlsaDevice: [card: 0, device: 6, type: 1]
08-13 15:29:15.346 1108 1108 D UsbAlsaManager: Adding ALSA device AlsaDevice: [card: 0, device: 5, type: 2]
08-13 15:29:15.346 1108 1240 D VoldConnector: SND -> {6 volume mount emulated 3 -1}
08-13 15:29:15.346 1108 1108 D UsbAlsaManager: Adding ALSA device AlsaDevice: [card: 0, device: 5, type: 1]
08-13 15:29:15.346 1108 1315 D BluetoothManagerService: Trying to bind to profile: 1, while Bluetooth was disabled
08-13 15:29:15.346 1108 1108 D UsbAlsaManager: Adding ALSA device AlsaDevice: [card: 0, device: 4, type: 2]
08-13 15:29:15.346 1108 1108 D UsbAlsaManager: Adding ALSA device AlsaDevice: [card: 0, device: 4, type: 1]
08-13 15:29:15.346 1108 1108 D UsbAlsaManager: Adding ALSA device AlsaDevice: [card: 0, device: 3, type: 2]
08-13 15:29:15.346 1108 1108 D UsbAlsaManager: Adding ALSA device AlsaDevice: [card: 0, device: 3, type: 1]
08-13 15:29:15.346 1108 1108 D UsbAlsaManager: Adding ALSA device AlsaDevice: [card: 0, device: 2, type: 2]
08-13 15:29:15.346 1108 1108 D UsbAlsaManager: Adding ALSA device AlsaDevice: [card: 0, device: 2, type: 1]
08-13 15:29:15.346 1108 1108 D UsbAlsaManager: Adding ALSA device AlsaDevice: [card: 0, device: 1, type: 2]
08-13 15:29:15.346 1108 1108 D UsbAlsaManager: Adding ALSA device AlsaDevice: [card: 0, device: 1, type: 1]
08-13 15:29:15.346 1108 1108 D UsbAlsaManager: Adding ALSA device AlsaDevice: [card: 0, device: 0, type: 2]
08-13 15:29:15.346 1108 1108 D UsbAlsaManager: Adding ALSA device AlsaDevice: [card: 0, device: 0, type: 1]
08-13 15:29:15.347 1108 1242 D VoldConnector: RCV <- {651 emulated 1}
08-13 15:29:15.348 625 632 V vold : Waiting for FUSE to spin up...
08-13 15:29:15.348 1108 1237 I UsbPortManager: ClientCallback: port0
08-13 15:29:15.348 1108 1242 D VoldConnector: RCV <- {656 emulated /data/media}
08-13 15:29:15.349 1108 1108 I SystemServer: StartObservingNativeCrashes
08-13 15:29:15.349 1108 1242 D VoldConnector: RCV <- {655 emulated /storage/emulated}
08-13 15:29:15.349 1108 1212 I SystemServer: WebViewFactoryPreparation
08-13 15:29:15.349 1108 1152 I UsbPortManager: USB port added: port=UsbPort{id=port0, supportedModes=dual}, status=UsbPortStatus{connected=false, currentMode=none, currentPowerRole=no-power, currentDataRole=no-data, supportedRoleCombinations=[no-power:no-data]}, canChangeMode=true, canChangePowerRole=false, canChangeDataRole=false
08-13 15:29:15.350 1108 1108 I SystemServer: StartSystemUI
08-13 15:29:15.367 1108 1143 I ActivityManager: Start proc 1429:com.google.modemservice/1001 for broadcast com.google.modemservice/.StateChangeReceiver
08-13 15:29:15.378 1108 1108 I ActivityManager: Start proc 1443:com.android.systemui/u0a60 for service com.android.systemui/.SystemUIService
08-13 15:29:15.381 1108 1108 I SystemServer: MakeNetworkScoreReady
08-13 15:29:15.399 1108 1242 D VoldConnector: RCV <- {651 emulated 2}
08-13 15:29:15.399 1108 1242 D VoldConnector: RCV <- {200 6 Command succeeded}
08-13 15:29:15.407 1108 1212 I ActivityManager: Start proc 1464:WebViewLoader-armeabi-v7a/1037 [android.webkit.WebViewLibraryLoader$RelroFileCreator] for
08-13 15:29:15.418 1108 1212 I ActivityManager: Start proc 1472:WebViewLoader-arm64-v8a/1037 [android.webkit.WebViewLibraryLoader$RelroFileCreator] for
08-13 15:29:15.420 1108 1108 I SystemServer: MakeNetworkManagementServiceReady
08-13 15:29:15.420 1108 1108 D NetworkManagement: enabling bandwidth control
08-13 15:29:15.429 1108 1108 I SystemServer: MakeNetworkStatsServiceReady
08-13 15:29:15.456 1108 1108 I SystemServer: MakeConnectivityServiceReady
08-13 15:29:15.457 1108 1251 D NetworkPolicy: setRestrictBackgroundUL(): false
08-13 15:29:15.466 1108 1452 I ActivityManager: Start proc 1509:com.qualcomm.qcrilmsgtunnel/1001 for service com.qualcomm.qcrilmsgtunnel/.QcrilMsgTunnelService
08-13 15:29:15.503 1108 1108 I SystemServer: MakeNetworkPolicyServiceReady
08-13 15:29:15.503 1108 1108 I SystemServer: StartWatchdog
08-13 15:29:15.508 1108 1108 I SystemServer: PhaseThirdPartyAppsCanStart
08-13 15:29:15.508 1108 1108 I SystemServiceManager: Starting phase 600
