08-13 16:11:39.792 715 2118 D audio_hw_primary: enable_audio_route: usecase(1) apply and update mixer path: low-latency-playback speaker
08-13 16:11:39.792 715 2118 D audio_route: Apply path: low-latency-playback speaker
08-13 16:11:39.792 2081 2096 E ANDR-PERF-RESOURCEQS: Failed to apply optimization [2, 0]
08-13 16:11:39.820 715 2118 D audio_hw_primary: out_write: retry previous failed cal level set
08-13 16:11:39.836 1443 1443 I Elmyra/ElmyraService: Gated by NavigationBarVisibility [mIsNavigationHidden -> true; mExceptions -> [DismissTimer [mReceiverRegistered -> true], SnoozeAlarm [mReceiverRegistered -> true], SilenceCall [mSilenceSettingEnabled -> true], ServiceAction]]
08-13 16:11:39.848 1108 2327 I ActivityManager: START u0 {act=com.antutu.benchmark.full.RUN_3D flg=0x14000000 pkg=com.antutu.benchmark.full cmp=com.antutu.benchmark.full/.TransferActivity (has extras)} from uid 10125
08-13 16:11:39.871 1108 1119 I ActivityManager: Start proc 6862:com.antutu.benchmark.full/u0a126 for activity com.antutu.benchmark.full/.TransferActivity
08-13 16:11:39.887 1443 1443 I Elmyra/ElmyraService: Unblocked; current action: SetupWizardAction
08-13 16:11:39.893 6862 6876 D libEGL : loaded /vendor/lib/egl/libEGL_adreno.so
08-13 16:11:39.902 6862 6876 D libEGL : loaded /vendor/lib/egl/libGLESv1_CM_adreno.so
08-13 16:11:39.913 6862 6876 D libEGL : loaded /vendor/lib/egl/libGLESv2_adreno.so
08-13 16:11:39.916 1108 1119 I ActivityManager: START u0 {act=android.content.pm.action.REQUEST_PERMISSIONS pkg=com.google.android.packageinstaller cmp=com.google.android.packageinstaller/com.android.packageinstaller.permission.ui.GrantPermissionsActivity (has extras)} from uid 10126
08-13 16:11:39.918 1108 1119 W ActivityManager: startActivity called from finishing ActivityRecord{ac7192a u0 com.antutu.benchmark.full/.TransferActivity t88 f}; forcing Intent.FLAG_ACTIVITY_NEW_TASK for: Intent { act=android.content.pm.action.REQUEST_PERMISSIONS flg=0x800000 pkg=com.google.android.packageinstaller cmp=com.google.android.packageinstaller/com.android.packageinstaller.permission.ui.GrantPermissionsActivity (has extras) }
08-13 16:11:39.935 1108 1119 I ActivityManager: Start proc 6877:com.google.android.packageinstaller/u0a53 for activity com.google.android.packageinstaller/com.android.packageinstaller.permission.ui.GrantPermissionsActivity
08-13 16:11:39.950 6877 6877 I zygote64: The ClassLoaderContext is a special shared library.
08-13 16:11:39.958 6877 6891 D libEGL : loaded /vendor/lib64/egl/libEGL_adreno.so
08-13 16:11:39.966 6877 6891 D libEGL : loaded /vendor/lib64/egl/libGLESv1_CM_adreno.so
08-13 16:11:39.967 6877 6877 I GrantPermissionsActivity: No package: null
08-13 16:11:39.967 6877 6877 I GrantPermissionsActivity: android.content.pm.PackageManager$NameNotFoundException
08-13 16:11:39.967 6877 6877 I GrantPermissionsActivity: at android.app.ApplicationPackageManager.getPackageInfoAsUser(ApplicationPackageManager.java:173)
08-13 16:11:39.967 6877 6877 I GrantPermissionsActivity: at android.app.ApplicationPackageManager.getPackageInfo(ApplicationPackageManager.java:144)
08-13 16:11:39.967 6877 6877 I GrantPermissionsActivity: at com.android.packageinstaller.permission.ui.GrantPermissionsActivity.getCallingPackageInfo(GrantPermissionsActivity.java:412)
08-13 16:11:39.967 6877 6877 I GrantPermissionsActivity: at com.android.packageinstaller.permission.ui.GrantPermissionsActivity.onCreate(GrantPermissionsActivity.java:114)
08-13 16:11:39.967 6877 6877 I GrantPermissionsActivity: at android.app.Activity.performCreate(Activity.java:6999)
08-13 16:11:39.967 6877 6877 I GrantPermissionsActivity: at android.app.Activity.performCreate(Activity.java:6990)
08-13 16:11:39.967 6877 6877 I GrantPermissionsActivity: at android.app.Instrumentation.callActivityOnCreate(Instrumentation.java:1214)
08-13 16:11:39.967 6877 6877 I GrantPermissionsActivity: at android.app.ActivityThread.performLaunchActivity(ActivityThread.java:2731)
08-13 16:11:39.967 6877 6877 I GrantPermissionsActivity: at android.app.ActivityThread.handleLaunchActivity(ActivityThread.java:2856)
08-13 16:11:39.967 6877 6877 I GrantPermissionsActivity: at android.app.ActivityThread.-wrap11(Unknown Source:0)
08-13 16:11:39.967 6877 6877 I GrantPermissionsActivity: at android.app.ActivityThread$H.handleMessage(ActivityThread.java:1589)
08-13 16:11:39.967 6877 6877 I GrantPermissionsActivity: at android.os.Handler.dispatchMessage(Handler.java:106)
08-13 16:11:39.967 6877 6877 I GrantPermissionsActivity: at android.os.Looper.loop(Looper.java:164)
08-13 16:11:39.967 6877 6877 I GrantPermissionsActivity: at android.app.ActivityThread.main(ActivityThread.java:6494)
08-13 16:11:39.967 6877 6877 I GrantPermissionsActivity: at java.lang.reflect.Method.invoke(Native Method)
08-13 16:11:39.967 6877 6877 I GrantPermissionsActivity: at com.android.internal.os.RuntimeInit$MethodAndArgsCaller.run(RuntimeInit.java:438)
08-13 16:11:39.967 6877 6877 I GrantPermissionsActivity: at com.android.internal.os.ZygoteInit.main(ZygoteInit.java:807)
08-13 16:11:39.974 6877 6891 D libEGL : loaded /vendor/lib64/egl/libGLESv2_adreno.so
08-13 16:11:42.057 2279 6618 I chatty : uid=10125 com.antutu.ABenchMark:push expire 3 lines
08-13 16:11:42.293 1108 2327 I ActivityManager: START u0 {act=com.antutu.benchmark.full.3D_RUN flg=0x14000000 cmp=com.antutu.ABenchMark/com.antutu.benchmark.ui.test.activity.RefineryTransferActivity (has extras)} from uid 10125
08-13 16:11:42.349 1108 2327 I ActivityManager: Start proc 6895:com.antutu.ABenchMark:transfer/u0a125 for activity com.antutu.ABenchMark/com.antutu.benchmark.ui.test.activity.RefineryTransferActivity
08-13 16:11:42.351 1108 1210 I ActivityManager: Config changes=480 {1.0 ?mcc?mnc [en_US] ldltr sw411dp w683dp h387dp 420dpi nrml widecg land finger -keyb/v/h -nav/h appBounds=Rect(0, 0 - 1794, 1080) s.11}
08-13 16:11:42.356 1108 1210 I ActivityManager: Override config changes=480 {1.0 ?mcc?mnc [en_US] ldltr sw411dp w683dp h387dp 420dpi nrml widecg land finger -keyb/v/h -nav/h appBounds=Rect(0, 0 - 1794, 1080) s.11} for displayId=0
08-13 16:11:42.360 1108 1315 I chatty : uid=1000(system) AudioService expire 4 lines
08-13 16:11:42.360 715 1173 D audio_route: Apply path: speaker
08-13 16:11:42.385 4284 4284 D GeckoApplication: onConfigurationChanged: en_US, background: false
08-13 16:11:42.385 4284 4284 D GeckoLocales: No selected locale. No correction needed.
08-13 16:11:42.424 6895 6895 I chatty : uid=10125(com.antutu.ABenchMark) expire 18 lines
08-13 16:11:42.429 1108 1452 I chatty : uid=1000(system) Binder:1108_4 expire 12 lines
08-13 16:11:42.431 6895 6912 I chatty : uid=10125(com.antutu.ABenchMark) expire 1 line
08-13 16:11:42.461 1443 1443 D StatusBar: disable
08-13 16:11:42.471 1443 1443 W StatusBar/NavBarView: *** Invalid layout in navigation bar (sizeChanged this=126x1080 cur=126x1038)
08-13 16:11:42.486 1108 1655 W ActivityManager: Unable to start service Intent { pkg=com.xiaomi.xmsf cmp=com.xiaomi.xmsf/.push.service.XMPushService (has extras) } U=0: not found
08-13 16:11:42.512 6895 6938 I chatty : uid=10125(com.antutu.ABenchMark) expire 192 lines
08-13 16:11:42.514 1108 1143 W BroadcastQueue: Background execution not allowed: receiving Intent { act=com.igexin.sdk.action.ZJJ5spRHSxAO0QpkSa6hz8 flg=0x30 (has extras) } to com.antutu.ABenchMark/com.antutu.benchmark.receiver.GeTuiReceiver
08-13 16:11:42.514 2279 2808 I chatty : uid=10125(com.antutu.ABenchMark) Thread-25 expire 4 lines
08-13 16:11:42.525 6895 6943 I chatty : uid=10125(com.antutu.ABenchMark) expire 1 line
08-13 16:11:42.540 2607 6952 I chatty : uid=10125(com.antutu.ABenchMark) expire 14 lines
08-13 16:11:42.594 6895 6968 E ActivityThread: Failed to find provider info for com.facebook.katana.provider.AttributionIdProvider
08-13 16:11:42.598 6895 6970 I chatty : uid=10125(com.antutu.ABenchMark) expire 3 lines
08-13 16:11:42.604 1108 2318 I ActivityManager: START u0 {flg=0x54000000 cmp=com.antutu.ABenchMark/com.antutu.benchmark.ui.test.activity.RefineryActivity (has extras)} from uid 10125
08-13 16:11:42.606 598 1241 E SurfaceFlinger: Failed to find layer (Splash Screen com.antutu.ABenchMark#0) in layer parent (no-parent).
08-13 16:11:42.611 1108 2378 I WindowManager: Screen frozen for +293ms due to AppWindowToken{64ce718 token=Token{7c41800 ActivityRecord{6dd1e83 u0 com.antutu.ABenchMark/com.antutu.benchmark.ui.test.activity.RefineryTransferActivity t84}}}
08-13 16:11:42.624 1108 2378 I ActivityManager: Start proc 6974:com.antutu.ABenchMark:refinery/u0a125 for activity com.antutu.ABenchMark/com.antutu.benchmark.ui.test.activity.RefineryActivity
08-13 16:11:42.645 6974 6974 I chatty : uid=10125(com.antutu.ABenchMark) expire 24 lines
08-13 16:11:42.652 6974 6992 I chatty : uid=10125(com.antutu.ABenchMark) expire 1 line
08-13 16:11:42.711 1108 1143 W BroadcastQueue: Background execution not allowed: receiving Intent { act=com.igexin.sdk.action.ZJJ5spRHSxAO0QpkSa6hz8 flg=0x30 (has extras) } to com.antutu.ABenchMark/com.antutu.benchmark.receiver.GeTuiReceiver
08-13 16:11:42.712 6974 7016 I chatty : uid=10125(com.antutu.ABenchMark) expire 192 lines
08-13 16:11:42.730 6974 7023 I chatty : uid=10125(com.antutu.ABenchMark) expire 3 lines
08-13 16:11:42.796 6974 7044 E ActivityThread: Failed to find provider info for com.facebook.katana.provider.AttributionIdProvider
08-13 16:11:42.804 6974 7046 I chatty : uid=10125(com.antutu.ABenchMark) expire 3 lines
08-13 16:11:42.814 815 815 D NuPlayerDriver: NuPlayerDriver(0xf0cc1000) created, clientPid(6974)
08-13 16:11:42.821 815 7051 D GenericSource: FileSource remote
08-13 16:11:42.822 815 7050 D NuPlayerDriver: notifyListener_l(0xf0cc1000), (1, 0, 0, -1), loop setting(0, 0)
08-13 16:11:42.834 6974 7053 I chatty : uid=10125(com.antutu.ABenchMark) expire 411 lines
08-13 16:11:42.888 1443 1443 I Elmyra/ElmyraService: Gated by NavigationBarVisibility [mIsNavigationHidden -> true; mExceptions -> [DismissTimer [mReceiverRegistered -> true], SnoozeAlarm [mReceiverRegistered -> true], SilenceCall [mSilenceSettingEnabled -> true], ServiceAction]]
08-13 16:11:42.981 715 1173 D audio_hw_primary: disable_audio_route: usecase(1) reset and update mixer path: low-latency-playback speaker
08-13 16:11:42.982 715 1173 D audio_hw_primary: disable_snd_device: snd_device(2: speaker)
08-13 16:11:43.278 1108 1655 I ActivityManager: Process com.antutu.ABenchMark:transfer (pid 6895) has died: cch CEM
08-13 16:11:43.830 2607 2607 I chatty : uid=10125(com.antutu.ABenchMark) expire 27 lines
08-13 16:11:44.087 838 1075 D fpc_fingerprint_hal: nav_loop FPC_NAV_REQUEST_WAIT_IRQ_HIGH
08-13 16:11:44.470 1606 1711 I chatty : uid=1000(system) MainEventThread expire 10 lines
08-13 16:11:45.193 815 815 D NuPlayerDriver: start(0xf0cc1000), state is 4, eos is 0
08-13 16:11:45.193 1108 1655 V MediaRouterService: restoreBluetoothA2dp(false)
08-13 16:11:45.193 815 7050 I GenericSource: start
08-13 16:11:45.203 815 7076 I OMXClient: Treble IOmx obtained
08-13 16:11:45.204 826 1497 I OMXMaster: makeComponentInstance(OMX.google.mp3.decoder) in omx@1.0-service process
08-13 16:11:45.206 826 1497 E OMXNodeInstance: setConfig(0xf00a2fc0:google.mp3.decoder, ConfigPriority(0x6f800002)) ERROR: Undefined(0x80001001)
08-13 16:11:45.206 815 7076 I ACodec : codec does not support config priority (err -2147483648)
08-13 16:11:45.206 826 4900 E OMXNodeInstance: getConfig(0xf00a2fc0:google.mp3.decoder, ConfigAndroidVendorExtension(0x6f100004)) ERROR: Undefined(0x80001001)
08-13 16:11:45.207 815 7076 I MediaCodec: MediaCodec will operate in async mode
08-13 16:11:45.209 713 713 W /system/bin/hw/android.hidl.allocator@1.0-service: ashmem_create_region(8192) returning hidl_memory(0x752182b360, 8192)
08-13 16:11:45.209 713 713 I chatty : uid=1000(system) allocator@1.0-s identical 4 lines
08-13 16:11:45.210 713 713 W /system/bin/hw/android.hidl.allocator@1.0-service: ashmem_create_region(8192) returning hidl_memory(0x752182b360, 8192)
08-13 16:11:45.211 713 713 W /system/bin/hw/android.hidl.allocator@1.0-service: ashmem_create_region(9216) returning hidl_memory(0x752182b360, 9216)
08-13 16:11:45.211 713 713 W /system/bin/hw/android.hidl.allocator@1.0-service: ashmem_create_region(9216) returning hidl_memory(0x752182b360, 9216)
08-13 16:11:45.216 815 7074 D AudioTrack: Client defaulted notificationFrames to 7350 for frameCount 22050
08-13 16:11:45.218 713 713 W /system/bin/hw/android.hidl.allocator@1.0-service: ashmem_create_region(7680) returning hidl_memory(0x752182b360, 7680)
08-13 16:11:45.219 713 713 W /system/bin/hw/android.hidl.allocator@1.0-service: ashmem_create_region(7680) returning hidl_memory(0x752182b360, 7680)
08-13 16:11:45.220 804 1319 W AudioFlinger: moveEffectChain_l() effect chain for session 0 not on source thread 0xed827640
08-13 16:11:45.220 815 7050 D NuPlayerDriver: notifyListener_l(0xf0cc1000), (6, 0, 0, -1), loop setting(0, 0)
08-13 16:11:45.220 715 1173 E volume_listener: check_and_set_gain_dep_cal: Failed to set gain dep cal level
08-13 16:11:45.221 715 4790 D audio_hw_primary: enable_snd_device: snd_device(2: speaker)
08-13 16:11:45.221 715 4790 D audio_route: Apply path: speaker
08-13 16:11:45.221 2081 2096 E ANDR-PERF-RESOURCEQS: Failed to apply optimization [2, 0]
08-13 16:11:45.222 715 4790 D ACDB-LOADER: ACDB -> send_audio_cal, acdb_id = 15, path = 0, app id = 0x11134, sample rate = 48000
08-13 16:11:45.222 715 4790 D ACDB-LOADER: ACDB -> ACDB_CMD_GET_AUDPROC_GAIN_DEP_STEP_TABLE, vol index 0
08-13 16:11:45.222 715 4790 D ACDB-LOADER: ACDB -> GET_AFE_TOPOLOGY_ID for adcd_id 15, Topology Id 112fc
08-13 16:11:45.222 715 4790 D : Failed to fetch the lookup information of the device 0000000F
08-13 16:11:45.222 715 4790 D ACDB-LOADER: Error: ACDB AFE returned = -19
08-13 16:11:45.223 715 4790 D audio_hw_primary: enable_audio_route: usecase(0) apply and update mixer path: deep-buffer-playback speaker
08-13 16:11:45.223 715 4790 D audio_route: Apply path: deep-buffer-playback speaker
08-13 16:11:45.250 715 4790 D audio_hw_primary: out_write: retry previous failed cal level set
08-13 16:11:45.250 715 4790 D ACDB-LOADER: ACDB -> ACDB_CMD_GET_AUDPROC_GAIN_DEP_STEP_TABLE, vol index 5
08-13 16:11:45.343 804 1177 D AudioFlinger: mixer(0xecf83040) throttle end: throttle time(49)
08-13 16:11:49.866 2197 2924 I chatty : uid=10015(com.google.android.gms) CMEventHandler expire 12 lines
08-13 16:11:50.081 1108 1655 I chatty : uid=1000(system) Binder:1108_5 expire 3 lines
08-13 16:11:50.924 6974 7056 I chatty : uid=10125(com.antutu.ABenchMark) expire 75 lines
08-13 16:11:52.536 1108 1452 W ActivityManager: Permission Denial: Accessing service ComponentInfo{com.google.android.music/com.google.android.music.dial.DialMediaRouteProviderService} from pid=5311, uid=10120 that is not exported from uid 10073
08-13 16:11:52.552 2226 2226 D RegisteredNfcFServicesCache: Service unchanged, not updating
08-13 16:11:52.552 1637 1637 D CarrierSvcBindHelper: No carrier app for: 0
08-13 16:11:52.552 1637 1637 D ImsResolver: maybeAddedImsService, packageName: com.antutu.ABenchMark
08-13 16:11:52.579 1108 1108 I Telecom : DefaultDialerCache: Refreshing default dialer for user 0: now com.google.android.dialer: DDC.oR@ApA
08-13 16:11:57.900 744 793 I chatty : uid=1000(system) /vendor/bin/sensors.qcom expire 12 lines
08-13 16:12:06.302 1108 7087 I chatty : uid=1000 system_server expire 2 lines
08-13 16:12:06.323 1108 7086 I chatty : uid=1000 system_server expire 2 lines
08-13 16:12:19.334 1108 2179 I chatty : uid=1000(system) NetworkMonitorN expire 19 lines
08-13 16:12:19.337 1108 1287 D ConnectivityService: NetworkAgentInfo [WIFI () - 101] validation failed
08-13 16:12:22.296 1637 1637 E QtiImsExtUtils: getConfigForPhoneId phoneId is invalid
08-13 16:12:22.296 1637 1637 E QtiImsExtUtils: isCarrierConfigEnabled bundle is null
08-13 16:12:25.361 730 730 I chatty : uid=1000(system) power@1.1-servi expire 10 lines
08-13 16:12:25.369 1637 1637 E QtiImsExtUtils: getConfigForPhoneId phoneId is invalid
08-13 16:12:25.369 1637 1637 E QtiImsExtUtils: isCarrierConfigEnabled bundle is null
08-13 16:12:25.384 1108 1150 E BatteryExternalStatsWorker: no controller energy info supplied for bluetooth
08-13 16:12:25.388 2607 2607 I chatty : uid=10125(com.antutu.ABenchMark) expire 12 lines
08-13 16:12:25.402 3562 7100 E turbo_BatteryLogger: could not get google accounts, e
08-13 16:12:33.546 2197 2934 I chatty : uid=10015(com.google.android.gms) Binder:2197_7 expire 12 lines
08-13 16:12:40.388 6974 6974 I chatty : uid=10125(com.antutu.ABenchMark) expire 6 lines
08-13 16:12:40.389 815 815 D NuPlayerDriver: stop(0xf0cc1000)
08-13 16:12:40.389 815 815 D NuPlayerDriver: notifyListener_l(0xf0cc1000), (8, 0, 0, -1), loop setting(0, 0)
08-13 16:12:40.390 1108 1452 V MediaRouterService: restoreBluetoothA2dp(false)
08-13 16:12:40.391 815 815 D NuPlayerDriver: reset(0xf0cc1000) at state 8
08-13 16:12:40.412 815 7050 D NuPlayerDriver: notifyResetComplete(0xf0cc1000)
08-13 16:12:40.414 1108 1655 I ActivityManager: START u0 {flg=0x14000000 cmp=com.antutu.ABenchMark/com.antutu.benchmark.ui.test.activity.RefineryTransferActivity (has extras)} from uid 10125
08-13 16:12:40.452 1108 1238 I chatty : uid=1000(system) InputDispatcher expire 8 lines
08-13 16:12:40.452 1108 1655 I ActivityManager: Killing 2845:com.google.android.dialer/u0a46 (adj 906): empty for 1807s
08-13 16:12:40.453 1108 1655 I ActivityManager: Killing 2905:com.google.android.gms.feedback/u0a15 (adj 906): empty for 1807s
08-13 16:12:40.453 1108 1148 I chatty : uid=1000(system) ActivityManager expire 11 lines
08-13 16:12:40.462 751 751 E lowmemorykiller: Error writing /proc/2905/oom_score_adj; errno=22
08-13 16:12:40.564 715 1173 D ACDB-LOADER: ACDB -> ACDB_CMD_GET_AUDPROC_GAIN_DEP_STEP_TABLE, vol index 0
08-13 16:12:40.565 715 1173 E volume_listener: check_and_set_gain_dep_cal: Failed to set gain dep cal level
08-13 16:12:40.566 804 1101 W AudioFlinger: moveEffectChain_l() effect chain for session 0 not on source thread 0xecf83040
08-13 16:12:40.566 715 1173 E volume_listener: check_and_set_gain_dep_cal: Failed to set gain dep cal level
08-13 16:12:40.598 1108 1656 I WindowManager: WIN DEATH: Window{3968643 u0 com.antutu.ABenchMark/com.antutu.benchmark.ui.test.activity.RefineryActivity}
08-13 16:12:40.598 1108 2327 I ActivityManager: Process com.antutu.ABenchMark:refinery (pid 6974) has died: fore TOP
08-13 16:12:40.598 1108 2327 W ActivityManager: Force removing ActivityRecord{6907719 u0 com.antutu.ABenchMark/com.antutu.benchmark.ui.test.activity.RefineryActivity t84}: app died, no saved state
08-13 16:12:40.602 1108 2327 I WindowManager: Failed to capture screenshot of Token{5b5b0f1 ActivityRecord{2bcb098 u0 com.antutu.ABenchMark/com.antutu.benchmark.ui.test.activity.RefineryTransferActivity t84}} appWin=Window{7cfab0 u0 Splash Screen com.antutu.ABenchMark} drawState=3
08-13 16:12:40.613 1108 2327 I ActivityManager: Start proc 7112:com.antutu.ABenchMark:transfer/u0a125 for activity com.antutu.ABenchMark/com.antutu.benchmark.ui.test.activity.RefineryTransferActivity
08-13 16:12:40.615 1108 1154 W ActivityManager: setHasOverlayUi called on unknown pid: 6974
08-13 16:12:40.633 1443 1443 W StatusBar: removeNotification for unknown key: 0|android|40|null|1000
08-13 16:12:40.642 1443 1443 I Elmyra/ElmyraService: Unblocked; current action: SetupWizardAction
08-13 16:12:40.644 7112 7112 I chatty : uid=10125(com.antutu.ABenchMark) expire 15 lines
08-13 16:12:40.651 7112 7127 I chatty : uid=10125(com.antutu.ABenchMark) expire 1 line
08-13 16:12:40.713 7112 7153 I chatty : uid=10125(com.antutu.ABenchMark) expire 192 lines
08-13 16:12:40.715 1108 1143 W BroadcastQueue: Background execution not allowed: receiving Intent { act=com.igexin.sdk.action.ZJJ5spRHSxAO0QpkSa6hz8 flg=0x30 (has extras) } to com.antutu.ABenchMark/com.antutu.benchmark.receiver.GeTuiReceiver
08-13 16:12:40.720 7112 7157 I chatty : uid=10125(com.antutu.ABenchMark) expire 3 lines
08-13 16:12:40.795 7112 7181 E ActivityThread: Failed to find provider info for com.facebook.katana.provider.AttributionIdProvider
08-13 16:12:40.801 7112 7184 I chatty : uid=10125(com.antutu.ABenchMark) expire 3 lines
08-13 16:12:40.813 7112 7186 I chatty : uid=10125(com.antutu.ABenchMark) expire 6 lines
08-13 16:12:40.886 730 730 I chatty : uid=1000(system) power@1.1-servi expire 10 lines
08-13 16:12:40.996 744 793 I chatty : uid=1000(system) /vendor/bin/sensors.qcom expire 23 lines
08-13 16:12:41.046 2197 6771 I chatty : uid=10015 com.google.android.gms.persistent expire 12 lines
08-13 16:12:41.194 1443 1443 I Elmyra/ElmyraService: Gated by NavigationBarVisibility [mIsNavigationHidden -> true; mExceptions -> [DismissTimer [mReceiverRegistered -> true], SnoozeAlarm [mReceiverRegistered -> true], SilenceCall [mSilenceSettingEnabled -> true], ServiceAction]]
08-13 16:12:42.811 1108 1656 I ActivityManager: START u0 {flg=0x54000000 cmp=com.antutu.ABenchMark/com.antutu.benchmark.ui.test.activity.RefineryActivity (has extras)} from uid 10125
08-13 16:12:42.841 1108 2318 I ActivityManager: Start proc 7198:com.antutu.ABenchMark:refinery/u0a125 for activity com.antutu.ABenchMark/com.antutu.benchmark.ui.test.activity.RefineryActivity
08-13 16:12:42.868 7198 7198 I chatty : uid=10125(com.antutu.ABenchMark) expire 32 lines
08-13 16:12:42.877 7198 7215 I chatty : uid=10125(com.antutu.ABenchMark) expire 1 line
08-13 16:12:42.903 1443 1443 I Elmyra/ElmyraService: Unblocked; current action: SetupWizardAction
08-13 16:12:42.933 7198 7240 I chatty : uid=10125(com.antutu.ABenchMark) expire 192 lines
08-13 16:12:42.934 1108 1143 W BroadcastQueue: Background execution not allowed: receiving Intent { act=com.igexin.sdk.action.ZJJ5spRHSxAO0QpkSa6hz8 flg=0x30 (has extras) } to com.antutu.ABenchMark/com.antutu.benchmark.receiver.GeTuiReceiver
08-13 16:12:42.943 7198 7247 I chatty : uid=10125(com.antutu.ABenchMark) expire 1 line
08-13 16:12:43.019 7198 7270 E ActivityThread: Failed to find provider info for com.facebook.katana.provider.AttributionIdProvider
08-13 16:12:43.022 7198 7272 I chatty : uid=10125(com.antutu.ABenchMark) expire 3 lines
08-13 16:12:43.034 815 815 D NuPlayerDriver: NuPlayerDriver(0xf0cc1070) created, clientPid(7198)
08-13 16:12:43.036 815 7276 D GenericSource: FileSource remote
08-13 16:12:43.037 815 7275 D NuPlayerDriver: notifyListener_l(0xf0cc1070), (1, 0, 0, -1), loop setting(0, 0)
08-13 16:12:43.046 7198 7278 I chatty : uid=10125(com.antutu.ABenchMark) expire 405 lines
08-13 16:12:43.270 1108 2178 I WindowManager: WIN DEATH: Window{20d0d6a u0 com.antutu.ABenchMark/com.antutu.benchmark.ui.test.activity.RefineryTransferActivity}
08-13 16:12:43.270 1108 2178 I chatty : uid=1000(system) Binder:1108_8 expire 4 lines
08-13 16:12:43.270 1108 1656 I ActivityManager: Process com.antutu.ABenchMark:transfer (pid 7112) has died: cch CEM
08-13 16:12:43.274 1108 1154 W ActivityManager: setHasOverlayUi called on unknown pid: 7112
08-13 16:12:43.473 1443 1443 I Elmyra/ElmyraService: Gated by NavigationBarVisibility [mIsNavigationHidden -> true; mExceptions -> [DismissTimer [mReceiverRegistered -> true], SnoozeAlarm [mReceiverRegistered -> true], SilenceCall [mSilenceSettingEnabled -> true], ServiceAction]]
08-13 16:12:43.526 715 715 D audio_hw_primary: disable_audio_route: usecase(0) reset and update mixer path: deep-buffer-playback speaker
08-13 16:12:43.526 715 715 D audio_hw_primary: disable_snd_device: snd_device(2: speaker)
08-13 16:12:48.543 1108 1220 W ActivityManager: Unable to start service Intent { act=com.antutu.ABenchMark.intent.action.COCKROACH flg=0x4 (has extras) } U=0: not found
08-13 16:12:48.618 3199 6513 I PlayCommon: [89] com.google.android.play.b.h.e(263): Preparing logs for uploading
08-13 16:12:48.618 3199 6513 I PlayCommon: [89] com.google.android.play.b.h.e(267): No file ready to send
08-13 16:12:48.644 2197 7305 I chatty : uid=10015 com.google.android.gms.persistent expire 3 lines
08-13 16:12:48.658 2569 7306 I chatty : uid=10015(com.google.android.gms) expire 16 lines
08-13 16:12:48.711 2569 7306 E ActivityThread: Failed to find provider info for com.google.android.wearable.settings
08-13 16:12:49.226 1108 2377 I chatty : uid=1000(system) Binder:1108_D expire 12 lines
08-13 16:12:51.175 7198 7281 I chatty : uid=10125(com.antutu.ABenchMark) expire 25 lines
08-13 16:12:54.047 2607 2607 I chatty : uid=10125(com.antutu.ABenchMark) expire 35 lines
08-13 16:12:57.389 815 815 D NuPlayerDriver: stop(0xf0cc1070)
08-13 16:12:57.391 815 815 D NuPlayerDriver: reset(0xf0cc1070) at state 8
08-13 16:12:57.392 815 7275 D NuPlayerDriver: notifyResetComplete(0xf0cc1070)
08-13 16:12:57.470 1108 2178 I WindowManager: WIN DEATH: Window{ed40ae9 u0 com.antutu.ABenchMark/com.antutu.benchmark.ui.test.activity.RefineryActivity}
08-13 16:12:57.471 1108 2327 I ActivityManager: Process com.antutu.ABenchMark:refinery (pid 7198) has died: fore TOP
08-13 16:12:57.471 1108 1148 I chatty : uid=1000(system) ActivityManager expire 12 lines
08-13 16:12:57.471 1108 2327 W ActivityManager: Force removing ActivityRecord{25b9110 u0 com.antutu.ABenchMark/com.antutu.benchmark.ui.test.activity.RefineryActivity t84}: app died, no saved state
08-13 16:12:57.484 1108 2327 I ActivityManager: Config changes=480 {1.0 ?mcc?mnc [en_US] ldltr sw411dp w411dp h659dp 420dpi nrml widecg port finger -keyb/v/h -nav/h appBounds=Rect(0, 0 - 1080, 1794) s.12}
08-13 16:12:57.502 1108 2327 I ActivityManager: Override config changes=480 {1.0 ?mcc?mnc [en_US] ldltr sw411dp w411dp h659dp 420dpi nrml widecg port finger -keyb/v/h -nav/h appBounds=Rect(0, 0 - 1080, 1794) s.12} for displayId=0
08-13 16:12:57.509 1108 1154 W ActivityManager: setHasOverlayUi called on unknown pid: 7198
08-13 16:12:57.522 4284 4284 D GeckoApplication: onConfigurationChanged: en_US, background: false
08-13 16:12:57.522 4284 4284 D GeckoLocales: No selected locale. No correction needed.
08-13 16:12:57.589 1443 1443 D StatusBar: disable
08-13 16:12:57.597 1443 1443 W StatusBar/NavBarView: *** Invalid layout in navigation bar (sizeChanged this=1080x126 cur=1038x126)
08-13 16:12:57.601 1108 2379 I WindowManager: Screen frozen for +122ms due to Window{a36aed6 u0 StatusBar}
08-13 16:12:57.603 1108 3733 I chatty : uid=1000(system) RenderThread expire 4 lines
08-13 16:12:57.609 1443 1443 I Elmyra/ElmyraService: Unblocked; current action: SetupWizardAction
08-13 16:12:57.620 744 793 I chatty : uid=1000(system) /vendor/bin/sensors.qcom expire 24 lines
08-13 16:12:59.341 715 2118 D audio_hw_primary: enable_snd_device: snd_device(2: speaker)
08-13 16:12:59.341 715 2118 D audio_route: Apply path: speaker
08-13 16:12:59.342 715 2118 D ACDB-LOADER: ACDB -> send_audio_cal, acdb_id = 15, path = 0, app id = 0x11130, sample rate = 48000
08-13 16:12:59.342 715 2118 D ACDB-LOADER: ACDB -> ACDB_CMD_GET_AUDPROC_GAIN_DEP_STEP_TABLE, vol index 0
08-13 16:12:59.342 715 2118 D ACDB-LOADER: ACDB -> GET_AFE_TOPOLOGY_ID for adcd_id 15, Topology Id 112fc
08-13 16:12:59.342 715 2118 D : Failed to fetch the lookup information of the device 0000000F
08-13 16:12:59.342 715 2118 D ACDB-LOADER: Error: ACDB AFE returned = -19
08-13 16:12:59.342 715 2118 D audio_hw_primary: enable_audio_route: usecase(1) apply and update mixer path: low-latency-playback speaker
08-13 16:12:59.342 715 2118 D audio_route: Apply path: low-latency-playback speaker
08-13 16:12:59.343 2081 2096 E ANDR-PERF-RESOURCEQS: Failed to apply optimization [2, 0]
08-13 16:12:59.359 1108 1108 I NotificationService: Cannot find enqueued record for key: 0|com.antutu.ABenchMark|13891|null|10125
08-13 16:12:59.386 715 2118 D audio_hw_primary: out_write: retry previous failed cal level set
08-13 16:12:59.663 1108 2318 I ActivityManager: START u0 {act=com.antutu.benchmark.full.3D_RUN flg=0x14000000 cmp=com.antutu.benchmark.full/.UnityPlayerActivity (has extras)} from uid 10125
08-13 16:12:59.678 1108 2379 I ActivityManager: Start proc 7321:com.antutu.benchmark.full:unity/u0a126 for activity com.antutu.benchmark.full/.UnityPlayerActivity
08-13 16:12:59.698 1108 2379 I ActivityManager: Config changes=480 {1.0 ?mcc?mnc [en_US] ldltr sw411dp w683dp h387dp 420dpi nrml widecg land finger -keyb/v/h -nav/h appBounds=Rect(0, 0 - 1794, 1080) s.13}
08-13 16:12:59.710 1108 2379 I ActivityManager: Override config changes=480 {1.0 ?mcc?mnc [en_US] ldltr sw411dp w683dp h387dp 420dpi nrml widecg land finger -keyb/v/h -nav/h appBounds=Rect(0, 0 - 1794, 1080) s.13} for displayId=0
08-13 16:12:59.721 1108 1210 I WindowManager: Failed to capture screenshot of Token{5dc5d7a ActivityRecord{f6185a5 u0 com.antutu.ABenchMark/com.antutu.benchmark.ui.test.activity.ActivityScoreBench t84 f}} appWin=Window{c4521d2 u0 com.antutu.ABenchMark/com.antutu.benchmark.ui.test.activity.ActivityScoreBench} drawState=4
08-13 16:12:59.727 715 715 D audio_route: Apply path: speaker
08-13 16:12:59.733 4284 4284 D GeckoApplication: onConfigurationChanged: en_US, background: false
08-13 16:12:59.733 4284 4284 D GeckoLocales: No selected locale. No correction needed.
08-13 16:12:59.745 7321 7338 D libEGL : loaded /vendor/lib/egl/libEGL_adreno.so
08-13 16:12:59.752 7321 7338 D libEGL : loaded /vendor/lib/egl/libGLESv1_CM_adreno.so
08-13 16:12:59.765 7321 7338 D libEGL : loaded /vendor/lib/egl/libGLESv2_adreno.so
08-13 16:12:59.798 7321 7321 E Unity : Unable to query for permission: Fragment null must be a public static class to be properly recreated from instance state.
08-13 16:12:59.801 1443 1443 D StatusBar: disable
08-13 16:12:59.807 1443 1443 W StatusBar/NavBarView: *** Invalid layout in navigation bar (sizeChanged this=126x1080 cur=126x1038)
08-13 16:12:59.819 7321 7345 D OpenGLRenderer: HWUI GL Pipeline
08-13 16:12:59.827 7321 7345 I Adreno : QUALCOMM build : 594927b, I916dfac403
08-13 16:12:59.827 7321 7345 I Adreno : Build Date : 10/11/17
08-13 16:12:59.827 7321 7345 I Adreno : OpenGL ES Shader Compiler Version: EV031.21.02.00
08-13 16:12:59.827 7321 7345 I Adreno : Local Branch : mybranch28618966
08-13 16:12:59.827 7321 7345 I Adreno : Remote Branch : quic/gfx-adreno.lnx.6.4.9-rel
08-13 16:12:59.827 7321 7345 I Adreno : Remote Branch : NONE
08-13 16:12:59.827 7321 7345 I Adreno : Reconstruct Branch : NOTHING
08-13 16:12:59.827 1443 1443 I Elmyra/ElmyraService: Gated by NavigationBarVisibility [mIsNavigationHidden -> true; mExceptions -> [DismissTimer [mReceiverRegistered -> true], SnoozeAlarm [mReceiverRegistered -> true], SilenceCall [mSilenceSettingEnabled -> true], ServiceAction]]
08-13 16:12:59.832 7321 7345 I Adreno : PFP: 0x005ff087, ME: 0x005ff063
08-13 16:12:59.834 7321 7345 I zygote : android::hardware::configstore::V1_0::ISurfaceFlingerConfigs::hasWideColorDisplay retrieved: 1
08-13 16:12:59.835 7321 7345 I OpenGLRenderer: Initialized EGL, version 1.4
08-13 16:12:59.835 7321 7345 D OpenGLRenderer: Swap behavior 2
08-13 16:12:59.864 1108 1210 E WindowManager: Performed 6 layouts in a row. Skipping
08-13 16:12:59.879 1108 1210 I WindowManager: Screen frozen for +194ms due to Window{1514506 u0 Splash Screen com.antutu.benchmark.full}
08-13 16:13:01.420 1443 1443 I Elmyra/ElmyraService: Unblocked; current action: SetupWizardAction
08-13 16:13:02.570 715 715 D audio_hw_primary: disable_audio_route: usecase(1) reset and update mixer path: low-latency-playback speaker
08-13 16:13:02.571 715 715 D audio_hw_primary: disable_snd_device: snd_device(2: speaker)
08-13 16:13:02.698 715 2118 D audio_hw_primary: enable_snd_device: snd_device(2: speaker)
08-13 16:13:02.698 2081 2096 E ANDR-PERF-RESOURCEQS: Failed to apply optimization [2, 0]
08-13 16:13:02.698 715 2118 D audio_route: Apply path: speaker
08-13 16:13:02.699 715 2118 D ACDB-LOADER: ACDB -> send_audio_cal, acdb_id = 15, path = 0, app id = 0x11130, sample rate = 48000
08-13 16:13:02.699 715 2118 D ACDB-LOADER: ACDB -> ACDB_CMD_GET_AUDPROC_GAIN_DEP_STEP_TABLE, vol index 0
08-13 16:13:02.699 715 2118 D ACDB-LOADER: ACDB -> GET_AFE_TOPOLOGY_ID for adcd_id 15, Topology Id 112fc
08-13 16:13:02.699 715 2118 D : Failed to fetch the lookup information of the device 0000000F
08-13 16:13:02.699 715 2118 D ACDB-LOADER: Error: ACDB AFE returned = -19
08-13 16:13:02.699 715 2118 D audio_hw_primary: enable_audio_route: usecase(1) apply and update mixer path: low-latency-playback speaker
08-13 16:13:02.699 715 2118 D audio_route: Apply path: low-latency-playback speaker
08-13 16:13:02.736 715 2118 D audio_hw_primary: out_write: retry previous failed cal level set
08-13 16:13:02.766 1108 1238 I ActivityManager: START u0 {act=android.intent.action.MAIN cat=[android.intent.category.HOME] flg=0x10200000 cmp=com.google.android.apps.nexuslauncher/.NexusLauncherActivity (has extras)} from uid 1000
08-13 16:13:02.778 1108 1238 I ActivityManager: Config changes=480 {1.0 ?mcc?mnc [en_US] ldltr sw411dp w411dp h659dp 420dpi nrml widecg port finger -keyb/v/h -nav/h appBounds=Rect(0, 0 - 1080, 1794) s.14}
08-13 16:13:02.781 1108 1238 I ActivityManager: Override config changes=480 {1.0 ?mcc?mnc [en_US] ldltr sw411dp w411dp h659dp 420dpi nrml widecg port finger -keyb/v/h -nav/h appBounds=Rect(0, 0 - 1080, 1794) s.14} for displayId=0
08-13 16:13:02.789 1108 1238 I WindowManager: Failed to capture screenshot of Token{68348a9 ActivityRecord{2177430 u0 com.antutu.benchmark.full/.UnityPlayerActivity t90}} appWin=Window{75e1aea u0 com.antutu.benchmark.full/com.antutu.benchmark.full.UnityPlayerActivity} drawState=4
08-13 16:13:02.802 715 715 D audio_route: Apply path: speaker
08-13 16:13:02.803 1108 1239 I chatty : uid=1000(system) InputReader expire 5 lines
08-13 16:13:02.813 598 598 D SurfaceFlinger: duplicate layer name: changing com.google.android.apps.nexuslauncher/com.google.android.apps.nexuslauncher.NexusLauncherActivity to com.google.android.apps.nexuslauncher/com.google.android.apps.nexuslauncher.NexusLauncherActivity#1
08-13 16:13:02.815 4284 4284 D GeckoApplication: onConfigurationChanged: en_US, background: false
08-13 16:13:02.815 4284 4284 D GeckoLocales: No selected locale. No correction needed.
08-13 16:13:02.821 2383 2383 I zygote64: Deoptimizing void com.android.launcher3.allapps.AllAppsContainerView.updateIconBadges(java.util.Set) due to JIT inline cache
08-13 16:13:02.843 1549 1549 I WallpaperService: engine resumed
08-13 16:13:02.853 7321 7321 I Process : Sending signal. PID: 7321 SIG: 9
08-13 16:13:02.863 1108 1119 I ActivityManager: Process com.antutu.benchmark.full:unity (pid 7321) has died: cch CEM
08-13 16:13:02.863 1108 2378 I WindowManager: WIN DEATH: Window{75e1aea u0 com.antutu.benchmark.full/com.antutu.benchmark.full.UnityPlayerActivity}
08-13 16:13:02.869 1108 1154 W ActivityManager: setHasOverlayUi called on unknown pid: 7321
08-13 16:13:02.875 1108 1108 I NotificationService: Cannot find enqueued record for key: 0|com.antutu.ABenchMark|13891|null|10125
08-13 16:13:02.882 2321 2321 I chatty : uid=10026 com.google.android.googlequicksearchbox:search expire 8 lines
08-13 16:13:02.916 2321 7358 I chatty : uid=10026 com.google.android.googlequicksearchbox:search expire 1 line
08-13 16:13:02.918 2321 7362 I chatty : uid=10026 com.google.android.googlequicksearchbox:search expire 1 line
08-13 16:13:02.921 1443 1443 D StatusBar: disable
08-13 16:13:02.929 2321 7367 I chatty : uid=10026 com.google.android.googlequicksearchbox:search expire 4 lines
08-13 16:13:02.932 1108 1210 I WindowManager: Screen frozen for +160ms due to Window{a36aed6 u0 StatusBar}
08-13 16:13:02.940 1443 1443 W StatusBar/NavBarView: *** Invalid layout in navigation bar (sizeChanged this=1080x126 cur=1038x126)
08-13 16:13:02.943 2321 7371 I chatty : uid=10026 com.google.android.googlequicksearchbox:search expire 3 lines
08-13 16:13:02.951 2197 7070 I chatty : uid=10015 com.google.android.gms.persistent expire 2 lines
08-13 16:13:02.951 715 715 W DeviceHAL: Device 0xecb36000 open_input_stream: Invalid argument
08-13 16:13:02.953 804 7374 I AudioFlinger: AudioFlinger's thread 0xeb5830c0 tid=7374 ready to run
08-13 16:13:02.961 1443 1443 W StatusBar: removeNotification for unknown key: 0|com.antutu.ABenchMark|13891|null|10125
08-13 16:13:02.967 2081 2096 E ANDR-PERF-RESOURCEQS: Failed to apply optimization [2, 0]
08-13 16:13:02.968 715 7379 D sound_trigger_platform: platform_stdev_check_and_update_concurrency: concurrency active 0, tx 1, rx 0, concurrency session_allowed 0
08-13 16:13:02.968 715 7379 D audio_hw_primary: enable_snd_device: snd_device(75: voice-rec-mic)
08-13 16:13:02.968 715 7379 D audio_route: Apply path: voice-rec-mic
08-13 16:13:02.987 715 7379 D ACDB-LOADER: ACDB -> send_audio_cal, acdb_id = 41, path = 1, app id = 0x11132, sample rate = 48000
08-13 16:13:02.987 715 7379 D ACDB-LOADER: ACDB -> ACDB_CMD_GET_AUDPROC_GAIN_DEP_STEP_TABLE, vol index 0
08-13 16:13:02.987 715 7379 D : Failed to fetch the lookup information of the device 00000029
08-13 16:13:02.987 715 7379 E ACDB-LOADER: Error: ACDB AudProc vol returned = -19
08-13 16:13:02.987 715 7379 D ACDB-LOADER: ACDB -> GET_AFE_TOPOLOGY_ID for adcd_id 41, Topology Id 112fb
08-13 16:13:02.987 715 7379 D : Failed to fetch the lookup information of the device 00000029
08-13 16:13:02.987 715 7379 D ACDB-LOADER: Error: ACDB AFE returned = -19
08-13 16:13:02.987 715 7379 D audio_hw_primary: enable_audio_route: usecase(9) apply and update mixer path: audio-record
08-13 16:13:02.987 715 7379 D audio_route: Apply path: audio-record
08-13 16:13:02.989 2321 2328 I chatty : uid=10026(com.google.android.googlequicksearchbox) Jit thread pool expire 4 lines
08-13 16:13:03.031 2321 7384 I chatty : uid=10026 com.google.android.googlequicksearchbox:search expire 1 line
08-13 16:13:03.344 2383 2547 W OpenGLRenderer: Incorrectly called buildLayer on View: ShortcutAndWidgetContainer, destroying layer...
08-13 16:13:03.344 2383 2547 W OpenGLRenderer: Incorrectly called buildLayer on View: ShortcutAndWidgetContainer, destroying layer...
08-13 16:13:03.551 838 1075 D fpc_fingerprint_hal: nav_loop FPC_NAV_REQUEST_WAIT_IRQ_HIGH
08-13 16:13:04.172 1108 2377 I ActivityManager: START u0 {act=android.intent.action.MAIN cat=[android.intent.category.LAUNCHER] flg=0x10200000 cmp=com.android.chrome/com.google.android.apps.chrome.Main bnds=[641,1479][843,1663]} from uid 10016
08-13 16:13:04.178 730 730 I chatty : uid=1000(system) power@1.1-servi expire 11 lines
08-13 16:13:04.194 1108 1449 I ActivityManager: Start proc 7389:com.android.chrome/u0a121 for activity com.android.chrome/com.google.android.apps.chrome.Main
08-13 16:13:04.214 7389 7389 I zygote : The ClassLoaderContext is a special shared library.
08-13 16:13:04.231 7389 7389 W DynamiteModule: Local module descriptor class for com.google.android.gms.googlecertificates not found.
08-13 16:13:04.234 7389 7389 W zygote : Unsupported class loader
08-13 16:13:04.235 7389 7389 W zygote : Skipping duplicate class check due to unsupported classloader
08-13 16:13:04.236 7389 7389 I DynamiteModule: Considering local module com.google.android.gms.googlecertificates:0 and remote module com.google.android.gms.googlecertificates:4
08-13 16:13:04.236 7389 7389 I DynamiteModule: Selected remote version of com.google.android.gms.googlecertificates, version >= 4
08-13 16:13:04.247 7389 7389 W zygote : Unsupported class loader
08-13 16:13:04.247 7389 7389 W zygote : Skipping duplicate class check due to unsupported classloader
08-13 16:13:04.282 7389 7405 D libEGL : loaded /vendor/lib/egl/libEGL_adreno.so
08-13 16:13:04.287 7389 7389 I cr_InstantAppsHandler: Disabled for Android O+
08-13 16:13:04.288 2321 2768 I chatty : uid=10026(com.google.android.googlequicksearchbox) HotwordDetector expire 1 line
08-13 16:13:04.288 2321 7361 I chatty : uid=10026 com.google.android.googlequicksearchbox:search expire 2 lines
08-13 16:13:04.288 2321 7354 I chatty : uid=10026 com.google.android.googlequicksearchbox:search expire 2 lines
08-13 16:13:04.289 7389 7405 D libEGL : loaded /vendor/lib/egl/libGLESv1_CM_adreno.so
08-13 16:13:04.290 1108 1119 I ActivityManager: START u0 {act=android.intent.action.MAIN cat=[android.intent.category.LAUNCHER] flg=0x14002000 cmp=com.android.chrome/org.chromium.chrome.browser.ChromeTabbedActivity bnds=[641,1479][843,1663] (has extras)} from uid 10121
08-13 16:13:04.299 7389 7405 D libEGL : loaded /vendor/lib/egl/libGLESv2_adreno.so
08-13 16:13:04.325 715 715 D audio_hw_primary: disable_audio_route: usecase(9) reset and update mixer path: audio-record
08-13 16:13:04.326 715 715 D audio_hw_primary: disable_snd_device: snd_device(75: voice-rec-mic)
08-13 16:13:04.329 715 715 D sound_trigger_platform: platform_stdev_check_and_update_concurrency: concurrency active 0, tx 0, rx 0, concurrency session_allowed 1
08-13 16:13:04.375 7389 7415 W cr_ChildProcLH: Create a new ChildConnectionAllocator with package name = com.android.chrome, sandboxed = true
08-13 16:13:04.379 7389 7408 W cr_tabmodel: Starting to fetch tab list.
08-13 16:13:04.380 7389 7406 W cr_tabmodel: Starting to fetch tab list.
08-13 16:13:04.380 7389 7406 E cr_tabmodel: State file does not exist.
08-13 16:13:04.380 7389 7408 W cr_tabmodel: Finished fetching tab list.
08-13 16:13:04.382 7417 7417 E /system/bin/webview_zygote32: Failed to make and chown /acct/uid_99001: Permission denied
08-13 16:13:04.382 7417 7417 E Zygote : createProcessGroup(99001, 0) failed: Permission denied
08-13 16:13:04.387 1108 2377 I ActivityManager: Start proc 7417:com.android.chrome:sandboxed_process0/u0i1 for webview_service com.android.chrome/org.chromium.content.app.SandboxedProcessService0
08-13 16:13:04.392 7389 7429 D OpenGLRenderer: HWUI GL Pipeline
08-13 16:13:04.394 7389 7416 I cr_LibraryLoader: Time to load native libraries: 18 ms (timestamps 5354-5372)
08-13 16:13:04.395 7389 7416 I chromium: [INFO:library_loader_hooks.cc(136)] Chromium logging enabled: level = 0, default verbosity = 0
08-13 16:13:04.395 7389 7416 I cr_LibraryLoader: Expected native library version number "61.0.3163.98", actual native library version number "61.0.3163.98"
08-13 16:13:04.405 7432 7432 E asset : setgid: Operation not permitted
08-13 16:13:04.413 7389 7429 I Adreno : QUALCOMM build : 594927b, I916dfac403
08-13 16:13:04.413 7389 7429 I Adreno : Build Date : 10/11/17
08-13 16:13:04.413 7389 7429 I Adreno : OpenGL ES Shader Compiler Version: EV031.21.02.00
08-13 16:13:04.413 7389 7429 I Adreno : Local Branch : mybranch28618966
08-13 16:13:04.413 7389 7429 I Adreno : Remote Branch : quic/gfx-adreno.lnx.6.4.9-rel
08-13 16:13:04.413 7389 7429 I Adreno : Remote Branch : NONE
08-13 16:13:04.413 7389 7429 I Adreno : Reconstruct Branch : NOTHING
08-13 16:13:04.422 7389 7429 I Adreno : PFP: 0x005ff087, ME: 0x005ff063
08-13 16:13:04.425 7389 7429 I zygote : android::hardware::configstore::V1_0::ISurfaceFlingerConfigs::hasWideColorDisplay retrieved: 1
08-13 16:13:04.425 7389 7429 I OpenGLRenderer: Initialized EGL, version 1.4
08-13 16:13:04.425 7389 7429 D OpenGLRenderer: Swap behavior 2
08-13 16:13:04.436 7417 7417 I cr_ChildProcessService: Creating new ChildProcessService pid=7417
08-13 16:13:04.451 7389 7389 I cr_BrowserStartup: Initializing chromium process, singleProcess=false
08-13 16:13:04.474 7389 7389 W .android.chrome: type=1400 audit(0.0:380): avc: denied { read } for name="vmstat" dev="proc" ino=4026532130 scontext=u:r:untrusted_app:s0:c512,c768 tcontext=u:object_r:proc:s0 tclass=file permissive=0
08-13 16:13:04.503 1108 1119 I ActivityManager: Start proc 7456:com.android.chrome:privileged_process0/u0a121 for service com.android.chrome/org.chromium.content.app.PrivilegedProcessService0
08-13 16:13:04.505 7389 7415 I cr_LibraryLoader: Using linker: org.chromium.base.library_loader.ModernLinker
08-13 16:13:04.514 2569 2569 I chatty : uid=10015(com.google.android.gms) expire 10 lines
08-13 16:13:04.520 1108 2377 D ConnectivityService: Returning UNBLOCKED NetworkInfo to uid=10121
08-13 16:13:04.524 7456 7456 I zygote : The ClassLoaderContext is a special shared library.
08-13 16:13:04.537 7456 7456 I cr_ChildProcessService: Creating new ChildProcessService pid=7456
08-13 16:13:04.546 7389 7389 W cr_KnoxSettingsProvider: Permission to read device policy denied.
08-13 16:13:04.565 2197 7480 I chatty : uid=10015 com.google.android.gms.persistent expire 10 lines
08-13 16:13:04.567 7456 7477 I cr_LibraryLoader: Time to load native libraries: 19 ms (timestamps 5526-5545)
08-13 16:13:04.567 7456 7477 I cr_LibraryLoader: Using linker: org.chromium.base.library_loader.ModernLinker
08-13 16:13:04.567 7456 7477 I chromium: [INFO:library_loader_hooks.cc(136)] Chromium logging enabled: level = 0, default verbosity = 0
08-13 16:13:04.567 7456 7477 I cr_LibraryLoader: Expected native library version number "61.0.3163.98", actual native library version number "61.0.3163.98"
08-13 16:13:04.574 7456 7477 D libEGL : loaded /vendor/lib/egl/libEGL_adreno.so
08-13 16:13:04.579 7456 7477 D libEGL : loaded /vendor/lib/egl/libGLESv1_CM_adreno.so
08-13 16:13:04.589 7456 7477 D libEGL : loaded /vendor/lib/egl/libGLESv2_adreno.so
08-13 16:13:04.592 1108 1665 I ActivityManager: Start proc 7484:com.google.android.partnersetup/u0a24 for content provider com.google.android.partnersetup/.RlzAppProvider
08-13 16:13:04.596 7417 7436 E WebViewLibraryLoader: can't load with relro file; address space not reserved
08-13 16:13:04.597 7417 7436 I cr_LibraryLoader: Time to load native libraries: 2 ms (timestamps 5573-5575)
08-13 16:13:04.597 7417 7436 I cr_LibraryLoader: Using linker: org.chromium.base.library_loader.ModernLinker
08-13 16:13:04.598 7417 7436 I chromium: [INFO:library_loader_hooks.cc(136)] Chromium logging enabled: level = 0, default verbosity = 0
08-13 16:13:04.599 7417 7436 I cr_LibraryLoader: Expected native library version number "61.0.3163.98", actual native library version number "61.0.3163.98"
08-13 16:13:04.601 7456 7477 I Adreno : QUALCOMM build : 594927b, I916dfac403
08-13 16:13:04.601 7456 7477 I Adreno : Build Date : 10/11/17
08-13 16:13:04.601 7456 7477 I Adreno : OpenGL ES Shader Compiler Version: EV031.21.02.00
08-13 16:13:04.601 7456 7477 I Adreno : Local Branch : mybranch28618966
08-13 16:13:04.601 7456 7477 I Adreno : Remote Branch : quic/gfx-adreno.lnx.6.4.9-rel
08-13 16:13:04.601 7456 7477 I Adreno : Remote Branch : NONE
08-13 16:13:04.601 7456 7477 I Adreno : Reconstruct Branch : NOTHING
08-13 16:13:04.604 7456 7477 I Adreno : PFP: 0x005ff087, ME: 0x005ff063
08-13 16:13:04.607 7456 7477 I zygote : android::hardware::configstore::V1_0::ISurfaceFlingerConfigs::hasWideColorDisplay retrieved: 1
08-13 16:13:04.614 7484 7484 I zygote64: The ClassLoaderContext is a special shared library.
08-13 16:13:04.631 7456 7477 W VideoCapabilities: Unrecognized profile 2130706433 for video/avc
08-13 16:13:04.631 7456 7477 W VideoCapabilities: Unrecognized profile 2130706434 for video/avc
08-13 16:13:04.632 7456 7477 W VideoCapabilities: Unrecognized profile 2130706433 for video/avc
08-13 16:13:04.633 7456 7477 W VideoCapabilities: Unrecognized profile 2130706434 for video/avc
08-13 16:13:04.645 7456 7477 W VideoCapabilities: Unrecognized profile 2130706433 for video/avc
08-13 16:13:04.645 7456 7477 W VideoCapabilities: Unrecognized profile 2130706434 for video/avc
08-13 16:13:04.649 7456 7477 I VideoCapabilities: Unsupported profile 4 for video/mp4v-es
08-13 16:13:04.655 7389 7416 W cr_tabmodel: Starting to fetch tab list.
08-13 16:13:04.655 7389 7416 E cr_tabmodel: State file does not exist.
08-13 16:13:04.668 2321 2342 I chatty : uid=10026(com.google.android.googlequicksearchbox) Binder:2321_3 expire 7 lines
08-13 16:13:04.673 2414 2414 I bil : Respecting usage reporting opt-in status.
08-13 16:13:04.681 600 696 I SDM : HWCDisplay::GetColorModeCount: Supported color mode count = 3
08-13 16:13:04.681 600 696 I SDM : HWCDisplay::GetColorModes: Supports color mode[0] = 0
08-13 16:13:04.681 600 696 I SDM : HWCDisplay::GetColorModes: Supports color mode[1] = 7
08-13 16:13:04.681 600 696 I SDM : HWCDisplay::GetColorModes: Supports color mode[2] = 9
08-13 16:13:04.682 7456 7477 I zygote : android::hardware::configstore::V1_0::ISurfaceFlingerConfigs::hasWideColorDisplay retrieved: 1
08-13 16:13:04.708 1549 1549 I WallpaperService: engine paused
08-13 16:13:04.741 7389 7439 D NetworkSecurityConfig: Using Network Security Config from resource network_security_config debugBuild: false
08-13 16:13:04.756 7389 7389 W StaticLayout: maxLineHeight should not be -1. maxLines:2 lineCount:2
08-13 16:13:04.757 7389 7389 W StaticLayout: maxLineHeight should not be -1. maxLines:2 lineCount:2
08-13 16:13:04.766 7389 7389 I zygote : Deoptimizing void org.chromium.chrome.browser.toolbar.ToolbarPhone.updateNtpTransitionAnimation() due to JIT inline cache
08-13 16:13:04.823 598 598 D SurfaceFlinger: Set active color mode: HAL_COLOR_MODE_DISPLAY_P3 (9), type=0
08-13 16:13:04.826 600 696 I SDM : HWCDisplay::HandleColorModeTransform: Setting Color Mode = 9 Transform Hint = 1 Success
08-13 16:13:04.897 7389 7415 I cr_BindingManager: Moderate binding enabled: maxSize=20
08-13 16:13:04.907 1108 2378 I ActivityManager: Start proc 7521:com.android.providers.partnerbookmarks/u0a102 for content provider com.android.providers.partnerbookmarks/.PartnerBookmarksProvider
08-13 16:13:04.923 7521 7521 I zygote64: The ClassLoaderContext is a special shared library.
08-13 16:13:04.933 7389 7406 E PartnerBookmarksReader: ATTENTION: not using partner bookmarks as none were provided
08-13 16:13:06.652 7389 7389 W cr_AutocompleteEdit: Using non-spannable model...
08-13 16:13:06.653 7389 7389 W cr_AutocompleteModel: notification ignored
08-13 16:13:06.680 7389 7394 I zygote : Do partial code cache collection, code=29KB, data=25KB
08-13 16:13:06.681 7389 7394 I zygote : After code cache collection, code=24KB, data=23KB
08-13 16:13:06.681 7389 7394 I zygote : Increasing code cache capacity to 128KB
08-13 16:13:06.915 1410 1422 I zygote64: Do partial code cache collection, code=122KB, data=72KB
08-13 16:13:06.915 1410 1422 I zygote64: After code cache collection, code=121KB, data=72KB
08-13 16:13:06.915 1410 1422 I zygote64: Increasing code cache capacity to 512KB
