08-13 16:35:50.296 1549 1549 I WallpaperService: engine paused
08-13 16:35:50.299 744 793 D CHRE : @ 3963.003: -: id 10, otherClientPresent 0, mode 3
08-13 16:35:50.300 744 793 D CHRE : @ 3963.004: [ImuCal] Dynamic sensor configuration: stand-by.
08-13 16:35:50.300 744 793 D CHRE : @ 3963.004: sensorType 9 allowed 1: mergedMode 3, otherClientPresent 1
08-13 16:35:50.301 744 793 D CHRE : @ 3963.004: sensorType 11 allowed 1: mergedMode 3, otherClientPresent 1
08-13 16:35:50.302 744 793 D CHRE : @ 3963.005: sensorType 13 allowed 0: mergedMode 3, otherClientPresent 0
08-13 16:35:50.412 2321 8175 I PBSessionCacheImpl: Deleted sessionId[633816783653] from persistence.
08-13 16:35:50.438 2321 2321 W SearchService: Abort, client detached.
08-13 16:35:50.626 2607 2607 W Notification: Use of stream types is deprecated for operations other than volume control
08-13 16:35:50.626 2607 2607 W Notification: See the documentation of setSound() for what to use instead with android.media.AudioAttributes to qualify your playback use case
08-13 16:35:50.634 2607 2607 W Notification: Use of stream types is deprecated for operations other than volume control
08-13 16:35:50.634 2607 2607 W Notification: See the documentation of setSound() for what to use instead with android.media.AudioAttributes to qualify your playback use case
08-13 16:35:52.450 2197 8285 W Conscrypt: Could not set socket write timeout:
08-13 16:35:52.450 2197 8285 W Conscrypt: java.lang.reflect.Method.invoke(Native Method)
08-13 16:35:52.450 2197 8285 W Conscrypt: com.google.android.gms.org.conscrypt.Platform.setSocketWriteTimeout(:com.google.android.gms@11580948:13)
08-13 16:35:52.571 2607 2607 W Notification: Use of stream types is deprecated for operations other than volume control
08-13 16:35:52.571 2607 2607 W Notification: See the documentation of setSound() for what to use instead with android.media.AudioAttributes to qualify your playback use case
08-13 16:35:52.587 2607 2607 W tutu.ABenchMark: type=1400 audit(0.0:545): avc: denied { read } for name="stat" dev="proc" ino=4026532079 scontext=u:r:untrusted_app:s0:c512,c768 tcontext=u:object_r:proc_stat:s0 tclass=file permissive=0
08-13 16:35:52.595 2607 2607 W Notification: Use of stream types is deprecated for operations other than volume control
08-13 16:35:52.595 2607 2607 W Notification: See the documentation of setSound() for what to use instead with android.media.AudioAttributes to qualify your playback use case
08-13 16:35:52.618 715 715 D audio_hw_primary: disable_audio_route: usecase(1) reset and update mixer path: low-latency-playback speaker
08-13 16:35:52.619 715 715 D audio_hw_primary: disable_snd_device: snd_device(2: speaker)
08-13 16:35:53.789 744 793 I VSC : @ 3966.493: [VSC] Request sensor 131074, sample_duration 0 ms, report_duration 0 ms
08-13 16:35:53.789 744 793 I VSC : @ 3966.493: [VSC] Stopping sensor events for sensor 65537
08-13 16:35:53.792 744 793 D CHRE : @ 3966.495: -: id 0, otherClientPresent 0, mode 3
08-13 16:35:55.293 1606 1711 I QCNEJ/CndHalConnector: -> SND notifyWifiStatusChanged(RatInfo{type=1, subType=101, state=CONNECTED, v4=IfaceAddrPair{iface=wlan0, addr=10.188.145.221}, v6=IfaceAddrPair{iface=, addr=}, timestamp=2018-08-13 16:35:55.292, isAndroidValidated=false, netHandle=433808132830, slotIdx=0} WifiInfo{freq=FIVE_GHz, state=3, ssid=EmployeeHotspot, bssid=cc:16:7e:12:e1:1a, dns=[210.22.84.3, 210.22.70.3, 0.0.0.0, 0.0.0.0, ]})
08-13 16:35:55.454 2321 7366 I EventLogSendingHelper: Sending log events.
08-13 16:35:55.466 2321 2331 E ReloadingLock: Finalizing LOCKED Token[canvas 2018-08-13 16:34:39.381]
08-13 16:35:55.466 2321 2331 E ReloadingLock: Finalizing LOCKED Token[searchresults_activity 2018-08-13 16:34:39.381]
08-13 16:35:55.467 2321 2331 E ReloadingLock: Finalizing LOCKED Token[searchresults_activity 2018-08-13 16:35:08.023]
08-13 16:35:55.467 2321 2331 E ReloadingLock: Finalizing LOCKED Token[canvas 2018-08-13 16:35:08.023]
08-13 16:35:55.732 744 793 I VSC : @ 3968.432: [VSC] Stopping sensor events for sensor 131074
08-13 16:35:55.733 744 793 I VSC : @ 3968.432: [VSC] Request sensor 65537, sample_duration 14 ms, report_duration c80 ms
08-13 16:35:55.733 744 793 D CHRE : @ 3968.435: +: id 0, otherClientPresent 1, mode 3
08-13 16:35:56.212 1108 1150 I WifiService: requestActivityInfo uid=1000
08-13 16:35:56.213 1108 1150 I WifiService: reportActivityInfo uid=1000
08-13 16:35:56.213 1108 1150 I WifiService: getSupportedFeatures uid=1000
08-13 16:35:56.213 1108 2378 E LightsService: Light requested not available on this device. 3
08-13 16:35:56.215 1443 1443 I Elmyra/ElmyraService: Gated by ChargingState
08-13 16:35:56.219 2197 2197 I GCoreUlr: Starting service, intent=Intent { act=com.google.android.location.reporting.ACTION_UPDATE_ACTIVE_STATE cmp=com.google.android.gms/com.google.android.location.reporting.service.DispatchingService (has extras) }, extras=Bundle[{source=PowerModeReceiver}]
08-13 16:35:56.221 1108 1143 W BroadcastQueue: Background execution not allowed: receiving Intent { act=android.intent.action.ACTION_POWER_DISCONNECTED flg=0x4000010 (has extras) } to com.antutu.ABenchMark/com.antutu.benchmark.receiver.KeepAliveReceiver
08-13 16:35:56.223 8557 8557 D BatteryInfo: time to make batteryStatsHelper: 2ms
08-13 16:35:56.224 1637 1637 E QtiImsExtUtils: getConfigForPhoneId phoneId is invalid
08-13 16:35:56.224 1637 1637 E QtiImsExtUtils: isCarrierConfigEnabled bundle is null
08-13 16:35:56.225 744 793 I ASH : @ 3968.929: ams_deviceSetConfig: Disabling proximity
08-13 16:35:56.227 1108 1143 W BroadcastQueue: Background execution not allowed: receiving Intent { act=android.intent.action.ACTION_POWER_DISCONNECTED flg=0x4000010 (has extras) } to com.google.android.apps.photos/.scheduler.PowerReceiver
08-13 16:35:56.231 1108 1150 E BatteryExternalStatsWorker: no controller energy info supplied for bluetooth
08-13 16:35:56.234 2569 2569 I iu.Environment: update battery state; isPlugged? false*
08-13 16:35:56.240 2607 2607 W Notification: Use of stream types is deprecated for operations other than volume control
08-13 16:35:56.240 2607 2607 W Notification: See the documentation of setSound() for what to use instead with android.media.AudioAttributes to qualify your playback use case
08-13 16:35:56.243 2197 8536 I GCoreUlr: DispatchingService.updateActiveState+PowerModeReceiver: Ensuring that reporting is active for [account#15#]
08-13 16:35:56.244 2569 4449 I iu.UploadsManager: num queued entries: 0
08-13 16:35:56.245 2569 4449 I iu.UploadsManager: num updated entries: 0
08-13 16:35:56.245 2197 8536 I GCoreUlr: Place inference reporting - stop
08-13 16:35:56.246 2197 8595 I GCoreUlr: Unregistering for aliased place alerts.
08-13 16:35:56.247 2569 4449 I iu.SyncManager: NEXT; no task
08-13 16:35:56.248 1108 2477 W BroadcastQueue: Background execution not allowed: receiving Intent { act=android.intent.action.ACTION_POWER_DISCONNECTED flg=0x4000010 (has extras) } to com.antutu.ABenchMark/com.igexin.sdk.PushReceiver
08-13 16:35:56.257 730 730 W power@1.1-servi: type=1400 audit(0.0:546): avc: denied { read } for name="system_stats" dev="debugfs" ino=17769 scontext=u:r:hal_power_default:s0 tcontext=u:object_r:debugfs_rpm:s0 tclass=file permissive=0
08-13 16:35:56.257 730 730 W power@1.1-servi: type=1400 audit(0.0:547): avc: denied { search } for name="wlan0" dev="debugfs" ino=32097 scontext=u:r:hal_power_default:s0 tcontext=u:object_r:debugfs_wlan:s0 tclass=dir permissive=0
08-13 16:35:56.261 730 730 E QCOM PowerHAL: extract_stats: failed to open: /d/system_stats Error = Permission denied
08-13 16:35:56.261 730 730 E QCOM PowerHAL: extract_stats: failed to open: /d/wlan0/power_stats Error = Permission denied
08-13 16:35:56.263 2607 2607 W Notification: Use of stream types is deprecated for operations other than volume control
08-13 16:35:56.263 2607 2607 W Notification: See the documentation of setSound() for what to use instead with android.media.AudioAttributes to qualify your playback use case
08-13 16:35:56.265 2197 4573 E DatabaseUtils: Writing exception to parcel
08-13 16:35:56.265 2197 4573 E DatabaseUtils: java.lang.SecurityException: Caller isn't signed with recognized keys!
08-13 16:35:56.265 2197 4573 E DatabaseUtils: at com.google.android.gms.auth.account.be.legacy.AccountChimeraContentProvider.call(:com.google.android.gms@11580948:2)
08-13 16:35:56.265 2197 4573 E DatabaseUtils: at bve.call(:com.google.android.gms@11580948:1)
08-13 16:35:56.265 2197 4573 E DatabaseUtils: at android.content.ContentProvider$Transport.call(ContentProvider.java:401)
08-13 16:35:56.265 2197 4573 E DatabaseUtils: at android.content.ContentProviderNative.onTransact(ContentProviderNative.java:272)
08-13 16:35:56.265 2197 4573 E DatabaseUtils: at android.os.Binder.execTransact(Binder.java:697)
08-13 16:35:56.277 1108 1150 I WifiService: requestActivityInfo uid=1000
08-13 16:35:56.277 1108 1150 I WifiService: reportActivityInfo uid=1000
08-13 16:35:56.277 1108 1150 I WifiService: getSupportedFeatures uid=1000
08-13 16:35:56.278 3562 8591 E turbo_BatteryLogger: could not get google accounts, e
08-13 16:35:56.284 1108 1150 E BatteryExternalStatsWorker: no controller energy info supplied for bluetooth
08-13 16:35:56.329 8557 8557 D BatteryInfo: time for getStats: 106ms
08-13 16:35:56.342 3562 3575 D turbo_ModelManager: runtime for querying battery history from -1 to 1534149356341: 1ms
08-13 16:35:56.384 3562 3575 D turbo_ModelManager: runtime for updating model: 41ms
08-13 16:35:56.386 3562 3575 D turbo_etr_provider: model query time: 2ms
08-13 16:35:56.391 2197 4573 E DatabaseUtils: Writing exception to parcel
08-13 16:35:56.391 2197 4573 E DatabaseUtils: java.lang.SecurityException: Caller isn't signed with recognized keys!
08-13 16:35:56.391 2197 4573 E DatabaseUtils: at com.google.android.gms.auth.account.be.legacy.AccountChimeraContentProvider.call(:com.google.android.gms@11580948:2)
08-13 16:35:56.391 2197 4573 E DatabaseUtils: at bve.call(:com.google.android.gms@11580948:1)
08-13 16:35:56.391 2197 4573 E DatabaseUtils: at android.content.ContentProvider$Transport.call(ContentProvider.java:401)
08-13 16:35:56.391 2197 4573 E DatabaseUtils: at android.content.ContentProviderNative.onTransact(ContentProviderNative.java:272)
08-13 16:35:56.391 2197 4573 E DatabaseUtils: at android.os.Binder.execTransact(Binder.java:697)
08-13 16:35:56.392 3562 3575 E turbo_etr_provider: could not get google accounts
08-13 16:35:56.392 3562 3575 E turbo_etr_provider: android.os.RemoteException: Accounts ContentProvider failed: Caller isn't signed with recognized keys!
08-13 16:35:56.392 3562 3575 E turbo_etr_provider: at com.google.android.gms.auth.GoogleAuthUtilLight.zzz(Unknown Source:100)
08-13 16:35:56.392 3562 3575 E turbo_etr_provider: at com.google.android.gms.auth.GoogleAuthUtilLight.getAccounts(Unknown Source:18)
08-13 16:35:56.392 3562 3575 E turbo_etr_provider: at com.google.android.gms.auth.GoogleAuthUtil.getAccounts(Unknown Source:0)
08-13 16:35:56.392 3562 3575 E turbo_etr_provider: at com.google.android.apps.turbo.battery.provider.EstimatedTimeRemainingProvider.getTimeToDischarge(EstimatedTimeRemainingProvider.java:122)
08-13 16:35:56.392 3562 3575 E turbo_etr_provider: at com.google.android.apps.turbo.battery.provider.EstimatedTimeRemainingProvider.queryTimeToDischarge(EstimatedTimeRemainingProvider.java:81)
08-13 16:35:56.392 3562 3575 E turbo_etr_provider: at com.google.android.apps.turbo.battery.provider.EstimatedTimeRemainingProvider.query(EstimatedTimeRemainingProvider.java:72)
08-13 16:35:56.392 3562 3575 E turbo_etr_provider: at android.content.ContentProvider.query(ContentProvider.java:1055)
08-13 16:35:56.392 3562 3575 E turbo_etr_provider: at android.content.ContentProvider.query(ContentProvider.java:1147)
08-13 16:35:56.392 3562 3575 E turbo_etr_provider: at android.content.ContentProvider$Transport.query(ContentProvider.java:240)
08-13 16:35:56.392 3562 3575 E turbo_etr_provider: at android.content.ContentProviderNative.onTransact(ContentProviderNative.java:102)
08-13 16:35:56.392 3562 3575 E turbo_etr_provider: at android.os.Binder.execTransact(Binder.java:697)
08-13 16:35:56.395 3562 3575 D turbo_etr_provider: getTimeToDischarge execution time: 54ms
08-13 16:35:56.397 8557 8578 D BatteryInfo: time for enhanced BatteryInfo: 68ms
08-13 16:35:56.398 8557 8578 D BatteryInfo: time for getBatteryInfo: 1ms
08-13 16:35:56.398 8557 8557 D BatteryInfo: time for callback: 0ms
08-13 16:35:56.717 1443 1443 I Elmyra/ElmyraService: Unblocked; current action: SetupWizardAction
08-13 16:35:56.743 744 793 I ASH : @ 3969.445: ccb_proximityInit: PROX initialized w/initData
08-13 16:35:56.793 744 793 I ASH : @ 3969.495: ccb_proximityHandle: PRX_STATE_BEGIN
08-13 16:35:56.793 744 793 I ASH : @ 3969.495: ccb_proximityHandle: initial state farAway
08-13 16:35:58.073 744 793 I ASH : @ 3970.776: _490x_handleAdaptiveAtime: Adaptive ATIME Short to Long
08-13 16:35:58.328 1606 1711 I QCNEJ/CndHalConnector: -> SND notifyWifiStatusChanged(RatInfo{type=1, subType=101, state=CONNECTED, v4=IfaceAddrPair{iface=wlan0, addr=10.188.145.221}, v6=IfaceAddrPair{iface=, addr=}, timestamp=2018-08-13 16:35:58.327, isAndroidValidated=false, netHandle=433808132830, slotIdx=0} WifiInfo{freq=FIVE_GHz, state=3, ssid=EmployeeHotspot, bssid=cc:16:7e:12:e1:1a, dns=[210.22.84.3, 210.22.70.3, 0.0.0.0, 0.0.0.0, ]})
08-13 16:35:59.826 2279 8120 W OkHttpClient: A connection to http://sdk.open.phone.igexin.com/ was leaked. Did you forget to close a response body?
08-13 16:35:59.827 2279 8120 I chatty : uid=10125(com.antutu.ABenchMark) OkHttp Connecti identical 4 lines
08-13 16:35:59.827 2279 8120 W OkHttpClient: A connection to http://sdk.open.phone.igexin.com/ was leaked. Did you forget to close a response body?
08-13 16:36:01.361 1606 1711 I QCNEJ/CndHalConnector: -> SND notifyWifiStatusChanged(RatInfo{type=1, subType=101, state=CONNECTED, v4=IfaceAddrPair{iface=wlan0, addr=10.188.145.221}, v6=IfaceAddrPair{iface=, addr=}, timestamp=2018-08-13 16:36:01.361, isAndroidValidated=false, netHandle=433808132830, slotIdx=0} WifiInfo{freq=FIVE_GHz, state=3, ssid=EmployeeHotspot, bssid=cc:16:7e:12:e1:1a, dns=[210.22.84.3, 210.22.70.3, 0.0.0.0, 0.0.0.0, ]})
08-13 16:36:02.600 2607 2607 W Notification: Use of stream types is deprecated for operations other than volume control
08-13 16:36:02.601 2607 2607 W Notification: See the documentation of setSound() for what to use instead with android.media.AudioAttributes to qualify your playback use case
08-13 16:36:02.644 2607 2607 W tutu.ABenchMark: type=1400 audit(0.0:548): avc: denied { read } for name="stat" dev="proc" ino=4026532079 scontext=u:r:untrusted_app:s0:c512,c768 tcontext=u:object_r:proc_stat:s0 tclass=file permissive=0
08-13 16:36:02.655 2607 2607 W Notification: Use of stream types is deprecated for operations other than volume control
08-13 16:36:02.655 2607 2607 W Notification: See the documentation of setSound() for what to use instead with android.media.AudioAttributes to qualify your playback use case
08-13 16:36:04.381 1606 1711 I QCNEJ/CndHalConnector: -> SND notifyWifiStatusChanged(RatInfo{type=1, subType=101, state=CONNECTED, v4=IfaceAddrPair{iface=wlan0, addr=10.188.145.221}, v6=IfaceAddrPair{iface=, addr=}, timestamp=2018-08-13 16:36:04.38, isAndroidValidated=false, netHandle=433808132830, slotIdx=0} WifiInfo{freq=FIVE_GHz, state=3, ssid=EmployeeHotspot, bssid=cc:16:7e:12:e1:1a, dns=[210.22.84.3, 210.22.70.3, 0.0.0.0, 0.0.0.0, ]})
08-13 16:36:10.665 1108 1665 I WifiService: getConnectionInfo uid=10125
08-13 16:36:12.664 2607 2607 W Notification: Use of stream types is deprecated for operations other than volume control
08-13 16:36:12.665 2607 2607 W Notification: See the documentation of setSound() for what to use instead with android.media.AudioAttributes to qualify your playback use case
08-13 16:36:12.711 2607 2607 W tutu.ABenchMark: type=1400 audit(0.0:549): avc: denied { read } for name="stat" dev="proc" ino=4026532079 scontext=u:r:untrusted_app:s0:c512,c768 tcontext=u:object_r:proc_stat:s0 tclass=file permissive=0
08-13 16:36:12.719 2607 2607 W Notification: Use of stream types is deprecated for operations other than volume control
08-13 16:36:12.719 2607 2607 W Notification: See the documentation of setSound() for what to use instead with android.media.AudioAttributes to qualify your playback use case
08-13 16:36:14.966 744 793 I VSC : @ 3987.669: [VSC] Request sensor 131074, sample_duration 0 ms, report_duration 0 ms
08-13 16:36:14.966 744 793 I VSC : @ 3987.669: [VSC] Stopping sensor events for sensor 65537
08-13 16:36:14.969 744 793 D CHRE : @ 3987.671: -: id 0, otherClientPresent 0, mode 3
08-13 16:36:15.677 744 793 I VSC : @ 3988.376: [VSC] Stopping sensor events for sensor 131074
08-13 16:36:15.677 744 793 I VSC : @ 3988.376: [VSC] Request sensor 65537, sample_duration 14 ms, report_duration c80 ms
08-13 16:36:15.677 744 793 D CHRE : @ 3988.379: +: id 0, otherClientPresent 1, mode 3
08-13 16:36:16.334 744 793 I ASH : @ 3989.036: ccb_proximityHandle: PRX_STATE nearBy
08-13 16:36:16.501 1606 1711 I QCNEJ/CndHalConnector: -> SND notifyWifiStatusChanged(RatInfo{type=1, subType=101, state=CONNECTED, v4=IfaceAddrPair{iface=wlan0, addr=10.188.145.221}, v6=IfaceAddrPair{iface=, addr=}, timestamp=2018-08-13 16:36:16.5, isAndroidValidated=false, netHandle=433808132830, slotIdx=0} WifiInfo{freq=FIVE_GHz, state=3, ssid=EmployeeHotspot, bssid=cc:16:7e:12:e1:1a, dns=[210.22.84.3, 210.22.70.3, 0.0.0.0, 0.0.0.0, ]})
08-13 16:36:17.483 744 793 I ASH : @ 3990.185: ccb_proximityHandle: PRX_STATE farAway
08-13 16:36:18.299 744 793 I ASH : @ 3991.000: ccb_proximityHandle: PRX_STATE nearBy
08-13 16:36:18.539 744 793 I ASH : @ 3991.241: ccb_proximityHandle: PRX_STATE farAway
08-13 16:36:20.467 2321 8172 W GmsLocationProvider: Error removing location updates: 16
08-13 16:36:20.917 2197 4395 W Conscrypt: Could not set socket write timeout:
08-13 16:36:20.918 2197 4395 W Conscrypt: java.lang.reflect.Method.invoke(Native Method)
08-13 16:36:20.918 2197 4395 W Conscrypt: com.google.android.gms.org.conscrypt.Platform.setSocketWriteTimeout(:com.google.android.gms@11580948:13)
08-13 16:36:21.169 2197 2924 W Conscrypt: Could not set socket write timeout:
08-13 16:36:21.169 2197 2924 W Conscrypt: java.lang.reflect.Method.invoke(Native Method)
08-13 16:36:21.170 2197 2924 W Conscrypt: com.google.android.gms.org.conscrypt.Platform.setSocketWriteTimeout(:com.google.android.gms@11580948:13)
08-13 16:36:22.729 2607 2607 W Notification: Use of stream types is deprecated for operations other than volume control
08-13 16:36:22.730 2607 2607 W Notification: See the documentation of setSound() for what to use instead with android.media.AudioAttributes to qualify your playback use case
08-13 16:36:22.777 2607 2607 W tutu.ABenchMark: type=1400 audit(0.0:550): avc: denied { read } for name="stat" dev="proc" ino=4026532079 scontext=u:r:untrusted_app:s0:c512,c768 tcontext=u:object_r:proc_stat:s0 tclass=file permissive=0
08-13 16:36:22.785 2607 2607 W Notification: Use of stream types is deprecated for operations other than volume control
08-13 16:36:22.785 2607 2607 W Notification: See the documentation of setSound() for what to use instead with android.media.AudioAttributes to qualify your playback use case
08-13 16:36:24.808 1637 1637 E QtiImsExtUtils: getConfigForPhoneId phoneId is invalid
08-13 16:36:24.808 1637 1637 E QtiImsExtUtils: isCarrierConfigEnabled bundle is null
08-13 16:36:24.827 2607 2607 W Notification: Use of stream types is deprecated for operations other than volume control
08-13 16:36:24.827 2607 2607 W Notification: See the documentation of setSound() for what to use instead with android.media.AudioAttributes to qualify your playback use case
08-13 16:36:25.086 1108 1150 I WifiService: requestActivityInfo uid=1000
08-13 16:36:25.086 1108 1150 I WifiService: reportActivityInfo uid=1000
08-13 16:36:25.086 1108 1150 I WifiService: getSupportedFeatures uid=1000
08-13 16:36:25.090 1108 1108 I EntropyMixer: Writing entropy...
08-13 16:36:25.094 1637 1637 E QtiImsExtUtils: getConfigForPhoneId phoneId is invalid
08-13 16:36:25.094 1637 1637 E QtiImsExtUtils: isCarrierConfigEnabled bundle is null
08-13 16:36:25.097 1443 1443 I Elmyra/ElmyraService: Gated by ChargingState
08-13 16:36:25.098 1108 1143 W BroadcastQueue: Background execution not allowed: receiving Intent { act=android.intent.action.ACTION_POWER_CONNECTED flg=0x4000010 (has extras) } to com.antutu.ABenchMark/com.antutu.benchmark.receiver.KeepAliveReceiver
08-13 16:36:25.101 8557 8557 D BatteryInfo: time to make batteryStatsHelper: 2ms
08-13 16:36:25.101 2197 2197 I GCoreUlr: Starting service, intent=Intent { act=com.google.android.location.reporting.ACTION_UPDATE_ACTIVE_STATE cmp=com.google.android.gms/com.google.android.location.reporting.service.DispatchingService (has extras) }, extras=Bundle[{source=PowerModeReceiver}]
08-13 16:36:25.102 1108 1143 W BroadcastQueue: Background execution not allowed: receiving Intent { act=android.intent.action.ACTION_POWER_CONNECTED flg=0x4000010 (has extras) } to com.google.android.apps.photos/.scheduler.PowerReceiver
08-13 16:36:25.103 744 793 I ASH : @ 3997.806: ams_deviceSetConfig: Disabling proximity
08-13 16:36:25.111 2569 2569 I iu.Environment: update battery state; isPlugged? true*
08-13 16:36:25.111 1108 1150 E BatteryExternalStatsWorker: no controller energy info supplied for bluetooth
08-13 16:36:25.112 2569 4449 I iu.UploadsManager: num queued entries: 0
08-13 16:36:25.112 2569 4449 I iu.UploadsManager: num updated entries: 0
08-13 16:36:25.113 2569 4449 I iu.SyncManager: NEXT; no task
08-13 16:36:25.113 2197 4573 E DatabaseUtils: Writing exception to parcel
08-13 16:36:25.113 2197 4573 E DatabaseUtils: java.lang.SecurityException: Caller isn't signed with recognized keys!
08-13 16:36:25.113 2197 4573 E DatabaseUtils: at com.google.android.gms.auth.account.be.legacy.AccountChimeraContentProvider.call(:com.google.android.gms@11580948:2)
08-13 16:36:25.113 2197 4573 E DatabaseUtils: at bve.call(:com.google.android.gms@11580948:1)
08-13 16:36:25.113 2197 4573 E DatabaseUtils: at android.content.ContentProvider$Transport.call(ContentProvider.java:401)
08-13 16:36:25.113 2197 4573 E DatabaseUtils: at android.content.ContentProviderNative.onTransact(ContentProviderNative.java:272)
08-13 16:36:25.113 2197 4573 E DatabaseUtils: at android.os.Binder.execTransact(Binder.java:697)
08-13 16:36:25.121 3562 8608 E turbo_BatteryLogger: could not get google accounts, e
08-13 16:36:25.124 730 730 W power@1.1-servi: type=1400 audit(0.0:551): avc: denied { read } for name="system_stats" dev="debugfs" ino=17769 scontext=u:r:hal_power_default:s0 tcontext=u:object_r:debugfs_rpm:s0 tclass=file permissive=0
08-13 16:36:25.124 730 730 W power@1.1-servi: type=1400 audit(0.0:552): avc: denied { search } for name="wlan0" dev="debugfs" ino=32097 scontext=u:r:hal_power_default:s0 tcontext=u:object_r:debugfs_wlan:s0 tclass=dir permissive=0
08-13 16:36:25.128 730 730 E QCOM PowerHAL: extract_stats: failed to open: /d/system_stats Error = Permission denied
08-13 16:36:25.129 730 730 E QCOM PowerHAL: extract_stats: failed to open: /d/wlan0/power_stats Error = Permission denied
08-13 16:36:25.130 2569 8612 I iu.FingerprintManager: Start processing all media
08-13 16:36:25.130 2569 8612 I iu.FingerprintManager: Start processing media store URI: content://media/external/images/media
08-13 16:36:25.135 2197 8610 I GCoreUlr: DispatchingService.updateActiveState+PowerModeReceiver: Ensuring that reporting is active for [account#15#]
08-13 16:36:25.146 1108 1150 I WifiService: requestActivityInfo uid=1000
08-13 16:36:25.147 1108 1150 I WifiService: reportActivityInfo uid=1000
08-13 16:36:25.147 1108 1150 I WifiService: getSupportedFeatures uid=1000
08-13 16:36:25.154 2197 8610 I GCoreUlr: Place inference reporting - stop
08-13 16:36:25.155 2197 8611 I GCoreUlr: Unregistering for aliased place alerts.
08-13 16:36:25.156 2607 2607 W Notification: Use of stream types is deprecated for operations other than volume control
08-13 16:36:25.156 2607 2607 W Notification: See the documentation of setSound() for what to use instead with android.media.AudioAttributes to qualify your playback use case
08-13 16:36:25.159 1108 1150 E BatteryExternalStatsWorker: no controller energy info supplied for bluetooth
08-13 16:36:25.163 1637 1850 E PhoneInterfaceManager: [PhoneIntfMgr] getIccId: No UICC
08-13 16:36:25.172 1637 1646 I zygote64: Do partial code cache collection, code=50KB, data=51KB
08-13 16:36:25.172 1637 1646 I zygote64: After code cache collection, code=50KB, data=51KB
08-13 16:36:25.172 1637 1646 I zygote64: Increasing code cache capacity to 256KB
08-13 16:36:25.172 1637 1646 I zygote64: Compiler allocated 5MB to compile void com.android.phone.PhoneInterfaceManager$MainThreadHandler.handleMessage(android.os.Message)
08-13 16:36:25.195 2607 2607 W Notification: Use of stream types is deprecated for operations other than volume control
08-13 16:36:25.195 2607 2607 W Notification: See the documentation of setSound() for what to use instead with android.media.AudioAttributes to qualify your playback use case
08-13 16:36:25.199 2569 8612 I iu.FingerprintManager: Start processing media store URI: content://media/external/video/media
08-13 16:36:25.202 1637 1850 E PhoneInterfaceManager: [PhoneIntfMgr] getIccId: No UICC
08-13 16:36:25.203 2569 8612 I iu.FingerprintManager: Start processing media store URI: content://media/phoneStorage/images/media
08-13 16:36:25.206 2569 8612 I iu.FingerprintManager: Start processing media store URI: content://media/phoneStorage/video/media
08-13 16:36:25.206 2569 8612 I iu.FingerprintManager: Finished generating fingerprints; 0.076 seconds
08-13 16:36:25.206 2569 8612 I iu.FingerprintManager: numSeen=0 numGenerated=0 numDeleted=0 numFailed=0
08-13 16:36:25.207 8557 8557 D BatteryInfo: time for getStats: 106ms
08-13 16:36:25.208 8557 8627 D BatteryInfo: time for regular BatteryInfo: 0ms
08-13 16:36:25.209 8557 8627 D BatteryInfo: time for getBatteryInfo: 1ms
08-13 16:36:25.209 8557 8557 D BatteryInfo: time for callback: 0ms
08-13 16:36:25.216 1637 1850 E PhoneInterfaceManager: [PhoneIntfMgr] getIccId: No UICC
08-13 16:36:25.219 1637 1850 E PhoneInterfaceManager: [PhoneIntfMgr] getIccId: No UICC
08-13 16:36:25.226 1108 2378 W BroadcastQueue: Background execution not allowed: receiving Intent { act=android.intent.action.ACTION_POWER_CONNECTED flg=0x4000010 (has extras) } to com.antutu.ABenchMark/com.igexin.sdk.PushReceiver
08-13 16:36:25.231 1108 1150 I WifiService: requestActivityInfo uid=1000
08-13 16:36:25.231 1108 1150 I WifiService: reportActivityInfo uid=1000
08-13 16:36:25.231 1108 1150 I WifiService: getSupportedFeatures uid=1000
08-13 16:36:25.234 1108 1150 E BatteryExternalStatsWorker: no controller energy info supplied for bluetooth
08-13 16:36:25.316 1108 1150 I WifiService: requestActivityInfo uid=1000
08-13 16:36:25.316 1108 1150 I WifiService: reportActivityInfo uid=1000
08-13 16:36:25.316 1108 1150 I WifiService: getSupportedFeatures uid=1000
08-13 16:36:25.321 1108 1150 I chatty : uid=1000(system) batterystats-wo identical 1 line
08-13 16:36:25.457 1108 2378 E LightsService: Light requested not available on this device. 3
08-13 16:36:25.458 1637 1637 E QtiImsExtUtils: getConfigForPhoneId phoneId is invalid
08-13 16:36:25.458 1637 1637 E QtiImsExtUtils: isCarrierConfigEnabled bundle is null
08-13 16:36:25.459 8557 8557 D BatteryInfo: time to make batteryStatsHelper: 1ms
08-13 16:36:25.459 1108 1150 I WifiService: requestActivityInfo uid=1000
08-13 16:36:25.459 1108 1150 I WifiService: reportActivityInfo uid=1000
08-13 16:36:25.459 1108 1150 I WifiService: getSupportedFeatures uid=1000
08-13 16:36:25.474 2607 2607 W Notification: Use of stream types is deprecated for operations other than volume control
08-13 16:36:25.474 2607 2607 W Notification: See the documentation of setSound() for what to use instead with android.media.AudioAttributes to qualify your playback use case
08-13 16:36:25.479 1108 1150 E BatteryExternalStatsWorker: no controller energy info supplied for bluetooth
08-13 16:36:25.530 8557 8557 D BatteryInfo: time for getStats: 71ms
08-13 16:36:25.532 8557 8637 D BatteryInfo: time for regular BatteryInfo: 1ms
08-13 16:36:25.532 8557 8637 D BatteryInfo: time for getBatteryInfo: 0ms
08-13 16:36:25.532 8557 8557 D BatteryInfo: time for callback: 0ms
08-13 16:36:25.566 1606 1711 I QCNEJ/CndHalConnector: -> SND notifyWifiStatusChanged(RatInfo{type=1, subType=101, state=CONNECTED, v4=IfaceAddrPair{iface=wlan0, addr=10.188.145.221}, v6=IfaceAddrPair{iface=, addr=}, timestamp=2018-08-13 16:36:25.566, isAndroidValidated=false, netHandle=433808132830, slotIdx=0} WifiInfo{freq=FIVE_GHz, state=3, ssid=EmployeeHotspot, bssid=cc:16:7e:12:e1:1a, dns=[210.22.84.3, 210.22.70.3, 0.0.0.0, 0.0.0.0, ]})
08-13 16:36:25.595 1443 1443 I Elmyra/ElmyraService: Unblocked; current action: SetupWizardAction
08-13 16:36:25.610 744 793 I ASH : @ 3998.313: ccb_proximityInit: PROX initialized w/initData
08-13 16:36:25.661 744 793 I ASH : @ 3998.363: ccb_proximityHandle: PRX_STATE_BEGIN
08-13 16:36:25.662 744 793 I ASH : @ 3998.364: ccb_proximityHandle: initial state farAway
08-13 16:36:25.812 1637 1637 E QtiImsExtUtils: getConfigForPhoneId phoneId is invalid
08-13 16:36:25.812 1637 1637 E QtiImsExtUtils: isCarrierConfigEnabled bundle is null
08-13 16:36:25.820 2607 2607 W Notification: Use of stream types is deprecated for operations other than volume control
08-13 16:36:25.820 2607 2607 W Notification: See the documentation of setSound() for what to use instead with android.media.AudioAttributes to qualify your playback use case
08-13 16:36:25.827 2197 2925 E DatabaseUtils: Writing exception to parcel
08-13 16:36:25.827 2197 2925 E DatabaseUtils: java.lang.SecurityException: Caller isn't signed with recognized keys!
08-13 16:36:25.827 2197 2925 E DatabaseUtils: at com.google.android.gms.auth.account.be.legacy.AccountChimeraContentProvider.call(:com.google.android.gms@11580948:2)
08-13 16:36:25.827 2197 2925 E DatabaseUtils: at bve.call(:com.google.android.gms@11580948:1)
08-13 16:36:25.827 2197 2925 E DatabaseUtils: at android.content.ContentProvider$Transport.call(ContentProvider.java:401)
08-13 16:36:25.827 2197 2925 E DatabaseUtils: at android.content.ContentProviderNative.onTransact(ContentProviderNative.java:272)
08-13 16:36:25.827 2197 2925 E DatabaseUtils: at android.os.Binder.execTransact(Binder.java:697)
08-13 16:36:25.828 3562 8639 E turbo_BatteryLogger: could not get google accounts, e
08-13 16:36:27.307 732 1320 I android.hardware.usb@1.1-service.wahoo: partner added
08-13 16:36:27.308 732 1320 I android.hardware.usb@1.1-service.wahoo: uevent received DEVTYPE=typec_partner
08-13 16:36:27.313 732 1320 I android.hardware.usb@1.1-service.wahoo: port0
08-13 16:36:27.315 732 1320 I android.hardware.usb@1.1-service.wahoo: connected:1 canChangeMode:1 canChagedata:0 canChangePower:0
08-13 16:36:27.317 1108 1599 I UsbPortManager: ClientCallback: port0
08-13 16:36:27.318 1108 1152 I UsbPortManager: USB port changed: port=UsbPort{id=port0, supportedModes=dual}, status=UsbPortStatus{connected=true, currentMode=ufp, currentPowerRole=sink, currentDataRole=device, supportedRoleCombinations=[source:host, sink:device]}, canChangeMode=true, canChangePowerRole=false, canChangeDataRole=false
08-13 16:36:27.333 1429 1429 D ModemService: Received: android.hardware.usb.action.USB_PORT_CHANGED
08-13 16:36:27.334 1429 1429 D ModemService: USB Port Status: UsbPortStatus{connected=true, currentMode=ufp, currentPowerRole=sink, currentDataRole=device, supportedRoleCombinations=[source:host, sink:device]}
08-13 16:36:27.338 1429 1429 D ModemService: ModemService started
08-13 16:36:27.338 1429 1503 D ModemService: CheckUpdateRunnable started
08-13 16:36:27.338 1429 1503 D ModemService: Tuner by USB: enabled
08-13 16:36:27.340 1429 1503 D ModemService: Sending tuner update
08-13 16:36:27.340 1429 1503 D ModemService: Tuner value: 1
08-13 16:36:27.341 1429 1503 V QMI_OEMHOOK: createPayload: serviceId= 4 messageId= 32
08-13 16:36:27.341 1429 1503 V QMI_OEMHOOK: val=1
08-13 16:36:27.342 1429 1503 V QMI_OEMHOOK: Intermediate buf in QmiOemHook sendQmiMessage Sync or Async = 0105000101000000
08-13 16:36:27.342 1429 1503 V QMI_OEMHOOK: Byte buf in QmiOemHook createPayload = java.nio.HeapByteBuffer[pos=20 lim=20 cap=20]
08-13 16:36:27.345 1509 1509 D QcrilMsgTunnelIfaceManager: handleMessage what = 1
08-13 16:36:27.349 1509 1509 I QcrilOemhookMsgTunnel: [0]invokeOemRilRequestRaw: serial=1013 length=36
08-13 16:36:27.360 1509 1545 I QcrilOemhookMsgTunnel: [0]processOemHookResponse serial no: 1013 error: 0length=0
08-13 16:36:27.362 1509 1509 D QcrilMsgTunnelIfaceManager: handleMessage what = 2
08-13 16:36:27.364 1429 1503 V QMI_OEMHOOK: receive responseData = null message=null responseType= IS_SYNC_RESPONSE
08-13 16:36:27.364 1429 1503 V QMI_OEMHOOK: payload is null
08-13 16:36:27.364 1429 1503 D ModemService: SAR by USB Device: enabled
08-13 16:36:27.366 1429 1503 D ModemService: Sending SAR update
08-13 16:36:27.366 1429 1503 D ModemService: SAR state: 3
08-13 16:36:27.366 1429 1503 V QMI_OEMHOOK: createPayload: serviceId= 5 messageId= 1
08-13 16:36:27.367 1429 1503 V QMI_OEMHOOK: val=3
08-13 16:36:27.367 1429 1503 V QMI_OEMHOOK: Intermediate buf in QmiOemHook sendQmiMessage Sync or Async = 01040003000000
08-13 16:36:27.367 1429 1503 V QMI_OEMHOOK: val=8998
08-13 16:36:27.367 1429 1503 V QMI_OEMHOOK: Intermediate buf in QmiOemHook sendQmiMessage Sync or Async = 10040026230000
08-13 16:36:27.367 1429 1503 V QMI_OEMHOOK: Byte buf in QmiOemHook createPayload = java.nio.HeapByteBuffer[pos=26 lim=26 cap=26]
08-13 16:36:27.368 1509 1509 D QcrilMsgTunnelIfaceManager: handleMessage what = 1
08-13 16:36:27.369 1509 1509 I QcrilOemhookMsgTunnel: [0]invokeOemRilRequestRaw: serial=1014 length=42
08-13 16:36:27.378 1509 1545 I QcrilOemhookMsgTunnel: [0]processOemHookResponse serial no: 1014 error: 0length=0
08-13 16:36:27.378 1509 1509 D QcrilMsgTunnelIfaceManager: handleMessage what = 2
08-13 16:36:27.379 1429 1503 V QMI_OEMHOOK: receive responseData = null message=null responseType= IS_SYNC_RESPONSE
08-13 16:36:27.379 1429 1503 V QMI_OEMHOOK: payload is null
08-13 16:36:27.412 1108 1152 D UsbDeviceManager: push notification:USB charging this device
08-13 16:36:27.430 1443 1443 I Elmyra/ElmyraService: Gated by UsbState
08-13 16:36:27.436 744 793 I ASH : @ 4000.140: ams_deviceSetConfig: Disabling proximity
08-13 16:36:27.932 1443 1443 I Elmyra/ElmyraService: Unblocked; current action: SetupWizardAction
08-13 16:36:27.958 744 793 I ASH : @ 4000.660: ccb_proximityInit: PROX initialized w/initData
08-13 16:36:28.007 744 793 I ASH : @ 4000.709: ccb_proximityHandle: PRX_STATE_BEGIN
08-13 16:36:28.007 744 793 I ASH : @ 4000.710: ccb_proximityHandle: initial state farAway
08-13 16:36:28.355 1108 1150 I WifiService: requestActivityInfo uid=1000
08-13 16:36:28.355 1108 1150 I WifiService: reportActivityInfo uid=1000
08-13 16:36:28.355 1108 1150 I WifiService: getSupportedFeatures uid=1000
08-13 16:36:28.356 1108 1118 E LightsService: Light requested not available on this device. 3
08-13 16:36:28.359 1443 1443 I Elmyra/ElmyraService: Gated by ChargingState
08-13 16:36:28.363 2197 2197 I GCoreUlr: Starting service, intent=Intent { act=com.google.android.location.reporting.ACTION_UPDATE_ACTIVE_STATE cmp=com.google.android.gms/com.google.android.location.reporting.service.DispatchingService (has extras) }, extras=Bundle[{source=PowerModeReceiver}]
08-13 16:36:28.365 1637 1637 E QtiImsExtUtils: getConfigForPhoneId phoneId is invalid
08-13 16:36:28.365 1637 1637 E QtiImsExtUtils: isCarrierConfigEnabled bundle is null
08-13 16:36:28.367 732 1320 I android.hardware.usb@1.1-service.wahoo: uevent received DEVTYPE=typec_partner
08-13 16:36:28.368 732 1320 I android.hardware.usb@1.1-service.wahoo: port0
08-13 16:36:28.368 732 1320 I android.hardware.usb@1.1-service.wahoo: connected:0 canChangeMode:1 canChagedata:0 canChangePower:0
08-13 16:36:28.368 1108 1599 I UsbPortManager: ClientCallback: port0
08-13 16:36:28.368 783 1105 E adbd : remote usb: read terminated (message): No such device
08-13 16:36:28.369 1108 1152 I UsbPortManager: USB port changed: port=UsbPort{id=port0, supportedModes=dual}, status=UsbPortStatus{connected=false, currentMode=none, currentPowerRole=no-power, currentDataRole=no-data, supportedRoleCombinations=[no-power:no-data]}, canChangeMode=true, canChangePowerRole=false, canChangeDataRole=false
08-13 16:36:28.370 8557 8557 D BatteryInfo: time to make batteryStatsHelper: 1ms
08-13 16:36:28.371 1108 1143 W BroadcastQueue: Background execution not allowed: receiving Intent { act=android.intent.action.ACTION_POWER_DISCONNECTED flg=0x4000010 (has extras) } to com.antutu.ABenchMark/com.antutu.benchmark.receiver.KeepAliveReceiver
08-13 16:36:28.379 744 793 I ASH : @ 4001.083: ams_deviceSetConfig: Disabling proximity
08-13 16:36:28.380 1108 1143 W BroadcastQueue: Background execution not allowed: receiving Intent { act=android.intent.action.ACTION_POWER_DISCONNECTED flg=0x4000010 (has extras) } to com.google.android.apps.photos/.scheduler.PowerReceiver
08-13 16:36:28.381 783 1104 I adbd : closing functionfs transport
08-13 16:36:28.382 783 794 I adbd : initializing functionfs
08-13 16:36:28.382 1429 1429 D ModemService: Received: android.hardware.usb.action.USB_PORT_CHANGED
08-13 16:36:28.382 1429 1429 D ModemService: USB Port Status: UsbPortStatus{connected=false, currentMode=none, currentPowerRole=no-power, currentDataRole=no-data, supportedRoleCombinations=[no-power:no-data]}
08-13 16:36:28.383 1108 1150 E BatteryExternalStatsWorker: no controller energy info supplied for bluetooth
08-13 16:36:28.383 1429 1429 D ModemService: ModemService started
08-13 16:36:28.384 1429 1503 D ModemService: CheckUpdateRunnable started
08-13 16:36:28.384 1429 1503 D ModemService: Tuner by USB: enabled
08-13 16:36:28.384 1429 1503 D ModemService: Sending tuner update
08-13 16:36:28.384 1429 1503 D ModemService: Tuner value: 0
08-13 16:36:28.384 1429 1503 V QMI_OEMHOOK: createPayload: serviceId= 4 messageId= 32
08-13 16:36:28.384 1429 1503 V QMI_OEMHOOK: val=0
08-13 16:36:28.385 1429 1503 V QMI_OEMHOOK: Intermediate buf in QmiOemHook sendQmiMessage Sync or Async = 0105000100000000
08-13 16:36:28.385 1429 1503 V QMI_OEMHOOK: Byte buf in QmiOemHook createPayload = java.nio.HeapByteBuffer[pos=20 lim=20 cap=20]
08-13 16:36:28.386 1509 1509 D QcrilMsgTunnelIfaceManager: handleMessage what = 1
08-13 16:36:28.386 1509 1509 I QcrilOemhookMsgTunnel: [0]invokeOemRilRequestRaw: serial=1015 length=36
08-13 16:36:28.387 2607 2607 W Notification: Use of stream types is deprecated for operations other than volume control
08-13 16:36:28.387 2607 2607 W Notification: See the documentation of setSound() for what to use instead with android.media.AudioAttributes to qualify your playback use case
08-13 16:36:28.387 2569 2569 I iu.Environment: update battery state; isPlugged? false*
08-13 16:36:28.387 1509 1545 I QcrilOemhookMsgTunnel: [0]processOemHookResponse serial no: 1015 error: 0length=0
08-13 16:36:28.388 1509 1509 D QcrilMsgTunnelIfaceManager: handleMessage what = 2
08-13 16:36:28.388 1429 1503 V QMI_OEMHOOK: receive responseData = null message=null responseType= IS_SYNC_RESPONSE
08-13 16:36:28.388 1429 1503 V QMI_OEMHOOK: payload is null
08-13 16:36:28.389 1429 1503 D ModemService: SAR by USB Device: enabled
08-13 16:36:28.389 2569 4449 I iu.UploadsManager: num queued entries: 0
08-13 16:36:28.389 2569 4449 I iu.UploadsManager: num updated entries: 0
08-13 16:36:28.390 1429 1503 D ModemService: Sending SAR update
08-13 16:36:28.390 1429 1503 D ModemService: SAR state: 3
08-13 16:36:28.390 1429 1503 V QMI_OEMHOOK: createPayload: serviceId= 5 messageId= 1
08-13 16:36:28.390 1429 1503 V QMI_OEMHOOK: val=3
08-13 16:36:28.390 1429 1503 V QMI_OEMHOOK: Intermediate buf in QmiOemHook sendQmiMessage Sync or Async = 01040003000000
08-13 16:36:28.390 1429 1503 V QMI_OEMHOOK: val=8998
08-13 16:36:28.390 1429 1503 V QMI_OEMHOOK: Intermediate buf in QmiOemHook sendQmiMessage Sync or Async = 10040026230000
08-13 16:36:28.390 1429 1503 V QMI_OEMHOOK: Byte buf in QmiOemHook createPayload = java.nio.HeapByteBuffer[pos=26 lim=26 cap=26]
08-13 16:36:28.391 1509 1509 D QcrilMsgTunnelIfaceManager: handleMessage what = 1
08-13 16:36:28.393 2569 4449 I iu.SyncManager: NEXT; no task
08-13 16:36:28.395 1108 1118 W BroadcastQueue: Background execution not allowed: receiving Intent { act=android.intent.action.ACTION_POWER_DISCONNECTED flg=0x4000010 (has extras) } to com.antutu.ABenchMark/com.igexin.sdk.PushReceiver
08-13 16:36:28.395 2197 2925 E DatabaseUtils: Writing exception to parcel
08-13 16:36:28.395 2197 2925 E DatabaseUtils: java.lang.SecurityException: Caller isn't signed with recognized keys!
08-13 16:36:28.395 2197 2925 E DatabaseUtils: at com.google.android.gms.auth.account.be.legacy.AccountChimeraContentProvider.call(:com.google.android.gms@11580948:2)
08-13 16:36:28.395 2197 2925 E DatabaseUtils: at bve.call(:com.google.android.gms@11580948:1)
08-13 16:36:28.395 2197 2925 E DatabaseUtils: at android.content.ContentProvider$Transport.call(ContentProvider.java:401)
08-13 16:36:28.395 2197 2925 E DatabaseUtils: at android.content.ContentProviderNative.onTransact(ContentProviderNative.java:272)
08-13 16:36:28.395 2197 2925 E DatabaseUtils: at android.os.Binder.execTransact(Binder.java:697)
08-13 16:36:28.397 730 730 W power@1.1-servi: type=1400 audit(0.0:553): avc: denied { read } for name="system_stats" dev="debugfs" ino=17769 scontext=u:r:hal_power_default:s0 tcontext=u:object_r:debugfs_rpm:s0 tclass=file permissive=0
08-13 16:36:28.398 2197 8610 I GCoreUlr: DispatchingService.updateActiveState+PowerModeReceiver: Ensuring that reporting is active for [account#15#]
08-13 16:36:28.401 730 730 W power@1.1-servi: type=1400 audit(0.0:554): avc: denied { search } for name="wlan0" dev="debugfs" ino=32097 scontext=u:r:hal_power_default:s0 tcontext=u:object_r:debugfs_wlan:s0 tclass=dir permissive=0
08-13 16:36:28.404 730 730 E QCOM PowerHAL: extract_stats: failed to open: /d/system_stats Error = Permission denied
08-13 16:36:28.404 730 730 E QCOM PowerHAL: extract_stats: failed to open: /d/wlan0/power_stats Error = Permission denied
08-13 16:36:28.404 1509 1509 I QcrilOemhookMsgTunnel: [0]invokeOemRilRequestRaw: serial=1016 length=42
08-13 16:36:28.405 1509 1545 I QcrilOemhookMsgTunnel: [0]processOemHookResponse serial no: 1016 error: 0length=0
08-13 16:36:28.405 1509 1509 D QcrilMsgTunnelIfaceManager: handleMessage what = 2
08-13 16:36:28.406 3562 8645 E turbo_BatteryLogger: could not get google accounts, e
08-13 16:36:28.406 1429 1503 V QMI_OEMHOOK: receive responseData = null message=null responseType= IS_SYNC_RESPONSE
08-13 16:36:28.406 1429 1503 V QMI_OEMHOOK: payload is null
08-13 16:36:28.406 2607 2607 W Notification: Use of stream types is deprecated for operations other than volume control
08-13 16:36:28.406 2607 2607 W Notification: See the documentation of setSound() for what to use instead with android.media.AudioAttributes to qualify your playback use case
08-13 16:36:28.412 2197 8610 I GCoreUlr: Place inference reporting - stop
08-13 16:36:28.412 2197 8611 I GCoreUlr: Unregistering for aliased place alerts.
08-13 16:36:28.417 1108 1150 I WifiService: requestActivityInfo uid=1000
08-13 16:36:28.417 1108 1150 I WifiService: reportActivityInfo uid=1000
08-13 16:36:28.417 1108 1150 I WifiService: getSupportedFeatures uid=1000
08-13 16:36:28.423 1108 1150 E BatteryExternalStatsWorker: no controller energy info supplied for bluetooth
08-13 16:36:28.469 8557 8557 D BatteryInfo: time for getStats: 99ms
08-13 16:36:28.476 3562 3575 D turbo_etr_provider: model query time: 4ms
08-13 16:36:28.479 2197 3964 E DatabaseUtils: Writing exception to parcel
08-13 16:36:28.479 2197 3964 E DatabaseUtils: java.lang.SecurityException: Caller isn't signed with recognized keys!
08-13 16:36:28.479 2197 3964 E DatabaseUtils: at com.google.android.gms.auth.account.be.legacy.AccountChimeraContentProvider.call(:com.google.android.gms@11580948:2)
08-13 16:36:28.479 2197 3964 E DatabaseUtils: at bve.call(:com.google.android.gms@11580948:1)
08-13 16:36:28.479 2197 3964 E DatabaseUtils: at android.content.ContentProvider$Transport.call(ContentProvider.java:401)
08-13 16:36:28.479 2197 3964 E DatabaseUtils: at android.content.ContentProviderNative.onTransact(ContentProviderNative.java:272)
08-13 16:36:28.479 2197 3964 E DatabaseUtils: at android.os.Binder.execTransact(Binder.java:697)
08-13 16:36:28.479 3562 3575 E turbo_etr_provider: could not get google accounts
08-13 16:36:28.479 3562 3575 E turbo_etr_provider: android.os.RemoteException: Accounts ContentProvider failed: Caller isn't signed with recognized keys!
08-13 16:36:28.479 3562 3575 E turbo_etr_provider: at com.google.android.gms.auth.GoogleAuthUtilLight.zzz(Unknown Source:100)
08-13 16:36:28.479 3562 3575 E turbo_etr_provider: at com.google.android.gms.auth.GoogleAuthUtilLight.getAccounts(Unknown Source:18)
08-13 16:36:28.479 3562 3575 E turbo_etr_provider: at com.google.android.gms.auth.GoogleAuthUtil.getAccounts(Unknown Source:0)
08-13 16:36:28.479 3562 3575 E turbo_etr_provider: at com.google.android.apps.turbo.battery.provider.EstimatedTimeRemainingProvider.getTimeToDischarge(EstimatedTimeRemainingProvider.java:122)
08-13 16:36:28.479 3562 3575 E turbo_etr_provider: at com.google.android.apps.turbo.battery.provider.EstimatedTimeRemainingProvider.queryTimeToDischarge(EstimatedTimeRemainingProvider.java:81)
08-13 16:36:28.479 3562 3575 E turbo_etr_provider: at com.google.android.apps.turbo.battery.provider.EstimatedTimeRemainingProvider.query(EstimatedTimeRemainingProvider.java:72)
08-13 16:36:28.479 3562 3575 E turbo_etr_provider: at android.content.ContentProvider.query(ContentProvider.java:1055)
08-13 16:36:28.479 3562 3575 E turbo_etr_provider: at android.content.ContentProvider.query(ContentProvider.java:1147)
08-13 16:36:28.479 3562 3575 E turbo_etr_provider: at android.content.ContentProvider$Transport.query(ContentProvider.java:240)
08-13 16:36:28.479 3562 3575 E turbo_etr_provider: at android.content.ContentProviderNative.onTransact(ContentProviderNative.java:102)
08-13 16:36:28.479 3562 3575 E turbo_etr_provider: at android.os.Binder.execTransact(Binder.java:697)
08-13 16:36:28.482 3562 3575 D turbo_etr_provider: getTimeToDischarge execution time: 10ms
08-13 16:36:28.483 8557 8649 D BatteryInfo: time for enhanced BatteryInfo: 13ms
08-13 16:36:28.484 8557 8649 D BatteryInfo: time for getBatteryInfo: 1ms
08-13 16:36:28.484 8557 8557 D BatteryInfo: time for callback: 0ms
08-13 16:36:28.491 8557 8562 I zygote64: Do partial code cache collection, code=28KB, data=19KB
08-13 16:36:28.491 8557 8562 I zygote64: After code cache collection, code=28KB, data=19KB
08-13 16:36:28.491 8557 8562 I zygote64: Increasing code cache capacity to 128KB
08-13 16:36:28.571 1606 1711 I QCNEJ/CndHalConnector: -> SND notifyWifiStatusChanged(RatInfo{type=1, subType=101, state=CONNECTED, v4=IfaceAddrPair{iface=wlan0, addr=10.188.145.221}, v6=IfaceAddrPair{iface=, addr=}, timestamp=2018-08-13 16:36:28.571, isAndroidValidated=false, netHandle=433808132830, slotIdx=0} WifiInfo{freq=FIVE_GHz, state=3, ssid=EmployeeHotspot, bssid=cc:16:7e:12:e1:1a, dns=[210.22.84.3, 210.22.70.3, 0.0.0.0, 0.0.0.0, ]})
08-13 16:36:28.861 1443 1443 I Elmyra/ElmyraService: Unblocked; current action: SetupWizardAction
08-13 16:36:28.884 744 793 I ASH : @ 4001.586: ccb_proximityInit: PROX initialized w/initData
08-13 16:36:28.933 744 793 I ASH : @ 4001.636: ccb_proximityHandle: PRX_STATE_BEGIN
08-13 16:36:28.934 744 793 I ASH : @ 4001.636: ccb_proximityHandle: initial state farAway
08-13 16:36:29.373 1637 1637 E QtiImsExtUtils: getConfigForPhoneId phoneId is invalid
08-13 16:36:29.373 1637 1637 E QtiImsExtUtils: isCarrierConfigEnabled bundle is null
08-13 16:36:29.373 1108 1152 D UsbDeviceManager: Clear notification
08-13 16:36:29.376 1108 1152 D UsbDeviceManager: applyOemOverride usbfunctions=adb bootmode=unknown
08-13 16:36:29.393 783 794 I adbd : functionfs successfully initialized
08-13 16:36:29.393 783 794 I adbd : registering usb transport
08-13 16:36:29.403 2607 2607 W Notification: Use of stream types is deprecated for operations other than volume control
08-13 16:36:29.404 2607 2607 W Notification: See the documentation of setSound() for what to use instead with android.media.AudioAttributes to qualify your playback use case
08-13 16:36:29.409 1443 1443 I Elmyra/ElmyraService: Gated by UsbState
08-13 16:36:29.414 744 793 I ASH : @ 4002.117: ams_deviceSetConfig: Disabling proximity
08-13 16:36:29.658 1108 1150 I WifiService: requestActivityInfo uid=1000
08-13 16:36:29.658 1108 1150 I WifiService: reportActivityInfo uid=1000
08-13 16:36:29.658 1108 1150 I WifiService: getSupportedFeatures uid=1000
08-13 16:36:29.664 1108 1108 I EntropyMixer: Writing entropy...
08-13 16:36:29.664 1443 1443 I Elmyra/ElmyraService: Gated by ChargingState
08-13 16:36:29.669 2197 2197 I GCoreUlr: Starting service, intent=Intent { act=com.google.android.location.reporting.ACTION_UPDATE_ACTIVE_STATE cmp=com.google.android.gms/com.google.android.location.reporting.service.DispatchingService (has extras) }, extras=Bundle[{source=PowerModeReceiver}]
08-13 16:36:29.671 1637 1637 E QtiImsExtUtils: getConfigForPhoneId phoneId is invalid
08-13 16:36:29.671 1637 1637 E QtiImsExtUtils: isCarrierConfigEnabled bundle is null
08-13 16:36:29.672 1108 1143 W BroadcastQueue: Background execution not allowed: receiving Intent { act=android.intent.action.ACTION_POWER_CONNECTED flg=0x4000010 (has extras) } to com.antutu.ABenchMark/com.antutu.benchmark.receiver.KeepAliveReceiver
