08-13 15:29:15.511 1108 1108 V WallpaperManagerService: bindWallpaperComponentLocked: componentName=ComponentInfo{com.breel.wallpapers/com.breel.wallpapers.dioramas.lagos.LagosWallpaperService}
08-13 15:29:15.551 1108 1108 I ActivityManager: Start proc 1549:com.breel.wallpapers/u0a105 for service com.breel.wallpapers/.dioramas.lagos.LagosWallpaperService
08-13 15:29:15.608 1108 1108 I SystemServer: MakeLocationServiceReady
08-13 15:29:15.672 1108 1108 W LocationProviderProxy-network: Odd, no component found for service com.android.location.service.v3.NetworkLocationProvider
08-13 15:29:15.673 1108 1108 W GeocoderProxy: Odd, no component found for service com.android.location.service.GeocodeProvider
08-13 15:29:15.674 1108 1108 D LocationManagerService: FLP HAL not supported
08-13 15:29:15.674 1108 1108 W GeofenceProxy: Odd, no component found for service com.android.location.service.GeofenceProvider
08-13 15:29:15.679 1108 1108 D LocationManagerService: Hardware Activity-Recognition not supported.
08-13 15:29:15.679 1108 1108 W ActivityRecognitionProxy: Odd, no component found for service com.android.location.service.ActivityRecognitionProvider
08-13 15:29:15.681 1108 1108 I SystemServer: MakeCountryDetectionServiceReady
08-13 15:29:15.681 1108 1108 I SystemServer: MakeNetworkTimeUpdateReady
08-13 15:29:15.682 1108 1108 D ConnectivityService: requestNetwork for uid/pid:1000/1108 NetworkRequest [ TRACK_DEFAULT id=5, [ Capabilities: INTERNET&NOT_RESTRICTED&TRUSTED&NOT_VPN] ]
08-13 15:29:15.682 1108 1108 I SystemServer: MakeCommonTimeManagementServiceReady
08-13 15:29:15.682 1108 1108 I SystemServer: MakeInputManagerServiceReady
08-13 15:29:15.683 1108 1108 I SystemServer: MakeTelephonyRegistryReady
08-13 15:29:15.683 1108 1108 I SystemServer: MakeMediaRouterServiceReady
08-13 15:29:15.683 1108 1108 I SystemServer: MakeMmsServiceReady
08-13 15:29:15.683 1108 1108 I MmsServiceBroker: Delay connecting to MmsService until an API is called
08-13 15:29:15.683 1108 1108 I SystemServer: MakeNetworkScoreServiceReady
08-13 15:29:15.683 1108 1108 I SystemServer: IncidentDaemonReady
08-13 15:29:15.683 1108 1108 I SystemServiceManager: Calling onStartUser u0
08-13 15:29:15.684 1108 1108 W CameraService_proxy: Could not notify mediaserver, camera service not available.
08-13 15:29:15.690 1108 1108 I ActivityManager: Start proc 1606:.dataservices/1000 for added application .dataservices
08-13 15:29:15.701 1108 1108 I ActivityManager: Start proc 1627:com.qualcomm.qti.telephonyservice/1001 for added application com.qualcomm.qti.telephonyservice
08-13 15:29:15.712 1108 1108 I ActivityManager: Start proc 1637:com.android.phone/1001 for added application com.android.phone
08-13 15:29:15.712 1108 1108 I ActivityManager: START u0 {act=android.intent.action.MAIN cat=[android.intent.category.HOME] flg=0x10000100 cmp=com.android.settings/.FallbackHome} from uid 0
08-13 15:29:15.800 1108 1108 I ActivityManager: Loaded persisted task ids for user 0
08-13 15:29:15.813 1108 1108 I ActivityManager: Start proc 1673:com.android.settings/1000 for activity com.android.settings/.FallbackHome
08-13 15:29:15.836 1108 1108 D SystemServerInitThreadPool: Shutdown successful
08-13 15:29:15.856 1108 1140 W LocationProviderProxy-network: Odd, no component found for service com.android.location.service.v3.NetworkLocationProvider
08-13 15:29:15.857 1108 1140 W GeocoderProxy: Odd, no component found for service com.android.location.service.GeocodeProvider
08-13 15:29:15.857 1108 1140 W GeofenceProxy: Odd, no component found for service com.android.location.service.GeofenceProvider
08-13 15:29:15.857 1108 1140 W ActivityRecognitionProxy: Odd, no component found for service com.android.location.service.ActivityRecognitionProvider
08-13 15:29:15.877 1108 1108 D ConditionProviders.SCP: onConnected
08-13 15:29:15.878 1108 1108 D ConditionProviders: Subscribing to condition://android/event?userId=-10000&calendar=&reply=1 with ComponentInfo{android/com.android.server.notification.EventConditionProvider}
08-13 15:29:15.879 1108 1108 W ConditionProviders: Unable to subscribe to ComponentInfo{com.google.intelligence.sense/com.google.intelligence.sense.dnd.driving.DrivingConditionProvider} condition://com.google.intelligence.sense/false/4?provider=Driving
08-13 15:29:15.879 1108 1108 D ConditionProviders: Subscribing to condition://android/schedule?days=1.2.3.4.5&start=22.0&end=7.0&exitAtAlarm=false with ComponentInfo{android/com.android.server.notification.ScheduleConditionProvider}
08-13 15:29:15.879 1108 1108 D ConditionProviders: Subscribing to condition://android/schedule?days=6.7&start=23.30&end=10.0&exitAtAlarm=false with ComponentInfo{android/com.android.server.notification.ScheduleConditionProvider}
08-13 15:29:15.883 1108 1108 W ConditionProviders: Unable to subscribe to ComponentInfo{com.google.intelligence.sense/com.google.intelligence.sense.dnd.driving.DrivingConditionProvider} condition://com.google.intelligence.sense/false/4?provider=Driving
08-13 15:29:15.893 1108 1655 D ConnectivityService: requestNetwork for uid/pid:1000/1606 NetworkRequest [ TRACK_DEFAULT id=9, [ Capabilities: INTERNET&NOT_RESTRICTED&TRUSTED&NOT_VPN] ]
08-13 15:29:15.954 1108 1655 I StatusBarManagerService: registerStatusBar bar=com.android.internal.statusbar.IStatusBar$Stub$Proxy@5b7f58f
08-13 15:29:15.967 1108 1108 D BluetoothManagerService: Trying to bind to profile: 1, while Bluetooth was disabled
08-13 15:29:15.970 1108 1747 I Telecom : BluetoothRouteManager: getBluetoothAudioConnectedDevice: no headset service available.
08-13 15:29:15.973 1108 1108 I Telecom : SystemStateProvider: Registering car mode receiver: android.content.IntentFilter@4528b50: TS.init@AAA
08-13 15:29:15.979 1108 1751 I Telecom : Logging.Events: Non-call EVENT: AUDIO_ROUTE, Entering state QuiescentEarpieceRoute
08-13 15:29:15.982 1108 1755 I Telecom : CallAudioModeStateMachine: Message received: null.: TS.init->CAMSM.pM_1@AAA
08-13 15:29:15.984 1108 1108 I Telecom : MissedCallNotifierImpl: Boot not yet complete -- call log db may not be available. Deferring loading until boot complete.: TS.init@AAA
08-13 15:29:15.985 1108 1108 D BluetoothManagerService: Trying to bind to profile: 1, while Bluetooth was disabled
08-13 15:29:15.987 1108 1108 I Telecom : Class: TelecomSystem.INSTANCE being set
08-13 15:29:15.987 1108 1108 W ContextImpl: Calling a method in the system process without a qualified user: android.app.ContextImpl.startService:1476 android.content.ContextWrapper.startService:650 com.android.server.telecom.components.TelecomService.initializeTelecomSystem:180 com.android.server.telecom.components.TelecomService.onBind:64 android.app.ActivityThread.handleBindService:3366
08-13 15:29:15.988 1108 1108 W ContextImpl: Calling a method in the system process without a qualified user: android.app.ContextImpl.startService:1476 com.android.server.content.SyncManager$13.run:722 android.os.Handler.handleCallback:790 android.os.Handler.dispatchMessage:99 android.os.Looper.loop:164
08-13 15:29:16.025 1108 1143 W KeyguardServiceDelegate: onScreenTurningOn(): no keyguard service!
08-13 15:29:16.047 1108 1108 V WiredAccessoryManager: notifyWiredAccessoryChanged: when=0 bits= mask=54
08-13 15:29:16.048 1108 1108 V WiredAccessoryManager: newName=h2w newState=0 headsetState=0 prev headsetState=0
08-13 15:29:16.048 1108 1108 V WiredAccessoryManager: init()
08-13 15:29:16.111 1443 1443 I StatusBar: isKeyguardShowing() called before startKeyguard(), returning true
08-13 15:29:16.112 1443 1443 W StatusBar: isKeyguardSecure() called before startKeyguard(), returning false
08-13 15:29:16.112 1443 1443 W StatusBar: java.lang.Throwable
08-13 15:29:16.112 1443 1443 W StatusBar: at com.android.systemui.statusbar.phone.StatusBar.isKeyguardSecure(StatusBar.java:7551)
08-13 15:29:16.112 1443 1443 W StatusBar: at com.android.systemui.statusbar.phone.StatusBar.isCameraAllowedByAdmin(StatusBar.java:5436)
08-13 15:29:16.112 1443 1443 W StatusBar: at com.android.systemui.statusbar.phone.KeyguardBottomAreaView$DefaultRightButton.getIcon(KeyguardBottomAreaView.java:856)
08-13 15:29:16.112 1443 1443 W StatusBar: at com.android.systemui.statusbar.phone.KeyguardBottomAreaView.updateCameraVisibility(KeyguardBottomAreaView.java:382)
08-13 15:29:16.112 1443 1443 W StatusBar: at com.android.systemui.statusbar.phone.KeyguardBottomAreaView.setStatusBar(KeyguardBottomAreaView.java:351)
08-13 15:29:16.112 1443 1443 W StatusBar: at com.android.systemui.statusbar.phone.NotificationPanelView.setStatusBar(NotificationPanelView.java:252)
08-13 15:29:16.112 1443 1443 W StatusBar: at com.android.systemui.statusbar.phone.StatusBar.makeStatusBarView(StatusBar.java:1019)
08-13 15:29:16.112 1443 1443 W StatusBar: at com.android.systemui.statusbar.phone.StatusBar.addStatusBarWindow(StatusBar.java:3664)
08-13 15:29:16.112 1443 1443 W StatusBar: at com.android.systemui.statusbar.phone.StatusBar.createAndAddWindows(StatusBar.java:3660)
08-13 15:29:16.112 1443 1443 W StatusBar: at com.android.systemui.statusbar.phone.StatusBar.start(StatusBar.java:889)
08-13 15:29:16.112 1443 1443 W StatusBar: at com.google.android.systemui.statusbar.phone.StatusBarGoogle.start(StatusBarGoogle.java:56)
08-13 15:29:16.112 1443 1443 W StatusBar: at com.android.systemui.SystemBars.createStatusBarFromConfig(SystemBars.java:71)
08-13 15:29:16.112 1443 1443 W StatusBar: at com.android.systemui.SystemBars.start(SystemBars.java:42)
08-13 15:29:16.112 1443 1443 W StatusBar: at com.android.systemui.SystemUIApplication.startServicesIfNeeded(SystemUIApplication.java:215)
08-13 15:29:16.112 1443 1443 W StatusBar: at com.android.systemui.SystemUIApplication.startServicesIfNeeded(SystemUIApplication.java:164)
08-13 15:29:16.112 1443 1443 W StatusBar: at com.android.systemui.SystemUIService.onCreate(SystemUIService.java:33)
08-13 15:29:16.112 1443 1443 W StatusBar: at android.app.ActivityThread.handleCreateService(ActivityThread.java:3339)
08-13 15:29:16.112 1443 1443 W StatusBar: at android.app.ActivityThread.-wrap4(Unknown Source:0)
08-13 15:29:16.112 1443 1443 W StatusBar: at android.app.ActivityThread$H.handleMessage(ActivityThread.java:1677)
08-13 15:29:16.112 1443 1443 W StatusBar: at android.os.Handler.dispatchMessage(Handler.java:106)
08-13 15:29:16.112 1443 1443 W StatusBar: at android.os.Looper.loop(Looper.java:164)
08-13 15:29:16.112 1443 1443 W StatusBar: at android.app.ActivityThread.main(ActivityThread.java:6494)
08-13 15:29:16.112 1443 1443 W StatusBar: at java.lang.reflect.Method.invoke(Native Method)
08-13 15:29:16.112 1443 1443 W StatusBar: at com.android.internal.os.RuntimeInit$MethodAndArgsCaller.run(RuntimeInit.java:438)
08-13 15:29:16.112 1443 1443 W StatusBar: at com.android.internal.os.ZygoteInit.main(ZygoteInit.java:807)
08-13 15:29:16.121 1108 1108 D ConditionProviders.SCP: onSubscribe condition://android/schedule?days=1.2.3.4.5&start=22.0&end=7.0&exitAtAlarm=false
08-13 15:29:16.121 1108 1108 D ConditionProviders.SCP: setRegistered true
08-13 15:29:16.121 1108 1108 D ConditionProviders.SCP: notifyCondition condition://android/schedule?days=1.2.3.4.5&start=22.0&end=7.0&exitAtAlarm=false STATE_FALSE reason=!meetsSchedule
08-13 15:29:16.123 1108 1294 E ActivityThread: Failed to find provider info for com.android.calendar
08-13 15:29:16.123 1108 1294 E ActivityThread: Failed to find provider info for com.android.calendar
08-13 15:29:16.125 1108 1108 D ConditionProviders.SCP: Scheduling evaluate for Mon Aug 13 22:00:00 GMT+08:00 2018 (1534168800000), in +6h30m43s879ms, now=Mon Aug 13 15:29:16 GMT+08:00 2018 (1534145356121)
08-13 15:29:16.125 1108 1108 D ConditionProviders.SCP: onSubscribe condition://android/schedule?days=6.7&start=23.30&end=10.0&exitAtAlarm=false
08-13 15:29:16.125 1108 1108 D ConditionProviders.SCP: notifyCondition condition://android/schedule?days=6.7&start=23.30&end=10.0&exitAtAlarm=false STATE_FALSE reason=!meetsSchedule
08-13 15:29:16.125 1108 1108 D ConditionProviders.SCP: notifyCondition condition://android/schedule?days=1.2.3.4.5&start=22.0&end=7.0&exitAtAlarm=false STATE_FALSE reason=!meetsSchedule
08-13 15:29:16.126 1108 1108 D ConditionProviders.SCP: Scheduling evaluate for Mon Aug 13 22:00:00 GMT+08:00 2018 (1534168800000), in +6h30m43s875ms, now=Mon Aug 13 15:29:16 GMT+08:00 2018 (1534145356125)
08-13 15:29:16.135 1108 1287 D ConnectivityService: Got NetworkFactory Messenger for PhoneSwitcherNetworkRequstListener
08-13 15:29:16.138 1443 1443 I StatusBar: isKeyguardShowing() called before startKeyguard(), returning true
08-13 15:29:16.139 1443 1443 W StatusBar: isKeyguardSecure() called before startKeyguard(), returning false
08-13 15:29:16.139 1443 1443 W StatusBar: java.lang.Throwable
08-13 15:29:16.139 1443 1443 W StatusBar: at com.android.systemui.statusbar.phone.StatusBar.isKeyguardSecure(StatusBar.java:7551)
08-13 15:29:16.139 1443 1443 W StatusBar: at com.android.systemui.statusbar.phone.StatusBar.isCameraAllowedByAdmin(StatusBar.java:5436)
08-13 15:29:16.139 1443 1443 W StatusBar: at com.android.systemui.statusbar.phone.KeyguardBottomAreaView$DefaultRightButton.getIcon(KeyguardBottomAreaView.java:856)
08-13 15:29:16.139 1443 1443 W StatusBar: at com.android.systemui.statusbar.phone.KeyguardBottomAreaView.updateCameraVisibility(KeyguardBottomAreaView.java:382)
08-13 15:29:16.139 1443 1443 W StatusBar: at com.android.systemui.statusbar.phone.KeyguardBottomAreaView.setUserSetupComplete(KeyguardBottomAreaView.java:360)
08-13 15:29:16.139 1443 1443 W StatusBar: at com.android.systemui.statusbar.phone.NotificationPanelView.setUserSetupComplete(NotificationPanelView.java:2655)
08-13 15:29:16.139 1443 1443 W StatusBar: at com.android.systemui.statusbar.phone.StatusBar.makeStatusBarView(StatusBar.java:1162)
08-13 15:29:16.139 1443 1443 W StatusBar: at com.android.systemui.statusbar.phone.StatusBar.addStatusBarWindow(StatusBar.java:3664)
08-13 15:29:16.139 1443 1443 W StatusBar: at com.android.systemui.statusbar.phone.StatusBar.createAndAddWindows(StatusBar.java:3660)
08-13 15:29:16.139 1443 1443 W StatusBar: at com.android.systemui.statusbar.phone.StatusBar.start(StatusBar.java:889)
08-13 15:29:16.139 1443 1443 W StatusBar: at com.google.android.systemui.statusbar.phone.StatusBarGoogle.start(StatusBarGoogle.java:56)
08-13 15:29:16.139 1443 1443 W StatusBar: at com.android.systemui.SystemBars.createStatusBarFromConfig(SystemBars.java:71)
08-13 15:29:16.139 1443 1443 W StatusBar: at com.android.systemui.SystemBars.start(SystemBars.java:42)
08-13 15:29:16.139 1443 1443 W StatusBar: at com.android.systemui.SystemUIApplication.startServicesIfNeeded(SystemUIApplication.java:215)
08-13 15:29:16.139 1443 1443 W StatusBar: at com.android.systemui.SystemUIApplication.startServicesIfNeeded(SystemUIApplication.java:164)
08-13 15:29:16.139 1443 1443 W StatusBar: at com.android.systemui.SystemUIService.onCreate(SystemUIService.java:33)
08-13 15:29:16.139 1443 1443 W StatusBar: at android.app.ActivityThread.handleCreateService(ActivityThread.java:3339)
08-13 15:29:16.139 1443 1443 W StatusBar: at android.app.ActivityThread.-wrap4(Unknown Source:0)
08-13 15:29:16.139 1443 1443 W StatusBar: at android.app.ActivityThread$H.handleMessage(ActivityThread.java:1677)
08-13 15:29:16.139 1443 1443 W StatusBar: at android.os.Handler.dispatchMessage(Handler.java:106)
08-13 15:29:16.139 1443 1443 W StatusBar: at android.os.Looper.loop(Looper.java:164)
08-13 15:29:16.139 1443 1443 W StatusBar: at android.app.ActivityThread.main(ActivityThread.java:6494)
08-13 15:29:16.139 1443 1443 W StatusBar: at java.lang.reflect.Method.invoke(Native Method)
08-13 15:29:16.139 1443 1443 W StatusBar: at com.android.internal.os.RuntimeInit$MethodAndArgsCaller.run(RuntimeInit.java:438)
08-13 15:29:16.139 1443 1443 W StatusBar: at com.android.internal.os.ZygoteInit.main(ZygoteInit.java:807)
08-13 15:29:16.140 1108 1287 D ConnectivityService: Got NetworkFactory Messenger for TelephonyNetworkFactory[0]
08-13 15:29:16.142 1108 1108 I Telecom : WiredHeadsetManager: ACTION_HEADSET_PLUG event, plugged in: false, : WHC.oADA@AAE
08-13 15:29:16.145 1108 1140 I SyncManager: Got SyncJobService instance.
08-13 15:29:16.145 1108 1108 I AutofillManagerService: Updating Autofill for user 0: disabled=false
08-13 15:29:16.147 1637 1810 E ActivityThread: Failed to find provider info for com.android.contacts
08-13 15:29:16.155 1108 1449 D BluetoothManagerService: Trying to bind to profile: 1, while Bluetooth was disabled
08-13 15:29:16.165 1443 1443 I StatusBar: isKeyguardShowing() called before startKeyguard(), returning true
08-13 15:29:16.165 1443 1443 W StatusBar: isKeyguardSecure() called before startKeyguard(), returning false
08-13 15:29:16.165 1443 1443 W StatusBar: java.lang.Throwable
08-13 15:29:16.165 1443 1443 W StatusBar: at com.android.systemui.statusbar.phone.StatusBar.isKeyguardSecure(StatusBar.java:7551)
08-13 15:29:16.165 1443 1443 W StatusBar: at com.android.systemui.statusbar.phone.StatusBar.isCameraAllowedByAdmin(StatusBar.java:5436)
08-13 15:29:16.165 1443 1443 W StatusBar: at com.android.systemui.statusbar.phone.KeyguardBottomAreaView$DefaultRightButton.getIcon(KeyguardBottomAreaView.java:856)
08-13 15:29:16.165 1443 1443 W StatusBar: at com.android.systemui.statusbar.phone.KeyguardBottomAreaView.updateCameraVisibility(KeyguardBottomAreaView.java:382)
08-13 15:29:16.165 1443 1443 W StatusBar: at com.android.systemui.statusbar.phone.KeyguardBottomAreaView.setUserSetupComplete(KeyguardBottomAreaView.java:360)
08-13 15:29:16.165 1443 1443 W StatusBar: at com.android.systemui.statusbar.phone.NotificationPanelView.setUserSetupComplete(NotificationPanelView.java:2655)
08-13 15:29:16.165 1443 1443 W StatusBar: at com.android.systemui.statusbar.phone.StatusBar$1.onUserSetupChanged(StatusBar.java:524)
08-13 15:29:16.165 1443 1443 W StatusBar: at com.android.systemui.statusbar.policy.DeviceProvisionedControllerImpl.addCallback(DeviceProvisionedControllerImpl.java:69)
08-13 15:29:16.165 1443 1443 W StatusBar: at com.android.systemui.statusbar.policy.DeviceProvisionedControllerImpl.addCallback(DeviceProvisionedControllerImpl.java:63)
08-13 15:29:16.165 1443 1443 W StatusBar: at com.android.systemui.statusbar.phone.StatusBar.makeStatusBarView(StatusBar.java:1252)
08-13 15:29:16.165 1443 1443 W StatusBar: at com.android.systemui.statusbar.phone.StatusBar.addStatusBarWindow(StatusBar.java:3664)
08-13 15:29:16.165 1443 1443 W StatusBar: at com.android.systemui.statusbar.phone.StatusBar.createAndAddWindows(StatusBar.java:3660)
08-13 15:29:16.165 1443 1443 W StatusBar: at com.android.systemui.statusbar.phone.StatusBar.start(StatusBar.java:889)
08-13 15:29:16.165 1443 1443 W StatusBar: at com.google.android.systemui.statusbar.phone.StatusBarGoogle.start(StatusBarGoogle.java:56)
08-13 15:29:16.165 1443 1443 W StatusBar: at com.android.systemui.SystemBars.createStatusBarFromConfig(SystemBars.java:71)
08-13 15:29:16.165 1443 1443 W StatusBar: at com.android.systemui.SystemBars.start(SystemBars.java:42)
08-13 15:29:16.165 1443 1443 W StatusBar: at com.android.systemui.SystemUIApplication.startServicesIfNeeded(SystemUIApplication.java:215)
08-13 15:29:16.165 1443 1443 W StatusBar: at com.android.systemui.SystemUIApplication.startServicesIfNeeded(SystemUIApplication.java:164)
08-13 15:29:16.165 1443 1443 W StatusBar: at com.android.systemui.SystemUIService.onCreate(SystemUIService.java:33)
08-13 15:29:16.165 1443 1443 W StatusBar: at android.app.ActivityThread.handleCreateService(ActivityThread.java:3339)
08-13 15:29:16.165 1443 1443 W StatusBar: at android.app.ActivityThread.-wrap4(Unknown Source:0)
08-13 15:29:16.165 1443 1443 W StatusBar: at android.app.ActivityThread$H.handleMessage(ActivityThread.java:1677)
08-13 15:29:16.165 1443 1443 W StatusBar: at android.os.Handler.dispatchMessage(Handler.java:106)
08-13 15:29:16.165 1443 1443 W StatusBar: at android.os.Looper.loop(Looper.java:164)
08-13 15:29:16.165 1443 1443 W StatusBar: at android.app.ActivityThread.main(ActivityThread.java:6494)
08-13 15:29:16.165 1443 1443 W StatusBar: at java.lang.reflect.Method.invoke(Native Method)
08-13 15:29:16.165 1443 1443 W StatusBar: at com.android.internal.os.RuntimeInit$MethodAndArgsCaller.run(RuntimeInit.java:438)
08-13 15:29:16.165 1443 1443 W StatusBar: at com.android.internal.os.ZygoteInit.main(ZygoteInit.java:807)
08-13 15:29:16.170 1637 1637 I TelecomFramework: TtyManager: updateUiTtyMode -1 -> 0
08-13 15:29:16.201 1443 1718 E ActivityThread: Failed to find provider info for com.android.contacts
08-13 15:29:16.254 1108 1655 D CryptdConnector: SND -> {2 cryptfs getpw}
08-13 15:29:16.254 625 633 D VoldCryptCmdListener: cryptfs getpw
08-13 15:29:16.254 625 633 E Cryptfs : cryptfs_get_password not valid for file encryption
08-13 15:29:16.254 1108 1243 D CryptdConnector: RCV <- {200 2 -1}
08-13 15:29:16.255 1108 1655 D CryptdConnector: SND -> {3 cryptfs clearpw}
08-13 15:29:16.255 625 633 D VoldCryptCmdListener: cryptfs clearpw
08-13 15:29:16.255 1108 1243 D CryptdConnector: RCV <- {200 3 0}
08-13 15:29:16.266 1443 1773 E ActivityThread: Failed to find provider info for com.android.contacts
08-13 15:29:16.330 1443 1822 E ActivityThread: Failed to find provider info for com.android.contacts
08-13 15:29:16.343 1443 1723 E ActivityThread: Failed to find provider info for com.android.contacts
08-13 15:29:16.372 1108 1256 D WifiService: New client listening to asynchronous messages
08-13 15:29:16.452 1637 1637 D MccTable: updateMccMncConfiguration mccmnc='00000' fromServiceState=true
08-13 15:29:16.453 1637 1637 D MccTable: updateMccMncConfiguration defaultMccMnc=
08-13 15:29:16.453 1637 1637 D MccTable: updateMccMncConfiguration: mcc=0, mnc=0
08-13 15:29:16.453 1637 1637 D MccTable: WIFI_COUNTRY_CODE set to
08-13 15:29:16.454 1108 1449 I WifiService: WifiService trying to set country code to with persist set to false
08-13 15:29:16.468 1108 1449 I ActivityManager: Start proc 1852:com.google.android.euicc/u0a56 for service com.google.android.euicc/com.android.euicc.service.EuiccServiceImpl
08-13 15:29:16.480 1108 1449 I Telecom : PhoneAccountRegistrar: Modify account: [ComponentInfo{com.android.phone/com.android.services.telephony.TelephonyConnectionService}, [****], UserHandle{0}]: TSI.rPA@AAY
08-13 15:29:16.482 1637 1637 I TelecomFramework: AccountEntry: Registered phoneAccount: [[ ] PhoneAccount: ComponentInfo{com.android.phone/com.android.services.telephony.TelephonyConnectionService}, [****], UserHandle{0} Capabilities: CallProvider MultiUser PlaceEmerg SimSub Audio Routes: BESW Schemes: tel voicemail Extras: Bundle[{android.telecom.extra.SUPPORTS_VIDEO_CALLING_FALLBACK=true}] GroupId: [****]] with handle: ComponentInfo{com.android.phone/com.android.services.telephony.TelephonyConnectionService}, [****], UserHandle{0}
08-13 15:29:16.482 1637 1637 I TelecomFramework: PstnIncomingCallNotifier: Registering: Handler (com.android.internal.telephony.GsmCdmaPhone) {23356b4}
08-13 15:29:16.486 1637 1637 I TelecomFramework: PstnPhoneCapabilitiesNotifier: handleVideoCapabilitesChanged. Video capability - false
08-13 15:29:16.491 1108 1449 I Telecom : PhoneAccountRegistrar: Modify account: [ComponentInfo{com.android.phone/com.android.services.telephony.TelephonyConnectionService}, [****], UserHandle{0}]: TSI.rPA@AAk
08-13 15:29:16.600 1108 1655 W ActivityManager: Unable to start service Intent { act=com.google.android.gms.phenotype.service.START pkg=com.google.android.gms } U=0: not found
08-13 15:29:16.600 1108 1655 W ActivityManager: Unbind failed: could not find connection for android.os.BinderProxy@2e81b93
08-13 15:29:16.606 1852 1852 E ActivityThread: Failed to find provider info for com.google.android.gsf.gservices
08-13 15:29:16.613 1852 1852 E ActivityThread: Failed to find provider info for com.google.android.gsf.gservices
08-13 15:29:16.623 1852 1894 E ActivityThread: Failed to find provider info for com.google.android.gsf.gservices
08-13 15:29:16.634 1637 1637 I TelecomFramework: PstnIncomingCallNotifier: Unregistering: Handler (com.android.internal.telephony.GsmCdmaPhone) {23356b4}
08-13 15:29:16.638 1108 1655 I Telecom : PhoneAccountRegistrar: Modify account: [ComponentInfo{com.android.phone/com.android.services.telephony.TelephonyConnectionService}, [****], UserHandle{0}]: TSI.rPA@AA4
08-13 15:29:16.640 1637 1637 I TelecomFramework: AccountEntry: Registered phoneAccount: [[ ] PhoneAccount: ComponentInfo{com.android.phone/com.android.services.telephony.TelephonyConnectionService}, [****], UserHandle{0} Capabilities: CallProvider MultiUser PlaceEmerg SimSub Audio Routes: BESW Schemes: tel voicemail Extras: Bundle[{android.telecom.extra.SUPPORTS_VIDEO_CALLING_FALLBACK=true}] GroupId: [****]] with handle: ComponentInfo{com.android.phone/com.android.services.telephony.TelephonyConnectionService}, [****], UserHandle{0}
08-13 15:29:16.640 1637 1637 I TelecomFramework: PstnIncomingCallNotifier: Registering: Handler (com.android.internal.telephony.GsmCdmaPhone) {23356b4}
08-13 15:29:16.641 1637 1637 I TelecomFramework: PstnPhoneCapabilitiesNotifier: handleVideoCapabilitesChanged. Video capability - false
08-13 15:29:16.646 1108 1655 I Telecom : PhoneAccountRegistrar: Modify account: [ComponentInfo{com.android.phone/com.android.services.telephony.TelephonyConnectionService}, [****], UserHandle{0}]: TSI.rPA@ABE
08-13 15:29:16.775 1637 1637 D MccTable: updateMccMncConfiguration mccmnc='' fromServiceState=true
08-13 15:29:16.775 1637 1637 D MccTable: WIFI_COUNTRY_CODE set to
08-13 15:29:16.776 1108 1449 I WifiService: WifiService trying to set country code to with persist set to false
08-13 15:29:16.781 1637 1637 I TelecomFramework: PstnIncomingCallNotifier: Unregistering: Handler (com.android.internal.telephony.GsmCdmaPhone) {23356b4}
08-13 15:29:16.785 1108 1449 I Telecom : PhoneAccountRegistrar: Modify account: [ComponentInfo{com.android.phone/com.android.services.telephony.TelephonyConnectionService}, [****], UserHandle{0}]: TSI.rPA@ABI
08-13 15:29:16.787 1637 1637 I TelecomFramework: AccountEntry: Registered phoneAccount: [[ ] PhoneAccount: ComponentInfo{com.android.phone/com.android.services.telephony.TelephonyConnectionService}, [****], UserHandle{0} Capabilities: CallProvider MultiUser PlaceEmerg SimSub Audio Routes: BESW Schemes: tel voicemail Extras: Bundle[{android.telecom.extra.SUPPORTS_VIDEO_CALLING_FALLBACK=true}] GroupId: [****]] with handle: ComponentInfo{com.android.phone/com.android.services.telephony.TelephonyConnectionService}, [****], UserHandle{0}
08-13 15:29:16.788 1637 1637 I TelecomFramework: PstnIncomingCallNotifier: Registering: Handler (com.android.internal.telephony.GsmCdmaPhone) {23356b4}
08-13 15:29:16.792 1637 1637 I TelecomFramework: PstnPhoneCapabilitiesNotifier: handleVideoCapabilitesChanged. Video capability - false
08-13 15:29:16.795 1108 1449 I Telecom : PhoneAccountRegistrar: Modify account: [ComponentInfo{com.android.phone/com.android.services.telephony.TelephonyConnectionService}, [****], UserHandle{0}]: TSI.rPA@ABU
08-13 15:29:17.840 1108 1154 W WindowManager: App freeze timeout expired.
08-13 15:29:18.000 822 822 I wificond: create scanner for interface with index: 23
08-13 15:29:18.000 822 822 I wificond: subscribe scan result for interface with index: 23
08-13 15:29:18.001 735 735 I android.hardware.wifi.offload@1.0-service: Set Event callback
08-13 15:29:18.001 822 822 I wificond: Offload HAL not supported
08-13 15:29:18.146 822 822 I wificond: Regulatory domain changed
08-13 15:29:18.146 822 822 I wificond: 2.4Ghz frequencies: 2412 2417 2422 2427 2432 2437 2442 2447 2452 2457 2462 2467 2472
08-13 15:29:18.146 822 822 I wificond: 5Ghz non-DFS frequencies: 5180 5200 5220 5240 5260 5280 5300 5320 5500 5520 5540 5560 5580 5600 5620 5640 5660 5680 5700 5745 5765 5785 5805 5825
08-13 15:29:18.146 822 822 I wificond: 5Ghz DFS frequencies:
08-13 15:29:18.234 1108 1154 I WindowManager: ******* TELLING SURFACE FLINGER WE ARE BOOTED!
08-13 15:29:18.237 1108 1154 I SystemServiceManager: Starting phase 1000
08-13 15:29:18.238 1108 1154 D NightDisplayService: setUp: currentUser=0
08-13 15:29:18.238 1108 1152 D UsbDeviceManager: applyOemOverride usbfunctions=adb bootmode=unknown
08-13 15:29:18.239 1108 1154 D NightDisplayService: onAutoModeChanged: autoMode=0
08-13 15:29:18.239 1108 1154 I NightDisplayService: Turning off night display
08-13 15:29:18.246 1108 1154 D ActivityManager: Finishing user boot 0
08-13 15:29:18.246 1108 1154 I ActivityManager: User 0 state changed from BOOTING to RUNNING_LOCKED
08-13 15:29:18.247 1108 1154 W ActivityManager: Failed to unlock: Secret required to unlock secure user 0
08-13 15:29:18.261 1108 1108 I ActivityManager: Start proc 2059:com.google.android.marvin.talkback/u0a93 for broadcast com.google.android.marvin.talkback/com.google.android.accessibility.talkback.BootReceiver
08-13 15:29:18.263 1108 1287 D ConnectivityService: Got NetworkFactory Messenger for WIFI
08-13 15:29:18.263 1108 1287 D ConnectivityService: Got NetworkFactory Messenger for WIFI_UT
08-13 15:29:18.339 1108 1655 I ActivityManager: Start proc 2082:com.google.android.deskclock/u0a119 for broadcast com.google.android.deskclock/com.android.deskclock.AlarmInitReceiver
08-13 15:29:18.499 2082 2105 E ActivityThread: Failed to find provider info for media
08-13 15:29:18.540 2082 2105 E ActivityThread: Failed to find provider info for media
08-13 15:29:18.570 1852 1852 E ActivityThread: Failed to find provider info for com.google.android.gsf.gservices
08-13 15:29:18.574 1852 1852 E ActivityThread: Failed to find provider info for com.google.android.gsf.gservices
08-13 15:29:18.694 1108 1449 W ActivityManager: Unable to start service Intent { act=com.google.android.gms.icing.LIGHTWEIGHT_INDEX_SERVICE pkg=com.google.android.gms } U=0: not found
08-13 15:29:18.695 1108 1449 W ActivityManager: Unbind failed: could not find connection for android.os.BinderProxy@b6648c1
08-13 15:29:21.427 822 822 E wificond: Failed to get wiphy index from reg changed message
08-13 15:29:21.450 822 822 W wificond: Scan is not started. Ignore abort request
08-13 15:29:21.591 1108 1257 D ConnectivityService: registerNetworkAgent NetworkAgentInfo{ ni{[type: WIFI[], state: CONNECTING/CONNECTING, reason: (unspecified), extra: "shz14-otc-cros-prc-ap01", failover: false, available: true, roaming: false]} network{100} nethandle{429513165534} lp{{LinkAddresses: [] Routes: [] DnsAddresses: [] Domains: null MTU: 0}} nc{[ Transports: WIFI Capabilities: NOT_METERED&INTERNET&NOT_RESTRICTED&TRUSTED&NOT_VPN LinkUpBandwidth>=1048576Kbps LinkDnBandwidth>=1048576Kbps]} Score{20} everValidated{false} lastValidated{false} created{false} lingering{false} explicitlySelected{false} acceptUnvalidated{false} everCaptivePortalDetected{false} lastCaptivePortalDetected{false} clat{null} }
08-13 15:29:21.591 1108 1287 D ConnectivityService: NetworkAgentInfo [WIFI () - 100] EVENT_NETWORK_INFO_CHANGED, going from null to CONNECTING
08-13 15:29:22.946 1108 1152 D UsbDeviceManager: applyOemOverride usbfunctions=adb bootmode=unknown
08-13 15:29:23.554 625 1248 I vold : Trimmed 54536192000 bytes on /data in 8722ms
08-13 15:29:23.554 625 1248 D vold : Starting trim of none
08-13 15:29:23.555 625 1248 W vold : Failed to open none: No such file or directory
08-13 15:29:23.555 1108 1242 D VoldConnector: RCV <- {662 /data 54536192000 8722110556}
08-13 15:29:24.646 1108 1287 D ConnectivityService: NetworkAgentInfo [WIFI () - 100] EVENT_NETWORK_INFO_CHANGED, going from CONNECTING to CONNECTED
08-13 15:29:24.650 1108 1287 D ConnectivityService: Adding iface wlan0 to network 100
08-13 15:29:24.671 1108 1287 D ConnectivityService: Setting DNS servers for network 100 to [/192.168.0.1]
08-13 15:29:24.691 1108 1287 D ConnectivityService: Switching to new default network: NetworkAgentInfo{ ni{[type: WIFI[], state: CONNECTED/CONNECTED, reason: (unspecified), extra: "shz14-otc-cros-prc-ap01", failover: false, available: true, roaming: false]} network{100} nethandle{429513165534} lp{{InterfaceName: wlan0 LinkAddresses: [fe80::73ee:4d8a:d800:a163/64,192.168.0.212/24,] Routes: [fe80::/64 -> :: wlan0,192.168.0.0/24 -> 0.0.0.0 wlan0,0.0.0.0/0 -> 192.168.0.1 wlan0,] DnsAddresses: [192.168.0.1,] Domains: null MTU: 0 TcpBufferSizes: 524288,2097152,8388608,262144,524288,4194304}} nc{[ Transports: WIFI Capabilities: NOT_METERED&INTERNET&NOT_RESTRICTED&TRUSTED&NOT_VPN&FOREGROUND LinkUpBandwidth>=1048576Kbps LinkDnBandwidth>=1048576Kbps SignalStrength: -79]} Score{19} everValidated{false} lastValidated{false} created{true} lingering{false} explicitlySelected{false} acceptUnvalidated{false} everCaptivePortalDetected{false} lastCaptivePortalDetected{false} clat{null} }
08-13 15:29:24.701 1108 1287 D ConnectivityService: Sending CONNECTED broadcast for type 1 NetworkAgentInfo [WIFI () - 100] isDefaultNetwork=true
08-13 15:29:24.704 1108 1108 I SyncManager: Loaded persisted syncs: 18 periodic syncs, 0 oneshot syncs, 25 total system server jobs, JobStats: FirstLoad: 59/18/18 LastSave: -1/-1/-1
08-13 15:30:08.969 1108 1287 D ConnectivityService: Setting DNS servers for network 100 to [/2001:470:1f05:8c4::1, /192.168.0.1]
08-13 15:30:14.035 1108 1287 D ConnectivityService: NetworkAgentInfo [WIFI () - 100] validation passed
08-13 15:30:25.643 1108 1287 D ConnectivityService: NetworkAgentInfo [WIFI () - 100] EVENT_NETWORK_INFO_CHANGED, going from CONNECTED to DISCONNECTED
08-13 15:30:25.643 1108 1287 D ConnectivityService: NetworkAgentInfo [WIFI () - 100] got DISCONNECTED, was satisfying 8
08-13 15:30:25.658 822 822 I wificond: Regulatory domain changed
08-13 15:30:25.658 822 822 I wificond: 2.4Ghz frequencies: 2412 2417 2422 2427 2432 2437 2442 2447 2452 2457 2462 2467 2472
08-13 15:30:25.659 822 822 I wificond: 5Ghz non-DFS frequencies: 5180 5200 5220 5240 5260 5280 5300 5320 5500 5520 5540 5560 5580 5600 5620 5640 5660 5680 5700 5745 5765 5785 5805 5825
08-13 15:30:25.659 822 822 I wificond: 5Ghz DFS frequencies:
08-13 15:30:25.669 1108 1287 D ConnectivityService: Sending DISCONNECTED broadcast for type 1 NetworkAgentInfo [WIFI () - 100] isDefaultNetwork=true
08-13 15:30:26.618 1108 1153 I ActivityManager: Start proc 2161:com.google.android.ext.services/u0a41 for service com.google.android.ext.services/android.ext.services.storage.CacheQuotaServiceImpl
08-13 15:30:26.636 1108 1140 I UsageStatsService: Time changed in UsageStats by 42 seconds
08-13 15:30:26.636 1108 1140 I UsageStatsService: User[0] Flushing usage stats to disk
08-13 15:30:26.655 1108 1140 I UsageStatsDatabase: Time changed by +42s555ms. files deleted: 0 files moved: 9
08-13 15:30:26.659 1108 1140 I UsageStatsService: User[0] Rollover scheduled @ 2018-08-14 15:29:56(1534231796551)
08-13 15:30:27.360 1108 1152 D UsbDeviceManager: applyOemOverride usbfunctions=adb bootmode=unknown
08-13 15:30:28.728 822 822 W wificond: Scan is not started. Ignore abort request
08-13 15:30:30.959 1108 1257 D ConnectivityService: registerNetworkAgent NetworkAgentInfo{ ni{[type: WIFI[], state: CONNECTING/CONNECTING, reason: (unspecified), extra: "EmployeeHotspot", failover: false, available: true, roaming: false]} network{101} nethandle{433808132830} lp{{LinkAddresses: [] Routes: [] DnsAddresses: [] Domains: null MTU: 0}} nc{[ Transports: WIFI Capabilities: NOT_METERED&INTERNET&NOT_RESTRICTED&TRUSTED&NOT_VPN LinkUpBandwidth>=1048576Kbps LinkDnBandwidth>=1048576Kbps]} Score{20} everValidated{false} lastValidated{false} created{false} lingering{false} explicitlySelected{false} acceptUnvalidated{false} everCaptivePortalDetected{false} lastCaptivePortalDetected{false} clat{null} }
08-13 15:30:30.959 1108 1287 D ConnectivityService: NetworkAgentInfo [WIFI () - 101] EVENT_NETWORK_INFO_CHANGED, going from null to CONNECTING
08-13 15:30:40.106 1108 1152 D UsbDeviceManager: applyOemOverride usbfunctions=adb bootmode=unknown
08-13 15:30:40.110 1108 1665 I LockSettingsService: Unlocking user 0 with secret only, length 64
08-13 15:30:40.112 1108 1665 D CryptdConnector: SND -> {4 cryptfs unlock_user_key 0 0 [scrubbed] [scrubbed]}
08-13 15:30:40.113 625 633 D vold : e4crypt_unlock_user_key 0 serial=0 token_present=0
08-13 15:30:40.114 625 633 D vold : Skipping non-key .
08-13 15:30:40.114 625 633 D vold : Skipping non-key ..
08-13 15:30:40.114 625 633 D vold : Trying user CE key /data/misc/vold/user_keys/ce/0/current
08-13 15:30:40.116 625 633 D vold : Successfully retrieved key
08-13 15:30:40.116 625 633 D vold : Added key 407705631 (ext4:831658067cbe1161) to keyring 206924781 in process 625
08-13 15:30:40.116 625 633 D vold : Added key 1062519197 (f2fs:831658067cbe1161) to keyring 206924781 in process 625
08-13 15:30:40.116 625 633 D vold : Added key 662859757 (fscrypt:831658067cbe1161) to keyring 206924781 in process 625
08-13 15:30:40.116 625 633 D vold : Installed ce key for user 0
08-13 15:30:40.116 1108 1243 D CryptdConnector: RCV <- {200 4 Command succeeded}
08-13 15:30:40.117 1108 1665 D StorageManagerService: Setting property: sys.user.0.ce_available=true
08-13 15:30:40.118 1108 1665 I ActivityManager: User 0 state changed from RUNNING_LOCKED to RUNNING_UNLOCKING
08-13 15:30:40.118 1108 1665 D CryptdConnector: SND -> {5 cryptfs prepare_user_storage ! 0 0 2}
08-13 15:30:40.118 625 633 D vold : e4crypt_prepare_user_storage for volume null, user 0, serial 0, flags 2
08-13 15:30:40.118 625 633 D vold : Preparing: /data/system_ce/0
08-13 15:30:40.118 625 633 D vold : Preparing: /data/misc_ce/0
08-13 15:30:40.118 625 633 D vold : Preparing: /data/media/0
08-13 15:30:40.118 625 633 D vold : Preparing: /data/data
08-13 15:30:40.119 625 633 I vold : Found policy 831658067cbe1161 at /data/system_ce/0 which matches expected value
08-13 15:30:40.119 625 633 I vold : Found policy 831658067cbe1161 at /data/misc_ce/0 which matches expected value
08-13 15:30:40.120 625 633 I vold : Found policy 831658067cbe1161 at /data/media/0 which matches expected value
08-13 15:30:40.120 625 633 I vold : Found policy 831658067cbe1161 at /data/data which matches expected value
08-13 15:30:40.120 625 633 V vold : Starting restorecon of /data/system_ce/0
08-13 15:30:40.130 625 633 V vold : Finished restorecon of /data/system_ce/0
08-13 15:30:40.130 625 633 V vold : Starting restorecon of /data/misc_ce/0
08-13 15:30:40.135 625 633 V vold : Finished restorecon of /data/misc_ce/0
08-13 15:30:40.135 1108 1243 D CryptdConnector: RCV <- {200 5 Command succeeded}
08-13 15:30:40.136 1108 1665 V UserDataPreparer: Found /data/user/0 with serial number 0
08-13 15:30:40.136 1108 1665 V UserDataPreparer: Found /data/system_ce/0 with serial number 0
08-13 15:30:40.136 1108 1665 V PackageManager: reconcileAppsData for null u0 0x2 migrateAppData=false
08-13 15:30:40.277 1108 1665 V PackageManager: reconcileAppsData finished 167 packages
08-13 15:30:40.277 1108 1143 I SystemServiceManager: Calling onUnlockUser u0
08-13 15:30:40.278 1108 1143 D BluetoothManagerService: User 0 unlocked
08-13 15:30:40.278 1108 1143 D StorageManagerService: onUnlockUser 0
08-13 15:30:40.278 1108 1153 D BluetoothManagerService: MESSAGE_USER_UNLOCKED
08-13 15:30:40.278 1108 1143 D VoldConnector: SND -> {7 volume user_started 0}
08-13 15:30:40.279 625 632 D vold : Linking /storage/emulated/0 to /mnt/user/0/primary
08-13 15:30:40.280 1108 1242 D VoldConnector: RCV <- {200 7 Command succeeded}
08-13 15:30:40.282 1108 1240 D StorageManagerService: Volume emulated broadcasting mounted to UserHandle{0}
08-13 15:30:40.304 1108 1143 I BackupManagerService: Instantiating BackupManagerService
08-13 15:30:40.336 1108 1143 V BackupManagerService: Starting with transport com.google.android.gms/.backup.BackupTransportService
08-13 15:30:40.337 1108 1143 D BackupTransportManager: Binding to transport: android/com.android.internal.backup.LocalTransportService
08-13 15:30:40.337 1108 1143 D BackupTransportManager: Binding to transport: com.google.android.gms/.backup.BackupTransportService
08-13 15:30:40.344 1108 1143 I ActivityManager: Start proc 2197:com.google.android.gms.persistent/u0a15 for service com.google.android.gms/.backup.BackupTransportService
08-13 15:30:40.344 1108 1143 D BackupTransportManager: Binding to transport: com.google.android.gms/.backup.component.D2dTransportService
08-13 15:30:40.347 1108 1143 I BackupManagerService: Backup enabled => true
08-13 15:30:40.347 1108 1143 V KeyValueBackupJob: Scheduling k/v pass in 244 minutes
08-13 15:30:40.388 1108 1143 I ActivityManager: Start proc 2211:com.google.android.googlequicksearchbox:interactor/u0a26 for service com.google.android.googlequicksearchbox/com.google.android.voiceinteraction.GsaVoiceInteractionService
08-13 15:30:40.390 1108 1143 I ActivityManager: Loading recents for user 0 into memory.
08-13 15:30:40.402 1108 1152 I AppWidgetServiceImpl: Async processing of onUserUnlocked u0 took 54 ms
08-13 15:30:40.413 1108 1143 I ActivityManager: Start proc 2226:com.android.nfc/1027 for added application com.android.nfc
08-13 15:30:40.425 1108 1143 I ActivityManager: Start proc 2239:com.android.ims.rcsservice/1001 for added application com.android.ims.rcsservice
08-13 15:30:40.435 1108 1143 I ActivityManager: Start proc 2252:com.google.SSRestartDetector/1000 for added application com.google.SSRestartDetector
08-13 15:30:40.438 1108 1143 I ActivityManager: User 0 state changed from RUNNING_UNLOCKING to RUNNING_UNLOCKED
08-13 15:30:40.439 1108 1665 I LockSettingsService: Disabling escrow token on user 0
08-13 15:30:40.439 1108 1143 I ActivityManager: Sending BOOT_COMPLETE user #0
08-13 15:30:40.451 1108 1143 I ActivityManager: Start proc 2266:android.process.media/u0a12 for broadcast com.android.providers.downloads/.DownloadReceiver
08-13 15:30:40.464 1108 1108 I ActivityManager: Start proc 2279:com.antutu.ABenchMark:push/u0a125 for service com.antutu.ABenchMark/com.antutu.benchmark.service.JobSchedulerService
08-13 15:30:40.475 1108 1108 I ActivityManager: Start proc 2291:com.google.android.apps.maps/u0a97 for service com.google.android.apps.maps/com.google.android.apps.gmm.offline.OfflineAutoUpdateJobService
08-13 15:30:40.483 1108 2196 I BackupManagerService: Found stale backup journal, scheduling
08-13 15:30:40.486 1108 1108 I ActivityManager: Start proc 2305:com.google.android.setupwizard/u0a44 for service com.google.android.setupwizard/.deviceorigin.provider.DeviceOriginWipeOutJobService
08-13 15:30:40.497 1108 1108 I ActivityManager: Start proc 2321:com.google.android.googlequicksearchbox:search/u0a26 for service com.google.android.googlequicksearchbox/com.google.android.apps.gsa.tasks.BackgroundTasksJobService
08-13 15:30:40.509 1108 1145 W Looper : Dispatch took 107ms on android.ui, h=Handler (com.android.server.am.ActivityManagerService$UiHandler) {e0e94c0} cb=null msg=53
08-13 15:30:40.538 1108 1118 I ActivityManager: Start proc 2343:com.google.process.gservices/u0a15 for content provider com.google.android.gsf/.gservices.GservicesProvider
08-13 15:30:40.542 1108 1108 V ConditionProviders: enabling condition provider for 0: ComponentInfo{com.google.intelligence.sense/com.google.intelligence.sense.dnd.driving.DrivingConditionProvider}
08-13 15:30:40.591 1108 1140 I ActivityManager: Start proc 2361:com.android.printspooler/u0a109 for service com.android.printspooler/.model.PrintSpoolerService
08-13 15:30:40.591 1108 1108 V ConditionProviders: binding: Intent { act=android.service.notification.ConditionProviderService cmp=com.google.intelligence.sense/.dnd.driving.DrivingConditionProvider (has extras) }
08-13 15:30:40.594 1108 2327 I ActivityManager: START u0 {act=android.intent.action.MAIN cat=[android.intent.category.HOME] flg=0x10000100 cmp=com.google.android.apps.nexuslauncher/.NexusLauncherActivity} from uid 0
08-13 15:30:40.612 1108 2327 I ActivityManager: Start proc 2383:com.google.android.apps.nexuslauncher/u0a16 for activity com.google.android.apps.nexuslauncher/.NexusLauncherActivity
08-13 15:30:40.645 1108 1108 I ActivityManager: Start proc 2400:com.google.intelligence.sense/u0a10 for service com.google.intelligence.sense/.dnd.driving.DrivingConditionProvider
08-13 15:30:40.645 1108 1108 V ConditionProviders: enabling condition provider for 0: ComponentInfo{com.google.vr.vrcore/com.google.vr.vrcore.common.VrCoreZenConditionProvider}
08-13 15:30:40.645 1108 1108 V ConditionProviders: binding: Intent { act=android.service.notification.ConditionProviderService cmp=com.google.vr.vrcore/.common.VrCoreZenConditionProvider (has extras) }
08-13 15:30:40.655 1108 1108 I ActivityManager: Start proc 2414:com.google.vr.vrcore/u0a70 for service com.google.vr.vrcore/.common.VrCoreZenConditionProvider
08-13 15:30:40.656 1108 1108 V NotificationListeners: enabling notification listener for 0: ComponentInfo{com.google.vr.vrcore/com.google.vr.vrcore.notification.VrNotificationService}
08-13 15:30:40.656 1108 1108 V NotificationListeners: binding: Intent { act=android.service.notification.NotificationListenerService cmp=com.google.vr.vrcore/.notification.VrNotificationService (has extras) }
08-13 15:30:40.656 1108 1108 V NotificationListeners: enabling notification listener for 0: ComponentInfo{com.google.android.apps.nexuslauncher/com.android.launcher3.notification.NotificationListener}
08-13 15:30:40.661 1108 1108 V NotificationListeners: binding: Intent { act=android.service.notification.NotificationListenerService cmp=com.google.android.apps.nexuslauncher/com.android.launcher3.notification.NotificationListener (has extras) }
08-13 15:30:40.691 1637 1637 I TelecomFramework: PstnIncomingCallNotifier: Unregistering: Handler (com.android.internal.telephony.GsmCdmaPhone) {23356b4}
08-13 15:30:40.705 1108 1449 I Telecom : PhoneAccountRegistrar: Modify account: [ComponentInfo{com.android.phone/com.android.services.telephony.TelephonyConnectionService}, [****], UserHandle{0}]: TSI.rPA@ABc
08-13 15:30:40.710 1637 1637 I TelecomFramework: AccountEntry: Registered phoneAccount: [[ ] PhoneAccount: ComponentInfo{com.android.phone/com.android.services.telephony.TelephonyConnectionService}, [****], UserHandle{0} Capabilities: CallProvider MultiUser PlaceEmerg SimSub Audio Routes: BESW Schemes: tel voicemail Extras: Bundle[{android.telecom.extra.SUPPORTS_VIDEO_CALLING_FALLBACK=true}] GroupId: [****]] with handle: ComponentInfo{com.android.phone/com.android.services.telephony.TelephonyConnectionService}, [****], UserHandle{0}
08-13 15:30:40.711 1637 1637 I TelecomFramework: PstnIncomingCallNotifier: Registering: Handler (com.android.internal.telephony.GsmCdmaPhone) {23356b4}
08-13 15:30:40.713 1637 1637 I TelecomFramework: PstnPhoneCapabilitiesNotifier: handleVideoCapabilitesChanged. Video capability - false
08-13 15:30:40.717 1108 2178 I Telecom : PhoneAccountRegistrar: Modify account: [ComponentInfo{com.android.phone/com.android.services.telephony.TelephonyConnectionService}, [****], UserHandle{0}]: TSI.rPA@ABo
08-13 15:30:40.740 1108 1108 D BackupTransportManager: Bound to transport: android/com.android.internal.backup.LocalTransportService
08-13 15:30:40.805 1108 1140 I ActivityManager: Start proc 2454:com.android.keychain/1000 for service com.android.keychain/.KeyChainService
08-13 15:30:40.825 2383 2462 E ActivityThread: Failed to find provider info for com.google.android.googlequicksearchbox.GsaPublicContentProvider
08-13 15:30:40.857 1108 2318 W ActivityManager: Permission Denial: opening provider com.google.android.gsf.gservices.GservicesProvider from ProcessRecord{e5aea56 2414:com.google.vr.vrcore/u0a70} (pid=2414, uid=10070) requires com.google.android.providers.gsf.permission.READ_GSERVICES or com.google.android.providers.gsf.permission.WRITE_GSERVICES
08-13 15:30:40.858 1108 1108 D ConditionProviders: Subscribing to condition://com.google.intelligence.sense/false/4?provider=Driving with ComponentInfo{com.google.intelligence.sense/com.google.intelligence.sense.dnd.driving.DrivingConditionProvider}
08-13 15:30:40.859 1108 2178 W ActivityManager: Permission Denial: opening provider com.google.android.gsf.gservices.GservicesProvider from ProcessRecord{e5aea56 2414:com.google.vr.vrcore/u0a70} (pid=2414, uid=10070) requires com.google.android.providers.gsf.permission.READ_GSERVICES or com.google.android.providers.gsf.permission.WRITE_GSERVICES
08-13 15:30:40.886 1108 2336 I ActivityManager: Start proc 2514:com.qualcomm.ltebc/u0a34 for broadcast com.qualcomm.ltebc/.LTEBroadcastReceiver
08-13 15:30:40.961 1108 2318 D NotificationListeners: Disabling component com.google.vr.vrcore/.notification.VrNotificationService
08-13 15:30:40.981 1108 2178 W ActivityManager: Unable to start service Intent { pkg=com.xiaomi.xmsf cmp=com.xiaomi.xmsf/.push.service.XMPushService (has extras) } U=0: not found
08-13 15:30:40.987 1108 2318 W ActivityManager: Background start not allowed: service Intent { act=com.xiaomi.mipush.SEND_MESSAGE cmp=com.antutu.ABenchMark/com.xiaomi.push.service.XMPushService (has extras) } to com.antutu.ABenchMark/com.xiaomi.push.service.XMPushService from pid=2279 uid=10125 pkg=com.antutu.ABenchMark
08-13 15:30:40.988 1108 1449 W SoundModelDBHelper: No SoundModel available for the given keyphrase
08-13 15:30:40.990 1108 1449 W ActivityManager: Background start not allowed: service Intent { act=com.xiaomi.mipush.SEND_MESSAGE cmp=com.antutu.ABenchMark/com.xiaomi.push.service.XMPushService (has extras) } to com.antutu.ABenchMark/com.xiaomi.push.service.XMPushService from pid=2279 uid=10125 pkg=com.antutu.ABenchMark
08-13 15:30:40.991 1108 1656 W ActivityManager: Background start not allowed: service Intent { act=com.xiaomi.mipush.SEND_MESSAGE cmp=com.antutu.ABenchMark/com.xiaomi.push.service.XMPushService (has extras) } to com.antutu.ABenchMark/com.xiaomi.push.service.XMPushService from pid=2279 uid=10125 pkg=com.antutu.ABenchMark
08-13 15:30:40.994 1108 2336 W ActivityManager: Background start not allowed: service Intent { act=com.xiaomi.mipush.SEND_MESSAGE cmp=com.antutu.ABenchMark/com.xiaomi.push.service.XMPushService (has extras) } to com.antutu.ABenchMark/com.xiaomi.push.service.XMPushService from pid=2279 uid=10125 pkg=com.antutu.ABenchMark
