08-13 15:40:44.399 1108 2366 D ConnectivityService: Returning BLOCKED NetworkInfo to uid=10092
08-13 15:40:44.448 1108 2366 D ConnectivityService: Returning BLOCKED NetworkInfo to uid=10121
08-13 15:40:44.462 1108 2380 I ActivityManager: Killing 4543:com.antutu.benchmark.full/u0a126 (adj 906): empty #17
08-13 15:40:44.504 1108 2336 I ActivityManager: Start proc 5792:com.google.process.gapps/u0a15 for content provider com.google.android.gsf/.settings.GoogleSettingsProvider
08-13 15:40:44.533 1108 2318 I ActivityManager: Killing 4800:com.android.keychain/1000 (adj 906): empty #17
08-13 15:40:54.632 1108 2378 I ActivityManager: Killing 3992:com.google.android.gms.ui/u0a15 (adj 906): empty #17
08-13 15:41:13.639 1108 1118 I ActivityManager: Killing 3685:com.google.android.deskclock/u0a119 (adj 906): empty #17
08-13 15:41:54.453 1108 1150 E BatteryExternalStatsWorker: no controller energy info supplied for bluetooth
08-13 15:42:14.185 1108 1449 I PowerManagerService: Waking up from dozing (uid=10060 reason=com.android.systemui:NODOZE)...
08-13 15:42:14.224 1108 1156 I DisplayPowerController: Blocking screen off
08-13 15:42:14.225 1108 1156 I DisplayPowerController: Unblocked screen off after 0 ms
08-13 15:42:14.236 1108 1156 I DisplayPowerController: Blocking screen on until initial contents have been drawn.
08-13 15:42:14.240 1108 1154 I DisplayManagerService: Display device changed state: "Built-in Screen", ON
08-13 15:42:14.290 1108 1156 I DisplayPowerController: Unblocked screen on after 54 ms
08-13 15:42:14.291 1108 1156 I DreamManagerService: Gently waking up from dream.
08-13 15:42:14.291 1108 1152 I DreamManagerService: Performing gentle wake from dream.
08-13 15:42:14.303 1108 2327 I DreamManagerService: Leaving dreamland.
08-13 15:42:14.303 1108 1152 I DreamManagerService: Performing gentle wake from dream.
08-13 15:42:14.303 1108 1152 I DreamController: Stopping dream: name=ComponentInfo{com.android.systemui/com.android.systemui.doze.DozeService}, isTest=false, canDoze=true, userId=0
08-13 15:42:19.980 1108 2318 I LockSettingsService: Unlocking user 0 with secret only, length 64
08-13 15:42:19.981 1108 2318 W ActivityManager: Expected user 0 in state RUNNING_LOCKED but was in state RUNNING_UNLOCKED
08-13 15:42:19.981 1108 2318 I LockSettingsService: Disabling escrow token on user 0
08-13 15:42:20.302 1108 2318 I ActivityManager: START u0 {flg=0x10000000 cmp=com.antutu.ABenchMark/com.antutu.benchmark.ui.ad.ActivitySplashAD} from uid 10125
08-13 15:42:20.310 1108 1143 W BroadcastQueue: Background execution not allowed: receiving Intent { act=android.intent.action.USER_PRESENT flg=0x24200010 } to com.antutu.ABenchMark/com.antutu.benchmark.receiver.KeepAliveReceiver
08-13 15:42:20.340 1108 1656 W BroadcastQueue: Background execution not allowed: receiving Intent { act=android.intent.action.USER_PRESENT flg=0x24200010 } to com.antutu.ABenchMark/com.igexin.sdk.PushReceiver
08-13 15:42:20.341 1108 1143 W BroadcastQueue: Background execution not allowed: receiving Intent { act=android.intent.action.USER_PRESENT flg=0x24200010 } to com.antutu.ABenchMark/com.taobao.accs.EventReceiver
08-13 15:42:44.171 1108 1287 D ConnectivityService: NetworkAgentInfo [WIFI () - 101] validation failed
08-13 15:44:55.144 2569 3795 E ActivityThread: Failed to find provider info for com.google.android.wearable.settings
08-13 15:45:44.386 1108 2366 D ConnectivityService: Returning UNBLOCKED NetworkInfo to uid=10092
08-13 15:45:53.749 1108 1150 E BatteryExternalStatsWorker: no controller energy info supplied for bluetooth
08-13 15:48:31.456 1108 1150 E BatteryExternalStatsWorker: no controller energy info supplied for bluetooth
08-13 15:49:03.235 1108 1239 I PowerManagerService: Going to sleep due to power button (uid 1000)...
08-13 15:49:03.700 1108 1156 I DisplayPowerController: Blocking screen off
08-13 15:49:03.700 1108 1156 I DisplayPowerController: Unblocked screen off after 1 ms
08-13 15:49:03.763 1108 1154 I DisplayManagerService: Display device changed state: "Built-in Screen", OFF
08-13 15:49:03.989 1108 1156 I DreamManagerService: Entering dreamland.
08-13 15:49:03.990 1108 1156 I PowerManagerService: Dozing...
08-13 15:49:03.992 1108 1152 I DreamController: Starting dream: name=ComponentInfo{com.android.systemui/com.android.systemui.doze.DozeService}, isTest=false, canDoze=true, userId=0
08-13 15:49:04.105 1108 1156 I DisplayPowerController: Blocking screen on until initial contents have been drawn.
08-13 15:49:04.106 1108 1154 I DisplayManagerService: Display device changed state: "Built-in Screen", DOZE
08-13 15:49:04.112 1108 1655 I WindowManager: Failed to capture screenshot of Token{89f620b ActivityRecord{64c6dda u0 com.antutu.ABenchMark/com.antutu.benchmark.ui.home.activity.ActivityMain t84}} appWin=Window{6388819 u0 com.antutu.ABenchMark/com.antutu.benchmark.ui.home.activity.ActivityMain} drawState=4
08-13 15:49:04.335 1108 1156 I DisplayPowerController: Unblocked screen on after 229 ms
08-13 15:49:57.415 1108 1140 I UsageStatsService: User[0] Flushing usage stats to disk
08-13 15:50:57.649 1108 1287 D ConnectivityService: reportNetworkConnectivity(101, true) by 10015
08-13 15:50:57.650 1108 1287 D ConnectivityService: reportNetworkConnectivity(101, true) by 10015
08-13 15:51:10.714 1108 1287 D ConnectivityService: NetworkAgentInfo [WIFI () - 101] validation failed
08-13 15:53:05.417 1108 1287 I chatty : uid=1000(system) ConnectivitySer identical 5 lines
08-13 15:53:50.512 1108 1287 D ConnectivityService: NetworkAgentInfo [WIFI () - 101] validation failed
08-13 15:55:06.650 1108 1449 D ConnectivityService: Returning BLOCKED NetworkInfo to uid=10120
08-13 15:55:07.644 1108 1287 D ConnectivityService: NetworkAgentInfo [WIFI () - 101] validation failed
08-13 15:56:44.083 1108 1150 E BatteryExternalStatsWorker: no controller energy info supplied for bluetooth
08-13 15:57:28.799 1108 1287 D ConnectivityService: NetworkAgentInfo [WIFI () - 101] validation failed
08-13 15:58:42.562 1108 1656 I ActivityManager: Killing 3734:com.google.android.gm/u0a114 (adj 906): empty #17
08-13 16:00:09.068 1108 1150 E BatteryExternalStatsWorker: no controller energy info supplied for bluetooth
08-13 16:00:16.373 1108 1140 I ProcessStatsService: Pruning old procstats: /data/system/procstats/state-2017-01-01-12-07-12.bin
08-13 16:00:53.767 1108 2379 D ConnectivityService: Returning BLOCKED NetworkInfo to uid=10049
08-13 16:01:38.572 1108 1449 I ActivityManager: Killing 2762:com.google.android.calendar/u0a74 (adj 906): empty for 1804s
08-13 16:01:38.588 1108 1150 E BatteryExternalStatsWorker: no controller energy info supplied for bluetooth
08-13 16:01:43.808 1108 1143 E KernelUidCpuTimeReader: Malformed cpu data for UID=10074!
08-13 16:01:43.808 1108 1143 E KernelUidCpuTimeReader: Time between reads: +5s208ms
08-13 16:01:43.808 1108 1143 E KernelUidCpuTimeReader: Previous times: u=+250ms s=+110ms
08-13 16:01:43.808 1108 1143 E KernelUidCpuTimeReader: Current times: u=+156ms s=+56ms
08-13 16:01:43.808 1108 1143 E KernelUidCpuTimeReader: Delta: u=-94ms s=-54ms
08-13 16:01:53.643 1108 2378 I ActivityManager: Killing 3604:com.google.android.carrier/u0a25 (adj 906): empty for 1814s
08-13 16:01:53.648 1108 2378 I ActivityManager: Killing 2825:com.android.providers.calendar/u0a30 (adj 906): empty for 1814s
08-13 16:01:57.919 1108 1287 D ConnectivityService: NetworkAgentInfo [WIFI () - 101] validation failed
08-13 16:02:00.006 1108 1143 I ActivityManager: Killing 1852:com.google.android.euicc/u0a56 (adj 906): empty for 1800s
08-13 16:02:35.151 1108 1449 I ActivityManager: Killing 5098:com.google.android.apps.wallpaper/u0a21 (adj 906): empty for 1808s --------- beginning of main
08-13 16:03:21.487 3199 3199 I Finsky : [2] com.google.android.finsky.foregroundcoordinator.impl.i.a(50): Deactivating task 6. Timeout: false
08-13 16:03:21.496 3199 3199 E Finsky : [2] com.google.android.finsky.verifier.impl.eb.a(3): Multi verification error response com.android.volley.NoConnectionError: org.chromium.net.impl.NetworkExceptionImpl: Exception in CronetUrlRequest: net::ERR_TIMED_OUT, ErrorCode=4, InternalErrorCode=-7, Retryable=true
08-13 16:03:21.505 3199 3199 W GooglePlayServicesUtil: Google Play services out of date. Requires 11910000 but found 11580948
08-13 16:03:21.506 3199 3199 E Finsky : [2] com.google.android.finsky.verifier.impl.bq.a(165): GMSCore is missing, disabled or the version installed is older than the one required by this client
08-13 16:03:21.510 3199 3199 E Finsky : [2] com.google.android.finsky.verifier.impl.bn.a(74): Could not connect to Clearcut: java.lang.IllegalStateException: blockingConnect must not be called on the UI thread
08-13 16:03:21.517 3199 3199 W GooglePlayServicesUtil: Google Play services out of date. Requires 11910000 but found 11580948
08-13 16:03:21.519 3199 3199 I Finsky : [2] com.google.android.finsky.foregroundcoordinator.impl.ForegroundCoordinatorService.onUnbind(14): Tearing down ForegroundCoordinatorService
08-13 16:03:21.527 3199 6527 W GooglePlayServicesUtil: Google Play services out of date. Requires 11910000 but found 11580948
08-13 16:03:21.537 3199 3199 I Finsky : [2] com.google.android.finsky.verifier.impl.dy.c(453): Done verifying installed packages
08-13 16:03:38.755 1637 1637 E QtiImsExtUtils: getConfigForPhoneId phoneId is invalid
08-13 16:03:38.756 1637 1637 E QtiImsExtUtils: isCarrierConfigEnabled bundle is null
08-13 16:03:48.502 3199 6512 I Finsky : [88] com.google.android.finsky.flushlogs.FlushLogsReceiver$FlushLogsService.onHandleIntent(21): Logs flushing took more than 60000 ms. Releasing wake lock.
08-13 16:03:51.125 2607 2607 I chatty : uid=10125(com.antutu.ABenchMark) expire 25 lines
08-13 16:04:17.244 2197 4395 I chatty : uid=10015(com.google.android.gms) Binder:2197_B expire 11 lines
08-13 16:04:20.077 2197 6536 I chatty : uid=10015 com.google.android.gms.persistent expire 1 line
08-13 16:04:26.763 2197 2197 I chatty : uid=10015 com.google.android.gms.persistent expire 11 lines
08-13 16:04:27.321 2197 3960 I chatty : uid=10015(com.google.android.gms) netscheduler-qu expire 4 lines
08-13 16:04:38.813 1637 1637 E QtiImsExtUtils: getConfigForPhoneId phoneId is invalid
08-13 16:04:38.813 1637 1637 E QtiImsExtUtils: isCarrierConfigEnabled bundle is null
08-13 16:04:38.828 2607 2607 I chatty : uid=10125(com.antutu.ABenchMark) expire 26 lines
08-13 16:04:50.683 2279 2781 I chatty : uid=10125(com.antutu.ABenchMark) Connection Cont expire 30 lines
08-13 16:05:07.041 809 3236 I DrmHal : makeDrmFactories: factory instance default is Remote
08-13 16:05:07.044 809 3236 I DrmHal : makeDrmFactories: factory instance widevine is Remote
08-13 16:05:07.046 721 5298 D WVCdm : Instantiating CDM.
08-13 16:05:07.050 721 721 I WVCdm : CdmEngine::QueryStatus
08-13 16:05:07.052 721 6576 I WVCdm : Level3 Library 4445 Oct 4 2017 17:06:25
08-13 16:05:07.059 721 721 I WVCdm : L3 Initialized. Trying L1.
08-13 16:05:07.062 721 721 D : CPPF_ServiceInitialize: start!
08-13 16:05:07.062 721 721 D QSEECOMAPI: QSEECom_get_handle sb_length = 0x2800
08-13 16:05:07.063 721 721 D QSEECOMAPI: App is not loaded in QSEE
08-13 16:05:07.063 721 721 D QSEECOMAPI: app_arch = 2, total_files = 9
08-13 16:05:07.113 721 721 D QSEECOMAPI: Loaded image: APP id = 6815748
08-13 16:05:07.116 721 721 D : CPPF_ServiceInitialize: end! returns 0
08-13 16:05:07.116 721 721 D QSEECOMAPI: QSEECom_get_handle sb_length = 0x19000
08-13 16:05:07.116 721 721 D QSEECOMAPI: App is not loaded in QSEE
08-13 16:05:07.116 721 721 D QSEECOMAPI: app_arch = 2, total_files = 9
08-13 16:05:07.163 721 721 D QSEECOMAPI: Loaded image: APP id = 6881285
08-13 16:05:07.165 721 721 D QSAPPSVER: qsapps_get_capabilities: Capability from secure side: 0x1
08-13 16:05:07.165 721 721 D QSAPPSVER: qsapps_get_capabilities: returns 0
08-13 16:05:07.191 585 590 I chatty : uid=1000(system) /vendor/bin/qseecomd expire 36 lines
08-13 16:05:07.192 624 6578 I chatty : uid=1000(system) /vendor/bin/time_daemon expire 3 lines
08-13 16:05:07.192 624 6579 I chatty : uid=1000(system) /vendor/bin/time_daemon expire 9 lines
08-13 16:05:07.209 721 721 D WVCdm : OEMCrypto_Initialize Level 1 success. I will use level 1.
08-13 16:05:07.213 721 721 I WVCdm : L3 Terminate.
08-13 16:05:07.213 721 721 D : CPPF_CheckMinEncLevelStatus: start!
08-13 16:05:07.215 721 721 D : CPPF_CheckMinEncLevelStatus: No change
08-13 16:05:07.215 721 721 D : CPPF_CheckMinEncLevelStatus: end!
08-13 16:05:07.215 721 721 D QSEECOMAPI: QSEECom_dealloc_memory
08-13 16:05:07.215 721 721 D QSEECOMAPI: QSEECom_shutdown_app, app_id = 6881285
08-13 16:05:07.216 721 721 D : CPPF_ServiceUninitialize: start!
08-13 16:05:07.216 721 721 D QSEECOMAPI: QSEECom_dealloc_memory
08-13 16:05:07.216 721 721 D QSEECOMAPI: QSEECom_shutdown_app, app_id = 6815748
08-13 16:05:07.217 721 721 D : CPPF_ServiceUninitialize: end! returns 0
08-13 16:05:07.219 721 721 I WVCdm : CdmEngine::OpenSession
08-13 16:05:07.219 721 6580 I WVCdm : Level3 Library 4445 Oct 4 2017 17:06:25
08-13 16:05:07.220 721 721 I WVCdm : L3 Initialized. Trying L1.
08-13 16:05:07.221 721 721 D : CPPF_ServiceInitialize: start!
08-13 16:05:07.221 721 721 D QSEECOMAPI: QSEECom_get_handle sb_length = 0x2800
08-13 16:05:07.221 721 721 D QSEECOMAPI: App is not loaded in QSEE
08-13 16:05:07.221 721 721 D QSEECOMAPI: app_arch = 2, total_files = 9
08-13 16:05:07.260 721 721 D QSEECOMAPI: Loaded image: APP id = 6946820
08-13 16:05:07.261 721 721 D : CPPF_ServiceInitialize: end! returns 0
08-13 16:05:07.261 721 721 D QSEECOMAPI: QSEECom_get_handle sb_length = 0x19000
08-13 16:05:07.261 721 721 D QSEECOMAPI: App is not loaded in QSEE
08-13 16:05:07.261 721 721 D QSEECOMAPI: app_arch = 2, total_files = 9
08-13 16:05:07.306 721 721 D QSEECOMAPI: Loaded image: APP id = 7012357
08-13 16:05:07.308 721 721 D QSAPPSVER: qsapps_get_capabilities: Capability from secure side: 0x1
08-13 16:05:07.308 721 721 D QSAPPSVER: qsapps_get_capabilities: returns 0
08-13 16:05:07.332 624 6581 I chatty : uid=1000(system) /vendor/bin/time_daemon expire 3 lines
08-13 16:05:07.332 624 6582 I chatty : uid=1000(system) /vendor/bin/time_daemon expire 9 lines
08-13 16:05:07.343 721 721 D WVCdm : OEMCrypto_Initialize Level 1 success. I will use level 1.
08-13 16:05:07.343 721 721 D WVCdm : CryptoSession::Open: Lock: requested_security_level: Default
08-13 16:05:07.361 721 721 I WVCdm : CdmEngine::QueryOemCryptoSessionId
08-13 16:05:07.362 721 721 I WVCdm : CdmEngine::GenerateKeyRequest
08-13 16:05:07.370 721 721 D WVCdm : PrepareKeyRequest: nonce=589997947
08-13 16:05:07.423 721 721 I WVCdm : L3 Terminate.
08-13 16:05:07.424 721 721 D : CPPF_CheckMinEncLevelStatus: start!
08-13 16:05:07.425 721 721 D : CPPF_CheckMinEncLevelStatus: No change
08-13 16:05:07.425 721 721 D : CPPF_CheckMinEncLevelStatus: end!
08-13 16:05:07.425 721 721 D QSEECOMAPI: QSEECom_dealloc_memory
08-13 16:05:07.425 721 721 D QSEECOMAPI: QSEECom_shutdown_app, app_id = 7012357
08-13 16:05:07.426 721 721 D : CPPF_ServiceUninitialize: start!
08-13 16:05:07.426 721 721 D QSEECOMAPI: QSEECom_dealloc_memory
08-13 16:05:07.426 721 721 D QSEECOMAPI: QSEECom_shutdown_app, app_id = 6946820
08-13 16:05:07.427 721 721 D : CPPF_ServiceUninitialize: end! returns 0
08-13 16:05:17.138 5311 6544 E YouTube : Scheduled config refresh failed.
08-13 16:05:17.138 5311 6544 E YouTube : raf: java.util.concurrent.ExecutionException: atc
08-13 16:05:17.138 5311 6544 E YouTube : at raa.a(SourceFile:25)
08-13 16:05:17.138 5311 6544 E YouTube : at rfg.a(SourceFile:4)
08-13 16:05:17.138 5311 6544 E YouTube : at rfk.a(SourceFile:25)
08-13 16:05:17.138 5311 6544 E YouTube : at rfl.a(SourceFile:2)
08-13 16:05:17.138 5311 6544 E YouTube : at com.google.android.libraries.youtube.net.gcm.service.YouTubeGcmTaskService.a(SourceFile:20)
08-13 16:05:17.138 5311 6544 E YouTube : at com.google.android.libraries.youtube.common.gcore.gcoreclient.gcm.impl.GcmTaskServiceDelegator.a(SourceFile:19)
08-13 16:05:17.138 5311 6544 E YouTube : at jua.run(Unknown Source:4)
08-13 16:05:17.138 5311 6544 E YouTube : at java.util.concurrent.ThreadPoolExecutor.runWorker(ThreadPoolExecutor.java:1162)
08-13 16:05:17.138 5311 6544 E YouTube : at java.util.concurrent.ThreadPoolExecutor$Worker.run(ThreadPoolExecutor.java:636)
08-13 16:05:17.138 5311 6544 E YouTube : at java.lang.Thread.run(Thread.java:764)
08-13 16:05:17.138 5311 6544 E YouTube : Caused by: java.util.concurrent.ExecutionException: atc
08-13 16:05:17.138 5311 6544 E YouTube : at atv.a(SourceFile:18)
08-13 16:05:17.138 5311 6544 E YouTube : at atv.get(SourceFile:5)
08-13 16:05:17.138 5311 6544 E YouTube : at urr.get(SourceFile:14)
08-13 16:05:17.138 5311 6544 E YouTube : at raa.a(SourceFile:23)
08-13 16:05:17.138 5311 6544 E YouTube : ... 9 more
08-13 16:05:17.138 5311 6544 E YouTube : Caused by: atc
08-13 16:05:17.138 5311 6544 E YouTube : at ath.a(SourceFile:57)
08-13 16:05:17.138 5311 6544 E YouTube : at pgd.a(SourceFile:13)
08-13 16:05:17.138 5311 6544 E YouTube : at pgd.a(SourceFile:12)
08-13 16:05:17.138 5311 6544 E YouTube : at pgg.a(SourceFile:10)
08-13 16:05:17.138 5311 6544 E YouTube : at pgg.a(SourceFile:8)
08-13 16:05:17.138 5311 6544 E YouTube : at asn.run(SourceFile:25)
08-13 16:05:17.149 1108 1452 I ActivityManager: Killing 5473:android.process.media/u0a12 (adj 906): empty for 1800s
08-13 16:05:17.281 3199 3210 I Finsky : [26] com.google.android.finsky.contentfilterui.m.a(8): Received content filters request from sharedUserId=com.google.uid.shared:10015
08-13 16:05:17.287 3199 3210 W GooglePlayServicesUtil: Google Play services out of date. Requires 11910000 but found 11580948
08-13 16:05:17.289 3199 3210 E GooglePlayServicesUtil: GooglePlayServices not available due to error 2
08-13 16:05:21.642 2607 2607 I chatty : uid=10125(com.antutu.ABenchMark) expire 18 lines
08-13 16:05:38.852 1637 1637 E QtiImsExtUtils: getConfigForPhoneId phoneId is invalid
08-13 16:05:38.852 1637 1637 E QtiImsExtUtils: isCarrierConfigEnabled bundle is null
08-13 16:05:58.625 3199 3269 E PlayCommon: [37] com.google.android.play.b.y.a(30): Failed to connect to server for server timestamp: java.net.SocketTimeoutException: SSL handshake timed out
08-13 16:06:01.846 2607 2607 I chatty : uid=10125(com.antutu.ABenchMark) expire 20 lines
08-13 16:06:02.287 2197 6595 I chatty : uid=10015 com.google.android.gms.persistent expire 1 line
08-13 16:06:27.115 1108 1449 I chatty : uid=1000(system) Binder:1108_3 expire 12 lines
08-13 16:06:38.950 1637 1637 E QtiImsExtUtils: getConfigForPhoneId phoneId is invalid
08-13 16:06:38.950 1637 1637 E QtiImsExtUtils: isCarrierConfigEnabled bundle is null
08-13 16:06:39.004 2607 2607 I chatty : uid=10125(com.antutu.ABenchMark) expire 22 lines
08-13 16:06:51.837 2279 4557 I chatty : uid=10125(com.antutu.ABenchMark) spdy-0 expire 10 lines
08-13 16:07:18.226 5715 5752 I PlayCommon: [80] PlayEventLogger.uploadEventsImpl: Preparing logs for uploading
08-13 16:07:18.231 1108 1118 D ConnectivityService: Returning BLOCKED NetworkInfo to uid=10092
08-13 16:07:22.271 2607 2607 I chatty : uid=10125(com.antutu.ABenchMark) expire 10 lines
08-13 16:07:24.881 2197 5458 I chatty : uid=10015 com.google.android.gms.persistent expire 3 lines
08-13 16:07:25.112 2569 6631 I chatty : uid=10015(com.google.android.gms) expire 2 lines
08-13 16:07:25.169 2197 6596 I chatty : uid=10015(com.google.android.gms) lowpool[82] expire 12 lines
08-13 16:07:25.179 2197 6634 I chatty : uid=10015 com.google.android.gms.persistent expire 3 lines
08-13 16:07:39.006 1637 1637 E QtiImsExtUtils: getConfigForPhoneId phoneId is invalid
08-13 16:07:39.006 1637 1637 E QtiImsExtUtils: isCarrierConfigEnabled bundle is null
08-13 16:07:39.032 2607 2607 I chatty : uid=10125(com.antutu.ABenchMark) expire 22 lines
08-13 16:07:48.603 3199 6513 I PlayCommon: [89] com.google.android.play.b.h.e(263): Preparing logs for uploading
08-13 16:07:48.603 3199 6513 I PlayCommon: [89] com.google.android.play.b.h.e(267): No file ready to send
08-13 16:08:18.650 3199 6179 E Finsky : [79] com.google.android.finsky.heterodyne.a.a(35): Failed to get auth token
08-13 16:08:18.650 3199 6179 E Finsky : com.android.volley.AuthFailureError: Error while retrieving auth token
08-13 16:08:18.650 3199 6179 E Finsky : at com.android.volley.a.b.a(SourceFile:15)
08-13 16:08:18.650 3199 6179 E Finsky : at com.google.android.finsky.heterodyne.a.a(SourceFile:31)
08-13 16:08:18.650 3199 6179 E Finsky : at com.google.android.gms.phenotype.core.c.b.a(SourceFile:282)
08-13 16:08:18.650 3199 6179 E Finsky : at com.google.android.gms.phenotype.core.c.b.a(SourceFile:197)
08-13 16:08:18.650 3199 6179 E Finsky : at com.google.android.finsky.heterodyne.a.a(SourceFile:254)
08-13 16:08:18.650 3199 6179 E Finsky : at com.google.android.finsky.heterodyne.b.a(Unknown Source:6)
08-13 16:08:18.650 3199 6179 E Finsky : at com.google.android.finsky.heterodyne.a.a(SourceFile:209)
08-13 16:08:18.650 3199 6179 E Finsky : at com.google.android.finsky.heterodyne.a.a(SourceFile:199)
08-13 16:08:18.650 3199 6179 E Finsky : at com.google.android.finsky.heterodyne.a.a(SourceFile:186)
08-13 16:08:18.650 3199 6179 E Finsky : at com.google.android.finsky.heterodyne.HeterodyneSyncService.onHandleIntent(SourceFile:14)
08-13 16:08:18.650 3199 6179 E Finsky : at android.app.IntentService$ServiceHandler.handleMessage(IntentService.java:76)
08-13 16:08:18.650 3199 6179 E Finsky : at android.os.Handler.dispatchMessage(Handler.java:106)
08-13 16:08:18.650 3199 6179 E Finsky : at android.os.Looper.loop(Looper.java:164)
08-13 16:08:18.650 3199 6179 E Finsky : at android.os.HandlerThread.run(HandlerThread.java:65)
08-13 16:08:18.650 3199 6179 E Finsky : Caused by: java.io.IOException: NetworkError
08-13 16:08:18.650 3199 6179 E Finsky : at android.accounts.AccountManager.convertErrorToException(AccountManager.java:2499)
08-13 16:08:18.650 3199 6179 E Finsky : at android.accounts.AccountManager.-wrap0(Unknown Source:0)
08-13 16:08:18.650 3199 6179 E Finsky : at android.accounts.AccountManager$AmsTask$Response.onError(AccountManager.java:2350)
08-13 16:08:18.650 3199 6179 E Finsky : at android.accounts.IAccountManagerResponse$Stub.onTransact(IAccountManagerResponse.java:69)
08-13 16:08:18.650 3199 6179 E Finsky : at android.os.Binder.execTransact(Binder.java:697)
08-13 16:08:18.673 3199 3357 W GooglePlayServicesUtil: Google Play services out of date. Requires 11910000 but found 11580948
08-13 16:08:18.674 3199 3357 E Finsky : [56] com.google.android.finsky.deviceconfig.k.a(9): Unable to fetch checkin consistency token: GooglePlayServices is unavailable 2
08-13 16:08:18.763 2197 2205 I chatty : uid=10015(com.google.android.gms) FinalizerDaemon expire 10 lines
08-13 16:08:20.093 2197 6648 I chatty : uid=10015 com.google.android.gms.persistent expire 1 line
08-13 16:08:20.102 2197 2938 I chatty : uid=10015(com.google.android.gms) highpool[3] expire 12 lines
08-13 16:08:22.667 2607 2607 I chatty : uid=10125(com.antutu.ABenchMark) expire 10 lines
08-13 16:08:27.724 1108 1287 D ConnectivityService: reportNetworkConnectivity(101, true) by 10015
08-13 16:08:27.725 1108 2179 I chatty : uid=1000(system) NetworkMonitorN expire 15 lines
08-13 16:08:27.741 1108 6661 I chatty : uid=1000 system_server expire 2 lines
08-13 16:08:27.751 1108 6662 I chatty : uid=1000 system_server expire 2 lines
08-13 16:08:39.106 1637 1637 E QtiImsExtUtils: getConfigForPhoneId phoneId is invalid
08-13 16:08:39.107 1637 1637 E QtiImsExtUtils: isCarrierConfigEnabled bundle is null
08-13 16:08:39.121 2607 2607 I chatty : uid=10125(com.antutu.ABenchMark) expire 12 lines
08-13 16:08:40.790 1108 1287 D ConnectivityService: NetworkAgentInfo [WIFI () - 101] validation failed
08-13 16:08:40.791 1108 1257 I chatty : uid=1000(system) WifiStateMachin expire 10 lines
08-13 16:08:41.810 1108 6675 I chatty : uid=1000 system_server expire 2 lines
08-13 16:08:41.820 1108 6676 I chatty : uid=1000 system_server expire 2 lines
08-13 16:08:48.808 3199 3199 W Finsky : [2] com.google.android.finsky.setup.bz.a(2): Failed to retrieve preloads: com.android.volley.NoConnectionError: org.chromium.net.impl.NetworkExceptionImpl: Exception in CronetUrlRequest: net::ERR_TIMED_OUT, ErrorCode=4, InternalErrorCode=-7, Retryable=true
08-13 16:08:49.453 2197 2924 I chatty : uid=10015(com.google.android.gms) CMEventHandler expire 14 lines
08-13 16:08:53.728 1443 1443 I Elmyra/ElmyraService: Gated by SystemKeyPress
08-13 16:08:53.738 1108 1119 I chatty : uid=1000(system) Binder:1108_2 expire 11 lines
08-13 16:08:54.229 1443 1443 I Elmyra/ElmyraService: Gated by KeyguardDeferredSetup [mDeferredSetupComplete -> false]
08-13 16:08:54.347 744 793 I chatty : uid=1000(system) /vendor/bin/sensors.qcom expire 118 lines
08-13 16:08:54.845 1108 1287 D ConnectivityService: NetworkAgentInfo [WIFI () - 101] validation failed
08-13 16:08:56.850 1108 6685 I chatty : uid=1000 system_server expire 2 lines
08-13 16:08:56.850 1108 6686 I chatty : uid=1000 system_server expire 2 lines
08-13 16:08:57.721 838 1075 D fpc_fingerprint_hal: nav_loop FPC_NAV_REQUEST_WAIT_IRQ_HIGH
08-13 16:08:58.249 838 1075 D fpc_fingerprint_hal: nav_loop FPC_NAV_REQUEST_WAIT_IRQ_HIGH
08-13 16:08:58.667 1108 1239 I PowerManagerService: Waking up from dozing (uid=1000 reason=android.policy:POWER)...
08-13 16:08:58.668 1443 1443 I Elmyra/ElmyraService: Gated by SystemKeyPress
08-13 16:08:58.684 1443 1443 D StatusBar: disable
08-13 16:08:58.684 1443 1443 D StatusBar: disable
08-13 16:08:58.689 1606 1711 I chatty : uid=1000(system) MainEventThread expire 10 lines
08-13 16:08:58.702 1549 1549 I WallpaperService: engine resumed
08-13 16:08:58.707 1108 1108 I ActivityManager: Start proc 6690:com.android.vending:instant_app_installer/u0a65 for service com.android.vending/com.google.android.finsky.instantapps.statussync.StatusSyncService
08-13 16:08:58.713 1108 1156 I DisplayPowerController: Blocking screen off
08-13 16:08:58.713 1108 1156 I DisplayPowerController: Unblocked screen off after 0 ms
08-13 16:08:58.713 3199 3199 I Finsky : [2] com.google.android.finsky.scheduler.JobSchedulerEngine$PhoneskyJobSchedulerJobService.onStartJob(9): onJobSchedulerWakeup
08-13 16:08:58.723 1108 1156 I DisplayPowerController: Blocking screen on until initial contents have been drawn.
08-13 16:08:58.725 3199 3199 I Finsky : [2] com.google.android.finsky.scheduler.w.a(25): Scheduling fallback job with id: 9032, and delay: 43200000 ms
08-13 16:08:58.726 1637 1637 E QtiImsExtUtils: getConfigForPhoneId phoneId is invalid
08-13 16:08:58.726 1637 1637 E QtiImsExtUtils: isCarrierConfigEnabled bundle is null
08-13 16:08:58.727 1108 1154 I DisplayManagerService: Display device changed state: "Built-in Screen", ON
08-13 16:08:58.730 1108 1239 I chatty : uid=1000(system) InputReader expire 11 lines
08-13 16:08:58.734 2607 2607 I chatty : uid=10125(com.antutu.ABenchMark) expire 11 lines
08-13 16:08:58.736 3199 3199 I Finsky : [2] com.google.android.finsky.scheduler.w.a(51): Scheduling fallback in 64799996 (absolute: 67148071)
08-13 16:08:58.741 1443 1443 D StatusBar: disable
08-13 16:08:58.741 1443 1443 D StatusBar: disable
08-13 16:08:58.742 3199 3199 I Finsky : [2] com.google.android.finsky.scheduler.ad.handleMessage(32): DeviceState: DeviceState{currentTime=1534147738738, isCharging=false, isIdle=false, netAny=true, netNotRoaming=true, netUnmetered=true}
08-13 16:08:58.747 598 598 D SurfaceFlinger: Set power mode=2, type=0 flinger=0x706e65e000
08-13 16:08:58.747 600 5260 I SDM : DisplayBase::SetDisplayState: Set state = 1, display 0
08-13 16:08:58.748 3199 3199 I Finsky : [2] com.google.android.finsky.scheduler.y.a(88): Running job: 11 (10)
08-13 16:08:58.749 3199 3199 W Finsky : [2] com.google.android.finsky.hygiene.w.a(10): Failed to find the Hygiene logging context. Creating a new one.
08-13 16:08:58.751 3199 3199 I Finsky : [2] com.google.android.finsky.scheduler.y.a(88): Running job: 26 (10)
08-13 16:08:58.751 3199 6714 I Finsky : [92] com.google.android.finsky.splitinstallservice.bj.a(11): Running split install cleaner
08-13 16:08:58.753 3199 3199 W Finsky : [2] com.google.android.finsky.hygiene.w.a(10): Failed to find the Hygiene logging context. Creating a new one.
08-13 16:08:58.754 3199 3199 I Finsky : [2] com.google.android.finsky.scheduler.y.a(88): Running job: 1 (12)
08-13 16:08:58.755 3199 3199 I Finsky : [2] com.google.android.finsky.ai.c.a(41): ContentSyncJob started
08-13 16:08:58.755 3199 6716 I Finsky : [94] com.google.android.finsky.scheduler.ax.b(12): jobFinished: 26 10
08-13 16:08:58.756 3199 3199 I Finsky : [2] com.google.android.finsky.scheduler.y.a(160): RunningQueue size: 3
08-13 16:08:58.757 3199 3199 I Finsky : [2] com.google.android.finsky.scheduler.y.a(161): PendingQueue size: 0
08-13 16:08:58.757 3199 3199 I Finsky : [2] com.google.android.finsky.scheduler.y.a(186): Job 26 (10) finished
08-13 16:08:58.758 3199 3199 I Finsky : [2] com.google.android.finsky.scheduler.y.a(160): RunningQueue size: 2
08-13 16:08:58.758 3199 3199 I Finsky : [2] com.google.android.finsky.scheduler.y.a(161): PendingQueue size: 0
08-13 16:08:58.761 3199 3199 I zygote : Deoptimizing void com.google.android.finsky.af.a.q.a(com.google.android.finsky.af.d) due to JIT inline cache
08-13 16:08:58.761 1108 1156 I DisplayPowerController: Unblocked screen on after 38 ms
08-13 16:08:58.761 3199 6714 I Finsky : [92] com.google.android.finsky.splitinstallservice.bj.a(30): Removed 0 obsolete sessions.
08-13 16:08:58.762 1108 1156 I DreamManagerService: Gently waking up from dream.
08-13 16:08:58.762 1108 1152 I DreamManagerService: Performing gentle wake from dream.
08-13 16:08:58.765 3199 6714 E Finsky : [92] com.google.android.finsky.splitinstallservice.aa.a(3): Can't schedule deferred install. No modules found.
08-13 16:08:58.767 3199 6714 I Finsky : [92] com.google.android.finsky.scheduler.ax.b(12): jobFinished: 11 10
08-13 16:08:58.768 3199 3199 I Finsky : [2] com.google.android.finsky.scheduler.y.a(186): Job 11 (10) finished
08-13 16:08:58.768 3199 3199 I Finsky : [2] com.google.android.finsky.scheduler.y.a(160): RunningQueue size: 1
08-13 16:08:58.768 3199 3199 I Finsky : [2] com.google.android.finsky.scheduler.y.a(161): PendingQueue size: 0
08-13 16:08:58.773 1108 2318 I chatty : uid=1000(system) Binder:1108_9 expire 5 lines
08-13 16:08:58.773 2197 4126 I chatty : uid=10015(com.google.android.gms) NearbyMessages expire 1 line
08-13 16:08:58.782 1108 2318 I DreamManagerService: Leaving dreamland.
08-13 16:08:58.782 1108 1152 I DreamManagerService: Performing gentle wake from dream.
08-13 16:08:58.782 1108 1152 I DreamController: Stopping dream: name=ComponentInfo{com.android.systemui/com.android.systemui.doze.DozeService}, isTest=false, canDoze=true, userId=0
08-13 16:08:58.820 6690 6730 W GooglePlayServicesUtil: Google Play services out of date. Requires 11910000 but found 11580948
08-13 16:08:58.827 6690 6690 D PhenotypeUpdateService: onCreate called
08-13 16:08:58.836 6690 6735 D PhenotypeUpdateService: Registering with Phenotype
08-13 16:08:58.844 6690 6736 W GooglePlayServicesUtil: Google Play services out of date. Requires 11910000 but found 11580948
08-13 16:08:58.863 6690 6738 W GooglePlayServicesUtil: Google Play services out of date. Requires 11910000 but found 11580948
08-13 16:08:58.864 6690 6732 E Finsky : [79] com.google.android.finsky.instantapps.statussync.StatusSyncService.a(92): Could not obtain account information.
08-13 16:08:58.871 3199 3204 I zygote : Do partial code cache collection, code=120KB, data=98KB
08-13 16:08:58.871 3199 3204 I zygote : After code cache collection, code=115KB, data=95KB
08-13 16:08:58.871 3199 3204 I zygote : Increasing code cache capacity to 512KB
08-13 16:08:58.921 3199 3216 I zygote : Waiting for a blocking GC ProfileSaver
08-13 16:08:58.972 3199 3279 I Finsky : [40] com.google.android.finsky.o.c.a(25): Completed 0 account content syncs with 0 successful.
08-13 16:08:58.973 3199 3199 I Finsky : [2] com.google.android.finsky.ai.c.a(5): Installation state replication succeeded.
08-13 16:08:58.973 3199 3199 I Finsky : [2] com.google.android.finsky.scheduler.ax.b(12): jobFinished: 1 12
08-13 16:08:58.973 3199 3199 I Finsky : [2] com.google.android.finsky.scheduler.y.a(186): Job 1 (12) finished
08-13 16:08:58.973 3199 3199 I Finsky : [2] com.google.android.finsky.scheduler.y.a(160): RunningQueue size: 0
08-13 16:08:58.973 3199 3199 I Finsky : [2] com.google.android.finsky.scheduler.y.a(161): PendingQueue size: 0
08-13 16:08:58.974 3199 3199 I Finsky : [2] com.google.android.finsky.scheduler.ad.handleMessage(224): Executor finished
08-13 16:08:58.984 3199 3199 I zygote : Deoptimizing void com.google.android.finsky.af.a.o.a(com.google.android.finsky.af.d) due to JIT inline cache
08-13 16:08:58.985 3199 3199 I Finsky : [2] com.google.android.finsky.scheduler.JobSchedulerEngine.a(142): Cancelling existing job with id: 9000
08-13 16:08:58.987 3199 3199 I Finsky : [2] com.google.android.finsky.scheduler.JobSchedulerEngine.a(127): Scheduling job Id: 9001, MinLatency: 229457, Override Deadline: 84105300, C: false, I: false, N: 1
08-13 16:08:59.169 1443 1443 I Elmyra/ElmyraService: Gated by KeyguardDeferredSetup [mDeferredSetupComplete -> false]
08-13 16:08:59.791 838 1075 D fpc_fingerprint_hal: nav_loop FPC_NAV_REQUEST_WAIT_IRQ_HIGH
08-13 16:09:01.774 2569 3156 I chatty : uid=10015(com.google.android.gms) lowpool[2] expire 15 lines
08-13 16:09:03.747 6690 6712 I zygote : Waiting for a blocking GC ProfileSaver
08-13 16:09:03.796 6690 6712 I zygote : WaitForGcToComplete blocked ProfileSaver on HeapTrim for 48.396ms
08-13 16:09:06.993 1443 1443 I Elmyra/ElmyraService: Gated by KeyguardProximity [mIsListening -> true]
08-13 16:09:08.046 1443 1443 I Elmyra/ElmyraService: Gated by KeyguardDeferredSetup [mDeferredSetupComplete -> false]
08-13 16:09:08.666 1108 1156 I PowerManagerService: Going to sleep due to screen timeout (uid 1000)...
08-13 16:09:08.717 1443 1443 I Elmyra/ElmyraService: Gated by KeyguardProximity [mIsListening -> true]
08-13 16:09:09.156 1108 1156 I DisplayPowerController: Blocking screen off
08-13 16:09:09.157 1108 1156 I DisplayPowerController: Unblocked screen off after 0 ms
08-13 16:09:09.187 1637 1637 E QtiImsExtUtils: getConfigForPhoneId phoneId is invalid
08-13 16:09:09.187 1637 1637 E QtiImsExtUtils: isCarrierConfigEnabled bundle is null
08-13 16:09:09.227 1108 1154 I DisplayManagerService: Display device changed state: "Built-in Screen", OFF
08-13 16:09:09.227 598 598 D SurfaceFlinger: Set power mode=0, type=0 flinger=0x706e65e000
08-13 16:09:09.228 600 5260 I SDM : DisplayBase::SetDisplayState: Set state = 0, display 0
08-13 16:09:09.229 2607 2607 I chatty : uid=10125(com.antutu.ABenchMark) expire 36 lines
08-13 16:09:09.230 1549 1549 I WallpaperService: engine paused
08-13 16:09:09.233 1443 1443 D StatusBar: disable
08-13 16:09:09.233 1443 1443 D StatusBar: disable
08-13 16:09:09.449 1108 1156 I DreamManagerService: Entering dreamland.
08-13 16:09:09.450 1108 1156 I PowerManagerService: Dozing...
08-13 16:09:09.452 1108 1152 I DreamController: Starting dream: name=ComponentInfo{com.android.systemui/com.android.systemui.doze.DozeService}, isTest=false, canDoze=true, userId=0
08-13 16:09:09.482 1443 1443 D StatusBar: disable
08-13 16:09:09.494 1443 1443 I chatty : uid=10060(com.android.systemui) identical 11 lines
08-13 16:09:09.494 1443 1443 D StatusBar: disable
08-13 16:09:09.514 1108 1156 I DisplayPowerController: Blocking screen on until initial contents have been drawn.
08-13 16:09:09.515 1108 1154 I DisplayManagerService: Display device changed state: "Built-in Screen", DOZE
08-13 16:09:09.515 1443 1443 D StatusBar: disable
08-13 16:09:09.515 598 598 D SurfaceFlinger: Set power mode=1, type=0 flinger=0x706e65e000
08-13 16:09:09.515 1443 1443 D StatusBar: disable
08-13 16:09:09.515 600 696 I SDM : DisplayBase::SetDisplayState: Set state = 2, display 0
08-13 16:09:09.519 1443 1443 D StatusBar: disable
08-13 16:09:09.519 1443 1443 D StatusBar: disable
08-13 16:09:09.525 1443 1443 D StatusBar: disable
08-13 16:09:09.526 1443 1443 D StatusBar: disable
08-13 16:09:09.528 1443 1443 D StatusBar: disable
08-13 16:09:09.528 1443 1443 D StatusBar: disable
08-13 16:09:09.568 1108 2378 I chatty : uid=1000(system) Binder:1108_E expire 10 lines
08-13 16:09:09.615 1637 1637 E QtiImsExtUtils: getConfigForPhoneId phoneId is invalid
08-13 16:09:09.615 1637 1637 E QtiImsExtUtils: isCarrierConfigEnabled bundle is null
08-13 16:09:09.746 1108 1156 I DisplayPowerController: Unblocked screen on after 232 ms
08-13 16:09:09.875 1108 1287 D ConnectivityService: NetworkAgentInfo [WIFI () - 101] validation failed
08-13 16:09:10.120 1443 1443 I Elmyra/ElmyraService: Gated by KeyguardDeferredSetup [mDeferredSetupComplete -> false]
08-13 16:09:10.599 1443 1443 I Elmyra/ElmyraService: Gated by KeyguardProximity [mIsListening -> true]
08-13 16:09:11.231 1443 1443 I Elmyra/ElmyraService: Gated by KeyguardDeferredSetup [mDeferredSetupComplete -> false]
08-13 16:09:11.434 1443 1443 I Elmyra/ElmyraService: Gated by KeyguardProximity [mIsListening -> true]
08-13 16:09:11.675 1443 1443 I Elmyra/ElmyraService: Gated by KeyguardDeferredSetup [mDeferredSetupComplete -> false]
08-13 16:09:12.352 1443 1443 I Elmyra/ElmyraService: Gated by KeyguardProximity [mIsListening -> true]
08-13 16:09:12.571 1443 1443 I Elmyra/ElmyraService: Gated by KeyguardDeferredSetup [mDeferredSetupComplete -> false]
08-13 16:09:13.792 1443 1443 I Elmyra/ElmyraService: Gated by KeyguardProximity [mIsListening -> true]
08-13 16:09:13.896 1108 6752 I chatty : uid=1000 system_server expire 2 lines
08-13 16:09:13.910 1108 6753 I chatty : uid=1000 system_server expire 2 lines
08-13 16:09:14.805 1443 1443 I Elmyra/ElmyraService: Gated by KeyguardDeferredSetup [mDeferredSetupComplete -> false]
08-13 16:09:17.500 1443 1443 I Elmyra/ElmyraService: Gated by KeyguardProximity [mIsListening -> true]
08-13 16:09:17.506 744 793 I chatty : uid=1000(system) /vendor/bin/sensors.qcom expire 20 lines
08-13 16:09:17.907 1443 1443 I Elmyra/ElmyraService: Gated by KeyguardDeferredSetup [mDeferredSetupComplete -> false]
08-13 16:09:18.785 2197 4105 I chatty : uid=10015(com.google.android.gms) Binder:2197_A expire 12 lines
08-13 16:09:35.010 1108 6765 I chatty : uid=1000 system_server expire 2 lines
08-13 16:09:35.039 1108 6764 I chatty : uid=1000 system_server expire 2 lines
08-13 16:09:40.204 2197 6759 I chatty : uid=10015 com.google.android.gms.persistent expire 1 line
08-13 16:09:40.521 2197 6771 I chatty : uid=10015 com.google.android.gms.persistent expire 10 lines
08-13 16:09:54.280 1637 1637 E QtiImsExtUtils: getConfigForPhoneId phoneId is invalid
08-13 16:09:54.280 1637 1637 E QtiImsExtUtils: isCarrierConfigEnabled bundle is null
08-13 16:10:04.103 1108 6781 I chatty : uid=1000 system_server expire 2 lines
08-13 16:10:04.116 1108 6780 I chatty : uid=1000 system_server expire 2 lines
08-13 16:09:26.987 1108 1287 I chatty : uid=1000(system) ConnectivitySer identical 1 line
08-13 16:09:48.068 1108 1287 D ConnectivityService: NetworkAgentInfo [WIFI () - 101] validation failed
08-13 16:10:06.647 1108 1665 D ConnectivityService: Returning UNBLOCKED NetworkInfo to uid=10120
08-13 16:10:13.326 2607 2607 I chatty : uid=10125(com.antutu.ABenchMark) expire 20 lines
08-13 16:10:17.145 1108 1287 D ConnectivityService: NetworkAgentInfo [WIFI () - 101] validation failed
08-13 16:10:37.128 1108 1665 I chatty : uid=1000(system) Binder:1108_7 expire 12 lines
08-13 16:10:45.528 1108 1140 I UsageStatsService: User[0] Flushing usage stats to disk
08-13 16:10:45.563 2197 2210 I chatty : uid=10015(com.google.android.gms) Binder:2197_3 expire 12 lines
08-13 16:10:48.581 2197 6760 I chatty : uid=10015 com.google.android.gms.persistent expire 3 lines
08-13 16:10:48.609 3285 3491 I bt_stack: [INFO:gatt_api.cc(1004)] GATT_Register
08-13 16:10:48.609 3285 3491 I bt_stack: [INFO:gatt_api.cc(1027)] allocated gatt_if=4
08-13 16:10:48.610 2197 2209 I chatty : uid=10015(com.google.android.gms) Binder:2197_2 expire 3 lines
08-13 16:10:49.183 1108 6799 I chatty : uid=1000 system_server expire 2 lines
08-13 16:10:49.192 1108 6798 I chatty : uid=1000 system_server expire 2 lines
08-13 16:10:53.576 2607 2607 I chatty : uid=10125(com.antutu.ABenchMark) expire 22 lines
08-13 16:10:54.349 1637 1637 E QtiImsExtUtils: getConfigForPhoneId phoneId is invalid
08-13 16:10:54.349 1637 1637 E QtiImsExtUtils: isCarrierConfigEnabled bundle is null
08-13 16:10:54.371 1108 1150 E BatteryExternalStatsWorker: no controller energy info supplied for bluetooth
08-13 16:10:54.395 3562 6805 E turbo_BatteryLogger: could not get google accounts, e
08-13 16:11:02.230 1108 1287 D ConnectivityService: NetworkAgentInfo [WIFI () - 101] validation failed
08-13 16:11:08.648 2197 6795 I chatty : uid=10015 com.google.android.gms.persistent expire 1 line
08-13 16:11:09.433 1108 2178 I ActivityManager: Killing 5666:com.android.chrome/u0a121 (adj 906): empty for 1806s
08-13 16:11:09.479 1108 1449 D ConnectivityService: ConnectivityService NetworkRequestInfo binderDied(NetworkRequest [ LISTEN id=15, [ Capabilities: INTERNET&NOT_RESTRICTED&TRUSTED&FOREGROUND] ], android.os.BinderProxy@aa4642d)
08-13 16:11:25.710 2197 6596 I chatty : uid=10015(com.google.android.gms) lowpool[82] expire 18 lines
08-13 16:11:25.805 744 793 I chatty : uid=1000(system) /vendor/bin/sensors.qcom expire 42 lines
08-13 16:11:26.713 838 1075 D fpc_fingerprint_hal: nav_loop FPC_NAV_REQUEST_WAIT_IRQ_HIGH
08-13 16:11:27.821 838 1075 D fpc_fingerprint_hal: nav_loop FPC_NAV_REQUEST_WAIT_IRQ_HIGH
08-13 16:11:29.311 1108 1239 I PowerManagerService: Waking up from dozing (uid=1000 reason=android.policy:POWER)...
08-13 16:11:29.314 1443 1443 I Elmyra/ElmyraService: Gated by SystemKeyPress
08-13 16:11:29.335 1443 1443 D StatusBar: disable
08-13 16:11:29.335 1443 1443 D StatusBar: disable
08-13 16:11:29.337 1549 1549 I WallpaperService: engine resumed
08-13 16:11:29.352 1108 1156 I DisplayPowerController: Blocking screen off
08-13 16:11:29.352 1108 1156 I DisplayPowerController: Unblocked screen off after 1 ms
08-13 16:11:29.360 1637 1637 E QtiImsExtUtils: getConfigForPhoneId phoneId is invalid
08-13 16:11:29.360 1637 1637 E QtiImsExtUtils: isCarrierConfigEnabled bundle is null
08-13 16:11:29.369 1108 1156 I DisplayPowerController: Blocking screen on until initial contents have been drawn.
08-13 16:11:29.374 1108 1154 I DisplayManagerService: Display device changed state: "Built-in Screen", ON
08-13 16:11:29.376 1637 1646 I zygote64: Do partial code cache collection, code=18KB, data=30KB
08-13 16:11:29.377 1637 1646 I zygote64: After code cache collection, code=18KB, data=30KB
08-13 16:11:29.377 1637 1646 I zygote64: Increasing code cache capacity to 128KB
08-13 16:11:29.379 1443 1443 D StatusBar: disable
08-13 16:11:29.379 1443 1443 D StatusBar: disable
08-13 16:11:29.381 598 598 D SurfaceFlinger: Set power mode=2, type=0 flinger=0x706e65e000
08-13 16:11:29.381 600 696 I SDM : DisplayBase::SetDisplayState: Set state = 1, display 0
08-13 16:11:29.389 2607 2607 I chatty : uid=10125(com.antutu.ABenchMark) expire 19 lines
08-13 16:11:29.392 2197 4153 I chatty : uid=10015(com.google.android.gms) NearbyDirectMai expire 18 lines
08-13 16:11:29.406 1108 1156 I DisplayPowerController: Unblocked screen on after 37 ms
08-13 16:11:29.407 1108 1156 I DreamManagerService: Gently waking up from dream.
08-13 16:11:29.407 1108 1152 I DreamManagerService: Performing gentle wake from dream.
08-13 16:11:29.417 1108 2327 I DreamManagerService: Leaving dreamland.
08-13 16:11:29.417 1108 1152 I DreamManagerService: Performing gentle wake from dream.
08-13 16:11:29.417 1108 1152 I DreamController: Stopping dream: name=ComponentInfo{com.android.systemui/com.android.systemui.doze.DozeService}, isTest=false, canDoze=true, userId=0
08-13 16:11:29.814 1443 1443 I Elmyra/ElmyraService: Gated by KeyguardDeferredSetup [mDeferredSetupComplete -> false]
08-13 16:11:30.186 1443 1443 D StatusBar: disable
08-13 16:11:30.240 1443 1443 D StatusBar: disable
08-13 16:11:30.844 715 2118 D audio_hw_primary: enable_snd_device: snd_device(2: speaker)
08-13 16:11:30.844 715 2118 D audio_route: Apply path: speaker
08-13 16:11:30.845 715 2118 D ACDB-LOADER: ACDB -> send_audio_cal, acdb_id = 15, path = 0, app id = 0x11130, sample rate = 48000
08-13 16:11:30.845 715 2118 D ACDB-LOADER: ACDB -> ACDB_CMD_GET_AUDPROC_GAIN_DEP_STEP_TABLE, vol index 0
08-13 16:11:30.845 715 2118 D ACDB-LOADER: ACDB -> GET_AFE_TOPOLOGY_ID for adcd_id 15, Topology Id 112fc
08-13 16:11:30.845 715 2118 D : Failed to fetch the lookup information of the device 0000000F
08-13 16:11:30.845 715 2118 D ACDB-LOADER: Error: ACDB AFE returned = -19
08-13 16:11:30.845 715 2118 D audio_hw_primary: enable_audio_route: usecase(1) apply and update mixer path: low-latency-playback speaker
08-13 16:11:30.845 715 2118 D audio_route: Apply path: low-latency-playback speaker
08-13 16:11:30.845 2081 2096 E ANDR-PERF-RESOURCEQS: Failed to apply optimization [2, 0]
08-13 16:11:30.874 715 2118 D audio_hw_primary: out_write: retry previous failed cal level set
08-13 16:11:32.761 740 740 I libese : Interface --- Card
08-13 16:11:32.761 740 740 I libese : I(0, 0) --> [ 5]
08-13 16:11:32.772 740 740 I libese : <-- I(0, 0) [ 3]
08-13 16:11:32.773 740 740 I libese : Interface --- Card
08-13 16:11:32.773 740 740 I libese : I(1, 0) --> [ 18]
08-13 16:11:32.786 740 740 I libese : <-- I(1, 0) [ 2]
08-13 16:11:32.786 740 740 I libese : Interface --- Card
08-13 16:11:32.786 740 740 I libese : I(0, 0) --> [ 26]
08-13 16:11:32.791 740 740 I libese : <-- I(0, 0) [ 19]
08-13 16:11:32.791 740 740 I libese : Interface --- Card
08-13 16:11:32.791 740 740 I libese : I(1, 0) --> [ 5]
08-13 16:11:32.795 740 740 I libese : <-- I(1, 0) [ 2]
08-13 16:11:32.798 740 740 I libese : Requested power-down delay times (sec):
08-13 16:11:32.798 740 740 I libese : - Timer 0xF1: 0
08-13 16:11:32.798 740 740 I libese : - Timer 0xF2: 0
08-13 16:11:32.798 740 740 I libese : - Timer 0xF3: 0
08-13 16:11:32.868 808 808 D keystore: AddAuthenticationToken: timestamp = 2505569 (7006235426746793984), time_received = 2483
08-13 16:11:32.902 808 808 D keystore: AddAuthenticationToken: timestamp = 2505604 (9528251218074271744), time_received = 2483
08-13 16:11:32.904 808 808 I keystore: calling unlock when already unlocked, ignoring.
08-13 16:11:32.904 1108 2178 I LockSettingsService: Unlocking user 0 with secret only, length 64
08-13 16:11:32.905 1108 2178 W ActivityManager: Expected user 0 in state RUNNING_LOCKED but was in state RUNNING_UNLOCKED
08-13 16:11:32.905 1108 2178 I LockSettingsService: Disabling escrow token on user 0
08-13 16:11:33.227 1108 2379 I ActivityManager: START u0 {flg=0x10000000 cmp=com.antutu.ABenchMark/com.antutu.benchmark.ui.ad.ActivitySplashAD} from uid 10125
08-13 16:11:33.236 730 730 I chatty : uid=1000(system) power@1.1-servi expire 14 lines
08-13 16:11:33.248 1443 1443 D StatusBar: disable
08-13 16:11:33.251 1443 1443 D StatusBar: disable
08-13 16:11:33.252 1443 1575 I AudioTrack: AUDIO_OUTPUT_FLAG_FAST successful; frameCount 4800 -> 4800
08-13 16:11:33.261 1108 1143 W BroadcastQueue: Background execution not allowed: receiving Intent { act=android.intent.action.USER_PRESENT flg=0x24200010 } to com.antutu.ABenchMark/com.antutu.benchmark.receiver.KeepAliveReceiver
08-13 16:11:33.263 2197 2197 I chatty : uid=10015 com.google.android.gms.persistent expire 16 lines
08-13 16:11:33.265 1443 1443 D StatusBar: disable
08-13 16:11:33.272 1443 1443 I Elmyra/ElmyraService: Unblocked; current action: SetupWizardAction
08-13 16:11:33.298 1108 2327 D ConnectivityService: Returning UNBLOCKED NetworkInfo to uid=10049
08-13 16:11:33.300 1108 2178 W BroadcastQueue: Background execution not allowed: receiving Intent { act=android.intent.action.USER_PRESENT flg=0x24200010 } to com.antutu.ABenchMark/com.igexin.sdk.PushReceiver
08-13 16:11:33.300 1108 1143 W BroadcastQueue: Background execution not allowed: receiving Intent { act=android.intent.action.USER_PRESENT flg=0x24200010 } to com.antutu.ABenchMark/com.taobao.accs.EventReceiver
08-13 16:11:33.307 2569 6838 I chatty : uid=10015(com.google.android.gms) expire 1 line
08-13 16:11:33.310 2197 6837 I chatty : uid=10015 com.google.android.gms.persistent expire 1 line
08-13 16:11:33.351 1108 1154 I chatty : uid=1000(system) android.display expire 9 lines
08-13 16:11:33.575 1549 1549 I WallpaperService: engine paused
08-13 16:11:33.688 1443 1443 I Elmyra/ElmyraService: Gated by NavigationBarVisibility [mIsNavigationHidden -> true; mExceptions -> [DismissTimer [mReceiverRegistered -> true], SnoozeAlarm [mReceiverRegistered -> true], SilenceCall [mSilenceSettingEnabled -> true], ServiceAction]]
08-13 16:11:36.460 715 1173 D audio_hw_primary: disable_audio_route: usecase(1) reset and update mixer path: low-latency-playback speaker
08-13 16:11:36.462 715 1173 D audio_hw_primary: disable_snd_device: snd_device(2: speaker)
08-13 16:11:38.774 1443 1443 I Elmyra/ElmyraService: Unblocked; current action: SetupWizardAction
08-13 16:11:38.786 744 793 I chatty : uid=1000(system) /vendor/bin/sensors.qcom expire 18 lines
08-13 16:11:39.790 715 2118 D audio_hw_primary: enable_snd_device: snd_device(2: speaker)
08-13 16:11:39.790 715 2118 D audio_route: Apply path: speaker
08-13 16:11:39.791 715 2118 D ACDB-LOADER: ACDB -> send_audio_cal, acdb_id = 15, path = 0, app id = 0x11130, sample rate = 48000
08-13 16:11:39.792 715 2118 D ACDB-LOADER: ACDB -> ACDB_CMD_GET_AUDPROC_GAIN_DEP_STEP_TABLE, vol index 0
08-13 16:11:39.792 1108 1119 I ActivityManager: START u0 {flg=0x14000000 cmp=com.antutu.ABenchMark/com.antutu.benchmark.ui.test.activity.ActivityScoreBench (has extras)} from uid 10125
08-13 16:11:39.792 715 2118 D ACDB-LOADER: ACDB -> GET_AFE_TOPOLOGY_ID for adcd_id 15, Topology Id 112fc
08-13 16:11:39.792 715 2118 D : Failed to fetch the lookup information of the device 0000000F
08-13 16:11:39.792 715 2118 D ACDB-LOADER: Error: ACDB AFE returned = -19
