08-13 16:34:52.058 730 730 I chatty : uid=1000(system) power@1.1-servi expire 11 lines
08-13 16:34:52.087 2569 8326 I iu.FingerprintManager: Start processing all media
08-13 16:34:52.088 2569 8326 I iu.FingerprintManager: Start processing media store URI: content://media/external/images/media
08-13 16:34:52.089 1637 1845 E PhoneInterfaceManager: [PhoneIntfMgr] getIccId: No UICC
08-13 16:34:52.099 1108 2380 I ActivityManager: Start proc 8336:android.process.media/u0a12 for content provider com.android.providers.media/.MediaProvider
08-13 16:34:52.111 1637 1845 I chatty : uid=1001(radio) Binder:1637_3 identical 2 lines
08-13 16:34:52.121 1637 1845 E PhoneInterfaceManager: [PhoneIntfMgr] getIccId: No UICC
08-13 16:34:52.125 8336 8336 I zygote64: The ClassLoaderContext is a special shared library.
08-13 16:34:52.131 1637 1654 E PhoneInterfaceManager: [PhoneIntfMgr] getIccId: No UICC
08-13 16:34:52.131 2197 2197 I zygote64: Deoptimizing android.content.res.Resources bxg.a(bwn) due to JIT inline cache
08-13 16:34:52.132 2197 2197 I zygote64: Deoptimizing void bxg.a(bwn, bxs) due to JIT inline cache
08-13 16:34:52.136 8336 8336 I zygote64: The ClassLoaderContext is a special shared library.
08-13 16:34:52.140 1637 1845 E PhoneInterfaceManager: [PhoneIntfMgr] getIccId: No UICC
08-13 16:34:52.148 1108 1150 E BatteryExternalStatsWorker: no controller energy info supplied for bluetooth
08-13 16:34:52.153 2197 3964 W DynamiteModule: Local module descriptor class for com.google.android.gms.googlecertificates not found.
08-13 16:34:52.177 1108 1119 W BroadcastQueue: Background execution not allowed: receiving Intent { act=android.intent.action.ACTION_POWER_CONNECTED flg=0x4000010 (has extras) } to com.antutu.ABenchMark/com.igexin.sdk.PushReceiver
08-13 16:34:52.179 2197 3964 I DynamiteModule: Considering local module com.google.android.gms.googlecertificates:0 and remote module com.google.android.gms.googlecertificates:4
08-13 16:34:52.179 2197 3964 I DynamiteModule: Selected remote version of com.google.android.gms.googlecertificates, version >= 4
08-13 16:34:52.195 2197 3964 W zygote64: Unsupported class loader
08-13 16:34:52.207 2197 3964 W zygote64: Skipping duplicate class check due to unsupported classloader
08-13 16:34:52.220 2569 8326 I iu.FingerprintManager: Start processing media store URI: content://media/external/video/media
08-13 16:34:52.223 2569 8326 I iu.FingerprintManager: Start processing media store URI: content://media/phoneStorage/images/media
08-13 16:34:52.224 2569 8326 I iu.FingerprintManager: Start processing media store URI: content://media/phoneStorage/video/media
08-13 16:34:52.240 2569 8326 I iu.FingerprintManager: Finished generating fingerprints; 0.153 seconds
08-13 16:34:52.240 2569 8326 I iu.FingerprintManager: numSeen=0 numGenerated=0 numDeleted=0 numFailed=0
08-13 16:34:52.289 1108 1150 E BatteryExternalStatsWorker: no controller energy info supplied for bluetooth
08-13 16:34:52.312 4238 8352 E JavaBinder: !!! FAILED BINDER TRANSACTION !!! (parcel size = 88)
08-13 16:34:52.312 4238 8352 W System.err: android.os.DeadObjectException: Transaction failed on small parcel; remote process probably died
08-13 16:34:52.312 4238 8352 W System.err: at android.os.BinderProxy.transactNative(Native Method)
08-13 16:34:52.312 4238 8352 W System.err: at android.os.BinderProxy.transact(Binder.java:764)
08-13 16:34:52.312 4238 8352 W System.err: at com.android.internal.app.IBatteryStats$Stub$Proxy.getStatistics(IBatteryStats.java:1281)
08-13 16:34:52.312 4238 8352 W System.err: at ddm.iw(Unknown Source:3)
08-13 16:34:52.312 4238 8352 W System.err: at ddm.iv(Unknown Source:42)
08-13 16:34:52.312 4238 8352 W System.err: at ddn.(Unknown Source:55)
08-13 16:34:52.312 4238 8352 W System.err: at dep.a(Unknown Source:7)
08-13 16:34:52.312 4238 8352 W System.err: at com.vzw.hss.myverizon.rdd.analytics.service.RDDAnalyticsPlugINAndBootCompleteService.NI(Unknown Source:16)
08-13 16:34:52.312 4238 8352 W System.err: at com.vzw.hss.myverizon.rdd.analytics.service.RDDAnalyticsPlugINAndBootCompleteService.onHandleIntent(Unknown Source:140)
08-13 16:34:52.312 4238 8352 W System.err: at android.app.IntentService$ServiceHandler.handleMessage(IntentService.java:76)
08-13 16:34:52.312 4238 8352 W System.err: at android.os.Handler.dispatchMessage(Handler.java:106)
08-13 16:34:52.312 4238 8352 W System.err: at android.os.Looper.loop(Looper.java:164)
08-13 16:34:52.312 4238 8352 W System.err: at android.os.HandlerThread.run(HandlerThread.java:65)
08-13 16:34:52.319 2607 2607 W Notification: Use of stream types is deprecated for operations other than volume control
08-13 16:34:52.320 2607 2607 W Notification: See the documentation of setSound() for what to use instead with android.media.AudioAttributes to qualify your playback use case
08-13 16:34:52.321 2607 2607 W tutu.ABenchMark: type=1400 audit(0.0:527): avc: denied { read } for name="stat" dev="proc" ino=4026532079 scontext=u:r:untrusted_app:s0:c512,c768 tcontext=u:object_r:proc_stat:s0 tclass=file permissive=0
08-13 16:34:52.328 2607 2607 W Notification: Use of stream types is deprecated for operations other than volume control
08-13 16:34:52.328 2607 2607 W Notification: See the documentation of setSound() for what to use instead with android.media.AudioAttributes to qualify your playback use case
08-13 16:34:52.361 2197 8285 W Conscrypt: Could not set socket write timeout:
08-13 16:34:52.361 2197 8285 W Conscrypt: java.lang.reflect.Method.invoke(Native Method)
08-13 16:34:52.361 2197 8285 W Conscrypt: com.google.android.gms.org.conscrypt.Platform.setSocketWriteTimeout(:com.google.android.gms@11580948:13)
08-13 16:34:52.382 1108 1449 I chatty : uid=1000(system) Binder:1108_3 expire 3 lines
08-13 16:34:52.383 1637 1637 E QtiImsExtUtils: getConfigForPhoneId phoneId is invalid
08-13 16:34:52.384 1637 1637 E QtiImsExtUtils: isCarrierConfigEnabled bundle is null
08-13 16:34:52.404 2607 2607 W Notification: Use of stream types is deprecated for operations other than volume control
08-13 16:34:52.404 2607 2607 W Notification: See the documentation of setSound() for what to use instead with android.media.AudioAttributes to qualify your playback use case
08-13 16:34:52.516 1443 1443 I Elmyra/ElmyraService: Unblocked; current action: SetupWizardAction
08-13 16:34:53.344 2279 4557 I tnet-jni: 184 - [spdyPingRecvCallback] -
08-13 16:34:53.345 2279 4557 I tnet-jni: 184 - [SpdySessionCallBack.spdyPingRecvCallback] - org.android.spdy.SpdySession@1515d83
08-13 16:34:54.156 1108 1273 I chatty : uid=1000(system) WifiScanningSer expire 2 lines
08-13 16:34:55.074 2383 2383 I zygote64: Deoptimizing int android.support.v7.widget.p.getPosition(android.view.View) due to JIT inline cache
08-13 16:34:56.439 1443 1443 D StatusBar: disable
08-13 16:34:56.525 1443 1443 D StatusBar: disable
08-13 16:34:58.105 838 1075 D fpc_fingerprint_hal: nav_loop FPC_NAV_REQUEST_WAIT_IRQ_HIGH
08-13 16:34:59.864 715 2118 D audio_hw_primary: enable_snd_device: snd_device(2: speaker)
08-13 16:34:59.865 715 2118 D audio_route: Apply path: speaker
08-13 16:34:59.866 715 2118 D ACDB-LOADER: ACDB -> send_audio_cal, acdb_id = 15, path = 0, app id = 0x11130, sample rate = 48000
08-13 16:34:59.866 715 2118 D ACDB-LOADER: ACDB -> ACDB_CMD_GET_AUDPROC_GAIN_DEP_STEP_TABLE, vol index 0
08-13 16:34:59.866 715 2118 D ACDB-LOADER: ACDB -> GET_AFE_TOPOLOGY_ID for adcd_id 15, Topology Id 112fc
08-13 16:34:59.867 715 2118 D : Failed to fetch the lookup information of the device 0000000F
08-13 16:34:59.867 715 2118 D ACDB-LOADER: Error: ACDB AFE returned = -19
08-13 16:34:59.867 715 2118 D audio_hw_primary: enable_audio_route: usecase(1) apply and update mixer path: low-latency-playback speaker
08-13 16:34:59.867 715 2118 D audio_route: Apply path: low-latency-playback speaker
08-13 16:34:59.868 2081 2096 E ANDR-PERF-RESOURCEQS: Failed to apply optimization [2, 0]
08-13 16:34:59.870 1108 1449 I ActivityManager: START u0 {act=android.settings.SYSTEM_UPDATE_SETTINGS pkg=com.google.android.gms cmp=com.google.android.gms/.update.SystemUpdateActivity} from uid 10015
08-13 16:34:59.876 1108 1449 W ActivityManager: startActivity called from non-Activity context; forcing Intent.FLAG_ACTIVITY_NEW_TASK for: Intent { act=android.settings.SYSTEM_UPDATE_SETTINGS pkg=com.google.android.gms cmp=com.google.android.gms/.update.SystemUpdateActivity }
08-13 16:34:59.886 1108 2477 E ActivityManager: applyOptionsLocked: Unknown animationType=0
08-13 16:34:59.897 1108 2477 I ActivityManager: Start proc 8377:com.google.android.gms.ui/u0a15 for activity com.google.android.gms/.update.SystemUpdateActivity
08-13 16:34:59.898 715 2118 D audio_hw_primary: out_write: retry previous failed cal level set
08-13 16:34:59.898 715 2118 W msm8974_platform: platform_send_gain_dep_cal: Usecase list is empty
08-13 16:34:59.918 8377 8377 I zygote64: The ClassLoaderContext is a special shared library.
08-13 16:34:59.918 8377 8377 I chatty : uid=10015 com.google.android.gms.ui identical 1 line
08-13 16:34:59.920 8377 8377 I zygote64: The ClassLoaderContext is a special shared library.
08-13 16:34:59.927 8377 8377 I LoadedApk: No resource references to update in package FFFFFFFFFFFFFFFFFFFFFF
08-13 16:34:59.947 8377 8377 V NativeCrypto: Registering com/google/android/gms/org/conscrypt/NativeCrypto's 259 native methods...
08-13 16:34:59.954 8377 8377 D NetworkSecurityConfig: No Network Security Config specified, using platform default
08-13 16:34:59.955 8377 8377 I ProviderInstaller: Installed default security provider GmsCore_OpenSSL
08-13 16:34:59.979 8377 8394 D libEGL : loaded /vendor/lib64/egl/libEGL_adreno.so
08-13 16:34:59.986 2321 2321 I MicroDetector: Keeping mic open: false
08-13 16:34:59.986 2321 7366 I DeviceStateChecker: DeviceStateChecker cancelled
08-13 16:34:59.987 2321 8174 I AudioController: internalShutdown
08-13 16:34:59.987 2321 2768 I MicroRecognitionRunner: Stopping hotword detection.
08-13 16:34:59.987 2321 8174 I MicrophoneInputStream: mic_close com.google.android.apps.gsa.speech.audio.af@1e5899b
08-13 16:34:59.989 8377 8394 D libEGL : loaded /vendor/lib64/egl/libGLESv1_CM_adreno.so
08-13 16:35:00.002 8377 8394 D libEGL : loaded /vendor/lib64/egl/libGLESv2_adreno.so
08-13 16:35:00.019 715 715 D audio_hw_primary: disable_audio_route: usecase(9) reset and update mixer path: audio-record
08-13 16:35:00.019 715 715 D audio_hw_primary: disable_snd_device: snd_device(75: voice-rec-mic)
08-13 16:35:00.022 715 715 D sound_trigger_platform: platform_stdev_check_and_update_concurrency: concurrency active 0, tx 0, rx 0, concurrency session_allowed 1
08-13 16:35:00.022 8377 8377 I SystemUpdateClient: connecting to ChimeraSystemUpdateService from:onCreate(...)
08-13 16:35:00.025 2321 8173 I MicroRecognitionRunner: Detection finished
08-13 16:35:00.037 8377 8382 I zygote64: Do partial code cache collection, code=30KB, data=18KB
08-13 16:35:00.037 8377 8382 I zygote64: After code cache collection, code=30KB, data=18KB
08-13 16:35:00.037 8377 8382 I zygote64: Increasing code cache capacity to 128KB
08-13 16:35:00.041 8377 8393 I NativeLibraryUtils: Extraction to /data/user_de/0/com.google.android.gms/app_extracted_libs/arm64-v8a/libAppDataSearch.so false
08-13 16:35:00.054 8377 8393 I NativeLibraryUtils: Extraction to /data/user_de/0/com.google.android.gms/app_extracted_libs/arm64-v8a/libWhisper.so false
08-13 16:35:00.056 1108 2477 I chatty : uid=1000(system) Binder:1108_11 expire 9 lines
08-13 16:35:00.059 8377 8377 I SystemUpdateClient: connecting to ChimeraSystemUpdateService from:onStart(...)
08-13 16:35:00.059 8377 8377 I SystemUpdateClient: Already bound to ChimeraSystemUpdateService when connecting from:onStart(...)
08-13 16:35:00.060 8377 8377 W ChimeraUtils: Module com.google.android.gms.phone has empty metadata display_name_string_id
08-13 16:35:00.060 8377 8393 I NativeLibraryUtils: Extraction to /data/user_de/0/com.google.android.gms/app_extracted_libs/arm64-v8a/libconscrypt_gmscore_jni.so false
08-13 16:35:00.067 8377 8393 I NativeLibraryUtils: Extraction to /data/user_de/0/com.google.android.gms/app_extracted_libs/arm64-v8a/libgcastv2_base.so false
08-13 16:35:00.069 2197 8370 I GCoreUlr: Not uploading first location since start (in case we're in restart loop)
08-13 16:35:00.069 8377 8377 W CmaSystemUpdateActivity: Not connected to service; unable to get status.
08-13 16:35:00.069 8377 8377 I SystemUpdateClient: connecting to ChimeraSystemUpdateService from:refreshStatus(...)
08-13 16:35:00.069 8377 8377 I SystemUpdateClient: Already bound to ChimeraSystemUpdateService when connecting from:refreshStatus(...)
08-13 16:35:00.069 8377 8377 W CmaSystemUpdateActivity: Status unavailable and no known last status. Displaying no update.
08-13 16:35:00.069 8377 8402 I SystemUpdateClient: Sending request for getLastCheckinSuccessTime.
08-13 16:35:00.070 8377 8377 I SystemUpdateClient: connecting to ChimeraSystemUpdateService from:onResume(...)
08-13 16:35:00.071 8377 8377 I SystemUpdateClient: Already bound to ChimeraSystemUpdateService when connecting from:onResume(...)
08-13 16:35:00.073 8377 8393 I NativeLibraryUtils: Extraction to /data/user_de/0/com.google.android.gms/app_extracted_libs/arm64-v8a/libgcastv2_support.so false
08-13 16:35:00.074 8377 8403 D OpenGLRenderer: HWUI GL Pipeline
08-13 16:35:00.081 8377 8377 I SystemUpdateClient: Connected to ChimeraSystemUpdateService.
08-13 16:35:00.082 2569 2750 I SystemUpdateServiceImpl: getOtaBeingManagedByPolicy:false
08-13 16:35:00.083 2569 2750 I SystemUpdateServiceImpl: setIsActivityUp:true
08-13 16:35:00.087 8377 8393 I NativeLibraryUtils: Extraction to /data/user_de/0/com.google.android.gms/app_extracted_libs/arm64-v8a/libgmscore.so false
08-13 16:35:00.092 2569 2750 I SystemUpdateServiceImpl: getOtaBeingManagedByPolicy:false
08-13 16:35:00.094 8377 8393 I NativeLibraryUtils: Extraction to /data/user_de/0/com.google.android.gms/app_extracted_libs/arm64-v8a/libgoogle-ocrclient-v3.so false
08-13 16:35:00.099 8377 8393 I NativeLibraryUtils: Extraction to /data/user_de/0/com.google.android.gms/app_extracted_libs/arm64-v8a/libjgcastservice.so false
08-13 16:35:00.101 8377 8403 I Adreno : QUALCOMM build : 594927b, I916dfac403
08-13 16:35:00.101 8377 8403 I Adreno : Build Date : 10/11/17
08-13 16:35:00.101 8377 8403 I Adreno : OpenGL ES Shader Compiler Version: EV031.21.02.00
08-13 16:35:00.101 8377 8403 I Adreno : Local Branch : mybranch28618966
08-13 16:35:00.101 8377 8403 I Adreno : Remote Branch : quic/gfx-adreno.lnx.6.4.9-rel
08-13 16:35:00.101 8377 8403 I Adreno : Remote Branch : NONE
08-13 16:35:00.101 8377 8403 I Adreno : Reconstruct Branch : NOTHING
08-13 16:35:00.103 8377 8403 I Adreno : PFP: 0x005ff087, ME: 0x005ff063
08-13 16:35:00.107 8377 8393 I NativeLibraryUtils: Extraction to /data/user_de/0/com.google.android.gms/app_extracted_libs/arm64-v8a/libleveldbjni.so false
08-13 16:35:00.108 8377 8403 I zygote64: android::hardware::configstore::V1_0::ISurfaceFlingerConfigs::hasWideColorDisplay retrieved: 1
08-13 16:35:00.108 8377 8403 I OpenGLRenderer: Initialized EGL, version 1.4
08-13 16:35:00.108 8377 8403 D OpenGLRenderer: Swap behavior 2
08-13 16:35:00.110 8377 8377 I SystemUpdateClient: Another refreshOnLastCheckinSuccessTime in progress.
08-13 16:35:00.111 8377 8393 I NativeLibraryUtils: Extraction to /data/user_de/0/com.google.android.gms/app_extracted_libs/arm64-v8a/libsslwrapper_jni.so false
08-13 16:35:00.117 8377 8393 I NativeLibraryUtils: Extraction to /data/user_de/0/com.google.android.gms/app_extracted_libs/arm64-v8a/libvcdiffjni.so false
08-13 16:35:00.124 8377 8393 I NativeLibraryUtils: Extraction to /data/user_de/0/com.google.android.gms/app_extracted_libs/arm64-v8a/libwearable-selector.so false
08-13 16:35:00.128 8377 8393 I NativeLibraryUtils: Extraction to /data/user_de/0/com.google.android.gms/app_extracted_libs/armeabi-v7a/libconscrypt_gmscore_jni.so false
08-13 16:35:00.133 2197 3964 W ConfigurationChimeraProvider: Got null configs for com.google.android.gms.update
08-13 16:35:00.134 1108 1154 I chatty : uid=1000(system) android.display expire 1 line
08-13 16:35:00.135 8377 8377 I CmaSystemUpdateActivity: inTransientState: false
08-13 16:35:00.140 8377 8393 I NativeLibraryUtils: Extraction to /data/user_de/0/com.google.android.gms/app_extracted_libs/armeabi-v7a/libgmscore.so false
08-13 16:35:00.196 1443 1443 D StatusBar: disable
08-13 16:35:00.302 1443 1443 D StatusBar: disable
08-13 16:35:00.710 2279 2781 D com.xiaomi.mipushsdk: [Thread:152] JOB: check the ping-pong.1534149290698
08-13 16:35:00.855 1549 1549 I WallpaperService: engine paused
08-13 16:35:00.975 2321 2321 I PBSessionCacheImpl: Deleted sessionId[633816783366] from persistence.
08-13 16:35:01.000 2321 2321 W SearchService: Abort, client detached.
08-13 16:35:02.332 2607 2607 W Notification: Use of stream types is deprecated for operations other than volume control
08-13 16:35:02.332 2607 2607 W Notification: See the documentation of setSound() for what to use instead with android.media.AudioAttributes to qualify your playback use case
08-13 16:35:02.371 2607 2607 W tutu.ABenchMark: type=1400 audit(0.0:528): avc: denied { read } for name="stat" dev="proc" ino=4026532079 scontext=u:r:untrusted_app:s0:c512,c768 tcontext=u:object_r:proc_stat:s0 tclass=file permissive=0
08-13 16:35:02.377 2607 2607 W Notification: Use of stream types is deprecated for operations other than volume control
08-13 16:35:02.377 2607 2607 W Notification: See the documentation of setSound() for what to use instead with android.media.AudioAttributes to qualify your playback use case
08-13 16:35:02.728 1108 1238 I ActivityManager: START u0 {act=android.intent.action.MAIN cat=[android.intent.category.HOME] flg=0x10200000 cmp=com.google.android.apps.nexuslauncher/.NexusLauncherActivity (has extras)} from uid 1000
08-13 16:35:02.744 2569 2750 I SystemUpdateServiceImpl: setIsActivityUp:false
08-13 16:35:02.756 2569 2750 W Notification: Use of stream types is deprecated for operations other than volume control
08-13 16:35:02.756 2569 2750 W Notification: See the documentation of setSound() for what to use instead with android.media.AudioAttributes to qualify your playback use case
08-13 16:35:02.759 8377 8377 I SystemUpdateClient: Cancelling RefreshTask.
08-13 16:35:02.762 598 598 D SurfaceFlinger: duplicate layer name: changing com.google.android.apps.nexuslauncher/com.google.android.apps.nexuslauncher.NexusLauncherActivity to com.google.android.apps.nexuslauncher/com.google.android.apps.nexuslauncher.NexusLauncherActivity#1
08-13 16:35:02.782 1549 1549 I WallpaperService: engine resumed
08-13 16:35:02.790 744 793 I chatty : uid=1000(system) /vendor/bin/sensors.qcom expire 10 lines
08-13 16:35:02.819 2321 2321 W SessionLifecycleManager: Handover failed. Creating new session controller.
08-13 16:35:02.827 2321 2321 I OptInState: There is a new client and it does not support opt-in. Dropping request.
08-13 16:35:02.843 1108 1665 I chatty : uid=1000(system) Binder:1108_7 expire 3 lines
08-13 16:35:02.843 2321 8181 W Settings: Setting mobile_data has moved from android.provider.Settings.Secure to android.provider.Settings.Global.
08-13 16:35:02.849 2321 8293 W LocationOracle: No location history returned by ContextManager
08-13 16:35:02.866 2321 2321 I MicroDetectionWorker: #updateMicroDetector [detectionMode: [mDetectionMode: [1]]]
08-13 16:35:02.866 2321 2321 I MicroDetectionWorker: #startMicroDetector [speakerMode: 0]
08-13 16:35:02.871 2321 8292 I MicroRecognitionRunner: Starting detection.
08-13 16:35:02.872 2321 8175 I MicrophoneInputStream: mic_starting com.google.android.apps.gsa.speech.audio.af@65197f7
08-13 16:35:02.876 715 715 W DeviceHAL: Device 0xecb36000 open_input_stream: Invalid argument
08-13 16:35:02.876 2197 8370 I TrustAgent: [VoiceUnlockTrustletChimeraService] #isSupported true
08-13 16:35:02.879 804 8418 I AudioFlinger: AudioFlinger's thread 0xeb5032c0 tid=8418 ready to run
08-13 16:35:02.885 2321 8175 I MicrophoneInputStream: mic_started com.google.android.apps.gsa.speech.audio.af@65197f7
08-13 16:35:02.886 2321 2321 I MicroDetectionWorker: onReady
08-13 16:35:02.886 2081 2096 E ANDR-PERF-RESOURCEQS: Failed to apply optimization [2, 0]
08-13 16:35:02.886 715 8420 D sound_trigger_platform: platform_stdev_check_and_update_concurrency: concurrency active 0, tx 1, rx 0, concurrency session_allowed 0
08-13 16:35:02.886 715 8420 D audio_hw_primary: enable_snd_device: snd_device(75: voice-rec-mic)
08-13 16:35:02.886 715 8420 D audio_route: Apply path: voice-rec-mic
08-13 16:35:02.891 715 8420 D ACDB-LOADER: ACDB -> send_audio_cal, acdb_id = 41, path = 1, app id = 0x11132, sample rate = 48000
08-13 16:35:02.891 715 8420 D ACDB-LOADER: ACDB -> ACDB_CMD_GET_AUDPROC_GAIN_DEP_STEP_TABLE, vol index 0
08-13 16:35:02.891 715 8420 D : Failed to fetch the lookup information of the device 00000029
08-13 16:35:02.891 715 8420 E ACDB-LOADER: Error: ACDB AudProc vol returned = -19
08-13 16:35:02.891 715 8420 D ACDB-LOADER: ACDB -> GET_AFE_TOPOLOGY_ID for adcd_id 41, Topology Id 112fb
08-13 16:35:02.891 715 8420 D : Failed to fetch the lookup information of the device 00000029
08-13 16:35:02.891 715 8420 D ACDB-LOADER: Error: ACDB AFE returned = -19
08-13 16:35:02.891 715 8420 D audio_hw_primary: enable_audio_route: usecase(9) apply and update mixer path: audio-record
08-13 16:35:02.891 715 8420 D audio_route: Apply path: audio-record
08-13 16:35:02.908 2321 8421 W LocationOracle: No location history returned by ContextManager
08-13 16:35:02.961 2321 2321 I MicroDetectionWorker: onReady
08-13 16:35:03.284 2383 2547 W OpenGLRenderer: Incorrectly called buildLayer on View: ShortcutAndWidgetContainer, destroying layer...
08-13 16:35:03.284 2383 2547 W OpenGLRenderer: Incorrectly called buildLayer on View: ShortcutAndWidgetContainer, destroying layer...
08-13 16:35:04.213 1443 1443 D StatusBar: disable
08-13 16:35:04.261 2321 8182 E GmsContextObserver: Failed to register context manager listener: Status{statusCode=TIMEOUT, resolution=null}
08-13 16:35:04.302 1443 1443 D StatusBar: disable
08-13 16:35:05.786 715 1174 D audio_hw_primary: disable_audio_route: usecase(1) reset and update mixer path: low-latency-playback speaker
08-13 16:35:05.786 715 1174 D audio_hw_primary: disable_snd_device: snd_device(2: speaker)
08-13 16:35:06.679 2569 3041 I CastDatabase: Saving the database
08-13 16:35:06.680 2569 3041 I SQLiteCastStore: Saving 0 CastNetworkInfo instances, 0 CastDeviceInfo instances, 0 paired guest mode devices.
08-13 16:35:06.691 2569 3041 E SQLiteCastStore: End saving paired guest mode devices
08-13 16:35:07.884 2321 8295 W Search.LoginHelper: TimeoutException while waiting for token.
08-13 16:35:07.884 2321 8295 W Search.LoginHelper: java.util.concurrent.TimeoutException: Waited 5000 milliseconds for com.google.common.util.concurrent.r@e3445e1[status=PENDING, info=[inputFuture=[TaskRunnerFutureTask[y[Get token with recovery intent]]], function=[com.google.android.apps.gsa.search.core.google.gaia.x@6927f06]]]
08-13 16:35:07.884 2321 8295 W Search.LoginHelper: at com.google.common.util.concurrent.d.get(SourceFile:57)
08-13 16:35:07.884 2321 8295 W Search.LoginHelper: at com.google.common.util.concurrent.l.get(SourceFile:2)
08-13 16:35:07.884 2321 8295 W Search.LoginHelper: at com.google.android.apps.gsa.search.core.google.gaia.LoginHelper.a(SourceFile:252)
08-13 16:35:07.884 2321 8295 W Search.LoginHelper: at com.google.android.apps.gsa.search.core.google.gaia.LoginHelper.a(SourceFile:215)
08-13 16:35:07.884 2321 8295 W Search.LoginHelper: at com.google.android.apps.gsa.staticplugins.bo.ba.b(SourceFile:159)
08-13 16:35:07.884 2321 8295 W Search.LoginHelper: at com.google.android.apps.gsa.search.core.NowOptInSettings.B(SourceFile:424)
08-13 16:35:07.884 2321 8295 W Search.LoginHelper: at com.google.android.apps.gsa.search.core.bb.run(SourceFile:3)
08-13 16:35:07.884 2321 8295 W Search.LoginHelper: at java.util.concurrent.Executors$RunnableAdapter.call(Executors.java:457)
08-13 16:35:07.884 2321 8295 W Search.LoginHelper: at java.util.concurrent.FutureTask.run(FutureTask.java:266)
08-13 16:35:07.884 2321 8295 W Search.LoginHelper: at java.util.concurrent.Executors$RunnableAdapter.call(Executors.java:457)
08-13 16:35:07.884 2321 8295 W Search.LoginHelper: at java.util.concurrent.FutureTask.run(FutureTask.java:266)
08-13 16:35:07.884 2321 8295 W Search.LoginHelper: at com.google.android.apps.gsa.shared.util.concurrent.a.ag.run(Unknown Source:4)
08-13 16:35:07.884 2321 8295 W Search.LoginHelper: at com.google.android.apps.gsa.shared.util.concurrent.a.bo.run(SourceFile:4)
08-13 16:35:07.884 2321 8295 W Search.LoginHelper: at com.google.android.apps.gsa.shared.util.concurrent.a.bo.run(SourceFile:4)
08-13 16:35:07.884 2321 8295 W Search.LoginHelper: at java.util.concurrent.ThreadPoolExecutor.runWorker(ThreadPoolExecutor.java:1162)
08-13 16:35:07.884 2321 8295 W Search.LoginHelper: at java.util.concurrent.ThreadPoolExecutor$Worker.run(ThreadPoolExecutor.java:636)
08-13 16:35:07.884 2321 8295 W Search.LoginHelper: at java.lang.Thread.run(Thread.java:764)
08-13 16:35:07.884 2321 8295 W Search.LoginHelper: at com.google.android.apps.gsa.shared.util.concurrent.a.ak.run(SourceFile:6)
08-13 16:35:07.886 2321 8295 W Search.LoginHelper: [Trace]
08-13 16:35:07.886 2321 8295 W Search.LoginHelper: LoginHelper: get token: 5003+
08-13 16:35:07.886 2321 8295 W Search.LoginHelper: CachingGoogleAuthAdapter: access token cache: 0
08-13 16:35:07.886 2321 8295 W Search.LoginHelper: CachingGoogleAuthAdapter: get token from wrapped adapter: 5002+
08-13 16:35:07.886 2321 8295 W Search.LoginHelper: FallingBackGoogleAuthAdapter: try chosen adapter: 5002+
08-13 16:35:07.886 2321 8295 W Search.LoginHelper: AccountManagerGoogleAuthAdapter: get token: 5002+
08-13 16:35:07.887 2321 8295 E VelvetNetworkClient: Failed to get auth token
08-13 16:35:07.888 2321 7359 W Search.LoginHelper: IO exception for scope: oauth2:https://www.googleapis.com/auth/googlenow
08-13 16:35:07.888 2321 7359 W Search.LoginHelper: java.io.IOException: android.accounts.OperationCanceledException
08-13 16:35:07.888 2321 7359 W Search.LoginHelper: at com.google.android.apps.gsa.search.core.google.gaia.d.b(SourceFile:30)
08-13 16:35:07.888 2321 7359 W Search.LoginHelper: at com.google.android.apps.gsa.search.core.google.gaia.k.b(SourceFile:49)
08-13 16:35:07.888 2321 7359 W Search.LoginHelper: at com.google.android.apps.gsa.search.core.google.gaia.h.a(SourceFile:23)
08-13 16:35:07.888 2321 7359 W Search.LoginHelper: at com.google.android.apps.gsa.search.core.google.gaia.h.b(SourceFile:8)
08-13 16:35:07.888 2321 7359 W Search.LoginHelper: at com.google.android.apps.gsa.search.core.google.gaia.LoginHelper.b(SourceFile:278)
08-13 16:35:07.888 2321 7359 W Search.LoginHelper: at com.google.android.apps.gsa.search.core.google.gaia.y.call(SourceFile:3)
08-13 16:35:07.888 2321 7359 W Search.LoginHelper: at java.util.concurrent.FutureTask.run(FutureTask.java:266)
08-13 16:35:07.888 2321 7359 W Search.LoginHelper: at java.util.concurrent.Executors$RunnableAdapter.call(Executors.java:457)
08-13 16:35:07.888 2321 7359 W Search.LoginHelper: at java.util.concurrent.FutureTask.run(FutureTask.java:266)
08-13 16:35:07.888 2321 7359 W Search.LoginHelper: at com.google.android.apps.gsa.shared.util.concurrent.a.ag.run(Unknown Source:4)
08-13 16:35:07.888 2321 7359 W Search.LoginHelper: at com.google.android.apps.gsa.shared.util.concurrent.a.bo.run(SourceFile:4)
08-13 16:35:07.888 2321 7359 W Search.LoginHelper: at com.google.android.apps.gsa.shared.util.concurrent.a.bo.run(SourceFile:4)
08-13 16:35:07.888 2321 7359 W Search.LoginHelper: at java.util.concurrent.ThreadPoolExecutor.runWorker(ThreadPoolExecutor.java:1162)
08-13 16:35:07.888 2321 7359 W Search.LoginHelper: at java.util.concurrent.ThreadPoolExecutor$Worker.run(ThreadPoolExecutor.java:636)
08-13 16:35:07.888 2321 7359 W Search.LoginHelper: at java.lang.Thread.run(Thread.java:764)
08-13 16:35:07.888 2321 7359 W Search.LoginHelper: at com.google.android.apps.gsa.shared.util.concurrent.a.ak.run(SourceFile:6)
08-13 16:35:07.888 2321 7359 W Search.LoginHelper: Caused by: android.accounts.OperationCanceledException
08-13 16:35:07.888 2321 7359 W Search.LoginHelper: at android.accounts.AccountManager$AmsTask.internalGetResult(AccountManager.java:2298)
08-13 16:35:07.888 2321 7359 W Search.LoginHelper: at android.accounts.AccountManager$AmsTask.getResult(AccountManager.java:2304)
08-13 16:35:07.888 2321 7359 W Search.LoginHelper: at android.accounts.AccountManager$AmsTask.getResult(AccountManager.java:2301)
08-13 16:35:07.888 2321 7359 W Search.LoginHelper: at android.accounts.AccountManager.blockingGetAuthToken(AccountManager.java:1498)
08-13 16:35:07.888 2321 7359 W Search.LoginHelper: at com.google.android.apps.gsa.search.core.google.gaia.d.b(SourceFile:26)
08-13 16:35:07.888 2321 7359 W Search.LoginHelper: ... 15 more
08-13 16:35:07.983 2321 8293 W Search.LoginHelper: TimeoutException while waiting for token.
08-13 16:35:07.983 2321 8293 W Search.LoginHelper: java.util.concurrent.TimeoutException: Waited 5000 milliseconds for com.google.common.util.concurrent.r@c3861c0[status=PENDING, info=[inputFuture=[TaskRunnerFutureTask[y[Get token with recovery intent]]], function=[com.google.android.apps.gsa.search.core.google.gaia.x@c4a4ef9]]]
08-13 16:35:07.983 2321 8293 W Search.LoginHelper: at com.google.common.util.concurrent.d.get(SourceFile:57)
08-13 16:35:07.983 2321 8293 W Search.LoginHelper: at com.google.common.util.concurrent.l.get(SourceFile:2)
08-13 16:35:07.983 2321 8293 W Search.LoginHelper: at com.google.android.apps.gsa.search.core.google.gaia.LoginHelper.a(SourceFile:252)
08-13 16:35:07.983 2321 8293 W Search.LoginHelper: at com.google.android.apps.gsa.search.core.google.gaia.LoginHelper.a(SourceFile:215)
08-13 16:35:07.983 2321 8293 W Search.LoginHelper: at com.google.android.apps.gsa.staticplugins.bo.ba.b(SourceFile:159)
08-13 16:35:07.983 2321 8293 W Search.LoginHelper: at com.google.android.apps.gsa.staticplugins.bo.j.s.a(SourceFile:193)
08-13 16:35:07.983 2321 8293 W Search.LoginHelper: at com.google.android.apps.gsa.staticplugins.bo.j.s.a(SourceFile:101)
08-13 16:35:07.983 2321 8293 W Search.LoginHelper: at com.google.android.apps.gsa.staticplugins.bo.j.s.Ma(SourceFile:52)
08-13 16:35:07.983 2321 8293 W Search.LoginHelper: at com.google.android.apps.gsa.staticplugins.bo.j.bc.perform(SourceFile:12)
08-13 16:35:07.983 2321 8293 W Search.LoginHelper: at com.google.android.apps.gsa.tasks.e.QT(SourceFile:23)
08-13 16:35:07.983 2321 8293 W Search.LoginHelper: at com.google.android.apps.gsa.tasks.e.call(SourceFile:60)
08-13 16:35:07.983 2321 8293 W Search.LoginHelper: at java.util.concurrent.FutureTask.run(FutureTask.java:266)
08-13 16:35:07.983 2321 8293 W Search.LoginHelper: at java.util.concurrent.Executors$RunnableAdapter.call(Executors.java:457)
08-13 16:35:07.983 2321 8293 W Search.LoginHelper: at java.util.concurrent.FutureTask.run(FutureTask.java:266)
08-13 16:35:07.983 2321 8293 W Search.LoginHelper: at com.google.android.apps.gsa.shared.util.concurrent.a.ag.run(Unknown Source:4)
08-13 16:35:07.983 2321 8293 W Search.LoginHelper: at com.google.android.apps.gsa.shared.util.concurrent.a.bo.run(SourceFile:4)
08-13 16:35:07.983 2321 8293 W Search.LoginHelper: at com.google.android.apps.gsa.shared.util.concurrent.a.bo.run(SourceFile:4)
08-13 16:35:07.983 2321 8293 W Search.LoginHelper: at java.util.concurrent.ThreadPoolExecutor.runWorker(ThreadPoolExecutor.java:1162)
08-13 16:35:07.983 2321 8293 W Search.LoginHelper: at java.util.concurrent.ThreadPoolExecutor$Worker.run(ThreadPoolExecutor.java:636)
08-13 16:35:07.983 2321 8293 W Search.LoginHelper: at java.lang.Thread.run(Thread.java:764)
08-13 16:35:07.983 2321 8293 W Search.LoginHelper: at com.google.android.apps.gsa.shared.util.concurrent.a.ak.run(SourceFile:6)
08-13 16:35:07.984 2321 8293 W Search.LoginHelper: [Trace]
08-13 16:35:07.984 2321 8293 W Search.LoginHelper: LoginHelper: get token: 5042+
08-13 16:35:07.984 2321 8293 W Search.LoginHelper: CachingGoogleAuthAdapter: access token cache: 0
08-13 16:35:07.984 2321 8293 W Search.LoginHelper: CachingGoogleAuthAdapter: get token from wrapped adapter: 5042+
08-13 16:35:07.984 2321 8293 W Search.LoginHelper: FallingBackGoogleAuthAdapter: try chosen adapter: 5042+
08-13 16:35:07.984 2321 8293 W Search.LoginHelper: AccountManagerGoogleAuthAdapter: get token: 5042+
08-13 16:35:07.984 2321 8293 E VelvetNetworkClient: Failed to get auth token
08-13 16:35:07.986 2321 8181 W Search.LoginHelper: IO exception for scope: oauth2:https://www.googleapis.com/auth/googlenow
08-13 16:35:07.986 2321 8181 W Search.LoginHelper: java.io.IOException: android.accounts.OperationCanceledException
08-13 16:35:07.986 2321 8181 W Search.LoginHelper: at com.google.android.apps.gsa.search.core.google.gaia.d.b(SourceFile:30)
08-13 16:35:07.986 2321 8181 W Search.LoginHelper: at com.google.android.apps.gsa.search.core.google.gaia.k.b(SourceFile:49)
08-13 16:35:07.986 2321 8181 W Search.LoginHelper: at com.google.android.apps.gsa.search.core.google.gaia.h.a(SourceFile:23)
08-13 16:35:07.986 2321 8181 W Search.LoginHelper: at com.google.android.apps.gsa.search.core.google.gaia.h.b(SourceFile:8)
08-13 16:35:07.986 2321 8181 W Search.LoginHelper: at com.google.android.apps.gsa.search.core.google.gaia.LoginHelper.b(SourceFile:278)
08-13 16:35:07.986 2321 8181 W Search.LoginHelper: at com.google.android.apps.gsa.search.core.google.gaia.y.call(SourceFile:3)
08-13 16:35:07.986 2321 8181 W Search.LoginHelper: at java.util.concurrent.FutureTask.run(FutureTask.java:266)
08-13 16:35:07.986 2321 8181 W Search.LoginHelper: at java.util.concurrent.Executors$RunnableAdapter.call(Executors.java:457)
08-13 16:35:07.986 2321 8181 W Search.LoginHelper: at java.util.concurrent.FutureTask.run(FutureTask.java:266)
08-13 16:35:07.986 2321 8181 W Search.LoginHelper: at com.google.android.apps.gsa.shared.util.concurrent.a.ag.run(Unknown Source:4)
08-13 16:35:07.986 2321 8181 W Search.LoginHelper: at com.google.android.apps.gsa.shared.util.concurrent.a.bo.run(SourceFile:4)
08-13 16:35:07.986 2321 8181 W Search.LoginHelper: at com.google.android.apps.gsa.shared.util.concurrent.a.bo.run(SourceFile:4)
08-13 16:35:07.986 2321 8181 W Search.LoginHelper: at java.util.concurrent.ThreadPoolExecutor.runWorker(ThreadPoolExecutor.java:1162)
08-13 16:35:07.986 2321 8181 W Search.LoginHelper: at java.util.concurrent.ThreadPoolExecutor$Worker.run(ThreadPoolExecutor.java:636)
08-13 16:35:07.986 2321 8181 W Search.LoginHelper: at java.lang.Thread.run(Thread.java:764)
08-13 16:35:07.986 2321 8181 W Search.LoginHelper: at com.google.android.apps.gsa.shared.util.concurrent.a.ak.run(SourceFile:6)
08-13 16:35:07.986 2321 8181 W Search.LoginHelper: Caused by: android.accounts.OperationCanceledException
08-13 16:35:07.986 2321 8181 W Search.LoginHelper: at android.accounts.AccountManager$AmsTask.internalGetResult(AccountManager.java:2298)
08-13 16:35:07.986 2321 8181 W Search.LoginHelper: at android.accounts.AccountManager$AmsTask.getResult(AccountManager.java:2304)
08-13 16:35:07.986 2321 8181 W Search.LoginHelper: at android.accounts.AccountManager$AmsTask.getResult(AccountManager.java:2301)
08-13 16:35:07.986 2321 8181 W Search.LoginHelper: at android.accounts.AccountManager.blockingGetAuthToken(AccountManager.java:1498)
08-13 16:35:07.986 2321 8181 W Search.LoginHelper: at com.google.android.apps.gsa.search.core.google.gaia.d.b(SourceFile:26)
08-13 16:35:07.986 2321 8181 W Search.LoginHelper: ... 15 more
08-13 16:35:07.998 2321 8293 E RequestManagerImpl: Server error
08-13 16:35:08.001 2321 8289 E NowController: Failed to access data from EntryProvider. ExecutionException.
08-13 16:35:08.001 2321 8289 E NowController: java.util.concurrent.ExecutionException: java.lang.RuntimeException: Could not complete scheduled request to refresh entries. ClientErrorCode: 1
08-13 16:35:08.001 2321 8289 E NowController: at com.google.common.util.concurrent.d.da(SourceFile:85)
08-13 16:35:08.001 2321 8289 E NowController: at com.google.common.util.concurrent.d.get(SourceFile:37)
08-13 16:35:08.001 2321 8289 E NowController: at com.google.common.util.concurrent.l.get(SourceFile:2)
08-13 16:35:08.001 2321 8289 E NowController: at com.google.android.apps.gsa.staticplugins.nowstream.b.a.af.aGC(SourceFile:21)
08-13 16:35:08.001 2321 8289 E NowController: at com.google.android.apps.gsa.staticplugins.nowstream.b.a.af.doInBackground(SourceFile:153)
08-13 16:35:08.001 2321 8289 E NowController: at com.google.android.apps.gsa.shared.util.concurrent.d.call(SourceFile:2)
08-13 16:35:08.001 2321 8289 E NowController: at java.util.concurrent.FutureTask.run(FutureTask.java:266)
08-13 16:35:08.001 2321 8289 E NowController: at java.util.concurrent.Executors$RunnableAdapter.call(Executors.java:457)
08-13 16:35:08.001 2321 8289 E NowController: at java.util.concurrent.FutureTask.run(FutureTask.java:266)
08-13 16:35:08.001 2321 8289 E NowController: at com.google.android.apps.gsa.shared.util.concurrent.a.ag.run(Unknown Source:4)
08-13 16:35:08.001 2321 8289 E NowController: at com.google.android.apps.gsa.shared.util.concurrent.a.bo.run(SourceFile:4)
08-13 16:35:08.001 2321 8289 E NowController: at com.google.android.apps.gsa.shared.util.concurrent.a.bo.run(SourceFile:4)
08-13 16:35:08.001 2321 8289 E NowController: at java.util.concurrent.ThreadPoolExecutor.runWorker(ThreadPoolExecutor.java:1162)
08-13 16:35:08.001 2321 8289 E NowController: at java.util.concurrent.ThreadPoolExecutor$Worker.run(ThreadPoolExecutor.java:636)
08-13 16:35:08.001 2321 8289 E NowController: at java.lang.Thread.run(Thread.java:764)
08-13 16:35:08.001 2321 8289 E NowController: at com.google.android.apps.gsa.shared.util.concurrent.a.ak.run(SourceFile:6)
08-13 16:35:08.001 2321 8289 E NowController: Caused by: java.lang.RuntimeException: Could not complete scheduled request to refresh entries. ClientErrorCode: 1
08-13 16:35:08.001 2321 8289 E NowController: at com.google.android.apps.gsa.sidekick.main.i.u.ak(SourceFile:6)
08-13 16:35:08.001 2321 8289 E NowController: at com.google.common.util.concurrent.q.P(SourceFile:7)
08-13 16:35:08.001 2321 8289 E NowController: at com.google.common.util.concurrent.p.run(SourceFile:37)
08-13 16:35:08.001 2321 8289 E NowController: at com.google.common.util.concurrent.br.execute(SourceFile:3)
08-13 16:35:08.001 2321 8289 E NowController: at com.google.common.util.concurrent.d.a(SourceFile:264)
08-13 16:35:08.001 2321 8289 E NowController: at com.google.common.util.concurrent.d.a(SourceFile:220)
08-13 16:35:08.001 2321 8289 E NowController: at com.google.common.util.concurrent.d.set(SourceFile:138)
08-13 16:35:08.001 2321 8289 E NowController: at com.google.common.util.concurrent.SettableFuture.set(SourceFile:2)
08-13 16:35:08.001 2321 8289 E NowController: at com.google.android.apps.gsa.staticplugins.bo.j.h.cx(SourceFile:3)
08-13 16:35:08.001 2321 8289 E NowController: at com.google.android.apps.gsa.staticplugins.bo.j.aw.sX(SourceFile:39)
08-13 16:35:08.001 2321 8289 E NowController: at com.google.android.apps.gsa.staticplugins.bo.j.p.sW(SourceFile:5)
08-13 16:35:08.001 2321 8289 E NowController: at com.google.android.apps.gsa.staticplugins.bo.j.s.a(SourceFile:103)
08-13 16:35:08.001 2321 8289 E NowController: at com.google.android.apps.gsa.staticplugins.bo.j.s.Ma(SourceFile:52)
08-13 16:35:08.001 2321 8289 E NowController: at com.google.android.apps.gsa.staticplugins.bo.j.bc.perform(SourceFile:12)
08-13 16:35:08.001 2321 8289 E NowController: at com.google.android.apps.gsa.tasks.e.QT(SourceFile:23)
08-13 16:35:08.001 2321 8289 E NowController: at com.google.android.apps.gsa.tasks.e.call(SourceFile:60)
08-13 16:35:08.001 2321 8289 E NowController: ... 10 more
08-13 16:35:08.056 2321 2328 I zygote64: Do partial code cache collection, code=504KB, data=344KB
08-13 16:35:08.056 2321 2328 I zygote64: After code cache collection, code=483KB, data=333KB
08-13 16:35:08.057 2321 2328 I zygote64: Increasing code cache capacity to 2MB
08-13 16:35:08.609 2197 8307 E LockboxBrokerService: Could not query UDC's getDeviceDataUploadOptInStatus; 15 null
08-13 16:35:08.613 2197 2938 W UdcContextManagerHelper: Failure reading udc context: 15
08-13 16:35:08.613 2197 2938 W UdcContextManagerHelper: Empty context buffer. Thus might mean that the context is not synced down.
08-13 16:35:08.615 2197 2938 W UploadOptInStatusOp: Empty context model while retrieving upload opt-in status!
08-13 16:35:12.385 2607 2607 W Notification: Use of stream types is deprecated for operations other than volume control
08-13 16:35:12.386 2607 2607 W Notification: See the documentation of setSound() for what to use instead with android.media.AudioAttributes to qualify your playback use case
08-13 16:35:12.411 2607 2607 W tutu.ABenchMark: type=1400 audit(0.0:529): avc: denied { read } for name="stat" dev="proc" ino=4026532079 scontext=u:r:untrusted_app:s0:c512,c768 tcontext=u:object_r:proc_stat:s0 tclass=file permissive=0
08-13 16:35:12.418 2607 2607 W Notification: Use of stream types is deprecated for operations other than volume control
08-13 16:35:12.419 2607 2607 W Notification: See the documentation of setSound() for what to use instead with android.media.AudioAttributes to qualify your playback use case
08-13 16:35:13.050 2321 8289 W Search.LoginHelper: TimeoutException while waiting for token.
08-13 16:35:13.050 2321 8289 W Search.LoginHelper: java.util.concurrent.TimeoutException: Waited 5000 milliseconds for com.google.common.util.concurrent.r@4216ff2[status=PENDING, info=[inputFuture=[TaskRunnerFutureTask[y[Get token with recovery intent]]], function=[com.google.android.apps.gsa.search.core.google.gaia.x@9849643]]]
08-13 16:35:13.050 2321 8289 W Search.LoginHelper: at com.google.common.util.concurrent.d.get(SourceFile:57)
08-13 16:35:13.050 2321 8289 W Search.LoginHelper: at com.google.common.util.concurrent.l.get(SourceFile:2)
08-13 16:35:13.050 2321 8289 W Search.LoginHelper: at com.google.android.apps.gsa.search.core.google.gaia.LoginHelper.a(SourceFile:252)
08-13 16:35:13.050 2321 8289 W Search.LoginHelper: at com.google.android.apps.gsa.search.core.google.gaia.LoginHelper.a(SourceFile:215)
08-13 16:35:13.050 2321 8289 W Search.LoginHelper: at com.google.android.apps.gsa.staticplugins.bo.ba.b(SourceFile:159)
08-13 16:35:13.050 2321 8289 W Search.LoginHelper: at com.google.android.apps.gsa.search.core.NowOptInSettings.B(SourceFile:424)
08-13 16:35:13.050 2321 8289 W Search.LoginHelper: at com.google.android.apps.gsa.search.core.bb.run(SourceFile:3)
08-13 16:35:13.050 2321 8289 W Search.LoginHelper: at java.util.concurrent.Executors$RunnableAdapter.call(Executors.java:457)
08-13 16:35:13.050 2321 8289 W Search.LoginHelper: at java.util.concurrent.FutureTask.run(FutureTask.java:266)
08-13 16:35:13.050 2321 8289 W Search.LoginHelper: at java.util.concurrent.Executors$RunnableAdapter.call(Executors.java:457)
08-13 16:35:13.050 2321 8289 W Search.LoginHelper: at java.util.concurrent.FutureTask.run(FutureTask.java:266)
08-13 16:35:13.050 2321 8289 W Search.LoginHelper: at com.google.android.apps.gsa.shared.util.concurrent.a.ag.run(Unknown Source:4)
08-13 16:35:13.050 2321 8289 W Search.LoginHelper: at com.google.android.apps.gsa.shared.util.concurrent.a.bo.run(SourceFile:4)
08-13 16:35:13.050 2321 8289 W Search.LoginHelper: at com.google.android.apps.gsa.shared.util.concurrent.a.bo.run(SourceFile:4)
08-13 16:35:13.050 2321 8289 W Search.LoginHelper: at java.util.concurrent.ThreadPoolExecutor.runWorker(ThreadPoolExecutor.java:1162)
08-13 16:35:13.050 2321 8289 W Search.LoginHelper: at java.util.concurrent.ThreadPoolExecutor$Worker.run(ThreadPoolExecutor.java:636)
08-13 16:35:13.050 2321 8289 W Search.LoginHelper: at java.lang.Thread.run(Thread.java:764)
08-13 16:35:13.050 2321 8289 W Search.LoginHelper: at com.google.android.apps.gsa.shared.util.concurrent.a.ak.run(SourceFile:6)
08-13 16:35:13.052 2321 8289 W Search.LoginHelper: [Trace]
08-13 16:35:13.052 2321 8289 W Search.LoginHelper: LoginHelper: get token: 5003+
08-13 16:35:13.052 2321 8289 W Search.LoginHelper: CachingGoogleAuthAdapter: access token cache: 0
08-13 16:35:13.052 2321 8289 W Search.LoginHelper: CachingGoogleAuthAdapter: get token from wrapped adapter: 5003+
08-13 16:35:13.052 2321 8289 W Search.LoginHelper: FallingBackGoogleAuthAdapter: try chosen adapter: 5002+
08-13 16:35:13.052 2321 8289 W Search.LoginHelper: AccountManagerGoogleAuthAdapter: get token: 5002+
08-13 16:35:13.052 2321 8289 E VelvetNetworkClient: Failed to get auth token
08-13 16:35:13.054 2321 8296 W Search.LoginHelper: IO exception for scope: oauth2:https://www.googleapis.com/auth/googlenow
08-13 16:35:13.054 2321 8296 W Search.LoginHelper: java.io.IOException: android.accounts.OperationCanceledException
08-13 16:35:13.054 2321 8296 W Search.LoginHelper: at com.google.android.apps.gsa.search.core.google.gaia.d.b(SourceFile:30)
08-13 16:35:13.054 2321 8296 W Search.LoginHelper: at com.google.android.apps.gsa.search.core.google.gaia.k.b(SourceFile:49)
08-13 16:35:13.054 2321 8296 W Search.LoginHelper: at com.google.android.apps.gsa.search.core.google.gaia.h.a(SourceFile:23)
08-13 16:35:13.054 2321 8296 W Search.LoginHelper: at com.google.android.apps.gsa.search.core.google.gaia.h.b(SourceFile:8)
08-13 16:35:13.054 2321 8296 W Search.LoginHelper: at com.google.android.apps.gsa.search.core.google.gaia.LoginHelper.b(SourceFile:278)
08-13 16:35:13.054 2321 8296 W Search.LoginHelper: at com.google.android.apps.gsa.search.core.google.gaia.y.call(SourceFile:3)
08-13 16:35:13.054 2321 8296 W Search.LoginHelper: at java.util.concurrent.FutureTask.run(FutureTask.java:266)
08-13 16:35:13.054 2321 8296 W Search.LoginHelper: at java.util.concurrent.Executors$RunnableAdapter.call(Executors.java:457)
08-13 16:35:13.054 2321 8296 W Search.LoginHelper: at java.util.concurrent.FutureTask.run(FutureTask.java:266)
08-13 16:35:13.054 2321 8296 W Search.LoginHelper: at com.google.android.apps.gsa.shared.util.concurrent.a.ag.run(Unknown Source:4)
08-13 16:35:13.054 2321 8296 W Search.LoginHelper: at com.google.android.apps.gsa.shared.util.concurrent.a.bo.run(SourceFile:4)
08-13 16:35:13.054 2321 8296 W Search.LoginHelper: at com.google.android.apps.gsa.shared.util.concurrent.a.bo.run(SourceFile:4)
08-13 16:35:13.054 2321 8296 W Search.LoginHelper: at java.util.concurrent.ThreadPoolExecutor.runWorker(ThreadPoolExecutor.java:1162)
08-13 16:35:13.054 2321 8296 W Search.LoginHelper: at java.util.concurrent.ThreadPoolExecutor$Worker.run(ThreadPoolExecutor.java:636)
08-13 16:35:13.054 2321 8296 W Search.LoginHelper: at java.lang.Thread.run(Thread.java:764)
08-13 16:35:13.054 2321 8296 W Search.LoginHelper: at com.google.android.apps.gsa.shared.util.concurrent.a.ak.run(SourceFile:6)
08-13 16:35:13.054 2321 8296 W Search.LoginHelper: Caused by: android.accounts.OperationCanceledException
08-13 16:35:13.054 2321 8296 W Search.LoginHelper: at android.accounts.AccountManager$AmsTask.internalGetResult(AccountManager.java:2298)
08-13 16:35:13.054 2321 8296 W Search.LoginHelper: at android.accounts.AccountManager$AmsTask.getResult(AccountManager.java:2304)
08-13 16:35:13.054 2321 8296 W Search.LoginHelper: at android.accounts.AccountManager$AmsTask.getResult(AccountManager.java:2301)
08-13 16:35:13.054 2321 8296 W Search.LoginHelper: at android.accounts.AccountManager.blockingGetAuthToken(AccountManager.java:1498)
08-13 16:35:13.054 2321 8296 W Search.LoginHelper: at com.google.android.apps.gsa.search.core.google.gaia.d.b(SourceFile:26)
08-13 16:35:13.054 2321 8296 W Search.LoginHelper: ... 15 more
08-13 16:35:19.583 5311 8190 E YouTube : Scheduled config refresh failed.
08-13 16:35:19.583 5311 8190 E YouTube : raf: java.util.concurrent.ExecutionException: asq: javax.net.ssl.SSLHandshakeException: Connection closed by peer
08-13 16:35:19.583 5311 8190 E YouTube : at raa.a(SourceFile:25)
08-13 16:35:19.583 5311 8190 E YouTube : at rfg.a(SourceFile:4)
08-13 16:35:19.583 5311 8190 E YouTube : at rfk.a(SourceFile:25)
08-13 16:35:19.583 5311 8190 E YouTube : at rfl.a(SourceFile:2)
08-13 16:35:19.583 5311 8190 E YouTube : at com.google.android.libraries.youtube.net.gcm.service.YouTubeGcmTaskService.a(SourceFile:20)
08-13 16:35:19.583 5311 8190 E YouTube : at com.google.android.libraries.youtube.common.gcore.gcoreclient.gcm.impl.GcmTaskServiceDelegator.a(SourceFile:19)
08-13 16:35:19.583 5311 8190 E YouTube : at jua.run(Unknown Source:4)
08-13 16:35:19.583 5311 8190 E YouTube : at java.util.concurrent.ThreadPoolExecutor.runWorker(ThreadPoolExecutor.java:1162)
08-13 16:35:19.583 5311 8190 E YouTube : at java.util.concurrent.ThreadPoolExecutor$Worker.run(ThreadPoolExecutor.java:636)
08-13 16:35:19.583 5311 8190 E YouTube : at java.lang.Thread.run(Thread.java:764)
08-13 16:35:19.583 5311 8190 E YouTube : Caused by: java.util.concurrent.ExecutionException: asq: javax.net.ssl.SSLHandshakeException: Connection closed by peer
08-13 16:35:19.583 5311 8190 E YouTube : at atv.a(SourceFile:18)
08-13 16:35:19.583 5311 8190 E YouTube : at atv.get(SourceFile:5)
08-13 16:35:19.583 5311 8190 E YouTube : at urr.get(SourceFile:14)
08-13 16:35:19.583 5311 8190 E YouTube : at raa.a(SourceFile:23)
08-13 16:35:19.583 5311 8190 E YouTube : ... 9 more
08-13 16:35:19.583 5311 8190 E YouTube : Caused by: asq: javax.net.ssl.SSLHandshakeException: Connection closed by peer
08-13 16:35:19.583 5311 8190 E YouTube : at ath.a(SourceFile:64)
08-13 16:35:19.583 5311 8190 E YouTube : at pgd.a(SourceFile:13)
08-13 16:35:19.583 5311 8190 E YouTube : at pgd.a(SourceFile:12)
08-13 16:35:19.583 5311 8190 E YouTube : at pgg.a(SourceFile:10)
08-13 16:35:19.583 5311 8190 E YouTube : at pgg.a(SourceFile:8)
08-13 16:35:19.583 5311 8190 E YouTube : at asn.run(SourceFile:25)
08-13 16:35:19.583 5311 8190 E YouTube : Caused by: javax.net.ssl.SSLHandshakeException: Connection closed by peer
