08-13 16:37:19.870 815 982 D NuPlayerDriver: start(0xf0cc1000), state is 4, eos is 0
08-13 16:37:19.870 815 8976 I GenericSource: start
08-13 16:37:19.870 8901 8980 D RavnStudio: Enitters : 2
08-13 16:37:19.889 815 9000 I OMXClient: Treble IOmx obtained
08-13 16:37:19.889 826 991 I OMXMaster: makeComponentInstance(OMX.google.mp3.decoder) in omx@1.0-service process
08-13 16:37:19.893 826 1497 E OMXNodeInstance: setConfig(0xefc2a3c0:google.mp3.decoder, ConfigPriority(0x6f800002)) ERROR: Undefined(0x80001001)
08-13 16:37:19.893 815 9000 I ACodec : codec does not support config priority (err -2147483648)
08-13 16:37:19.893 826 1497 E OMXNodeInstance: getConfig(0xefc2a3c0:google.mp3.decoder, ConfigAndroidVendorExtension(0x6f100004)) ERROR: Undefined(0x80001001)
08-13 16:37:19.893 815 9000 I MediaCodec: MediaCodec will operate in async mode
08-13 16:37:19.896 713 713 W /system/bin/hw/android.hidl.allocator@1.0-service: ashmem_create_region(8192) returning hidl_memory(0x752182b360, 8192)
08-13 16:37:19.897 713 713 I chatty : uid=1000(system) allocator@1.0-s identical 2 lines
08-13 16:37:19.897 713 713 W /system/bin/hw/android.hidl.allocator@1.0-service: ashmem_create_region(8192) returning hidl_memory(0x752182b360, 8192)
08-13 16:37:19.899 713 713 W /system/bin/hw/android.hidl.allocator@1.0-service: ashmem_create_region(9216) returning hidl_memory(0x752182b360, 9216)
08-13 16:37:19.899 713 713 I chatty : uid=1000(system) allocator@1.0-s identical 2 lines
08-13 16:37:19.899 713 713 W /system/bin/hw/android.hidl.allocator@1.0-service: ashmem_create_region(9216) returning hidl_memory(0x752182b360, 9216)
08-13 16:37:19.906 815 8998 D AudioTrack: Client defaulted notificationFrames to 7350 for frameCount 22050
08-13 16:37:19.908 713 713 W /system/bin/hw/android.hidl.allocator@1.0-service: ashmem_create_region(7680) returning hidl_memory(0x752182b360, 7680)
08-13 16:37:19.910 713 713 W /system/bin/hw/android.hidl.allocator@1.0-service: ashmem_create_region(7680) returning hidl_memory(0x752182b360, 7680)
08-13 16:37:19.911 804 8689 W AudioFlinger: moveEffectChain_l() effect chain for session 0 not on source thread 0xed827640
08-13 16:37:19.911 815 8976 D NuPlayerDriver: notifyListener_l(0xf0cc1000), (6, 0, 0, -1), loop setting(0, 0)
08-13 16:37:19.912 715 1174 E volume_listener: check_and_set_gain_dep_cal: Failed to set gain dep cal level
08-13 16:37:19.913 715 4790 D audio_hw_primary: enable_snd_device: snd_device(2: speaker)
08-13 16:37:19.913 715 4790 D audio_route: Apply path: speaker
08-13 16:37:19.913 2081 2096 E ANDR-PERF-RESOURCEQS: Failed to apply optimization [2, 0]
08-13 16:37:19.914 715 4790 D ACDB-LOADER: ACDB -> send_audio_cal, acdb_id = 15, path = 0, app id = 0x11134, sample rate = 48000
08-13 16:37:19.914 715 4790 D ACDB-LOADER: ACDB -> ACDB_CMD_GET_AUDPROC_GAIN_DEP_STEP_TABLE, vol index 0
08-13 16:37:19.914 715 4790 D ACDB-LOADER: ACDB -> GET_AFE_TOPOLOGY_ID for adcd_id 15, Topology Id 112fc
08-13 16:37:19.914 715 4790 D : Failed to fetch the lookup information of the device 0000000F
08-13 16:37:19.914 715 4790 D ACDB-LOADER: Error: ACDB AFE returned = -19
08-13 16:37:19.914 715 4790 D audio_hw_primary: enable_audio_route: usecase(0) apply and update mixer path: deep-buffer-playback speaker
08-13 16:37:19.914 715 4790 D audio_route: Apply path: deep-buffer-playback speaker
08-13 16:37:19.942 715 4790 D audio_hw_primary: out_write: retry previous failed cal level set
08-13 16:37:19.942 715 4790 D ACDB-LOADER: ACDB -> ACDB_CMD_GET_AUDPROC_GAIN_DEP_STEP_TABLE, vol index 5
08-13 16:37:20.018 8901 8980 D RavnStudio: Unlinked shaders: /sdcard/androiddata/shaders\PostProcess.hlsl_quad_vs_vp /sdcard/androiddata/shaders\PostProcess.hlsl_quad_ps_fp
08-13 16:37:20.021 8901 8980 I Refinery: Window size change 1920x1080
08-13 16:37:20.035 804 1177 D AudioFlinger: mixer(0xecf83040) throttle end: throttle time(49)
08-13 16:37:21.000 2197 4395 W Conscrypt: Could not set socket write timeout:
08-13 16:37:21.001 2197 4395 W Conscrypt: java.lang.reflect.Method.invoke(Native Method)
08-13 16:37:21.001 2197 4395 W Conscrypt: com.google.android.gms.org.conscrypt.Platform.setSocketWriteTimeout(:com.google.android.gms@11580948:13)
08-13 16:37:21.226 2197 2924 W Conscrypt: Could not set socket write timeout:
08-13 16:37:21.227 2197 2924 W Conscrypt: java.lang.reflect.Method.invoke(Native Method)
08-13 16:37:21.227 2197 2924 W Conscrypt: com.google.android.gms.org.conscrypt.Platform.setSocketWriteTimeout(:com.google.android.gms@11580948:13)
08-13 16:37:21.793 2569 3795 I Icing : IndexChimeraService.getServiceInterface callingPackage=com.google.android.music componentName=null serviceId=36
08-13 16:37:21.818 2569 3041 I Icing : Usage reports 0 indexed 0 rejected 0 imm upload false
08-13 16:37:21.834 2569 3795 I Icing : IndexChimeraService.getServiceInterface callingPackage=com.google.android.music componentName=null serviceId=36
08-13 16:37:21.843 2569 3041 I Icing : Usage reports 0 indexed 0 rejected 0 imm upload false
08-13 16:37:21.860 2569 3795 I Icing : IndexChimeraService.getServiceInterface callingPackage=com.google.android.music componentName=null serviceId=36
08-13 16:37:21.870 2569 3041 I Icing : Usage reports 0 indexed 0 rejected 0 imm upload false
08-13 16:37:21.892 2569 3341 I Icing : IndexChimeraService.getServiceInterface callingPackage=com.google.android.music componentName=null serviceId=36
08-13 16:37:21.905 2569 3041 I Icing : Usage reports 0 indexed 0 rejected 0 imm upload false
08-13 16:37:21.922 2569 3341 I Icing : IndexChimeraService.getServiceInterface callingPackage=com.google.android.music componentName=null serviceId=36
08-13 16:37:21.930 2569 3041 I Icing : Usage reports 0 indexed 0 rejected 0 imm upload false
08-13 16:37:21.945 2569 3341 I Icing : IndexChimeraService.getServiceInterface callingPackage=com.google.android.music componentName=null serviceId=36
08-13 16:37:21.955 2569 3041 I Icing : Usage reports 0 indexed 0 rejected 0 imm upload false
08-13 16:37:21.969 2569 3341 I Icing : IndexChimeraService.getServiceInterface callingPackage=com.google.android.music componentName=null serviceId=36
08-13 16:37:21.981 2569 3041 I Icing : Usage reports 0 indexed 0 rejected 0 imm upload false
08-13 16:37:22.968 2607 2607 W Notification: Use of stream types is deprecated for operations other than volume control
08-13 16:37:22.968 2607 2607 W Notification: See the documentation of setSound() for what to use instead with android.media.AudioAttributes to qualify your playback use case
08-13 16:37:22.987 2607 2607 W tutu.ABenchMark: type=1400 audit(0.0:562): avc: denied { read } for name="stat" dev="proc" ino=4026532079 scontext=u:r:untrusted_app:s0:c512,c768 tcontext=u:object_r:proc_stat:s0 tclass=file permissive=0
08-13 16:37:22.997 2607 2607 W Notification: Use of stream types is deprecated for operations other than volume control
08-13 16:37:22.998 2607 2607 W Notification: See the documentation of setSound() for what to use instead with android.media.AudioAttributes to qualify your playback use case
08-13 16:37:25.476 8901 8983 W System.err: java.net.SocketTimeoutException: SSL handshake timed out
08-13 16:37:25.477 8901 8983 W System.err: at com.android.org.conscrypt.NativeCrypto.SSL_do_handshake(Native Method)
08-13 16:37:25.477 8901 8983 W System.err: at com.android.org.conscrypt.SslWrapper.doHandshake(SslWrapper.java:374)
08-13 16:37:25.477 8901 8983 W System.err: at com.android.org.conscrypt.ConscryptFileDescriptorSocket.startHandshake(ConscryptFileDescriptorSocket.java:217)
08-13 16:37:25.477 8901 8983 W System.err: at com.android.okhttp.internal.io.RealConnection.connectTls(RealConnection.java:192)
08-13 16:37:25.477 8901 8983 W System.err: at com.android.okhttp.internal.io.RealConnection.connectSocket(RealConnection.java:149)
08-13 16:37:25.477 8901 8983 W System.err: at com.android.okhttp.internal.io.RealConnection.connect(RealConnection.java:112)
08-13 16:37:25.477 8901 8983 W System.err: at com.android.okhttp.internal.http.StreamAllocation.findConnection(StreamAllocation.java:184)
08-13 16:37:25.477 8901 8983 W System.err: at com.android.okhttp.internal.http.StreamAllocation.findHealthyConnection(StreamAllocation.java:126)
08-13 16:37:25.477 8901 8983 W System.err: at com.android.okhttp.internal.http.StreamAllocation.newStream(StreamAllocation.java:95)
08-13 16:37:25.477 8901 8983 W System.err: at com.android.okhttp.internal.http.HttpEngine.connect(HttpEngine.java:281)
08-13 16:37:25.477 8901 8983 W System.err: at com.android.okhttp.internal.http.HttpEngine.sendRequest(HttpEngine.java:224)
08-13 16:37:25.477 8901 8983 W System.err: at com.android.okhttp.internal.huc.HttpURLConnectionImpl.execute(HttpURLConnectionImpl.java:461)
08-13 16:37:25.477 8901 8983 W System.err: at com.android.okhttp.internal.huc.HttpURLConnectionImpl.connect(HttpURLConnectionImpl.java:127)
08-13 16:37:25.477 8901 8983 W System.err: at com.android.okhttp.internal.huc.DelegatingHttpsURLConnection.connect(DelegatingHttpsURLConnection.java:89)
08-13 16:37:25.477 8901 8983 W System.err: at com.android.okhttp.internal.huc.HttpsURLConnectionImpl.connect(Unknown Source:0)
08-13 16:37:25.477 8901 8983 W System.err: at com.facebook.ads.internal.p.a.a.a(Unknown Source:27)
08-13 16:37:25.477 8901 8983 W System.err: at com.facebook.ads.internal.p.a.a.a(Unknown Source:85)
08-13 16:37:25.477 8901 8983 W System.err: at com.facebook.ads.internal.p.a.h.a(Unknown Source:10)
08-13 16:37:25.477 8901 8983 W System.err: at com.facebook.ads.internal.p.a.h.doInBackground(Unknown Source:2)
08-13 16:37:25.478 8901 8983 W System.err: at android.os.AsyncTask$2.call(AsyncTask.java:333)
08-13 16:37:25.478 8901 8983 W System.err: at java.util.concurrent.FutureTask.run(FutureTask.java:266)
08-13 16:37:25.478 8901 8983 W System.err: at java.util.concurrent.ThreadPoolExecutor.runWorker(ThreadPoolExecutor.java:1162)
08-13 16:37:25.478 8901 8983 W System.err: at java.util.concurrent.ThreadPoolExecutor$Worker.run(ThreadPoolExecutor.java:636)
08-13 16:37:25.478 8901 8983 W System.err: at java.lang.Thread.run(Thread.java:764)
08-13 16:37:26.877 2197 2938 W UdcContextManagerHelper: Failure reading udc context: 15
08-13 16:37:26.877 2197 2938 W UdcContextManagerHelper: Empty context buffer. Thus might mean that the context is not synced down.
08-13 16:37:26.878 2197 2938 W UploadOptInStatusOp: Empty context model while retrieving upload opt-in status!
08-13 16:37:27.049 2197 4573 E LockboxBrokerService: Could not query UDC's getDeviceDataUploadOptInStatus; 15 null
08-13 16:37:27.053 1108 1239 I InputReader: Reconfiguring input devices. changes=0x00000010
08-13 16:37:27.056 1108 2380 W ActivityManager: Permission Denial: Accessing service ComponentInfo{com.google.android.music/com.google.android.music.dial.DialMediaRouteProviderService} from pid=5311, uid=10120 that is not exported from uid 10073
08-13 16:37:27.065 2226 2226 D RegisteredNfcFServicesCache: Service unchanged, not updating
08-13 16:37:27.074 1637 1637 D CarrierSvcBindHelper: No carrier app for: 0
08-13 16:37:27.074 1637 1637 D ImsResolver: maybeAddedImsService, packageName: com.antutu.ABenchMark
08-13 16:37:27.095 1108 1108 I Telecom : DefaultDialerCache: Refreshing default dialer for user 0: now com.google.android.dialer: DDC.oR@BCM
08-13 16:37:27.268 2569 2577 I zygote64: Do partial code cache collection, code=242KB, data=146KB
08-13 16:37:27.268 2569 2577 I zygote64: After code cache collection, code=242KB, data=146KB
08-13 16:37:27.268 2569 2577 I zygote64: Increasing code cache capacity to 1024KB
08-13 16:37:29.664 1637 1637 E QtiImsExtUtils: getConfigForPhoneId phoneId is invalid
08-13 16:37:29.664 1637 1637 E QtiImsExtUtils: isCarrierConfigEnabled bundle is null
08-13 16:37:29.675 2197 3967 W ConfigurationChimeraProvider: Got null configs for com.google.android.gms.update
08-13 16:37:29.682 2607 2607 W Notification: Use of stream types is deprecated for operations other than volume control
08-13 16:37:29.682 2607 2607 W Notification: See the documentation of setSound() for what to use instead with android.media.AudioAttributes to qualify your playback use case
08-13 16:37:32.117 2197 4440 W Conscrypt: Could not set socket write timeout:
08-13 16:37:32.117 2197 4440 W Conscrypt: java.lang.reflect.Method.invoke(Native Method)
08-13 16:37:32.117 2197 4440 W Conscrypt: com.google.android.gms.org.conscrypt.Platform.setSocketWriteTimeout(:com.google.android.gms@11580948:13)
08-13 16:37:32.568 9015 9015 D AndroidRuntime: >>>>>> START com.android.internal.os.RuntimeInit uid 10125 <<<<<<
08-13 16:37:32.832 9015 9015 I app_process: The ClassLoaderContext is a special shared library.
08-13 16:37:32.878 9015 9015 D AndroidRuntime: Calling main entry com.android.commands.pm.Pm
08-13 16:37:32.892 9015 9015 I app_process: System.exit called, status: 0
08-13 16:37:32.892 9015 9015 I AndroidRuntime: VM exiting with result code 0.
08-13 16:37:33.017 2607 2607 W Notification: Use of stream types is deprecated for operations other than volume control
08-13 16:37:33.017 2607 2607 W Notification: See the documentation of setSound() for what to use instead with android.media.AudioAttributes to qualify your playback use case
08-13 16:37:33.037 2607 2607 W tutu.ABenchMark: type=1400 audit(0.0:563): avc: denied { read } for name="stat" dev="proc" ino=4026532079 scontext=u:r:untrusted_app:s0:c512,c768 tcontext=u:object_r:proc_stat:s0 tclass=file permissive=0
08-13 16:37:33.047 2607 2607 W Notification: Use of stream types is deprecated for operations other than volume control
08-13 16:37:33.047 2607 2607 W Notification: See the documentation of setSound() for what to use instead with android.media.AudioAttributes to qualify your playback use case
08-13 16:37:33.559 8901 8983 W System.err: java.net.SocketTimeoutException: SSL handshake timed out
08-13 16:37:33.560 8901 8983 W System.err: at com.android.org.conscrypt.NativeCrypto.SSL_do_handshake(Native Method)
08-13 16:37:33.560 8901 8983 W System.err: at com.android.org.conscrypt.SslWrapper.doHandshake(SslWrapper.java:374)
08-13 16:37:33.560 8901 8983 W System.err: at com.android.org.conscrypt.ConscryptFileDescriptorSocket.startHandshake(ConscryptFileDescriptorSocket.java:217)
08-13 16:37:33.560 8901 8983 W System.err: at com.android.okhttp.internal.io.RealConnection.connectTls(RealConnection.java:192)
08-13 16:37:33.560 8901 8983 W System.err: at com.android.okhttp.internal.io.RealConnection.connectSocket(RealConnection.java:149)
08-13 16:37:33.560 8901 8983 W System.err: at com.android.okhttp.internal.io.RealConnection.connect(RealConnection.java:112)
08-13 16:37:33.560 8901 8983 W System.err: at com.android.okhttp.internal.http.StreamAllocation.findConnection(StreamAllocation.java:184)
08-13 16:37:33.560 8901 8983 W System.err: at com.android.okhttp.internal.http.StreamAllocation.findHealthyConnection(StreamAllocation.java:126)
08-13 16:37:33.560 8901 8983 W System.err: at com.android.okhttp.internal.http.StreamAllocation.newStream(StreamAllocation.java:95)
08-13 16:37:33.560 8901 8983 W System.err: at com.android.okhttp.internal.http.HttpEngine.connect(HttpEngine.java:281)
08-13 16:37:33.560 8901 8983 W System.err: at com.android.okhttp.internal.http.HttpEngine.sendRequest(HttpEngine.java:224)
08-13 16:37:33.560 8901 8983 W System.err: at com.android.okhttp.internal.huc.HttpURLConnectionImpl.execute(HttpURLConnectionImpl.java:461)
08-13 16:37:33.560 8901 8983 W System.err: at com.android.okhttp.internal.huc.HttpURLConnectionImpl.connect(HttpURLConnectionImpl.java:127)
08-13 16:37:33.560 8901 8983 W System.err: at com.android.okhttp.internal.huc.DelegatingHttpsURLConnection.connect(DelegatingHttpsURLConnection.java:89)
08-13 16:37:33.560 8901 8983 W System.err: at com.android.okhttp.internal.huc.HttpsURLConnectionImpl.connect(Unknown Source:0)
08-13 16:37:33.560 8901 8983 W System.err: at com.facebook.ads.internal.p.a.a.a(Unknown Source:27)
08-13 16:37:33.560 8901 8983 W System.err: at com.facebook.ads.internal.p.a.a.a(Unknown Source:85)
08-13 16:37:33.560 8901 8983 W System.err: at com.facebook.ads.internal.p.a.h.a(Unknown Source:10)
08-13 16:37:33.560 8901 8983 W System.err: at com.facebook.ads.internal.p.a.h.doInBackground(Unknown Source:2)
08-13 16:37:33.560 8901 8983 W System.err: at android.os.AsyncTask$2.call(AsyncTask.java:333)
08-13 16:37:33.560 8901 8983 W System.err: at java.util.concurrent.FutureTask.run(FutureTask.java:266)
08-13 16:37:33.560 8901 8983 W System.err: at java.util.concurrent.ThreadPoolExecutor.runWorker(ThreadPoolExecutor.java:1162)
08-13 16:37:33.560 8901 8983 W System.err: at java.util.concurrent.ThreadPoolExecutor$Worker.run(ThreadPoolExecutor.java:636)
08-13 16:37:33.560 8901 8983 W System.err: at java.lang.Thread.run(Thread.java:764)
08-13 16:37:35.789 2321 8422 W GmsLocationProvider: Error removing location updates: 16
08-13 16:37:41.603 8901 8983 W System.err: java.net.SocketTimeoutException: SSL handshake timed out
08-13 16:37:41.604 8901 8983 W System.err: at com.android.org.conscrypt.NativeCrypto.SSL_do_handshake(Native Method)
08-13 16:37:41.604 8901 8983 W System.err: at com.android.org.conscrypt.SslWrapper.doHandshake(SslWrapper.java:374)
08-13 16:37:41.604 8901 8983 W System.err: at com.android.org.conscrypt.ConscryptFileDescriptorSocket.startHandshake(ConscryptFileDescriptorSocket.java:217)
08-13 16:37:41.604 8901 8983 W System.err: at com.android.okhttp.internal.io.RealConnection.connectTls(RealConnection.java:192)
08-13 16:37:41.604 8901 8983 W System.err: at com.android.okhttp.internal.io.RealConnection.connectSocket(RealConnection.java:149)
08-13 16:37:41.604 8901 8983 W System.err: at com.android.okhttp.internal.io.RealConnection.connect(RealConnection.java:112)
08-13 16:37:41.604 8901 8983 W System.err: at com.android.okhttp.internal.http.StreamAllocation.findConnection(StreamAllocation.java:184)
08-13 16:37:41.604 8901 8983 W System.err: at com.android.okhttp.internal.http.StreamAllocation.findHealthyConnection(StreamAllocation.java:126)
08-13 16:37:41.604 8901 8983 W System.err: at com.android.okhttp.internal.http.StreamAllocation.newStream(StreamAllocation.java:95)
08-13 16:37:41.604 8901 8983 W System.err: at com.android.okhttp.internal.http.HttpEngine.connect(HttpEngine.java:281)
08-13 16:37:41.604 8901 8983 W System.err: at com.android.okhttp.internal.http.HttpEngine.sendRequest(HttpEngine.java:224)
08-13 16:37:41.604 8901 8983 W System.err: at com.android.okhttp.internal.huc.HttpURLConnectionImpl.execute(HttpURLConnectionImpl.java:461)
08-13 16:37:41.604 8901 8983 W System.err: at com.android.okhttp.internal.huc.HttpURLConnectionImpl.connect(HttpURLConnectionImpl.java:127)
08-13 16:37:41.604 8901 8983 W System.err: at com.android.okhttp.internal.huc.DelegatingHttpsURLConnection.connect(DelegatingHttpsURLConnection.java:89)
08-13 16:37:41.604 8901 8983 W System.err: at com.android.okhttp.internal.huc.HttpsURLConnectionImpl.connect(Unknown Source:0)
08-13 16:37:41.604 8901 8983 W System.err: at com.facebook.ads.internal.p.a.a.a(Unknown Source:27)
08-13 16:37:41.605 8901 8983 W System.err: at com.facebook.ads.internal.p.a.a.a(Unknown Source:85)
08-13 16:37:41.605 8901 8983 W System.err: at com.facebook.ads.internal.p.a.h.a(Unknown Source:10)
08-13 16:37:41.605 8901 8983 W System.err: at com.facebook.ads.internal.p.a.h.doInBackground(Unknown Source:2)
08-13 16:37:41.605 8901 8983 W System.err: at android.os.AsyncTask$2.call(AsyncTask.java:333)
08-13 16:37:41.605 8901 8983 W System.err: at java.util.concurrent.FutureTask.run(FutureTask.java:266)
08-13 16:37:41.605 8901 8983 W System.err: at java.util.concurrent.ThreadPoolExecutor.runWorker(ThreadPoolExecutor.java:1162)
08-13 16:37:41.605 8901 8983 W System.err: at java.util.concurrent.ThreadPoolExecutor$Worker.run(ThreadPoolExecutor.java:636)
08-13 16:37:41.605 8901 8983 W System.err: at java.lang.Thread.run(Thread.java:764)
08-13 16:37:42.200 1108 1119 I WifiService: getConnectionInfo uid=10125
08-13 16:37:42.203 1108 1119 I WifiService: getWifiEnabledState uid=10125
08-13 16:37:42.365 2607 3258 W OkHttpClient: A connection to http://certtime.antutu.net/ was leaked. Did you forget to close a response body?
08-13 16:37:43.052 2607 2607 W Notification: Use of stream types is deprecated for operations other than volume control
08-13 16:37:43.052 2607 2607 W Notification: See the documentation of setSound() for what to use instead with android.media.AudioAttributes to qualify your playback use case
08-13 16:37:43.084 2607 2607 W tutu.ABenchMark: type=1400 audit(0.0:564): avc: denied { read } for name="stat" dev="proc" ino=4026532079 scontext=u:r:untrusted_app:s0:c512,c768 tcontext=u:object_r:proc_stat:s0 tclass=file permissive=0
08-13 16:37:43.092 2607 2607 W Notification: Use of stream types is deprecated for operations other than volume control
08-13 16:37:43.092 2607 2607 W Notification: See the documentation of setSound() for what to use instead with android.media.AudioAttributes to qualify your playback use case
08-13 16:37:46.789 2197 3964 W Conscrypt: Could not set socket write timeout:
08-13 16:37:46.789 2197 3964 W Conscrypt: java.lang.reflect.Method.invoke(Native Method)
08-13 16:37:46.789 2197 3964 W Conscrypt: com.google.android.gms.org.conscrypt.Platform.setSocketWriteTimeout(:com.google.android.gms@11580948:13)
08-13 16:37:46.887 2197 2938 W UdcContextManagerHelper: Failure reading udc context: 15
08-13 16:37:46.887 2197 2938 W UdcContextManagerHelper: Empty context buffer. Thus might mean that the context is not synced down.
08-13 16:37:46.888 2197 2938 W UploadOptInStatusOp: Empty context model while retrieving upload opt-in status!
08-13 16:37:47.249 2197 4573 E LockboxBrokerService: Could not query UDC's getDeviceDataUploadOptInStatus; 15 null
08-13 16:37:48.977 3199 6513 I PlayCommon: [89] com.google.android.play.b.h.e(263): Preparing logs for uploading
08-13 16:37:48.978 3199 6513 I PlayCommon: [89] com.google.android.play.b.h.e(267): No file ready to send
08-13 16:37:50.135 2197 3180 W Conscrypt: Could not set socket write timeout:
08-13 16:37:50.136 2197 3180 W Conscrypt: java.lang.reflect.Method.invoke(Native Method)
08-13 16:37:50.136 2197 3180 W Conscrypt: com.google.android.gms.org.conscrypt.Platform.setSocketWriteTimeout(:com.google.android.gms@11580948:13)
08-13 16:37:51.941 8901 8980 D RavnStudio: Enitters : 29
08-13 16:37:52.620 2197 8285 W Conscrypt: Could not set socket write timeout:
08-13 16:37:52.620 2197 8285 W Conscrypt: java.lang.reflect.Method.invoke(Native Method)
08-13 16:37:52.620 2197 8285 W Conscrypt: com.google.android.gms.org.conscrypt.Platform.setSocketWriteTimeout(:com.google.android.gms@11580948:13)
08-13 16:37:53.097 2607 2607 W Notification: Use of stream types is deprecated for operations other than volume control
08-13 16:37:53.097 2607 2607 W Notification: See the documentation of setSound() for what to use instead with android.media.AudioAttributes to qualify your playback use case
08-13 16:37:53.114 2607 2607 W tutu.ABenchMark: type=1400 audit(0.0:565): avc: denied { read } for name="stat" dev="proc" ino=4026532079 scontext=u:r:untrusted_app:s0:c512,c768 tcontext=u:object_r:proc_stat:s0 tclass=file permissive=0
08-13 16:37:53.121 2607 2607 W Notification: Use of stream types is deprecated for operations other than volume control
08-13 16:37:53.122 2607 2607 W Notification: See the documentation of setSound() for what to use instead with android.media.AudioAttributes to qualify your playback use case
08-13 16:37:57.369 1108 9039 D NetworkMonitor/NetworkAgentInfo [WIFI () - 101]: PROBE_DNS connectivitycheck.gstatic.com 41ms OK 203.208.40.95
08-13 16:37:57.378 1108 9038 D NetworkMonitor/NetworkAgentInfo [WIFI () - 101]: PROBE_DNS www.google.com 49ms OK 69.171.247.20
08-13 16:37:57.409 1108 9039 D NetworkMonitor/NetworkAgentInfo [WIFI () - 101]: PROBE_HTTP http://connectivitycheck.gstatic.com/generate_204 time=38ms ret=204 request={User-Agent=[Mozilla/5.0 (X11; Linux x86_64) AppleWebKit/537.36 (KHTML, like Gecko) Chrome/60.0.3112.32 Safari/537.36]} headers={null=[HTTP/1.1 204 No Content], Connection=[Keep-Alive], Content-Length=[0], Date=[Mon, 13 Aug 2018 08:37:57 GMT], Via=[1.1 shzdmzpr06], X-Android-Received-Millis=[1534149477409], X-Android-Response-Source=[NETWORK 204], X-Android-Selected-Protocol=[http/1.1], X-Android-Sent-Millis=[1534149477384]}
08-13 16:38:03.128 2607 2607 W Notification: Use of stream types is deprecated for operations other than volume control
08-13 16:38:03.128 2607 2607 W Notification: See the documentation of setSound() for what to use instead with android.media.AudioAttributes to qualify your playback use case
08-13 16:38:03.164 2607 2607 W tutu.ABenchMark: type=1400 audit(0.0:566): avc: denied { read } for name="stat" dev="proc" ino=4026532079 scontext=u:r:untrusted_app:s0:c512,c768 tcontext=u:object_r:proc_stat:s0 tclass=file permissive=0
08-13 16:38:03.169 2607 2607 W Notification: Use of stream types is deprecated for operations other than volume control
08-13 16:38:03.169 2607 2607 W Notification: See the documentation of setSound() for what to use instead with android.media.AudioAttributes to qualify your playback use case
08-13 16:38:06.903 2197 2938 W UdcContextManagerHelper: Failure reading udc context: 15
08-13 16:38:06.904 2197 2938 W UdcContextManagerHelper: Empty context buffer. Thus might mean that the context is not synced down.
08-13 16:38:06.908 2197 2938 W UploadOptInStatusOp: Empty context model while retrieving upload opt-in status!
08-13 16:38:07.405 2197 4573 E LockboxBrokerService: Could not query UDC's getDeviceDataUploadOptInStatus; 15 null
08-13 16:38:07.412 1108 9038 D NetworkMonitor/NetworkAgentInfo [WIFI () - 101]: PROBE_HTTPS https://www.google.com/generate_204 Probe failed with exception java.net.SocketTimeoutException: SSL handshake timed out
08-13 16:38:10.368 1108 2179 D NetworkMonitor/NetworkAgentInfo [WIFI () - 101]: PROBE_FALLBACK http://www.google.com/gen_204 Probe failed with exception java.net.SocketTimeoutException: timeout
08-13 16:38:10.370 1108 2179 I WifiService: getConnectionInfo uid=1000
08-13 16:38:10.372 1108 1287 D ConnectivityService: NetworkAgentInfo [WIFI () - 101] validation failed
08-13 16:38:10.373 1108 1257 D WifiStateMachine: NETWORK_STATUS_UNWANTED_VALIDATION_FAILED
08-13 16:38:10.714 1108 2378 I WifiService: acquireWifiLock uid=10015 lockMode=2
08-13 16:38:12.187 1108 1119 D WificondControl: Scan result ready event
08-13 16:38:12.199 1108 2336 I WifiService: getWifiEnabledState uid=10015
08-13 16:38:12.200 1108 1119 I WifiService: getConnectionInfo uid=10015
08-13 16:38:12.203 1108 1119 I WifiService: acquireWifiLock uid=10015 lockMode=2
08-13 16:38:13.177 2607 2607 W Notification: Use of stream types is deprecated for operations other than volume control
08-13 16:38:13.177 2607 2607 W Notification: See the documentation of setSound() for what to use instead with android.media.AudioAttributes to qualify your playback use case
08-13 16:38:13.211 2607 2607 W tutu.ABenchMark: type=1400 audit(0.0:567): avc: denied { read } for name="stat" dev="proc" ino=4026532079 scontext=u:r:untrusted_app:s0:c512,c768 tcontext=u:object_r:proc_stat:s0 tclass=file permissive=0
08-13 16:38:13.219 2607 2607 W Notification: Use of stream types is deprecated for operations other than volume control
08-13 16:38:13.219 2607 2607 W Notification: See the documentation of setSound() for what to use instead with android.media.AudioAttributes to qualify your playback use case
08-13 16:38:15.062 8901 8980 D RavnStudio: [Variable time-step] Avg FPS: 12.30, 677 frames in 55.04seconds
08-13 16:38:15.063 8901 8980 D RavnStudio: Returning
08-13 16:38:15.063 8901 8901 D Refinery: Finish
08-13 16:38:15.063 8901 8901 D Refinery: onDestroy
08-13 16:38:15.063 815 982 D NuPlayerDriver: stop(0xf0cc1000)
08-13 16:38:15.064 815 982 D NuPlayerDriver: notifyListener_l(0xf0cc1000), (8, 0, 0, -1), loop setting(0, 0)
08-13 16:38:15.065 1108 2336 V MediaRouterService: restoreBluetoothA2dp(false)
08-13 16:38:15.065 8901 8901 V MediaPlayer: resetDrmState: mDrmInfo=null mDrmProvisioningThread=null mPrepareDrmInProgress=false mActiveDrmScheme=false
08-13 16:38:15.065 8901 8901 V MediaPlayer: cleanDrmObj: mDrmObj=null mDrmSessionId=null
08-13 16:38:15.066 815 982 D NuPlayerDriver: reset(0xf0cc1000) at state 8
08-13 16:38:15.079 815 8976 D NuPlayerDriver: notifyResetComplete(0xf0cc1000)
08-13 16:38:15.083 1108 2336 I ActivityManager: START u0 {flg=0x14000000 cmp=com.antutu.ABenchMark/com.antutu.benchmark.ui.test.activity.RefineryTransferActivity (has extras)} from uid 10125
08-13 16:38:15.085 730 730 D QCOM PowerHAL: LAUNCH HINT: ON
08-13 16:38:15.086 730 730 D QCOM PowerHAL: Activity launch hint handled
08-13 16:38:15.089 8901 8901 I zygote64: System.exit called, status: 0
08-13 16:38:15.089 8901 8901 I AndroidRuntime: VM exiting with result code 0, cleanup skipped.
08-13 16:38:15.110 1108 1238 W InputDispatcher: channel 'a23902 com.antutu.ABenchMark/com.antutu.benchmark.ui.test.activity.RefineryActivity (server)' ~ Consumer closed input channel or an error occurred. events=0x9
08-13 16:38:15.110 1108 1238 E InputDispatcher: channel 'a23902 com.antutu.ABenchMark/com.antutu.benchmark.ui.test.activity.RefineryActivity (server)' ~ Channel is unrecoverably broken and will be disposed!
08-13 16:38:15.199 1108 1119 I WindowManager: WIN DEATH: Window{a23902 u0 com.antutu.ABenchMark/com.antutu.benchmark.ui.test.activity.RefineryActivity}
08-13 16:38:15.199 1108 1119 W InputDispatcher: Attempted to unregister already unregistered input channel 'a23902 com.antutu.ABenchMark/com.antutu.benchmark.ui.test.activity.RefineryActivity (server)'
08-13 16:38:15.199 1108 2366 I ActivityManager: Process com.antutu.ABenchMark:refinery (pid 8901) has died: fore TOP
08-13 16:38:15.199 1108 1148 W zygote64: kill(-8901, 9) failed: No such process
08-13 16:38:15.200 1108 2366 W ActivityManager: Force removing ActivityRecord{59941a2 u0 com.antutu.ABenchMark/com.antutu.benchmark.ui.test.activity.RefineryActivity t84}: app died, no saved state
08-13 16:38:15.200 1108 1148 I zygote64: Successfully killed process cgroup uid 10125 pid 8901 in 0ms
08-13 16:38:15.203 1108 2366 I WindowManager: Failed to capture screenshot of Token{7cef23b ActivityRecord{1c60ca u0 com.antutu.ABenchMark/com.antutu.benchmark.ui.test.activity.RefineryTransferActivity t84}} appWin=Window{d783f22 u0 Splash Screen com.antutu.ABenchMark} drawState=3
08-13 16:38:15.214 1108 2366 I ActivityManager: Start proc 9053:com.antutu.ABenchMark:transfer/u0a125 for activity com.antutu.ABenchMark/com.antutu.benchmark.ui.test.activity.RefineryTransferActivity
08-13 16:38:15.216 715 1174 D ACDB-LOADER: ACDB -> ACDB_CMD_GET_AUDPROC_GAIN_DEP_STEP_TABLE, vol index 0
08-13 16:38:15.216 715 1174 E volume_listener: check_and_set_gain_dep_cal: Failed to set gain dep cal level
08-13 16:38:15.217 715 1174 E volume_listener: check_and_set_gain_dep_cal: Failed to set gain dep cal level
08-13 16:38:15.217 804 1101 W AudioFlinger: moveEffectChain_l() effect chain for session 0 not on source thread 0xecf83040
08-13 16:38:15.220 1108 1154 W ActivityManager: setHasOverlayUi called on unknown pid: 8901
08-13 16:38:15.229 9053 9053 I MultiDex: VM with version 2.1.0 has multidex support
08-13 16:38:15.229 9053 9053 I MultiDex: Installing application
08-13 16:38:15.229 9053 9053 I MultiDex: VM has multidex support, MultiDex support library is disabled.
08-13 16:38:15.230 9053 9053 I MultiDex: Installing application
08-13 16:38:15.230 9053 9053 I MultiDex: VM has multidex support, MultiDex support library is disabled.
08-13 16:38:15.235 1108 2366 I WifiService: getConnectionInfo uid=10125
08-13 16:38:15.236 1108 2366 I WifiService: getWifiEnabledState uid=10125
08-13 16:38:15.237 1443 1443 I Elmyra/ElmyraService: Unblocked; current action: SetupWizardAction
08-13 16:38:15.238 9053 9068 D NetworkSecurityConfig: No Network Security Config specified, using platform default
08-13 16:38:15.242 1108 2336 I WifiService: getConnectionInfo uid=10125
08-13 16:38:15.242 1108 2336 I WifiService: getWifiEnabledState uid=10125
08-13 16:38:15.247 744 793 I ASH : @ 4107.951: ccb_proximityInit: PROX initialized w/initData
08-13 16:38:15.252 9053 9053 I CameraManagerGlobal: Connecting to camera service
08-13 16:38:15.274 1108 2366 I WifiService: getConnectionInfo uid=10125
08-13 16:38:15.294 9053 9094 I zygote64: Rejecting re-init on previously-failed class java.lang.Class: java.lang.NoClassDefFoundError: Failed resolution of: Lcom/taobao/orange/OrangeConfigListenerV1;
08-13 16:38:15.294 9053 9094 I zygote64: at java.lang.Object java.lang.reflect.Constructor.newInstance0(java.lang.Object[]) (Constructor.java:-2)
08-13 16:38:15.294 9053 9094 I zygote64: at java.lang.Object java.lang.reflect.Constructor.newInstance(java.lang.Object[]) (Constructor.java:334)
08-13 16:38:15.294 9053 9094 I zygote64: at com.taobao.accs.IACCSManager com.taobao.accs.ACCSManager.createInner(android.content.Context, java.lang.String) (Taobao:430)
08-13 16:38:15.294 9053 9094 I zygote64: at com.taobao.accs.IACCSManager com.taobao.accs.ACCSManager.getAccsInstance(android.content.Context, java.lang.String, java.lang.String) (Taobao:416)
08-13 16:38:15.294 9053 9094 I zygote64: at void com.taobao.agoo.TaobaoRegister.register(android.content.Context, java.lang.String, java.lang.String, java.lang.String, java.lang.String, com.taobao.agoo.IRegister) (Taobao:118)
08-13 16:38:15.294 9053 9094 I zygote64: at void com.taobao.agoo.TaobaoRegister.register(android.content.Context, java.lang.String, java.lang.String, java.lang.String, com.taobao.agoo.IRegister) (Taobao:79)
08-13 16:38:15.294 9053 9094 I zygote64: at void com.umeng.message.PushAgent$2.run() (PushAgent.java:165)
08-13 16:38:15.294 9053 9094 I zygote64: at java.lang.Object java.util.concurrent.Executors$RunnableAdapter.call() (Executors.java:457)
08-13 16:38:15.294 9053 9094 I zygote64: at void java.util.concurrent.FutureTask.run() (FutureTask.java:266)
08-13 16:38:15.294 9053 9094 I zygote64: at void java.util.concurrent.ScheduledThreadPoolExecutor$ScheduledFutureTask.run() (ScheduledThreadPoolExecutor.java:301)
08-13 16:38:15.294 9053 9094 I zygote64: at void java.util.concurrent.ThreadPoolExecutor.runWorker(java.util.concurrent.ThreadPoolExecutor$Worker) (ThreadPoolExecutor.java:1162)
08-13 16:38:15.294 9053 9094 I zygote64: at void java.util.concurrent.ThreadPoolExecutor$Worker.run() (ThreadPoolExecutor.java:636)
08-13 16:38:15.294 9053 9094 I zygote64: at void java.lang.Thread.run() (Thread.java:764)
08-13 16:38:15.294 9053 9094 I zygote64: Caused by: java.lang.ClassNotFoundException: Didn't find class "com.taobao.orange.OrangeConfigListenerV1" on path: DexPathList[[zip file "/data/app/com.antutu.ABenchMark-A-LqICl6s1lUXsxzUV_CFg==/base.apk"],nativeLibraryDirectories=[/data/app/com.antutu.ABenchMark-A-LqICl6s1lUXsxzUV_CFg==/lib/arm64, /data/app/com.antutu.ABenchMark-A-LqICl6s1lUXsxzUV_CFg==/base.apk!/lib/arm64-v8a, /system/lib64]]
08-13 16:38:15.294 9053 9094 I zygote64: at java.lang.Class dalvik.system.BaseDexClassLoader.findClass(java.lang.String) (BaseDexClassLoader.java:125)
08-13 16:38:15.294 9053 9094 I zygote64: at java.lang.Class java.lang.ClassLoader.loadClass(java.lang.String, boolean) (ClassLoader.java:379)
08-13 16:38:15.294 9053 9094 I zygote64: at java.lang.Class java.lang.ClassLoader.loadClass(java.lang.String) (ClassLoader.java:312)
08-13 16:38:15.294 9053 9094 I zygote64: at java.lang.Object java.lang.reflect.Constructor.newInstance0(java.lang.Object[]) (Constructor.java:-2)
08-13 16:38:15.294 9053 9094 I zygote64: at java.lang.Object java.lang.reflect.Constructor.newInstance(java.lang.Object[]) (Constructor.java:334)
08-13 16:38:15.294 9053 9094 I zygote64: at com.taobao.accs.IACCSManager com.taobao.accs.ACCSManager.createInner(android.content.Context, java.lang.String) (Taobao:430)
08-13 16:38:15.294 9053 9094 I zygote64: at com.taobao.accs.IACCSManager com.taobao.accs.ACCSManager.getAccsInstance(android.content.Context, java.lang.String, java.lang.String) (Taobao:416)
08-13 16:38:15.294 9053 9094 I zygote64: at void com.taobao.agoo.TaobaoRegister.register(android.content.Context, java.lang.String, java.lang.String, java.lang.String, java.lang.String, com.taobao.agoo.IRegister) (Taobao:118)
08-13 16:38:15.294 9053 9094 I zygote64: at void com.taobao.agoo.TaobaoRegister.register(android.content.Context, java.lang.String, java.lang.String, java.lang.String, com.taobao.agoo.IRegister) (Taobao:79)
08-13 16:38:15.294 9053 9094 I zygote64: at void com.umeng.message.PushAgent$2.run() (PushAgent.java:165)
08-13 16:38:15.294 9053 9094 I zygote64: at java.lang.Object java.util.concurrent.Executors$RunnableAdapter.call() (Executors.java:457)
08-13 16:38:15.294 9053 9094 I zygote64: at void java.util.concurrent.FutureTask.run() (FutureTask.java:266)
08-13 16:38:15.294 9053 9094 I zygote64: at void java.util.concurrent.ScheduledThreadPoolExecutor$ScheduledFutureTask.run() (ScheduledThreadPoolExecutor.java:301)
08-13 16:38:15.294 9053 9094 I zygote64: at void java.util.concurrent.ThreadPoolExecutor.runWorker(java.util.concurrent.ThreadPoolExecutor$Worker) (ThreadPoolExecutor.java:1162)
08-13 16:38:15.294 9053 9094 I zygote64: at void java.util.concurrent.ThreadPoolExecutor$Worker.run() (ThreadPoolExecutor.java:636)
08-13 16:38:15.294 9053 9094 I zygote64: at void java.lang.Thread.run() (Thread.java:764)
08-13 16:38:15.294 9053 9094 I zygote64:
08-13 16:38:15.294 9053 9094 I zygote64: Rejecting re-init on previously-failed class java.lang.Class: java.lang.NoClassDefFoundError: Failed resolution of: Lcom/taobao/orange/OrangeConfigListenerV1;
08-13 16:38:15.294 9053 9094 I zygote64: at java.lang.Object java.lang.reflect.Constructor.newInstance0(java.lang.Object[]) (Constructor.java:-2)
08-13 16:38:15.294 9053 9094 I zygote64: at java.lang.Object java.lang.reflect.Constructor.newInstance(java.lang.Object[]) (Constructor.java:334)
08-13 16:38:15.294 9053 9094 I zygote64: at com.taobao.accs.IACCSManager com.taobao.accs.ACCSManager.createInner(android.content.Context, java.lang.String) (Taobao:430)
08-13 16:38:15.294 9053 9094 I zygote64: at com.taobao.accs.IACCSManager com.taobao.accs.ACCSManager.getAccsInstance(android.content.Context, java.lang.String, java.lang.String) (Taobao:416)
08-13 16:38:15.294 9053 9094 I zygote64: at void com.taobao.agoo.TaobaoRegister.register(android.content.Context, java.lang.String, java.lang.String, java.lang.String, java.lang.String, com.taobao.agoo.IRegister) (Taobao:118)
08-13 16:38:15.294 9053 9094 I zygote64: at void com.taobao.agoo.TaobaoRegister.register(android.content.Context, java.lang.String, java.lang.String, java.lang.String, com.taobao.agoo.IRegister) (Taobao:79)
08-13 16:38:15.294 9053 9094 I zygote64: at void com.umeng.message.PushAgent$2.run() (PushAgent.java:165)
08-13 16:38:15.294 9053 9094 I zygote64: at java.lang.Object java.util.concurrent.Executors$RunnableAdapter.call() (Executors.java:457)
08-13 16:38:15.294 9053 9094 I zygote64: at void java.util.concurrent.FutureTask.run() (FutureTask.java:266)
08-13 16:38:15.294 9053 9094 I zygote64: at void java.util.concurrent.ScheduledThreadPoolExecutor$ScheduledFutureTask.run() (ScheduledThreadPoolExecutor.java:301)
08-13 16:38:15.294 9053 9094 I zygote64: at void java.util.concurrent.ThreadPoolExecutor.runWorker(java.util.concurrent.ThreadPoolExecutor$Worker) (ThreadPoolExecutor.java:1162)
08-13 16:38:15.294 9053 9094 I zygote64: at void java.util.concurrent.ThreadPoolExecutor$Worker.run() (ThreadPoolExecutor.java:636)
08-13 16:38:15.294 9053 9094 I zygote64: at void java.lang.Thread.run() (Thread.java:764)
08-13 16:38:15.294 9053 9094 I zygote64: Caused by: java.lang.ClassNotFoundException: Didn't find class "com.taobao.orange.OrangeConfigListenerV1" on path: DexPathList[[zip file "/data/app/com.antutu.ABenchMark-A-LqICl6s1lUXsxzUV_CFg==/base.apk"],nativeLibraryDirectories=[/data/app/com.antutu.ABenchMark-A-LqICl6s1lUXsxzUV_CFg==/lib/arm64, /data/app/com.antutu.ABenchMark-A-LqICl6s1lUXsxzUV_CFg==/base.apk!/lib/arm64-v8a, /system/lib64]]
08-13 16:38:15.294 9053 9094 I zygote64: at java.lang.Class dalvik.system.BaseDexClassLoader.findClass(java.lang.String) (BaseDexClassLoader.java:125)
08-13 16:38:15.294 9053 9094 I zygote64: at java.lang.Class java.lang.ClassLoader.loadClass(java.lang.String, boolean) (ClassLoader.java:379)
08-13 16:38:15.294 9053 9094 I zygote64: at java.lang.Class java.lang.ClassLoader.loadClass(java.lang.String) (ClassLoader.java:312)
08-13 16:38:15.294 9053 9094 I zygote64: at java.lang.Object java.lang.reflect.Constructor.newInstance0(java.lang.Object[]) (Constructor.java:-2)
08-13 16:38:15.294 9053 9094 I zygote64: at java.lang.Object java.lang.reflect.Constructor.newInstance(java.lang.Object[]) (Constructor.java:334)
08-13 16:38:15.294 9053 9094 I zygote64: at com.taobao.accs.IACCSManager com.taobao.accs.ACCSManager.createInner(android.content.Context, java.lang.String) (Taobao:430)
08-13 16:38:15.294 9053 9094 I zygote64: at com.taobao.accs.IACCSManager com.taobao.accs.ACCSManager.getAccsInstance(android.content.Context, java.lang.String, java.lang.String) (Taobao:416)
08-13 16:38:15.294 9053 9094 I zygote64: at void com.taobao.agoo.TaobaoRegister.register(android.content.Context, java.lang.String, java.lang.String, java.lang.String, java.lang.String, com.taobao.agoo.IRegister) (Taobao:118)
08-13 16:38:15.294 9053 9094 I zygote64: at void com.taobao.agoo.TaobaoRegister.register(android.content.Context, java.lang.String, java.lang.String, java.lang.String, com.taobao.agoo.IRegister) (Taobao:79)
08-13 16:38:15.294 9053 9094 I zygote64: at void com.umeng.message.PushAgent$2.run() (PushAgent.java:165)
08-13 16:38:15.294 9053 9094 I zygote64: at java.lang.Object java.util.concurrent.Executors$RunnableAdapter.call() (Executors.java:457)
08-13 16:38:15.294 9053 9094 I zygote64: at void java.util.concurrent.FutureTask.run() (FutureTask.java:266)
08-13 16:38:15.294 9053 9094 I zygote64: at void java.util.concurrent.ScheduledThreadPoolExecutor$ScheduledFutureTask.run() (ScheduledThreadPoolExecutor.java:301)
08-13 16:38:15.294 9053 9094 I zygote64: at void java.util.concurrent.ThreadPoolExecutor.runWorker(java.util.concurrent.ThreadPoolExecutor$Worker) (ThreadPoolExecutor.java:1162)
08-13 16:38:15.294 9053 9094 I zygote64: at void java.util.concurrent.ThreadPoolExecutor$Worker.run() (ThreadPoolExecutor.java:636)
08-13 16:38:15.294 9053 9094 I zygote64: at void java.lang.Thread.run() (Thread.java:764)
08-13 16:38:15.294 9053 9094 I zygote64:
08-13 16:38:15.295 9053 9094 I zygote64: Rejecting re-init on previously-failed class java.lang.Class: java.lang.NoClassDefFoundError: Failed resolution of: Lcom/taobao/orange/OrangeConfigListenerV1;
08-13 16:38:15.295 9053 9094 I zygote64: at java.lang.Object java.lang.reflect.Constructor.newInstance0(java.lang.Object[]) (Constructor.java:-2)
08-13 16:38:15.295 9053 9094 I zygote64: at java.lang.Object java.lang.reflect.Constructor.newInstance(java.lang.Object[]) (Constructor.java:334)
08-13 16:38:15.295 9053 9094 I zygote64: at com.taobao.accs.IACCSManager com.taobao.accs.ACCSManager.createInner(android.content.Context, java.lang.String) (Taobao:430)
08-13 16:38:15.295 9053 9094 I zygote64: at com.taobao.accs.IACCSManager com.taobao.accs.ACCSManager.getAccsInstance(android.content.Context, java.lang.String, java.lang.String) (Taobao:416)
08-13 16:38:15.295 9053 9094 I zygote64: at void com.taobao.agoo.TaobaoRegister.register(android.content.Context, java.lang.String, java.lang.String, java.lang.String, java.lang.String, com.taobao.agoo.IRegister) (Taobao:118)
08-13 16:38:15.295 9053 9094 I zygote64: at void com.taobao.agoo.TaobaoRegister.register(android.content.Context, java.lang.String, java.lang.String, java.lang.String, com.taobao.agoo.IRegister) (Taobao:79)
08-13 16:38:15.295 9053 9094 I zygote64: at void com.umeng.message.PushAgent$2.run() (PushAgent.java:165)
08-13 16:38:15.295 9053 9094 I zygote64: at java.lang.Object java.util.concurrent.Executors$RunnableAdapter.call() (Executors.java:457)
08-13 16:38:15.295 9053 9094 I zygote64: at void java.util.concurrent.FutureTask.run() (FutureTask.java:266)
08-13 16:38:15.295 9053 9094 I zygote64: at void java.util.concurrent.ScheduledThreadPoolExecutor$ScheduledFutureTask.run() (ScheduledThreadPoolExecutor.java:301)
08-13 16:38:15.295 9053 9094 I zygote64: at void java.util.concurrent.ThreadPoolExecutor.runWorker(java.util.concurrent.ThreadPoolExecutor$Worker) (ThreadPoolExecutor.java:1162)
08-13 16:38:15.295 9053 9094 I zygote64: at void java.util.concurrent.ThreadPoolExecutor$Worker.run() (ThreadPoolExecutor.java:636)
08-13 16:38:15.295 9053 9094 I zygote64: at void java.lang.Thread.run() (Thread.java:764)
08-13 16:38:15.295 9053 9094 I zygote64: Caused by: java.lang.ClassNotFoundException: Didn't find class "com.taobao.orange.OrangeConfigListenerV1" on path: DexPathList[[zip file "/data/app/com.antutu.ABenchMark-A-LqICl6s1lUXsxzUV_CFg==/base.apk"],nativeLibraryDirectories=[/data/app/com.antutu.ABenchMark-A-LqICl6s1lUXsxzUV_CFg==/lib/arm64, /data/app/com.antutu.ABenchMark-A-LqICl6s1lUXsxzUV_CFg==/base.apk!/lib/arm64-v8a, /system/lib64]]
08-13 16:38:15.295 9053 9094 I zygote64: at java.lang.Class dalvik.system.BaseDexClassLoader.findClass(java.lang.String) (BaseDexClassLoader.java:125)
08-13 16:38:15.295 9053 9094 I zygote64: at java.lang.Class java.lang.ClassLoader.loadClass(java.lang.String, boolean) (ClassLoader.java:379)
08-13 16:38:15.295 9053 9094 I zygote64: at java.lang.Class java.lang.ClassLoader.loadClass(java.lang.String) (ClassLoader.java:312)
08-13 16:38:15.295 9053 9094 I zygote64: at java.lang.Object java.lang.reflect.Constructor.newInstance0(java.lang.Object[]) (Constructor.java:-2)
08-13 16:38:15.295 9053 9094 I zygote64: at java.lang.Object java.lang.reflect.Constructor.newInstance(java.lang.Object[]) (Constructor.java:334)
08-13 16:38:15.295 9053 9094 I zygote64: at com.taobao.accs.IACCSManager com.taobao.accs.ACCSManager.createInner(android.content.Context, java.lang.String) (Taobao:430)
08-13 16:38:15.295 9053 9094 I zygote64: at com.taobao.accs.IACCSManager com.taobao.accs.ACCSManager.getAccsInstance(android.content.Context, java.lang.String, java.lang.String) (Taobao:416)
08-13 16:38:15.295 9053 9094 I zygote64: at void com.taobao.agoo.TaobaoRegister.register(android.content.Context, java.lang.String, java.lang.String, java.lang.String, java.lang.String, com.taobao.agoo.IRegister) (Taobao:118)
08-13 16:38:15.295 9053 9094 I zygote64: at void com.taobao.agoo.TaobaoRegister.register(android.content.Context, java.lang.String, java.lang.String, java.lang.String, com.taobao.agoo.IRegister) (Taobao:79)
08-13 16:38:15.295 9053 9094 I zygote64: at void com.umeng.message.PushAgent$2.run() (PushAgent.java:165)
08-13 16:38:15.295 9053 9094 I zygote64: at java.lang.Object java.util.concurrent.Executors$RunnableAdapter.call() (Executors.java:457)
08-13 16:38:15.295 9053 9094 I zygote64: at void java.util.concurrent.FutureTask.run() (FutureTask.java:266)
08-13 16:38:15.295 9053 9094 I zygote64: at void java.util.concurrent.ScheduledThreadPoolExecutor$ScheduledFutureTask.run() (ScheduledThreadPoolExecutor.java:301)
08-13 16:38:15.295 9053 9094 I zygote64: at void java.util.concurrent.ThreadPoolExecutor.runWorker(java.util.concurrent.ThreadPoolExecutor$Worker) (ThreadPoolExecutor.java:1162)
08-13 16:38:15.295 9053 9094 I zygote64: at void java.util.concurrent.ThreadPoolExecutor$Worker.run() (ThreadPoolExecutor.java:636)
08-13 16:38:15.295 9053 9094 I zygote64: at void java.lang.Thread.run() (Thread.java:764)
08-13 16:38:15.295 9053 9094 I zygote64:
08-13 16:38:15.295 2279 2808 D PushService: clientid is e233304a6090b2f513b666f87b4144c0
08-13 16:38:15.295 1108 1143 W BroadcastQueue: Background execution not allowed: receiving Intent { act=com.igexin.sdk.action.ZJJ5spRHSxAO0QpkSa6hz8 flg=0x30 (has extras) } to com.antutu.ABenchMark/com.antutu.benchmark.receiver.GeTuiReceiver
08-13 16:38:15.297 9053 9094 I zygote64: Rejecting re-init on previously-failed class java.lang.Class: java.lang.NoClassDefFoundError: Failed resolution of: Lcom/taobao/orange/OrangeConfigListenerV1;
08-13 16:38:15.297 9053 9094 I zygote64: at java.lang.Object java.lang.reflect.Constructor.newInstance0(java.lang.Object[]) (Constructor.java:-2)
08-13 16:38:15.297 9053 9094 I zygote64: at java.lang.Object java.lang.reflect.Constructor.newInstance(java.lang.Object[]) (Constructor.java:334)
08-13 16:38:15.297 9053 9094 I zygote64: at com.taobao.accs.IACCSManager com.taobao.accs.ACCSManager.createInner(android.content.Context, java.lang.String) (Taobao:430)
08-13 16:38:15.297 744 793 I ASH : @ 4108.001: ccb_proximityHandle: PRX_STATE_BEGIN
08-13 16:38:15.297 9053 9094 I zygote64: at com.taobao.accs.IACCSManager com.taobao.accs.ACCSManager.getAccsInstance(android.content.Context, java.lang.String, java.lang.String) (Taobao:416)
08-13 16:38:15.297 9053 9094 I zygote64: at void com.taobao.agoo.TaobaoRegister.register(android.content.Context, java.lang.String, java.lang.String, java.lang.String, java.lang.String, com.taobao.agoo.IRegister) (Taobao:118)
08-13 16:38:15.297 9053 9094 I zygote64: at void com.taobao.agoo.TaobaoRegister.register(android.content.Context, java.lang.String, java.lang.String, java.lang.String, com.taobao.agoo.IRegister) (Taobao:79)
08-13 16:38:15.297 9053 9094 I zygote64: at void com.umeng.message.PushAgent$2.run() (PushAgent.java:165)
08-13 16:38:15.297 9053 9094 I zygote64: at java.lang.Object java.util.concurrent.Executors$RunnableAdapter.call() (Executors.java:457)
08-13 16:38:15.297 9053 9094 I zygote64: at void java.util.concurrent.FutureTask.run() (FutureTask.java:266)
08-13 16:38:15.297 9053 9094 I zygote64: at void java.util.concurrent.ScheduledThreadPoolExecutor$ScheduledFutureTask.run() (ScheduledThreadPoolExecutor.java:301)
