08-13 16:36:42.602 2321 8695 W Search.LoginHelper: at android.accounts.AccountManager$AmsTask.internalGetResult(AccountManager.java:2298)
08-13 16:36:42.602 2321 8695 W Search.LoginHelper: at android.accounts.AccountManager$AmsTask.getResult(AccountManager.java:2304)
08-13 16:36:42.602 2321 8695 W Search.LoginHelper: at android.accounts.AccountManager$AmsTask.getResult(AccountManager.java:2301)
08-13 16:36:42.602 2321 8695 W Search.LoginHelper: at android.accounts.AccountManager.blockingGetAuthToken(AccountManager.java:1498)
08-13 16:36:42.602 2321 8695 W Search.LoginHelper: at com.google.android.apps.gsa.search.core.google.gaia.d.b(SourceFile:26)
08-13 16:36:42.602 2321 8695 W Search.LoginHelper: ... 15 more
08-13 16:36:42.817 2607 2607 W Notification: Use of stream types is deprecated for operations other than volume control
08-13 16:36:42.817 2607 2607 W Notification: See the documentation of setSound() for what to use instead with android.media.AudioAttributes to qualify your playback use case
08-13 16:36:42.847 2607 2607 W tutu.ABenchMark: type=1400 audit(0.0:558): avc: denied { read } for name="stat" dev="proc" ino=4026532079 scontext=u:r:untrusted_app:s0:c512,c768 tcontext=u:object_r:proc_stat:s0 tclass=file permissive=0
08-13 16:36:42.856 2607 2607 W Notification: Use of stream types is deprecated for operations other than volume control
08-13 16:36:42.856 2607 2607 W Notification: See the documentation of setSound() for what to use instead with android.media.AudioAttributes to qualify your playback use case
08-13 16:36:43.952 1108 2477 D WificondControl: Scan result ready event
08-13 16:36:43.991 1108 1273 D WificondScannerImpl: Filtering out 2 scan results.
08-13 16:36:44.019 1108 1449 I WifiService: getWifiEnabledState uid=10015
08-13 16:36:44.019 1108 1449 I WifiService: getConnectionInfo uid=10015
08-13 16:36:44.045 1108 1118 I WifiService: getConnectionInfo uid=10125
08-13 16:36:45.521 1410 1463 I zygote64: Waiting for a blocking GC ProfileSaver
08-13 16:36:45.557 1410 1463 I zygote64: WaitForGcToComplete blocked ProfileSaver on ProfileSaver for 36.438ms
08-13 16:36:46.104 1108 1118 I ActivityManager: Start proc 8713:com.google.android.music:main/u0a73 for service com.google.android.music/.sync.google.MusicGcmTaskService
08-13 16:36:46.150 8713 8713 I zygote64: The ClassLoaderContext is a special shared library.
08-13 16:36:46.185 8713 8713 I MultiDex: VM with version 2.1.0 has multidex support
08-13 16:36:46.185 8713 8713 I MultiDex: install
08-13 16:36:46.185 8713 8713 I MultiDex: VM has multidex support, MultiDex support library is disabled.
08-13 16:36:46.206 8713 8713 D MusicLifecycle: com.google.android.music.store.ConfigContentProvider generated event: Content provider created
08-13 16:36:46.230 8713 8713 I BaseStore: ConfigStore database version: 1
08-13 16:36:46.234 8713 8713 D MusicLifecycle: com.google.android.music.api.MusicPublicContentProvider generated event: Content provider created
08-13 16:36:46.252 8713 8713 D MusicLifecycle: com.google.android.music.store.MusicContentProvider generated event: Content provider created
08-13 16:36:46.272 8713 8713 I BaseStore: Store database version: 146
08-13 16:36:46.296 2279 8120 W OkHttpClient: A connection to http://sdk.open.phone.igexin.com/ was leaked. Did you forget to close a response body?
08-13 16:36:46.296 2279 8120 I chatty : uid=10125(com.antutu.ABenchMark) OkHttp Connecti identical 4 lines
08-13 16:36:46.296 2279 8120 W OkHttpClient: A connection to http://sdk.open.phone.igexin.com/ was leaked. Did you forget to close a response body?
08-13 16:36:46.321 8713 8713 I NetworkPolicyMonitor: Download-ability status changed to (true) unmetered wifi/eth: true mobileOrMetered: false
08-13 16:36:46.325 8713 8713 I NetworkPolicyMonitor: Stream-ability status changed to (true) unmetered wifi/eth: true mobileOrMetered: false
08-13 16:36:46.382 8713 8713 D MusicLifecycle: com.google.android.music.ui.PhoneMusicApplication generated event: Application created
08-13 16:36:46.392 8713 8713 I zygote64: The ClassLoaderContext is a special shared library.
08-13 16:36:46.395 8713 8713 I chatty : uid=10073 com.google.android.music:main identical 1 line
08-13 16:36:46.396 8713 8713 I zygote64: The ClassLoaderContext is a special shared library.
08-13 16:36:46.408 8713 8713 V NativeCrypto: Registering com/google/android/gms/org/conscrypt/NativeCrypto's 259 native methods...
08-13 16:36:46.417 8713 8713 D NetworkSecurityConfig: No Network Security Config specified, using platform default
08-13 16:36:46.417 8713 8713 I ProviderInstaller: Installed default security provider GmsCore_OpenSSL
08-13 16:36:46.418 8713 8713 D AndroidMusic: GMSCore installation verified
08-13 16:36:46.433 8713 8713 V MediaRouter: Adding route: RouteInfo{ name=Phone, description=null, status=null, category=RouteCategory{ name=System types=ROUTE_TYPE_LIVE_AUDIO ROUTE_TYPE_LIVE_VIDEO groupable=false }, supportedTypes=ROUTE_TYPE_LIVE_AUDIO ROUTE_TYPE_LIVE_VIDEO , presentationDisplay=null }
08-13 16:36:46.436 8713 8713 V MediaRouter: Selecting route: RouteInfo{ name=Phone, description=null, status=null, category=RouteCategory{ name=System types=ROUTE_TYPE_LIVE_AUDIO ROUTE_TYPE_LIVE_VIDEO groupable=false }, supportedTypes=ROUTE_TYPE_LIVE_AUDIO ROUTE_TYPE_LIVE_VIDEO , presentationDisplay=null }
08-13 16:36:46.437 8713 8713 I MediaRouter: Found default route: MediaRouter.RouteInfo{ uniqueId=android/.support.v7.media.SystemMediaRouteProvider:DEFAULT_ROUTE, name=Phone, description=null, iconUri=null, enabled=true, connecting=false, connectionState=0, canDisconnect=false, playbackType=0, playbackStream=3, deviceType=0, volumeHandling=1, volume=0, volumeMax=25, presentationDisplayId=-1, extras=null, settingsIntent=null, providerPackageName=android }
08-13 16:36:46.454 8713 8713 I MusicExperimentManager: Received config change, experiments list is 12600325,12600335,12600357,12600390,12600394,12600397,12600426,12600428,12600430,12600446,12600465,12600466,12600467,12600506,12600526,12600530,12600536,12602068,12604244,12604245,12604246,12611729,12612165,12612247,12616614,12616615,12617467,12619023,12619033,12619127,12620830,12625361,12625500,12625941,12626008,12626945,12627281,12627951,12628654,12629142,12629667,12630065,12630209,12631091,12631414,12631643,12632064,12632720,12633320,12634000,12635213,12636020,12641835,12641838,12642011,12642809,12643537,12648954,12649047,12650240,12650284,12652170,12653224,12653567,12655169,12655808,12656072,12656556,12656567,12656997,20350003,20350004,20350006
08-13 16:36:46.470 8713 8713 I PlaybackClient: init: Initializing
08-13 16:36:46.471 8713 8743 D Primes : Crash metric disabled - not registering for startup notifications.
08-13 16:36:46.471 8713 8743 D Primes : Package metric disabled.
08-13 16:36:46.471 8713 8743 D Primes : Battery metric disabled
08-13 16:36:46.471 8713 8743 D Primes : MagicEye logging metric disabled
08-13 16:36:46.485 8713 8713 D MusicLifecycle: com.google.android.music.net.NetworkConnectivityMonitor$NetworkChangedReceiver generated event: Broadcast received with context com.google.android.music.ui.PhoneMusicApplication@44513bc and intent Intent { act=android.net.conn.CONNECTIVITY_CHANGE flg=0x4000010 (has extras) }
08-13 16:36:46.486 8713 8713 I NetworkConnectivity: Network state changed: [type: WIFI[], state: CONNECTED/CONNECTED, reason: (unspecified), extra: "EmployeeHotspot", failover: false, available: true, roaming: false]
08-13 16:36:46.492 8713 8713 D MusicLifecycle: com.google.android.music.download.artwork.ArtDownloadService generated event: Service created
08-13 16:36:46.507 8713 8713 D MusicLifecycle: com.google.android.music.download.EncapsulatedBroadcastReceiver$1 generated event: Broadcast received with context com.google.android.music.ui.PhoneMusicApplication@44513bc and intent Intent { act=com.google.android.music.ResumeStorageMigration flg=0x10 (has extras) }
08-13 16:36:46.508 8713 8713 V MediaRouter: Selecting route: RouteInfo{ name=Phone, description=null, status=null, category=RouteCategory{ name=System types=ROUTE_TYPE_LIVE_AUDIO ROUTE_TYPE_LIVE_VIDEO groupable=false }, supportedTypes=ROUTE_TYPE_LIVE_AUDIO ROUTE_TYPE_LIVE_VIDEO , presentationDisplay=null }
08-13 16:36:46.511 8713 8713 D MusicLifecycle: com.google.android.music.download.EncapsulatedBroadcastReceiver$1 generated event: Broadcast received with context com.google.android.music.ui.PhoneMusicApplication@44513bc and intent Intent { act=com.google.android.music.download.keepon.KeeponSchedulingService.START_DOWNLOAD flg=0x10 }
08-13 16:36:46.531 1108 1118 I WifiService: getConnectionInfo uid=10015
08-13 16:36:46.532 1108 1118 I WifiService: getConnectionInfo uid=10015
08-13 16:36:46.534 1108 1118 I WifiService: getDhcpInfo uid=10015
08-13 16:36:46.536 1108 1118 I WifiService: getConnectionInfo uid=10015
08-13 16:36:46.538 1108 1118 I WifiService: getDhcpInfo uid=10015
08-13 16:36:46.544 2569 3041 W Herrevad: [167] tpk.b: Invalid mccmnc
08-13 16:36:46.545 2569 3041 W Herrevad: [167] tpk.b: Invalid mccmnc
08-13 16:36:46.562 8713 8751 W NetworkBandwidthMonitor: Unsuccessful attempt to get a Network Quality Client prediction (quality==null)
08-13 16:36:46.603 2569 8762 W FontsUpdateScheduler: New version from GServices 14 is less than or equal to current version 14
08-13 16:36:46.603 2569 8762 I FontsUpdateScheduler: Did not start update
08-13 16:36:46.614 2197 3964 W Conscrypt: Could not set socket write timeout:
08-13 16:36:46.614 2197 3964 W Conscrypt: java.lang.reflect.Method.invoke(Native Method)
08-13 16:36:46.614 2197 3964 W Conscrypt: com.google.android.gms.org.conscrypt.Platform.setSocketWriteTimeout(:com.google.android.gms@11580948:13)
08-13 16:36:49.970 2197 3180 W Conscrypt: Could not set socket write timeout:
08-13 16:36:49.970 2197 3180 W Conscrypt: java.lang.reflect.Method.invoke(Native Method)
08-13 16:36:49.971 2197 3180 W Conscrypt: com.google.android.gms.org.conscrypt.Platform.setSocketWriteTimeout(:com.google.android.gms@11580948:13)
08-13 16:36:50.950 744 793 I VSC : @ 4023.653: [VSC] Request sensor 131074, sample_duration 0 ms, report_duration 0 ms
08-13 16:36:50.950 744 793 I VSC : @ 4023.654: [VSC] Stopping sensor events for sensor 65537
08-13 16:36:50.953 744 793 D CHRE : @ 4023.656: -: id 0, otherClientPresent 0, mode 3
08-13 16:36:51.172 8713 8728 I zygote64: Waiting for a blocking GC ProfileSaver
08-13 16:36:51.218 8713 8728 I zygote64: WaitForGcToComplete blocked ProfileSaver on HeapTrim for 45.599ms
08-13 16:36:51.471 1108 1143 W BroadcastQueue: Background execution not allowed: receiving Intent { act=com.google.android.music.START_DOWNLOAD_SCHEDULING flg=0x10 } to com.google.android.music/.autocache.AutoCacheSchedulingService$EnablingReceiver
08-13 16:36:51.471 1108 1143 W BroadcastQueue: Background execution not allowed: receiving Intent { act=com.google.android.music.START_DOWNLOAD_SCHEDULING flg=0x10 } to com.google.android.music/.wear.WearBroadcastReceiver
08-13 16:36:51.532 8713 8746 E AwarenessRouter: Unable to remove previous context fences: Status{statusCode=TIMEOUT, resolution=null}
08-13 16:36:51.628 8713 8745 I MediaStoreImporter: Update: incremental Added music: 0 Updated music: 0 Deleted music: 0 Created playlists: 0 Updated playlists: 0 Deleted playlists: 0 Inserted playlist items: 0 Deleted playlist items: 0 Removed orphaned playlist items: 0
08-13 16:36:51.630 1108 1143 W BroadcastQueue: Background execution not allowed: receiving Intent { act=com.google.android.music.IMPORT_COMPLETE flg=0x10 } to com.google.android.music/.wear.WearBroadcastReceiver
08-13 16:36:51.630 8713 8713 D MusicLifecycle: com.google.android.music.download.EncapsulatedBroadcastReceiver$1 generated event: Broadcast received with context com.google.android.music.ui.PhoneMusicApplication@44513bc and intent Intent { act=com.google.android.music.IMPORT_COMPLETE flg=0x10 }
08-13 16:36:52.486 2197 8285 W Conscrypt: Could not set socket write timeout:
08-13 16:36:52.487 2197 8285 W Conscrypt: java.lang.reflect.Method.invoke(Native Method)
08-13 16:36:52.487 2197 8285 W Conscrypt: com.google.android.gms.org.conscrypt.Platform.setSocketWriteTimeout(:com.google.android.gms@11580948:13)
08-13 16:36:52.879 2607 2607 W Notification: Use of stream types is deprecated for operations other than volume control
08-13 16:36:52.879 2607 2607 W Notification: See the documentation of setSound() for what to use instead with android.media.AudioAttributes to qualify your playback use case
08-13 16:36:52.901 2607 2607 W tutu.ABenchMark: type=1400 audit(0.0:559): avc: denied { read } for name="stat" dev="proc" ino=4026532079 scontext=u:r:untrusted_app:s0:c512,c768 tcontext=u:object_r:proc_stat:s0 tclass=file permissive=0
08-13 16:36:52.909 2607 2607 W Notification: Use of stream types is deprecated for operations other than volume control
08-13 16:36:52.909 2607 2607 W Notification: See the documentation of setSound() for what to use instead with android.media.AudioAttributes to qualify your playback use case
08-13 16:37:02.186 715 2118 D audio_hw_primary: enable_snd_device: snd_device(2: speaker)
08-13 16:37:02.186 715 2118 D audio_route: Apply path: speaker
08-13 16:37:02.188 715 2118 D ACDB-LOADER: ACDB -> send_audio_cal, acdb_id = 15, path = 0, app id = 0x11130, sample rate = 48000
08-13 16:37:02.188 715 2118 D ACDB-LOADER: ACDB -> ACDB_CMD_GET_AUDPROC_GAIN_DEP_STEP_TABLE, vol index 0
08-13 16:37:02.188 715 2118 D ACDB-LOADER: ACDB -> GET_AFE_TOPOLOGY_ID for adcd_id 15, Topology Id 112fc
08-13 16:37:02.188 715 2118 D : Failed to fetch the lookup information of the device 0000000F
08-13 16:37:02.188 715 2118 D ACDB-LOADER: Error: ACDB AFE returned = -19
08-13 16:37:02.188 715 2118 D audio_hw_primary: enable_audio_route: usecase(1) apply and update mixer path: low-latency-playback speaker
08-13 16:37:02.188 715 2118 D audio_route: Apply path: low-latency-playback speaker
08-13 16:37:02.189 2081 2096 E ANDR-PERF-RESOURCEQS: Failed to apply optimization [2, 0]
08-13 16:37:02.220 715 2118 D audio_hw_primary: out_write: retry previous failed cal level set
08-13 16:37:02.220 715 2118 W msm8974_platform: platform_send_gain_dep_cal: Usecase list is empty
08-13 16:37:02.254 1108 1238 I ActivityManager: START u0 {act=android.intent.action.MAIN cat=[android.intent.category.HOME] flg=0x10200000 cmp=com.google.android.apps.nexuslauncher/.NexusLauncherActivity (has extras)} from uid 1000
08-13 16:37:02.437 2321 8291 E GmsContextObserver: Failed to register context manager listener: Status{statusCode=CANCELED, resolution=null}
08-13 16:37:02.912 2607 2607 W Notification: Use of stream types is deprecated for operations other than volume control
08-13 16:37:02.912 2607 2607 W Notification: See the documentation of setSound() for what to use instead with android.media.AudioAttributes to qualify your playback use case
08-13 16:37:02.921 2607 2607 W tutu.ABenchMark: type=1400 audit(0.0:560): avc: denied { read } for name="stat" dev="proc" ino=4026532079 scontext=u:r:untrusted_app:s0:c512,c768 tcontext=u:object_r:proc_stat:s0 tclass=file permissive=0
08-13 16:37:02.929 2607 2607 W Notification: Use of stream types is deprecated for operations other than volume control
08-13 16:37:02.929 2607 2607 W Notification: See the documentation of setSound() for what to use instead with android.media.AudioAttributes to qualify your playback use case
08-13 16:37:04.156 2383 2383 I zygote64: Deoptimizing void android.support.v7.widget.M.layoutChunk(android.support.v7.widget.s, android.support.v7.widget.e, android.support.v7.widget.R, android.support.v7.widget.T) due to JIT inline cache
08-13 16:37:04.648 1108 1118 D WificondControl: Scan result ready event
08-13 16:37:04.660 1108 1273 D WificondScannerImpl: Filtering out 11 scan results.
08-13 16:37:04.674 1108 1449 I WifiService: getWifiEnabledState uid=10015
08-13 16:37:04.675 1108 1449 I WifiService: getConnectionInfo uid=10015
08-13 16:37:05.212 1108 1449 I ActivityManager: START u0 {act=android.intent.action.MAIN cat=[android.intent.category.LAUNCHER] flg=0x10200000 cmp=com.antutu.ABenchMark/.ABenchMarkStart bnds=[237,200][439,462]} from uid 10016
08-13 16:37:05.220 730 730 D QCOM PowerHAL: LAUNCH HINT: ON
08-13 16:37:05.221 730 730 D QCOM PowerHAL: Activity launch hint handled
08-13 16:37:05.244 1108 2477 I ActivityManager: START u0 {flg=0x10000000 cmp=com.antutu.ABenchMark/com.antutu.benchmark.ui.ad.ActivitySplashAD} from uid 10125
08-13 16:37:05.246 730 730 D QCOM PowerHAL: LAUNCH HINT: ON
08-13 16:37:05.246 730 730 D QCOM PowerHAL: Activity launch hint handled
08-13 16:37:05.289 2607 2607 D com.umeng.message.proguard.m: appLaunchAt=1534145456346
08-13 16:37:05.306 1108 2477 I WifiService: getConnectionInfo uid=10125
08-13 16:37:05.325 2607 2703 I System.out: true
08-13 16:37:05.331 2321 2321 I MicroDetector: Keeping mic open: false
08-13 16:37:05.332 1443 1443 I Elmyra/ElmyraService: Gated by NavigationBarVisibility [mIsNavigationHidden -> true; mExceptions -> [DismissTimer [mReceiverRegistered -> true], SnoozeAlarm [mReceiverRegistered -> true], SilenceCall [mSilenceSettingEnabled -> true], ServiceAction]]
08-13 16:37:05.332 2321 8182 I DeviceStateChecker: DeviceStateChecker cancelled
08-13 16:37:05.333 2321 8174 I AudioController: internalShutdown
08-13 16:37:05.333 2321 2768 I MicroRecognitionRunner: Stopping hotword detection.
08-13 16:37:05.334 2321 8174 I MicrophoneInputStream: mic_close com.google.android.apps.gsa.speech.audio.af@15d8057
08-13 16:37:05.338 744 793 I ASH : @ 4038.041: ams_deviceSetConfig: Disabling proximity
08-13 16:37:05.338 2607 2635 I zygote64: Waiting for a blocking GC ProfileSaver
08-13 16:37:05.347 730 730 D QCOM PowerHAL: LAUNCH HINT: OFF
08-13 16:37:05.351 1108 1154 I ActivityManager: Displayed com.antutu.ABenchMark/com.antutu.benchmark.ui.ad.ActivitySplashAD: +81ms
08-13 16:37:05.360 715 715 D audio_hw_primary: disable_audio_route: usecase(9) reset and update mixer path: audio-record
08-13 16:37:05.361 715 715 D audio_hw_primary: disable_snd_device: snd_device(75: voice-rec-mic)
08-13 16:37:05.363 715 715 D sound_trigger_platform: platform_stdev_check_and_update_concurrency: concurrency active 0, tx 0, rx 0, concurrency session_allowed 1
08-13 16:37:05.364 2321 8172 I MicroRecognitionRunner: Detection finished
08-13 16:37:05.600 1549 1549 I WallpaperService: engine paused
08-13 16:37:05.605 744 793 D CHRE : @ 4038.308: -: id 10, otherClientPresent 0, mode 3
08-13 16:37:05.605 744 793 D CHRE : @ 4038.309: [ImuCal] Dynamic sensor configuration: stand-by.
08-13 16:37:05.605 744 793 D CHRE : @ 4038.309: sensorType 9 allowed 0: mergedMode 3, otherClientPresent 0
08-13 16:37:05.605 744 793 D CHRE : @ 4038.309: sensorType 11 allowed 0: mergedMode 3, otherClientPresent 0
08-13 16:37:05.606 744 793 D CHRE : @ 4038.309: sensorType 13 allowed 0: mergedMode 3, otherClientPresent 0
08-13 16:37:05.718 2321 8174 I PBSessionCacheImpl: Deleted sessionId[633816784548] from persistence.
08-13 16:37:05.746 2321 2321 W SearchService: Abort, client detached.
08-13 16:37:06.839 2197 4573 E LockboxBrokerService: Could not query UDC's getDeviceDataUploadOptInStatus; 15 null
08-13 16:37:06.856 2197 2938 W UdcContextManagerHelper: Failure reading udc context: 15
08-13 16:37:06.856 2197 2938 W UdcContextManagerHelper: Empty context buffer. Thus might mean that the context is not synced down.
08-13 16:37:06.857 2197 2938 W UploadOptInStatusOp: Empty context model while retrieving upload opt-in status!
08-13 16:37:06.935 2197 2225 W zygote64: Couldn't lock the profile file /data/misc/profiles/cur/0/com.google.android.gms/primary.prof: Failed to lock file '/data/misc/profiles/cur/0/com.google.android.gms/primary.prof': Try again
08-13 16:37:06.936 2197 2225 W zygote64: Could not forcefully load profile /data/misc/profiles/cur/0/com.google.android.gms/primary.prof
08-13 16:37:06.972 1108 2380 W DiskStatsService: exception reading diskstats cache file
08-13 16:37:06.972 1108 2380 W DiskStatsService: java.io.FileNotFoundException: /data/system/diskstats_cache.json: open failed: ENOENT (No such file or directory)
08-13 16:37:06.972 1108 2380 W DiskStatsService: at libcore.io.IoBridge.open(IoBridge.java:512)
08-13 16:37:06.972 1108 2380 W DiskStatsService: at libcore.io.IoUtils$FileReader.(IoUtils.java:207)
08-13 16:37:06.972 1108 2380 W DiskStatsService: at libcore.io.IoUtils.readFileAsString(IoUtils.java:114)
08-13 16:37:06.972 1108 2380 W DiskStatsService: at com.android.server.DiskStatsService.reportCachedValues(DiskStatsService.java:201)
08-13 16:37:06.972 1108 2380 W DiskStatsService: at com.android.server.DiskStatsService.dump(DiskStatsService.java:139)
08-13 16:37:06.972 1108 2380 W DiskStatsService: at android.os.Binder.doDump(Binder.java:531)
08-13 16:37:06.972 1108 2380 W DiskStatsService: at android.os.Binder.dump(Binder.java:521)
08-13 16:37:06.972 1108 2380 W DiskStatsService: at android.os.Binder.onTransact(Binder.java:471)
08-13 16:37:06.972 1108 2380 W DiskStatsService: at android.os.Binder.execTransact(Binder.java:697)
08-13 16:37:06.972 1108 2380 W DiskStatsService: Caused by: android.system.ErrnoException: open failed: ENOENT (No such file or directory)
08-13 16:37:06.972 1108 2380 W DiskStatsService: at libcore.io.Linux.open(Native Method)
08-13 16:37:06.972 1108 2380 W DiskStatsService: at libcore.io.BlockGuardOs.open(BlockGuardOs.java:207)
08-13 16:37:06.972 1108 2380 W DiskStatsService: at libcore.io.IoBridge.open(IoBridge.java:498)
08-13 16:37:06.972 1108 2380 W DiskStatsService: ... 8 more
08-13 16:37:08.327 2607 2607 E gdt_ad_mob: 加载开屏广告网络超时,请检查网络状态 [当前设置的超时时长为:3000ms]
08-13 16:37:08.361 715 1174 D audio_hw_primary: disable_audio_route: usecase(1) reset and update mixer path: low-latency-playback speaker
08-13 16:37:08.364 715 1174 D audio_hw_primary: disable_snd_device: snd_device(2: speaker)
08-13 16:37:08.614 2197 8774 E LockboxBrokerService: Could not query UDC's getDeviceDataUploadOptInStatus; 15 null
08-13 16:37:10.377 1443 1443 I Elmyra/ElmyraService: Unblocked; current action: SetupWizardAction
08-13 16:37:10.390 744 793 I ASH : @ 4043.093: ccb_proximityInit: PROX initialized w/initData
08-13 16:37:10.439 744 793 I ASH : @ 4043.142: ccb_proximityHandle: PRX_STATE_BEGIN
08-13 16:37:10.439 744 793 I ASH : @ 4043.143: ccb_proximityHandle: initial state farAway
08-13 16:37:10.713 2321 2331 E ReloadingLock: Finalizing LOCKED Token[searchresults_activity 2018-08-13 16:36:37.571]
08-13 16:37:10.714 2321 2331 E ReloadingLock: Finalizing LOCKED Token[canvas 2018-08-13 16:36:37.571]
08-13 16:37:10.761 2321 8173 I EventLogSendingHelper: Sending log events.
08-13 16:37:12.939 2607 2607 W Notification: Use of stream types is deprecated for operations other than volume control
08-13 16:37:12.939 2607 2607 W Notification: See the documentation of setSound() for what to use instead with android.media.AudioAttributes to qualify your playback use case
08-13 16:37:12.954 2607 2607 W tutu.ABenchMark: type=1400 audit(0.0:561): avc: denied { read } for name="stat" dev="proc" ino=4026532079 scontext=u:r:untrusted_app:s0:c512,c768 tcontext=u:object_r:proc_stat:s0 tclass=file permissive=0
08-13 16:37:12.961 2607 2607 W Notification: Use of stream types is deprecated for operations other than volume control
08-13 16:37:12.961 2607 2607 W Notification: See the documentation of setSound() for what to use instead with android.media.AudioAttributes to qualify your playback use case
08-13 16:37:13.355 2607 2607 W Settings: Setting always_finish_activities has moved from android.provider.Settings.System to android.provider.Settings.Global, returning read-only value.
08-13 16:37:13.357 715 2118 D audio_hw_primary: enable_snd_device: snd_device(2: speaker)
08-13 16:37:13.357 715 2118 D audio_route: Apply path: speaker
08-13 16:37:13.359 715 2118 D ACDB-LOADER: ACDB -> send_audio_cal, acdb_id = 15, path = 0, app id = 0x11130, sample rate = 48000
08-13 16:37:13.359 715 2118 D ACDB-LOADER: ACDB -> ACDB_CMD_GET_AUDPROC_GAIN_DEP_STEP_TABLE, vol index 0
08-13 16:37:13.359 1108 2380 I ActivityManager: START u0 {flg=0x14000000 cmp=com.antutu.ABenchMark/com.antutu.benchmark.ui.test.activity.ActivityScoreBench (has extras)} from uid 10125
08-13 16:37:13.359 715 2118 D ACDB-LOADER: ACDB -> GET_AFE_TOPOLOGY_ID for adcd_id 15, Topology Id 112fc
08-13 16:37:13.359 715 2118 D : Failed to fetch the lookup information of the device 0000000F
08-13 16:37:13.359 715 2118 D ACDB-LOADER: Error: ACDB AFE returned = -19
08-13 16:37:13.359 715 2118 D audio_hw_primary: enable_audio_route: usecase(1) apply and update mixer path: low-latency-playback speaker
08-13 16:37:13.359 715 2118 D audio_route: Apply path: low-latency-playback speaker
08-13 16:37:13.361 730 730 D QCOM PowerHAL: LAUNCH HINT: ON
08-13 16:37:13.361 2081 2096 E ANDR-PERF-RESOURCEQS: Failed to apply optimization [2, 0]
08-13 16:37:13.362 730 730 D QCOM PowerHAL: Activity launch hint handled
08-13 16:37:13.380 2607 2607 D com.umeng.message.proguard.m: appLaunchAt=1534145456346
08-13 16:37:13.383 2607 2607 I AppCompatViewInflater: app:theme is now deprecated. Please move to using android:theme instead.
08-13 16:37:13.388 715 2118 D audio_hw_primary: out_write: retry previous failed cal level set
08-13 16:37:13.391 2607 2607 I zygote64: Deoptimizing void android.support.v7.widget.y.a(android.content.Context, android.support.v7.widget.bp) due to JIT inline cache
08-13 16:37:13.400 2607 2607 D skia : --- SkAndroidCodec::NewFromStream returned null
08-13 16:37:13.400 2607 2607 W Notification: Use of stream types is deprecated for operations other than volume control
08-13 16:37:13.400 2607 2607 W Notification: See the documentation of setSound() for what to use instead with android.media.AudioAttributes to qualify your playback use case
08-13 16:37:13.401 2607 2607 D skia : --- SkAndroidCodec::NewFromStream returned null
08-13 16:37:13.401 2607 2607 W Notification: Use of stream types is deprecated for operations other than volume control
08-13 16:37:13.401 2607 2607 W Notification: See the documentation of setSound() for what to use instead with android.media.AudioAttributes to qualify your playback use case
08-13 16:37:13.406 1108 1449 I ActivityManager: START u0 {act=com.antutu.benchmark.full.RUN_3D flg=0x14000000 pkg=com.antutu.benchmark.full cmp=com.antutu.benchmark.full/.TransferActivity (has extras)} from uid 10125
08-13 16:37:13.411 730 730 D QCOM PowerHAL: LAUNCH HINT: ON
08-13 16:37:13.412 730 730 D QCOM PowerHAL: Activity launch hint handled
08-13 16:37:13.414 1443 1443 I Elmyra/ElmyraService: Gated by NavigationBarVisibility [mIsNavigationHidden -> true; mExceptions -> [DismissTimer [mReceiverRegistered -> true], SnoozeAlarm [mReceiverRegistered -> true], SilenceCall [mSilenceSettingEnabled -> true], ServiceAction]]
08-13 16:37:13.418 744 793 I ASH : @ 4046.122: ams_deviceSetConfig: Disabling proximity
08-13 16:37:13.445 1108 2477 I ActivityManager: START u0 {act=android.content.pm.action.REQUEST_PERMISSIONS pkg=com.google.android.packageinstaller cmp=com.google.android.packageinstaller/com.android.packageinstaller.permission.ui.GrantPermissionsActivity (has extras)} from uid 10126
08-13 16:37:13.447 1108 2477 W ActivityManager: startActivity called from finishing ActivityRecord{f54e2e2 u0 com.antutu.benchmark.full/.TransferActivity t96 f}; forcing Intent.FLAG_ACTIVITY_NEW_TASK for: Intent { act=android.content.pm.action.REQUEST_PERMISSIONS flg=0x800000 pkg=com.google.android.packageinstaller cmp=com.google.android.packageinstaller/com.android.packageinstaller.permission.ui.GrantPermissionsActivity (has extras) }
08-13 16:37:13.448 730 730 D QCOM PowerHAL: LAUNCH HINT: ON
08-13 16:37:13.448 730 730 D QCOM PowerHAL: Activity launch hint handled
08-13 16:37:13.455 1443 1443 I Elmyra/ElmyraService: Unblocked; current action: SetupWizardAction
08-13 16:37:13.458 6877 6877 I GrantPermissionsActivity: No package: null
08-13 16:37:13.458 6877 6877 I GrantPermissionsActivity: android.content.pm.PackageManager$NameNotFoundException
08-13 16:37:13.458 6877 6877 I GrantPermissionsActivity: at android.app.ApplicationPackageManager.getPackageInfoAsUser(ApplicationPackageManager.java:173)
08-13 16:37:13.458 6877 6877 I GrantPermissionsActivity: at android.app.ApplicationPackageManager.getPackageInfo(ApplicationPackageManager.java:144)
08-13 16:37:13.458 6877 6877 I GrantPermissionsActivity: at com.android.packageinstaller.permission.ui.GrantPermissionsActivity.getCallingPackageInfo(GrantPermissionsActivity.java:412)
08-13 16:37:13.458 6877 6877 I GrantPermissionsActivity: at com.android.packageinstaller.permission.ui.GrantPermissionsActivity.onCreate(GrantPermissionsActivity.java:114)
08-13 16:37:13.458 6877 6877 I GrantPermissionsActivity: at android.app.Activity.performCreate(Activity.java:6999)
08-13 16:37:13.458 6877 6877 I GrantPermissionsActivity: at android.app.Activity.performCreate(Activity.java:6990)
08-13 16:37:13.458 6877 6877 I GrantPermissionsActivity: at android.app.Instrumentation.callActivityOnCreate(Instrumentation.java:1214)
08-13 16:37:13.458 6877 6877 I GrantPermissionsActivity: at android.app.ActivityThread.performLaunchActivity(ActivityThread.java:2731)
08-13 16:37:13.458 6877 6877 I GrantPermissionsActivity: at android.app.ActivityThread.handleLaunchActivity(ActivityThread.java:2856)
08-13 16:37:13.458 6877 6877 I GrantPermissionsActivity: at android.app.ActivityThread.-wrap11(Unknown Source:0)
08-13 16:37:13.458 6877 6877 I GrantPermissionsActivity: at android.app.ActivityThread$H.handleMessage(ActivityThread.java:1589)
08-13 16:37:13.458 6877 6877 I GrantPermissionsActivity: at android.os.Handler.dispatchMessage(Handler.java:106)
08-13 16:37:13.458 6877 6877 I GrantPermissionsActivity: at android.os.Looper.loop(Looper.java:164)
08-13 16:37:13.458 6877 6877 I GrantPermissionsActivity: at android.app.ActivityThread.main(ActivityThread.java:6494)
08-13 16:37:13.458 6877 6877 I GrantPermissionsActivity: at java.lang.reflect.Method.invoke(Native Method)
08-13 16:37:13.458 6877 6877 I GrantPermissionsActivity: at com.android.internal.os.RuntimeInit$MethodAndArgsCaller.run(RuntimeInit.java:438)
08-13 16:37:13.458 6877 6877 I GrantPermissionsActivity: at com.android.internal.os.ZygoteInit.main(ZygoteInit.java:807)
08-13 16:37:13.467 744 793 I ASH : @ 4046.170: ccb_proximityInit: PROX initialized w/initData
08-13 16:37:13.502 730 730 D QCOM PowerHAL: LAUNCH HINT: OFF
08-13 16:37:13.516 744 793 I ASH : @ 4046.220: ccb_proximityHandle: PRX_STATE_BEGIN
08-13 16:37:13.517 744 793 I ASH : @ 4046.220: ccb_proximityHandle: initial state farAway
08-13 16:37:16.557 715 1174 D audio_hw_primary: disable_audio_route: usecase(1) reset and update mixer path: low-latency-playback speaker
08-13 16:37:16.563 715 1174 D audio_hw_primary: disable_snd_device: snd_device(2: speaker)
08-13 16:37:16.779 1108 1449 I ActivityManager: START u0 {act=com.antutu.benchmark.full.3D_RUN flg=0x14000000 cmp=com.antutu.ABenchMark/com.antutu.benchmark.ui.test.activity.RefineryTransferActivity (has extras)} from uid 10125
08-13 16:37:16.790 730 730 D QCOM PowerHAL: LAUNCH HINT: ON
08-13 16:37:16.794 730 730 D QCOM PowerHAL: Activity launch hint handled
08-13 16:37:16.840 1108 1449 I ActivityManager: Start proc 8815:com.antutu.ABenchMark:transfer/u0a125 for activity com.antutu.ABenchMark/com.antutu.benchmark.ui.test.activity.RefineryTransferActivity
08-13 16:37:16.842 1108 1210 I ActivityManager: Config changes=480 {1.0 ?mcc?mnc [en_US] ldltr sw411dp w683dp h387dp 420dpi nrml widecg land finger -keyb/v/h -nav/h appBounds=Rect(0, 0 - 1794, 1080) s.15}
08-13 16:37:16.848 1108 1210 I ActivityManager: Override config changes=480 {1.0 ?mcc?mnc [en_US] ldltr sw411dp w683dp h387dp 420dpi nrml widecg land finger -keyb/v/h -nav/h appBounds=Rect(0, 0 - 1794, 1080) s.15} for displayId=0
08-13 16:37:16.853 1108 1239 I InputReader: Reconfiguring input devices. changes=0x00000004
08-13 16:37:16.853 1108 1239 I InputReader: Device reconfigured: id=4, name='synaptics_dsxv26', size 1080x1920, orientation 1, mode 1, display id 0
08-13 16:37:16.853 1108 1315 V AudioService.RotationHelper: publishing device rotation =1 (x90deg)
08-13 16:37:16.884 4284 4284 D GeckoApplication: onConfigurationChanged: en_US, background: false
08-13 16:37:16.884 4284 4284 D GeckoLocales: No selected locale. No correction needed.
08-13 16:37:16.900 8815 8815 I MultiDex: VM with version 2.1.0 has multidex support
08-13 16:37:16.900 8815 8815 I MultiDex: Installing application
08-13 16:37:16.900 8815 8815 I MultiDex: VM has multidex support, MultiDex support library is disabled.
08-13 16:37:16.900 8815 8815 I MultiDex: Installing application
08-13 16:37:16.900 8815 8815 I MultiDex: VM has multidex support, MultiDex support library is disabled.
08-13 16:37:16.905 1108 2336 I WifiService: getConnectionInfo uid=10125
08-13 16:37:16.906 1108 1449 I WifiService: getWifiEnabledState uid=10125
08-13 16:37:16.907 8815 8834 D NetworkSecurityConfig: No Network Security Config specified, using platform default
08-13 16:37:16.911 1108 1449 I WifiService: getConnectionInfo uid=10125
08-13 16:37:16.912 1108 1449 I WifiService: getWifiEnabledState uid=10125
08-13 16:37:16.916 1410 1410 I zygote64: Deoptimizing java.lang.String bhf.c(android.content.Context, int) due to JIT inline cache
08-13 16:37:16.925 8815 8815 I CameraManagerGlobal: Connecting to camera service
08-13 16:37:16.953 1108 1449 I WifiService: getConnectionInfo uid=10125
08-13 16:37:16.957 1443 1443 D StatusBar: disable
08-13 16:37:16.965 8815 8815 D com.xiaomi.mipushsdk: get isMIUI failed
08-13 16:37:16.965 8815 8815 D com.xiaomi.mipushsdk: java.io.FileNotFoundException: /system/build.prop (Permission denied)
08-13 16:37:16.965 8815 8815 D com.xiaomi.mipushsdk: at java.io.FileInputStream.open0(Native Method)
08-13 16:37:16.965 8815 8815 D com.xiaomi.mipushsdk: at java.io.FileInputStream.open(FileInputStream.java:200)
08-13 16:37:16.965 8815 8815 D com.xiaomi.mipushsdk: at java.io.FileInputStream.(FileInputStream.java:150)
08-13 16:37:16.965 8815 8815 D com.xiaomi.mipushsdk: at com.xiaomi.channel.commonutils.android.f.c(Unknown Source:27)
08-13 16:37:16.965 8815 8815 D com.xiaomi.mipushsdk: at com.xiaomi.channel.commonutils.android.f.a(Unknown Source:3)
08-13 16:37:16.965 8815 8815 D com.xiaomi.mipushsdk: at com.xiaomi.mipush.sdk.ac.(Unknown Source:70)
08-13 16:37:16.965 8815 8815 D com.xiaomi.mipushsdk: at com.xiaomi.mipush.sdk.ac.a(Unknown Source:9)
08-13 16:37:16.965 8815 8815 D com.xiaomi.mipushsdk: at com.xiaomi.mipush.sdk.MiPushClient.subscribe(Unknown Source:78)
08-13 16:37:16.965 8815 8815 D com.xiaomi.mipushsdk: at com.xiaomi.pushsdk.MiPushUtil.setUserTag(MiPushUtil.java:105)
08-13 16:37:16.965 8815 8815 D com.xiaomi.mipushsdk: at com.xiaomi.pushsdk.MiPushUtil.initMiPush(MiPushUtil.java:57)
08-13 16:37:16.965 8815 8815 D com.xiaomi.mipushsdk: at com.antutu.benchmark.ABenchmarkApplication.onCreate(ABenchmarkApplication.java:76)
08-13 16:37:16.965 8815 8815 D com.xiaomi.mipushsdk: at android.app.Instrumentation.callApplicationOnCreate(Instrumentation.java:1119)
08-13 16:37:16.965 8815 8815 D com.xiaomi.mipushsdk: at android.app.ActivityThread.handleBindApplication(ActivityThread.java:5740)
08-13 16:37:16.965 8815 8815 D com.xiaomi.mipushsdk: at android.app.ActivityThread.-wrap1(Unknown Source:0)
08-13 16:37:16.965 8815 8815 D com.xiaomi.mipushsdk: at android.app.ActivityThread$H.handleMessage(ActivityThread.java:1656)
08-13 16:37:16.965 8815 8815 D com.xiaomi.mipushsdk: at android.os.Handler.dispatchMessage(Handler.java:106)
08-13 16:37:16.965 8815 8815 D com.xiaomi.mipushsdk: at android.os.Looper.loop(Looper.java:164)
08-13 16:37:16.965 8815 8815 D com.xiaomi.mipushsdk: at android.app.ActivityThread.main(ActivityThread.java:6494)
08-13 16:37:16.965 8815 8815 D com.xiaomi.mipushsdk: at java.lang.reflect.Method.invoke(Native Method)
08-13 16:37:16.965 8815 8815 D com.xiaomi.mipushsdk: at com.android.internal.os.RuntimeInit$MethodAndArgsCaller.run(RuntimeInit.java:438)
08-13 16:37:16.965 8815 8815 D com.xiaomi.mipushsdk: at com.android.internal.os.ZygoteInit.main(ZygoteInit.java:807)
08-13 16:37:16.967 1108 2378 W ActivityManager: Unable to start service Intent { pkg=com.xiaomi.xmsf cmp=com.xiaomi.xmsf/.push.service.XMPushService (has extras) } U=0: not found
08-13 16:37:16.970 1443 1443 W StatusBar/NavBarView: *** Invalid layout in navigation bar (sizeChanged this=126x1080 cur=126x1038)
08-13 16:37:16.971 2279 2781 D com.xiaomi.mipushsdk: [Thread:152] JOB: Handle intent action = com.xiaomi.mipush.SEND_MESSAGE
08-13 16:37:16.972 2279 2781 D com.xiaomi.mipushsdk: [Thread:152] try send mi push message. packagename:com.antutu.ABenchMark action:Subscription
08-13 16:37:16.976 2279 2781 D com.xiaomi.mipushsdk: [Thread:152] JOB: Handle intent action = com.xiaomi.mipush.SEND_MESSAGE
08-13 16:37:16.976 2279 2781 D com.xiaomi.mipushsdk: [Thread:152] try send mi push message. packagename:com.antutu.ABenchMark action:Subscription
08-13 16:37:16.979 2279 2781 D com.xiaomi.mipushsdk: [Thread:152] JOB: Handle intent action = com.xiaomi.mipush.SEND_MESSAGE
08-13 16:37:16.979 2279 2781 D com.xiaomi.mipushsdk: [Thread:152] try send mi push message. packagename:com.antutu.ABenchMark action:Subscription
08-13 16:37:16.979 2279 2781 D com.xiaomi.mipushsdk: [Thread:152] JOB: Handle intent action = com.xiaomi.mipush.SEND_MESSAGE
08-13 16:37:16.980 2279 2781 D com.xiaomi.mipushsdk: [Thread:152] try send mi push message. packagename:com.antutu.ABenchMark action:Subscription
08-13 16:37:16.982 2279 2781 D com.xiaomi.mipushsdk: [Thread:152] JOB: Handle intent action = com.xiaomi.mipush.SEND_MESSAGE
08-13 16:37:16.983 2279 2781 D com.xiaomi.mipushsdk: [Thread:152] try send mi push message. packagename:com.antutu.ABenchMark action:Subscription
08-13 16:37:16.986 2279 2781 D com.xiaomi.mipushsdk: [Thread:152] JOB: Handle intent action = com.xiaomi.mipush.SEND_MESSAGE
08-13 16:37:16.987 2279 2781 D com.xiaomi.mipushsdk: [Thread:152] try send mi push message. packagename:com.antutu.ABenchMark action:Subscription
08-13 16:37:16.990 2279 2781 D com.xiaomi.mipushsdk: [Thread:152] JOB: Handle intent action = com.xiaomi.mipush.SEND_MESSAGE
08-13 16:37:16.994 2279 2781 D com.xiaomi.mipushsdk: [Thread:152] try send mi push message. packagename:com.antutu.ABenchMark action:Subscription
08-13 16:37:16.997 8815 8861 I zygote64: Rejecting re-init on previously-failed class java.lang.Class: java.lang.NoClassDefFoundError: Failed resolution of: Lcom/taobao/orange/OrangeConfigListenerV1;
08-13 16:37:16.997 8815 8861 I zygote64: at java.lang.Object java.lang.reflect.Constructor.newInstance0(java.lang.Object[]) (Constructor.java:-2)
08-13 16:37:16.997 8815 8861 I zygote64: at java.lang.Object java.lang.reflect.Constructor.newInstance(java.lang.Object[]) (Constructor.java:334)
08-13 16:37:16.997 8815 8861 I zygote64: at com.taobao.accs.IACCSManager com.taobao.accs.ACCSManager.createInner(android.content.Context, java.lang.String) (Taobao:430)
08-13 16:37:16.997 8815 8861 I zygote64: at com.taobao.accs.IACCSManager com.taobao.accs.ACCSManager.getAccsInstance(android.content.Context, java.lang.String, java.lang.String) (Taobao:416)
08-13 16:37:16.997 8815 8861 I zygote64: at void com.taobao.agoo.TaobaoRegister.register(android.content.Context, java.lang.String, java.lang.String, java.lang.String, java.lang.String, com.taobao.agoo.IRegister) (Taobao:118)
08-13 16:37:16.997 8815 8861 I zygote64: at void com.taobao.agoo.TaobaoRegister.register(android.content.Context, java.lang.String, java.lang.String, java.lang.String, com.taobao.agoo.IRegister) (Taobao:79)
08-13 16:37:16.997 8815 8861 I zygote64: at void com.umeng.message.PushAgent$2.run() (PushAgent.java:165)
08-13 16:37:16.997 8815 8861 I zygote64: at java.lang.Object java.util.concurrent.Executors$RunnableAdapter.call() (Executors.java:457)
08-13 16:37:16.997 8815 8861 I zygote64: at void java.util.concurrent.FutureTask.run() (FutureTask.java:266)
08-13 16:37:16.997 8815 8861 I zygote64: at void java.util.concurrent.ScheduledThreadPoolExecutor$ScheduledFutureTask.run() (ScheduledThreadPoolExecutor.java:301)
08-13 16:37:16.997 8815 8861 I zygote64: at void java.util.concurrent.ThreadPoolExecutor.runWorker(java.util.concurrent.ThreadPoolExecutor$Worker) (ThreadPoolExecutor.java:1162)
08-13 16:37:16.997 8815 8861 I zygote64: at void java.util.concurrent.ThreadPoolExecutor$Worker.run() (ThreadPoolExecutor.java:636)
08-13 16:37:16.997 8815 8861 I zygote64: at void java.lang.Thread.run() (Thread.java:764)
08-13 16:37:16.997 8815 8861 I zygote64: Caused by: java.lang.ClassNotFoundException: Didn't find class "com.taobao.orange.OrangeConfigListenerV1" on path: DexPathList[[zip file "/data/app/com.antutu.ABenchMark-A-LqICl6s1lUXsxzUV_CFg==/base.apk"],nativeLibraryDirectories=[/data/app/com.antutu.ABenchMark-A-LqICl6s1lUXsxzUV_CFg==/lib/arm64, /data/app/com.antutu.ABenchMark-A-LqICl6s1lUXsxzUV_CFg==/base.apk!/lib/arm64-v8a, /system/lib64]]
08-13 16:37:16.997 8815 8861 I zygote64: at java.lang.Class dalvik.system.BaseDexClassLoader.findClass(java.lang.String) (BaseDexClassLoader.java:125)
08-13 16:37:16.997 8815 8861 I zygote64: at java.lang.Class java.lang.ClassLoader.loadClass(java.lang.String, boolean) (ClassLoader.java:379)
08-13 16:37:16.997 8815 8861 I zygote64: at java.lang.Class java.lang.ClassLoader.loadClass(java.lang.String) (ClassLoader.java:312)
08-13 16:37:16.997 8815 8861 I zygote64: at java.lang.Object java.lang.reflect.Constructor.newInstance0(java.lang.Object[]) (Constructor.java:-2)
08-13 16:37:16.997 8815 8861 I zygote64: at java.lang.Object java.lang.reflect.Constructor.newInstance(java.lang.Object[]) (Constructor.java:334)
08-13 16:37:16.997 8815 8861 I zygote64: at com.taobao.accs.IACCSManager com.taobao.accs.ACCSManager.createInner(android.content.Context, java.lang.String) (Taobao:430)
08-13 16:37:16.997 8815 8861 I zygote64: at com.taobao.accs.IACCSManager com.taobao.accs.ACCSManager.getAccsInstance(android.content.Context, java.lang.String, java.lang.String) (Taobao:416)
08-13 16:37:16.997 8815 8861 I zygote64: at void com.taobao.agoo.TaobaoRegister.register(android.content.Context, java.lang.String, java.lang.String, java.lang.String, java.lang.String, com.taobao.agoo.IRegister) (Taobao:118)
08-13 16:37:16.997 8815 8861 I zygote64: at void com.taobao.agoo.TaobaoRegister.register(android.content.Context, java.lang.String, java.lang.String, java.lang.String, com.taobao.agoo.IRegister) (Taobao:79)
08-13 16:37:16.997 8815 8861 I zygote64: at void com.umeng.message.PushAgent$2.run() (PushAgent.java:165)
08-13 16:37:16.997 8815 8861 I zygote64: at java.lang.Object java.util.concurrent.Executors$RunnableAdapter.call() (Executors.java:457)
08-13 16:37:16.997 8815 8861 I zygote64: at void java.util.concurrent.FutureTask.run() (FutureTask.java:266)
08-13 16:37:16.997 8815 8861 I zygote64: at void java.util.concurrent.ScheduledThreadPoolExecutor$ScheduledFutureTask.run() (ScheduledThreadPoolExecutor.java:301)
08-13 16:37:16.997 8815 8861 I zygote64: at void java.util.concurrent.ThreadPoolExecutor.runWorker(java.util.concurrent.ThreadPoolExecutor$Worker) (ThreadPoolExecutor.java:1162)
08-13 16:37:16.997 8815 8861 I zygote64: at void java.util.concurrent.ThreadPoolExecutor$Worker.run() (ThreadPoolExecutor.java:636)
08-13 16:37:16.997 8815 8861 I zygote64: at void java.lang.Thread.run() (Thread.java:764)
08-13 16:37:16.997 8815 8861 I zygote64:
08-13 16:37:16.998 1108 1143 W BroadcastQueue: Background execution not allowed: receiving Intent { act=com.igexin.sdk.action.ZJJ5spRHSxAO0QpkSa6hz8 flg=0x30 (has extras) } to com.antutu.ABenchMark/com.antutu.benchmark.receiver.GeTuiReceiver
08-13 16:37:16.998 8815 8861 I zygote64: Rejecting re-init on previously-failed class java.lang.Class: java.lang.NoClassDefFoundError: Failed resolution of: Lcom/taobao/orange/OrangeConfigListenerV1;
08-13 16:37:16.998 8815 8861 I zygote64: at java.lang.Object java.lang.reflect.Constructor.newInstance0(java.lang.Object[]) (Constructor.java:-2)
08-13 16:37:16.998 8815 8861 I zygote64: at java.lang.Object java.lang.reflect.Constructor.newInstance(java.lang.Object[]) (Constructor.java:334)
08-13 16:37:16.998 8815 8861 I zygote64: at com.taobao.accs.IACCSManager com.taobao.accs.ACCSManager.createInner(android.content.Context, java.lang.String) (Taobao:430)
08-13 16:37:16.998 8815 8861 I zygote64: at com.taobao.accs.IACCSManager com.taobao.accs.ACCSManager.getAccsInstance(android.content.Context, java.lang.String, java.lang.String) (Taobao:416)
08-13 16:37:16.998 8815 8861 I zygote64: at void com.taobao.agoo.TaobaoRegister.register(android.content.Context, java.lang.String, java.lang.String, java.lang.String, java.lang.String, com.taobao.agoo.IRegister) (Taobao:118)
08-13 16:37:16.998 8815 8861 I zygote64: at void com.taobao.agoo.TaobaoRegister.register(android.content.Context, java.lang.String, java.lang.String, java.lang.String, com.taobao.agoo.IRegister) (Taobao:79)
08-13 16:37:16.998 8815 8861 I zygote64: at void com.umeng.message.PushAgent$2.run() (PushAgent.java:165)
08-13 16:37:16.998 8815 8861 I zygote64: at java.lang.Object java.util.concurrent.Executors$RunnableAdapter.call() (Executors.java:457)
08-13 16:37:16.998 8815 8861 I zygote64: at void java.util.concurrent.FutureTask.run() (FutureTask.java:266)
08-13 16:37:16.998 8815 8861 I zygote64: at void java.util.concurrent.ScheduledThreadPoolExecutor$ScheduledFutureTask.run() (ScheduledThreadPoolExecutor.java:301)
08-13 16:37:16.998 8815 8861 I zygote64: at void java.util.concurrent.ThreadPoolExecutor.runWorker(java.util.concurrent.ThreadPoolExecutor$Worker) (ThreadPoolExecutor.java:1162)
08-13 16:37:16.998 8815 8861 I zygote64: at void java.util.concurrent.ThreadPoolExecutor$Worker.run() (ThreadPoolExecutor.java:636)
08-13 16:37:16.998 8815 8861 I zygote64: at void java.lang.Thread.run() (Thread.java:764)
08-13 16:37:16.998 8815 8861 I zygote64: Caused by: java.lang.ClassNotFoundException: Didn't find class "com.taobao.orange.OrangeConfigListenerV1" on path: DexPathList[[zip file "/data/app/com.antutu.ABenchMark-A-LqICl6s1lUXsxzUV_CFg==/base.apk"],nativeLibraryDirectories=[/data/app/com.antutu.ABenchMark-A-LqICl6s1lUXsxzUV_CFg==/lib/arm64, /data/app/com.antutu.ABenchMark-A-LqICl6s1lUXsxzUV_CFg==/base.apk!/lib/arm64-v8a, /system/lib64]]
08-13 16:37:16.998 8815 8861 I zygote64: at java.lang.Class dalvik.system.BaseDexClassLoader.findClass(java.lang.String) (BaseDexClassLoader.java:125)
08-13 16:37:16.998 8815 8861 I zygote64: at java.lang.Class java.lang.ClassLoader.loadClass(java.lang.String, boolean) (ClassLoader.java:379)
08-13 16:37:16.998 8815 8861 I zygote64: at java.lang.Class java.lang.ClassLoader.loadClass(java.lang.String) (ClassLoader.java:312)
08-13 16:37:16.998 8815 8861 I zygote64: at java.lang.Object java.lang.reflect.Constructor.newInstance0(java.lang.Object[]) (Constructor.java:-2)
08-13 16:37:16.998 8815 8861 I zygote64: at java.lang.Object java.lang.reflect.Constructor.newInstance(java.lang.Object[]) (Constructor.java:334)
08-13 16:37:16.998 8815 8861 I zygote64: at com.taobao.accs.IACCSManager com.taobao.accs.ACCSManager.createInner(android.content.Context, java.lang.String) (Taobao:430)
08-13 16:37:16.998 8815 8861 I zygote64: at com.taobao.accs.IACCSManager com.taobao.accs.ACCSManager.getAccsInstance(android.content.Context, java.lang.String, java.lang.String) (Taobao:416)
08-13 16:37:16.998 8815 8861 I zygote64: at void com.taobao.agoo.TaobaoRegister.register(android.content.Context, java.lang.String, java.lang.String, java.lang.String, java.lang.String, com.taobao.agoo.IRegister) (Taobao:118)
08-13 16:37:16.998 8815 8861 I zygote64: at void com.taobao.agoo.TaobaoRegister.register(android.content.Context, java.lang.String, java.lang.String, java.lang.String, com.taobao.agoo.IRegister) (Taobao:79)
08-13 16:37:16.998 8815 8861 I zygote64: at void com.umeng.message.PushAgent$2.run() (PushAgent.java:165)
08-13 16:37:16.998 8815 8861 I zygote64: at java.lang.Object java.util.concurrent.Executors$RunnableAdapter.call() (Executors.java:457)
08-13 16:37:16.998 8815 8861 I zygote64: at void java.util.concurrent.FutureTask.run() (FutureTask.java:266)
08-13 16:37:16.998 8815 8861 I zygote64: at void java.util.concurrent.ScheduledThreadPoolExecutor$ScheduledFutureTask.run() (ScheduledThreadPoolExecutor.java:301)
08-13 16:37:16.998 8815 8861 I zygote64: at void java.util.concurrent.ThreadPoolExecutor.runWorker(java.util.concurrent.ThreadPoolExecutor$Worker) (ThreadPoolExecutor.java:1162)
08-13 16:37:16.998 8815 8861 I zygote64: at void java.util.concurrent.ThreadPoolExecutor$Worker.run() (ThreadPoolExecutor.java:636)
08-13 16:37:16.998 8815 8861 I zygote64: at void java.lang.Thread.run() (Thread.java:764)
08-13 16:37:16.998 8815 8861 I zygote64:
08-13 16:37:16.998 8815 8861 I zygote64: Rejecting re-init on previously-failed class java.lang.Class: java.lang.NoClassDefFoundError: Failed resolution of: Lcom/taobao/orange/OrangeConfigListenerV1;
08-13 16:37:16.998 8815 8861 I zygote64: at java.lang.Object java.lang.reflect.Constructor.newInstance0(java.lang.Object[]) (Constructor.java:-2)
08-13 16:37:16.998 8815 8861 I zygote64: at java.lang.Object java.lang.reflect.Constructor.newInstance(java.lang.Object[]) (Constructor.java:334)
08-13 16:37:16.998 8815 8861 I zygote64: at com.taobao.accs.IACCSManager com.taobao.accs.ACCSManager.createInner(android.content.Context, java.lang.String) (Taobao:430)
08-13 16:37:16.998 8815 8861 I zygote64: at com.taobao.accs.IACCSManager com.taobao.accs.ACCSManager.getAccsInstance(android.content.Context, java.lang.String, java.lang.String) (Taobao:416)
08-13 16:37:16.998 8815 8861 I zygote64: at void com.taobao.agoo.TaobaoRegister.register(android.content.Context, java.lang.String, java.lang.String, java.lang.String, java.lang.String, com.taobao.agoo.IRegister) (Taobao:118)
