08-13 16:38:17.540 9137 9178 I zygote64: at java.lang.Object java.util.concurrent.Executors$RunnableAdapter.call() (Executors.java:457)
08-13 16:38:17.540 9137 9178 I zygote64: at void java.util.concurrent.FutureTask.run() (FutureTask.java:266)
08-13 16:38:17.541 9137 9178 I zygote64: at void java.util.concurrent.ScheduledThreadPoolExecutor$ScheduledFutureTask.run() (ScheduledThreadPoolExecutor.java:301)
08-13 16:38:17.541 9137 9178 I zygote64: at void java.util.concurrent.ThreadPoolExecutor.runWorker(java.util.concurrent.ThreadPoolExecutor$Worker) (ThreadPoolExecutor.java:1162)
08-13 16:38:17.541 9137 9178 I zygote64: at void java.util.concurrent.ThreadPoolExecutor$Worker.run() (ThreadPoolExecutor.java:636)
08-13 16:38:17.541 9137 9178 I zygote64: at void java.lang.Thread.run() (Thread.java:764)
08-13 16:38:17.541 9137 9178 I zygote64:
08-13 16:38:17.545 9137 9186 D FileCheckUtils: st.getAvailableBlocks()=13201099,st.getAvailableBlocks() * blockSize=54071701504
08-13 16:38:17.546 9137 9137 I zygote64: The ClassLoaderContext is a special shared library.
08-13 16:38:17.546 744 793 I ASH : @ 4110.250: ccb_proximityHandle: PRX_STATE_BEGIN
08-13 16:38:17.546 744 793 I ASH : @ 4110.250: ccb_proximityHandle: initial state farAway
08-13 16:38:17.580 9137 9137 I cr_LibraryLoader: Time to load native libraries: 2 ms (timestamps 8554-8556)
08-13 16:38:17.583 9137 9137 I chromium: [INFO:library_loader_hooks.cc(136)] Chromium logging enabled: level = 0, default verbosity = 0
08-13 16:38:17.583 9137 9137 I cr_LibraryLoader: Expected native library version number "61.0.3163.98", actual native library version number "61.0.3163.98"
08-13 16:38:17.598 744 793 D CHRE : @ 4110.302: +: id 0, otherClientPresent 1, mode 3
08-13 16:38:17.602 744 793 D CHRE : @ 4110.306: +: id 10, otherClientPresent 1, mode 3
08-13 16:38:17.603 744 793 D CHRE : @ 4110.307: [ImuCal] Dynamic sensor configuration: high-performance.
08-13 16:38:17.603 744 793 D CHRE : @ 4110.307: sensorType 9 allowed 1: mergedMode 3, otherClientPresent 1
08-13 16:38:17.604 744 793 D CHRE : @ 4110.308: sensorType 11 allowed 1: mergedMode 3, otherClientPresent 1
08-13 16:38:17.604 9137 9137 D IS_UNITY: false
08-13 16:38:17.605 744 793 D CHRE : @ 4110.309: sensorType 13 allowed 0: mergedMode 3, otherClientPresent 0
08-13 16:38:17.607 9137 9137 D AdInternalSettings: Test mode device hash: 254f1498-638c-4d0f-85dc-9e4fc58f14db
08-13 16:38:17.607 9137 9137 D AdInternalSettings: When testing your app with Facebook's ad units you must specify the device hashed ID to ensure the delivery of test ads, add the following code before loading an ad: AdSettings.addTestDevice("254f1498-638c-4d0f-85dc-9e4fc58f14db");
08-13 16:38:17.612 9137 9137 D IS_UNITY: false
08-13 16:38:17.618 9137 9208 E ActivityThread: Failed to find provider info for com.facebook.katana.provider.AttributionIdProvider
08-13 16:38:17.622 9137 9210 D libEGL : loaded /vendor/lib64/egl/libEGL_adreno.so
08-13 16:38:17.629 9137 9210 D libEGL : loaded /vendor/lib64/egl/libGLESv1_CM_adreno.so
08-13 16:38:17.630 9137 9137 D Refinery: refinery.zip opened.
08-13 16:38:17.634 815 982 D NuPlayerDriver: NuPlayerDriver(0xf0cc1070) created, clientPid(9137)
08-13 16:38:17.636 815 9214 D GenericSource: FileSource remote
08-13 16:38:17.638 9137 9210 D libEGL : loaded /vendor/lib64/egl/libGLESv2_adreno.so
08-13 16:38:17.638 815 9213 D NuPlayerDriver: notifyListener_l(0xf0cc1070), (1, 0, 0, -1), loop setting(0, 0)
08-13 16:38:17.640 9137 9137 E MediaPlayerNative: prepareAsync called in state 8, mPlayer(0x7098e5ff40)
08-13 16:38:17.640 9137 9137 V NativeGamepad: Calling subclass onCreate
08-13 16:38:17.640 9137 9137 D Refinery: ****** Found API level 12 function! Joysticks supported
08-13 16:38:17.647 9137 9137 I nv_native_app_glue: Creating: 0x70a5b43e00
08-13 16:38:17.648 9137 9216 I nv_native_app_glue: Config: mcc=0 mnc=0 lang=en cnt=US orien=2 touch=3 dens=420 keys=1 nav=1 keysHid=3 navHid=0 sdk=27 size=2 long=1 modetype=1 modenight=1
08-13 16:38:17.648 9137 9216 D RavnStudio: data path : /data/user/0/com.antutu.ABenchMark/files
08-13 16:38:17.648 9137 9137 I nv_native_app_glue: Start: 0x70a5b43e00
08-13 16:38:17.648 9137 9216 D RavnStudio: data path2 : /storage/emulated/0/Android/data/com.antutu.ABenchMark/files
08-13 16:38:17.661 9137 9216 D RavnStudio: Resolution 1280x720
08-13 16:38:17.661 9137 9216 D NvEGLUtil: Success: eglGetDisplay (create:142)
08-13 16:38:17.661 9137 9216 I Adreno : QUALCOMM build : 594927b, I916dfac403
08-13 16:38:17.661 9137 9216 I Adreno : Build Date : 10/11/17
08-13 16:38:17.661 9137 9216 I Adreno : OpenGL ES Shader Compiler Version: EV031.21.02.00
08-13 16:38:17.661 9137 9216 I Adreno : Local Branch : mybranch28618966
08-13 16:38:17.661 9137 9216 I Adreno : Remote Branch : quic/gfx-adreno.lnx.6.4.9-rel
08-13 16:38:17.661 9137 9216 I Adreno : Remote Branch : NONE
08-13 16:38:17.661 9137 9216 I Adreno : Reconstruct Branch : NOTHING
08-13 16:38:17.664 9137 9216 I Adreno : PFP: 0x005ff087, ME: 0x005ff063
08-13 16:38:17.668 1637 1637 E QtiImsExtUtils: getConfigForPhoneId phoneId is invalid
08-13 16:38:17.668 1637 1637 E QtiImsExtUtils: isCarrierConfigEnabled bundle is null
08-13 16:38:17.669 9137 9216 I zygote64: android::hardware::configstore::V1_0::ISurfaceFlingerConfigs::hasWideColorDisplay retrieved: 1
08-13 16:38:17.670 9137 9216 D NvEGLUtil: Success: eglInitialize (create:153)
08-13 16:38:17.670 9137 9216 D Refinery: Config count = 68
08-13 16:38:17.670 9137 9216 D Refinery: Config[0]: R5G6B5A0 D0S0 Type=15a5 Render=0045
08-13 16:38:17.670 9137 9216 D Refinery: Config[1]: R5G5B5A1 D0S0 Type=15a5 Render=0045
08-13 16:38:17.670 9137 9216 D Refinery: Config[2]: R4G4B4A4 D0S0 Type=15a5 Render=0045
08-13 16:38:17.670 9137 9216 D Refinery: Config[3]: R5G6B5A0 D0S8 Type=15a5 Render=0045
08-13 16:38:17.670 9137 9216 D Refinery: Config[4]: R5G5B5A1 D0S8 Type=15a5 Render=0045
08-13 16:38:17.670 9137 9216 D Refinery: Config[5]: R4G4B4A4 D0S8 Type=15a5 Render=0045
08-13 16:38:17.670 9137 9216 D Refinery: Config[6]: R5G6B5A0 D16S0 Type=15a5 Render=0045
08-13 16:38:17.670 9137 9216 D Refinery: Config[6] is the new best config 278 1073741824
08-13 16:38:17.670 9137 9216 D Refinery: Config[7]: R5G5B5A1 D16S0 Type=15a5 Render=0045
08-13 16:38:17.670 9137 9216 D Refinery: Config[8]: R4G4B4A4 D16S0 Type=15a5 Render=0045
08-13 16:38:17.670 9137 9216 D Refinery: Config[9]: R5G6B5A0 D24S8 Type=15a5 Render=0045
08-13 16:38:17.670 9137 9216 D Refinery: Config[9] is the new best config 150 278
08-13 16:38:17.670 9137 9216 D Refinery: Config[10]: R5G5B5A1 D24S8 Type=15a5 Render=0045
08-13 16:38:17.670 9137 9216 D Refinery: Config[11]: R4G4B4A4 D24S8 Type=15a5 Render=0045
08-13 16:38:17.670 9137 9216 D Refinery: Config[12]: R5G6B5A0 D0S0 Type=15a5 Render=0045
08-13 16:38:17.670 9137 9216 D Refinery: Config[13]: R5G6B5A0 D0S8 Type=15a5 Render=0045
08-13 16:38:17.670 9137 9216 D Refinery: Config[14]: R5G6B5A0 D16S0 Type=15a5 Render=0045
08-13 16:38:17.670 9137 9216 D Refinery: Config[15]: R5G6B5A0 D24S8 Type=15a5 Render=0045
08-13 16:38:17.670 9137 9216 D Refinery: Config[16]: R5G6B5A0 D0S0 Type=15a5 Render=0045
08-13 16:38:17.670 9137 9216 D Refinery: Config[17]: R5G6B5A0 D0S8 Type=15a5 Render=0045
08-13 16:38:17.670 9137 9216 D Refinery: Config[18]: R5G6B5A0 D16S0 Type=15a5 Render=0045
08-13 16:38:17.670 9137 9216 D Refinery: Config[19]: R5G6B5A0 D24S8 Type=15a5 Render=0045
08-13 16:38:17.670 9137 9216 D Refinery: Config[20]: R8G8B8A0 D0S0 Type=15a5 Render=0045
08-13 16:38:17.670 9137 9216 D Refinery: Config[21]: R8G8B8A0 D0S0 Type=15a5 Render=0045
08-13 16:38:17.670 9137 9216 D Refinery: Config[22]: R8G8B8A0 D0S8 Type=15a5 Render=0045
08-13 16:38:17.670 9137 9216 D Refinery: Config[23]: R8G8B8A0 D0S8 Type=15a5 Render=0045
08-13 16:38:17.670 9137 9216 D Refinery: Config[24]: R8G8B8A0 D16S0 Type=15a5 Render=0045
08-13 16:38:17.670 9137 9216 D Refinery: Config[25]: R8G8B8A0 D16S0 Type=15a5 Render=0045
08-13 16:38:17.670 9137 9216 D Refinery: Config[26]: R8G8B8A0 D24S8 Type=15a5 Render=0045
08-13 16:38:17.670 9137 9216 D Refinery: Config[26] is the new best config 128 150
08-13 16:38:17.670 9137 9216 D Refinery: Config[27]: R8G8B8A0 D24S8 Type=15a5 Render=0045
08-13 16:38:17.670 9137 9216 D Refinery: Config[28]: R8G8B8A0 D0S0 Type=15a5 Render=0045
08-13 16:38:17.670 9137 9216 D Refinery: Config[29]: R8G8B8A0 D0S8 Type=15a5 Render=0045
08-13 16:38:17.670 9137 9216 D Refinery: Config[30]: R8G8B8A0 D16S0 Type=15a5 Render=0045
08-13 16:38:17.670 9137 9216 D Refinery: Config[31]: R8G8B8A0 D24S8 Type=15a5 Render=0045
08-13 16:38:17.670 9137 9216 D Refinery: Config[32]: R8G8B8A0 D0S0 Type=15a5 Render=0045
08-13 16:38:17.671 9137 9216 D Refinery: Config[33]: R8G8B8A0 D0S8 Type=15a5 Render=0045
08-13 16:38:17.671 9137 9216 D Refinery: Config[34]: R8G8B8A0 D16S0 Type=15a5 Render=0045
08-13 16:38:17.671 9137 9216 D Refinery: Config[35]: R8G8B8A0 D24S8 Type=15a5 Render=0045
08-13 16:38:17.671 9137 9216 D Refinery: Config[36]: R8G8B8A8 D0S0 Type=15a5 Render=0045
08-13 16:38:17.671 9137 9216 D Refinery: Config[37]: R8G8B8A8 D0S8 Type=15a5 Render=0045
08-13 16:38:17.671 9137 9216 D Refinery: Config[38]: R8G8B8A8 D16S0 Type=15a5 Render=0045
08-13 16:38:17.671 9137 9216 D Refinery: Config[39]: R8G8B8A8 D24S8 Type=15a5 Render=0045
08-13 16:38:17.671 9137 9216 D Refinery: Config[40]: R8G8B8A8 D0S0 Type=15a5 Render=0045
08-13 16:38:17.671 9137 9216 D Refinery: Config[41]: R8G8B8A8 D0S8 Type=15a5 Render=0045
08-13 16:38:17.671 9137 9216 D Refinery: Config[42]: R8G8B8A8 D16S0 Type=15a5 Render=0045
08-13 16:38:17.671 9137 9216 D Refinery: Config[43]: R8G8B8A8 D24S8 Type=15a5 Render=0045
08-13 16:38:17.671 9137 9216 D Refinery: Config[44]: R8G8B8A8 D0S0 Type=15a5 Render=0045
08-13 16:38:17.671 9137 9216 D Refinery: Config[45]: R8G8B8A8 D0S8 Type=15a5 Render=0045
08-13 16:38:17.671 9137 9216 D Refinery: Config[46]: R8G8B8A8 D16S0 Type=15a5 Render=0045
08-13 16:38:17.671 9137 9216 D Refinery: Config[47]: R8G8B8A8 D24S8 Type=15a5 Render=0045
08-13 16:38:17.671 9137 9216 D Refinery: Config[48]: R16G16B16A16 D0S0 Type=15a5 Render=0045
08-13 16:38:17.671 9137 9216 D Refinery: Config[49]: R16G16B16A16 D0S8 Type=15a5 Render=0045
08-13 16:38:17.671 9137 9216 D Refinery: Config[50]: R16G16B16A16 D16S0 Type=15a5 Render=0045
08-13 16:38:17.671 9137 9216 D Refinery: Config[51]: R16G16B16A16 D24S8 Type=15a5 Render=0045
08-13 16:38:17.671 9137 9216 D Refinery: Config[52]: R10G10B10A2 D0S0 Type=15a5 Render=0045
08-13 16:38:17.671 9137 9216 D Refinery: Config[53]: R10G10B10A2 D0S8 Type=15a5 Render=0045
08-13 16:38:17.671 9137 9216 D Refinery: Config[54]: R10G10B10A2 D16S0 Type=15a5 Render=0045
08-13 16:38:17.671 9137 9216 D Refinery: Config[55]: R10G10B10A2 D24S8 Type=15a5 Render=0045
08-13 16:38:17.671 9137 9216 D Refinery: Config[56]: R0G0B0A0 D0S0 Type=15a5 Render=0045
08-13 16:38:17.671 9137 9216 D Refinery: Config[57]: R0G0B0A0 D0S0 Type=15a5 Render=0045
08-13 16:38:17.671 9137 9216 D Refinery: Config[58]: R0G0B0A0 D0S0 Type=15a5 Render=0045
08-13 16:38:17.671 9137 9216 D Refinery: Config[59]: R0G0B0A0 D0S8 Type=15a5 Render=0045
08-13 16:38:17.671 9137 9216 D Refinery: Config[60]: R0G0B0A0 D0S8 Type=15a5 Render=0045
08-13 16:38:17.671 9137 9216 D Refinery: Config[61]: R0G0B0A0 D0S8 Type=15a5 Render=0045
08-13 16:38:17.671 9137 9216 D Refinery: Config[62]: R0G0B0A0 D16S0 Type=15a5 Render=0045
08-13 16:38:17.671 9137 9216 D Refinery: Config[63]: R0G0B0A0 D16S0 Type=15a5 Render=0045
08-13 16:38:17.671 9137 9216 D Refinery: Config[64]: R0G0B0A0 D16S0 Type=15a5 Render=0045
08-13 16:38:17.671 9137 9216 D Refinery: Config[65]: R0G0B0A0 D24S8 Type=15a5 Render=0045
08-13 16:38:17.671 9137 9216 D Refinery: Config[66]: R0G0B0A0 D24S8 Type=15a5 Render=0045
08-13 16:38:17.671 9137 9216 D Refinery: Config[67]: R0G0B0A0 D24S8 Type=15a5 Render=0045
08-13 16:38:17.671 9137 9216 D NvEGLUtil: Success: Config chooser (create:164)
08-13 16:38:17.671 9137 9216 D NvEGLUtil: Success: eglGetConfigAttrib (create:175)
08-13 16:38:17.672 9137 9216 D NvEGLUtil: Success: eglCreateContext = %.%d (create:206)
08-13 16:38:17.672 9137 9216 D RavnStudio: Context: 3.1
08-13 16:38:17.672 9137 9216 D NvEGLUtil: Switching to System timer mode
08-13 16:38:17.672 9137 9216 I nv_native_app_glue: activityState=10
08-13 16:38:17.672 9137 9216 D RavnStudio: handleCommand: 10
08-13 16:38:17.673 9137 9137 I nv_native_app_glue: Resume: 0x70a5b43e00
08-13 16:38:17.673 9137 9216 I nv_native_app_glue: activityState=11
08-13 16:38:17.674 9137 9216 D RavnStudio: handleCommand: 11
08-13 16:38:17.674 2197 3967 W ConfigurationChimeraProvider: Got null configs for com.google.android.gms.update
08-13 16:38:17.677 9137 9137 I nv_native_app_glue: InputQueueCreated: 0x70a5b43e00 -- 0x70a5b43f40
08-13 16:38:17.677 9137 9216 I nv_native_app_glue: APP_CMD_INPUT_CHANGED
08-13 16:38:17.677 9137 9216 I nv_native_app_glue: Attaching input queue to looper
08-13 16:38:17.677 9137 9216 D RavnStudio: handleCommand: 0
08-13 16:38:17.678 9137 9216 D RavnStudio: Message 0 not handled
08-13 16:38:17.687 9137 9137 I nv_native_app_glue: NativeWindowCreated: 0x70a5b43e00 -- 0x7098f03010
08-13 16:38:17.688 9137 9216 I nv_native_app_glue: APP_CMD_INIT_WINDOW
08-13 16:38:17.688 2607 2607 W Notification: Use of stream types is deprecated for operations other than volume control
08-13 16:38:17.688 2607 2607 W Notification: See the documentation of setSound() for what to use instead with android.media.AudioAttributes to qualify your playback use case
08-13 16:38:17.689 9137 9216 D RavnStudio: handleCommand: 1
08-13 16:38:17.689 9137 9216 D NvEGLUtil: **** Window has changed!
08-13 16:38:17.689 9137 9137 I nv_native_app_glue: NativeWindowResized: 0x70a5b43e00 -- 0x7098f03010
08-13 16:38:17.689 9137 9137 I nv_native_app_glue: WindowFocusChanged: 0x70a5b43e00 -- 1
08-13 16:38:17.690 9137 9216 I nv_native_app_glue: APP_CMD_WINDOW_RESIZED
08-13 16:38:17.690 9137 9216 D RavnStudio: handleCommand: 3
08-13 16:38:17.690 9137 9216 I nv_native_app_glue: APP_CMD_GAINED_FOCUS
08-13 16:38:17.690 9137 9216 D RavnStudio: handleCommand: 6
08-13 16:38:17.691 9137 9216 I Refinery: Window size change 1794x1080
08-13 16:38:17.692 9137 9216 D NvEGLUtil: Success: eglCreateWindowSurface (createSurface:349)
08-13 16:38:17.693 9137 9216 D NvEGLUtil: Win=1794x1080, Surf=1794x1080
08-13 16:38:17.693 9137 9216 D NvEGLUtil: Success: eglMakeCurrent (bind:457)
08-13 16:38:17.693 9137 9216 D RavnStudio: # cores : 8
08-13 16:38:17.693 9137 9216 D RavnStudio: Vendor : Qualcomm
08-13 16:38:17.693 9137 9216 D RavnStudio: Renderer : Adreno (TM) 540
08-13 16:38:17.693 9137 9216 D RavnStudio: Version : OpenGL ES 3.2 V@258.0 (GIT@594927b, I916dfac403) (Date:10/11/17)
08-13 16:38:17.693 9137 9216 D RavnStudio: Shaders : OpenGL ES GLSL ES 3.20
08-13 16:38:17.693 9137 9216 D RavnStudio: Max invocations: 1024
08-13 16:38:17.694 9137 9216 D RavnStudio: GL_OES_mapbuffer not found
08-13 16:38:17.694 9137 9216 D RavnStudio: Using GL_EXT_discard_framebuffer
08-13 16:38:17.694 9137 9216 D RavnStudio: AEP supported
08-13 16:38:17.694 9137 9216 D RavnStudio: GL_EXT_tessellation_shader supported
08-13 16:38:17.694 9137 9216 D RavnStudio: astc_hdr
08-13 16:38:17.694 9137 9216 D RavnStudio: astc_ldr
08-13 16:38:17.694 9137 9216 D RavnStudio: astc_full
08-13 16:38:17.694 9137 9216 D RavnStudio: CubeMapArray
08-13 16:38:17.694 9137 9216 D RavnStudio: gl_draw_buffer_num = 8
08-13 16:38:17.694 9137 9216 D RavnStudio: vtx_uniform_num = 256
08-13 16:38:17.694 9137 9216 D RavnStudio: frag_uniform_num = 256
08-13 16:38:17.694 9137 9216 D RavnStudio: varying_num = 31
08-13 16:38:17.694 9137 9216 D RavnStudio: Using GL_OES_depth_texture_cube_map for shadows
08-13 16:38:17.694 9137 9216 D RavnStudio: maxv: 32
08-13 16:38:17.694 9137 9216 D RavnStudio: Format: 0 93b0
08-13 16:38:17.694 9137 9216 D RavnStudio: Format: 1 93b1
08-13 16:38:17.694 9137 9216 D RavnStudio: Format: 2 93b2
08-13 16:38:17.694 9137 9216 D RavnStudio: Format: 3 93b3
08-13 16:38:17.694 9137 9216 D RavnStudio: Format: 4 93b4
08-13 16:38:17.694 9137 9216 D RavnStudio: Format: 5 93b5
08-13 16:38:17.694 9137 9216 D RavnStudio: Format: 6 93b6
08-13 16:38:17.694 9137 9216 D RavnStudio: Format: 7 93b7
08-13 16:38:17.694 9137 9216 D RavnStudio: Format: 8 93b8
08-13 16:38:17.694 9137 9216 D RavnStudio: Format: 9 93b9
08-13 16:38:17.694 9137 9216 D RavnStudio: Format: 10 93ba
08-13 16:38:17.694 9137 9216 D RavnStudio: Format: 11 93bb
08-13 16:38:17.694 9137 9216 D RavnStudio: Format: 12 93bc
08-13 16:38:17.694 9137 9216 D RavnStudio: Format: 13 93bd
08-13 16:38:17.694 9137 9216 D RavnStudio: Format: 14 93c0
08-13 16:38:17.694 9137 9216 D RavnStudio: Format: 15 93c1
08-13 16:38:17.694 9137 9216 D RavnStudio: Format: 16 93c2
08-13 16:38:17.694 9137 9216 D RavnStudio: Format: 17 93c3
08-13 16:38:17.694 9137 9216 D RavnStudio: Format: 18 93c4
08-13 16:38:17.694 9137 9216 D RavnStudio: Format: 19 93c5
08-13 16:38:17.694 9137 9216 D RavnStudio: Format: 20 93c6
08-13 16:38:17.694 9137 9216 D RavnStudio: Format: 21 93c7
08-13 16:38:17.694 9137 9216 D RavnStudio: Format: 22 93c8
08-13 16:38:17.694 9137 9216 D RavnStudio: Format: 23 93c9
08-13 16:38:17.694 9137 9216 D RavnStudio: Format: 24 93d0
08-13 16:38:17.694 9137 9216 D RavnStudio: Format: 25 93d1
08-13 16:38:17.694 9137 9216 D RavnStudio: Format: 26 93d2
08-13 16:38:17.694 9137 9216 D RavnStudio: Format: 27 93d3
08-13 16:38:17.694 9137 9216 D RavnStudio: Format: 28 93d4
08-13 16:38:17.694 9137 9216 D RavnStudio: Format: 29 93d5
08-13 16:38:17.694 9137 9216 D RavnStudio: Format: 30 93d6
08-13 16:38:17.694 9137 9216 D RavnStudio: Format: 31 93d7
08-13 16:38:17.694 9137 9216 D RavnStudio: Format: 32 93d8
08-13 16:38:17.694 9137 9216 D RavnStudio: Format: 33 93d9
08-13 16:38:17.694 9137 9216 D RavnStudio: Format: 34 93da
08-13 16:38:17.694 9137 9216 D RavnStudio: Format: 35 93db
08-13 16:38:17.694 9137 9216 D RavnStudio: Format: 36 93dc
08-13 16:38:17.694 9137 9216 D RavnStudio: Format: 37 93dd
08-13 16:38:17.694 9137 9216 D RavnStudio: Format: 38 93e0
08-13 16:38:17.694 9137 9216 D RavnStudio: Format: 39 93e1
08-13 16:38:17.694 9137 9216 D RavnStudio: Format: 40 93e2
08-13 16:38:17.694 9137 9216 D RavnStudio: Format: 41 93e3
08-13 16:38:17.694 9137 9216 D RavnStudio: Format: 42 93e4
08-13 16:38:17.694 9137 9216 D RavnStudio: Format: 43 93e5
08-13 16:38:17.694 9137 9216 D RavnStudio: Format: 44 93e6
08-13 16:38:17.694 9137 9216 D RavnStudio: Format: 45 93e7
08-13 16:38:17.694 9137 9216 D RavnStudio: Format: 46 93e8
08-13 16:38:17.694 9137 9216 D RavnStudio: Format: 47 93e9
08-13 16:38:17.694 9137 9216 D RavnStudio: Format: 48 8c92
08-13 16:38:17.694 9137 9216 D RavnStudio: Format: 49 8c93
08-13 16:38:17.694 9137 9216 D RavnStudio: Format: 50 87ee
08-13 16:38:17.694 9137 9216 D RavnStudio: Format: 51 9270
08-13 16:38:17.694 9137 9216 D RavnStudio: Format: 52 9271
08-13 16:38:17.694 9137 9216 D RavnStudio: Format: 53 9272
08-13 16:38:17.694 9137 9216 D RavnStudio: Format: 54 9273
08-13 16:38:17.694 9137 9216 D RavnStudio: Format: 55 8d64
08-13 16:38:17.694 9137 9216 D RavnStudio: Format: 56 9274
08-13 16:38:17.694 9137 9216 D RavnStudio: Format: 57 9276
08-13 16:38:17.694 9137 9216 D RavnStudio: Format: 58 9278
08-13 16:38:17.694 9137 9216 D RavnStudio: Format: 59 9275
08-13 16:38:17.694 9137 9216 D RavnStudio: Format: 60 9277
08-13 16:38:17.694 9137 9216 D RavnStudio: Format: 61 9279
08-13 16:38:17.694 9137 9216 D RavnStudio: Checking pvr
08-13 16:38:17.694 9137 9216 D RavnStudio: PVR textures supported: No
08-13 16:38:17.694 9137 9216 D RavnStudio: ATC textures supported: Yes
08-13 16:38:17.694 9137 9216 D RavnStudio: ETC textures supported: Yes
08-13 16:38:17.694 9137 9216 D RavnStudio: Max varying: 31
08-13 16:38:17.694 9137 9216 D RavnStudio: process_shader[0x8b31]: /sdcard/androiddata/shaders\Textshader.hlsl_main_vs_vp
08-13 16:38:17.699 9137 9216 D RavnStudio: process_shader[0x8b30]: /sdcard/androiddata/shaders\Textshader.hlsl_main_ps_fp
08-13 16:38:17.700 9137 9216 D RavnStudio: process_shader[0x8b31]: /sdcard/androiddata/shaders\SpriteShader_vs.hlsl_main_vp
08-13 16:38:17.701 9137 9216 D RavnStudio: File not found /sdcard/androiddata/shaders/SpriteShader_vs.hlsl_main_vp
08-13 16:38:17.701 9137 9216 D RavnStudio: **shader /sdcard/androiddata/shaders\SpriteShader_vs.hlsl_main_vp failed to load!
08-13 16:38:17.701 9137 9216 D RavnStudio: process_shader[0x8b30]: /sdcard/androiddata/shaders\SpriteShader_ps.hlsl_main_fp
08-13 16:38:17.701 9137 9216 D RavnStudio: File not found /sdcard/androiddata/shaders/SpriteShader_ps.hlsl_main_fp
08-13 16:38:17.701 9137 9216 D RavnStudio: **shader /sdcard/androiddata/shaders\SpriteShader_ps.hlsl_main_fp failed to load!
08-13 16:38:17.701 9137 9216 D RavnStudio: Linking incomplete shaders
08-13 16:38:17.701 9137 9216 D RavnStudio: process_shader[0x8b31]: /sdcard/androiddata/shaders\ScreenQuadShader_vs.hlsl_main_vp
08-13 16:38:17.701 9137 9216 D RavnStudio: File not found /sdcard/androiddata/shaders/ScreenQuadShader_vs.hlsl_main_vp
08-13 16:38:17.701 9137 9216 D RavnStudio: **shader /sdcard/androiddata/shaders\ScreenQuadShader_vs.hlsl_main_vp failed to load!
08-13 16:38:17.701 9137 9216 D RavnStudio: process_shader[0x8b30]: /sdcard/androiddata/shaders\ScreenQuadShader_ps.hlsl_main_fp
08-13 16:38:17.701 9137 9216 D RavnStudio: File not found /sdcard/androiddata/shaders/ScreenQuadShader_ps.hlsl_main_fp
08-13 16:38:17.701 9137 9216 D RavnStudio: **shader /sdcard/androiddata/shaders\ScreenQuadShader_ps.hlsl_main_fp failed to load!
08-13 16:38:17.701 9137 9216 D RavnStudio: Linking incomplete shaders
08-13 16:38:17.702 9137 9216 D NvInput : Initialized (Supported)
08-13 16:38:17.702 9137 9216 D RavnStudio: new input: -1
08-13 16:38:17.702 9137 9216 D RavnStudio: process_shader[0x8b31]: /sdcard/androiddata/shaders\skybox.glsl_main_vs_vp
08-13 16:38:17.702 9137 9216 D RavnStudio: process_shader[0x8b30]: /sdcard/androiddata/shaders\skybox.glsl_main_ps_deferred_hdr_fp
08-13 16:38:17.703 9137 9216 D RavnStudio: No constant flash in /sdcard/androiddata/shaders\skybox.glsl_main_vs_vp
08-13 16:38:17.703 9137 9216 D RavnStudio: process_shader[0x8b31]: /sdcard/androiddata/shaders\particles.hlsl_main_vs2_vp
08-13 16:38:17.703 9137 9216 I chatty : uid=10125(com.antutu.ABenchMark) Thread-20 identical 3 lines
08-13 16:38:17.703 9137 9216 D RavnStudio: process_shader[0x8b31]: /sdcard/androiddata/shaders\particles.hlsl_main_vs2_vp
08-13 16:38:17.704 9137 9216 D RavnStudio: process_shader[0x8b30]: /sdcard/androiddata/shaders\particles.hlsl_main_ps_fp
08-13 16:38:17.704 9137 9216 D RavnStudio: process_shader[0x8b30]: /sdcard/androiddata/shaders\particles.hlsl_main_soft_ps_fp
08-13 16:38:17.704 9137 9216 D RavnStudio: process_shader[0x8b30]: /sdcard/androiddata/shaders\particles.hlsl_main_hdr_ps_fp
08-13 16:38:17.704 9137 9216 D RavnStudio: process_shader[0x8b30]: /sdcard/androiddata/shaders\particles.hlsl_main_soft_hdr_ps_fp
08-13 16:38:17.704 9137 9216 D RavnStudio: process_shader[0x8b30]: /sdcard/androiddata/shaders\particles.hlsl_main_soft_hdr_dof_ps_fp
08-13 16:38:17.705 9137 9216 D RavnStudio: No constant unproject in /sdcard/androiddata/shaders\particles.hlsl_main_ps_fp
08-13 16:38:17.705 9137 9216 D RavnStudio: No constant screensize in /sdcard/androiddata/shaders\particles.hlsl_main_ps_fp
08-13 16:38:17.705 9137 9216 D RavnStudio: No constant linear_focal_params in /sdcard/androiddata/shaders\particles.hlsl_main_ps_fp
08-13 16:38:17.706 9137 9216 D RavnStudio: No constant linear_focal_params in /sdcard/androiddata/shaders\particles.hlsl_main_soft_ps_fp
08-13 16:38:17.707 9137 9216 D RavnStudio: No constant unproject in /sdcard/androiddata/shaders\particles.hlsl_main_hdr_ps_fp
08-13 16:38:17.707 9137 9216 D RavnStudio: No constant screensize in /sdcard/androiddata/shaders\particles.hlsl_main_hdr_ps_fp
08-13 16:38:17.707 9137 9216 D RavnStudio: No constant linear_focal_params in /sdcard/androiddata/shaders\particles.hlsl_main_hdr_ps_fp
08-13 16:38:17.708 9137 9216 D RavnStudio: No constant linear_focal_params in /sdcard/androiddata/shaders\particles.hlsl_main_soft_hdr_ps_fp
08-13 16:38:17.709 9137 9216 D RavnStudio: process_shader[0x91b9]: /sdcard/androiddata/shaders\HDR.glsl_tile_histograms_cs_cs
08-13 16:38:17.718 730 730 D QCOM PowerHAL: LAUNCH HINT: OFF
08-13 16:38:17.721 9137 9216 D RavnStudio: process_shader[0x91b9]: /sdcard/androiddata/shaders\HDR.glsl_reset_histogram_cs_cs
08-13 16:38:17.725 1108 1154 I ActivityManager: Displayed com.antutu.ABenchMark/com.antutu.benchmark.ui.test.activity.RefineryActivity: +302ms
08-13 16:38:17.732 9137 9216 D RavnStudio: process_shader[0x91b9]: /sdcard/androiddata/shaders\HDR.glsl_screen_histogram_cs_cs
08-13 16:38:17.735 9137 9216 D RavnStudio: process_shader[0x91b9]: /sdcard/androiddata/shaders\HDR.glsl_normalize_cs_cs
08-13 16:38:17.743 9137 9216 D RavnStudio: process_shader[0x91b9]: /sdcard/androiddata/shaders\HDR.glsl_tonemap_cs_cs
08-13 16:38:17.746 9137 9216 D RavnStudio: Filter size: 320 180
08-13 16:38:17.788 9137 9216 D RavnStudio: Create Depth : 1280 720
08-13 16:38:17.823 744 793 D CHRE : @ 4110.527: -: id 0, otherClientPresent 0, mode 3
08-13 16:38:17.829 9053 9053 I zygote64: System.exit called, status: 0
08-13 16:38:17.829 9053 9053 I AndroidRuntime: VM exiting with result code 0, cleanup skipped.
08-13 16:38:17.850 9137 9216 D RavnStudio: process_shader[0x91b9]: /sdcard/androiddata/shaders\PostProcess.glsl_blur_cs_cs
08-13 16:38:17.853 1108 1238 W InputDispatcher: channel '2434c1e com.antutu.ABenchMark/com.antutu.benchmark.ui.test.activity.RefineryTransferActivity (server)' ~ Consumer closed input channel or an error occurred. events=0x9
08-13 16:38:17.853 1108 1238 E InputDispatcher: channel '2434c1e com.antutu.ABenchMark/com.antutu.benchmark.ui.test.activity.RefineryTransferActivity (server)' ~ Channel is unrecoverably broken and will be disposed!
08-13 16:38:17.853 9137 9216 D RavnStudio: process_shader[0x8b31]: /sdcard/androiddata/shaders\PostProcess.hlsl_blur_vs_vp
08-13 16:38:17.853 9137 9216 D RavnStudio: process_shader[0x8b30]: /sdcard/androiddata/shaders\PostProcess.hlsl_blur_ps_fp
08-13 16:38:17.854 9137 9216 D RavnStudio: process_shader[0x8b31]: /sdcard/androiddata/shaders\PostProcess.hlsl_downsample_vs_vp
08-13 16:38:17.854 9137 9216 D RavnStudio: process_shader[0x8b30]: /sdcard/androiddata/shaders\PostProcess.hlsl_downsample_ps_fp
08-13 16:38:17.855 9137 9216 D RavnStudio: process_shader[0x8b31]: /sdcard/androiddata/shaders\PostProcess.hlsl_downsample_vs_vp
08-13 16:38:17.855 1108 2377 I ActivityManager: Process com.antutu.ABenchMark:transfer (pid 9053) has died: cch CEM
08-13 16:38:17.855 9137 9216 D RavnStudio: process_shader[0x8b30]: /sdcard/androiddata/shaders\PostProcess.hlsl_highlight_ps_fp
08-13 16:38:17.855 1108 1148 W zygote64: kill(-9053, 9) failed: No such process
08-13 16:38:17.855 1108 2327 I WindowManager: WIN DEATH: Window{2434c1e u0 com.antutu.ABenchMark/com.antutu.benchmark.ui.test.activity.RefineryTransferActivity}
08-13 16:38:17.855 1108 1148 I zygote64: Successfully killed process cgroup uid 10125 pid 9053 in 0ms
08-13 16:38:17.855 1108 2327 W InputDispatcher: Attempted to unregister already unregistered input channel '2434c1e com.antutu.ABenchMark/com.antutu.benchmark.ui.test.activity.RefineryTransferActivity (server)'
08-13 16:38:17.855 9137 9216 D RavnStudio: process_shader[0x8b31]: /sdcard/androiddata/shaders\PostProcess.hlsl_copy_vs_vp
08-13 16:38:17.855 9137 9216 D RavnStudio: No constant pixelcenter in /sdcard/androiddata/shaders\PostProcess.hlsl_copy_vs_vp
08-13 16:38:17.855 9137 9216 D RavnStudio: process_shader[0x8b31]: /sdcard/androiddata/shaders\PostProcess.hlsl_copy_vs_vp
08-13 16:38:17.855 9137 9216 D RavnStudio: process_shader[0x8b30]: /sdcard/androiddata/shaders\PostProcess.hlsl_resolve_ps_fp
08-13 16:38:17.856 9137 9216 D RavnStudio: process_shader[0x8b30]: /sdcard/androiddata/shaders\PostProcess.hlsl_upsample1_ps_fp
08-13 16:38:17.856 9137 9216 D RavnStudio: process_shader[0x8b30]: /sdcard/androiddata/shaders\PostProcess.hlsl_upsample2_ps_fp
08-13 16:38:17.856 9137 9216 D RavnStudio: process_shader[0x8b30]: /sdcard/androiddata/shaders\PostProcess.hlsl_upsample3_ps_fp
08-13 16:38:17.856 9137 9216 D RavnStudio: process_shader[0x8b31]: /sdcard/androiddata/shaders\PostProcess.hlsl_attenuate_vs_vp
08-13 16:38:17.856 9137 9216 I chatty : uid=10125(com.antutu.ABenchMark) Thread-20 identical 1 line
08-13 16:38:17.857 9137 9216 D RavnStudio: process_shader[0x8b31]: /sdcard/androiddata/shaders\PostProcess.hlsl_attenuate_vs_vp
08-13 16:38:17.857 9137 9216 D RavnStudio: process_shader[0x91b9]: /sdcard/androiddata/shaders\PostProcess.glsl_coc_cs_cs
08-13 16:38:17.859 1108 1154 W ActivityManager: setHasOverlayUi called on unknown pid: 9053
08-13 16:38:17.862 9137 9216 D RavnStudio: process_shader[0x91b9]: /sdcard/androiddata/shaders\PostProcess.glsl_glow_cs_cs
08-13 16:38:17.867 9137 9216 D RavnStudio: 0x7092a9c990
08-13 16:38:17.867 9137 9216 D RavnStudio: process_shader[0x91b9]: /sdcard/androiddata/shaders\PostProcess.glsl_addglow_cs_cs
08-13 16:38:17.870 9137 9216 D RavnStudio: process_shader[0x91b9]: /sdcard/androiddata/shaders\PostProcess.glsl_reset_cs_cs
08-13 16:38:17.872 9137 9216 D RavnStudio: process_shader[0x91b9]: /sdcard/androiddata/shaders\PostProcess.glsl_extract_cs_cs
08-13 16:38:17.879 9137 9216 D RavnStudio: process_shader[0x8b31]: /sdcard/androiddata/shaders\PostProcess.glsl_points_vs_vp
08-13 16:38:17.885 9137 9216 D RavnStudio: process_shader[0x8b30]: /sdcard/androiddata/shaders\PostProcess.glsl_points_ps_fp
08-13 16:38:17.887 9137 9216 D RavnStudio: process_shader[0x8dd9]: /sdcard/androiddata/shaders\PostProcess.glsl_points_gs_gs
08-13 16:38:17.891 9137 9216 D RavnStudio: RTX: /sdcard/androiddata/pentagon.rtx (64x64)
08-13 16:38:17.892 9137 9216 D RavnStudio: process_shader[0x91b9]: /sdcard/androiddata/shaders\PostProcess.glsl_addldr_cs_cs
08-13 16:38:17.894 9137 9216 D RavnStudio: process_shader[0x91b9]: /sdcard/androiddata/shaders\DOF.glsl_h_cs_cs
08-13 16:38:17.900 9137 9216 D RavnStudio: process_shader[0x91b9]: /sdcard/androiddata/shaders\DOF.glsl_v_cs_cs
08-13 16:38:17.906 9137 9216 D RavnStudio: process_shader[0x91b9]: /sdcard/androiddata/shaders\DOF.glsl_composite_cs_cs
08-13 16:38:17.909 9137 9216 D RavnStudio: SCENE_InitDeferredRenderNV
08-13 16:38:17.910 9137 9216 D RavnStudio: Init g-buffer rts start
08-13 16:38:17.998 9137 9216 D RavnStudio: Init g-buffer rts end
08-13 16:38:17.998 9137 9216 D RavnStudio: Init g-buffer fbos start
08-13 16:38:17.998 9137 9216 D RavnStudio: Init g-buffer fbos end
08-13 16:38:17.998 9137 9216 D RavnStudio: Init g-buffer fbos end
08-13 16:38:17.998 9137 9216 D RavnStudio: process_shader[0x91b9]: /sdcard/androiddata/shaders\ssao_linear_depth.glsl_main_sliced_cs_cs
08-13 16:38:18.008 744 793 D CHRE : @ 4110.712: -: id 10, otherClientPresent 0, mode 3
08-13 16:38:18.009 744 793 D CHRE : @ 4110.713: [ImuCal] Dynamic sensor configuration: stand-by.
08-13 16:38:18.009 744 793 D CHRE : @ 4110.713: sensorType 9 allowed 0: mergedMode 3, otherClientPresent 0
08-13 16:38:18.009 744 793 D CHRE : @ 4110.713: sensorType 11 allowed 0: mergedMode 3, otherClientPresent 0
08-13 16:38:18.009 744 793 D CHRE : @ 4110.713: sensorType 13 allowed 0: mergedMode 3, otherClientPresent 0
08-13 16:38:18.072 1443 1443 I Elmyra/ElmyraService: Gated by NavigationBarVisibility [mIsNavigationHidden -> true; mExceptions -> [DismissTimer [mReceiverRegistered -> true], SnoozeAlarm [mReceiverRegistered -> true], SilenceCall [mSilenceSettingEnabled -> true], ServiceAction]]
08-13 16:38:18.075 744 793 I ASH : @ 4110.779: ams_deviceSetConfig: Disabling proximity
08-13 16:38:18.077 9137 9216 D RavnStudio: process_shader[0x91b9]: /sdcard/androiddata/shaders\ssao_hbao.glsl_main_sliced_cs_cs
08-13 16:38:18.086 9137 9216 D RavnStudio: process_shader[0x91b9]: /sdcard/androiddata/shaders\ssao_blur.glsl_main_blur_sliced_x_cs_cs
08-13 16:38:18.097 9137 9216 D RavnStudio: process_shader[0x91b9]: /sdcard/androiddata/shaders\ssao_blur.glsl_main_blur_sliced_y_cs_cs
08-13 16:38:18.203 9137 9216 D RavnStudio: Warning: broken or outdated data detected:
08-13 16:38:18.203 9137 9216 D RavnStudio: Skipping unrecognized chunk: project: 8 id: 47 version: 0 size: 4
08-13 16:38:18.206 9137 9216 D RavnStudio: Level /sdcard/androiddata/level\level\scene.lvl loaded 24 chunks.
08-13 16:38:18.206 9137 9216 D RavnStudio: filtered 1 of 259
08-13 16:38:18.207 9137 9216 D RavnStudio: File not found /sdcard/androiddata/level/level/chunkpaths.bin
08-13 16:38:18.207 9137 9216 D RavnStudio: Entering level
08-13 16:38:18.207 9137 9216 D RavnStudio: File not found /sdcard/androiddata/level/level/chunks_astc.cnk
08-13 16:38:18.207 9137 9216 D RavnStudio: File not found /sdcard/androiddata/level/level/chunks.cnk
08-13 16:38:18.208 9137 9216 D RavnStudio: Loading chunk data from /sdcard/androiddata/level\level\chunks_astc.db
08-13 16:38:18.218 715 1173 D audio_hw_primary: disable_audio_route: usecase(0) reset and update mixer path: deep-buffer-playback speaker
08-13 16:38:18.218 715 1173 D audio_hw_primary: disable_snd_device: snd_device(2: speaker)
08-13 16:38:19.166 9137 9216 D RavnStudio: Txtr : 43753480
08-13 16:38:19.166 9137 9216 D RavnStudio: Vtx : 7036668
08-13 16:38:19.166 9137 9216 D RavnStudio: Indx : 4404390
08-13 16:38:19.166 9137 9216 D RavnStudio: Loadanims level
08-13 16:38:19.184 9137 9216 D RavnStudio: process_shader[0x8b31]: /sdcard/androiddata/shaders\floop_tesselation.glsl_main_vs_vp
08-13 16:38:19.192 9137 9216 D RavnStudio: process_shader[0x8e88]: /sdcard/androiddata/shaders\floop_tesselation.glsl_main_tcs_tcs
08-13 16:38:19.193 9137 9216 D RavnStudio: process_shader[0x8e87]: /sdcard/androiddata/shaders\floop_tesselation.glsl_pom_tes_tes
08-13 16:38:19.230 9137 9216 D RavnStudio: process_shader[0x8b30]: /sdcard/androiddata/shaders\floop_tesselation.glsl_main_ps_fp
08-13 16:38:19.234 9137 9216 D RavnStudio: process_shader[0x8b31]: /sdcard/androiddata/shaders\floop_tesselation.glsl_main_vs_vp
08-13 16:38:19.242 9137 9216 D RavnStudio: process_shader[0x8e88]: /sdcard/androiddata/shaders\floop_tesselation.glsl_main_tcs_tcs
08-13 16:38:19.242 9137 9216 D RavnStudio: process_shader[0x8e87]: /sdcard/androiddata/shaders\floop_tesselation.glsl_pom_tes_tes
08-13 16:38:19.279 9137 9216 D RavnStudio: process_shader[0x8b30]: /sdcard/androiddata/shaders\floop_tesselation.glsl_pom_ps_fp
08-13 16:38:19.287 9137 9216 D RavnStudio: process_shader[0x8b31]: /sdcard/androiddata/shaders\floop.glsl_main_vs_vp
08-13 16:38:19.299 9137 9216 D RavnStudio: process_shader[0x8b30]: /sdcard/androiddata/shaders\floop_tesselation.glsl_main_ps_fp
08-13 16:38:19.302 9137 9216 D RavnStudio: process_shader[0x8b31]: /sdcard/androiddata/shaders\floop.glsl_main_vs_vp
08-13 16:38:19.313 9137 9216 D RavnStudio: process_shader[0x8b30]: /sdcard/androiddata/shaders\floop_tesselation.glsl_pom_ps_fp
08-13 16:38:19.319 9137 9216 D RavnStudio: process_shader[0x8b31]: /sdcard/androiddata/shaders\floop_tesselation.glsl_shadow_vs_vp
08-13 16:38:19.324 9137 9216 D RavnStudio: process_shader[0x8e88]: /sdcard/androiddata/shaders\floop_tesselation.glsl_shadow_tcs_tcs
08-13 16:38:19.325 9137 9216 D RavnStudio: process_shader[0x8e87]: /sdcard/androiddata/shaders\floop_tesselation.glsl_shadow_tes_tes
08-13 16:38:19.353 9137 9216 D RavnStudio: process_shader[0x8b30]: /sdcard/androiddata/shaders\floop_tesselation.glsl_shadow_ps_fp
08-13 16:38:19.356 9137 9216 D RavnStudio: process_shader[0x8b31]: /sdcard/androiddata/shaders\floop.glsl_shadow_vs_vp
08-13 16:38:19.361 9137 9216 D RavnStudio: process_shader[0x8b30]: /sdcard/androiddata/shaders\floop_tesselation.glsl_shadow_ps_fp
08-13 16:38:19.364 9137 9216 D RavnStudio: process_shader[0x8b31]: /sdcard/androiddata/shaders\floop.glsl_skin_vs_vp
08-13 16:38:19.389 9137 9216 D RavnStudio: process_shader[0x8b30]: /sdcard/androiddata/shaders\floop_tesselation.glsl_main_ps_fp
08-13 16:38:19.392 9137 9216 D RavnStudio: process_shader[0x8b31]: /sdcard/androiddata/shaders\floop.glsl_shadow_skin_vs_vp
08-13 16:38:19.400 9137 9216 D RavnStudio: process_shader[0x8b30]: /sdcard/androiddata/shaders\floop_tesselation.glsl_shadow_ps_fp
08-13 16:38:19.402 9137 9216 D RavnStudio: No constant fullmatrix in /sdcard/androiddata/shaders\floop_tesselation.glsl_main_vs_vp
08-13 16:38:19.402 9137 9216 D RavnStudio: No TCS constant world in /sdcard/androiddata/shaders\floop_tesselation.glsl_main_tcs_tcs
08-13 16:38:19.402 9137 9216 D RavnStudio: No constant modelviewmatrix in /sdcard/androiddata/shaders\floop_tesselation.glsl_main_vs_vp
08-13 16:38:19.402 9137 9216 D RavnStudio: No constant campos in /sdcard/androiddata/shaders\floop_tesselation.glsl_main_vs_vp
08-13 16:38:19.402 9137 9216 D RavnStudio: No constant parallaxscale in /sdcard/androiddata/shaders\floop_tesselation.glsl_main_ps_fp
08-13 16:38:19.402 9137 9216 D RavnStudio: No constant bones in /sdcard/androiddata/shaders\floop_tesselation.glsl_main_vs_vp
08-13 16:38:19.402 9137 9216 D RavnStudio: No constant fullmatrix in /sdcard/androiddata/shaders\floop_tesselation.glsl_main_vs_vp
08-13 16:38:19.402 9137 9216 D RavnStudio: No TCS constant world in /sdcard/androiddata/shaders\floop_tesselation.glsl_main_tcs_tcs
08-13 16:38:19.402 9137 9216 D RavnStudio: No constant modelviewmatrix in /sdcard/androiddata/shaders\floop_tesselation.glsl_main_vs_vp
08-13 16:38:19.402 9137 9216 D RavnStudio: No constant campos in /sdcard/androiddata/shaders\floop_tesselation.glsl_main_vs_vp
08-13 16:38:19.402 9137 9216 D RavnStudio: No constant bones in /sdcard/androiddata/shaders\floop_tesselation.glsl_main_vs_vp
08-13 16:38:19.402 9137 9216 D RavnStudio: No constant parallaxscale in /sdcard/androiddata/shaders\floop_tesselation.glsl_main_ps_fp
08-13 16:38:19.402 9137 9216 D RavnStudio: No constant bones in /sdcard/androiddata/shaders\floop.glsl_main_vs_vp
08-13 16:38:19.402 9137 9216 D RavnStudio: No constant bones in /sdcard/androiddata/shaders\floop.glsl_main_vs_vp
08-13 16:38:19.402 9137 9216 D RavnStudio: No constant parallaxscale in /sdcard/androiddata/shaders\floop_tesselation.glsl_main_ps_fp
08-13 16:38:19.402 9137 9216 D RavnStudio: No constant modelviewmatrix in /sdcard/androiddata/shaders\floop.glsl_shadow_vs_vp
08-13 16:38:19.402 9137 9216 D RavnStudio: No constant campos in /sdcard/androiddata/shaders\floop.glsl_shadow_vs_vp
08-13 16:38:19.402 9137 9216 D RavnStudio: No constant world in /sdcard/androiddata/shaders\floop.glsl_shadow_vs_vp
08-13 16:38:19.402 9137 9216 D RavnStudio: No constant parallaxscale in /sdcard/androiddata/shaders\floop_tesselation.glsl_shadow_ps_fp
08-13 16:38:19.402 9137 9216 D RavnStudio: No constant bones in /sdcard/androiddata/shaders\floop.glsl_shadow_vs_vp
08-13 16:38:19.402 9137 9216 D RavnStudio: No constant fullmatrix in /sdcard/androiddata/shaders\floop_tesselation.glsl_shadow_vs_vp
08-13 16:38:19.402 9137 9216 D RavnStudio: No TCS constant world in /sdcard/androiddata/shaders\floop_tesselation.glsl_shadow_tcs_tcs
08-13 16:38:19.402 9137 9216 D RavnStudio: No TES constant modelviewmatrix in /sdcard/androiddata/shaders\floop_tesselation.glsl_shadow_tes_tes
08-13 16:38:19.402 9137 9216 D RavnStudio: No constant modelviewmatrix in /sdcard/androiddata/shaders\floop_tesselation.glsl_shadow_vs_vp
08-13 16:38:19.402 9137 9216 D RavnStudio: No constant campos in /sdcard/androiddata/shaders\floop_tesselation.glsl_shadow_vs_vp
08-13 16:38:19.402 9137 9216 D RavnStudio: No TES constant campos in /sdcard/androiddata/shaders\floop_tesselation.glsl_shadow_tes_tes
08-13 16:38:19.402 9137 9216 D RavnStudio: No constant parallaxscale in /sdcard/androiddata/shaders\floop_tesselation.glsl_shadow_ps_fp
08-13 16:38:19.402 9137 9216 D RavnStudio: No constant bones in /sdcard/androiddata/shaders\floop_tesselation.glsl_shadow_vs_vp
08-13 16:38:19.402 9137 9216 D RavnStudio: No constant modelviewmatrix in /sdcard/androiddata/shaders\floop.glsl_shadow_skin_vs_vp
08-13 16:38:19.402 9137 9216 D RavnStudio: No constant campos in /sdcard/androiddata/shaders\floop.glsl_shadow_skin_vs_vp
08-13 16:38:19.402 9137 9216 D RavnStudio: No constant world in /sdcard/androiddata/shaders\floop.glsl_shadow_skin_vs_vp
08-13 16:38:19.402 9137 9216 D RavnStudio: No constant parallaxscale in /sdcard/androiddata/shaders\floop_tesselation.glsl_shadow_ps_fp
08-13 16:38:19.402 9137 9216 D RavnStudio: process_shader[0x91b9]: /sdcard/androiddata/shaders\lighttree.glsl_prepass_cs_cs
08-13 16:38:19.408 9137 9216 D RavnStudio: process_shader[0x91b9]: /sdcard/androiddata/shaders\lighttree.glsl_main_cs_cs
08-13 16:38:19.427 9137 9216 D RavnStudio: No CS constant outputSize in /sdcard/androiddata/shaders\lighttree.glsl_main_cs_cs
08-13 16:38:19.427 9137 9216 D RavnStudio: process_shader[0x91b9]: /sdcard/androiddata/shaders\deferred_resolve.glsl_prepare_cs_cs
08-13 16:38:19.430 9137 9216 D RavnStudio: process_shader[0x91b9]: /sdcard/androiddata/shaders\deferred_resolve.glsl_resolve_cs_cs
08-13 16:38:19.432 9137 9216 D RavnStudio: process_shader[0x91b9]: /sdcard/androiddata/shaders\deferred_resolve.glsl_resolve_reflections_cs_cs
08-13 16:38:19.434 9137 9216 D RavnStudio: process_shader[0x91b9]: /sdcard/androiddata/shaders\deferred_resolve.glsl_resolve_ssao_cs_cs
08-13 16:38:19.436 9137 9216 D RavnStudio: process_shader[0x91b9]: /sdcard/androiddata/shaders\deferred_resolve.glsl_premul_cs_cs
08-13 16:38:19.439 9137 9216 D RavnStudio: Create Depth : 4096 4096
08-13 16:38:19.439 9137 9216 D RavnStudio: process_shader[0x91b9]: /sdcard/androiddata/shaders\dirlight.glsl_csm_cs_cs
08-13 16:38:19.446 9137 9216 D RavnStudio: Sampler is 2dshadow
08-13 16:38:19.446 9137 9216 D RavnStudio: No CS constant proj in /sdcard/androiddata/shaders\dirlight.glsl_csm_cs_cs
08-13 16:38:19.446 9137 9216 D RavnStudio: No CS constant invviewproj in /sdcard/androiddata/shaders\dirlight.glsl_csm_cs_cs
08-13 16:38:19.446 9137 9216 D RavnStudio: No CS constant camera in /sdcard/androiddata/shaders\dirlight.glsl_csm_cs_cs
08-13 16:38:19.446 9137 9216 D RavnStudio: No CS constant view in /sdcard/androiddata/shaders\dirlight.glsl_csm_cs_cs
08-13 16:38:19.446 9137 9216 D RavnStudio: process_shader[0x91b9]: /sdcard/androiddata/shaders\omnilight.glsl_main_cs_cs
08-13 16:38:19.453 9137 9216 D RavnStudio: Sampler is nvshadow
08-13 16:38:19.453 9137 9216 D RavnStudio: No CS constant proj in /sdcard/androiddata/shaders\omnilight.glsl_main_cs_cs
08-13 16:38:19.453 9137 9216 D RavnStudio: No CS constant invshadowproj in /sdcard/androiddata/shaders\omnilight.glsl_main_cs_cs
08-13 16:38:19.453 9137 9216 D RavnStudio: No CS constant camera in /sdcard/androiddata/shaders\omnilight.glsl_main_cs_cs
08-13 16:38:19.453 9137 9216 D RavnStudio: No CS constant view in /sdcard/androiddata/shaders\omnilight.glsl_main_cs_cs
08-13 16:38:19.453 9137 9216 D RavnStudio: No CS constant outputSize in /sdcard/androiddata/shaders\omnilight.glsl_main_cs_cs
08-13 16:38:19.454 9137 9216 D RavnStudio: RTX: /sdcard/androiddata/warning_profile.rtx (1024x1)
08-13 16:38:19.454 9137 9216 D RavnStudio: process_shader[0x8b31]: /sdcard/androiddata/shaders\rectlight.glsl_main_vs_vp
08-13 16:38:19.456 9137 9216 D RavnStudio: process_shader[0x8b30]: /sdcard/androiddata/shaders\rectlight.glsl_main_ps_fp
08-13 16:38:19.469 9137 9216 D RavnStudio: RTX: /sdcard/androiddata/antutu-Icon.rtx (512x512)
08-13 16:38:19.470 9137 9216 D RavnStudio: process_shader[0x8b31]: /sdcard/androiddata/shaders\PostProcess.hlsl_quad_vs_vp
08-13 16:38:19.470 9137 9216 D RavnStudio: process_shader[0x8b30]: /sdcard/androiddata/shaders\PostProcess.hlsl_quad_ps_fp
08-13 16:38:19.500 9137 9216 D RavnStudio: RTX: /sdcard/androiddata/loadback.rtx (1920x1080)
08-13 16:38:19.507 9137 9216 D RavnStudio: RTX: /sdcard/androiddata/loadbarfull.rtx (664x27)
08-13 16:38:19.508 9137 9216 D RavnStudio: RTX: /sdcard/androiddata/loadtext.rtx (96x16)
08-13 16:38:19.509 9137 9216 D RavnStudio: RTX: /sdcard/androiddata/loadlabeland.rtx (686x139)
08-13 16:38:19.509 9137 9216 D RavnStudio: process_shader[0x8b31]: /sdcard/androiddata/shaders\PostProcess.hlsl_loadbar_vs_vp
08-13 16:38:19.509 9137 9216 D RavnStudio: process_shader[0x8b30]: /sdcard/androiddata/shaders\PostProcess.hlsl_loadbar_ps_fp
08-13 16:38:19.522 9137 9216 D RavnStudio: Unlinked shaders: /sdcard/androiddata/shaders\PostProcess.hlsl_loadbar_vs_vp /sdcard/androiddata/shaders\PostProcess.hlsl_loadbar_ps_fp
08-13 16:38:19.527 9137 9216 D RavnStudio: process_shader[0x91b9]: /sdcard/androiddata/shaders\copy.glsl_copy_cs_cs
08-13 16:38:19.536 9137 9216 D RavnStudio: Filter size: 64 64
08-13 16:38:19.539 9137 9216 D RavnStudio: Create Depth : 256 256
08-13 16:38:19.550 9137 9216 D RavnStudio: SCENE_InitDeferredRenderNV
08-13 16:38:19.550 9137 9216 D RavnStudio: Init g-buffer rts start
08-13 16:38:19.557 9137 9216 D RavnStudio: Init g-buffer rts end
08-13 16:38:19.557 9137 9216 D RavnStudio: Init g-buffer fbos start
08-13 16:38:19.557 9137 9216 D RavnStudio: Init g-buffer fbos end
08-13 16:38:19.557 9137 9216 D RavnStudio: Init g-buffer fbos end
08-13 16:38:19.564 9137 9216 D RavnStudio: Generating env maps..
08-13 16:38:19.953 9137 9216 D RavnStudio: env map 0 done!
08-13 16:38:20.218 9137 9216 D RavnStudio: env map 1 done!
08-13 16:38:20.451 9137 9216 D RavnStudio: env map 2 done!
08-13 16:38:20.455 9137 9216 D RavnStudio: Filter size: 320 180
08-13 16:38:20.540 9137 9216 D RavnStudio: Create Depth : 1280 720
08-13 16:38:20.604 9137 9216 D RavnStudio: SCENE_InitDeferredRenderNV
08-13 16:38:20.604 9137 9216 D RavnStudio: Init g-buffer rts start
08-13 16:38:20.693 9137 9216 D RavnStudio: Init g-buffer rts end
08-13 16:38:20.693 9137 9216 D RavnStudio: Init g-buffer fbos start
08-13 16:38:20.693 9137 9216 D RavnStudio: Init g-buffer fbos end
08-13 16:38:20.693 9137 9216 D RavnStudio: Init g-buffer fbos end
08-13 16:38:20.711 9137 9216 D RavnStudio: Enitters : 2
08-13 16:38:20.884 9137 9216 I Refinery: Window size change 1920x1080
08-13 16:38:21.068 2197 4395 E Auth : [GoogleAccountDataServiceImpl] getToken() -> NETWORK_ERROR. Account: , App: com.google.android.googlequicksearchbox, Service: oauth2:https://www.googleapis.com/auth/googlenow
08-13 16:38:21.068 2197 4395 E Auth : edx: Error when calling server.
08-13 16:38:21.068 2197 4395 E Auth : at edy.b(:com.google.android.gms@11580948:143)
08-13 16:38:21.068 2197 4395 E Auth : at edy.a(:com.google.android.gms@11580948:50)
08-13 16:38:21.068 2197 4395 E Auth : at ecl.a(:com.google.android.gms@11580948:50)
08-13 16:38:21.068 2197 4395 E Auth : at flk.a(:com.google.android.gms@11580948:8)
08-13 16:38:21.068 2197 4395 E Auth : at flk.a(:com.google.android.gms@11580948:4)
08-13 16:38:21.068 2197 4395 E Auth : at fkj.a(:com.google.android.gms@11580948:2)
08-13 16:38:21.068 2197 4395 E Auth : at fkh.a(:com.google.android.gms@11580948:17)
08-13 16:38:21.068 2197 4395 E Auth : at fkh.a(:com.google.android.gms@11580948:6)
08-13 16:38:21.068 2197 4395 E Auth : at bsr.a(:com.google.android.gms@11580948:203)
08-13 16:38:21.068 2197 4395 E Auth : at bsr.a(:com.google.android.gms@11580948:61)
08-13 16:38:21.068 2197 4395 E Auth : at dzj.a(:com.google.android.gms@11580948:6)
08-13 16:38:21.068 2197 4395 E Auth : at dzi.a(:com.google.android.gms@11580948:2)
08-13 16:38:21.068 2197 4395 E Auth : at dzi.e(:com.google.android.gms@11580948:6)
08-13 16:38:21.068 2197 4395 E Auth : at dzh.a(:com.google.android.gms@11580948:1)
08-13 16:38:21.068 2197 4395 E Auth : at eax.getAuthToken(:com.google.android.gms@11580948:7)
08-13 16:38:21.068 2197 4395 E Auth : at android.accounts.AbstractAccountAuthenticator$Transport.getAuthToken(AbstractAccountAuthenticator.java:244)
08-13 16:38:21.068 2197 4395 E Auth : at android.accounts.IAccountAuthenticator$Stub.onTransact(IAccountAuthenticator.java:113)
08-13 16:38:21.068 2197 4395 E Auth : at android.os.Binder.transact(Binder.java:627)
08-13 16:38:21.068 2197 4395 E Auth : at buy.onTransact(:com.google.android.gms@11580948:3)
08-13 16:38:21.068 2197 4395 E Auth : at android.os.Binder.execTransact(Binder.java:697)
08-13 16:38:21.068 2197 4395 E Auth : Caused by: java.net.SocketTimeoutException: SSL handshake timed out
08-13 16:38:21.068 2197 4395 E Auth : at com.google.android.gms.org.conscrypt.NativeCrypto.SSL_do_handshake(Native Method)
08-13 16:38:21.068 2197 4395 E Auth : at com.google.android.gms.org.conscrypt.OpenSSLSocketImpl.startHandshake(:com.google.android.gms@11580948:24)
08-13 16:38:21.068 2197 4395 E Auth : at com.google.android.gms.common.net.SSLCertificateSocketFactory.verifyHostname(:com.google.android.gms@11580948:2)
08-13 16:38:21.068 2197 4395 E Auth : at com.google.android.gms.common.net.SSLCertificateSocketFactory.createSocket(:com.google.android.gms@11580948:8)
08-13 16:38:21.068 2197 4395 E Auth : at com.android.okhttp.internal.io.RealConnection.connectTls(RealConnection.java:181)
08-13 16:38:21.068 2197 4395 E Auth : at com.android.okhttp.internal.io.RealConnection.connectSocket(RealConnection.java:149)
08-13 16:38:21.068 2197 4395 E Auth : at com.android.okhttp.internal.io.RealConnection.connect(RealConnection.java:112)
08-13 16:38:21.068 2197 4395 E Auth : at com.android.okhttp.internal.http.StreamAllocation.findConnection(StreamAllocation.java:184)
08-13 16:38:21.068 2197 4395 E Auth : at com.android.okhttp.internal.http.StreamAllocation.findHealthyConnection(StreamAllocation.java:126)
08-13 16:38:21.068 2197 4395 E Auth : at com.android.okhttp.internal.http.StreamAllocation.newStream(StreamAllocation.java:95)
08-13 16:38:21.068 2197 4395 E Auth : at com.android.okhttp.internal.http.HttpEngine.connect(HttpEngine.java:281)
08-13 16:38:21.068 2197 4395 E Auth : at com.android.okhttp.internal.http.HttpEngine.sendRequest(HttpEngine.java:224)
08-13 16:38:21.068 2197 4395 E Auth : at com.android.okhttp.internal.huc.HttpURLConnectionImpl.execute(HttpURLConnectionImpl.java:461)
08-13 16:38:21.068 2197 4395 E Auth : at com.android.okhttp.internal.huc.HttpURLConnectionImpl.connect(HttpURLConnectionImpl.java:127)
