08-13 16:37:17.246 8901 8942 I zygote64: at com.taobao.accs.IACCSManager com.taobao.accs.ACCSManager.getAccsInstance(android.content.Context, java.lang.String, java.lang.String) (Taobao:416)
08-13 16:37:17.246 8901 8942 I zygote64: at void com.taobao.agoo.TaobaoRegister.register(android.content.Context, java.lang.String, java.lang.String, java.lang.String, java.lang.String, com.taobao.agoo.IRegister) (Taobao:118)
08-13 16:37:17.246 8901 8942 I zygote64: at void com.taobao.agoo.TaobaoRegister.register(android.content.Context, java.lang.String, java.lang.String, java.lang.String, com.taobao.agoo.IRegister) (Taobao:79)
08-13 16:37:17.246 8901 8942 I zygote64: at void com.umeng.message.PushAgent$2.run() (PushAgent.java:165)
08-13 16:37:17.246 8901 8942 I zygote64: at java.lang.Object java.util.concurrent.Executors$RunnableAdapter.call() (Executors.java:457)
08-13 16:37:17.246 8901 8942 I zygote64: at void java.util.concurrent.FutureTask.run() (FutureTask.java:266)
08-13 16:37:17.246 8901 8942 I zygote64: at void java.util.concurrent.ScheduledThreadPoolExecutor$ScheduledFutureTask.run() (ScheduledThreadPoolExecutor.java:301)
08-13 16:37:17.246 8901 8942 I zygote64: at void java.util.concurrent.ThreadPoolExecutor.runWorker(java.util.concurrent.ThreadPoolExecutor$Worker) (ThreadPoolExecutor.java:1162)
08-13 16:37:17.246 8901 8942 I zygote64: at void java.util.concurrent.ThreadPoolExecutor$Worker.run() (ThreadPoolExecutor.java:636)
08-13 16:37:17.246 8901 8942 I zygote64: at void java.lang.Thread.run() (Thread.java:764)
08-13 16:37:17.246 8901 8942 I zygote64:
08-13 16:37:17.248 1108 1143 W BroadcastQueue: Background execution not allowed: receiving Intent { act=com.igexin.sdk.action.ZJJ5spRHSxAO0QpkSa6hz8 flg=0x30 (has extras) } to com.antutu.ABenchMark/com.antutu.benchmark.receiver.GeTuiReceiver
08-13 16:37:17.248 2279 2808 D PushService: clientid is e233304a6090b2f513b666f87b4144c0
08-13 16:37:17.255 8901 8942 I zygote64: Rejecting re-init on previously-failed class java.lang.Class: java.lang.NoClassDefFoundError: Failed resolution of: Lcom/taobao/orange/OrangeConfigListenerV1;
08-13 16:37:17.255 8901 8942 I zygote64: at java.lang.Object java.lang.reflect.Constructor.newInstance0(java.lang.Object[]) (Constructor.java:-2)
08-13 16:37:17.255 8901 8942 I zygote64: at java.lang.Object java.lang.reflect.Constructor.newInstance(java.lang.Object[]) (Constructor.java:334)
08-13 16:37:17.255 8901 8942 I zygote64: at com.taobao.accs.IACCSManager com.taobao.accs.ACCSManager.createInner(android.content.Context, java.lang.String) (Taobao:430)
08-13 16:37:17.255 8901 8942 I zygote64: at com.taobao.accs.IACCSManager com.taobao.accs.ACCSManager.getAccsInstance(android.content.Context, java.lang.String, java.lang.String) (Taobao:416)
08-13 16:37:17.255 8901 8942 I zygote64: at void com.taobao.agoo.TaobaoRegister.register(android.content.Context, java.lang.String, java.lang.String, java.lang.String, java.lang.String, com.taobao.agoo.IRegister) (Taobao:118)
08-13 16:37:17.255 8901 8942 I zygote64: at void com.taobao.agoo.TaobaoRegister.register(android.content.Context, java.lang.String, java.lang.String, java.lang.String, com.taobao.agoo.IRegister) (Taobao:79)
08-13 16:37:17.255 8901 8942 I zygote64: at void com.umeng.message.PushAgent$2.run() (PushAgent.java:165)
08-13 16:37:17.255 8901 8942 I zygote64: at java.lang.Object java.util.concurrent.Executors$RunnableAdapter.call() (Executors.java:457)
08-13 16:37:17.255 8901 8942 I zygote64: at void java.util.concurrent.FutureTask.run() (FutureTask.java:266)
08-13 16:37:17.255 8901 8942 I zygote64: at void java.util.concurrent.ScheduledThreadPoolExecutor$ScheduledFutureTask.run() (ScheduledThreadPoolExecutor.java:301)
08-13 16:37:17.255 8901 8942 I zygote64: at void java.util.concurrent.ThreadPoolExecutor.runWorker(java.util.concurrent.ThreadPoolExecutor$Worker) (ThreadPoolExecutor.java:1162)
08-13 16:37:17.255 8901 8942 I zygote64: at void java.util.concurrent.ThreadPoolExecutor$Worker.run() (ThreadPoolExecutor.java:636)
08-13 16:37:17.255 8901 8942 I zygote64: at void java.lang.Thread.run() (Thread.java:764)
08-13 16:37:17.255 8901 8942 I zygote64: Caused by: java.lang.ClassNotFoundException: Didn't find class "com.taobao.orange.OrangeConfigListenerV1" on path: DexPathList[[zip file "/data/app/com.antutu.ABenchMark-A-LqICl6s1lUXsxzUV_CFg==/base.apk"],nativeLibraryDirectories=[/data/app/com.antutu.ABenchMark-A-LqICl6s1lUXsxzUV_CFg==/lib/arm64, /data/app/com.antutu.ABenchMark-A-LqICl6s1lUXsxzUV_CFg==/base.apk!/lib/arm64-v8a, /system/lib64]]
08-13 16:37:17.255 8901 8942 I zygote64: at java.lang.Class dalvik.system.BaseDexClassLoader.findClass(java.lang.String) (BaseDexClassLoader.java:125)
08-13 16:37:17.255 8901 8942 I zygote64: at java.lang.Class java.lang.ClassLoader.loadClass(java.lang.String, boolean) (ClassLoader.java:379)
08-13 16:37:17.255 8901 8942 I zygote64: at java.lang.Class java.lang.ClassLoader.loadClass(java.lang.String) (ClassLoader.java:312)
08-13 16:37:17.255 8901 8942 I zygote64: at java.lang.Object java.lang.reflect.Constructor.newInstance0(java.lang.Object[]) (Constructor.java:-2)
08-13 16:37:17.255 8901 8942 I zygote64: at java.lang.Object java.lang.reflect.Constructor.newInstance(java.lang.Object[]) (Constructor.java:334)
08-13 16:37:17.255 8901 8942 I zygote64: at com.taobao.accs.IACCSManager com.taobao.accs.ACCSManager.createInner(android.content.Context, java.lang.String) (Taobao:430)
08-13 16:37:17.255 8901 8942 I zygote64: at com.taobao.accs.IACCSManager com.taobao.accs.ACCSManager.getAccsInstance(android.content.Context, java.lang.String, java.lang.String) (Taobao:416)
08-13 16:37:17.255 8901 8942 I zygote64: at void com.taobao.agoo.TaobaoRegister.register(android.content.Context, java.lang.String, java.lang.String, java.lang.String, java.lang.String, com.taobao.agoo.IRegister) (Taobao:118)
08-13 16:37:17.255 8901 8942 I zygote64: at void com.taobao.agoo.TaobaoRegister.register(android.content.Context, java.lang.String, java.lang.String, java.lang.String, com.taobao.agoo.IRegister) (Taobao:79)
08-13 16:37:17.255 8901 8942 I zygote64: at void com.umeng.message.PushAgent$2.run() (PushAgent.java:165)
08-13 16:37:17.255 8901 8942 I zygote64: at java.lang.Object java.util.concurrent.Executors$RunnableAdapter.call() (Executors.java:457)
08-13 16:37:17.255 8901 8942 I zygote64: at void java.util.concurrent.FutureTask.run() (FutureTask.java:266)
08-13 16:37:17.255 8901 8942 I zygote64: at void java.util.concurrent.ScheduledThreadPoolExecutor$ScheduledFutureTask.run() (ScheduledThreadPoolExecutor.java:301)
08-13 16:37:17.255 8901 8942 I zygote64: at void java.util.concurrent.ThreadPoolExecutor.runWorker(java.util.concurrent.ThreadPoolExecutor$Worker) (ThreadPoolExecutor.java:1162)
08-13 16:37:17.255 8901 8942 I zygote64: at void java.util.concurrent.ThreadPoolExecutor$Worker.run() (ThreadPoolExecutor.java:636)
08-13 16:37:17.255 8901 8942 I zygote64: at void java.lang.Thread.run() (Thread.java:764)
08-13 16:37:17.255 8901 8942 I zygote64:
08-13 16:37:17.259 8901 8947 D FileCheckUtils: st.getAvailableBlocks()=13201122,st.getAvailableBlocks() * blockSize=54071795712
08-13 16:37:17.263 8901 8901 I WebViewFactory: Loading com.android.chrome version 61.0.3163.98 (code 316409852)
08-13 16:37:17.265 8901 8901 I zygote64: The ClassLoaderContext is a special shared library.
08-13 16:37:17.299 8901 8901 I cr_LibraryLoader: Time to load native libraries: 2 ms (timestamps 8275-8277)
08-13 16:37:17.303 8901 8901 I chromium: [INFO:library_loader_hooks.cc(136)] Chromium logging enabled: level = 0, default verbosity = 0
08-13 16:37:17.303 8901 8901 I cr_LibraryLoader: Expected native library version number "61.0.3163.98", actual native library version number "61.0.3163.98"
08-13 16:37:17.310 744 793 D CHRE : @ 4050.014: -: id 0, otherClientPresent 0, mode 3
08-13 16:37:17.321 744 793 D CHRE : @ 4050.024: +: id 0, otherClientPresent 1, mode 3
08-13 16:37:17.323 8901 8901 D IS_UNITY: false
08-13 16:37:17.325 8901 8901 D AdInternalSettings: Test mode device hash: 254f1498-638c-4d0f-85dc-9e4fc58f14db
08-13 16:37:17.326 8901 8901 D AdInternalSettings: When testing your app with Facebook's ad units you must specify the device hashed ID to ensure the delivery of test ads, add the following code before loading an ad: AdSettings.addTestDevice("254f1498-638c-4d0f-85dc-9e4fc58f14db");
08-13 16:37:17.332 8901 8901 D IS_UNITY: false
08-13 16:37:17.338 8901 8970 E ActivityThread: Failed to find provider info for com.facebook.katana.provider.AttributionIdProvider
08-13 16:37:17.344 8901 8973 D libEGL : loaded /vendor/lib64/egl/libEGL_adreno.so
08-13 16:37:17.348 8901 8901 D Refinery: refinery.zip opened.
08-13 16:37:17.353 815 815 D NuPlayerDriver: NuPlayerDriver(0xf0cc1000) created, clientPid(8901)
08-13 16:37:17.356 815 8977 D GenericSource: FileSource remote
08-13 16:37:17.357 8901 8973 D libEGL : loaded /vendor/lib64/egl/libGLESv1_CM_adreno.so
08-13 16:37:17.361 815 8976 D NuPlayerDriver: notifyListener_l(0xf0cc1000), (1, 0, 0, -1), loop setting(0, 0)
08-13 16:37:17.366 8901 8901 E MediaPlayerNative: prepareAsync called in state 8, mPlayer(0x70990bbfc0)
08-13 16:37:17.366 8901 8901 V NativeGamepad: Calling subclass onCreate
08-13 16:37:17.366 8901 8901 D Refinery: ****** Found API level 12 function! Joysticks supported
08-13 16:37:17.368 8901 8973 D libEGL : loaded /vendor/lib64/egl/libGLESv2_adreno.so
08-13 16:37:17.375 8901 8901 I nv_native_app_glue: Creating: 0x70a5b34800
08-13 16:37:17.376 8901 8980 I nv_native_app_glue: Config: mcc=0 mnc=0 lang=en cnt=US orien=2 touch=3 dens=420 keys=1 nav=1 keysHid=3 navHid=0 sdk=27 size=2 long=1 modetype=1 modenight=1
08-13 16:37:17.376 8901 8901 I nv_native_app_glue: Start: 0x70a5b34800
08-13 16:37:17.377 8901 8980 D RavnStudio: data path : /data/user/0/com.antutu.ABenchMark/files
08-13 16:37:17.377 8901 8980 D RavnStudio: data path2 : /storage/emulated/0/Android/data/com.antutu.ABenchMark/files
08-13 16:37:17.403 8901 8980 D RavnStudio: Resolution 1280x720
08-13 16:37:17.403 8901 8980 D NvEGLUtil: Success: eglGetDisplay (create:142)
08-13 16:37:17.403 8901 8980 I Adreno : QUALCOMM build : 594927b, I916dfac403
08-13 16:37:17.403 8901 8980 I Adreno : Build Date : 10/11/17
08-13 16:37:17.403 8901 8980 I Adreno : OpenGL ES Shader Compiler Version: EV031.21.02.00
08-13 16:37:17.403 8901 8980 I Adreno : Local Branch : mybranch28618966
08-13 16:37:17.403 8901 8980 I Adreno : Remote Branch : quic/gfx-adreno.lnx.6.4.9-rel
08-13 16:37:17.403 8901 8980 I Adreno : Remote Branch : NONE
08-13 16:37:17.403 8901 8980 I Adreno : Reconstruct Branch : NOTHING
08-13 16:37:17.407 8901 8980 I Adreno : PFP: 0x005ff087, ME: 0x005ff063
08-13 16:37:17.409 8901 8980 I zygote64: android::hardware::configstore::V1_0::ISurfaceFlingerConfigs::hasWideColorDisplay retrieved: 1
08-13 16:37:17.410 8901 8980 D NvEGLUtil: Success: eglInitialize (create:153)
08-13 16:37:17.410 8901 8980 D Refinery: Config count = 68
08-13 16:37:17.410 8901 8980 D Refinery: Config[0]: R5G6B5A0 D0S0 Type=15a5 Render=0045
08-13 16:37:17.410 8901 8980 D Refinery: Config[1]: R5G5B5A1 D0S0 Type=15a5 Render=0045
08-13 16:37:17.410 8901 8980 D Refinery: Config[2]: R4G4B4A4 D0S0 Type=15a5 Render=0045
08-13 16:37:17.410 8901 8980 D Refinery: Config[3]: R5G6B5A0 D0S8 Type=15a5 Render=0045
08-13 16:37:17.410 8901 8980 D Refinery: Config[4]: R5G5B5A1 D0S8 Type=15a5 Render=0045
08-13 16:37:17.410 8901 8980 D Refinery: Config[5]: R4G4B4A4 D0S8 Type=15a5 Render=0045
08-13 16:37:17.410 8901 8980 D Refinery: Config[6]: R5G6B5A0 D16S0 Type=15a5 Render=0045
08-13 16:37:17.410 8901 8980 D Refinery: Config[6] is the new best config 278 1073741824
08-13 16:37:17.410 8901 8980 D Refinery: Config[7]: R5G5B5A1 D16S0 Type=15a5 Render=0045
08-13 16:37:17.410 8901 8980 D Refinery: Config[8]: R4G4B4A4 D16S0 Type=15a5 Render=0045
08-13 16:37:17.410 8901 8980 D Refinery: Config[9]: R5G6B5A0 D24S8 Type=15a5 Render=0045
08-13 16:37:17.410 8901 8980 D Refinery: Config[9] is the new best config 150 278
08-13 16:37:17.410 8901 8980 D Refinery: Config[10]: R5G5B5A1 D24S8 Type=15a5 Render=0045
08-13 16:37:17.410 8901 8980 D Refinery: Config[11]: R4G4B4A4 D24S8 Type=15a5 Render=0045
08-13 16:37:17.410 8901 8980 D Refinery: Config[12]: R5G6B5A0 D0S0 Type=15a5 Render=0045
08-13 16:37:17.410 8901 8980 D Refinery: Config[13]: R5G6B5A0 D0S8 Type=15a5 Render=0045
08-13 16:37:17.410 8901 8980 D Refinery: Config[14]: R5G6B5A0 D16S0 Type=15a5 Render=0045
08-13 16:37:17.410 8901 8980 D Refinery: Config[15]: R5G6B5A0 D24S8 Type=15a5 Render=0045
08-13 16:37:17.410 8901 8980 D Refinery: Config[16]: R5G6B5A0 D0S0 Type=15a5 Render=0045
08-13 16:37:17.410 8901 8980 D Refinery: Config[17]: R5G6B5A0 D0S8 Type=15a5 Render=0045
08-13 16:37:17.410 8901 8980 D Refinery: Config[18]: R5G6B5A0 D16S0 Type=15a5 Render=0045
08-13 16:37:17.410 8901 8980 D Refinery: Config[19]: R5G6B5A0 D24S8 Type=15a5 Render=0045
08-13 16:37:17.410 8901 8980 D Refinery: Config[20]: R8G8B8A0 D0S0 Type=15a5 Render=0045
08-13 16:37:17.410 8901 8980 D Refinery: Config[21]: R8G8B8A0 D0S0 Type=15a5 Render=0045
08-13 16:37:17.410 8901 8980 D Refinery: Config[22]: R8G8B8A0 D0S8 Type=15a5 Render=0045
08-13 16:37:17.410 8901 8980 D Refinery: Config[23]: R8G8B8A0 D0S8 Type=15a5 Render=0045
08-13 16:37:17.410 8901 8980 D Refinery: Config[24]: R8G8B8A0 D16S0 Type=15a5 Render=0045
08-13 16:37:17.410 8901 8980 D Refinery: Config[25]: R8G8B8A0 D16S0 Type=15a5 Render=0045
08-13 16:37:17.410 8901 8980 D Refinery: Config[26]: R8G8B8A0 D24S8 Type=15a5 Render=0045
08-13 16:37:17.410 8901 8980 D Refinery: Config[26] is the new best config 128 150
08-13 16:37:17.410 8901 8980 D Refinery: Config[27]: R8G8B8A0 D24S8 Type=15a5 Render=0045
08-13 16:37:17.410 8901 8980 D Refinery: Config[28]: R8G8B8A0 D0S0 Type=15a5 Render=0045
08-13 16:37:17.410 8901 8980 D Refinery: Config[29]: R8G8B8A0 D0S8 Type=15a5 Render=0045
08-13 16:37:17.410 8901 8980 D Refinery: Config[30]: R8G8B8A0 D16S0 Type=15a5 Render=0045
08-13 16:37:17.410 8901 8980 D Refinery: Config[31]: R8G8B8A0 D24S8 Type=15a5 Render=0045
08-13 16:37:17.410 8901 8980 D Refinery: Config[32]: R8G8B8A0 D0S0 Type=15a5 Render=0045
08-13 16:37:17.410 8901 8980 D Refinery: Config[33]: R8G8B8A0 D0S8 Type=15a5 Render=0045
08-13 16:37:17.410 8901 8980 D Refinery: Config[34]: R8G8B8A0 D16S0 Type=15a5 Render=0045
08-13 16:37:17.410 8901 8980 D Refinery: Config[35]: R8G8B8A0 D24S8 Type=15a5 Render=0045
08-13 16:37:17.410 8901 8980 D Refinery: Config[36]: R8G8B8A8 D0S0 Type=15a5 Render=0045
08-13 16:37:17.410 8901 8980 D Refinery: Config[37]: R8G8B8A8 D0S8 Type=15a5 Render=0045
08-13 16:37:17.410 8901 8980 D Refinery: Config[38]: R8G8B8A8 D16S0 Type=15a5 Render=0045
08-13 16:37:17.410 8901 8980 D Refinery: Config[39]: R8G8B8A8 D24S8 Type=15a5 Render=0045
08-13 16:37:17.410 8901 8980 D Refinery: Config[40]: R8G8B8A8 D0S0 Type=15a5 Render=0045
08-13 16:37:17.410 8901 8980 D Refinery: Config[41]: R8G8B8A8 D0S8 Type=15a5 Render=0045
08-13 16:37:17.410 8901 8980 D Refinery: Config[42]: R8G8B8A8 D16S0 Type=15a5 Render=0045
08-13 16:37:17.410 8901 8980 D Refinery: Config[43]: R8G8B8A8 D24S8 Type=15a5 Render=0045
08-13 16:37:17.410 8901 8980 D Refinery: Config[44]: R8G8B8A8 D0S0 Type=15a5 Render=0045
08-13 16:37:17.410 8901 8980 D Refinery: Config[45]: R8G8B8A8 D0S8 Type=15a5 Render=0045
08-13 16:37:17.410 8901 8980 D Refinery: Config[46]: R8G8B8A8 D16S0 Type=15a5 Render=0045
08-13 16:37:17.410 8901 8980 D Refinery: Config[47]: R8G8B8A8 D24S8 Type=15a5 Render=0045
08-13 16:37:17.410 8901 8980 D Refinery: Config[48]: R16G16B16A16 D0S0 Type=15a5 Render=0045
08-13 16:37:17.410 8901 8980 D Refinery: Config[49]: R16G16B16A16 D0S8 Type=15a5 Render=0045
08-13 16:37:17.410 8901 8980 D Refinery: Config[50]: R16G16B16A16 D16S0 Type=15a5 Render=0045
08-13 16:37:17.410 8901 8980 D Refinery: Config[51]: R16G16B16A16 D24S8 Type=15a5 Render=0045
08-13 16:37:17.410 8901 8980 D Refinery: Config[52]: R10G10B10A2 D0S0 Type=15a5 Render=0045
08-13 16:37:17.410 8901 8980 D Refinery: Config[53]: R10G10B10A2 D0S8 Type=15a5 Render=0045
08-13 16:37:17.410 8901 8980 D Refinery: Config[54]: R10G10B10A2 D16S0 Type=15a5 Render=0045
08-13 16:37:17.410 8901 8980 D Refinery: Config[55]: R10G10B10A2 D24S8 Type=15a5 Render=0045
08-13 16:37:17.410 8901 8980 D Refinery: Config[56]: R0G0B0A0 D0S0 Type=15a5 Render=0045
08-13 16:37:17.410 8901 8980 D Refinery: Config[57]: R0G0B0A0 D0S0 Type=15a5 Render=0045
08-13 16:37:17.410 8901 8980 D Refinery: Config[58]: R0G0B0A0 D0S0 Type=15a5 Render=0045
08-13 16:37:17.411 8901 8980 D Refinery: Config[59]: R0G0B0A0 D0S8 Type=15a5 Render=0045
08-13 16:37:17.411 8901 8980 D Refinery: Config[60]: R0G0B0A0 D0S8 Type=15a5 Render=0045
08-13 16:37:17.411 8901 8980 D Refinery: Config[61]: R0G0B0A0 D0S8 Type=15a5 Render=0045
08-13 16:37:17.411 8901 8980 D Refinery: Config[62]: R0G0B0A0 D16S0 Type=15a5 Render=0045
08-13 16:37:17.411 8901 8980 D Refinery: Config[63]: R0G0B0A0 D16S0 Type=15a5 Render=0045
08-13 16:37:17.411 8901 8980 D Refinery: Config[64]: R0G0B0A0 D16S0 Type=15a5 Render=0045
08-13 16:37:17.411 8901 8980 D Refinery: Config[65]: R0G0B0A0 D24S8 Type=15a5 Render=0045
08-13 16:37:17.411 8901 8980 D Refinery: Config[66]: R0G0B0A0 D24S8 Type=15a5 Render=0045
08-13 16:37:17.411 8901 8980 D Refinery: Config[67]: R0G0B0A0 D24S8 Type=15a5 Render=0045
08-13 16:37:17.411 8901 8980 D NvEGLUtil: Success: Config chooser (create:164)
08-13 16:37:17.411 8901 8980 D NvEGLUtil: Success: eglGetConfigAttrib (create:175)
08-13 16:37:17.411 8901 8980 D NvEGLUtil: Success: eglCreateContext = %.%d (create:206)
08-13 16:37:17.411 8901 8980 D RavnStudio: Context: 3.1
08-13 16:37:17.411 8901 8980 D NvEGLUtil: Switching to System timer mode
08-13 16:37:17.411 8901 8980 I nv_native_app_glue: activityState=10
08-13 16:37:17.411 8901 8980 D RavnStudio: handleCommand: 10
08-13 16:37:17.412 8901 8901 I nv_native_app_glue: Resume: 0x70a5b34800
08-13 16:37:17.412 8901 8980 I nv_native_app_glue: activityState=11
08-13 16:37:17.412 8901 8980 D RavnStudio: handleCommand: 11
08-13 16:37:17.418 8901 8901 I nv_native_app_glue: InputQueueCreated: 0x70a5b34800 -- 0x70a5b34940
08-13 16:37:17.418 8901 8980 I nv_native_app_glue: APP_CMD_INPUT_CHANGED
08-13 16:37:17.418 8901 8980 I nv_native_app_glue: Attaching input queue to looper
08-13 16:37:17.418 8901 8980 D RavnStudio: handleCommand: 0
08-13 16:37:17.418 8901 8980 D RavnStudio: Message 0 not handled
08-13 16:37:17.433 8901 8901 I nv_native_app_glue: NativeWindowCreated: 0x70a5b34800 -- 0x709908f010
08-13 16:37:17.433 8901 8980 I nv_native_app_glue: APP_CMD_INIT_WINDOW
08-13 16:37:17.433 8901 8980 D RavnStudio: handleCommand: 1
08-13 16:37:17.433 8901 8980 D NvEGLUtil: **** Window has changed!
08-13 16:37:17.433 8901 8901 I nv_native_app_glue: NativeWindowResized: 0x70a5b34800 -- 0x709908f010
08-13 16:37:17.433 8901 8980 I nv_native_app_glue: APP_CMD_WINDOW_RESIZED
08-13 16:37:17.433 8901 8901 I nv_native_app_glue: WindowFocusChanged: 0x70a5b34800 -- 1
08-13 16:37:17.434 8901 8980 D RavnStudio: handleCommand: 3
08-13 16:37:17.434 8901 8980 I nv_native_app_glue: APP_CMD_GAINED_FOCUS
08-13 16:37:17.434 8901 8980 D RavnStudio: handleCommand: 6
08-13 16:37:17.435 8901 8980 I Refinery: Window size change 1794x1080
08-13 16:37:17.435 8901 8980 D NvEGLUtil: Success: eglCreateWindowSurface (createSurface:349)
08-13 16:37:17.436 8901 8980 D NvEGLUtil: Win=1794x1080, Surf=1794x1080
08-13 16:37:17.436 8901 8980 D NvEGLUtil: Success: eglMakeCurrent (bind:457)
08-13 16:37:17.436 8901 8980 D RavnStudio: # cores : 8
08-13 16:37:17.436 8901 8980 D RavnStudio: Vendor : Qualcomm
08-13 16:37:17.436 8901 8980 D RavnStudio: Renderer : Adreno (TM) 540
08-13 16:37:17.436 8901 8980 D RavnStudio: Version : OpenGL ES 3.2 V@258.0 (GIT@594927b, I916dfac403) (Date:10/11/17)
08-13 16:37:17.436 8901 8980 D RavnStudio: Shaders : OpenGL ES GLSL ES 3.20
08-13 16:37:17.436 8901 8980 D RavnStudio: Max invocations: 1024
08-13 16:37:17.436 8901 8980 D RavnStudio: GL_OES_mapbuffer not found
08-13 16:37:17.436 8901 8980 D RavnStudio: Using GL_EXT_discard_framebuffer
08-13 16:37:17.436 8901 8980 D RavnStudio: AEP supported
08-13 16:37:17.436 8901 8980 D RavnStudio: GL_EXT_tessellation_shader supported
08-13 16:37:17.436 8901 8980 D RavnStudio: astc_hdr
08-13 16:37:17.436 8901 8980 D RavnStudio: astc_ldr
08-13 16:37:17.436 8901 8980 D RavnStudio: astc_full
08-13 16:37:17.436 8901 8980 D RavnStudio: CubeMapArray
08-13 16:37:17.436 8901 8980 D RavnStudio: gl_draw_buffer_num = 8
08-13 16:37:17.436 8901 8980 D RavnStudio: vtx_uniform_num = 256
08-13 16:37:17.436 8901 8980 D RavnStudio: frag_uniform_num = 256
08-13 16:37:17.436 8901 8980 D RavnStudio: varying_num = 31
08-13 16:37:17.437 8901 8980 D RavnStudio: Using GL_OES_depth_texture_cube_map for shadows
08-13 16:37:17.437 8901 8980 D RavnStudio: maxv: 32
08-13 16:37:17.437 8901 8980 D RavnStudio: Format: 0 93b0
08-13 16:37:17.437 8901 8980 D RavnStudio: Format: 1 93b1
08-13 16:37:17.437 8901 8980 D RavnStudio: Format: 2 93b2
08-13 16:37:17.437 8901 8980 D RavnStudio: Format: 3 93b3
08-13 16:37:17.437 8901 8980 D RavnStudio: Format: 4 93b4
08-13 16:37:17.437 8901 8980 D RavnStudio: Format: 5 93b5
08-13 16:37:17.437 8901 8980 D RavnStudio: Format: 6 93b6
08-13 16:37:17.437 8901 8980 D RavnStudio: Format: 7 93b7
08-13 16:37:17.437 8901 8980 D RavnStudio: Format: 8 93b8
08-13 16:37:17.437 8901 8980 D RavnStudio: Format: 9 93b9
08-13 16:37:17.437 8901 8980 D RavnStudio: Format: 10 93ba
08-13 16:37:17.437 8901 8980 D RavnStudio: Format: 11 93bb
08-13 16:37:17.437 8901 8980 D RavnStudio: Format: 12 93bc
08-13 16:37:17.437 8901 8980 D RavnStudio: Format: 13 93bd
08-13 16:37:17.437 8901 8980 D RavnStudio: Format: 14 93c0
08-13 16:37:17.437 8901 8980 D RavnStudio: Format: 15 93c1
08-13 16:37:17.437 8901 8980 D RavnStudio: Format: 16 93c2
08-13 16:37:17.437 8901 8980 D RavnStudio: Format: 17 93c3
08-13 16:37:17.437 8901 8980 D RavnStudio: Format: 18 93c4
08-13 16:37:17.437 8901 8980 D RavnStudio: Format: 19 93c5
08-13 16:37:17.437 8901 8980 D RavnStudio: Format: 20 93c6
08-13 16:37:17.437 8901 8980 D RavnStudio: Format: 21 93c7
08-13 16:37:17.437 8901 8980 D RavnStudio: Format: 22 93c8
08-13 16:37:17.437 8901 8980 D RavnStudio: Format: 23 93c9
08-13 16:37:17.437 8901 8980 D RavnStudio: Format: 24 93d0
08-13 16:37:17.437 8901 8980 D RavnStudio: Format: 25 93d1
08-13 16:37:17.437 8901 8980 D RavnStudio: Format: 26 93d2
08-13 16:37:17.437 8901 8980 D RavnStudio: Format: 27 93d3
08-13 16:37:17.437 8901 8980 D RavnStudio: Format: 28 93d4
08-13 16:37:17.437 8901 8980 D RavnStudio: Format: 29 93d5
08-13 16:37:17.437 8901 8980 D RavnStudio: Format: 30 93d6
08-13 16:37:17.437 8901 8980 D RavnStudio: Format: 31 93d7
08-13 16:37:17.437 8901 8980 D RavnStudio: Format: 32 93d8
08-13 16:37:17.437 8901 8980 D RavnStudio: Format: 33 93d9
08-13 16:37:17.437 8901 8980 D RavnStudio: Format: 34 93da
08-13 16:37:17.437 8901 8980 D RavnStudio: Format: 35 93db
08-13 16:37:17.437 8901 8980 D RavnStudio: Format: 36 93dc
08-13 16:37:17.437 8901 8980 D RavnStudio: Format: 37 93dd
08-13 16:37:17.437 8901 8980 D RavnStudio: Format: 38 93e0
08-13 16:37:17.437 8901 8980 D RavnStudio: Format: 39 93e1
08-13 16:37:17.437 8901 8980 D RavnStudio: Format: 40 93e2
08-13 16:37:17.437 8901 8980 D RavnStudio: Format: 41 93e3
08-13 16:37:17.437 8901 8980 D RavnStudio: Format: 42 93e4
08-13 16:37:17.437 8901 8980 D RavnStudio: Format: 43 93e5
08-13 16:37:17.437 8901 8980 D RavnStudio: Format: 44 93e6
08-13 16:37:17.437 8901 8980 D RavnStudio: Format: 45 93e7
08-13 16:37:17.437 8901 8980 D RavnStudio: Format: 46 93e8
08-13 16:37:17.437 8901 8980 D RavnStudio: Format: 47 93e9
08-13 16:37:17.437 8901 8980 D RavnStudio: Format: 48 8c92
08-13 16:37:17.437 8901 8980 D RavnStudio: Format: 49 8c93
08-13 16:37:17.437 8901 8980 D RavnStudio: Format: 50 87ee
08-13 16:37:17.437 8901 8980 D RavnStudio: Format: 51 9270
08-13 16:37:17.437 8901 8980 D RavnStudio: Format: 52 9271
08-13 16:37:17.437 8901 8980 D RavnStudio: Format: 53 9272
08-13 16:37:17.437 8901 8980 D RavnStudio: Format: 54 9273
08-13 16:37:17.437 8901 8980 D RavnStudio: Format: 55 8d64
08-13 16:37:17.437 8901 8980 D RavnStudio: Format: 56 9274
08-13 16:37:17.437 8901 8980 D RavnStudio: Format: 57 9276
08-13 16:37:17.437 8901 8980 D RavnStudio: Format: 58 9278
08-13 16:37:17.437 8901 8980 D RavnStudio: Format: 59 9275
08-13 16:37:17.437 8901 8980 D RavnStudio: Format: 60 9277
08-13 16:37:17.437 8901 8980 D RavnStudio: Format: 61 9279
08-13 16:37:17.437 8901 8980 D RavnStudio: Checking pvr
08-13 16:37:17.437 8901 8980 D RavnStudio: PVR textures supported: No
08-13 16:37:17.437 8901 8980 D RavnStudio: ATC textures supported: Yes
08-13 16:37:17.437 8901 8980 D RavnStudio: ETC textures supported: Yes
08-13 16:37:17.437 8901 8980 D RavnStudio: Max varying: 31
08-13 16:37:17.437 8901 8980 D RavnStudio: process_shader[0x8b31]: /sdcard/androiddata/shaders\Textshader.hlsl_main_vs_vp
08-13 16:37:17.442 8901 8980 D RavnStudio: process_shader[0x8b30]: /sdcard/androiddata/shaders\Textshader.hlsl_main_ps_fp
08-13 16:37:17.443 8901 8980 D RavnStudio: process_shader[0x8b31]: /sdcard/androiddata/shaders\SpriteShader_vs.hlsl_main_vp
08-13 16:37:17.443 8901 8980 D RavnStudio: File not found /sdcard/androiddata/shaders/SpriteShader_vs.hlsl_main_vp
08-13 16:37:17.443 8901 8980 D RavnStudio: **shader /sdcard/androiddata/shaders\SpriteShader_vs.hlsl_main_vp failed to load!
08-13 16:37:17.443 8901 8980 D RavnStudio: process_shader[0x8b30]: /sdcard/androiddata/shaders\SpriteShader_ps.hlsl_main_fp
08-13 16:37:17.443 8901 8980 D RavnStudio: File not found /sdcard/androiddata/shaders/SpriteShader_ps.hlsl_main_fp
08-13 16:37:17.443 8901 8980 D RavnStudio: **shader /sdcard/androiddata/shaders\SpriteShader_ps.hlsl_main_fp failed to load!
08-13 16:37:17.443 8901 8980 D RavnStudio: Linking incomplete shaders
08-13 16:37:17.443 8901 8980 D RavnStudio: process_shader[0x8b31]: /sdcard/androiddata/shaders\ScreenQuadShader_vs.hlsl_main_vp
08-13 16:37:17.443 8901 8980 D RavnStudio: File not found /sdcard/androiddata/shaders/ScreenQuadShader_vs.hlsl_main_vp
08-13 16:37:17.443 8901 8980 D RavnStudio: **shader /sdcard/androiddata/shaders\ScreenQuadShader_vs.hlsl_main_vp failed to load!
08-13 16:37:17.443 8901 8980 D RavnStudio: process_shader[0x8b30]: /sdcard/androiddata/shaders\ScreenQuadShader_ps.hlsl_main_fp
08-13 16:37:17.443 8901 8980 D RavnStudio: File not found /sdcard/androiddata/shaders/ScreenQuadShader_ps.hlsl_main_fp
08-13 16:37:17.443 8901 8980 D RavnStudio: **shader /sdcard/androiddata/shaders\ScreenQuadShader_ps.hlsl_main_fp failed to load!
08-13 16:37:17.443 8901 8980 D RavnStudio: Linking incomplete shaders
08-13 16:37:17.444 8901 8980 D NvInput : Initialized (Supported)
08-13 16:37:17.444 8901 8980 D RavnStudio: new input: -1
08-13 16:37:17.444 8901 8980 D RavnStudio: process_shader[0x8b31]: /sdcard/androiddata/shaders\skybox.glsl_main_vs_vp
08-13 16:37:17.444 8901 8980 D RavnStudio: process_shader[0x8b30]: /sdcard/androiddata/shaders\skybox.glsl_main_ps_deferred_hdr_fp
08-13 16:37:17.444 8901 8980 D RavnStudio: No constant flash in /sdcard/androiddata/shaders\skybox.glsl_main_vs_vp
08-13 16:37:17.444 8901 8980 D RavnStudio: process_shader[0x8b31]: /sdcard/androiddata/shaders\particles.hlsl_main_vs2_vp
08-13 16:37:17.445 8901 8980 I chatty : uid=10125(com.antutu.ABenchMark) Thread-21 identical 3 lines
08-13 16:37:17.445 8901 8980 D RavnStudio: process_shader[0x8b31]: /sdcard/androiddata/shaders\particles.hlsl_main_vs2_vp
08-13 16:37:17.445 8901 8980 D RavnStudio: process_shader[0x8b30]: /sdcard/androiddata/shaders\particles.hlsl_main_ps_fp
08-13 16:37:17.445 8901 8980 D RavnStudio: process_shader[0x8b30]: /sdcard/androiddata/shaders\particles.hlsl_main_soft_ps_fp
08-13 16:37:17.445 8901 8980 D RavnStudio: process_shader[0x8b30]: /sdcard/androiddata/shaders\particles.hlsl_main_hdr_ps_fp
08-13 16:37:17.445 8901 8980 D RavnStudio: process_shader[0x8b30]: /sdcard/androiddata/shaders\particles.hlsl_main_soft_hdr_ps_fp
08-13 16:37:17.445 8901 8980 D RavnStudio: process_shader[0x8b30]: /sdcard/androiddata/shaders\particles.hlsl_main_soft_hdr_dof_ps_fp
08-13 16:37:17.445 1443 1443 I Elmyra/ElmyraService: Gated by NavigationBarVisibility [mIsNavigationHidden -> true; mExceptions -> [DismissTimer [mReceiverRegistered -> true], SnoozeAlarm [mReceiverRegistered -> true], SilenceCall [mSilenceSettingEnabled -> true], ServiceAction]]
08-13 16:37:17.446 8901 8980 D RavnStudio: No constant unproject in /sdcard/androiddata/shaders\particles.hlsl_main_ps_fp
08-13 16:37:17.446 8901 8980 D RavnStudio: No constant screensize in /sdcard/androiddata/shaders\particles.hlsl_main_ps_fp
08-13 16:37:17.446 8901 8980 D RavnStudio: No constant linear_focal_params in /sdcard/androiddata/shaders\particles.hlsl_main_ps_fp
08-13 16:37:17.446 8901 8980 D RavnStudio: No constant linear_focal_params in /sdcard/androiddata/shaders\particles.hlsl_main_soft_ps_fp
08-13 16:37:17.447 8901 8980 D RavnStudio: No constant unproject in /sdcard/androiddata/shaders\particles.hlsl_main_hdr_ps_fp
08-13 16:37:17.447 8901 8980 D RavnStudio: No constant screensize in /sdcard/androiddata/shaders\particles.hlsl_main_hdr_ps_fp
08-13 16:37:17.447 8901 8980 D RavnStudio: No constant linear_focal_params in /sdcard/androiddata/shaders\particles.hlsl_main_hdr_ps_fp
08-13 16:37:17.447 8901 8980 D RavnStudio: No constant linear_focal_params in /sdcard/androiddata/shaders\particles.hlsl_main_soft_hdr_ps_fp
08-13 16:37:17.447 8901 8980 D RavnStudio: process_shader[0x91b9]: /sdcard/androiddata/shaders\HDR.glsl_tile_histograms_cs_cs
08-13 16:37:17.449 744 793 I ASH : @ 4050.152: ams_deviceSetConfig: Disabling proximity
08-13 16:37:17.458 8901 8980 D RavnStudio: process_shader[0x91b9]: /sdcard/androiddata/shaders\HDR.glsl_reset_histogram_cs_cs
08-13 16:37:17.463 730 730 D QCOM PowerHAL: LAUNCH HINT: OFF
08-13 16:37:17.466 1108 1154 I ActivityManager: Displayed com.antutu.ABenchMark/com.antutu.benchmark.ui.test.activity.RefineryActivity: +325ms (total +4s97ms)
08-13 16:37:17.469 8901 8980 D RavnStudio: process_shader[0x91b9]: /sdcard/androiddata/shaders\HDR.glsl_screen_histogram_cs_cs
08-13 16:37:17.472 8901 8980 D RavnStudio: process_shader[0x91b9]: /sdcard/androiddata/shaders\HDR.glsl_normalize_cs_cs
08-13 16:37:17.479 8901 8980 D RavnStudio: process_shader[0x91b9]: /sdcard/androiddata/shaders\HDR.glsl_tonemap_cs_cs
08-13 16:37:17.483 8901 8980 D RavnStudio: Filter size: 320 180
08-13 16:37:17.505 744 793 D CHRE : @ 4050.208: -: id 10, otherClientPresent 0, mode 3
08-13 16:37:17.505 744 793 D CHRE : @ 4050.209: [ImuCal] Dynamic sensor configuration: stand-by.
08-13 16:37:17.505 744 793 D CHRE : @ 4050.209: sensorType 9 allowed 1: mergedMode 3, otherClientPresent 1
08-13 16:37:17.506 744 793 D CHRE : @ 4050.210: sensorType 11 allowed 1: mergedMode 3, otherClientPresent 1
08-13 16:37:17.507 744 793 D CHRE : @ 4050.211: sensorType 13 allowed 0: mergedMode 3, otherClientPresent 0
08-13 16:37:17.524 8901 8980 D RavnStudio: Create Depth : 1280 720
08-13 16:37:17.586 8901 8980 D RavnStudio: process_shader[0x91b9]: /sdcard/androiddata/shaders\PostProcess.glsl_blur_cs_cs
08-13 16:37:17.589 8901 8980 D RavnStudio: process_shader[0x8b31]: /sdcard/androiddata/shaders\PostProcess.hlsl_blur_vs_vp
08-13 16:37:17.589 8901 8980 D RavnStudio: process_shader[0x8b30]: /sdcard/androiddata/shaders\PostProcess.hlsl_blur_ps_fp
08-13 16:37:17.590 8901 8980 D RavnStudio: process_shader[0x8b31]: /sdcard/androiddata/shaders\PostProcess.hlsl_downsample_vs_vp
08-13 16:37:17.590 8901 8980 D RavnStudio: process_shader[0x8b30]: /sdcard/androiddata/shaders\PostProcess.hlsl_downsample_ps_fp
08-13 16:37:17.591 8901 8980 D RavnStudio: process_shader[0x8b31]: /sdcard/androiddata/shaders\PostProcess.hlsl_downsample_vs_vp
08-13 16:37:17.591 8901 8980 D RavnStudio: process_shader[0x8b30]: /sdcard/androiddata/shaders\PostProcess.hlsl_highlight_ps_fp
08-13 16:37:17.591 8901 8980 D RavnStudio: process_shader[0x8b31]: /sdcard/androiddata/shaders\PostProcess.hlsl_copy_vs_vp
08-13 16:37:17.591 8901 8980 D RavnStudio: No constant pixelcenter in /sdcard/androiddata/shaders\PostProcess.hlsl_copy_vs_vp
08-13 16:37:17.591 8901 8980 D RavnStudio: process_shader[0x8b31]: /sdcard/androiddata/shaders\PostProcess.hlsl_copy_vs_vp
08-13 16:37:17.591 8901 8980 D RavnStudio: process_shader[0x8b30]: /sdcard/androiddata/shaders\PostProcess.hlsl_resolve_ps_fp
08-13 16:37:17.592 8901 8980 D RavnStudio: process_shader[0x8b30]: /sdcard/androiddata/shaders\PostProcess.hlsl_upsample1_ps_fp
08-13 16:37:17.592 8901 8980 D RavnStudio: process_shader[0x8b30]: /sdcard/androiddata/shaders\PostProcess.hlsl_upsample2_ps_fp
08-13 16:37:17.592 8901 8980 D RavnStudio: process_shader[0x8b30]: /sdcard/androiddata/shaders\PostProcess.hlsl_upsample3_ps_fp
08-13 16:37:17.592 8901 8980 D RavnStudio: process_shader[0x8b31]: /sdcard/androiddata/shaders\PostProcess.hlsl_attenuate_vs_vp
08-13 16:37:17.592 8901 8980 I chatty : uid=10125(com.antutu.ABenchMark) Thread-21 identical 1 line
08-13 16:37:17.593 8901 8980 D RavnStudio: process_shader[0x8b31]: /sdcard/androiddata/shaders\PostProcess.hlsl_attenuate_vs_vp
08-13 16:37:17.593 8901 8980 D RavnStudio: process_shader[0x91b9]: /sdcard/androiddata/shaders\PostProcess.glsl_coc_cs_cs
08-13 16:37:17.598 8901 8980 D RavnStudio: process_shader[0x91b9]: /sdcard/androiddata/shaders\PostProcess.glsl_glow_cs_cs
08-13 16:37:17.603 8901 8980 D RavnStudio: 0x7092c61990
08-13 16:37:17.603 8901 8980 D RavnStudio: process_shader[0x91b9]: /sdcard/androiddata/shaders\PostProcess.glsl_addglow_cs_cs
08-13 16:37:17.605 8901 8980 D RavnStudio: process_shader[0x91b9]: /sdcard/androiddata/shaders\PostProcess.glsl_reset_cs_cs
08-13 16:37:17.608 8901 8980 D RavnStudio: process_shader[0x91b9]: /sdcard/androiddata/shaders\PostProcess.glsl_extract_cs_cs
08-13 16:37:17.615 8901 8980 D RavnStudio: process_shader[0x8b31]: /sdcard/androiddata/shaders\PostProcess.glsl_points_vs_vp
08-13 16:37:17.621 8901 8980 D RavnStudio: process_shader[0x8b30]: /sdcard/androiddata/shaders\PostProcess.glsl_points_ps_fp
08-13 16:37:17.623 8901 8980 D RavnStudio: process_shader[0x8dd9]: /sdcard/androiddata/shaders\PostProcess.glsl_points_gs_gs
08-13 16:37:17.627 8901 8980 D RavnStudio: RTX: /sdcard/androiddata/pentagon.rtx (64x64)
08-13 16:37:17.627 8901 8980 D RavnStudio: process_shader[0x91b9]: /sdcard/androiddata/shaders\PostProcess.glsl_addldr_cs_cs
08-13 16:37:17.630 8901 8980 D RavnStudio: process_shader[0x91b9]: /sdcard/androiddata/shaders\DOF.glsl_h_cs_cs
08-13 16:37:17.636 8901 8980 D RavnStudio: process_shader[0x91b9]: /sdcard/androiddata/shaders\DOF.glsl_v_cs_cs
08-13 16:37:17.642 8901 8980 D RavnStudio: process_shader[0x91b9]: /sdcard/androiddata/shaders\DOF.glsl_composite_cs_cs
08-13 16:37:17.645 8901 8980 D RavnStudio: SCENE_InitDeferredRenderNV
08-13 16:37:17.645 8901 8980 D RavnStudio: Init g-buffer rts start
08-13 16:37:17.697 744 793 D CHRE : @ 4050.401: -: id 0, otherClientPresent 0, mode 3
08-13 16:37:17.733 8901 8980 D RavnStudio: Init g-buffer rts end
08-13 16:37:17.733 8901 8980 D RavnStudio: Init g-buffer fbos start
08-13 16:37:17.733 8901 8980 D RavnStudio: Init g-buffer fbos end
08-13 16:37:17.733 8901 8980 D RavnStudio: Init g-buffer fbos end
08-13 16:37:17.733 8901 8980 D RavnStudio: process_shader[0x91b9]: /sdcard/androiddata/shaders\ssao_linear_depth.glsl_main_sliced_cs_cs
08-13 16:37:17.810 8901 8980 D RavnStudio: process_shader[0x91b9]: /sdcard/androiddata/shaders\ssao_hbao.glsl_main_sliced_cs_cs
08-13 16:37:17.819 8901 8980 D RavnStudio: process_shader[0x91b9]: /sdcard/androiddata/shaders\ssao_blur.glsl_main_blur_sliced_x_cs_cs
08-13 16:37:17.822 8815 8815 I zygote64: System.exit called, status: 0
08-13 16:37:17.822 8815 8815 I AndroidRuntime: VM exiting with result code 0, cleanup skipped.
08-13 16:37:17.830 8901 8980 D RavnStudio: process_shader[0x91b9]: /sdcard/androiddata/shaders\ssao_blur.glsl_main_blur_sliced_y_cs_cs
08-13 16:37:17.835 1108 2366 I ActivityManager: Process com.antutu.ABenchMark:transfer (pid 8815) has died: cch CEM
08-13 16:37:17.836 1108 1148 W zygote64: kill(-8815, 9) failed: No such process
08-13 16:37:17.836 1108 1148 I zygote64: Successfully killed process cgroup uid 10125 pid 8815 in 0ms
08-13 16:37:17.936 8901 8980 D RavnStudio: Warning: broken or outdated data detected:
08-13 16:37:17.936 8901 8980 D RavnStudio: Skipping unrecognized chunk: project: 8 id: 47 version: 0 size: 4
08-13 16:37:17.939 8901 8980 D RavnStudio: Level /sdcard/androiddata/level\level\scene.lvl loaded 24 chunks.
08-13 16:37:17.939 8901 8980 D RavnStudio: filtered 1 of 259
08-13 16:37:17.940 8901 8980 D RavnStudio: File not found /sdcard/androiddata/level/level/chunkpaths.bin
08-13 16:37:17.940 8901 8980 D RavnStudio: Entering level
08-13 16:37:17.940 8901 8980 D RavnStudio: File not found /sdcard/androiddata/level/level/chunks_astc.cnk
08-13 16:37:17.940 8901 8980 D RavnStudio: File not found /sdcard/androiddata/level/level/chunks.cnk
08-13 16:37:17.941 8901 8980 D RavnStudio: Loading chunk data from /sdcard/androiddata/level\level\chunks_astc.db
08-13 16:37:18.909 8901 8980 D RavnStudio: Txtr : 43753480
08-13 16:37:18.909 8901 8980 D RavnStudio: Vtx : 7036668
08-13 16:37:18.909 8901 8980 D RavnStudio: Indx : 4404390
08-13 16:37:18.909 8901 8980 D RavnStudio: Loadanims level
08-13 16:37:18.927 8901 8980 D RavnStudio: process_shader[0x8b31]: /sdcard/androiddata/shaders\floop_tesselation.glsl_main_vs_vp
08-13 16:37:18.935 8901 8980 D RavnStudio: process_shader[0x8e88]: /sdcard/androiddata/shaders\floop_tesselation.glsl_main_tcs_tcs
08-13 16:37:18.935 8901 8980 D RavnStudio: process_shader[0x8e87]: /sdcard/androiddata/shaders\floop_tesselation.glsl_pom_tes_tes
08-13 16:37:18.973 8901 8980 D RavnStudio: process_shader[0x8b30]: /sdcard/androiddata/shaders\floop_tesselation.glsl_main_ps_fp
08-13 16:37:18.977 8901 8980 D RavnStudio: process_shader[0x8b31]: /sdcard/androiddata/shaders\floop_tesselation.glsl_main_vs_vp
08-13 16:37:18.983 8901 8980 D RavnStudio: process_shader[0x8e88]: /sdcard/androiddata/shaders\floop_tesselation.glsl_main_tcs_tcs
08-13 16:37:18.984 8901 8980 D RavnStudio: process_shader[0x8e87]: /sdcard/androiddata/shaders\floop_tesselation.glsl_pom_tes_tes
08-13 16:37:19.022 8901 8980 D RavnStudio: process_shader[0x8b30]: /sdcard/androiddata/shaders\floop_tesselation.glsl_pom_ps_fp
08-13 16:37:19.029 8901 8980 D RavnStudio: process_shader[0x8b31]: /sdcard/androiddata/shaders\floop.glsl_main_vs_vp
08-13 16:37:19.040 8901 8980 D RavnStudio: process_shader[0x8b30]: /sdcard/androiddata/shaders\floop_tesselation.glsl_main_ps_fp
08-13 16:37:19.043 8901 8980 D RavnStudio: process_shader[0x8b31]: /sdcard/androiddata/shaders\floop.glsl_main_vs_vp
08-13 16:37:19.053 8901 8980 D RavnStudio: process_shader[0x8b30]: /sdcard/androiddata/shaders\floop_tesselation.glsl_pom_ps_fp
08-13 16:37:19.059 8901 8980 D RavnStudio: process_shader[0x8b31]: /sdcard/androiddata/shaders\floop_tesselation.glsl_shadow_vs_vp
08-13 16:37:19.065 8901 8980 D RavnStudio: process_shader[0x8e88]: /sdcard/androiddata/shaders\floop_tesselation.glsl_shadow_tcs_tcs
08-13 16:37:19.065 8901 8980 D RavnStudio: process_shader[0x8e87]: /sdcard/androiddata/shaders\floop_tesselation.glsl_shadow_tes_tes
08-13 16:37:19.094 8901 8980 D RavnStudio: process_shader[0x8b30]: /sdcard/androiddata/shaders\floop_tesselation.glsl_shadow_ps_fp
08-13 16:37:19.097 8901 8980 D RavnStudio: process_shader[0x8b31]: /sdcard/androiddata/shaders\floop.glsl_shadow_vs_vp
08-13 16:37:19.100 8901 8980 D RavnStudio: process_shader[0x8b30]: /sdcard/androiddata/shaders\floop_tesselation.glsl_shadow_ps_fp
08-13 16:37:19.101 8901 8980 D RavnStudio: process_shader[0x8b31]: /sdcard/androiddata/shaders\floop.glsl_skin_vs_vp
08-13 16:37:19.127 8901 8980 D RavnStudio: process_shader[0x8b30]: /sdcard/androiddata/shaders\floop_tesselation.glsl_main_ps_fp
08-13 16:37:19.131 8901 8980 D RavnStudio: process_shader[0x8b31]: /sdcard/androiddata/shaders\floop.glsl_shadow_skin_vs_vp
08-13 16:37:19.142 8901 8980 D RavnStudio: process_shader[0x8b30]: /sdcard/androiddata/shaders\floop_tesselation.glsl_shadow_ps_fp
08-13 16:37:19.144 8901 8980 D RavnStudio: No constant fullmatrix in /sdcard/androiddata/shaders\floop_tesselation.glsl_main_vs_vp
08-13 16:37:19.144 8901 8980 D RavnStudio: No TCS constant world in /sdcard/androiddata/shaders\floop_tesselation.glsl_main_tcs_tcs
08-13 16:37:19.144 8901 8980 D RavnStudio: No constant modelviewmatrix in /sdcard/androiddata/shaders\floop_tesselation.glsl_main_vs_vp
08-13 16:37:19.144 8901 8980 D RavnStudio: No constant campos in /sdcard/androiddata/shaders\floop_tesselation.glsl_main_vs_vp
08-13 16:37:19.144 8901 8980 D RavnStudio: No constant parallaxscale in /sdcard/androiddata/shaders\floop_tesselation.glsl_main_ps_fp
08-13 16:37:19.144 8901 8980 D RavnStudio: No constant bones in /sdcard/androiddata/shaders\floop_tesselation.glsl_main_vs_vp
08-13 16:37:19.144 8901 8980 D RavnStudio: No constant fullmatrix in /sdcard/androiddata/shaders\floop_tesselation.glsl_main_vs_vp
08-13 16:37:19.144 8901 8980 D RavnStudio: No TCS constant world in /sdcard/androiddata/shaders\floop_tesselation.glsl_main_tcs_tcs
08-13 16:37:19.144 8901 8980 D RavnStudio: No constant modelviewmatrix in /sdcard/androiddata/shaders\floop_tesselation.glsl_main_vs_vp
08-13 16:37:19.144 8901 8980 D RavnStudio: No constant campos in /sdcard/androiddata/shaders\floop_tesselation.glsl_main_vs_vp
08-13 16:37:19.144 8901 8980 D RavnStudio: No constant bones in /sdcard/androiddata/shaders\floop_tesselation.glsl_main_vs_vp
08-13 16:37:19.144 8901 8980 D RavnStudio: No constant parallaxscale in /sdcard/androiddata/shaders\floop_tesselation.glsl_main_ps_fp
08-13 16:37:19.144 8901 8980 D RavnStudio: No constant bones in /sdcard/androiddata/shaders\floop.glsl_main_vs_vp
08-13 16:37:19.144 8901 8980 D RavnStudio: No constant bones in /sdcard/androiddata/shaders\floop.glsl_main_vs_vp
08-13 16:37:19.144 8901 8980 D RavnStudio: No constant parallaxscale in /sdcard/androiddata/shaders\floop_tesselation.glsl_main_ps_fp
08-13 16:37:19.144 8901 8980 D RavnStudio: No constant modelviewmatrix in /sdcard/androiddata/shaders\floop.glsl_shadow_vs_vp
08-13 16:37:19.144 8901 8980 D RavnStudio: No constant campos in /sdcard/androiddata/shaders\floop.glsl_shadow_vs_vp
08-13 16:37:19.144 8901 8980 D RavnStudio: No constant world in /sdcard/androiddata/shaders\floop.glsl_shadow_vs_vp
08-13 16:37:19.144 8901 8980 D RavnStudio: No constant parallaxscale in /sdcard/androiddata/shaders\floop_tesselation.glsl_shadow_ps_fp
08-13 16:37:19.144 8901 8980 D RavnStudio: No constant bones in /sdcard/androiddata/shaders\floop.glsl_shadow_vs_vp
08-13 16:37:19.144 8901 8980 D RavnStudio: No constant fullmatrix in /sdcard/androiddata/shaders\floop_tesselation.glsl_shadow_vs_vp
08-13 16:37:19.144 8901 8980 D RavnStudio: No TCS constant world in /sdcard/androiddata/shaders\floop_tesselation.glsl_shadow_tcs_tcs
08-13 16:37:19.145 8901 8980 D RavnStudio: No TES constant modelviewmatrix in /sdcard/androiddata/shaders\floop_tesselation.glsl_shadow_tes_tes
08-13 16:37:19.145 8901 8980 D RavnStudio: No constant modelviewmatrix in /sdcard/androiddata/shaders\floop_tesselation.glsl_shadow_vs_vp
08-13 16:37:19.145 8901 8980 D RavnStudio: No constant campos in /sdcard/androiddata/shaders\floop_tesselation.glsl_shadow_vs_vp
08-13 16:37:19.145 8901 8980 D RavnStudio: No TES constant campos in /sdcard/androiddata/shaders\floop_tesselation.glsl_shadow_tes_tes
08-13 16:37:19.145 8901 8980 D RavnStudio: No constant parallaxscale in /sdcard/androiddata/shaders\floop_tesselation.glsl_shadow_ps_fp
08-13 16:37:19.145 8901 8980 D RavnStudio: No constant bones in /sdcard/androiddata/shaders\floop_tesselation.glsl_shadow_vs_vp
08-13 16:37:19.145 8901 8980 D RavnStudio: No constant modelviewmatrix in /sdcard/androiddata/shaders\floop.glsl_shadow_skin_vs_vp
08-13 16:37:19.145 8901 8980 D RavnStudio: No constant campos in /sdcard/androiddata/shaders\floop.glsl_shadow_skin_vs_vp
08-13 16:37:19.145 8901 8980 D RavnStudio: No constant world in /sdcard/androiddata/shaders\floop.glsl_shadow_skin_vs_vp
08-13 16:37:19.145 8901 8980 D RavnStudio: No constant parallaxscale in /sdcard/androiddata/shaders\floop_tesselation.glsl_shadow_ps_fp
08-13 16:37:19.145 8901 8980 D RavnStudio: process_shader[0x91b9]: /sdcard/androiddata/shaders\lighttree.glsl_prepass_cs_cs
08-13 16:37:19.152 8901 8980 D RavnStudio: process_shader[0x91b9]: /sdcard/androiddata/shaders\lighttree.glsl_main_cs_cs
08-13 16:37:19.170 8901 8980 D RavnStudio: No CS constant outputSize in /sdcard/androiddata/shaders\lighttree.glsl_main_cs_cs
08-13 16:37:19.170 8901 8980 D RavnStudio: process_shader[0x91b9]: /sdcard/androiddata/shaders\deferred_resolve.glsl_prepare_cs_cs
08-13 16:37:19.173 8901 8980 D RavnStudio: process_shader[0x91b9]: /sdcard/androiddata/shaders\deferred_resolve.glsl_resolve_cs_cs
08-13 16:37:19.175 8901 8980 D RavnStudio: process_shader[0x91b9]: /sdcard/androiddata/shaders\deferred_resolve.glsl_resolve_reflections_cs_cs
08-13 16:37:19.178 8901 8980 D RavnStudio: process_shader[0x91b9]: /sdcard/androiddata/shaders\deferred_resolve.glsl_resolve_ssao_cs_cs
08-13 16:37:19.180 8901 8980 D RavnStudio: process_shader[0x91b9]: /sdcard/androiddata/shaders\deferred_resolve.glsl_premul_cs_cs
08-13 16:37:19.183 8901 8980 D RavnStudio: Create Depth : 4096 4096
08-13 16:37:19.183 8901 8980 D RavnStudio: process_shader[0x91b9]: /sdcard/androiddata/shaders\dirlight.glsl_csm_cs_cs
08-13 16:37:19.191 8901 8980 D RavnStudio: Sampler is 2dshadow
08-13 16:37:19.191 8901 8980 D RavnStudio: No CS constant proj in /sdcard/androiddata/shaders\dirlight.glsl_csm_cs_cs
08-13 16:37:19.191 8901 8980 D RavnStudio: No CS constant invviewproj in /sdcard/androiddata/shaders\dirlight.glsl_csm_cs_cs
08-13 16:37:19.191 8901 8980 D RavnStudio: No CS constant camera in /sdcard/androiddata/shaders\dirlight.glsl_csm_cs_cs
08-13 16:37:19.191 8901 8980 D RavnStudio: No CS constant view in /sdcard/androiddata/shaders\dirlight.glsl_csm_cs_cs
08-13 16:37:19.191 8901 8980 D RavnStudio: process_shader[0x91b9]: /sdcard/androiddata/shaders\omnilight.glsl_main_cs_cs
08-13 16:37:19.198 8901 8980 D RavnStudio: Sampler is nvshadow
08-13 16:37:19.198 8901 8980 D RavnStudio: No CS constant proj in /sdcard/androiddata/shaders\omnilight.glsl_main_cs_cs
08-13 16:37:19.198 8901 8980 D RavnStudio: No CS constant invshadowproj in /sdcard/androiddata/shaders\omnilight.glsl_main_cs_cs
08-13 16:37:19.198 8901 8980 D RavnStudio: No CS constant camera in /sdcard/androiddata/shaders\omnilight.glsl_main_cs_cs
08-13 16:37:19.198 8901 8980 D RavnStudio: No CS constant view in /sdcard/androiddata/shaders\omnilight.glsl_main_cs_cs
08-13 16:37:19.198 8901 8980 D RavnStudio: No CS constant outputSize in /sdcard/androiddata/shaders\omnilight.glsl_main_cs_cs
08-13 16:37:19.199 8901 8980 D RavnStudio: RTX: /sdcard/androiddata/warning_profile.rtx (1024x1)
08-13 16:37:19.199 8901 8980 D RavnStudio: process_shader[0x8b31]: /sdcard/androiddata/shaders\rectlight.glsl_main_vs_vp
08-13 16:37:19.202 8901 8980 D RavnStudio: process_shader[0x8b30]: /sdcard/androiddata/shaders\rectlight.glsl_main_ps_fp
08-13 16:37:19.207 1108 1154 I zygote64: Explicit concurrent copying GC freed 26007(1206KB) AllocSpace objects, 0(0B) LOS objects, 42% free, 12MB/22MB, paused 54us total 67.211ms
08-13 16:37:19.215 8901 8980 D RavnStudio: RTX: /sdcard/androiddata/antutu-Icon.rtx (512x512)
08-13 16:37:19.216 8901 8980 D RavnStudio: process_shader[0x8b31]: /sdcard/androiddata/shaders\PostProcess.hlsl_quad_vs_vp
08-13 16:37:19.216 8901 8980 D RavnStudio: process_shader[0x8b30]: /sdcard/androiddata/shaders\PostProcess.hlsl_quad_ps_fp
08-13 16:37:19.246 8901 8980 D RavnStudio: RTX: /sdcard/androiddata/loadback.rtx (1920x1080)
08-13 16:37:19.251 8901 8980 D RavnStudio: RTX: /sdcard/androiddata/loadbarfull.rtx (664x27)
08-13 16:37:19.252 8901 8980 D RavnStudio: RTX: /sdcard/androiddata/loadtext.rtx (96x16)
08-13 16:37:19.253 8901 8980 D RavnStudio: RTX: /sdcard/androiddata/loadlabeland.rtx (686x139)
08-13 16:37:19.253 8901 8980 D RavnStudio: process_shader[0x8b31]: /sdcard/androiddata/shaders\PostProcess.hlsl_loadbar_vs_vp
08-13 16:37:19.253 8901 8980 D RavnStudio: process_shader[0x8b30]: /sdcard/androiddata/shaders\PostProcess.hlsl_loadbar_ps_fp
08-13 16:37:19.267 8901 8980 D RavnStudio: Unlinked shaders: /sdcard/androiddata/shaders\PostProcess.hlsl_loadbar_vs_vp /sdcard/androiddata/shaders\PostProcess.hlsl_loadbar_ps_fp
08-13 16:37:19.274 8901 8980 D RavnStudio: process_shader[0x91b9]: /sdcard/androiddata/shaders\copy.glsl_copy_cs_cs
08-13 16:37:19.283 8901 8980 D RavnStudio: Filter size: 64 64
08-13 16:37:19.286 8901 8980 D RavnStudio: Create Depth : 256 256
08-13 16:37:19.299 8901 8980 D RavnStudio: SCENE_InitDeferredRenderNV
08-13 16:37:19.299 8901 8980 D RavnStudio: Init g-buffer rts start
08-13 16:37:19.306 8901 8980 D RavnStudio: Init g-buffer rts end
08-13 16:37:19.306 8901 8980 D RavnStudio: Init g-buffer fbos start
08-13 16:37:19.306 8901 8980 D RavnStudio: Init g-buffer fbos end
08-13 16:37:19.307 8901 8980 D RavnStudio: Init g-buffer fbos end
08-13 16:37:19.316 8901 8980 D RavnStudio: Generating env maps..
08-13 16:37:19.462 8901 8980 D RavnStudio: env map 0 done!
08-13 16:37:19.541 8901 8980 D RavnStudio: env map 1 done!
08-13 16:37:19.619 8901 8980 D RavnStudio: env map 2 done!
08-13 16:37:19.621 8901 8980 D RavnStudio: Filter size: 320 180
08-13 16:37:19.699 8901 8980 D RavnStudio: Create Depth : 1280 720
08-13 16:37:19.761 8901 8980 D RavnStudio: SCENE_InitDeferredRenderNV
08-13 16:37:19.761 8901 8980 D RavnStudio: Init g-buffer rts start
08-13 16:37:19.850 8901 8980 D RavnStudio: Init g-buffer rts end
08-13 16:37:19.850 8901 8980 D RavnStudio: Init g-buffer fbos start
08-13 16:37:19.850 8901 8980 D RavnStudio: Init g-buffer fbos end
08-13 16:37:19.869 1108 2380 V MediaRouterService: restoreBluetoothA2dp(false)
08-13 16:37:19.850 8901 8980 D RavnStudio: Init g-buffer fbos end
