08-13 16:13:06.960 1410 1410 W GInputConnectionWrapper: Fixing selection indices to 0, 0
08-13 16:13:06.963 1410 1410 I zygote64: Deoptimizing int ji.a(java.lang.Object) due to JIT inline cache
08-13 16:13:06.983 1410 7548 I native : language-utils-delegator.cc:41 Adding en to delegate.
08-13 16:13:06.983 1410 7548 I native : language-utils-delegator.cc:45 language en not found, so added it.
08-13 16:13:07.023 1410 7548 I native : proto-store.cc:43 File not found: '/data/user/0/com.google.android.inputmethod.latin/files/personal/adapt_state.en.dat'.
08-13 16:13:07.023 1410 7548 I native : (This might be OK for example when a language is being loaded for the first time.)
08-13 16:13:07.023 1410 7548 I native : blacklist-assembly.cc:112 LoadBlacklist en
08-13 16:13:07.071 1410 1410 I zygote64: Deoptimizing void bow.setText(java.lang.CharSequence, android.widget.TextView$BufferType) due to JIT inline cache
08-13 16:13:07.109 1410 7555 D OpenGLRenderer: HWUI GL Pipeline
08-13 16:13:07.128 1108 2378 I ActivityManager: Start proc 7557:android.process.acore/u0a3 for content provider com.android.providers.userdictionary/.UserDictionaryProvider
08-13 16:13:07.129 1410 7553 I zygote64: Deoptimizing android.util.SparseArray eg.a(android.os.Parcel, android.os.Parcelable$Creator) due to JIT inline cache
08-13 16:13:07.135 1410 7555 D libEGL : loaded /vendor/lib64/egl/libEGL_adreno.so
08-13 16:13:07.144 1410 7555 D libEGL : loaded /vendor/lib64/egl/libGLESv1_CM_adreno.so
08-13 16:13:07.145 7557 7557 I zygote64: The ClassLoaderContext is a special shared library.
08-13 16:13:07.150 7389 7389 W StaticLayout: maxLineHeight should not be -1. maxLines:2 lineCount:2
08-13 16:13:07.150 7389 7389 W StaticLayout: maxLineHeight should not be -1. maxLines:2 lineCount:2
08-13 16:13:07.155 7557 7557 I zygote64: The ClassLoaderContext is a special shared library.
08-13 16:13:07.163 1410 7555 D libEGL : loaded /vendor/lib64/egl/libGLESv2_adreno.so
08-13 16:13:07.172 1410 7555 I Adreno : QUALCOMM build : 594927b, I916dfac403
08-13 16:13:07.172 1410 7555 I Adreno : Build Date : 10/11/17
08-13 16:13:07.172 1410 7555 I Adreno : OpenGL ES Shader Compiler Version: EV031.21.02.00
08-13 16:13:07.172 1410 7555 I Adreno : Local Branch : mybranch28618966
08-13 16:13:07.172 1410 7555 I Adreno : Remote Branch : quic/gfx-adreno.lnx.6.4.9-rel
08-13 16:13:07.172 1410 7555 I Adreno : Remote Branch : NONE
08-13 16:13:07.172 1410 7555 I Adreno : Reconstruct Branch : NOTHING
08-13 16:13:07.174 1410 7555 I Adreno : PFP: 0x005ff087, ME: 0x005ff063
08-13 16:13:07.176 1410 7555 I zygote64: android::hardware::configstore::V1_0::ISurfaceFlingerConfigs::hasWideColorDisplay retrieved: 1
08-13 16:13:07.176 1410 7555 I OpenGLRenderer: Initialized EGL, version 1.4
08-13 16:13:07.176 1410 7555 D OpenGLRenderer: Swap behavior 2
08-13 16:13:07.177 7557 7557 I ContactsPerf: VoicemailContentProvider.onCreate start
08-13 16:13:07.182 7557 7557 I ContactsPerf: VoicemailContentProvider.onCreate finish
08-13 16:13:07.185 7557 7557 I zygote64: The ClassLoaderContext is a special shared library.
08-13 16:13:07.203 7557 7573 D ContactsDatabaseHelper: WAL enabled for contacts2.db: true
08-13 16:13:07.259 7557 7573 I ContactLocale: AddressBook Labels [[en_US]]: […, A, B, C, D, E, F, G, H, I, J, K, L, M, N, O, P, Q, R, S, T, U, V, W, X, Y, Z, Α, Β, Γ, Δ, Ε, Ζ, Η, Θ, Ι, Κ, Λ, Μ, Ν, Ξ, Ο, Π, Ρ, Σ, Τ, Υ, Φ, Χ, Ψ, Ω, …, А, Б, В, Г, Д, Ђ, Е, Є, Ж, З, И, І, Й, Ј, К, Л, Љ, М, Н, Њ, О, П, Р, С, Т, Ћ, У, Ф, Х, Ц, Ч, Џ, Ш, Щ, Ю, Я, …, א, ב, ג, ד, ה, ו, ז, ח, ט, י, כ, ל, מ, נ, ס, ע, פ, צ, ק, ר, ש, ת, …, ا, ب, ت, ث, ج, ح, خ, د, ذ, ر, ز, س, ش, ص, ض, ط, ظ, ع, غ, ف, ق, ك, ل, م, ن, ه, و, ي, …, ก, ข, ฃ, ค, ฅ, ฆ, ง, จ, ฉ, ช, ซ, ฌ, ญ, ฎ, ฏ, ฐ, ฑ, ฒ, ณ, ด, ต, ถ, ท, ธ, น, บ, ป, ผ, ฝ, พ, ฟ, ภ, ม, ย, ร, ฤ, ล, ฦ, ว, ศ, ษ, ส, ห, ฬ, อ, ฮ, …, ㄱ, ㄴ, ㄷ, ㄹ, ㅁ, ㅂ, ㅅ, ㅇ, ㅈ, ㅊ, ㅋ, ㅌ, ㅍ, ㅎ, …, あ, か, さ, た, な, は, ま, や, ら, わ, #, …]
08-13 16:13:07.272 7557 7573 D ContactsDatabaseHelper: WAL enabled for profile.db: false
08-13 16:13:07.684 2569 3041 I chatty : uid=10015(com.google.android.gms) lowpool[1] expire 4 lines
08-13 16:13:08.024 2321 7356 I chatty : uid=10026 com.google.android.googlequicksearchbox:search expire 3 lines
08-13 16:13:08.032 2321 7370 I chatty : uid=10026(com.google.android.googlequicksearchbox) UserFacing22 expire 1 line
08-13 16:13:08.608 2197 7299 I chatty : uid=10015 com.google.android.gms.persistent expire 1 line
08-13 16:13:09.022 1410 7548 W native : neural_spatial_model.cc:371 Output symbol table doesn't contain symbol: &
08-13 16:13:09.027 7389 7389 W cr_AutocompleteModel: onTextChanged: in batch edit
08-13 16:13:09.029 7389 7389 W cr_UrlBar: Text change observed, triggering autocomplete.
08-13 16:13:09.029 7389 7389 W cr_LocationBar: onTextChangedForAutocomplete
08-13 16:13:09.029 7389 7389 W cr_Autocomplete: stopping autocomplete.
08-13 16:13:09.061 7389 7389 W cr_Autocomplete: starting autocomplete controller..[false][false]
08-13 16:13:09.296 7389 7389 W cr_AutocompleteModel: onTextChanged: in batch edit
08-13 16:13:09.297 7389 7389 W cr_UrlBar: Text change observed, triggering autocomplete.
08-13 16:13:09.297 7389 7389 W cr_LocationBar: onTextChangedForAutocomplete
08-13 16:13:09.297 7389 7389 W cr_Autocomplete: stopping autocomplete.
08-13 16:13:09.328 7389 7389 W cr_Autocomplete: starting autocomplete controller..[false][false]
08-13 16:13:09.754 715 715 D audio_hw_primary: disable_audio_route: usecase(1) reset and update mixer path: low-latency-playback speaker
08-13 16:13:09.754 715 715 D audio_hw_primary: disable_snd_device: snd_device(2: speaker)
08-13 16:13:09.784 7389 7389 W cr_AutocompleteModel: onTextChanged: in batch edit
08-13 16:13:09.785 7389 7389 W cr_UrlBar: Text change observed, triggering autocomplete.
08-13 16:13:09.785 7389 7389 W cr_LocationBar: onTextChangedForAutocomplete
08-13 16:13:09.785 7389 7389 W cr_Autocomplete: stopping autocomplete.
08-13 16:13:09.816 7389 7389 W cr_Autocomplete: starting autocomplete controller..[false][false]
08-13 16:13:09.962 2197 2925 I chatty : uid=10015(com.google.android.gms) Binder:2197_6 expire 1 line
08-13 16:13:09.962 7389 7416 W Auth : [GoogleAuthUtil] GoogleAuthUtil
08-13 16:13:09.963 7389 7416 W cr_Auth : Unable to check features using GoogleAuthUtil.
08-13 16:13:09.963 7389 7416 W cr_Auth : java.io.IOException: Service unavailable.
08-13 16:13:09.963 7389 7416 W cr_Auth : at com.google.android.gms.auth.GoogleAuthUtilLight.zzq(Unknown Source:15)
08-13 16:13:09.963 7389 7416 W cr_Auth : at com.google.android.gms.auth.zzh.exec(Unknown Source:29)
08-13 16:13:09.963 7389 7416 W cr_Auth : at com.google.android.gms.auth.GoogleAuthUtilLight.zza(Unknown Source:11)
08-13 16:13:09.963 7389 7416 W cr_Auth : at com.google.android.gms.auth.GoogleAuthUtil.getAccounts(Unknown Source:26)
08-13 16:13:09.963 7389 7416 W cr_Auth : at com.google.android.apps.chrome.sync.signin.GmsAccountManagerDelegate.hasFeatures(GmsAccountManagerDelegate.java:7)
08-13 16:13:09.963 7389 7416 W cr_Auth : at org.chromium.components.signin.AccountManagerFacade$8.doInBackground(AccountManagerFacade.java:8)
08-13 16:13:09.963 7389 7416 W cr_Auth : at android.os.AsyncTask$2.call(AsyncTask.java:333)
08-13 16:13:09.963 7389 7416 W cr_Auth : at java.util.concurrent.FutureTask.run(FutureTask.java:266)
08-13 16:13:09.963 7389 7416 W cr_Auth : at java.util.concurrent.ThreadPoolExecutor.runWorker(ThreadPoolExecutor.java:1162)
08-13 16:13:09.963 7389 7416 W cr_Auth : at java.util.concurrent.ThreadPoolExecutor$Worker.run(ThreadPoolExecutor.java:636)
08-13 16:13:09.963 7389 7416 W cr_Auth : at java.lang.Thread.run(Thread.java:764)
08-13 16:13:10.085 7389 7389 W cr_AutocompleteModel: onTextChanged: in batch edit
08-13 16:13:10.086 7389 7389 W cr_UrlBar: Text change observed, triggering autocomplete.
08-13 16:13:10.087 7389 7389 W cr_LocationBar: onTextChangedForAutocomplete
08-13 16:13:10.087 7389 7389 W cr_Autocomplete: stopping autocomplete.
08-13 16:13:10.118 7389 7389 W cr_Autocomplete: starting autocomplete controller..[false][false]
08-13 16:13:10.119 1410 1422 I zygote64: Do full code cache collection, code=249KB, data=156KB
08-13 16:13:10.120 1410 1422 I zygote64: After code cache collection, code=168KB, data=95KB
08-13 16:13:10.155 7389 7406 I cr_omaha: Request to Server Successful. Timestamp for next request:1534151590155
08-13 16:13:10.158 7389 7406 I cr_omaha: Attempting to schedule next job for: Mon Aug 13 21:13:09 GMT+08:00 2018
08-13 16:13:10.160 7389 7389 I cr_omaha: Scheduled using JobService
08-13 16:13:10.160 7389 7389 E cr_BkgrdTaskJS: Tried finishing non-current BackgroundTask.
08-13 16:13:10.343 7389 7389 W cr_AutocompleteModel: onTextChanged: in batch edit
08-13 16:13:10.344 7389 7389 W cr_UrlBar: Text change observed, triggering autocomplete.
08-13 16:13:10.344 7389 7389 W cr_LocationBar: onTextChangedForAutocomplete
08-13 16:13:10.345 7389 7389 W cr_Autocomplete: stopping autocomplete.
08-13 16:13:10.375 7389 7389 W cr_Autocomplete: starting autocomplete controller..[false][false]
08-13 16:13:10.566 7389 7389 W cr_AutocompleteModel: onTextChanged: in batch edit
08-13 16:13:10.568 7389 7389 W cr_UrlBar: Text change observed, triggering autocomplete.
08-13 16:13:10.568 7389 7389 W cr_LocationBar: onTextChangedForAutocomplete
08-13 16:13:10.568 7389 7389 W cr_Autocomplete: stopping autocomplete.
08-13 16:13:10.599 7389 7389 W cr_Autocomplete: starting autocomplete controller..[false][false]
08-13 16:13:10.624 7389 7394 I zygote : Do partial code cache collection, code=60KB, data=46KB
08-13 16:13:10.624 7389 7394 I zygote : After code cache collection, code=60KB, data=46KB
08-13 16:13:10.624 7389 7394 I zygote : Increasing code cache capacity to 256KB
08-13 16:13:13.894 7389 7389 W cr_Autocomplete: stopping autocomplete.
08-13 16:13:13.973 715 2118 D audio_hw_primary: enable_snd_device: snd_device(2: speaker)
08-13 16:13:13.973 715 2118 D audio_route: Apply path: speaker
08-13 16:13:13.975 715 2118 D ACDB-LOADER: ACDB -> send_audio_cal, acdb_id = 15, path = 0, app id = 0x11130, sample rate = 48000
08-13 16:13:13.975 715 2118 D ACDB-LOADER: ACDB -> ACDB_CMD_GET_AUDPROC_GAIN_DEP_STEP_TABLE, vol index 0
08-13 16:13:13.975 715 2118 D ACDB-LOADER: ACDB -> GET_AFE_TOPOLOGY_ID for adcd_id 15, Topology Id 112fc
08-13 16:13:13.975 715 2118 D : Failed to fetch the lookup information of the device 0000000F
08-13 16:13:13.975 715 2118 D ACDB-LOADER: Error: ACDB AFE returned = -19
08-13 16:13:13.975 715 2118 D audio_hw_primary: enable_audio_route: usecase(1) apply and update mixer path: low-latency-playback speaker
08-13 16:13:13.975 715 2118 D audio_route: Apply path: low-latency-playback speaker
08-13 16:13:13.976 2081 2096 E ANDR-PERF-RESOURCEQS: Failed to apply optimization [2, 0]
08-13 16:13:13.988 7594 7594 E /system/bin/webview_zygote32: Failed to make and chown /acct/uid_99002: Permission denied
08-13 16:13:13.989 7594 7594 E Zygote : createProcessGroup(99002, 0) failed: Permission denied
08-13 16:13:13.991 1108 2377 I ActivityManager: Start proc 7594:com.android.chrome:sandboxed_process1/u0i2 for webview_service com.android.chrome/org.chromium.content.app.SandboxedProcessService1
08-13 16:13:13.999 7389 7389 W cr_Autocomplete: stopping autocomplete.
08-13 16:13:13.999 7389 7389 W cr_Autocomplete: stopping autocomplete.
08-13 16:13:14.003 7389 7389 W cr_AutocompleteModel: notification ignored
08-13 16:13:14.004 715 2118 D audio_hw_primary: out_write: retry previous failed cal level set
08-13 16:13:14.005 7389 7389 W cr_Autocomplete: stopping autocomplete.
08-13 16:13:14.005 7389 7389 W cr_Autocomplete: stopping autocomplete.
08-13 16:13:14.009 7608 7608 E asset : setgid: Operation not permitted
08-13 16:13:14.020 7389 7389 W IInputConnectionWrapper: beginBatchEdit on inactive InputConnection
08-13 16:13:14.020 7389 7389 W IInputConnectionWrapper: getTextBeforeCursor on inactive InputConnection
08-13 16:13:14.023 7594 7594 I cr_ChildProcessService: Creating new ChildProcessService pid=7594
08-13 16:13:14.037 7389 7389 W IInputConnectionWrapper: getTextAfterCursor on inactive InputConnection
08-13 16:13:14.040 7594 7609 E WebViewLibraryLoader: can't load with relro file; address space not reserved
08-13 16:13:14.040 7594 7609 I cr_LibraryLoader: Time to load native libraries: 2 ms (timestamps 5017-5019)
08-13 16:13:14.040 7594 7609 I cr_LibraryLoader: Using linker: org.chromium.base.library_loader.ModernLinker
08-13 16:13:14.041 7594 7609 I chromium: [INFO:library_loader_hooks.cc(136)] Chromium logging enabled: level = 0, default verbosity = 0
08-13 16:13:14.041 7594 7609 I cr_LibraryLoader: Expected native library version number "61.0.3163.98", actual native library version number "61.0.3163.98"
08-13 16:13:14.054 7389 7389 W IInputConnectionWrapper: getSelectedText on inactive InputConnection
08-13 16:13:14.063 1410 7548 I native : input-context-store.cc:103 Ignoring stale client request for FetchSuggestions
08-13 16:13:14.071 7389 7389 W IInputConnectionWrapper: endBatchEdit on inactive InputConnection
08-13 16:13:14.071 7389 7389 W IInputConnectionWrapper: beginBatchEdit on inactive InputConnection
08-13 16:13:14.071 7389 7389 W IInputConnectionWrapper: getTextBeforeCursor on inactive InputConnection
08-13 16:13:14.091 7389 7389 W IInputConnectionWrapper: getTextAfterCursor on inactive InputConnection
08-13 16:13:14.104 751 751 E lowmemorykiller: Error writing /proc/7417/oom_score_adj; errno=22
08-13 16:13:14.105 1108 2327 I ActivityManager: Process com.android.chrome:sandboxed_process0 (pid 7417) has died: cch CACC
08-13 16:13:14.105 1108 2327 W ActivityManager: Scheduling restart of crashed service com.android.chrome/org.chromium.content.app.SandboxedProcessService0 in 1000ms
08-13 16:13:14.108 7389 7389 W IInputConnectionWrapper: getSelectedText on inactive InputConnection
08-13 16:13:14.109 3199 3199 I Finsky : [2] com.google.android.finsky.ci.a.onTrimMemory(5): Memory trim requested to level 5
08-13 16:13:14.112 4284 4284 D GeckoMemoryMonitor: onTrimMemory() notification received with level 5
08-13 16:13:14.112 4284 4284 D GeckoMemoryMonitor: increasing memory pressure to 2
08-13 16:13:14.122 7389 7415 I cr_BindingManager: onTrimMemory: level=5, size=0
08-13 16:13:14.122 7389 7389 W IInputConnectionWrapper: endBatchEdit on inactive InputConnection
08-13 16:13:14.134 1108 1150 D KernelUidCpuTimeReader: Removing uids 99001-99001
08-13 16:13:14.138 7389 7389 W IInputConnectionWrapper: beginBatchEdit on inactive InputConnection
08-13 16:13:14.138 7389 7389 W IInputConnectionWrapper: getTextBeforeCursor on inactive InputConnection
08-13 16:13:14.154 7389 7389 W IInputConnectionWrapper: getTextAfterCursor on inactive InputConnection
08-13 16:13:14.171 7389 7389 W IInputConnectionWrapper: getSelectedText on inactive InputConnection
08-13 16:13:14.188 7389 7389 W IInputConnectionWrapper: endBatchEdit on inactive InputConnection
08-13 16:13:14.188 7389 7389 W IInputConnectionWrapper: beginBatchEdit on inactive InputConnection
08-13 16:13:14.188 7389 7389 W IInputConnectionWrapper: getTextBeforeCursor on inactive InputConnection
08-13 16:13:14.205 7389 7389 W IInputConnectionWrapper: getTextAfterCursor on inactive InputConnection
08-13 16:13:14.221 7389 7389 W IInputConnectionWrapper: getSelectedText on inactive InputConnection
08-13 16:13:14.238 7389 7389 W IInputConnectionWrapper: endBatchEdit on inactive InputConnection
08-13 16:13:14.238 7389 7389 W IInputConnectionWrapper: beginBatchEdit on inactive InputConnection
08-13 16:13:14.238 7389 7389 W IInputConnectionWrapper: getTextBeforeCursor on inactive InputConnection
08-13 16:13:14.238 7389 7389 W IInputConnectionWrapper: getTextAfterCursor on inactive InputConnection
08-13 16:13:14.239 7389 7389 W IInputConnectionWrapper: getSelectedText on inactive InputConnection
08-13 16:13:14.240 7389 7389 W IInputConnectionWrapper: endBatchEdit on inactive InputConnection
08-13 16:13:14.245 1410 1410 I native : input-context-store.cc:113 Using roll back input context operation: [AbortComposing] reason: client [21] vs decoder [22]
08-13 16:13:14.271 1410 1410 I zygote64: Deoptimizing boolean ccf.setVisible(boolean, boolean) due to JIT same target
08-13 16:13:14.274 1410 6909 I zygote64: Deoptimizing java.lang.Object baz.intern(java.lang.Object) due to JIT inline cache
08-13 16:13:15.228 7389 7389 V View : dispatchProvideAutofillStructure(): not laid out, ignoring 0 children of 1073741831
08-13 16:13:15.228 7389 7389 V View : dispatchProvideAutofillStructure(): not laid out, ignoring 1 children of 1073741849
08-13 16:13:15.228 7389 7389 V View : dispatchProvideAutofillStructure(): not laid out, ignoring 2 children of 1073741850
08-13 16:13:15.231 7389 7389 I AssistStructure: Flattened final assist data: 9000 bytes, containing 1 windows, 41 views
08-13 16:13:15.239 838 1075 D fpc_fingerprint_hal: nav_loop FPC_NAV_REQUEST_WAIT_IRQ_HIGH
08-13 16:13:15.274 1108 2378 I chatty : uid=1000(system) Binder:1108_E expire 12 lines
08-13 16:13:15.340 838 1075 D fpc_fingerprint_hal: nav_loop FPC_NAV_REQUEST_WAIT_IRQ_HIGH
08-13 16:13:15.470 1410 1410 W GInputConnectionWrapper: Fixing selection indices to 0, 16
08-13 16:13:16.432 838 1075 D fpc_fingerprint_hal: nav_loop FPC_NAV_REQUEST_WAIT_IRQ_HIGH
08-13 16:13:17.179 715 715 D audio_hw_primary: disable_audio_route: usecase(1) reset and update mixer path: low-latency-playback speaker
08-13 16:13:17.180 715 715 D audio_hw_primary: disable_snd_device: snd_device(2: speaker)
08-13 16:13:17.233 7389 7389 W cr_AutocompleteModel: onTextChanged: in batch edit
08-13 16:13:17.234 7389 7389 W cr_UrlBar: Text change observed, triggering autocomplete.
08-13 16:13:17.235 7389 7389 W cr_LocationBar: onTextChangedForAutocomplete
08-13 16:13:17.235 7389 7389 W cr_Autocomplete: stopping autocomplete.
08-13 16:13:17.264 7389 7389 W cr_Autocomplete: starting autocomplete controller..[false][false]
08-13 16:13:17.408 7389 7389 W cr_AutocompleteModel: onTextChanged: in batch edit
08-13 16:13:17.409 7389 7389 W cr_UrlBar: Text change observed, triggering autocomplete.
08-13 16:13:17.409 7389 7389 W cr_LocationBar: onTextChangedForAutocomplete
08-13 16:13:17.409 7389 7389 W cr_Autocomplete: stopping autocomplete.
08-13 16:13:17.440 7389 7389 W cr_Autocomplete: starting autocomplete controller..[false][false]
08-13 16:13:17.478 1410 1422 I zygote64: Do partial code cache collection, code=200KB, data=122KB
08-13 16:13:17.478 1410 1422 I zygote64: After code cache collection, code=198KB, data=121KB
08-13 16:13:17.478 1410 1422 I zygote64: Increasing code cache capacity to 1024KB
08-13 16:13:17.579 7389 7389 W cr_AutocompleteModel: onTextChanged: in batch edit
08-13 16:13:17.581 7389 7389 W cr_UrlBar: Text change observed, triggering autocomplete.
08-13 16:13:17.581 7389 7389 W cr_LocationBar: onTextChangedForAutocomplete
08-13 16:13:17.581 7389 7389 W cr_Autocomplete: stopping autocomplete.
08-13 16:13:17.612 7389 7389 W cr_Autocomplete: starting autocomplete controller..[false][false]
08-13 16:13:17.742 7389 7389 W cr_AutocompleteModel: onTextChanged: in batch edit
08-13 16:13:17.743 7389 7389 W cr_UrlBar: Text change observed, triggering autocomplete.
08-13 16:13:17.743 7389 7389 W cr_LocationBar: onTextChangedForAutocomplete
08-13 16:13:17.743 7389 7389 W cr_Autocomplete: stopping autocomplete.
08-13 16:13:17.774 7389 7389 W cr_Autocomplete: starting autocomplete controller..[false][false]
08-13 16:13:17.930 7389 7389 W cr_AutocompleteModel: onTextChanged: in batch edit
08-13 16:13:17.931 7389 7389 W cr_UrlBar: Text change observed, triggering autocomplete.
08-13 16:13:17.931 7389 7389 W cr_LocationBar: onTextChangedForAutocomplete
08-13 16:13:17.931 7389 7389 W cr_Autocomplete: stopping autocomplete.
08-13 16:13:17.961 7389 7389 W cr_Autocomplete: starting autocomplete controller..[false][false]
08-13 16:13:18.230 7389 7389 W cr_AutocompleteModel: onTextChanged: in batch edit
08-13 16:13:18.231 7389 7389 W cr_UrlBar: Text change observed, triggering autocomplete.
08-13 16:13:18.231 7389 7389 W cr_LocationBar: onTextChangedForAutocomplete
08-13 16:13:18.232 7389 7389 W cr_Autocomplete: stopping autocomplete.
08-13 16:13:18.262 7389 7389 W cr_Autocomplete: starting autocomplete controller..[false][false]
08-13 16:13:18.608 7389 7389 E SpannableStringBuilder: SPAN_EXCLUSIVE_EXCLUSIVE spans cannot have a zero length
08-13 16:13:18.608 7389 7389 E SpannableStringBuilder: SPAN_EXCLUSIVE_EXCLUSIVE spans cannot have a zero length
08-13 16:13:18.609 7389 7389 W cr_AutocompleteModel: onTextChanged: in batch edit
08-13 16:13:18.611 7389 7389 W cr_UrlBar: Text change observed, triggering autocomplete.
08-13 16:13:18.611 7389 7389 W cr_LocationBar: onTextChangedForAutocomplete
08-13 16:13:18.611 7389 7389 W cr_Autocomplete: stopping autocomplete.
08-13 16:13:18.642 7389 7389 W cr_Autocomplete: starting autocomplete controller..[false][false]
08-13 16:13:18.993 2197 4105 I chatty : uid=10015(com.google.android.gms) Binder:2197_A expire 12 lines
08-13 16:13:19.352 7389 7389 W cr_AutocompleteModel: onTextChanged: in batch edit
08-13 16:13:19.353 7389 7389 W cr_UrlBar: Text change observed, triggering autocomplete.
08-13 16:13:19.353 7389 7389 W cr_LocationBar: onTextChangedForAutocomplete
08-13 16:13:19.353 7389 7389 W cr_Autocomplete: stopping autocomplete.
08-13 16:13:19.384 7389 7389 W cr_Autocomplete: starting autocomplete controller..[false][false]
08-13 16:13:19.629 7389 7389 W cr_AutocompleteModel: onTextChanged: in batch edit
08-13 16:13:19.630 7389 7389 W cr_UrlBar: Text change observed, triggering autocomplete.
08-13 16:13:19.630 7389 7389 W cr_LocationBar: onTextChangedForAutocomplete
08-13 16:13:19.630 7389 7389 W cr_Autocomplete: stopping autocomplete.
08-13 16:13:19.660 7389 7389 W cr_Autocomplete: starting autocomplete controller..[false][false]
08-13 16:13:19.885 7389 7389 W cr_AutocompleteModel: onTextChanged: in batch edit
08-13 16:13:19.886 7389 7389 W cr_UrlBar: Text change observed, triggering autocomplete.
08-13 16:13:19.887 7389 7389 W cr_LocationBar: onTextChangedForAutocomplete
08-13 16:13:19.887 7389 7389 W cr_Autocomplete: stopping autocomplete.
08-13 16:13:19.918 7389 7389 W cr_Autocomplete: starting autocomplete controller..[false][false]
08-13 16:13:20.535 7389 7389 W cr_Autocomplete: stopping autocomplete.
08-13 16:13:20.646 715 2118 D audio_hw_primary: enable_snd_device: snd_device(2: speaker)
08-13 16:13:20.647 715 2118 D audio_route: Apply path: speaker
08-13 16:13:20.649 715 2118 D ACDB-LOADER: ACDB -> send_audio_cal, acdb_id = 15, path = 0, app id = 0x11130, sample rate = 48000
08-13 16:13:20.649 715 2118 D ACDB-LOADER: ACDB -> ACDB_CMD_GET_AUDPROC_GAIN_DEP_STEP_TABLE, vol index 0
08-13 16:13:20.649 715 2118 D ACDB-LOADER: ACDB -> GET_AFE_TOPOLOGY_ID for adcd_id 15, Topology Id 112fc
08-13 16:13:20.649 715 2118 D : Failed to fetch the lookup information of the device 0000000F
08-13 16:13:20.649 715 2118 D ACDB-LOADER: Error: ACDB AFE returned = -19
08-13 16:13:20.649 715 2118 D audio_hw_primary: enable_audio_route: usecase(1) apply and update mixer path: low-latency-playback speaker
08-13 16:13:20.649 715 2118 D audio_route: Apply path: low-latency-playback speaker
08-13 16:13:20.651 2081 2096 E ANDR-PERF-RESOURCEQS: Failed to apply optimization [2, 0]
08-13 16:13:20.660 7389 7389 W cr_Autocomplete: stopping autocomplete.
08-13 16:13:20.664 7389 7389 I chatty : uid=10121(com.android.chrome) identical 2 lines
08-13 16:13:20.664 7389 7389 W cr_Autocomplete: stopping autocomplete.
08-13 16:13:20.669 1108 2327 I ActivityManager: Start proc 7627:com.android.chrome:sandboxed_process2/u0i3 for webview_service com.android.chrome/org.chromium.content.app.SandboxedProcessService2
08-13 16:13:20.685 7627 7627 E /system/bin/webview_zygote32: Failed to make and chown /acct/uid_99003: Permission denied
08-13 16:13:20.685 7627 7627 E Zygote : createProcessGroup(99003, 0) failed: Permission denied
08-13 16:13:20.688 715 2118 D audio_hw_primary: out_write: retry previous failed cal level set
08-13 16:13:20.706 7640 7640 E asset : setgid: Operation not permitted
08-13 16:13:20.720 7627 7627 I cr_ChildProcessService: Creating new ChildProcessService pid=7627
08-13 16:13:20.727 7627 7641 E WebViewLibraryLoader: can't load with relro file; address space not reserved
08-13 16:13:20.727 7627 7641 I cr_LibraryLoader: Time to load native libraries: 1 ms (timestamps 1705-1706)
08-13 16:13:20.727 7627 7641 I cr_LibraryLoader: Using linker: org.chromium.base.library_loader.ModernLinker
08-13 16:13:20.728 7627 7641 I chromium: [INFO:library_loader_hooks.cc(136)] Chromium logging enabled: level = 0, default verbosity = 0
08-13 16:13:20.728 7627 7641 I cr_LibraryLoader: Expected native library version number "61.0.3163.98", actual native library version number "61.0.3163.98"
08-13 16:13:20.762 1410 1410 W GInputConnectionWrapper: Fixing selection indices to 0, 0
08-13 16:13:20.773 751 751 E lowmemorykiller: Error writing /proc/7594/oom_score_adj; errno=22
08-13 16:13:20.774 751 751 E lowmemorykiller: Error writing /proc/7594/oom_score_adj; errno=22
08-13 16:13:20.775 1108 2377 I ActivityManager: Killing 7594:com.android.chrome:sandboxed_process1/u0a121i2 (adj 0): isolated not needed
08-13 16:13:20.792 1108 1150 D KernelUidCpuTimeReader: Removing uids 99002-99002
08-13 16:13:22.946 2321 7368 I chatty : uid=10026 com.google.android.googlequicksearchbox:search expire 1 line
08-13 16:13:23.041 1108 2377 I chatty : uid=1000(system) Binder:1108_D expire 12 lines
08-13 16:13:23.867 715 715 D audio_hw_primary: disable_audio_route: usecase(1) reset and update mixer path: low-latency-playback speaker
08-13 16:13:23.868 715 715 D audio_hw_primary: disable_snd_device: snd_device(2: speaker)
08-13 16:13:24.167 2607 2607 I chatty : uid=10125(com.antutu.ABenchMark) expire 15 lines
08-13 16:13:28.241 1108 1273 I chatty : uid=1000(system) WifiScanningSer expire 4 lines
08-13 16:13:33.008 2321 7364 I chatty : uid=10026 com.google.android.googlequicksearchbox:search expire 1 line
08-13 16:13:36.879 744 793 I chatty : uid=1000(system) /vendor/bin/sensors.qcom expire 13 lines
08-13 16:13:39.271 1606 1711 I chatty : uid=1000(system) MainEventThread expire 10 lines
08-13 16:13:43.146 1637 1637 E QtiImsExtUtils: getConfigForPhoneId phoneId is invalid
08-13 16:13:43.147 1637 1637 E QtiImsExtUtils: isCarrierConfigEnabled bundle is null
08-13 16:13:45.922 2569 6643 I chatty : uid=10015(com.google.android.gms) expire 2 lines
08-13 16:13:48.524 838 1075 D fpc_fingerprint_hal: nav_loop FPC_NAV_REQUEST_WAIT_IRQ_HIGH
08-13 16:13:54.302 2607 2607 I chatty : uid=10125(com.antutu.ABenchMark) expire 20 lines
08-13 16:14:19.043 2197 6586 I chatty : uid=10015 com.google.android.gms.persistent expire 3 lines
08-13 16:14:19.056 3199 3269 I PlayCommon: [37] com.google.android.play.b.h.a(522): Connecting to server: https://play.googleapis.com/play/log?format=raw&proto_v2=true
08-13 16:14:27.423 1108 7673 I chatty : uid=1000 system_server expire 2 lines
08-13 16:14:27.443 1108 7674 I chatty : uid=1000 system_server expire 2 lines
08-13 16:14:28.903 744 793 I chatty : uid=1000(system) /vendor/bin/sensors.qcom expire 10 lines
08-13 16:14:29.959 838 1075 D fpc_fingerprint_hal: nav_loop FPC_NAV_REQUEST_WAIT_IRQ_HIGH
08-13 16:14:30.736 838 1075 D fpc_fingerprint_hal: nav_loop FPC_NAV_REQUEST_WAIT_IRQ_HIGH
08-13 16:14:34.593 2607 2607 I chatty : uid=10125(com.antutu.ABenchMark) expire 47 lines
08-13 16:14:34.968 838 1075 D fpc_fingerprint_hal: nav_loop FPC_NAV_REQUEST_WAIT_IRQ_HIGH
08-13 16:14:40.477 1108 1287 D ConnectivityService: NetworkAgentInfo [WIFI () - 101] validation failed
08-13 16:14:43.254 1637 1637 E QtiImsExtUtils: getConfigForPhoneId phoneId is invalid
08-13 16:14:43.255 1637 1637 E QtiImsExtUtils: isCarrierConfigEnabled bundle is null
08-13 16:14:49.031 2197 3964 I chatty : uid=10015(com.google.android.gms) Binder:2197_8 expire 12 lines
08-13 16:14:50.668 2279 2781 I chatty : uid=10125(com.antutu.ABenchMark) Connection Cont expire 13 lines
08-13 16:14:50.865 2279 3275 I chatty : uid=10125(com.antutu.ABenchMark) Blob Reader (0) expire 3 lines
08-13 16:14:54.055 1108 1449 I chatty : uid=1000(system) Binder:1108_3 expire 10 lines
08-13 16:15:08.611 2197 7689 I chatty : uid=10015 com.google.android.gms.persistent expire 1 line
08-13 16:15:08.618 2197 2938 I chatty : uid=10015(com.google.android.gms) highpool[3] expire 12 lines
08-13 16:15:23.685 1108 1118 I ActivityManager: Killing 5715:com.google.android.videos/u0a92 (adj 906): empty for 1808s
08-13 16:15:35.833 744 793 I chatty : uid=1000(system) /vendor/bin/sensors.qcom expire 10 lines
08-13 16:15:42.435 1410 7554 W BasicHttpFileDownloader: Exception while downloading: https://storage.googleapis.com/gboard-emoji/dulcitone/emoji_search_en_us.json
08-13 16:15:42.435 1410 7554 W BasicHttpFileDownloader: javax.net.ssl.SSLHandshakeException: Connection closed by peer
08-13 16:15:42.435 1410 7554 W BasicHttpFileDownloader: at com.android.org.conscrypt.NativeCrypto.SSL_do_handshake(Native Method)
08-13 16:15:42.435 1410 7554 W BasicHttpFileDownloader: at com.android.org.conscrypt.SslWrapper.doHandshake(SslWrapper.java:374)
08-13 16:15:42.435 1410 7554 W BasicHttpFileDownloader: at com.android.org.conscrypt.ConscryptFileDescriptorSocket.startHandshake(ConscryptFileDescriptorSocket.java:217)
08-13 16:15:42.435 1410 7554 W BasicHttpFileDownloader: at com.android.okhttp.internal.io.RealConnection.connectTls(RealConnection.java:192)
08-13 16:15:42.435 1410 7554 W BasicHttpFileDownloader: at com.android.okhttp.internal.io.RealConnection.connectSocket(RealConnection.java:149)
08-13 16:15:42.435 1410 7554 W BasicHttpFileDownloader: at com.android.okhttp.internal.io.RealConnection.connect(RealConnection.java:112)
08-13 16:15:42.435 1410 7554 W BasicHttpFileDownloader: at com.android.okhttp.internal.http.StreamAllocation.findConnection(StreamAllocation.java:184)
08-13 16:15:42.435 1410 7554 W BasicHttpFileDownloader: at com.android.okhttp.internal.http.StreamAllocation.findHealthyConnection(StreamAllocation.java:126)
08-13 16:15:42.435 1410 7554 W BasicHttpFileDownloader: at com.android.okhttp.internal.http.StreamAllocation.newStream(StreamAllocation.java:95)
08-13 16:15:42.435 1410 7554 W BasicHttpFileDownloader: at com.android.okhttp.internal.http.HttpEngine.connect(HttpEngine.java:281)
08-13 16:15:42.435 1410 7554 W BasicHttpFileDownloader: at com.android.okhttp.internal.http.HttpEngine.sendRequest(HttpEngine.java:224)
08-13 16:15:42.435 1410 7554 W BasicHttpFileDownloader: at com.android.okhttp.internal.huc.HttpURLConnectionImpl.execute(HttpURLConnectionImpl.java:461)
08-13 16:15:42.435 1410 7554 W BasicHttpFileDownloader: at com.android.okhttp.internal.huc.HttpURLConnectionImpl.connect(HttpURLConnectionImpl.java:127)
08-13 16:15:42.435 1410 7554 W BasicHttpFileDownloader: at com.android.okhttp.internal.huc.DelegatingHttpsURLConnection.connect(DelegatingHttpsURLConnection.java:89)
08-13 16:15:42.435 1410 7554 W BasicHttpFileDownloader: at com.android.okhttp.internal.huc.HttpsURLConnectionImpl.connect(Unknown Source:0)
08-13 16:15:42.435 1410 7554 W BasicHttpFileDownloader: at asx.a(PG:21)
08-13 16:15:42.435 1410 7554 W BasicHttpFileDownloader: at asx.a(PG:40)
08-13 16:15:42.435 1410 7554 W BasicHttpFileDownloader: at asx.a(PG:18)
08-13 16:15:42.435 1410 7554 W BasicHttpFileDownloader: at com.google.android.apps.inputmethod.libs.dataservice.download.JSonCheckUpdateTask.b(PG:34)
08-13 16:15:42.435 1410 7554 W BasicHttpFileDownloader: at com.google.android.apps.inputmethod.libs.dataservice.download.JSonCheckUpdateTask.a(PG:28)
08-13 16:15:42.435 1410 7554 W BasicHttpFileDownloader: at com.google.android.apps.inputmethod.libs.dataservice.download.JSonCheckUpdateTask.doInBackground(PG:84)
08-13 16:15:42.435 1410 7554 W BasicHttpFileDownloader: at android.os.AsyncTask$2.call(AsyncTask.java:333)
08-13 16:15:42.435 1410 7554 W BasicHttpFileDownloader: at java.util.concurrent.FutureTask.run(FutureTask.java:266)
08-13 16:15:42.435 1410 7554 W BasicHttpFileDownloader: at java.util.concurrent.Executors$RunnableAdapter.call(Executors.java:457)
08-13 16:15:42.435 1410 7554 W BasicHttpFileDownloader: at java.util.concurrent.FutureTask.run(FutureTask.java:266)
08-13 16:15:42.435 1410 7554 W BasicHttpFileDownloader: at azq.run(PG:14)
08-13 16:15:42.435 1410 7554 W BasicHttpFileDownloader: at java.util.concurrent.ThreadPoolExecutor.runWorker(ThreadPoolExecutor.java:1162)
08-13 16:15:42.435 1410 7554 W BasicHttpFileDownloader: at java.util.concurrent.ThreadPoolExecutor$Worker.run(ThreadPoolExecutor.java:636)
08-13 16:15:42.435 1410 7554 W BasicHttpFileDownloader: at java.lang.Thread.run(Thread.java:764)
08-13 16:15:42.435 1410 7554 W BasicHttpFileDownloader: at azk.run(PG:8)
08-13 16:15:42.435 1410 7554 W JSonCheckUpdateTask: fetchUpdateInfo() : Failed to download https://storage.googleapis.com/gboard-emoji/dulcitone/emoji_search_en_us.json
08-13 16:15:43.355 1637 1637 E QtiImsExtUtils: getConfigForPhoneId phoneId is invalid
08-13 16:15:43.355 1637 1637 E QtiImsExtUtils: isCarrierConfigEnabled bundle is null
08-13 16:15:47.397 742 742 I MSM-irqbalance: Discovered a new IRQ: 199
08-13 16:15:50.224 2197 2924 I chatty : uid=10015(com.google.android.gms) CMEventHandler expire 11 lines
08-13 16:15:55.098 2607 2607 I chatty : uid=10125(com.antutu.ABenchMark) expire 22 lines
08-13 16:16:04.846 2197 7480 I chatty : uid=10015 com.google.android.gms.persistent expire 13 lines
08-13 16:16:08.249 2197 4395 I chatty : uid=10015(com.google.android.gms) Binder:2197_B expire 11 lines
08-13 16:16:19.248 2197 4105 I chatty : uid=10015(com.google.android.gms) Binder:2197_A expire 12 lines
08-13 16:16:26.232 2197 4440 I chatty : uid=10015(com.google.android.gms) Binder:2197_C expire 11 lines
08-13 16:16:33.927 2197 2934 I chatty : uid=10015(com.google.android.gms) Binder:2197_7 expire 5 lines
08-13 16:16:43.442 1637 1637 E QtiImsExtUtils: getConfigForPhoneId phoneId is invalid
08-13 16:16:43.442 1637 1637 E QtiImsExtUtils: isCarrierConfigEnabled bundle is null
08-13 16:16:43.468 2607 2607 I chatty : uid=10125(com.antutu.ABenchMark) expire 12 lines
08-13 16:16:52.143 1108 2380 I chatty : uid=1000(system) Binder:1108_10 expire 18 lines
08-13 16:16:59.128 1637 1637 E QtiImsExtUtils: getConfigForPhoneId phoneId is invalid
08-13 16:16:59.128 1637 1637 E QtiImsExtUtils: isCarrierConfigEnabled bundle is null
08-13 16:16:59.150 2607 2607 I chatty : uid=10125(com.antutu.ABenchMark) expire 27 lines
08-13 16:17:08.613 2197 7715 I chatty : uid=10015 com.google.android.gms.persistent expire 1 line
08-13 16:17:20.536 2197 3180 I chatty : uid=10015(com.google.android.gms) Thread-10 expire 15 lines
08-13 16:17:22.656 2197 3178 I chatty : uid=10015(com.google.android.gms) Thread-8 expire 15 lines
08-13 16:17:34.043 2569 3156 I chatty : uid=10015(com.google.android.gms) lowpool[2] expire 1 line
08-13 16:17:48.721 3199 6513 I PlayCommon: [89] com.google.android.play.b.h.e(263): Preparing logs for uploading
08-13 16:17:48.724 3199 6513 I PlayCommon: [89] com.google.android.play.b.h.e(267): No file ready to send
08-13 16:17:50.415 2197 2924 I chatty : uid=10015(com.google.android.gms) CMEventHandler expire 15 lines
08-13 16:17:55.865 2607 2607 I chatty : uid=10125(com.antutu.ABenchMark) expire 12 lines
08-13 16:17:59.225 1637 1637 E QtiImsExtUtils: getConfigForPhoneId phoneId is invalid
08-13 16:17:59.225 1637 1637 E QtiImsExtUtils: isCarrierConfigEnabled bundle is null
08-13 16:18:08.500 7389 7451 W chromium: [WARNING:monitor.cc(407)] Request to https://beacons.gcp.gvt2.com/domainreliability/upload had (at least) two NEL headers: "{"failure_fraction":1" and ""include_subdomains":false".
08-13 16:18:14.226 4284 7621 D GeckoMemoryMonitor: Decreased memory pressure to 1
08-13 16:18:15.993 2607 2607 I chatty : uid=10125(com.antutu.ABenchMark) expire 15 lines
08-13 16:18:38.326 2054 2054 I wpa_supplicant: wlan0: WPA: Group rekeying completed with cc:16:7e:12:e1:1a [GTK=CCMP]
08-13 16:18:39.085 1637 1646 I zygote64: Compiler allocated 9MB to compile void android.hardware.radio.V1_1.IRadioResponse$Stub.onTransact(int, android.os.HwParcel, android.os.HwParcel, int)
08-13 16:18:46.188 2607 2607 I chatty : uid=10125(com.antutu.ABenchMark) expire 10 lines
08-13 16:18:49.290 2197 3964 I chatty : uid=10015(com.google.android.gms) Binder:2197_8 expire 16 lines
08-13 16:18:49.349 809 809 I DrmHal : makeDrmFactories: factory instance default is Remote
08-13 16:18:49.352 809 809 I DrmHal : makeDrmFactories: factory instance widevine is Remote
08-13 16:18:49.354 721 721 D WVCdm : Instantiating CDM.
08-13 16:18:49.357 721 5298 I WVCdm : CdmEngine::QueryStatus
08-13 16:18:49.358 721 7760 I WVCdm : Level3 Library 4445 Oct 4 2017 17:06:25
08-13 16:18:49.363 721 5298 I WVCdm : L3 Initialized. Trying L1.
08-13 16:18:49.366 721 5298 D : CPPF_ServiceInitialize: start!
08-13 16:18:49.366 721 5298 D QSEECOMAPI: QSEECom_get_handle sb_length = 0x2800
08-13 16:18:49.366 721 5298 D QSEECOMAPI: App is not loaded in QSEE
08-13 16:18:49.367 721 5298 D QSEECOMAPI: app_arch = 2, total_files = 9
08-13 16:18:49.381 3182 3198 I chatty : uid=10015(com.google.android.gms) Profile Saver expire 2 lines
08-13 16:18:49.416 721 5298 D QSEECOMAPI: Loaded image: APP id = 7077892
08-13 16:18:49.418 721 5298 D : CPPF_ServiceInitialize: end! returns 0
08-13 16:18:49.418 721 5298 D QSEECOMAPI: QSEECom_get_handle sb_length = 0x19000
08-13 16:18:49.418 721 5298 D QSEECOMAPI: App is not loaded in QSEE
08-13 16:18:49.419 721 5298 D QSEECOMAPI: app_arch = 2, total_files = 9
08-13 16:18:49.465 721 5298 D QSEECOMAPI: Loaded image: APP id = 7143429
08-13 16:18:49.467 721 5298 D QSAPPSVER: qsapps_get_capabilities: Capability from secure side: 0x1
08-13 16:18:49.467 721 5298 D QSAPPSVER: qsapps_get_capabilities: returns 0
08-13 16:18:49.499 585 590 I chatty : uid=1000(system) /vendor/bin/qseecomd expire 36 lines
08-13 16:18:49.500 624 7763 I chatty : uid=1000(system) /vendor/bin/time_daemon expire 3 lines
08-13 16:18:49.500 624 637 I chatty : uid=1000(system) /vendor/bin/time_daemon expire 12 lines
08-13 16:18:49.500 624 7764 I chatty : uid=1000(system) /vendor/bin/time_daemon expire 9 lines
08-13 16:18:49.521 721 5298 D WVCdm : OEMCrypto_Initialize Level 1 success. I will use level 1.
08-13 16:18:49.524 721 5298 I WVCdm : L3 Terminate.
08-13 16:18:49.525 721 5298 D : CPPF_CheckMinEncLevelStatus: start!
08-13 16:18:49.526 721 5298 D : CPPF_CheckMinEncLevelStatus: No change
08-13 16:18:49.526 721 5298 D : CPPF_CheckMinEncLevelStatus: end!
08-13 16:18:49.526 721 5298 D QSEECOMAPI: QSEECom_dealloc_memory
08-13 16:18:49.526 721 5298 D QSEECOMAPI: QSEECom_shutdown_app, app_id = 7143429
08-13 16:18:49.527 721 5298 D : CPPF_ServiceUninitialize: start!
08-13 16:18:49.527 721 5298 D QSEECOMAPI: QSEECom_dealloc_memory
08-13 16:18:49.527 721 5298 D QSEECOMAPI: QSEECom_shutdown_app, app_id = 7077892
08-13 16:18:49.528 721 5298 D : CPPF_ServiceUninitialize: end! returns 0
08-13 16:18:49.531 721 5298 I WVCdm : CdmEngine::OpenSession
08-13 16:18:49.531 721 7765 I WVCdm : Level3 Library 4445 Oct 4 2017 17:06:25
08-13 16:18:49.532 721 5298 I WVCdm : L3 Initialized. Trying L1.
08-13 16:18:49.533 721 5298 D : CPPF_ServiceInitialize: start!
08-13 16:18:49.533 721 5298 D QSEECOMAPI: QSEECom_get_handle sb_length = 0x2800
08-13 16:18:49.533 721 5298 D QSEECOMAPI: App is not loaded in QSEE
08-13 16:18:49.533 721 5298 D QSEECOMAPI: app_arch = 2, total_files = 9
08-13 16:18:49.566 721 5298 D QSEECOMAPI: Loaded image: APP id = 7208964
08-13 16:18:49.566 721 5298 D : CPPF_ServiceInitialize: end! returns 0
08-13 16:18:49.566 721 5298 D QSEECOMAPI: QSEECom_get_handle sb_length = 0x19000
08-13 16:18:49.566 721 5298 D QSEECOMAPI: App is not loaded in QSEE
08-13 16:18:49.566 721 5298 D QSEECOMAPI: app_arch = 2, total_files = 9
08-13 16:18:49.592 3182 3937 I chatty : uid=10015(com.google.android.gms) Binder:3182_6 expire 10 lines
08-13 16:18:49.607 721 5298 D QSEECOMAPI: Loaded image: APP id = 7274501
08-13 16:18:49.608 721 5298 D QSAPPSVER: qsapps_get_capabilities: Capability from secure side: 0x1
08-13 16:18:49.608 721 5298 D QSAPPSVER: qsapps_get_capabilities: returns 0
08-13 16:18:49.639 624 7766 I chatty : uid=1000(system) /vendor/bin/time_daemon expire 3 lines
08-13 16:18:49.639 624 7767 I chatty : uid=1000(system) /vendor/bin/time_daemon expire 9 lines
08-13 16:18:49.651 721 5298 D WVCdm : OEMCrypto_Initialize Level 1 success. I will use level 1.
08-13 16:18:49.652 721 5298 D WVCdm : CryptoSession::Open: Lock: requested_security_level: Default
08-13 16:18:49.672 721 5298 I WVCdm : CdmEngine::QueryOemCryptoSessionId
08-13 16:18:49.673 721 5298 I WVCdm : CdmEngine::GenerateKeyRequest
08-13 16:18:49.683 721 5298 D WVCdm : PrepareKeyRequest: nonce=2723606008
08-13 16:18:49.737 721 5298 I WVCdm : L3 Terminate.
08-13 16:18:49.738 721 5298 D : CPPF_CheckMinEncLevelStatus: start!
08-13 16:18:49.739 721 5298 D : CPPF_CheckMinEncLevelStatus: No change
08-13 16:18:49.739 721 5298 D : CPPF_CheckMinEncLevelStatus: end!
08-13 16:18:49.739 721 5298 D QSEECOMAPI: QSEECom_dealloc_memory
08-13 16:18:49.739 721 5298 D QSEECOMAPI: QSEECom_shutdown_app, app_id = 7274501
08-13 16:18:49.740 721 5298 D : CPPF_ServiceUninitialize: start!
08-13 16:18:49.740 721 5298 D QSEECOMAPI: QSEECom_dealloc_memory
08-13 16:18:49.740 721 5298 D QSEECOMAPI: QSEECom_shutdown_app, app_id = 7208964
08-13 16:18:49.741 721 5298 D : CPPF_ServiceUninitialize: end! returns 0
08-13 16:18:56.607 1108 7771 I chatty : uid=1000 system_server expire 2 lines
08-13 16:18:56.616 1108 7770 I chatty : uid=1000 system_server expire 2 lines
08-13 16:18:58.838 1108 1108 I JobServiceContext: Client timed out while executing (no jobFinished received), sending onStop: 2c6a866 #u0a65/174406261 com.android.vending/com.google.android.finsky.instantapps.PhenotypeUpdateService
08-13 16:18:59.326 1637 1637 E QtiImsExtUtils: getConfigForPhoneId phoneId is invalid
08-13 16:18:59.326 1637 1637 E QtiImsExtUtils: isCarrierConfigEnabled bundle is null
08-13 16:18:59.379 2607 2607 I chatty : uid=10125(com.antutu.ABenchMark) expire 17 lines
08-13 16:18:59.379 1108 1150 E BatteryExternalStatsWorker: no controller energy info supplied for bluetooth
08-13 16:18:59.407 3562 7778 E turbo_BatteryLogger: could not get google accounts, e
08-13 16:18:59.418 730 730 I chatty : uid=1000(system) power@1.1-servi expire 10 lines
08-13 16:19:05.100 2197 7480 I chatty : uid=10015 com.google.android.gms.persistent expire 7 lines
08-13 16:19:08.610 2197 7757 I chatty : uid=10015 com.google.android.gms.persistent expire 1 line
08-13 16:19:09.654 1108 1287 D ConnectivityService: NetworkAgentInfo [WIFI () - 101] validation failed
08-13 16:19:28.865 6690 6690 D PhenotypeUpdateService: onCreate called
08-13 16:19:28.881 6690 7787 D PhenotypeUpdateService: Registering with Phenotype
08-13 16:19:28.887 6690 6736 W GooglePlayServicesUtil: Google Play services out of date. Requires 11910000 but found 11580948
08-13 16:19:36.522 2607 2607 I chatty : uid=10125(com.antutu.ABenchMark) expire 10 lines
08-13 16:19:54.280 1637 1637 E QtiImsExtUtils: getConfigForPhoneId phoneId is invalid
08-13 16:19:54.280 1637 1637 E QtiImsExtUtils: isCarrierConfigEnabled bundle is null
08-13 16:19:54.292 2607 2607 I chatty : uid=10125(com.antutu.ABenchMark) expire 34 lines
08-13 16:20:06.675 2569 3165 I chatty : uid=10015(com.google.android.gms) lowpool[3] expire 10 lines
08-13 16:20:19.552 2197 4105 I chatty : uid=10015(com.google.android.gms) Binder:2197_A expire 12 lines
08-13 16:20:48.603 3285 3491 I bt_stack: [INFO:gatt_api.cc(1004)] GATT_Register
08-13 16:20:48.603 3285 3491 I bt_stack: [INFO:gatt_api.cc(1027)] allocated gatt_if=4
08-13 16:20:48.604 2197 4440 I chatty : uid=10015(com.google.android.gms) Binder:2197_C expire 10 lines
08-13 16:20:48.605 2607 2607 I chatty : uid=10125(com.antutu.ABenchMark) expire 34 lines
08-13 16:20:54.344 1637 1637 E QtiImsExtUtils: getConfigForPhoneId phoneId is invalid
08-13 16:20:54.344 1637 1637 E QtiImsExtUtils: isCarrierConfigEnabled bundle is null
08-13 16:21:00.014 3199 3269 E PlayCommon: [37] com.google.android.play.b.h.a(552): Failed to connect to server: java.net.SocketTimeoutException: SSL handshake timed out
08-13 16:21:00.042 3199 3269 I PlayCommon: [37] com.google.android.play.b.h.e(263): Preparing logs for uploading
08-13 16:21:00.047 3199 3269 I PlayCommon: [37] com.google.android.play.b.y.a(18): Connecting to server for timestamp: https://play.googleapis.com/play/log/timestamp
08-13 16:21:02.158 1108 1656 I chatty : uid=1000(system) Binder:1108_6 expire 11 lines
08-13 16:21:08.631 2197 7809 I chatty : uid=10015 com.google.android.gms.persistent expire 1 line
08-13 16:21:33.439 1108 1117 I chatty : uid=1000(system) HeapTaskDaemon expire 2 lines
08-13 16:21:49.655 2569 7306 I chatty : uid=10015(com.google.android.gms) expire 13 lines
08-13 16:21:54.444 1637 1637 E QtiImsExtUtils: getConfigForPhoneId phoneId is invalid
08-13 16:21:54.444 1637 1637 E QtiImsExtUtils: isCarrierConfigEnabled bundle is null
08-13 16:21:54.469 2607 2607 I chatty : uid=10125(com.antutu.ABenchMark) expire 17 lines
08-13 16:22:20.186 809 3236 I DrmHal : makeDrmFactories: factory instance default is Remote
08-13 16:22:20.187 809 3236 I DrmHal : makeDrmFactories: factory instance widevine is Remote
08-13 16:22:20.196 721 5298 I WVCdm : CdmEngine::QueryStatus
08-13 16:22:20.197 721 7838 I WVCdm : Level3 Library 4445 Oct 4 2017 17:06:25
08-13 16:22:20.199 721 5298 I WVCdm : L3 Initialized. Trying L1.
08-13 16:22:20.201 721 5298 D : CPPF_ServiceInitialize: start!
08-13 16:22:20.201 721 5298 D QSEECOMAPI: QSEECom_get_handle sb_length = 0x2800
08-13 16:22:20.201 721 5298 D QSEECOMAPI: App is not loaded in QSEE
08-13 16:22:20.201 721 5298 D QSEECOMAPI: app_arch = 2, total_files = 9
08-13 16:22:20.247 721 5298 D QSEECOMAPI: Loaded image: APP id = 7340036
08-13 16:22:20.248 721 5298 D : CPPF_ServiceInitialize: end! returns 0
08-13 16:22:20.249 721 5298 D QSEECOMAPI: QSEECom_get_handle sb_length = 0x19000
08-13 16:22:20.249 721 5298 D QSEECOMAPI: App is not loaded in QSEE
08-13 16:22:20.249 721 5298 D QSEECOMAPI: app_arch = 2, total_files = 9
08-13 16:22:20.295 721 5298 D QSEECOMAPI: Loaded image: APP id = 7405573
08-13 16:22:20.298 721 5298 D QSAPPSVER: qsapps_get_capabilities: Capability from secure side: 0x1
08-13 16:22:20.298 721 5298 D QSAPPSVER: qsapps_get_capabilities: returns 0
08-13 16:22:20.322 585 590 I chatty : uid=1000(system) /vendor/bin/qseecomd expire 36 lines
08-13 16:22:20.322 624 7839 I chatty : uid=1000(system) /vendor/bin/time_daemon expire 3 lines
08-13 16:22:20.323 624 7840 I chatty : uid=1000(system) /vendor/bin/time_daemon expire 9 lines
08-13 16:22:20.341 721 5298 D WVCdm : OEMCrypto_Initialize Level 1 success. I will use level 1.
08-13 16:22:20.344 721 5298 I WVCdm : L3 Terminate.
08-13 16:22:20.345 721 5298 D : CPPF_CheckMinEncLevelStatus: start!
08-13 16:22:20.346 721 5298 D : CPPF_CheckMinEncLevelStatus: No change
08-13 16:22:20.346 721 5298 D : CPPF_CheckMinEncLevelStatus: end!
08-13 16:22:20.346 721 5298 D QSEECOMAPI: QSEECom_dealloc_memory
08-13 16:22:20.346 721 5298 D QSEECOMAPI: QSEECom_shutdown_app, app_id = 7405573
08-13 16:22:20.347 721 5298 D : CPPF_ServiceUninitialize: start!
08-13 16:22:20.347 721 5298 D QSEECOMAPI: QSEECom_dealloc_memory
08-13 16:22:20.347 721 5298 D QSEECOMAPI: QSEECom_shutdown_app, app_id = 7340036
08-13 16:22:20.348 721 5298 D : CPPF_ServiceUninitialize: end! returns 0
08-13 16:22:20.350 721 5298 I WVCdm : CdmEngine::OpenSession
08-13 16:22:20.351 721 7841 I WVCdm : Level3 Library 4445 Oct 4 2017 17:06:25
08-13 16:22:20.353 721 5298 I WVCdm : L3 Initialized. Trying L1.
08-13 16:22:20.353 721 5298 D : CPPF_ServiceInitialize: start!
08-13 16:22:20.353 721 5298 D QSEECOMAPI: QSEECom_get_handle sb_length = 0x2800
08-13 16:22:20.353 721 5298 D QSEECOMAPI: App is not loaded in QSEE
08-13 16:22:20.354 721 5298 D QSEECOMAPI: app_arch = 2, total_files = 9
08-13 16:22:20.387 721 5298 D QSEECOMAPI: Loaded image: APP id = 7471108
08-13 16:22:20.389 721 5298 D : CPPF_ServiceInitialize: end! returns 0
08-13 16:22:20.389 721 5298 D QSEECOMAPI: QSEECom_get_handle sb_length = 0x19000
08-13 16:22:20.389 721 5298 D QSEECOMAPI: App is not loaded in QSEE
08-13 16:22:20.389 721 5298 D QSEECOMAPI: app_arch = 2, total_files = 9
08-13 16:22:20.431 721 5298 D QSEECOMAPI: Loaded image: APP id = 7536645
08-13 16:22:20.433 721 5298 D QSAPPSVER: qsapps_get_capabilities: Capability from secure side: 0x1
08-13 16:22:20.433 721 5298 D QSAPPSVER: qsapps_get_capabilities: returns 0
08-13 16:22:20.463 624 7842 I chatty : uid=1000(system) /vendor/bin/time_daemon expire 3 lines
08-13 16:22:20.463 624 637 I chatty : uid=1000(system) /vendor/bin/time_daemon expire 4 lines
08-13 16:22:20.463 624 7843 I chatty : uid=1000(system) /vendor/bin/time_daemon expire 9 lines
08-13 16:22:20.478 721 5298 D WVCdm : OEMCrypto_Initialize Level 1 success. I will use level 1.
08-13 16:22:20.478 721 5298 D WVCdm : CryptoSession::Open: Lock: requested_security_level: Default
08-13 16:22:20.499 721 5298 I WVCdm : CdmEngine::QueryOemCryptoSessionId
08-13 16:22:20.505 721 721 I WVCdm : CdmEngine::GenerateKeyRequest
08-13 16:22:20.535 721 721 D WVCdm : PrepareKeyRequest: nonce=4221883895
08-13 16:22:20.660 721 5298 I WVCdm : L3 Terminate.
08-13 16:22:20.660 721 5298 D : CPPF_CheckMinEncLevelStatus: start!
08-13 16:22:20.661 721 5298 D : CPPF_CheckMinEncLevelStatus: No change
08-13 16:22:20.661 721 5298 D : CPPF_CheckMinEncLevelStatus: end!
08-13 16:22:20.661 721 5298 D QSEECOMAPI: QSEECom_dealloc_memory
08-13 16:22:20.661 721 5298 D QSEECOMAPI: QSEECom_shutdown_app, app_id = 7536645
08-13 16:22:20.663 721 5298 D : CPPF_ServiceUninitialize: start!
08-13 16:22:20.663 721 5298 D QSEECOMAPI: QSEECom_dealloc_memory
08-13 16:22:20.663 721 5298 D QSEECOMAPI: QSEECom_shutdown_app, app_id = 7471108
08-13 16:22:20.663 721 5298 D : CPPF_ServiceUninitialize: end! returns 0
08-13 16:22:21.214 2197 3180 I chatty : uid=10015(com.google.android.gms) Thread-10 expire 14 lines
