08-13 16:36:29.673 1108 1143 W BroadcastQueue: Background execution not allowed: receiving Intent { act=android.intent.action.ACTION_POWER_CONNECTED flg=0x4000010 (has extras) } to com.google.android.apps.photos/.scheduler.PowerReceiver
08-13 16:36:29.674 8557 8557 D BatteryInfo: time to make batteryStatsHelper: 1ms
08-13 16:36:29.681 2569 2569 I iu.Environment: update battery state; isPlugged? true*
08-13 16:36:29.682 2197 8611 I GCoreUlr: DispatchingService.updateActiveState+PowerModeReceiver: Ensuring that reporting is active for [account#15#]
08-13 16:36:29.683 2569 4449 I iu.UploadsManager: num queued entries: 0
08-13 16:36:29.684 2569 4449 I iu.UploadsManager: num updated entries: 0
08-13 16:36:29.684 1108 1150 E BatteryExternalStatsWorker: no controller energy info supplied for bluetooth
08-13 16:36:29.684 2569 4449 I iu.SyncManager: NEXT; no task
08-13 16:36:29.685 2197 2925 E DatabaseUtils: Writing exception to parcel
08-13 16:36:29.685 2197 2925 E DatabaseUtils: java.lang.SecurityException: Caller isn't signed with recognized keys!
08-13 16:36:29.685 2197 2925 E DatabaseUtils: at com.google.android.gms.auth.account.be.legacy.AccountChimeraContentProvider.call(:com.google.android.gms@11580948:2)
08-13 16:36:29.685 2197 2925 E DatabaseUtils: at bve.call(:com.google.android.gms@11580948:1)
08-13 16:36:29.685 2197 2925 E DatabaseUtils: at android.content.ContentProvider$Transport.call(ContentProvider.java:401)
08-13 16:36:29.685 2197 2925 E DatabaseUtils: at android.content.ContentProviderNative.onTransact(ContentProviderNative.java:272)
08-13 16:36:29.685 2197 2925 E DatabaseUtils: at android.os.Binder.execTransact(Binder.java:697)
08-13 16:36:29.686 3562 8658 E turbo_BatteryLogger: could not get google accounts, e
08-13 16:36:29.687 2197 8611 I GCoreUlr: Place inference reporting - stop
08-13 16:36:29.694 2197 8536 I GCoreUlr: Unregistering for aliased place alerts.
08-13 16:36:29.707 730 730 W power@1.1-servi: type=1400 audit(0.0:555): avc: denied { read } for name="system_stats" dev="debugfs" ino=17769 scontext=u:r:hal_power_default:s0 tcontext=u:object_r:debugfs_rpm:s0 tclass=file permissive=0
08-13 16:36:29.707 730 730 W power@1.1-servi: type=1400 audit(0.0:556): avc: denied { search } for name="wlan0" dev="debugfs" ino=32097 scontext=u:r:hal_power_default:s0 tcontext=u:object_r:debugfs_wlan:s0 tclass=dir permissive=0
08-13 16:36:29.712 730 730 E QCOM PowerHAL: extract_stats: failed to open: /d/system_stats Error = Permission denied
08-13 16:36:29.712 730 730 E QCOM PowerHAL: extract_stats: failed to open: /d/wlan0/power_stats Error = Permission denied
08-13 16:36:29.713 2569 8661 I iu.FingerprintManager: Start processing all media
08-13 16:36:29.714 2569 8661 I iu.FingerprintManager: Start processing media store URI: content://media/external/images/media
08-13 16:36:29.722 1108 1150 I WifiService: requestActivityInfo uid=1000
08-13 16:36:29.722 1108 1150 I WifiService: reportActivityInfo uid=1000
08-13 16:36:29.722 1108 1150 I WifiService: getSupportedFeatures uid=1000
08-13 16:36:29.726 2607 2607 W Notification: Use of stream types is deprecated for operations other than volume control
08-13 16:36:29.726 2607 2607 W Notification: See the documentation of setSound() for what to use instead with android.media.AudioAttributes to qualify your playback use case
08-13 16:36:29.733 2569 8661 I iu.FingerprintManager: Start processing media store URI: content://media/external/video/media
08-13 16:36:29.735 1637 1850 E PhoneInterfaceManager: [PhoneIntfMgr] getIccId: No UICC
08-13 16:36:29.735 1108 1150 E BatteryExternalStatsWorker: no controller energy info supplied for bluetooth
08-13 16:36:29.736 2569 8661 I iu.FingerprintManager: Start processing media store URI: content://media/phoneStorage/images/media
08-13 16:36:29.736 2569 8661 I iu.FingerprintManager: Start processing media store URI: content://media/phoneStorage/video/media
08-13 16:36:29.736 2569 8661 I iu.FingerprintManager: Finished generating fingerprints; 0.023 seconds
08-13 16:36:29.736 2569 8661 I iu.FingerprintManager: numSeen=0 numGenerated=0 numDeleted=0 numFailed=0
08-13 16:36:29.756 2607 2607 W Notification: Use of stream types is deprecated for operations other than volume control
08-13 16:36:29.756 2607 2607 W Notification: See the documentation of setSound() for what to use instead with android.media.AudioAttributes to qualify your playback use case
08-13 16:36:29.760 1637 1845 E PhoneInterfaceManager: [PhoneIntfMgr] getIccId: No UICC
08-13 16:36:29.769 1637 1845 E PhoneInterfaceManager: [PhoneIntfMgr] getIccId: No UICC
08-13 16:36:29.769 8557 8557 D BatteryInfo: time for getStats: 95ms
08-13 16:36:29.770 8557 8667 D BatteryInfo: time for regular BatteryInfo: 1ms
08-13 16:36:29.770 8557 8667 D BatteryInfo: time for getBatteryInfo: 0ms
08-13 16:36:29.770 8557 8557 D BatteryInfo: time for callback: 0ms
08-13 16:36:29.771 1637 1845 E PhoneInterfaceManager: [PhoneIntfMgr] getIccId: No UICC
08-13 16:36:29.776 1108 2377 W BroadcastQueue: Background execution not allowed: receiving Intent { act=android.intent.action.ACTION_POWER_CONNECTED flg=0x4000010 (has extras) } to com.antutu.ABenchMark/com.igexin.sdk.PushReceiver
08-13 16:36:29.778 1108 1150 I WifiService: requestActivityInfo uid=1000
08-13 16:36:29.778 1108 1150 I WifiService: reportActivityInfo uid=1000
08-13 16:36:29.778 1108 1150 I WifiService: getSupportedFeatures uid=1000
08-13 16:36:29.782 1108 1150 E BatteryExternalStatsWorker: no controller energy info supplied for bluetooth
08-13 16:36:29.854 1108 1150 I WifiService: requestActivityInfo uid=1000
08-13 16:36:29.854 1108 1150 I WifiService: reportActivityInfo uid=1000
08-13 16:36:29.854 1108 1150 I WifiService: getSupportedFeatures uid=1000
08-13 16:36:29.860 1108 1150 I chatty : uid=1000(system) batterystats-wo identical 1 line
08-13 16:36:29.900 1443 1443 I Elmyra/ElmyraService: Gated by ChargingState
08-13 16:36:30.027 1637 1637 E QtiImsExtUtils: getConfigForPhoneId phoneId is invalid
08-13 16:36:30.027 1637 1637 E QtiImsExtUtils: isCarrierConfigEnabled bundle is null
08-13 16:36:30.028 1108 2378 E LightsService: Light requested not available on this device. 3
08-13 16:36:30.031 8557 8557 D BatteryInfo: time to make batteryStatsHelper: 2ms
08-13 16:36:30.035 1108 1150 I WifiService: requestActivityInfo uid=1000
08-13 16:36:30.035 1108 1150 I WifiService: reportActivityInfo uid=1000
08-13 16:36:30.035 1108 1150 I WifiService: getSupportedFeatures uid=1000
08-13 16:36:30.049 2607 2607 W Notification: Use of stream types is deprecated for operations other than volume control
08-13 16:36:30.049 2607 2607 W Notification: See the documentation of setSound() for what to use instead with android.media.AudioAttributes to qualify your playback use case
08-13 16:36:30.060 1108 1150 E BatteryExternalStatsWorker: no controller energy info supplied for bluetooth
08-13 16:36:30.117 8557 8557 D BatteryInfo: time for getStats: 86ms
08-13 16:36:30.118 8557 8627 D BatteryInfo: time for regular BatteryInfo: 1ms
08-13 16:36:30.118 8557 8627 D BatteryInfo: time for getBatteryInfo: 0ms
08-13 16:36:30.118 8557 8557 D BatteryInfo: time for callback: 0ms
08-13 16:36:30.164 1443 1443 I Elmyra/ElmyraService: Unblocked; current action: SetupWizardAction
08-13 16:36:30.176 744 793 I ASH : @ 4002.880: ccb_proximityInit: PROX initialized w/initData
08-13 16:36:30.226 744 793 I ASH : @ 4002.930: ccb_proximityHandle: PRX_STATE_BEGIN
08-13 16:36:30.227 744 793 I ASH : @ 4002.930: ccb_proximityHandle: initial state farAway
08-13 16:36:30.233 1637 1637 E QtiImsExtUtils: getConfigForPhoneId phoneId is invalid
08-13 16:36:30.233 1637 1637 E QtiImsExtUtils: isCarrierConfigEnabled bundle is null
08-13 16:36:30.245 2607 2607 W Notification: Use of stream types is deprecated for operations other than volume control
08-13 16:36:30.245 2607 2607 W Notification: See the documentation of setSound() for what to use instead with android.media.AudioAttributes to qualify your playback use case
08-13 16:36:30.737 744 793 I ASH : @ 4003.440: _490x_handleAdaptiveAtime: Adaptive ATIME Long to Short
08-13 16:36:31.612 1606 1711 I QCNEJ/CndHalConnector: -> SND notifyWifiStatusChanged(RatInfo{type=1, subType=101, state=CONNECTED, v4=IfaceAddrPair{iface=wlan0, addr=10.188.145.221}, v6=IfaceAddrPair{iface=, addr=}, timestamp=2018-08-13 16:36:31.612, isAndroidValidated=false, netHandle=433808132830, slotIdx=0} WifiInfo{freq=FIVE_GHz, state=3, ssid=EmployeeHotspot, bssid=cc:16:7e:12:e1:1a, dns=[210.22.84.3, 210.22.70.3, 0.0.0.0, 0.0.0.0, ]})
08-13 16:36:31.880 732 1320 I android.hardware.usb@1.1-service.wahoo: partner added
08-13 16:36:31.881 732 1320 I android.hardware.usb@1.1-service.wahoo: uevent received DEVTYPE=typec_partner
08-13 16:36:31.884 732 1320 I android.hardware.usb@1.1-service.wahoo: port0
08-13 16:36:31.886 732 1320 I android.hardware.usb@1.1-service.wahoo: connected:1 canChangeMode:1 canChagedata:0 canChangePower:0
08-13 16:36:31.887 1108 1599 I UsbPortManager: ClientCallback: port0
08-13 16:36:31.888 1108 1152 I UsbPortManager: USB port changed: port=UsbPort{id=port0, supportedModes=dual}, status=UsbPortStatus{connected=true, currentMode=ufp, currentPowerRole=sink, currentDataRole=device, supportedRoleCombinations=[source:host, sink:device]}, canChangeMode=true, canChangePowerRole=false, canChangeDataRole=false
08-13 16:36:31.901 1429 1429 D ModemService: Received: android.hardware.usb.action.USB_PORT_CHANGED
08-13 16:36:31.902 1429 1429 D ModemService: USB Port Status: UsbPortStatus{connected=true, currentMode=ufp, currentPowerRole=sink, currentDataRole=device, supportedRoleCombinations=[source:host, sink:device]}
08-13 16:36:31.906 1429 1429 D ModemService: ModemService started
08-13 16:36:31.907 1429 1503 D ModemService: CheckUpdateRunnable started
08-13 16:36:31.907 1429 1503 D ModemService: Tuner by USB: enabled
08-13 16:36:31.909 1429 1503 D ModemService: Sending tuner update
08-13 16:36:31.909 1429 1503 D ModemService: Tuner value: 1
08-13 16:36:31.910 1429 1503 V QMI_OEMHOOK: createPayload: serviceId= 4 messageId= 32
08-13 16:36:31.910 1429 1503 V QMI_OEMHOOK: val=1
08-13 16:36:31.911 1429 1503 V QMI_OEMHOOK: Intermediate buf in QmiOemHook sendQmiMessage Sync or Async = 0105000101000000
08-13 16:36:31.911 1429 1503 V QMI_OEMHOOK: Byte buf in QmiOemHook createPayload = java.nio.HeapByteBuffer[pos=20 lim=20 cap=20]
08-13 16:36:31.913 1509 1509 D QcrilMsgTunnelIfaceManager: handleMessage what = 1
08-13 16:36:31.915 1509 1509 I QcrilOemhookMsgTunnel: [0]invokeOemRilRequestRaw: serial=1017 length=36
08-13 16:36:31.925 1509 1545 I QcrilOemhookMsgTunnel: [0]processOemHookResponse serial no: 1017 error: 0length=0
08-13 16:36:31.926 1509 1509 D QcrilMsgTunnelIfaceManager: handleMessage what = 2
08-13 16:36:31.928 1429 1503 V QMI_OEMHOOK: receive responseData = null message=null responseType= IS_SYNC_RESPONSE
08-13 16:36:31.928 1429 1503 V QMI_OEMHOOK: payload is null
08-13 16:36:31.928 1429 1503 D ModemService: SAR by USB Device: enabled
08-13 16:36:31.930 1429 1503 D ModemService: Sending SAR update
08-13 16:36:31.930 1429 1503 D ModemService: SAR state: 3
08-13 16:36:31.930 1429 1503 V QMI_OEMHOOK: createPayload: serviceId= 5 messageId= 1
08-13 16:36:31.930 1429 1503 V QMI_OEMHOOK: val=3
08-13 16:36:31.931 1429 1503 V QMI_OEMHOOK: Intermediate buf in QmiOemHook sendQmiMessage Sync or Async = 01040003000000
08-13 16:36:31.931 1429 1503 V QMI_OEMHOOK: val=8998
08-13 16:36:31.931 1429 1503 V QMI_OEMHOOK: Intermediate buf in QmiOemHook sendQmiMessage Sync or Async = 10040026230000
08-13 16:36:31.931 1429 1503 V QMI_OEMHOOK: Byte buf in QmiOemHook createPayload = java.nio.HeapByteBuffer[pos=26 lim=26 cap=26]
08-13 16:36:31.932 1509 1509 D QcrilMsgTunnelIfaceManager: handleMessage what = 1
08-13 16:36:31.933 1509 1509 I QcrilOemhookMsgTunnel: [0]invokeOemRilRequestRaw: serial=1018 length=42
08-13 16:36:31.936 1509 1545 I QcrilOemhookMsgTunnel: [0]processOemHookResponse serial no: 1018 error: 0length=0
08-13 16:36:31.937 1509 1509 D QcrilMsgTunnelIfaceManager: handleMessage what = 2
08-13 16:36:31.938 1429 1503 V QMI_OEMHOOK: receive responseData = null message=null responseType= IS_SYNC_RESPONSE
08-13 16:36:31.938 1429 1503 V QMI_OEMHOOK: payload is null
08-13 16:36:31.981 1108 1152 D UsbDeviceManager: push notification:USB charging this device
08-13 16:36:32.001 1443 1443 I Elmyra/ElmyraService: Gated by UsbState
08-13 16:36:32.008 744 793 I ASH : @ 4004.711: ams_deviceSetConfig: Disabling proximity
08-13 16:36:32.017 2197 4440 W Conscrypt: Could not set socket write timeout:
08-13 16:36:32.017 2197 4440 W Conscrypt: java.lang.reflect.Method.invoke(Native Method)
08-13 16:36:32.017 2197 4440 W Conscrypt: com.google.android.gms.org.conscrypt.Platform.setSocketWriteTimeout(:com.google.android.gms@11580948:13)
08-13 16:36:32.215 715 2118 D audio_hw_primary: enable_snd_device: snd_device(2: speaker)
08-13 16:36:32.215 715 2118 D audio_route: Apply path: speaker
08-13 16:36:32.217 715 2118 D ACDB-LOADER: ACDB -> send_audio_cal, acdb_id = 15, path = 0, app id = 0x11130, sample rate = 48000
08-13 16:36:32.217 715 2118 D ACDB-LOADER: ACDB -> ACDB_CMD_GET_AUDPROC_GAIN_DEP_STEP_TABLE, vol index 0
08-13 16:36:32.217 715 2118 D ACDB-LOADER: ACDB -> GET_AFE_TOPOLOGY_ID for adcd_id 15, Topology Id 112fc
08-13 16:36:32.217 715 2118 D : Failed to fetch the lookup information of the device 0000000F
08-13 16:36:32.217 715 2118 D ACDB-LOADER: Error: ACDB AFE returned = -19
08-13 16:36:32.217 715 2118 D audio_hw_primary: enable_audio_route: usecase(1) apply and update mixer path: low-latency-playback speaker
08-13 16:36:32.217 715 2118 D audio_route: Apply path: low-latency-playback speaker
08-13 16:36:32.220 2081 2096 E ANDR-PERF-RESOURCEQS: Failed to apply optimization [2, 0]
08-13 16:36:32.250 715 2118 D audio_hw_primary: out_write: retry previous failed cal level set
08-13 16:36:32.282 1108 1238 I ActivityManager: START u0 {act=android.intent.action.MAIN cat=[android.intent.category.HOME] flg=0x10200000 cmp=com.google.android.apps.nexuslauncher/.NexusLauncherActivity (has extras)} from uid 1000
08-13 16:36:32.283 730 730 D QCOM PowerHAL: LAUNCH HINT: ON
08-13 16:36:32.284 730 730 D QCOM PowerHAL: Activity launch hint handled
08-13 16:36:32.300 8557 8557 D DashboardSummary: Stopped listening for condition changes
08-13 16:36:32.311 598 598 D SurfaceFlinger: duplicate layer name: changing com.google.android.apps.nexuslauncher/com.google.android.apps.nexuslauncher.NexusLauncherActivity to com.google.android.apps.nexuslauncher/com.google.android.apps.nexuslauncher.NexusLauncherActivity#1
08-13 16:36:32.330 730 730 D QCOM PowerHAL: LAUNCH HINT: OFF
08-13 16:36:32.330 1549 1549 I WallpaperService: engine resumed
08-13 16:36:32.343 744 793 D CHRE : @ 4005.047: +: id 10, otherClientPresent 1, mode 3
08-13 16:36:32.344 744 793 D CHRE : @ 4005.048: [ImuCal] Dynamic sensor configuration: high-performance.
08-13 16:36:32.344 744 793 D CHRE : @ 4005.048: sensorType 9 allowed 1: mergedMode 3, otherClientPresent 1
08-13 16:36:32.345 744 793 D CHRE : @ 4005.049: sensorType 11 allowed 1: mergedMode 3, otherClientPresent 1
08-13 16:36:32.348 744 793 D CHRE : @ 4005.051: sensorType 13 allowed 0: mergedMode 3, otherClientPresent 0
08-13 16:36:32.357 2321 2321 W SessionLifecycleManager: Handover failed. Creating new session controller.
08-13 16:36:32.363 2321 2321 I OptInState: There is a new client and it does not support opt-in. Dropping request.
08-13 16:36:32.377 1108 2477 I WifiService: getConnectionInfo uid=10026
08-13 16:36:32.379 1108 2477 I WifiService: getWifiEnabledState uid=10026
08-13 16:36:32.379 2321 8174 W Settings: Setting mobile_data has moved from android.provider.Settings.Secure to android.provider.Settings.Global.
08-13 16:36:32.384 2321 8291 W LocationOracle: No location history returned by ContextManager
08-13 16:36:32.393 2321 2321 I MicroDetectionWorker: #updateMicroDetector [detectionMode: [mDetectionMode: [1]]]
08-13 16:36:32.393 2321 2321 I MicroDetectionWorker: #startMicroDetector [speakerMode: 0]
08-13 16:36:32.396 2321 2321 I zygote64: Deoptimizing void com.google.android.apps.gsa.shared.searchbox.components.a.aE(java.lang.Object) due to JIT inline cache
08-13 16:36:32.397 1108 2178 I WifiService: getWifiEnabledState uid=10026
08-13 16:36:32.398 1108 2178 I WifiService: isScanAlwaysAvailable uid=10026
08-13 16:36:32.400 2197 8611 I TrustAgent: [VoiceUnlockTrustletChimeraService] #isSupported true
08-13 16:36:32.402 2321 8182 I MicroRecognitionRunner: Starting detection.
08-13 16:36:32.405 2321 8179 I MicrophoneInputStream: mic_starting com.google.android.apps.gsa.speech.audio.af@dffafa2
08-13 16:36:32.410 715 715 W DeviceHAL: Device 0xecb36000 open_input_stream: Invalid argument
08-13 16:36:32.411 804 8684 I AudioFlinger: AudioFlinger's thread 0xeb503100 tid=8684 ready to run
08-13 16:36:32.415 2321 2321 I MicroDetectionWorker: onReady
08-13 16:36:32.415 2321 8179 I MicrophoneInputStream: mic_started com.google.android.apps.gsa.speech.audio.af@dffafa2
08-13 16:36:32.416 2081 2096 E ANDR-PERF-RESOURCEQS: Failed to apply optimization [2, 0]
08-13 16:36:32.417 715 8685 D sound_trigger_platform: platform_stdev_check_and_update_concurrency: concurrency active 0, tx 1, rx 0, concurrency session_allowed 0
08-13 16:36:32.417 715 8685 D audio_hw_primary: enable_snd_device: snd_device(75: voice-rec-mic)
08-13 16:36:32.417 715 8685 D audio_route: Apply path: voice-rec-mic
08-13 16:36:32.421 715 8685 D ACDB-LOADER: ACDB -> send_audio_cal, acdb_id = 41, path = 1, app id = 0x11132, sample rate = 48000
08-13 16:36:32.422 715 8685 D ACDB-LOADER: ACDB -> ACDB_CMD_GET_AUDPROC_GAIN_DEP_STEP_TABLE, vol index 0
08-13 16:36:32.422 715 8685 D : Failed to fetch the lookup information of the device 00000029
08-13 16:36:32.422 715 8685 E ACDB-LOADER: Error: ACDB AudProc vol returned = -19
08-13 16:36:32.422 715 8685 D ACDB-LOADER: ACDB -> GET_AFE_TOPOLOGY_ID for adcd_id 41, Topology Id 112fb
08-13 16:36:32.422 715 8685 D : Failed to fetch the lookup information of the device 00000029
08-13 16:36:32.422 715 8685 D ACDB-LOADER: Error: ACDB AFE returned = -19
08-13 16:36:32.422 715 8685 D audio_hw_primary: enable_audio_route: usecase(9) apply and update mixer path: audio-record
08-13 16:36:32.422 715 8685 D audio_route: Apply path: audio-record
08-13 16:36:32.445 2321 8292 W LocationOracle: No location history returned by ContextManager
08-13 16:36:32.448 1108 1118 I WifiService: acquireWifiLock uid=10015 lockMode=2
08-13 16:36:32.489 1108 1449 I WifiService: getWifiEnabledState uid=10026
08-13 16:36:32.489 1108 1449 I WifiService: isScanAlwaysAvailable uid=10026
08-13 16:36:32.499 1443 1443 I Elmyra/ElmyraService: Unblocked; current action: SetupWizardAction
08-13 16:36:32.506 744 793 I ASH : @ 4005.209: ccb_proximityInit: PROX initialized w/initData
08-13 16:36:32.510 2321 2321 I MicroDetectionWorker: onReady
08-13 16:36:32.555 744 793 I ASH : @ 4005.259: ccb_proximityHandle: PRX_STATE_BEGIN
08-13 16:36:32.556 744 793 I ASH : @ 4005.259: ccb_proximityHandle: initial state farAway
08-13 16:36:32.594 783 783 I adbd : Calling send_auth_request...
08-13 16:36:32.602 783 783 I adbd : Loading keys from /data/misc/adb/adb_keys
08-13 16:36:32.602 783 783 E adbd : Invalid base64 key in /data/misc/adb/adb_keys
08-13 16:36:32.603 783 783 I adbd : Calling send_auth_request...
08-13 16:36:32.604 1108 1758 D UsbDebuggingManager: Received public key: QAAAAP9FbewBRpFzLXbHNDEOdhbRUhNZPBOgbIseelLLZ1TYD3NrpW9iQ5USUQ079cG0IO45HX26LkWn7ECjJz549V1M9pXohazmdVYSVe2GIuqPSb93JYnPPJatMu3DPlJygo5phTeQ28v/qrYxudmgKwr3KlMAVHM0wcig/f8/cWox+yZY8Q27hn+UDkPF1LEzkzz//6qR0oCCEmPHNSJl/Ta2555gGJmBVr5T+gKVgLdypLS2zCDjISAU6GTj/xCObcEHxOFlZxNC/EVBZKVyZf0KdoBH1kI9vh9uWGw6Uj00kxmRD2YkwVip8PwRxfIUUavnjTzR1EDvQJ3mCgG1L5r+W3TSbVKCoiwt2lfyDgoa+YgkbsnWp8lsh8R1k7wyRdOgI3ViPqD3+8gwSP1kP2L1dXsO4w/P0SuaRV6OA7Z5z1u9aVPst/WJVfxAx0btzBj/5pbDxu8Pd2Q3m0UEu4k5rSFkUAP7O4NdVXlBS0e45PO4TncwjXAM+ZBQfgw5GHQCafYD3+oOOhIuguWqKKpBkpGfRGhiZ5NXK0x/FBLawY+BLhMG/qEPqQUDWO2pDJGz2Bq/wuwugNkEwZRcFjdmsYRzNRjz9GuUpHMgQwTuFk9Gk6ewlXmMX6+GzdPmzpa0+Gxs6vblCQgFp9nA8gySur21i++8l07zP6p6OrXmgTF4ywEAAQA=
08-13 16:36:32.605 1108 1152 I ActivityManager: START u0 {flg=0x10000000 cmp=com.android.systemui/.usb.UsbDebuggingActivity (has extras)} from uid 1000
08-13 16:36:32.611 730 730 D QCOM PowerHAL: LAUNCH HINT: ON
08-13 16:36:32.611 730 730 D QCOM PowerHAL: Activity launch hint handled
08-13 16:36:32.688 1108 1154 I ActivityManager: Displayed com.android.systemui/.usb.UsbDebuggingActivity: +74ms
08-13 16:36:32.695 730 730 D QCOM PowerHAL: LAUNCH HINT: OFF
08-13 16:36:32.766 2321 2321 I MicroDetector: Keeping mic open: false
08-13 16:36:32.766 2321 8172 I DeviceStateChecker: DeviceStateChecker cancelled
08-13 16:36:32.766 2321 8287 I AudioController: internalShutdown
08-13 16:36:32.766 2321 8287 I MicrophoneInputStream: mic_close com.google.android.apps.gsa.speech.audio.af@dffafa2
08-13 16:36:32.766 2321 2768 I MicroRecognitionRunner: Stopping hotword detection.
08-13 16:36:32.796 2607 2607 W Notification: Use of stream types is deprecated for operations other than volume control
08-13 16:36:32.796 2607 2607 W Notification: See the documentation of setSound() for what to use instead with android.media.AudioAttributes to qualify your playback use case
08-13 16:36:32.798 715 1174 D audio_hw_primary: disable_audio_route: usecase(9) reset and update mixer path: audio-record
08-13 16:36:32.799 715 1174 D audio_hw_primary: disable_snd_device: snd_device(75: voice-rec-mic)
08-13 16:36:32.805 715 1174 D sound_trigger_platform: platform_stdev_check_and_update_concurrency: concurrency active 0, tx 0, rx 0, concurrency session_allowed 1
08-13 16:36:32.807 2607 2607 W tutu.ABenchMark: type=1400 audit(0.0:557): avc: denied { read } for name="stat" dev="proc" ino=4026532079 scontext=u:r:untrusted_app:s0:c512,c768 tcontext=u:object_r:proc_stat:s0 tclass=file permissive=0
08-13 16:36:32.807 2321 8182 I MicroRecognitionRunner: Detection finished
08-13 16:36:32.812 2607 2607 W Notification: Use of stream types is deprecated for operations other than volume control
08-13 16:36:32.812 2607 2607 W Notification: See the documentation of setSound() for what to use instead with android.media.AudioAttributes to qualify your playback use case
08-13 16:36:32.832 2383 2547 W OpenGLRenderer: Incorrectly called buildLayer on View: ShortcutAndWidgetContainer, destroying layer...
08-13 16:36:32.832 2383 2547 W OpenGLRenderer: Incorrectly called buildLayer on View: ShortcutAndWidgetContainer, destroying layer...
08-13 16:36:32.847 744 793 D CHRE : @ 4005.550: [NanoSensorCal:UPDATE OTC-GYRO] Offset [rad/sec] | Temp [Celsius]: -0.003444, -0.003997, -0.008251 | 28.61
08-13 16:36:32.847 744 793 D CHRE : @ 4005.551: [NanoSensorCal:UPDATE OTC-GYRO] Temp Sensitivity [rad/sec/C]: 0.000006, -0.000085, -0.000702
08-13 16:36:32.847 744 793 D CHRE : @ 4005.551: [NanoSensorCal:UPDATE OTC-GYRO] Temp Intercept [rad/sec]: -0.003446, -0.001134, 0.013495
08-13 16:36:32.872 1108 3733 I OpenGLRenderer: Initialized EGL, version 1.4
08-13 16:36:32.872 1108 3733 D OpenGLRenderer: Swap behavior 2
08-13 16:36:33.530 1108 2477 D WificondControl: Scan result ready event
08-13 16:36:33.535 1108 2378 I WifiService: getWifiEnabledState uid=10015
08-13 16:36:33.535 1108 2378 I WifiService: getConnectionInfo uid=10015
08-13 16:36:33.536 1108 2477 I WifiService: releaseWifiLock uid=10015
08-13 16:36:34.845 783 783 I adbd : adb client authorized
08-13 16:36:34.925 2321 2321 I MicroDetectionWorker: #updateMicroDetector [detectionMode: [mDetectionMode: [1]]]
08-13 16:36:34.926 2321 2321 I MicroDetectionWorker: #startMicroDetector [speakerMode: 0]
08-13 16:36:34.930 1443 1702 D OpenGLRenderer: endAllActiveAnimators on 0x7096466400 (RippleDrawable) with handle 0x709135d960
08-13 16:36:34.930 2321 8172 I MicroRecognitionRunner: Starting detection.
08-13 16:36:34.930 2321 8287 I MicrophoneInputStream: mic_starting com.google.android.apps.gsa.speech.audio.af@15d8057
08-13 16:36:34.930 2321 2321 I MicroDetectionWorker: onReady
08-13 16:36:34.935 715 715 W DeviceHAL: Device 0xecb36000 open_input_stream: Invalid argument
08-13 16:36:34.937 804 8691 I AudioFlinger: AudioFlinger's thread 0xeb023d80 tid=8691 ready to run
08-13 16:36:34.942 2321 8287 I MicrophoneInputStream: mic_started com.google.android.apps.gsa.speech.audio.af@15d8057
08-13 16:36:34.944 2081 2096 E ANDR-PERF-RESOURCEQS: Failed to apply optimization [2, 0]
08-13 16:36:34.944 715 8692 D sound_trigger_platform: platform_stdev_check_and_update_concurrency: concurrency active 0, tx 1, rx 0, concurrency session_allowed 0
08-13 16:36:34.944 715 8692 D audio_hw_primary: enable_snd_device: snd_device(75: voice-rec-mic)
08-13 16:36:34.944 715 8692 D audio_route: Apply path: voice-rec-mic
08-13 16:36:34.954 715 8692 D ACDB-LOADER: ACDB -> send_audio_cal, acdb_id = 41, path = 1, app id = 0x11132, sample rate = 48000
08-13 16:36:34.954 715 8692 D ACDB-LOADER: ACDB -> ACDB_CMD_GET_AUDPROC_GAIN_DEP_STEP_TABLE, vol index 0
08-13 16:36:34.954 715 8692 D : Failed to fetch the lookup information of the device 00000029
08-13 16:36:34.954 715 8692 E ACDB-LOADER: Error: ACDB AudProc vol returned = -19
08-13 16:36:34.954 715 8692 D ACDB-LOADER: ACDB -> GET_AFE_TOPOLOGY_ID for adcd_id 41, Topology Id 112fb
08-13 16:36:34.954 715 8692 D : Failed to fetch the lookup information of the device 00000029
08-13 16:36:34.954 715 8692 D ACDB-LOADER: Error: ACDB AFE returned = -19
08-13 16:36:34.954 715 8692 D audio_hw_primary: enable_audio_route: usecase(9) apply and update mixer path: audio-record
08-13 16:36:34.954 715 8692 D audio_route: Apply path: audio-record
08-13 16:36:35.016 2321 2321 I MicroDetectionWorker: onReady
08-13 16:36:35.751 744 793 I ASH : @ 4008.454: _490x_handleAdaptiveAtime: Adaptive ATIME Short to Long
08-13 16:36:37.444 2321 8180 W Search.LoginHelper: TimeoutException while waiting for token.
08-13 16:36:37.444 2321 8180 W Search.LoginHelper: java.util.concurrent.TimeoutException: Waited 5000 milliseconds for com.google.common.util.concurrent.r@44fcaf3[status=PENDING, info=[inputFuture=[TaskRunnerFutureTask[y[Get token with recovery intent]]], function=[com.google.android.apps.gsa.search.core.google.gaia.x@c1a3b0]]]
08-13 16:36:37.444 2321 8180 W Search.LoginHelper: at com.google.common.util.concurrent.d.get(SourceFile:57)
08-13 16:36:37.444 2321 8180 W Search.LoginHelper: at com.google.common.util.concurrent.l.get(SourceFile:2)
08-13 16:36:37.444 2321 8180 W Search.LoginHelper: at com.google.android.apps.gsa.search.core.google.gaia.LoginHelper.a(SourceFile:252)
08-13 16:36:37.444 2321 8180 W Search.LoginHelper: at com.google.android.apps.gsa.search.core.google.gaia.LoginHelper.a(SourceFile:215)
08-13 16:36:37.444 2321 8180 W Search.LoginHelper: at com.google.android.apps.gsa.staticplugins.bo.ba.b(SourceFile:159)
08-13 16:36:37.444 2321 8180 W Search.LoginHelper: at com.google.android.apps.gsa.search.core.NowOptInSettings.B(SourceFile:424)
08-13 16:36:37.444 2321 8180 W Search.LoginHelper: at com.google.android.apps.gsa.search.core.bb.run(SourceFile:3)
08-13 16:36:37.444 2321 8180 W Search.LoginHelper: at java.util.concurrent.Executors$RunnableAdapter.call(Executors.java:457)
08-13 16:36:37.444 2321 8180 W Search.LoginHelper: at java.util.concurrent.FutureTask.run(FutureTask.java:266)
08-13 16:36:37.444 2321 8180 W Search.LoginHelper: at java.util.concurrent.Executors$RunnableAdapter.call(Executors.java:457)
08-13 16:36:37.444 2321 8180 W Search.LoginHelper: at java.util.concurrent.FutureTask.run(FutureTask.java:266)
08-13 16:36:37.444 2321 8180 W Search.LoginHelper: at com.google.android.apps.gsa.shared.util.concurrent.a.ag.run(Unknown Source:4)
08-13 16:36:37.444 2321 8180 W Search.LoginHelper: at com.google.android.apps.gsa.shared.util.concurrent.a.bo.run(SourceFile:4)
08-13 16:36:37.444 2321 8180 W Search.LoginHelper: at com.google.android.apps.gsa.shared.util.concurrent.a.bo.run(SourceFile:4)
08-13 16:36:37.444 2321 8180 W Search.LoginHelper: at java.util.concurrent.ThreadPoolExecutor.runWorker(ThreadPoolExecutor.java:1162)
08-13 16:36:37.444 2321 8180 W Search.LoginHelper: at java.util.concurrent.ThreadPoolExecutor$Worker.run(ThreadPoolExecutor.java:636)
08-13 16:36:37.444 2321 8180 W Search.LoginHelper: at java.lang.Thread.run(Thread.java:764)
08-13 16:36:37.444 2321 8180 W Search.LoginHelper: at com.google.android.apps.gsa.shared.util.concurrent.a.ak.run(SourceFile:6)
08-13 16:36:37.445 2321 8180 W Search.LoginHelper: [Trace]
08-13 16:36:37.445 2321 8180 W Search.LoginHelper: LoginHelper: get token: 5002+
08-13 16:36:37.445 2321 8180 W Search.LoginHelper: CachingGoogleAuthAdapter: access token cache: 0
08-13 16:36:37.445 2321 8180 W Search.LoginHelper: CachingGoogleAuthAdapter: get token from wrapped adapter: 5002+
08-13 16:36:37.445 2321 8180 W Search.LoginHelper: FallingBackGoogleAuthAdapter: try chosen adapter: 5002+
08-13 16:36:37.445 2321 8180 W Search.LoginHelper: AccountManagerGoogleAuthAdapter: get token: 5002+
08-13 16:36:37.445 2321 8180 E VelvetNetworkClient: Failed to get auth token
08-13 16:36:37.446 2321 8679 W Search.LoginHelper: IO exception for scope: oauth2:https://www.googleapis.com/auth/googlenow
08-13 16:36:37.446 2321 8679 W Search.LoginHelper: java.io.IOException: android.accounts.OperationCanceledException
08-13 16:36:37.446 2321 8679 W Search.LoginHelper: at com.google.android.apps.gsa.search.core.google.gaia.d.b(SourceFile:30)
08-13 16:36:37.446 2321 8679 W Search.LoginHelper: at com.google.android.apps.gsa.search.core.google.gaia.k.b(SourceFile:49)
08-13 16:36:37.446 2321 8679 W Search.LoginHelper: at com.google.android.apps.gsa.search.core.google.gaia.h.a(SourceFile:23)
08-13 16:36:37.446 2321 8679 W Search.LoginHelper: at com.google.android.apps.gsa.search.core.google.gaia.h.b(SourceFile:8)
08-13 16:36:37.446 2321 8679 W Search.LoginHelper: at com.google.android.apps.gsa.search.core.google.gaia.LoginHelper.b(SourceFile:278)
08-13 16:36:37.446 2321 8679 W Search.LoginHelper: at com.google.android.apps.gsa.search.core.google.gaia.y.call(SourceFile:3)
08-13 16:36:37.446 2321 8679 W Search.LoginHelper: at java.util.concurrent.FutureTask.run(FutureTask.java:266)
08-13 16:36:37.446 2321 8679 W Search.LoginHelper: at java.util.concurrent.Executors$RunnableAdapter.call(Executors.java:457)
08-13 16:36:37.446 2321 8679 W Search.LoginHelper: at java.util.concurrent.FutureTask.run(FutureTask.java:266)
08-13 16:36:37.446 2321 8679 W Search.LoginHelper: at com.google.android.apps.gsa.shared.util.concurrent.a.ag.run(Unknown Source:4)
08-13 16:36:37.446 2321 8679 W Search.LoginHelper: at com.google.android.apps.gsa.shared.util.concurrent.a.bo.run(SourceFile:4)
08-13 16:36:37.446 2321 8679 W Search.LoginHelper: at com.google.android.apps.gsa.shared.util.concurrent.a.bo.run(SourceFile:4)
08-13 16:36:37.446 2321 8679 W Search.LoginHelper: at java.util.concurrent.ThreadPoolExecutor.runWorker(ThreadPoolExecutor.java:1162)
08-13 16:36:37.446 2321 8679 W Search.LoginHelper: at java.util.concurrent.ThreadPoolExecutor$Worker.run(ThreadPoolExecutor.java:636)
08-13 16:36:37.446 2321 8679 W Search.LoginHelper: at java.lang.Thread.run(Thread.java:764)
08-13 16:36:37.446 2321 8679 W Search.LoginHelper: at com.google.android.apps.gsa.shared.util.concurrent.a.ak.run(SourceFile:6)
08-13 16:36:37.446 2321 8679 W Search.LoginHelper: Caused by: android.accounts.OperationCanceledException
08-13 16:36:37.446 2321 8679 W Search.LoginHelper: at android.accounts.AccountManager$AmsTask.internalGetResult(AccountManager.java:2298)
08-13 16:36:37.446 2321 8679 W Search.LoginHelper: at android.accounts.AccountManager$AmsTask.getResult(AccountManager.java:2304)
08-13 16:36:37.446 2321 8679 W Search.LoginHelper: at android.accounts.AccountManager$AmsTask.getResult(AccountManager.java:2301)
08-13 16:36:37.446 2321 8679 W Search.LoginHelper: at android.accounts.AccountManager.blockingGetAuthToken(AccountManager.java:1498)
08-13 16:36:37.446 2321 8679 W Search.LoginHelper: at com.google.android.apps.gsa.search.core.google.gaia.d.b(SourceFile:26)
08-13 16:36:37.446 2321 8679 W Search.LoginHelper: ... 15 more
08-13 16:36:37.540 2321 7366 W Search.LoginHelper: TimeoutException while waiting for token.
08-13 16:36:37.540 2321 7366 W Search.LoginHelper: java.util.concurrent.TimeoutException: Waited 5000 milliseconds for com.google.common.util.concurrent.r@6b7861a[status=PENDING, info=[inputFuture=[TaskRunnerFutureTask[y[Get token with recovery intent]]], function=[com.google.android.apps.gsa.search.core.google.gaia.x@91c354b]]]
08-13 16:36:37.540 2321 7366 W Search.LoginHelper: at com.google.common.util.concurrent.d.get(SourceFile:57)
08-13 16:36:37.540 2321 7366 W Search.LoginHelper: at com.google.common.util.concurrent.l.get(SourceFile:2)
08-13 16:36:37.540 2321 7366 W Search.LoginHelper: at com.google.android.apps.gsa.search.core.google.gaia.LoginHelper.a(SourceFile:252)
08-13 16:36:37.540 2321 7366 W Search.LoginHelper: at com.google.android.apps.gsa.search.core.google.gaia.LoginHelper.a(SourceFile:215)
08-13 16:36:37.540 2321 7366 W Search.LoginHelper: at com.google.android.apps.gsa.staticplugins.bo.ba.b(SourceFile:159)
08-13 16:36:37.540 2321 7366 W Search.LoginHelper: at com.google.android.apps.gsa.staticplugins.bo.j.s.a(SourceFile:193)
08-13 16:36:37.540 2321 7366 W Search.LoginHelper: at com.google.android.apps.gsa.staticplugins.bo.j.s.a(SourceFile:101)
08-13 16:36:37.540 2321 7366 W Search.LoginHelper: at com.google.android.apps.gsa.staticplugins.bo.j.s.Ma(SourceFile:52)
08-13 16:36:37.540 2321 7366 W Search.LoginHelper: at com.google.android.apps.gsa.staticplugins.bo.j.bc.perform(SourceFile:12)
08-13 16:36:37.540 2321 7366 W Search.LoginHelper: at com.google.android.apps.gsa.tasks.e.QT(SourceFile:23)
08-13 16:36:37.540 2321 7366 W Search.LoginHelper: at com.google.android.apps.gsa.tasks.e.call(SourceFile:60)
08-13 16:36:37.540 2321 7366 W Search.LoginHelper: at java.util.concurrent.FutureTask.run(FutureTask.java:266)
08-13 16:36:37.540 2321 7366 W Search.LoginHelper: at java.util.concurrent.Executors$RunnableAdapter.call(Executors.java:457)
08-13 16:36:37.540 2321 7366 W Search.LoginHelper: at java.util.concurrent.FutureTask.run(FutureTask.java:266)
08-13 16:36:37.540 2321 7366 W Search.LoginHelper: at com.google.android.apps.gsa.shared.util.concurrent.a.ag.run(Unknown Source:4)
08-13 16:36:37.540 2321 7366 W Search.LoginHelper: at com.google.android.apps.gsa.shared.util.concurrent.a.bo.run(SourceFile:4)
08-13 16:36:37.540 2321 7366 W Search.LoginHelper: at com.google.android.apps.gsa.shared.util.concurrent.a.bo.run(SourceFile:4)
08-13 16:36:37.540 2321 7366 W Search.LoginHelper: at java.util.concurrent.ThreadPoolExecutor.runWorker(ThreadPoolExecutor.java:1162)
08-13 16:36:37.540 2321 7366 W Search.LoginHelper: at java.util.concurrent.ThreadPoolExecutor$Worker.run(ThreadPoolExecutor.java:636)
08-13 16:36:37.540 2321 7366 W Search.LoginHelper: at java.lang.Thread.run(Thread.java:764)
08-13 16:36:37.540 2321 7366 W Search.LoginHelper: at com.google.android.apps.gsa.shared.util.concurrent.a.ak.run(SourceFile:6)
08-13 16:36:37.541 2321 7366 W Search.LoginHelper: [Trace]
08-13 16:36:37.541 2321 7366 W Search.LoginHelper: LoginHelper: get token: 5042+
08-13 16:36:37.541 2321 7366 W Search.LoginHelper: CachingGoogleAuthAdapter: access token cache: 0
08-13 16:36:37.541 2321 7366 W Search.LoginHelper: CachingGoogleAuthAdapter: get token from wrapped adapter: 5042+
08-13 16:36:37.541 2321 7366 W Search.LoginHelper: FallingBackGoogleAuthAdapter: try chosen adapter: 5042+
08-13 16:36:37.541 2321 7366 W Search.LoginHelper: AccountManagerGoogleAuthAdapter: get token: 5042+
08-13 16:36:37.542 2321 7366 E VelvetNetworkClient: Failed to get auth token
08-13 16:36:37.543 2321 8687 W Search.LoginHelper: IO exception for scope: oauth2:https://www.googleapis.com/auth/googlenow
08-13 16:36:37.543 2321 8687 W Search.LoginHelper: java.io.IOException: android.accounts.OperationCanceledException
08-13 16:36:37.543 2321 8687 W Search.LoginHelper: at com.google.android.apps.gsa.search.core.google.gaia.d.b(SourceFile:30)
08-13 16:36:37.543 2321 8687 W Search.LoginHelper: at com.google.android.apps.gsa.search.core.google.gaia.k.b(SourceFile:49)
08-13 16:36:37.543 2321 8687 W Search.LoginHelper: at com.google.android.apps.gsa.search.core.google.gaia.h.a(SourceFile:23)
08-13 16:36:37.543 2321 8687 W Search.LoginHelper: at com.google.android.apps.gsa.search.core.google.gaia.h.b(SourceFile:8)
08-13 16:36:37.543 2321 8687 W Search.LoginHelper: at com.google.android.apps.gsa.search.core.google.gaia.LoginHelper.b(SourceFile:278)
08-13 16:36:37.543 2321 8687 W Search.LoginHelper: at com.google.android.apps.gsa.search.core.google.gaia.y.call(SourceFile:3)
08-13 16:36:37.543 2321 8687 W Search.LoginHelper: at java.util.concurrent.FutureTask.run(FutureTask.java:266)
08-13 16:36:37.543 2321 8687 W Search.LoginHelper: at java.util.concurrent.Executors$RunnableAdapter.call(Executors.java:457)
08-13 16:36:37.543 2321 8687 W Search.LoginHelper: at java.util.concurrent.FutureTask.run(FutureTask.java:266)
08-13 16:36:37.543 2321 8687 W Search.LoginHelper: at com.google.android.apps.gsa.shared.util.concurrent.a.ag.run(Unknown Source:4)
08-13 16:36:37.543 2321 8687 W Search.LoginHelper: at com.google.android.apps.gsa.shared.util.concurrent.a.bo.run(SourceFile:4)
08-13 16:36:37.543 2321 8687 W Search.LoginHelper: at com.google.android.apps.gsa.shared.util.concurrent.a.bo.run(SourceFile:4)
08-13 16:36:37.543 2321 8687 W Search.LoginHelper: at java.util.concurrent.ThreadPoolExecutor.runWorker(ThreadPoolExecutor.java:1162)
08-13 16:36:37.543 2321 8687 W Search.LoginHelper: at java.util.concurrent.ThreadPoolExecutor$Worker.run(ThreadPoolExecutor.java:636)
08-13 16:36:37.543 2321 8687 W Search.LoginHelper: at java.lang.Thread.run(Thread.java:764)
08-13 16:36:37.543 2321 8687 W Search.LoginHelper: at com.google.android.apps.gsa.shared.util.concurrent.a.ak.run(SourceFile:6)
08-13 16:36:37.543 2321 8687 W Search.LoginHelper: Caused by: android.accounts.OperationCanceledException
08-13 16:36:37.543 2321 8687 W Search.LoginHelper: at android.accounts.AccountManager$AmsTask.internalGetResult(AccountManager.java:2298)
08-13 16:36:37.543 2321 8687 W Search.LoginHelper: at android.accounts.AccountManager$AmsTask.getResult(AccountManager.java:2304)
08-13 16:36:37.543 2321 8687 W Search.LoginHelper: at android.accounts.AccountManager$AmsTask.getResult(AccountManager.java:2301)
08-13 16:36:37.543 2321 8687 W Search.LoginHelper: at android.accounts.AccountManager.blockingGetAuthToken(AccountManager.java:1498)
08-13 16:36:37.543 2321 8687 W Search.LoginHelper: at com.google.android.apps.gsa.search.core.google.gaia.d.b(SourceFile:26)
08-13 16:36:37.543 2321 8687 W Search.LoginHelper: ... 15 more
08-13 16:36:37.554 2321 7366 E RequestManagerImpl: Server error
08-13 16:36:37.557 2321 8174 E NowController: Failed to access data from EntryProvider. ExecutionException.
08-13 16:36:37.557 2321 8174 E NowController: java.util.concurrent.ExecutionException: java.lang.RuntimeException: Could not complete scheduled request to refresh entries. ClientErrorCode: 1
08-13 16:36:37.557 2321 8174 E NowController: at com.google.common.util.concurrent.d.da(SourceFile:85)
08-13 16:36:37.557 2321 8174 E NowController: at com.google.common.util.concurrent.d.get(SourceFile:37)
08-13 16:36:37.557 2321 8174 E NowController: at com.google.common.util.concurrent.l.get(SourceFile:2)
08-13 16:36:37.557 2321 8174 E NowController: at com.google.android.apps.gsa.staticplugins.nowstream.b.a.af.aGC(SourceFile:21)
08-13 16:36:37.557 2321 8174 E NowController: at com.google.android.apps.gsa.staticplugins.nowstream.b.a.af.doInBackground(SourceFile:153)
08-13 16:36:37.557 2321 8174 E NowController: at com.google.android.apps.gsa.shared.util.concurrent.d.call(SourceFile:2)
08-13 16:36:37.557 2321 8174 E NowController: at java.util.concurrent.FutureTask.run(FutureTask.java:266)
08-13 16:36:37.557 2321 8174 E NowController: at java.util.concurrent.Executors$RunnableAdapter.call(Executors.java:457)
08-13 16:36:37.557 2321 8174 E NowController: at java.util.concurrent.FutureTask.run(FutureTask.java:266)
08-13 16:36:37.557 2321 8174 E NowController: at com.google.android.apps.gsa.shared.util.concurrent.a.ag.run(Unknown Source:4)
08-13 16:36:37.557 2321 8174 E NowController: at com.google.android.apps.gsa.shared.util.concurrent.a.bo.run(SourceFile:4)
08-13 16:36:37.557 2321 8174 E NowController: at com.google.android.apps.gsa.shared.util.concurrent.a.bo.run(SourceFile:4)
08-13 16:36:37.557 2321 8174 E NowController: at java.util.concurrent.ThreadPoolExecutor.runWorker(ThreadPoolExecutor.java:1162)
08-13 16:36:37.557 2321 8174 E NowController: at java.util.concurrent.ThreadPoolExecutor$Worker.run(ThreadPoolExecutor.java:636)
08-13 16:36:37.557 2321 8174 E NowController: at java.lang.Thread.run(Thread.java:764)
08-13 16:36:37.557 2321 8174 E NowController: at com.google.android.apps.gsa.shared.util.concurrent.a.ak.run(SourceFile:6)
08-13 16:36:37.557 2321 8174 E NowController: Caused by: java.lang.RuntimeException: Could not complete scheduled request to refresh entries. ClientErrorCode: 1
08-13 16:36:37.557 2321 8174 E NowController: at com.google.android.apps.gsa.sidekick.main.i.u.ak(SourceFile:6)
08-13 16:36:37.557 2321 8174 E NowController: at com.google.common.util.concurrent.q.P(SourceFile:7)
08-13 16:36:37.557 2321 8174 E NowController: at com.google.common.util.concurrent.p.run(SourceFile:37)
08-13 16:36:37.557 2321 8174 E NowController: at com.google.common.util.concurrent.br.execute(SourceFile:3)
08-13 16:36:37.557 2321 8174 E NowController: at com.google.common.util.concurrent.d.a(SourceFile:264)
08-13 16:36:37.557 2321 8174 E NowController: at com.google.common.util.concurrent.d.a(SourceFile:220)
08-13 16:36:37.557 2321 8174 E NowController: at com.google.common.util.concurrent.d.set(SourceFile:138)
08-13 16:36:37.557 2321 8174 E NowController: at com.google.common.util.concurrent.SettableFuture.set(SourceFile:2)
08-13 16:36:37.557 2321 8174 E NowController: at com.google.android.apps.gsa.staticplugins.bo.j.h.cx(SourceFile:3)
08-13 16:36:37.557 2321 8174 E NowController: at com.google.android.apps.gsa.staticplugins.bo.j.aw.sX(SourceFile:39)
08-13 16:36:37.557 2321 8174 E NowController: at com.google.android.apps.gsa.staticplugins.bo.j.p.sW(SourceFile:5)
08-13 16:36:37.557 2321 8174 E NowController: at com.google.android.apps.gsa.staticplugins.bo.j.s.a(SourceFile:103)
08-13 16:36:37.557 2321 8174 E NowController: at com.google.android.apps.gsa.staticplugins.bo.j.s.Ma(SourceFile:52)
08-13 16:36:37.557 2321 8174 E NowController: at com.google.android.apps.gsa.staticplugins.bo.j.bc.perform(SourceFile:12)
08-13 16:36:37.557 2321 8174 E NowController: at com.google.android.apps.gsa.tasks.e.QT(SourceFile:23)
08-13 16:36:37.557 2321 8174 E NowController: at com.google.android.apps.gsa.tasks.e.call(SourceFile:60)
08-13 16:36:37.557 2321 8174 E NowController: ... 10 more
08-13 16:36:37.584 1108 2378 I WifiService: getWifiEnabledState uid=10026
08-13 16:36:37.585 1108 2378 I WifiService: isScanAlwaysAvailable uid=10026
08-13 16:36:37.639 1606 1711 I QCNEJ/CndHalConnector: -> SND notifyWifiStatusChanged(RatInfo{type=1, subType=101, state=CONNECTED, v4=IfaceAddrPair{iface=wlan0, addr=10.188.145.221}, v6=IfaceAddrPair{iface=, addr=}, timestamp=2018-08-13 16:36:37.638, isAndroidValidated=false, netHandle=433808132830, slotIdx=0} WifiInfo{freq=FIVE_GHz, state=3, ssid=EmployeeHotspot, bssid=cc:16:7e:12:e1:1a, dns=[210.22.84.3, 210.22.70.3, 0.0.0.0, 0.0.0.0, ]})
08-13 16:36:38.016 715 715 D audio_hw_primary: disable_audio_route: usecase(1) reset and update mixer path: low-latency-playback speaker
08-13 16:36:38.018 715 715 D audio_hw_primary: disable_snd_device: snd_device(2: speaker)
08-13 16:36:38.917 1108 2477 I WifiService: getWifiEnabledState uid=10125
08-13 16:36:38.918 1108 2477 I WifiService: startScan uid=10125
08-13 16:36:38.919 1108 2477 I WifiService: getWifiEnabledState uid=10125
08-13 16:36:38.951 1108 2477 I chatty : uid=1000(system) Binder:1108_11 identical 1 line
08-13 16:36:38.957 1108 2477 I WifiService: getWifiEnabledState uid=10125
08-13 16:36:38.958 1108 2477 I WifiService: isScanAlwaysAvailable uid=10125
08-13 16:36:38.958 1108 2477 I WifiService: getConnectionInfo uid=10125
08-13 16:36:42.598 2321 8174 W Search.LoginHelper: TimeoutException while waiting for token.
08-13 16:36:42.598 2321 8174 W Search.LoginHelper: java.util.concurrent.TimeoutException: Waited 5000 milliseconds for com.google.common.util.concurrent.r@51074e6[status=PENDING, info=[inputFuture=[TaskRunnerFutureTask[y[Get token with recovery intent]]], function=[com.google.android.apps.gsa.search.core.google.gaia.x@b840a27]]]
08-13 16:36:42.598 2321 8174 W Search.LoginHelper: at com.google.common.util.concurrent.d.get(SourceFile:57)
08-13 16:36:42.598 2321 8174 W Search.LoginHelper: at com.google.common.util.concurrent.l.get(SourceFile:2)
08-13 16:36:42.598 2321 8174 W Search.LoginHelper: at com.google.android.apps.gsa.search.core.google.gaia.LoginHelper.a(SourceFile:252)
08-13 16:36:42.598 2321 8174 W Search.LoginHelper: at com.google.android.apps.gsa.search.core.google.gaia.LoginHelper.a(SourceFile:215)
08-13 16:36:42.598 2321 8174 W Search.LoginHelper: at com.google.android.apps.gsa.staticplugins.bo.ba.b(SourceFile:159)
08-13 16:36:42.598 2321 8174 W Search.LoginHelper: at com.google.android.apps.gsa.search.core.NowOptInSettings.B(SourceFile:424)
08-13 16:36:42.598 2321 8174 W Search.LoginHelper: at com.google.android.apps.gsa.search.core.bb.run(SourceFile:3)
08-13 16:36:42.598 2321 8174 W Search.LoginHelper: at java.util.concurrent.Executors$RunnableAdapter.call(Executors.java:457)
08-13 16:36:42.598 2321 8174 W Search.LoginHelper: at java.util.concurrent.FutureTask.run(FutureTask.java:266)
08-13 16:36:42.598 2321 8174 W Search.LoginHelper: at java.util.concurrent.Executors$RunnableAdapter.call(Executors.java:457)
08-13 16:36:42.598 2321 8174 W Search.LoginHelper: at java.util.concurrent.FutureTask.run(FutureTask.java:266)
08-13 16:36:42.598 2321 8174 W Search.LoginHelper: at com.google.android.apps.gsa.shared.util.concurrent.a.ag.run(Unknown Source:4)
08-13 16:36:42.598 2321 8174 W Search.LoginHelper: at com.google.android.apps.gsa.shared.util.concurrent.a.bo.run(SourceFile:4)
08-13 16:36:42.598 2321 8174 W Search.LoginHelper: at com.google.android.apps.gsa.shared.util.concurrent.a.bo.run(SourceFile:4)
08-13 16:36:42.598 2321 8174 W Search.LoginHelper: at java.util.concurrent.ThreadPoolExecutor.runWorker(ThreadPoolExecutor.java:1162)
08-13 16:36:42.598 2321 8174 W Search.LoginHelper: at java.util.concurrent.ThreadPoolExecutor$Worker.run(ThreadPoolExecutor.java:636)
08-13 16:36:42.598 2321 8174 W Search.LoginHelper: at java.lang.Thread.run(Thread.java:764)
08-13 16:36:42.598 2321 8174 W Search.LoginHelper: at com.google.android.apps.gsa.shared.util.concurrent.a.ak.run(SourceFile:6)
08-13 16:36:42.600 2321 8174 W Search.LoginHelper: [Trace]
08-13 16:36:42.600 2321 8174 W Search.LoginHelper: LoginHelper: get token: 5003+
08-13 16:36:42.600 2321 8174 W Search.LoginHelper: CachingGoogleAuthAdapter: access token cache: 0
08-13 16:36:42.600 2321 8174 W Search.LoginHelper: CachingGoogleAuthAdapter: get token from wrapped adapter: 5002+
08-13 16:36:42.600 2321 8174 W Search.LoginHelper: FallingBackGoogleAuthAdapter: try chosen adapter: 5002+
08-13 16:36:42.600 2321 8174 W Search.LoginHelper: AccountManagerGoogleAuthAdapter: get token: 5002+
08-13 16:36:42.600 2321 8174 E VelvetNetworkClient: Failed to get auth token
08-13 16:36:42.602 2321 8695 W Search.LoginHelper: IO exception for scope: oauth2:https://www.googleapis.com/auth/googlenow
08-13 16:36:42.602 2321 8695 W Search.LoginHelper: java.io.IOException: android.accounts.OperationCanceledException
08-13 16:36:42.602 2321 8695 W Search.LoginHelper: at com.google.android.apps.gsa.search.core.google.gaia.d.b(SourceFile:30)
08-13 16:36:42.602 2321 8695 W Search.LoginHelper: at com.google.android.apps.gsa.search.core.google.gaia.k.b(SourceFile:49)
08-13 16:36:42.602 2321 8695 W Search.LoginHelper: at com.google.android.apps.gsa.search.core.google.gaia.h.a(SourceFile:23)
08-13 16:36:42.602 2321 8695 W Search.LoginHelper: at com.google.android.apps.gsa.search.core.google.gaia.h.b(SourceFile:8)
08-13 16:36:42.602 2321 8695 W Search.LoginHelper: at com.google.android.apps.gsa.search.core.google.gaia.LoginHelper.b(SourceFile:278)
08-13 16:36:42.602 2321 8695 W Search.LoginHelper: at com.google.android.apps.gsa.search.core.google.gaia.y.call(SourceFile:3)
08-13 16:36:42.602 2321 8695 W Search.LoginHelper: at java.util.concurrent.FutureTask.run(FutureTask.java:266)
08-13 16:36:42.602 2321 8695 W Search.LoginHelper: at java.util.concurrent.Executors$RunnableAdapter.call(Executors.java:457)
08-13 16:36:42.602 2321 8695 W Search.LoginHelper: at java.util.concurrent.FutureTask.run(FutureTask.java:266)
08-13 16:36:42.602 2321 8695 W Search.LoginHelper: at com.google.android.apps.gsa.shared.util.concurrent.a.ag.run(Unknown Source:4)
08-13 16:36:42.602 2321 8695 W Search.LoginHelper: at com.google.android.apps.gsa.shared.util.concurrent.a.bo.run(SourceFile:4)
08-13 16:36:42.602 2321 8695 W Search.LoginHelper: at com.google.android.apps.gsa.shared.util.concurrent.a.bo.run(SourceFile:4)
08-13 16:36:42.602 2321 8695 W Search.LoginHelper: at java.util.concurrent.ThreadPoolExecutor.runWorker(ThreadPoolExecutor.java:1162)
08-13 16:36:42.602 2321 8695 W Search.LoginHelper: at java.util.concurrent.ThreadPoolExecutor$Worker.run(ThreadPoolExecutor.java:636)
08-13 16:36:42.602 2321 8695 W Search.LoginHelper: at java.lang.Thread.run(Thread.java:764)
08-13 16:36:42.602 2321 8695 W Search.LoginHelper: at com.google.android.apps.gsa.shared.util.concurrent.a.ak.run(SourceFile:6)
08-13 16:36:42.602 2321 8695 W Search.LoginHelper: Caused by: android.accounts.OperationCanceledException
