08-13 16:22:23.388 2197 3178 I chatty : uid=10015(com.google.android.gms) Thread-8 expire 5 lines
08-13 16:22:27.663 2607 2607 I chatty : uid=10125(com.antutu.ABenchMark) expire 15 lines
08-13 16:22:48.778 3199 6513 I PlayCommon: [89] com.google.android.play.b.h.e(263): Preparing logs for uploading
08-13 16:22:48.779 3199 6513 I PlayCommon: [89] com.google.android.play.b.h.e(267): No file ready to send
08-13 16:22:51.019 2197 2924 I chatty : uid=10015(com.google.android.gms) CMEventHandler expire 15 lines
08-13 16:22:54.544 1637 1637 E QtiImsExtUtils: getConfigForPhoneId phoneId is invalid
08-13 16:22:54.544 1637 1637 E QtiImsExtUtils: isCarrierConfigEnabled bundle is null
08-13 16:22:54.566 2607 2607 I chatty : uid=10125(com.antutu.ABenchMark) expire 12 lines
08-13 16:23:02.988 1108 1108 I JobServiceContext: Client timed out while executing (no jobFinished received), sending onStop: 6be494d #u0a26/95 com.google.android.googlequicksearchbox/com.google.android.apps.gsa.tasks.BackgroundTasksJobService
08-13 16:23:14.328 4284 7621 D GeckoMemoryMonitor: Decreased memory pressure to 0
08-13 16:23:17.992 2607 2607 I chatty : uid=10125(com.antutu.ABenchMark) expire 10 lines
08-13 16:23:19.844 2197 4105 I chatty : uid=10015(com.google.android.gms) Binder:2197_A expire 11 lines
08-13 16:23:37.906 822 822 W wificond: Failed to get NL80211_ATTR_STATUS_CODE
08-13 16:23:37.909 738 2053 I WifiHAL : event received NL80211_CMD_VENDOR, vendor_id = 0x1374, subcmd = 0x33
08-13 16:23:37.926 2054 2054 I wpa_supplicant: wlan0: Associated with cc:16:7e:12:e1:15
08-13 16:23:37.927 2054 2054 I wpa_supplicant: wlan0: CTRL-EVENT-CONNECTED - Connection to cc:16:7e:12:e1:15 completed [id=0 id_str=%7B%22configKey%22%3A%22%5C%22EmployeeHotspot%5C%22WPA_EAP%22%2C%22creatorUid%22%3A%221000%22%7D]
08-13 16:23:37.929 2054 2054 I wpa_supplicant: wlan0: CTRL-EVENT-SUBNET-STATUS-UPDATE status=0
08-13 16:23:37.934 1370 1370 W lowi-server: type=1400 audit(0.0:447): avc: granted { net_admin } for capability=12 scontext=u:r:location:s0 tcontext=u:r:location:s0 tclass=capability
08-13 16:23:37.953 1606 1711 I chatty : uid=1000(system) MainEventThread expire 10 lines
08-13 16:23:38.112 832 832 I cnss-daemon: wlan_service_core_minfreq: RESET
08-13 16:23:38.112 832 832 E cnss-daemon: wlan_service_core_minfreq: reset: handle not valid
08-13 16:23:38.128 2607 2607 I chatty : uid=10125(com.antutu.ABenchMark) expire 10 lines
08-13 16:23:51.537 2197 2924 I chatty : uid=10015(com.google.android.gms) CMEventHandler expire 18 lines
08-13 16:23:54.645 1637 1637 E QtiImsExtUtils: getConfigForPhoneId phoneId is invalid
08-13 16:23:54.648 1637 1637 E QtiImsExtUtils: isCarrierConfigEnabled bundle is null
08-13 16:23:54.662 2607 2607 I chatty : uid=10125(com.antutu.ABenchMark) expire 12 lines
08-13 16:24:08.657 1637 1637 E QtiImsExtUtils: getConfigForPhoneId phoneId is invalid
08-13 16:24:08.657 1637 1637 E QtiImsExtUtils: isCarrierConfigEnabled bundle is null
08-13 16:24:08.677 2607 2607 I chatty : uid=10125(com.antutu.ABenchMark) expire 17 lines
08-13 16:24:22.619 2279 4557 I chatty : uid=10125(com.antutu.ABenchMark) spdy-0 expire 4 lines
08-13 16:24:26.756 2197 7884 I chatty : uid=10015 com.google.android.gms.persistent expire 1 line
08-13 16:24:26.762 2197 2938 I chatty : uid=10015(com.google.android.gms) highpool[3] expire 17 lines
08-13 16:24:27.994 2197 7583 I chatty : uid=10015 com.google.android.gms.persistent expire 1 line
08-13 16:24:44.270 822 822 W wificond: Failed to get NL80211_ATTR_STATUS_CODE
08-13 16:24:44.273 738 2053 I WifiHAL : event received NL80211_CMD_VENDOR, vendor_id = 0x1374, subcmd = 0x33
08-13 16:24:44.283 2054 2054 I wpa_supplicant: wlan0: Associated with cc:16:7e:12:e1:1a
08-13 16:24:44.283 2054 2054 I wpa_supplicant: wlan0: CTRL-EVENT-CONNECTED - Connection to cc:16:7e:12:e1:1a completed [id=0 id_str=%7B%22configKey%22%3A%22%5C%22EmployeeHotspot%5C%22WPA_EAP%22%2C%22creatorUid%22%3A%221000%22%7D]
08-13 16:24:44.284 1370 1370 W lowi-server: type=1400 audit(0.0:455): avc: granted { net_admin } for capability=12 scontext=u:r:location:s0 tcontext=u:r:location:s0 tclass=capability
08-13 16:24:44.290 2054 2054 I wpa_supplicant: wlan0: CTRL-EVENT-SUBNET-STATUS-UPDATE status=0
08-13 16:24:44.443 832 832 I cnss-daemon: wlan_service_core_minfreq: RESET
08-13 16:24:44.443 832 832 E cnss-daemon: wlan_service_core_minfreq: reset: handle not valid
08-13 16:24:48.615 2607 2607 I chatty : uid=10125(com.antutu.ABenchMark) expire 37 lines
08-13 16:25:08.761 1637 1637 E QtiImsExtUtils: getConfigForPhoneId phoneId is invalid
08-13 16:25:08.762 1637 1637 E QtiImsExtUtils: isCarrierConfigEnabled bundle is null
08-13 16:25:33.415 1108 1118 I chatty : uid=1000(system) Binder:1108_1 expire 2 lines
08-13 16:25:42.831 2197 6771 I chatty : uid=10015 com.google.android.gms.persistent expire 1 line
08-13 16:25:48.617 2197 7919 I chatty : uid=10015 com.google.android.gms.persistent expire 1 line
08-13 16:25:50.051 2569 7929 I chatty : uid=10015(com.google.android.gms) expire 4 lines
08-13 16:25:50.060 2569 7926 I chatty : uid=10015(com.google.android.gms) expire 7 lines
08-13 16:25:50.079 809 809 I DrmHal : makeDrmFactories: factory instance default is Remote
08-13 16:25:50.080 809 809 I DrmHal : makeDrmFactories: factory instance widevine is Remote
08-13 16:25:50.081 721 3234 D WVCdm : Instantiating CDM.
08-13 16:25:50.081 721 3234 I WVCdm : CdmEngine::QueryStatus
08-13 16:25:50.081 721 7932 I WVCdm : Level3 Library 4445 Oct 4 2017 17:06:25
08-13 16:25:50.083 721 3234 I WVCdm : L3 Initialized. Trying L1.
08-13 16:25:50.083 721 3234 D : CPPF_ServiceInitialize: start!
08-13 16:25:50.083 721 3234 D QSEECOMAPI: QSEECom_get_handle sb_length = 0x2800
08-13 16:25:50.083 721 3234 D QSEECOMAPI: App is not loaded in QSEE
08-13 16:25:50.083 721 3234 D QSEECOMAPI: app_arch = 2, total_files = 9
08-13 16:25:50.089 2569 7933 I chatty : uid=10015(com.google.android.gms) expire 2 lines
08-13 16:25:50.104 2569 7936 I chatty : uid=10015(com.google.android.gms) expire 3 lines
08-13 16:25:50.131 721 3234 D QSEECOMAPI: Loaded image: APP id = 7602180
08-13 16:25:50.131 721 3234 D : CPPF_ServiceInitialize: end! returns 0
08-13 16:25:50.131 721 3234 D QSEECOMAPI: QSEECom_get_handle sb_length = 0x19000
08-13 16:25:50.131 721 3234 D QSEECOMAPI: App is not loaded in QSEE
08-13 16:25:50.132 721 3234 D QSEECOMAPI: app_arch = 2, total_files = 9
08-13 16:25:50.175 721 3234 D QSEECOMAPI: Loaded image: APP id = 7667717
08-13 16:25:50.176 721 3234 D QSAPPSVER: qsapps_get_capabilities: Capability from secure side: 0x1
08-13 16:25:50.176 721 3234 D QSAPPSVER: qsapps_get_capabilities: returns 0
08-13 16:25:50.191 585 590 I chatty : uid=1000(system) /vendor/bin/qseecomd expire 3 lines
08-13 16:25:50.191 585 590 D DrmLibTime: QSEE Time Listener: time_getutcsec
08-13 16:25:50.191 585 590 D DrmLibTime: QSEE Time Listener: get_utc_seconds
08-13 16:25:50.191 585 590 D DrmLibTime: QSEE Time Listener: time_get_modem_time
08-13 16:25:50.191 585 590 D DrmLibTime: QSEE Time Listener: Checking if ATS_MODEM is set or not.
08-13 16:25:50.191 585 590 D QC-time-services: Lib:time_genoff_operation: pargs->base = 13
08-13 16:25:50.191 585 590 D QC-time-services: Lib:time_genoff_operation: pargs->operation = 2
08-13 16:25:50.191 585 590 D QC-time-services: Lib:time_genoff_operation: pargs->ts_val = 0
08-13 16:25:50.191 585 590 D QC-time-services: Lib:time_genoff_operation: Send to server passed!!
08-13 16:25:50.191 624 7942 I chatty : uid=1000(system) /vendor/bin/time_daemon expire 3 lines
08-13 16:25:50.191 585 590 E QC-time-services: Receive Passed == base = 13, unit = 1, operation = 2, result = 0
08-13 16:25:50.191 585 590 D DrmLibTime: QSEE Time Listener: ATS_MODEM is set. Try to retrieve it.
08-13 16:25:50.191 624 637 E QC-time-services: Daemon: Time-services: Waiting to acceptconnection
08-13 16:25:50.191 624 637 D QC-time-services: Daemon: Connection accepted:time_genoff
08-13 16:25:50.191 624 7943 D QC-time-services: Daemon:Received base = 13, unit = 1, operation = 1,value = 0
08-13 16:25:50.191 624 7943 D QC-time-services: Daemon:genoff_opr: Base = 13, val = 0, operation = 1
08-13 16:25:50.191 624 7943 D QC-time-services: Daemon: genoff get for 13
08-13 16:25:50.191 624 7943 D QC-time-services: Daemon:Value read from QTimer mseconds = 3362895
08-13 16:25:50.191 624 7943 D QC-time-services: Daemon:Value read from RTC mseconds on boot = 14795471000
08-13 16:25:50.191 624 7943 D QC-time-services: Daemon:Value read from QTimer mseconds = 3362895
08-13 16:25:50.191 624 7943 D QC-time-services: Daemon:Value read from generic offset = 1519377070812
08-13 16:25:50.191 624 7943 D QC-time-services: Daemon:Delta read on boot mseconds = 14795464594
08-13 16:25:50.191 624 7943 D QC-time-services: Daemon:Final Time = 1534175898301
08-13 16:25:50.191 585 590 D DrmLibTime: QSEE Time Listener: Time GenOff - seconds: 1534175898
08-13 16:25:50.191 585 590 D DrmLibTime: time_getutcsec returns 0, sec = 1534175898; nsec = 0
08-13 16:25:50.191 585 590 D DrmLibTime: time_getutcsec finished!
08-13 16:25:50.191 624 637 E QC-time-services: Daemon: Time-services: Waiting to acceptconnection
08-13 16:25:50.191 585 590 D DrmLibTime: iotcl_continue_command finished! and return 0
08-13 16:25:50.191 585 590 D DrmLibTime: before calling ioctl to read the next time_cmd
08-13 16:25:50.206 721 3234 D WVCdm : OEMCrypto_Initialize Level 1 success. I will use level 1.
08-13 16:25:50.211 721 3234 I WVCdm : L3 Terminate.
08-13 16:25:50.211 721 3234 D : CPPF_CheckMinEncLevelStatus: start!
08-13 16:25:50.212 721 3234 D : CPPF_CheckMinEncLevelStatus: No change
08-13 16:25:50.212 721 3234 D : CPPF_CheckMinEncLevelStatus: end!
08-13 16:25:50.212 721 3234 D QSEECOMAPI: QSEECom_dealloc_memory
08-13 16:25:50.212 721 3234 D QSEECOMAPI: QSEECom_shutdown_app, app_id = 7667717
08-13 16:25:50.212 721 3234 D : CPPF_ServiceUninitialize: start!
08-13 16:25:50.212 721 3234 D QSEECOMAPI: QSEECom_dealloc_memory
08-13 16:25:50.212 721 3234 D QSEECOMAPI: QSEECom_shutdown_app, app_id = 7602180
08-13 16:25:50.213 721 3234 D : CPPF_ServiceUninitialize: end! returns 0
08-13 16:25:50.214 721 3234 I WVCdm : CdmEngine::OpenSession
08-13 16:25:50.215 721 7944 I WVCdm : Level3 Library 4445 Oct 4 2017 17:06:25
08-13 16:25:50.216 721 3234 I WVCdm : L3 Initialized. Trying L1.
08-13 16:25:50.216 721 3234 D : CPPF_ServiceInitialize: start!
08-13 16:25:50.216 721 3234 D QSEECOMAPI: QSEECom_get_handle sb_length = 0x2800
08-13 16:25:50.217 721 3234 D QSEECOMAPI: App is not loaded in QSEE
08-13 16:25:50.217 721 3234 D QSEECOMAPI: app_arch = 2, total_files = 9
08-13 16:25:50.251 721 3234 D QSEECOMAPI: Loaded image: APP id = 7733252
08-13 16:25:50.251 721 3234 D : CPPF_ServiceInitialize: end! returns 0
08-13 16:25:50.251 721 3234 D QSEECOMAPI: QSEECom_get_handle sb_length = 0x19000
08-13 16:25:50.251 721 3234 D QSEECOMAPI: App is not loaded in QSEE
08-13 16:25:50.251 721 3234 D QSEECOMAPI: app_arch = 2, total_files = 9
08-13 16:25:50.294 721 3234 D QSEECOMAPI: Loaded image: APP id = 7798789
08-13 16:25:50.295 721 3234 D QSAPPSVER: qsapps_get_capabilities: Capability from secure side: 0x1
08-13 16:25:50.295 721 3234 D QSAPPSVER: qsapps_get_capabilities: returns 0
08-13 16:25:50.318 585 590 D DrmLibTime: got the req here! ret=0
08-13 16:25:50.319 585 590 D DrmLibTime: command id, time_cmd_id = 770
08-13 16:25:50.319 585 590 D DrmLibTime: time_getutcsec starts!
08-13 16:25:50.319 585 590 D DrmLibTime: QSEE Time Listener: time_getutcsec
08-13 16:25:50.319 585 590 D DrmLibTime: QSEE Time Listener: get_utc_seconds
08-13 16:25:50.319 585 590 D DrmLibTime: QSEE Time Listener: time_get_modem_time
08-13 16:25:50.319 585 590 D DrmLibTime: QSEE Time Listener: Checking if ATS_MODEM is set or not.
08-13 16:25:50.319 585 590 D QC-time-services: Lib:time_genoff_operation: pargs->base = 13
08-13 16:25:50.319 585 590 D QC-time-services: Lib:time_genoff_operation: pargs->operation = 2
08-13 16:25:50.319 585 590 D QC-time-services: Lib:time_genoff_operation: pargs->ts_val = 0
08-13 16:25:50.319 585 590 D QC-time-services: Lib:time_genoff_operation: Send to server passed!!
08-13 16:25:50.319 624 637 D QC-time-services: Daemon: Connection accepted:time_genoff
08-13 16:25:50.319 624 7945 D QC-time-services: Daemon:Received base = 13, unit = 1, operation = 2,value = 0
08-13 16:25:50.319 624 7945 D QC-time-services: Daemon:genoff_opr: Base = 13, val = 0, operation = 2
08-13 16:25:50.319 624 7945 D QC-time-services: offset is: 1 for base: 13
08-13 16:25:50.319 624 637 E QC-time-services: Daemon: Time-services: Waiting to acceptconnection
08-13 16:25:50.319 585 590 E QC-time-services: Receive Passed == base = 13, unit = 1, operation = 2, result = 0
08-13 16:25:50.319 585 590 D DrmLibTime: QSEE Time Listener: ATS_MODEM is set. Try to retrieve it.
08-13 16:25:50.319 624 637 D QC-time-services: Daemon: Connection accepted:time_genoff
08-13 16:25:50.319 624 7946 D QC-time-services: Daemon:Received base = 13, unit = 1, operation = 1,value = 0
08-13 16:25:50.319 624 7946 D QC-time-services: Daemon:genoff_opr: Base = 13, val = 0, operation = 1
08-13 16:25:50.319 624 7946 D QC-time-services: Daemon: genoff get for 13
08-13 16:25:50.319 624 7946 D QC-time-services: Daemon:Value read from QTimer mseconds = 3363023
08-13 16:25:50.319 624 7946 D QC-time-services: Daemon:Value read from RTC mseconds on boot = 14795471000
08-13 16:25:50.319 624 7946 D QC-time-services: Daemon:Value read from QTimer mseconds = 3363023
08-13 16:25:50.319 624 7946 D QC-time-services: Daemon:Value read from generic offset = 1519377070812
08-13 16:25:50.319 624 7946 D QC-time-services: Daemon:Delta read on boot mseconds = 14795464594
08-13 16:25:50.319 624 7946 D QC-time-services: Daemon:Final Time = 1534175898429
08-13 16:25:50.319 585 590 D DrmLibTime: QSEE Time Listener: Time GenOff - seconds: 1534175898
08-13 16:25:50.319 585 590 D DrmLibTime: time_getutcsec returns 0, sec = 1534175898; nsec = 0
08-13 16:25:50.319 585 590 D DrmLibTime: time_getutcsec finished!
08-13 16:25:50.319 624 637 E QC-time-services: Daemon: Time-services: Waiting to acceptconnection
08-13 16:25:50.319 585 590 D DrmLibTime: iotcl_continue_command finished! and return 0
08-13 16:25:50.319 585 590 D DrmLibTime: before calling ioctl to read the next time_cmd
08-13 16:25:50.334 721 3234 D WVCdm : OEMCrypto_Initialize Level 1 success. I will use level 1.
08-13 16:25:50.334 721 3234 D WVCdm : CryptoSession::Open: Lock: requested_security_level: Default
08-13 16:25:50.362 721 3234 I WVCdm : CdmEngine::QueryOemCryptoSessionId
08-13 16:25:50.362 721 3234 I WVCdm : CdmEngine::GenerateKeyRequest
08-13 16:25:50.380 721 3234 D WVCdm : PrepareKeyRequest: nonce=3192929616
08-13 16:25:50.437 721 3234 I WVCdm : L3 Terminate.
08-13 16:25:50.438 721 3234 D : CPPF_CheckMinEncLevelStatus: start!
08-13 16:25:50.439 721 3234 D : CPPF_CheckMinEncLevelStatus: No change
08-13 16:25:50.439 721 3234 D : CPPF_CheckMinEncLevelStatus: end!
08-13 16:25:50.439 721 3234 D QSEECOMAPI: QSEECom_dealloc_memory
08-13 16:25:50.439 721 3234 D QSEECOMAPI: QSEECom_shutdown_app, app_id = 7798789
08-13 16:25:50.440 721 3234 D : CPPF_ServiceUninitialize: start!
08-13 16:25:50.440 721 3234 D QSEECOMAPI: QSEECom_dealloc_memory
08-13 16:25:50.440 721 3234 D QSEECOMAPI: QSEECom_shutdown_app, app_id = 7733252
08-13 16:25:50.441 721 3234 D : CPPF_ServiceUninitialize: end! returns 0
08-13 16:25:59.081 2607 2607 I chatty : uid=10125(com.antutu.ABenchMark) expire 17 lines
08-13 16:26:08.862 1637 1637 E QtiImsExtUtils: getConfigForPhoneId phoneId is invalid
08-13 16:26:08.862 1637 1637 E QtiImsExtUtils: isCarrierConfigEnabled bundle is null
08-13 16:26:20.076 2197 4105 I chatty : uid=10015(com.google.android.gms) Binder:2197_A expire 10 lines
08-13 16:26:20.085 3199 6179 E Finsky : [79] com.google.android.finsky.heterodyne.a.a(35): Failed to get auth token
08-13 16:26:20.085 3199 6179 E Finsky : com.android.volley.AuthFailureError: Error while retrieving auth token
08-13 16:26:20.085 3199 6179 E Finsky : at com.android.volley.a.b.a(SourceFile:15)
08-13 16:26:20.085 3199 6179 E Finsky : at com.google.android.finsky.heterodyne.a.a(SourceFile:31)
08-13 16:26:20.085 3199 6179 E Finsky : at com.google.android.gms.phenotype.core.c.b.a(SourceFile:283)
08-13 16:26:20.085 3199 6179 E Finsky : at com.google.android.gms.phenotype.core.c.b.a(SourceFile:197)
08-13 16:26:20.085 3199 6179 E Finsky : at com.google.android.finsky.heterodyne.a.a(SourceFile:254)
08-13 16:26:20.085 3199 6179 E Finsky : at com.google.android.finsky.heterodyne.b.a(Unknown Source:6)
08-13 16:26:20.085 3199 6179 E Finsky : at com.google.android.finsky.heterodyne.a.a(SourceFile:209)
08-13 16:26:20.085 3199 6179 E Finsky : at com.google.android.finsky.heterodyne.a.a(SourceFile:199)
08-13 16:26:20.085 3199 6179 E Finsky : at com.google.android.finsky.heterodyne.a.a(SourceFile:186)
08-13 16:26:20.085 3199 6179 E Finsky : at com.google.android.finsky.heterodyne.HeterodyneSyncService.onHandleIntent(SourceFile:14)
08-13 16:26:20.085 3199 6179 E Finsky : at android.app.IntentService$ServiceHandler.handleMessage(IntentService.java:76)
08-13 16:26:20.085 3199 6179 E Finsky : at android.os.Handler.dispatchMessage(Handler.java:106)
08-13 16:26:20.085 3199 6179 E Finsky : at android.os.Looper.loop(Looper.java:164)
08-13 16:26:20.085 3199 6179 E Finsky : at android.os.HandlerThread.run(HandlerThread.java:65)
08-13 16:26:20.085 3199 6179 E Finsky : Caused by: java.io.IOException: NetworkError
08-13 16:26:20.085 3199 6179 E Finsky : at android.accounts.AccountManager.convertErrorToException(AccountManager.java:2499)
08-13 16:26:20.085 3199 6179 E Finsky : at android.accounts.AccountManager.-wrap0(Unknown Source:0)
08-13 16:26:20.085 3199 6179 E Finsky : at android.accounts.AccountManager$AmsTask$Response.onError(AccountManager.java:2350)
08-13 16:26:20.085 3199 6179 E Finsky : at android.accounts.IAccountManagerResponse$Stub.onTransact(IAccountManagerResponse.java:69)
08-13 16:26:20.085 3199 6179 E Finsky : at android.os.Binder.execTransact(Binder.java:697)
08-13 16:26:20.127 3199 7957 I Finsky : [96] com.google.android.finsky.db.a.a.a.b(33): Triggered update for experiment package com.google.android.finsky.stable.
08-13 16:26:20.141 3199 7957 W ProxyAndroidLoggerBackend: Too many Flogger logs received before configuration. Dropping old logs.
08-13 16:26:20.142 3199 7957 I Finsky : [96] com.google.android.finsky.db.a.a.a.b(77): Already at the latest configurations for experiment package com.google.android.finsky.stable.
08-13 16:26:20.143 3199 7958 I Finsky : [97] com.google.android.finsky.db.a.a.a.b(33): Triggered update for experiment package com.google.android.finsky.regular.
08-13 16:26:20.152 3199 7958 W ProxyAndroidLoggerBackend: Too many Flogger logs received before configuration. Dropping old logs.
08-13 16:26:20.163 3199 7958 I chatty : uid=10065(com.android.vending) identical 1 line
08-13 16:26:20.163 3199 7958 W ProxyAndroidLoggerBackend: Too many Flogger logs received before configuration. Dropping old logs.
08-13 16:26:20.164 3199 7958 I Finsky : [97] com.google.android.finsky.db.a.a.a.b(77): Already at the latest configurations for experiment package com.google.android.finsky.regular.
08-13 16:26:21.564 2197 3180 I chatty : uid=10015(com.google.android.gms) Thread-10 expire 11 lines
08-13 16:26:29.265 2607 2607 I chatty : uid=10125(com.antutu.ABenchMark) expire 27 lines
08-13 16:26:31.601 1443 1443 I Elmyra/ElmyraService: Gated by SystemKeyPress
08-13 16:26:31.778 1108 1239 I PowerManagerService: Going to sleep due to power button (uid 1000)...
08-13 16:26:31.792 1443 1575 I AudioTrack: AUDIO_OUTPUT_FLAG_FAST successful; frameCount 5280 -> 5280
08-13 16:26:31.796 715 2118 D audio_hw_primary: enable_snd_device: snd_device(2: speaker)
08-13 16:26:31.796 715 2118 D audio_route: Apply path: speaker
08-13 16:26:31.798 715 2118 D ACDB-LOADER: ACDB -> send_audio_cal, acdb_id = 15, path = 0, app id = 0x11130, sample rate = 48000
08-13 16:26:31.798 715 2118 D ACDB-LOADER: ACDB -> ACDB_CMD_GET_AUDPROC_GAIN_DEP_STEP_TABLE, vol index 0
08-13 16:26:31.798 715 2118 D ACDB-LOADER: ACDB -> GET_AFE_TOPOLOGY_ID for adcd_id 15, Topology Id 112fc
08-13 16:26:31.798 715 2118 D : Failed to fetch the lookup information of the device 0000000F
08-13 16:26:31.798 715 2118 D ACDB-LOADER: Error: ACDB AFE returned = -19
08-13 16:26:31.798 715 2118 D audio_hw_primary: enable_audio_route: usecase(1) apply and update mixer path: low-latency-playback speaker
08-13 16:26:31.798 715 2118 D audio_route: Apply path: low-latency-playback speaker
08-13 16:26:31.800 2081 2096 E ANDR-PERF-RESOURCEQS: Failed to apply optimization [2, 0]
08-13 16:26:31.838 715 2118 D audio_hw_primary: out_write: retry previous failed cal level set
08-13 16:26:31.863 598 598 D SurfaceFlinger: Set active color mode: HAL_COLOR_MODE_SRGB (7), type=0
08-13 16:26:31.866 600 5260 I SDM : HWCDisplay::HandleColorModeTransform: Setting Color Mode = 7 Transform Hint = 1 Success
08-13 16:26:32.101 1443 1443 I Elmyra/ElmyraService: Unblocked; current action: SetupWizardAction
08-13 16:26:32.270 1108 1156 I DisplayPowerController: Blocking screen off
08-13 16:26:32.271 1108 1156 I DisplayPowerController: Unblocked screen off after 1 ms
08-13 16:26:32.298 1637 1637 E QtiImsExtUtils: getConfigForPhoneId phoneId is invalid
08-13 16:26:32.298 1637 1637 E QtiImsExtUtils: isCarrierConfigEnabled bundle is null
08-13 16:26:32.344 2414 2414 I bil : Respecting usage reporting opt-in status.
08-13 16:26:32.347 1108 1154 I DisplayManagerService: Display device changed state: "Built-in Screen", OFF
08-13 16:26:32.347 598 598 D SurfaceFlinger: Set power mode=0, type=0 flinger=0x706e65e000
08-13 16:26:32.347 600 5260 I SDM : DisplayBase::SetDisplayState: Set state = 0, display 0
08-13 16:26:32.550 1108 1365 I chatty : uid=1000(system) PhotonicModulat expire 2 lines
08-13 16:26:32.551 1108 1156 I DreamManagerService: Entering dreamland.
08-13 16:26:32.551 1108 1156 I PowerManagerService: Dozing...
08-13 16:26:32.551 1108 1152 I DreamController: Starting dream: name=ComponentInfo{com.android.systemui/com.android.systemui.doze.DozeService}, isTest=false, canDoze=true, userId=0
08-13 16:26:32.577 1443 1443 D StatusBar: disable
08-13 16:26:32.580 1443 1443 D StatusBar: disable
08-13 16:26:32.591 744 793 I chatty : uid=1000(system) /vendor/bin/sensors.qcom expire 16 lines
08-13 16:26:32.604 1443 1443 D StatusBar: disable
08-13 16:26:32.609 1108 1156 I DisplayPowerController: Blocking screen on until initial contents have been drawn.
08-13 16:26:32.609 1108 1154 I DisplayManagerService: Display device changed state: "Built-in Screen", DOZE
08-13 16:26:32.611 598 598 D SurfaceFlinger: Set power mode=1, type=0 flinger=0x706e65e000
08-13 16:26:32.611 600 5260 I SDM : DisplayBase::SetDisplayState: Set state = 2, display 0
08-13 16:26:32.614 1108 1665 I WindowManager: Failed to capture screenshot of Token{3963fd6 ActivityRecord{8fe47f1 u0 com.android.chrome/org.chromium.chrome.browser.ChromeTabbedActivity t92}} appWin=Window{1838d0c u0 com.android.chrome/org.chromium.chrome.browser.ChromeTabbedActivity} drawState=4
08-13 16:26:32.632 7389 7389 W cr_Autocomplete: stopping autocomplete.
08-13 16:26:32.632 1443 1443 D StatusBar: disable
08-13 16:26:32.635 1443 1443 D StatusBar: disable
08-13 16:26:32.639 1443 1443 D StatusBar: disable
08-13 16:26:32.639 1443 1443 D StatusBar: disable
08-13 16:26:32.641 1443 1443 D StatusBar: disable
08-13 16:26:32.661 1443 1443 I Elmyra/ElmyraService: Gated by KeyguardDeferredSetup [mDeferredSetupComplete -> false]
08-13 16:26:32.817 1108 1156 I DisplayPowerController: Unblocked screen on after 209 ms
08-13 16:26:33.321 2197 4153 I chatty : uid=10015(com.google.android.gms) NearbyDirectMai expire 2 lines
08-13 16:26:35.095 715 715 D audio_hw_primary: disable_audio_route: usecase(1) reset and update mixer path: low-latency-playback speaker
08-13 16:26:35.100 715 715 D audio_hw_primary: disable_snd_device: snd_device(2: speaker)
08-13 16:27:10.882 2197 7990 I chatty : uid=10015 com.google.android.gms.persistent expire 1 line
08-13 16:27:12.260 822 822 W wificond: Failed to get NL80211_ATTR_STATUS_CODE
08-13 16:27:12.265 738 2053 I WifiHAL : event received NL80211_CMD_VENDOR, vendor_id = 0x1374, subcmd = 0x33
08-13 16:27:12.279 2054 2054 I wpa_supplicant: wlan0: Associated with cc:16:7e:12:e1:15
08-13 16:27:12.279 2054 2054 I wpa_supplicant: wlan0: CTRL-EVENT-CONNECTED - Connection to cc:16:7e:12:e1:15 completed [id=0 id_str=%7B%22configKey%22%3A%22%5C%22EmployeeHotspot%5C%22WPA_EAP%22%2C%22creatorUid%22%3A%221000%22%7D]
08-13 16:27:12.282 2054 2054 I wpa_supplicant: wlan0: CTRL-EVENT-SUBNET-STATUS-UPDATE status=0
08-13 16:27:12.284 1370 1370 W lowi-server: type=1400 audit(0.0:472): avc: granted { net_admin } for capability=12 scontext=u:r:location:s0 tcontext=u:r:location:s0 tclass=capability
08-13 16:27:12.441 832 832 I cnss-daemon: wlan_service_core_minfreq: RESET
08-13 16:27:12.441 832 832 E cnss-daemon: wlan_service_core_minfreq: reset: handle not valid
08-13 16:27:19.578 2607 2607 I chatty : uid=10125(com.antutu.ABenchMark) expire 10 lines
08-13 16:27:20.279 2197 2205 I chatty : uid=10015(com.google.android.gms) FinalizerDaemon expire 4 lines
08-13 16:27:28.486 1108 1287 D ConnectivityService: reportNetworkConnectivity(101, true) by 10015
08-13 16:27:28.487 1108 1287 D ConnectivityService: reportNetworkConnectivity(101, true) by 10015
08-13 16:27:28.508 1108 8005 I chatty : uid=1000 system_server expire 2 lines
08-13 16:27:28.515 1108 8004 I chatty : uid=1000 system_server expire 2 lines
08-13 16:27:32.416 1108 1150 I chatty : uid=1000(system) batterystats-wo expire 6 lines
08-13 16:27:32.417 1637 1637 E QtiImsExtUtils: getConfigForPhoneId phoneId is invalid
08-13 16:27:32.418 1637 1637 E QtiImsExtUtils: isCarrierConfigEnabled bundle is null
08-13 16:27:32.439 2607 2607 I chatty : uid=10125(com.antutu.ABenchMark) expire 10 lines
08-13 16:27:32.440 1108 1150 E BatteryExternalStatsWorker: no controller energy info supplied for bluetooth
08-13 16:27:32.457 3562 8012 E turbo_BatteryLogger: could not get google accounts, e
08-13 16:27:40.851 3199 3269 E PlayCommon: [37] com.google.android.play.b.y.a(30): Failed to connect to server for server timestamp: java.net.SocketTimeoutException: SSL handshake timed out
08-13 16:27:41.546 1108 1287 D ConnectivityService: NetworkAgentInfo [WIFI () - 101] validation failed
08-13 16:27:41.546 1108 1257 I chatty : uid=1000(system) WifiStateMachin expire 9 lines
08-13 16:27:41.656 2569 8016 I chatty : uid=10015(com.google.android.gms) expire 1 line
08-13 16:27:41.674 2197 7994 I chatty : uid=10015 com.google.android.gms.persistent expire 2 lines
08-13 16:27:42.566 1108 8021 I chatty : uid=1000 system_server expire 2 lines
08-13 16:27:42.575 1108 8022 I chatty : uid=1000 system_server expire 2 lines
08-13 16:27:48.851 3199 6513 I PlayCommon: [89] com.google.android.play.b.h.e(263): Preparing logs for uploading
08-13 16:27:48.852 3199 6513 I PlayCommon: [89] com.google.android.play.b.h.e(267): No file ready to send
08-13 16:27:49.834 2607 2607 I chatty : uid=10125(com.antutu.ABenchMark) expire 22 lines
08-13 16:27:57.664 1108 8029 I chatty : uid=1000 system_server expire 2 lines
08-13 16:27:57.674 1108 8028 I chatty : uid=1000 system_server expire 2 lines
08-13 16:28:14.745 1108 8035 I chatty : uid=1000 system_server expire 2 lines
08-13 16:28:14.753 1108 8034 I chatty : uid=1000 system_server expire 2 lines
08-13 16:28:32.513 1637 1637 E QtiImsExtUtils: getConfigForPhoneId phoneId is invalid
08-13 16:28:32.513 1637 1637 E QtiImsExtUtils: isCarrierConfigEnabled bundle is null
08-13 16:28:32.564 2607 2607 I chatty : uid=10125(com.antutu.ABenchMark) expire 32 lines
08-13 16:28:35.824 1108 8045 I chatty : uid=1000 system_server expire 2 lines
08-13 16:28:35.832 1108 8046 I chatty : uid=1000 system_server expire 2 lines
08-13 16:29:04.885 1108 8059 I chatty : uid=1000 system_server expire 2 lines
08-13 16:29:04.895 1108 8058 I chatty : uid=1000 system_server expire 2 lines
08-13 16:29:10.103 2197 8054 I chatty : uid=10015 com.google.android.gms.persistent expire 1 line
08-13 16:29:18.043 2569 2586 I chatty : uid=10015(com.google.android.gms) HeapTaskDaemon expire 1 line
08-13 16:28:48.856 1108 1287 I chatty : uid=1000(system) ConnectivitySer identical 4 lines
08-13 16:29:17.931 1108 1287 D ConnectivityService: NetworkAgentInfo [WIFI () - 101] validation failed
08-13 16:29:28.884 1108 1108 I JobServiceContext: Client timed out while executing (no jobFinished received), sending onStop: 6b2409c #u0a65/174406261 com.android.vending/com.google.android.finsky.instantapps.PhenotypeUpdateService
08-13 16:29:30.572 2197 4105 I chatty : uid=10015(com.google.android.gms) Binder:2197_A expire 12 lines
08-13 16:29:32.624 1637 1637 E QtiImsExtUtils: getConfigForPhoneId phoneId is invalid
08-13 16:29:32.624 1637 1637 E QtiImsExtUtils: isCarrierConfigEnabled bundle is null
08-13 16:29:32.667 2607 2607 I chatty : uid=10125(com.antutu.ABenchMark) expire 12 lines
08-13 16:29:48.880 2197 4440 I chatty : uid=10015(com.google.android.gms) Binder:2197_C expire 11 lines
08-13 16:29:49.981 1108 8077 I chatty : uid=1000 system_server expire 2 lines
08-13 16:29:49.992 1108 8076 I chatty : uid=1000 system_server expire 2 lines
08-13 16:29:50.468 2197 6596 I chatty : uid=10015(com.google.android.gms) lowpool[82] expire 9 lines
08-13 16:29:50.667 2279 2781 I chatty : uid=10125(com.antutu.ABenchMark) Connection Cont expire 3 lines
08-13 16:29:50.737 2279 3275 I chatty : uid=10125(com.antutu.ABenchMark) Blob Reader (0) expire 1 line
08-13 16:29:54.280 1637 1637 E QtiImsExtUtils: getConfigForPhoneId phoneId is invalid
08-13 16:29:54.280 1637 1637 E QtiImsExtUtils: isCarrierConfigEnabled bundle is null
08-13 16:29:54.332 2607 2607 I chatty : uid=10125(com.antutu.ABenchMark) expire 9 lines
08-13 16:30:00.673 2279 2781 I chatty : uid=10125(com.antutu.ABenchMark) Connection Cont expire 1 line
08-13 16:30:03.065 1108 2179 I chatty : uid=1000(system) NetworkMonitorN expire 6 lines
08-13 16:30:03.069 1108 1287 D ConnectivityService: NetworkAgentInfo [WIFI () - 101] validation failed
08-13 16:30:06.678 2569 3165 I chatty : uid=10015(com.google.android.gms) lowpool[3] expire 3 lines
08-13 16:30:09.130 1108 1150 E BatteryExternalStatsWorker: no controller energy info supplied for bluetooth
08-13 16:30:09.174 730 730 I chatty : uid=1000(system) power@1.1-servi expire 10 lines
08-13 16:30:10.661 2607 2607 I chatty : uid=10125(com.antutu.ABenchMark) expire 23 lines
08-13 16:30:20.464 2197 2938 I chatty : uid=10015(com.google.android.gms) highpool[3] expire 10 lines
08-13 16:30:20.464 2197 3964 I chatty : uid=10015(com.google.android.gms) Binder:2197_8 expire 9 lines
08-13 16:30:38.920 1108 1656 I chatty : uid=1000(system) Binder:1108_6 expire 10 lines
08-13 16:30:54.066 2197 8055 I chatty : uid=10015 com.google.android.gms.persistent expire 3 lines
08-13 16:30:54.082 6690 6690 D PhenotypeUpdateService: onCreate called
08-13 16:30:54.092 2197 8056 I chatty : uid=10015 com.google.android.gms.persistent expire 3 lines
08-13 16:30:54.094 2197 2197 I chatty : uid=10015 com.google.android.gms.persistent expire 10 lines
08-13 16:30:54.107 2197 8107 I chatty : uid=10015 com.google.android.gms.persistent expire 1 line
08-13 16:30:54.108 3285 3491 I bt_stack: [INFO:gatt_api.cc(1004)] GATT_Register
08-13 16:30:54.108 3285 3491 I bt_stack: [INFO:gatt_api.cc(1027)] allocated gatt_if=4
08-13 16:30:54.108 6690 8105 D PhenotypeUpdateService: Registering with Phenotype
08-13 16:30:54.109 2197 2548 I chatty : uid=10015(com.google.android.gms) Binder:2197_4 expire 1 line
08-13 16:30:54.110 2569 2577 I chatty : uid=10015(com.google.android.gms) Jit thread pool expire 2 lines
08-13 16:30:54.113 6690 6738 W GooglePlayServicesUtil: Google Play services out of date. Requires 11910000 but found 11580948
08-13 16:30:54.342 1637 1637 E QtiImsExtUtils: getConfigForPhoneId phoneId is invalid
08-13 16:30:54.342 1637 1637 E QtiImsExtUtils: isCarrierConfigEnabled bundle is null
08-13 16:30:54.370 2607 2607 I chatty : uid=10125(com.antutu.ABenchMark) expire 7 lines
08-13 16:31:07.151 1108 8126 I chatty : uid=1000 system_server expire 2 lines
08-13 16:31:07.177 1108 8125 I chatty : uid=1000 system_server expire 2 lines
08-13 16:31:10.958 2607 2607 W Notification: Use of stream types is deprecated for operations other than volume control
08-13 16:31:10.958 2607 2607 W Notification: See the documentation of setSound() for what to use instead with android.media.AudioAttributes to qualify your playback use case
08-13 16:31:10.994 2607 2607 W tutu.ABenchMark: type=1400 audit(0.0:502): avc: denied { read } for name="stat" dev="proc" ino=4026532079 scontext=u:r:untrusted_app:s0:c512,c768 tcontext=u:object_r:proc_stat:s0 tclass=file permissive=0
08-13 16:31:11.005 2607 2607 W Notification: Use of stream types is deprecated for operations other than volume control
08-13 16:31:11.005 2607 2607 W Notification: See the documentation of setSound() for what to use instead with android.media.AudioAttributes to qualify your playback use case
08-13 16:31:14.191 2197 8110 I chatty : uid=10015 com.google.android.gms.persistent expire 1 line
08-13 16:31:14.197 2197 2897 I chatty : uid=10015(com.google.android.gms) highpool[1] expire 6 lines
08-13 16:31:20.189 1108 1287 D ConnectivityService: NetworkAgentInfo [WIFI () - 101] validation failed
08-13 16:31:20.662 809 3236 I DrmHal : makeDrmFactories: factory instance default is Remote
08-13 16:31:20.663 809 3236 I DrmHal : makeDrmFactories: factory instance widevine is Remote
08-13 16:31:20.669 721 3234 I WVCdm : CdmEngine::QueryStatus
08-13 16:31:20.671 721 8132 I WVCdm : Level3 Library 4445 Oct 4 2017 17:06:25
08-13 16:31:20.673 721 3234 I WVCdm : L3 Initialized. Trying L1.
08-13 16:31:20.675 721 3234 D : CPPF_ServiceInitialize: start!
08-13 16:31:20.675 721 3234 D QSEECOMAPI: QSEECom_get_handle sb_length = 0x2800
08-13 16:31:20.675 721 3234 D QSEECOMAPI: App is not loaded in QSEE
08-13 16:31:20.675 721 3234 D QSEECOMAPI: app_arch = 2, total_files = 9
08-13 16:31:20.716 721 3234 D QSEECOMAPI: Loaded image: APP id = 7864324
08-13 16:31:20.717 721 3234 D : CPPF_ServiceInitialize: end! returns 0
08-13 16:31:20.717 721 3234 D QSEECOMAPI: QSEECom_get_handle sb_length = 0x19000
08-13 16:31:20.717 721 3234 D QSEECOMAPI: App is not loaded in QSEE
08-13 16:31:20.718 721 3234 D QSEECOMAPI: app_arch = 2, total_files = 9
08-13 16:31:20.763 721 3234 D QSEECOMAPI: Loaded image: APP id = 7929861
08-13 16:31:20.765 721 3234 D QSAPPSVER: qsapps_get_capabilities: Capability from secure side: 0x1
08-13 16:31:20.765 721 3234 D QSAPPSVER: qsapps_get_capabilities: returns 0
08-13 16:31:20.787 585 590 D DrmLibTime: got the req here! ret=0
08-13 16:31:20.787 585 590 D DrmLibTime: command id, time_cmd_id = 770
08-13 16:31:20.787 585 590 D DrmLibTime: time_getutcsec starts!
08-13 16:31:20.787 585 590 D DrmLibTime: QSEE Time Listener: time_getutcsec
08-13 16:31:20.787 585 590 D DrmLibTime: QSEE Time Listener: get_utc_seconds
08-13 16:31:20.787 585 590 D DrmLibTime: QSEE Time Listener: time_get_modem_time
08-13 16:31:20.787 585 590 D DrmLibTime: QSEE Time Listener: Checking if ATS_MODEM is set or not.
08-13 16:31:20.787 585 590 D QC-time-services: Lib:time_genoff_operation: pargs->base = 13
08-13 16:31:20.787 585 590 D QC-time-services: Lib:time_genoff_operation: pargs->operation = 2
08-13 16:31:20.787 585 590 D QC-time-services: Lib:time_genoff_operation: pargs->ts_val = 0
08-13 16:31:20.788 624 637 D QC-time-services: Daemon: Connection accepted:time_genoff
08-13 16:31:20.788 585 590 D QC-time-services: Lib:time_genoff_operation: Send to server passed!!
08-13 16:31:20.791 624 8134 D QC-time-services: Daemon:Received base = 13, unit = 1, operation = 2,value = 0
08-13 16:31:20.791 624 8134 D QC-time-services: Daemon:genoff_opr: Base = 13, val = 0, operation = 2
08-13 16:31:20.791 624 8134 D QC-time-services: offset is: 1 for base: 13
08-13 16:31:20.791 585 590 E QC-time-services: Receive Passed == base = 13, unit = 1, operation = 2, result = 0
08-13 16:31:20.791 585 590 D DrmLibTime: QSEE Time Listener: ATS_MODEM is set. Try to retrieve it.
08-13 16:31:20.792 624 637 E QC-time-services: Daemon: Time-services: Waiting to acceptconnection
08-13 16:31:20.793 624 637 D QC-time-services: Daemon: Connection accepted:time_genoff
08-13 16:31:20.794 624 8135 D QC-time-services: Daemon:Received base = 13, unit = 1, operation = 1,value = 0
08-13 16:31:20.795 624 8135 D QC-time-services: Daemon:genoff_opr: Base = 13, val = 0, operation = 1
08-13 16:31:20.795 624 8135 D QC-time-services: Daemon: genoff get for 13
08-13 16:31:20.795 624 8135 D QC-time-services: Daemon:Value read from QTimer mseconds = 3693498
08-13 16:31:20.795 624 8135 D QC-time-services: Daemon:Value read from RTC mseconds on boot = 14795471000
08-13 16:31:20.795 624 8135 D QC-time-services: Daemon:Value read from QTimer mseconds = 3693498
08-13 16:31:20.795 624 8135 D QC-time-services: Daemon:Value read from generic offset = 1519377070812
08-13 16:31:20.795 624 8135 D QC-time-services: Daemon:Delta read on boot mseconds = 14795464594
08-13 16:31:20.795 624 8135 D QC-time-services: Daemon:Final Time = 1534176228904
08-13 16:31:20.795 585 590 D DrmLibTime: QSEE Time Listener: Time GenOff - seconds: 1534176228
08-13 16:31:20.795 585 590 D DrmLibTime: time_getutcsec returns 0, sec = 1534176228; nsec = 0
08-13 16:31:20.795 585 590 D DrmLibTime: time_getutcsec finished!
08-13 16:31:20.795 585 590 D DrmLibTime: iotcl_continue_command finished! and return 0
08-13 16:31:20.795 585 590 D DrmLibTime: before calling ioctl to read the next time_cmd
08-13 16:31:20.796 624 637 E QC-time-services: Daemon: Time-services: Waiting to acceptconnection
08-13 16:31:20.817 721 3234 D WVCdm : OEMCrypto_Initialize Level 1 success. I will use level 1.
08-13 16:31:20.820 721 3234 I WVCdm : L3 Terminate.
08-13 16:31:20.821 721 3234 D : CPPF_CheckMinEncLevelStatus: start!
08-13 16:31:20.822 721 3234 D : CPPF_CheckMinEncLevelStatus: No change
08-13 16:31:20.822 721 3234 D : CPPF_CheckMinEncLevelStatus: end!
08-13 16:31:20.822 721 3234 D QSEECOMAPI: QSEECom_dealloc_memory
08-13 16:31:20.822 721 3234 D QSEECOMAPI: QSEECom_shutdown_app, app_id = 7929861
08-13 16:31:20.823 721 3234 D : CPPF_ServiceUninitialize: start!
08-13 16:31:20.823 721 3234 D QSEECOMAPI: QSEECom_dealloc_memory
08-13 16:31:20.823 721 3234 D QSEECOMAPI: QSEECom_shutdown_app, app_id = 7864324
08-13 16:31:20.823 721 3234 D : CPPF_ServiceUninitialize: end! returns 0
08-13 16:31:20.826 721 3234 I WVCdm : CdmEngine::OpenSession
08-13 16:31:20.826 721 8136 I WVCdm : Level3 Library 4445 Oct 4 2017 17:06:25
08-13 16:31:20.827 721 3234 I WVCdm : L3 Initialized. Trying L1.
08-13 16:31:20.828 721 3234 D : CPPF_ServiceInitialize: start!
08-13 16:31:20.828 721 3234 D QSEECOMAPI: QSEECom_get_handle sb_length = 0x2800
08-13 16:31:20.828 721 3234 D QSEECOMAPI: App is not loaded in QSEE
08-13 16:31:20.828 721 3234 D QSEECOMAPI: app_arch = 2, total_files = 9
08-13 16:31:20.861 721 3234 D QSEECOMAPI: Loaded image: APP id = 7995396
08-13 16:31:20.861 721 3234 D : CPPF_ServiceInitialize: end! returns 0
08-13 16:31:20.861 721 3234 D QSEECOMAPI: QSEECom_get_handle sb_length = 0x19000
08-13 16:31:20.861 721 3234 D QSEECOMAPI: App is not loaded in QSEE
08-13 16:31:20.861 721 3234 D QSEECOMAPI: app_arch = 2, total_files = 9
08-13 16:31:20.908 721 3234 D QSEECOMAPI: Loaded image: APP id = 8060933
08-13 16:31:20.909 721 3234 D QSAPPSVER: qsapps_get_capabilities: Capability from secure side: 0x1
08-13 16:31:20.909 721 3234 D QSAPPSVER: qsapps_get_capabilities: returns 0
08-13 16:31:20.933 585 590 D DrmLibTime: got the req here! ret=0
08-13 16:31:20.934 585 590 D DrmLibTime: command id, time_cmd_id = 770
08-13 16:31:20.934 585 590 D DrmLibTime: time_getutcsec starts!
08-13 16:31:20.934 585 590 D DrmLibTime: QSEE Time Listener: time_getutcsec
08-13 16:31:20.934 585 590 D DrmLibTime: QSEE Time Listener: get_utc_seconds
08-13 16:31:20.934 585 590 D DrmLibTime: QSEE Time Listener: time_get_modem_time
08-13 16:31:20.934 585 590 D DrmLibTime: QSEE Time Listener: Checking if ATS_MODEM is set or not.
08-13 16:31:20.934 585 590 D QC-time-services: Lib:time_genoff_operation: pargs->base = 13
08-13 16:31:20.935 585 590 D QC-time-services: Lib:time_genoff_operation: pargs->operation = 2
08-13 16:31:20.935 585 590 D QC-time-services: Lib:time_genoff_operation: pargs->ts_val = 0
08-13 16:31:20.935 585 590 D QC-time-services: Lib:time_genoff_operation: Send to server passed!!
08-13 16:31:20.935 624 637 D QC-time-services: Daemon: Connection accepted:time_genoff
08-13 16:31:20.937 624 8137 D QC-time-services: Daemon:Received base = 13, unit = 1, operation = 2,value = 0
08-13 16:31:20.937 624 8137 D QC-time-services: Daemon:genoff_opr: Base = 13, val = 0, operation = 2
08-13 16:31:20.937 624 8137 D QC-time-services: offset is: 1 for base: 13
08-13 16:31:20.937 585 590 E QC-time-services: Receive Passed == base = 13, unit = 1, operation = 2, result = 0
08-13 16:31:20.938 585 590 D DrmLibTime: QSEE Time Listener: ATS_MODEM is set. Try to retrieve it.
08-13 16:31:20.938 624 637 E QC-time-services: Daemon: Time-services: Waiting to acceptconnection
08-13 16:31:20.938 624 637 D QC-time-services: Daemon: Connection accepted:time_genoff
08-13 16:31:20.939 624 8138 D QC-time-services: Daemon:Received base = 13, unit = 1, operation = 1,value = 0
08-13 16:31:20.940 624 8138 D QC-time-services: Daemon:genoff_opr: Base = 13, val = 0, operation = 1
08-13 16:31:20.940 624 8138 D QC-time-services: Daemon: genoff get for 13
08-13 16:31:20.940 624 8138 D QC-time-services: Daemon:Value read from QTimer mseconds = 3693643
08-13 16:31:20.940 624 8138 D QC-time-services: Daemon:Value read from RTC mseconds on boot = 14795471000
08-13 16:31:20.940 624 8138 D QC-time-services: Daemon:Value read from QTimer mseconds = 3693643
08-13 16:31:20.940 624 8138 D QC-time-services: Daemon:Value read from generic offset = 1519377070812
08-13 16:31:20.940 624 8138 D QC-time-services: Daemon:Delta read on boot mseconds = 14795464594
08-13 16:31:20.940 624 8138 D QC-time-services: Daemon:Final Time = 1534176229049
08-13 16:31:20.940 585 590 D DrmLibTime: QSEE Time Listener: Time GenOff - seconds: 1534176229
08-13 16:31:20.940 585 590 D DrmLibTime: time_getutcsec returns 0, sec = 1534176229; nsec = 0
08-13 16:31:20.940 585 590 D DrmLibTime: time_getutcsec finished!
08-13 16:31:20.940 585 590 D DrmLibTime: iotcl_continue_command finished! and return 0
08-13 16:31:20.940 585 590 D DrmLibTime: before calling ioctl to read the next time_cmd
08-13 16:31:20.941 624 637 E QC-time-services: Daemon: Time-services: Waiting to acceptconnection
08-13 16:31:20.953 721 3234 D WVCdm : OEMCrypto_Initialize Level 1 success. I will use level 1.
08-13 16:31:20.953 721 3234 D WVCdm : CryptoSession::Open: Lock: requested_security_level: Default
08-13 16:31:20.976 721 3234 I WVCdm : CdmEngine::QueryOemCryptoSessionId
08-13 16:31:20.982 812 812 D MediaAnalyticsService: MediaAnalyticsService::newSummarizerSet
08-13 16:31:20.989 721 5298 I WVCdm : CdmEngine::GenerateKeyRequest
08-13 16:31:21.018 721 5298 D WVCdm : PrepareKeyRequest: nonce=1910870939
08-13 16:31:21.025 2607 2607 W Notification: Use of stream types is deprecated for operations other than volume control
08-13 16:31:21.025 2607 2607 W Notification: See the documentation of setSound() for what to use instead with android.media.AudioAttributes to qualify your playback use case
08-13 16:31:21.041 2607 2607 W tutu.ABenchMark: type=1400 audit(0.0:503): avc: denied { read } for name="stat" dev="proc" ino=4026532079 scontext=u:r:untrusted_app:s0:c512,c768 tcontext=u:object_r:proc_stat:s0 tclass=file permissive=0
08-13 16:31:21.048 2607 2607 W Notification: Use of stream types is deprecated for operations other than volume control
08-13 16:31:21.048 2607 2607 W Notification: See the documentation of setSound() for what to use instead with android.media.AudioAttributes to qualify your playback use case
08-13 16:31:21.135 721 3234 I WVCdm : L3 Terminate.
08-13 16:31:21.136 721 3234 D : CPPF_CheckMinEncLevelStatus: start!
08-13 16:31:21.137 721 3234 D : CPPF_CheckMinEncLevelStatus: No change
08-13 16:31:21.137 721 3234 D : CPPF_CheckMinEncLevelStatus: end!
08-13 16:31:21.137 721 3234 D QSEECOMAPI: QSEECom_dealloc_memory
08-13 16:31:21.137 721 3234 D QSEECOMAPI: QSEECom_shutdown_app, app_id = 8060933
08-13 16:31:21.137 721 3234 D : CPPF_ServiceUninitialize: start!
08-13 16:31:21.138 721 3234 D QSEECOMAPI: QSEECom_dealloc_memory
08-13 16:31:21.138 721 3234 D QSEECOMAPI: QSEECom_shutdown_app, app_id = 7995396
08-13 16:31:21.138 721 3234 D : CPPF_ServiceUninitialize: end! returns 0
08-13 16:31:22.932 2279 4557 I tnet-jni: 184 - [spdyPingRecvCallback] -
08-13 16:31:22.933 2279 4557 I tnet-jni: 184 - [SpdySessionCallBack.spdyPingRecvCallback] - org.android.spdy.SpdySession@1515d83
08-13 16:31:29.880 1108 1140 I UsageStatsService: User[0] Flushing usage stats to disk
08-13 16:31:31.054 2607 2607 W Notification: Use of stream types is deprecated for operations other than volume control
08-13 16:31:31.055 2607 2607 W Notification: See the documentation of setSound() for what to use instead with android.media.AudioAttributes to qualify your playback use case
08-13 16:31:31.084 2607 2607 W tutu.ABenchMark: type=1400 audit(0.0:504): avc: denied { read } for name="stat" dev="proc" ino=4026532079 scontext=u:r:untrusted_app:s0:c512,c768 tcontext=u:object_r:proc_stat:s0 tclass=file permissive=0
08-13 16:31:31.093 2607 2607 W Notification: Use of stream types is deprecated for operations other than volume control
08-13 16:31:31.093 2607 2607 W Notification: See the documentation of setSound() for what to use instead with android.media.AudioAttributes to qualify your playback use case
08-13 16:31:41.129 2607 2607 W Notification: Use of stream types is deprecated for operations other than volume control
08-13 16:31:41.130 2607 2607 W Notification: See the documentation of setSound() for what to use instead with android.media.AudioAttributes to qualify your playback use case
08-13 16:31:41.164 2607 2607 W tutu.ABenchMark: type=1400 audit(0.0:505): avc: denied { read } for name="stat" dev="proc" ino=4026532079 scontext=u:r:untrusted_app:s0:c512,c768 tcontext=u:object_r:proc_stat:s0 tclass=file permissive=0
08-13 16:31:41.173 2607 2607 W Notification: Use of stream types is deprecated for operations other than volume control
08-13 16:31:41.173 2607 2607 W Notification: See the documentation of setSound() for what to use instead with android.media.AudioAttributes to qualify your playback use case
08-13 16:31:51.184 2607 2607 W Notification: Use of stream types is deprecated for operations other than volume control
08-13 16:31:51.184 2607 2607 W Notification: See the documentation of setSound() for what to use instead with android.media.AudioAttributes to qualify your playback use case
08-13 16:31:51.221 2607 2607 W tutu.ABenchMark: type=1400 audit(0.0:506): avc: denied { read } for name="stat" dev="proc" ino=4026532079 scontext=u:r:untrusted_app:s0:c512,c768 tcontext=u:object_r:proc_stat:s0 tclass=file permissive=0
08-13 16:31:51.230 2607 2607 W Notification: Use of stream types is deprecated for operations other than volume control
08-13 16:31:51.230 2607 2607 W Notification: See the documentation of setSound() for what to use instead with android.media.AudioAttributes to qualify your playback use case
08-13 16:31:54.444 1637 1637 E QtiImsExtUtils: getConfigForPhoneId phoneId is invalid
08-13 16:31:54.444 1637 1637 E QtiImsExtUtils: isCarrierConfigEnabled bundle is null
08-13 16:31:54.486 2607 2607 W Notification: Use of stream types is deprecated for operations other than volume control
08-13 16:31:54.486 2607 2607 W Notification: See the documentation of setSound() for what to use instead with android.media.AudioAttributes to qualify your playback use case
08-13 16:32:01.235 2607 2607 W Notification: Use of stream types is deprecated for operations other than volume control
08-13 16:32:01.235 2607 2607 W Notification: See the documentation of setSound() for what to use instead with android.media.AudioAttributes to qualify your playback use case
08-13 16:32:01.277 2607 2607 W tutu.ABenchMark: type=1400 audit(0.0:507): avc: denied { read } for name="stat" dev="proc" ino=4026532079 scontext=u:r:untrusted_app:s0:c512,c768 tcontext=u:object_r:proc_stat:s0 tclass=file permissive=0
08-13 16:32:01.287 2607 2607 W Notification: Use of stream types is deprecated for operations other than volume control
08-13 16:32:01.287 2607 2607 W Notification: See the documentation of setSound() for what to use instead with android.media.AudioAttributes to qualify your playback use case
08-13 16:32:04.489 1108 2377 I chatty : uid=1000(system) Binder:1108_D expire 3 lines
08-13 16:32:04.543 822 822 W wificond: Failed to get NL80211_ATTR_STATUS_CODE
08-13 16:32:04.548 738 2053 I WifiHAL : event received NL80211_CMD_VENDOR, vendor_id = 0x1374, subcmd = 0x33
08-13 16:32:04.555 2054 2054 I wpa_supplicant: wlan0: Associated with cc:16:7e:12:e1:1a
08-13 16:32:04.555 2054 2054 I wpa_supplicant: wlan0: CTRL-EVENT-CONNECTED - Connection to cc:16:7e:12:e1:1a completed [id=0 id_str=%7B%22configKey%22%3A%22%5C%22EmployeeHotspot%5C%22WPA_EAP%22%2C%22creatorUid%22%3A%221000%22%7D]
08-13 16:32:04.557 2054 2054 I wpa_supplicant: wlan0: CTRL-EVENT-SUBNET-STATUS-UPDATE status=0
08-13 16:32:04.567 1370 1370 W lowi-server: type=1400 audit(0.0:508): avc: granted { net_admin } for capability=12 scontext=u:r:location:s0 tcontext=u:r:location:s0 tclass=capability
08-13 16:32:04.611 1108 1449 I chatty : uid=1000(system) Binder:1108_3 expire 6 lines
08-13 16:32:04.625 1108 2380 I chatty : uid=1000(system) Binder:1108_10 expire 4 lines
08-13 16:32:04.684 832 832 I cnss-daemon: wlan_service_core_minfreq: RESET
08-13 16:32:04.684 832 832 E cnss-daemon: wlan_service_core_minfreq: reset: handle not valid
