08-13 16:38:21.068 2197 4395 E Auth : at com.android.okhttp.internal.huc.HttpURLConnectionImpl.getOutputStream(HttpURLConnectionImpl.java:258)
08-13 16:38:21.068 2197 4395 E Auth : at com.android.okhttp.internal.huc.DelegatingHttpsURLConnection.getOutputStream(DelegatingHttpsURLConnection.java:218)
08-13 16:38:21.068 2197 4395 E Auth : at com.android.okhttp.internal.huc.HttpsURLConnectionImpl.getOutputStream(Unknown Source:0)
08-13 16:38:21.068 2197 4395 E Auth : at tqe.a(:com.google.android.gms@11580948:50)
08-13 16:38:21.068 2197 4395 E Auth : at tqe.a(:com.google.android.gms@11580948:76)
08-13 16:38:21.068 2197 4395 E Auth : at fro.a(:com.google.android.gms@11580948:8)
08-13 16:38:21.068 2197 4395 E Auth : at fro.a(:com.google.android.gms@11580948:3)
08-13 16:38:21.068 2197 4395 E Auth : at edy.b(:com.google.android.gms@11580948:140)
08-13 16:38:21.068 2197 4395 E Auth : ... 19 more
08-13 16:38:21.069 2197 4395 W Auth : [GetToken] GetToken failed with status code: NetworkError
08-13 16:38:21.070 2197 4395 W GLSActivity:
08-13 16:38:21.070 2197 4395 W GLSActivity: java.io.IOException: NetworkError
08-13 16:38:21.070 2197 4395 W GLSActivity: at dzj.a(:com.google.android.gms@11580948:15)
08-13 16:38:21.070 2197 4395 W GLSActivity: at dzi.a(:com.google.android.gms@11580948:2)
08-13 16:38:21.070 2197 4395 W GLSActivity: at dzi.e(:com.google.android.gms@11580948:6)
08-13 16:38:21.070 2197 4395 W GLSActivity: at dzh.a(:com.google.android.gms@11580948:1)
08-13 16:38:21.070 2197 4395 W GLSActivity: at eax.getAuthToken(:com.google.android.gms@11580948:7)
08-13 16:38:21.070 2197 4395 W GLSActivity: at android.accounts.AbstractAccountAuthenticator$Transport.getAuthToken(AbstractAccountAuthenticator.java:244)
08-13 16:38:21.070 2197 4395 W GLSActivity: at android.accounts.IAccountAuthenticator$Stub.onTransact(IAccountAuthenticator.java:113)
08-13 16:38:21.070 2197 4395 W GLSActivity: at android.os.Binder.transact(Binder.java:627)
08-13 16:38:21.070 2197 4395 W GLSActivity: at buy.onTransact(:com.google.android.gms@11580948:3)
08-13 16:38:21.070 2197 4395 W GLSActivity: at android.os.Binder.execTransact(Binder.java:697)
08-13 16:38:21.075 2321 7370 W Search.LoginHelper: IO exception for scope: oauth2:https://www.googleapis.com/auth/googlenow
08-13 16:38:21.075 2321 7370 W Search.LoginHelper: java.io.IOException: NetworkError
08-13 16:38:21.075 2321 7370 W Search.LoginHelper: at android.accounts.AccountManager.convertErrorToException(AccountManager.java:2499)
08-13 16:38:21.075 2321 7370 W Search.LoginHelper: at android.accounts.AccountManager.-wrap0(Unknown Source:0)
08-13 16:38:21.075 2321 7370 W Search.LoginHelper: at android.accounts.AccountManager$AmsTask$Response.onError(AccountManager.java:2350)
08-13 16:38:21.075 2321 7370 W Search.LoginHelper: at android.accounts.IAccountManagerResponse$Stub.onTransact(IAccountManagerResponse.java:69)
08-13 16:38:21.075 2321 7370 W Search.LoginHelper: at android.os.Binder.execTransact(Binder.java:697)
08-13 16:38:21.086 2197 3967 W ConfigurationChimeraProvider: Got null configs for com.google.android.gms.ads
08-13 16:38:21.087 3199 3269 I PlayCommon: [37] com.google.android.play.b.h.a(522): Connecting to server: https://play.googleapis.com/play/log?format=raw&proto_v2=true
08-13 16:38:21.156 2197 4395 W Conscrypt: Could not set socket write timeout:
08-13 16:38:21.157 2197 4395 W Conscrypt: java.lang.reflect.Method.invoke(Native Method)
08-13 16:38:21.157 2197 4395 W Conscrypt: com.google.android.gms.org.conscrypt.Platform.setSocketWriteTimeout(:com.google.android.gms@11580948:13)
08-13 16:38:21.342 2197 2924 W Conscrypt: Could not set socket write timeout:
08-13 16:38:21.343 2197 2924 W Conscrypt: java.lang.reflect.Method.invoke(Native Method)
08-13 16:38:21.343 2197 2924 W Conscrypt: com.google.android.gms.org.conscrypt.Platform.setSocketWriteTimeout(:com.google.android.gms@11580948:13)
08-13 16:38:23.233 2607 2607 W Notification: Use of stream types is deprecated for operations other than volume control
08-13 16:38:23.234 2607 2607 W Notification: See the documentation of setSound() for what to use instead with android.media.AudioAttributes to qualify your playback use case
08-13 16:38:23.267 2607 2607 W tutu.ABenchMark: type=1400 audit(0.0:568): avc: denied { read } for name="stat" dev="proc" ino=4026532079 scontext=u:r:untrusted_app:s0:c512,c768 tcontext=u:object_r:proc_stat:s0 tclass=file permissive=0
08-13 16:38:23.276 2607 2607 W Notification: Use of stream types is deprecated for operations other than volume control
08-13 16:38:23.276 2607 2607 W Notification: See the documentation of setSound() for what to use instead with android.media.AudioAttributes to qualify your playback use case
08-13 16:38:23.497 2279 4557 I tnet-jni: 184 - [spdyPingRecvCallback] -
08-13 16:38:23.497 2279 4557 I tnet-jni: 184 - [SpdySessionCallBack.spdyPingRecvCallback] - org.android.spdy.SpdySession@1515d83
08-13 16:38:23.918 1443 1443 I Choreographer: Skipped 36 frames! The application may be doing too much work on its main thread.
08-13 16:38:25.750 9137 9223 W System.err: java.net.SocketTimeoutException: SSL handshake timed out
08-13 16:38:25.750 9137 9223 W System.err: at com.android.org.conscrypt.NativeCrypto.SSL_do_handshake(Native Method)
08-13 16:38:25.750 9137 9223 W System.err: at com.android.org.conscrypt.SslWrapper.doHandshake(SslWrapper.java:374)
08-13 16:38:25.750 9137 9223 W System.err: at com.android.org.conscrypt.ConscryptFileDescriptorSocket.startHandshake(ConscryptFileDescriptorSocket.java:217)
08-13 16:38:25.750 9137 9223 W System.err: at com.android.okhttp.internal.io.RealConnection.connectTls(RealConnection.java:192)
08-13 16:38:25.751 9137 9223 W System.err: at com.android.okhttp.internal.io.RealConnection.connectSocket(RealConnection.java:149)
08-13 16:38:25.751 9137 9223 W System.err: at com.android.okhttp.internal.io.RealConnection.connect(RealConnection.java:112)
08-13 16:38:25.751 9137 9223 W System.err: at com.android.okhttp.internal.http.StreamAllocation.findConnection(StreamAllocation.java:184)
08-13 16:38:25.751 9137 9223 W System.err: at com.android.okhttp.internal.http.StreamAllocation.findHealthyConnection(StreamAllocation.java:126)
08-13 16:38:25.751 9137 9223 W System.err: at com.android.okhttp.internal.http.StreamAllocation.newStream(StreamAllocation.java:95)
08-13 16:38:25.751 9137 9223 W System.err: at com.android.okhttp.internal.http.HttpEngine.connect(HttpEngine.java:281)
08-13 16:38:25.751 9137 9223 W System.err: at com.android.okhttp.internal.http.HttpEngine.sendRequest(HttpEngine.java:224)
08-13 16:38:25.751 9137 9223 W System.err: at com.android.okhttp.internal.huc.HttpURLConnectionImpl.execute(HttpURLConnectionImpl.java:461)
08-13 16:38:25.751 9137 9223 W System.err: at com.android.okhttp.internal.huc.HttpURLConnectionImpl.connect(HttpURLConnectionImpl.java:127)
08-13 16:38:25.751 9137 9223 W System.err: at com.android.okhttp.internal.huc.DelegatingHttpsURLConnection.connect(DelegatingHttpsURLConnection.java:89)
08-13 16:38:25.751 9137 9223 W System.err: at com.android.okhttp.internal.huc.HttpsURLConnectionImpl.connect(Unknown Source:0)
08-13 16:38:25.751 9137 9223 W System.err: at com.facebook.ads.internal.p.a.a.a(Unknown Source:27)
08-13 16:38:25.751 9137 9223 W System.err: at com.facebook.ads.internal.p.a.a.a(Unknown Source:85)
08-13 16:38:25.751 9137 9223 W System.err: at com.facebook.ads.internal.p.a.h.a(Unknown Source:10)
08-13 16:38:25.751 9137 9223 W System.err: at com.facebook.ads.internal.p.a.h.doInBackground(Unknown Source:2)
08-13 16:38:25.751 9137 9223 W System.err: at android.os.AsyncTask$2.call(AsyncTask.java:333)
08-13 16:38:25.751 9137 9223 W System.err: at java.util.concurrent.FutureTask.run(FutureTask.java:266)
08-13 16:38:25.751 9137 9223 W System.err: at java.util.concurrent.ThreadPoolExecutor.runWorker(ThreadPoolExecutor.java:1162)
08-13 16:38:25.751 9137 9223 W System.err: at java.util.concurrent.ThreadPoolExecutor$Worker.run(ThreadPoolExecutor.java:636)
08-13 16:38:25.751 9137 9223 W System.err: at java.lang.Thread.run(Thread.java:764)
08-13 16:38:26.922 2197 2938 W UdcContextManagerHelper: Failure reading udc context: 15
08-13 16:38:26.922 2197 2938 W UdcContextManagerHelper: Empty context buffer. Thus might mean that the context is not synced down.
08-13 16:38:26.923 2197 2938 W UploadOptInStatusOp: Empty context model while retrieving upload opt-in status!
08-13 16:38:27.140 9137 9216 D RavnStudio: Enitters : 29
08-13 16:38:27.571 2197 4573 E LockboxBrokerService: Could not query UDC's getDeviceDataUploadOptInStatus; 15 null
08-13 16:38:27.732 818 818 D PermissionCache: checking android.permission.DUMP for uid=10015 => granted (812 us)
08-13 16:38:29.667 1637 1637 E QtiImsExtUtils: getConfigForPhoneId phoneId is invalid
08-13 16:38:29.667 1637 1637 E QtiImsExtUtils: isCarrierConfigEnabled bundle is null
08-13 16:38:29.682 2197 3967 W ConfigurationChimeraProvider: Got null configs for com.google.android.gms.update
08-13 16:38:29.685 2607 2607 W Notification: Use of stream types is deprecated for operations other than volume control
08-13 16:38:29.685 2607 2607 W Notification: See the documentation of setSound() for what to use instead with android.media.AudioAttributes to qualify your playback use case
08-13 16:38:32.051 9137 9216 D RavnStudio: [Fixed time-step] Avg FPS: 9.22, 103 frames in 11.17seconds
08-13 16:38:32.051 9137 9216 D RavnStudio: Returning
08-13 16:38:32.052 9137 9137 D Refinery: Finish
08-13 16:38:32.052 9137 9137 D Refinery: onDestroy
08-13 16:38:32.052 815 982 D NuPlayerDriver: stop(0xf0cc1070)
08-13 16:38:32.054 9137 9137 V MediaPlayer: resetDrmState: mDrmInfo=null mDrmProvisioningThread=null mPrepareDrmInProgress=false mActiveDrmScheme=false
08-13 16:38:32.054 9137 9137 V MediaPlayer: cleanDrmObj: mDrmObj=null mDrmSessionId=null
08-13 16:38:32.054 815 982 D NuPlayerDriver: reset(0xf0cc1070) at state 8
08-13 16:38:32.055 815 9213 D NuPlayerDriver: notifyResetComplete(0xf0cc1070)
08-13 16:38:32.074 9137 9137 I zygote64: System.exit called, status: 0
08-13 16:38:32.074 9137 9137 I AndroidRuntime: VM exiting with result code 0, cleanup skipped.
08-13 16:38:32.075 2607 2607 D skia : --- SkAndroidCodec::NewFromStream returned null
08-13 16:38:32.075 2607 2607 W Notification: Use of stream types is deprecated for operations other than volume control
08-13 16:38:32.075 2607 2607 W Notification: See the documentation of setSound() for what to use instead with android.media.AudioAttributes to qualify your playback use case
08-13 16:38:32.077 2607 2607 D skia : --- SkAndroidCodec::NewFromStream returned null
08-13 16:38:32.077 2607 2607 W Notification: Use of stream types is deprecated for operations other than volume control
08-13 16:38:32.077 2607 2607 W Notification: See the documentation of setSound() for what to use instead with android.media.AudioAttributes to qualify your playback use case
08-13 16:38:32.109 1108 1238 W InputDispatcher: channel '492dde2 com.antutu.ABenchMark/com.antutu.benchmark.ui.test.activity.RefineryActivity (server)' ~ Consumer closed input channel or an error occurred. events=0x9
08-13 16:38:32.109 1108 1238 E InputDispatcher: channel '492dde2 com.antutu.ABenchMark/com.antutu.benchmark.ui.test.activity.RefineryActivity (server)' ~ Channel is unrecoverably broken and will be disposed!
08-13 16:38:32.124 1637 1637 E QtiImsExtUtils: getConfigForPhoneId phoneId is invalid
08-13 16:38:32.125 1637 1637 E QtiImsExtUtils: isCarrierConfigEnabled bundle is null
08-13 16:38:32.125 1108 1143 W BroadcastQueue: Can't deliver broadcast to com.antutu.ABenchMark:refinery (pid 9137). Crashing it.
08-13 16:38:32.125 1108 1143 I ActivityManager: Killing 9137:com.antutu.ABenchMark:refinery/u0a125 (adj 0): scheduleCrash for 'can't deliver broadcast' failed
08-13 16:38:32.126 1108 1143 W BroadcastQueue: Failure sending broadcast Intent { act=android.intent.action.BATTERY_CHANGED flg=0x60000010 (has extras) }
08-13 16:38:32.126 1108 1143 W BroadcastQueue: android.os.DeadObjectException
08-13 16:38:32.126 1108 1143 W BroadcastQueue: at android.os.BinderProxy.transactNative(Native Method)
08-13 16:38:32.126 1108 1143 W BroadcastQueue: at android.os.BinderProxy.transact(Binder.java:764)
08-13 16:38:32.126 1108 1143 W BroadcastQueue: at android.app.IApplicationThread$Stub$Proxy.scheduleRegisteredReceiver(IApplicationThread.java:1560)
08-13 16:38:32.126 1108 1143 W BroadcastQueue: at com.android.server.am.BroadcastQueue.performReceiveLocked(BroadcastQueue.java:491)
08-13 16:38:32.126 1108 1143 W BroadcastQueue: at com.android.server.am.BroadcastQueue.deliverToRegisteredReceiverLocked(BroadcastQueue.java:703)
08-13 16:38:32.126 1108 1143 W BroadcastQueue: at com.android.server.am.BroadcastQueue.processNextBroadcast(BroadcastQueue.java:858)
08-13 16:38:32.126 1108 1143 W BroadcastQueue: at com.android.server.am.BroadcastQueue$BroadcastHandler.handleMessage(BroadcastQueue.java:171)
08-13 16:38:32.126 1108 1143 W BroadcastQueue: at android.os.Handler.dispatchMessage(Handler.java:106)
08-13 16:38:32.126 1108 1143 W BroadcastQueue: at android.os.Looper.loop(Looper.java:164)
08-13 16:38:32.126 1108 1143 W BroadcastQueue: at android.os.HandlerThread.run(HandlerThread.java:65)
08-13 16:38:32.126 1108 1143 W BroadcastQueue: at com.android.server.ServiceThread.run(ServiceThread.java:46)
08-13 16:38:32.126 1108 1148 W zygote64: kill(-9137, 9) failed: No such process
08-13 16:38:32.130 1108 2318 I WindowManager: WIN DEATH: Window{492dde2 u0 com.antutu.ABenchMark/com.antutu.benchmark.ui.test.activity.RefineryActivity}
08-13 16:38:32.130 1108 2318 W InputDispatcher: Attempted to unregister already unregistered input channel '492dde2 com.antutu.ABenchMark/com.antutu.benchmark.ui.test.activity.RefineryActivity (server)'
08-13 16:38:32.132 1108 2327 W ActivityManager: Force removing ActivityRecord{2193764 u0 com.antutu.ABenchMark/com.antutu.benchmark.ui.test.activity.RefineryActivity t84}: app died, no saved state
08-13 16:38:32.150 1108 2327 I ActivityManager: Config changes=480 {1.0 ?mcc?mnc [en_US] ldltr sw411dp w411dp h659dp 420dpi nrml widecg port finger -keyb/v/h -nav/h appBounds=Rect(0, 0 - 1080, 1794) s.16}
08-13 16:38:32.166 1108 2327 I ActivityManager: Override config changes=480 {1.0 ?mcc?mnc [en_US] ldltr sw411dp w411dp h659dp 420dpi nrml widecg port finger -keyb/v/h -nav/h appBounds=Rect(0, 0 - 1080, 1794) s.16} for displayId=0
08-13 16:38:32.171 1108 1148 W zygote64: kill(-9137, 9) failed: No such process
08-13 16:38:32.171 1108 1148 I zygote64: Successfully killed process cgroup uid 10125 pid 9137 in 45ms
08-13 16:38:32.175 2607 2607 W Notification: Use of stream types is deprecated for operations other than volume control
08-13 16:38:32.175 2607 2607 W Notification: See the documentation of setSound() for what to use instead with android.media.AudioAttributes to qualify your playback use case
08-13 16:38:32.175 1108 1154 W ActivityManager: setHasOverlayUi called on unknown pid: 9137
08-13 16:38:32.176 1108 1315 V AudioService.RotationHelper: publishing device rotation =0 (x90deg)
08-13 16:38:32.177 1108 1239 I InputReader: Reconfiguring input devices. changes=0x00000004
08-13 16:38:32.177 1108 1239 I InputReader: Device reconfigured: id=4, name='synaptics_dsxv26', size 1080x1920, orientation 0, mode 1, display id 0
08-13 16:38:32.205 4284 4284 D GeckoApplication: onConfigurationChanged: en_US, background: false
08-13 16:38:32.205 4284 4284 D GeckoLocales: No selected locale. No correction needed.
08-13 16:38:32.220 1108 1119 I WifiService: releaseWifiLock uid=10015
08-13 16:38:32.233 2197 9033 I GCoreUlr: Not uploading first location since start (in case we're in restart loop)
08-13 16:38:32.240 2197 4440 W Conscrypt: Could not set socket write timeout:
08-13 16:38:32.241 2197 4440 W Conscrypt: java.lang.reflect.Method.invoke(Native Method)
08-13 16:38:32.241 2197 4440 W Conscrypt: com.google.android.gms.org.conscrypt.Platform.setSocketWriteTimeout(:com.google.android.gms@11580948:13)
08-13 16:38:32.243 1443 1443 D StatusBar: disable
08-13 16:38:32.248 2607 2703 I System.out: true
08-13 16:38:32.251 1443 1443 W StatusBar/NavBarView: *** Invalid layout in navigation bar (sizeChanged this=1080x126 cur=1038x126)
08-13 16:38:32.251 1108 1210 I WindowManager: Screen frozen for +108ms due to Window{a36aed6 u0 StatusBar}
08-13 16:38:32.267 1443 1443 I Elmyra/ElmyraService: Unblocked; current action: SetupWizardAction
08-13 16:38:32.278 744 793 I ASH : @ 4124.981: ccb_proximityInit: PROX initialized w/initData
08-13 16:38:32.327 744 793 I ASH : @ 4125.031: ccb_proximityHandle: PRX_STATE_BEGIN
08-13 16:38:32.328 744 793 I ASH : @ 4125.032: ccb_proximityHandle: initial state farAway
08-13 16:38:33.286 2607 2607 W Notification: Use of stream types is deprecated for operations other than volume control
08-13 16:38:33.287 2607 2607 W Notification: See the documentation of setSound() for what to use instead with android.media.AudioAttributes to qualify your playback use case
08-13 16:38:33.291 2607 2607 W tutu.ABenchMark: type=1400 audit(0.0:569): avc: denied { read } for name="stat" dev="proc" ino=4026532079 scontext=u:r:untrusted_app:s0:c512,c768 tcontext=u:object_r:proc_stat:s0 tclass=file permissive=0
08-13 16:38:33.297 2607 2607 W Notification: Use of stream types is deprecated for operations other than volume control
08-13 16:38:33.297 2607 2607 W Notification: See the documentation of setSound() for what to use instead with android.media.AudioAttributes to qualify your playback use case
08-13 16:38:34.181 1108 2178 I ActivityManager: START u0 {act=com.antutu.benchmark.full.3D_RUN flg=0x14000000 cmp=com.antutu.benchmark.full/.UnityPlayerActivity (has extras)} from uid 10125
08-13 16:38:34.201 730 730 D QCOM PowerHAL: LAUNCH HINT: ON
08-13 16:38:34.203 730 730 D QCOM PowerHAL: Activity launch hint handled
08-13 16:38:34.252 1108 2178 I ActivityManager: Start proc 9273:com.antutu.benchmark.full:unity/u0a126 for activity com.antutu.benchmark.full/.UnityPlayerActivity
08-13 16:38:34.265 1108 1210 I ActivityManager: Config changes=480 {1.0 ?mcc?mnc [en_US] ldltr sw411dp w683dp h387dp 420dpi nrml widecg land finger -keyb/v/h -nav/h appBounds=Rect(0, 0 - 1794, 1080) s.17}
08-13 16:38:34.270 1108 1210 I ActivityManager: Override config changes=480 {1.0 ?mcc?mnc [en_US] ldltr sw411dp w683dp h387dp 420dpi nrml widecg land finger -keyb/v/h -nav/h appBounds=Rect(0, 0 - 1794, 1080) s.17} for displayId=0
08-13 16:38:34.273 1108 1315 V AudioService.RotationHelper: publishing device rotation =1 (x90deg)
08-13 16:38:34.279 1108 1239 I InputReader: Reconfiguring input devices. changes=0x00000004
08-13 16:38:34.279 1108 1239 I InputReader: Device reconfigured: id=4, name='synaptics_dsxv26', size 1080x1920, orientation 1, mode 1, display id 0
08-13 16:38:34.290 1108 3733 I OpenGLRenderer: Initialized EGL, version 1.4
08-13 16:38:34.290 1108 3733 D OpenGLRenderer: Swap behavior 2
08-13 16:38:34.316 4284 4284 D GeckoApplication: onConfigurationChanged: en_US, background: false
08-13 16:38:34.317 4284 4284 D GeckoLocales: No selected locale. No correction needed.
08-13 16:38:34.371 1443 1443 D StatusBar: disable
08-13 16:38:34.373 9273 9289 D libEGL : loaded /vendor/lib/egl/libEGL_adreno.so
08-13 16:38:34.378 1443 1443 W StatusBar/NavBarView: *** Invalid layout in navigation bar (sizeChanged this=126x1080 cur=126x1038)
08-13 16:38:34.384 9273 9289 D libEGL : loaded /vendor/lib/egl/libGLESv1_CM_adreno.so
08-13 16:38:34.388 9273 9273 E Unity : Unable to query for permission: Fragment null must be a public static class to be properly recreated from instance state.
08-13 16:38:34.400 9273 9289 D libEGL : loaded /vendor/lib/egl/libGLESv2_adreno.so
08-13 16:38:34.402 9273 9292 D OpenGLRenderer: HWUI GL Pipeline
08-13 16:38:34.410 1443 1443 I Elmyra/ElmyraService: Gated by NavigationBarVisibility [mIsNavigationHidden -> true; mExceptions -> [DismissTimer [mReceiverRegistered -> true], SnoozeAlarm [mReceiverRegistered -> true], SilenceCall [mSilenceSettingEnabled -> true], ServiceAction]]
08-13 16:38:34.413 9273 9292 I Adreno : QUALCOMM build : 594927b, I916dfac403
08-13 16:38:34.413 9273 9292 I Adreno : Build Date : 10/11/17
08-13 16:38:34.413 9273 9292 I Adreno : OpenGL ES Shader Compiler Version: EV031.21.02.00
08-13 16:38:34.413 9273 9292 I Adreno : Local Branch : mybranch28618966
08-13 16:38:34.413 9273 9292 I Adreno : Remote Branch : quic/gfx-adreno.lnx.6.4.9-rel
08-13 16:38:34.413 9273 9292 I Adreno : Remote Branch : NONE
08-13 16:38:34.413 9273 9292 I Adreno : Reconstruct Branch : NOTHING
08-13 16:38:34.413 744 793 I ASH : @ 4127.117: ams_deviceSetConfig: Disabling proximity
08-13 16:38:34.419 9273 9292 I Adreno : PFP: 0x005ff087, ME: 0x005ff063
08-13 16:38:34.421 9273 9292 I zygote : android::hardware::configstore::V1_0::ISurfaceFlingerConfigs::hasWideColorDisplay retrieved: 1
08-13 16:38:34.422 9273 9292 I OpenGLRenderer: Initialized EGL, version 1.4
08-13 16:38:34.422 9273 9292 D OpenGLRenderer: Swap behavior 2
08-13 16:38:34.441 1108 1210 E WindowManager: Performed 6 layouts in a row. Skipping
08-13 16:38:34.446 1108 1154 I ActivityManager: Displayed com.antutu.benchmark.full/.UnityPlayerActivity: +200ms
08-13 16:38:34.447 730 730 D QCOM PowerHAL: LAUNCH HINT: OFF
08-13 16:38:34.463 1108 1210 I WindowManager: Screen frozen for +237ms due to Window{b1f3a8 u0 Splash Screen com.antutu.benchmark.full}