08-13 15:30:41.028 1108 1449 I ActivityManager: Start proc 2569:com.google.android.gms/u0a15 for content provider com.google.android.gms/.chimera.container.GmsModuleProvider
08-13 15:30:41.028 1108 1656 W ActivityManager: Background start not allowed: service Intent { act=com.xiaomi.mipush.SEND_MESSAGE cmp=com.antutu.ABenchMark/com.xiaomi.push.service.XMPushService (has extras) } to com.antutu.ABenchMark/com.xiaomi.push.service.XMPushService from pid=2279 uid=10125 pkg=com.antutu.ABenchMark
08-13 15:30:41.030 1108 2336 W ActivityManager: Background start not allowed: service Intent { act=com.xiaomi.mipush.SEND_MESSAGE cmp=com.antutu.ABenchMark/com.xiaomi.push.service.XMPushService (has extras) } to com.antutu.ABenchMark/com.xiaomi.push.service.XMPushService from pid=2279 uid=10125 pkg=com.antutu.ABenchMark
08-13 15:30:41.031 1108 2336 W ActivityManager: Background start not allowed: service Intent { act=com.xiaomi.mipush.SEND_MESSAGE cmp=com.antutu.ABenchMark/com.xiaomi.push.service.XMPushService (has extras) } to com.antutu.ABenchMark/com.xiaomi.push.service.XMPushService from pid=2279 uid=10125 pkg=com.antutu.ABenchMark
08-13 15:30:41.054 1108 1656 W ActivityManager: Background start not allowed: service Intent { cmp=com.antutu.ABenchMark/com.igexin.sdk.PushService (has extras) } to com.antutu.ABenchMark/com.igexin.sdk.PushService from pid=2279 uid=10125 pkg=com.antutu.ABenchMark
08-13 15:30:41.072 1108 1656 I ActivityManager: Start proc 2588:com.google.process.gapps/u0a15 for content provider com.google.android.gsf/.settings.GoogleSettingsProvider
08-13 15:30:41.107 1108 1452 I ActivityManager: Start proc 2607:com.antutu.ABenchMark/u0a125 for content provider com.antutu.ABenchMark/com.umeng.message.provider.MessageProvider
08-13 15:30:41.202 1108 2178 I ActivityManager: Start proc 2639:com.google.android.partnersetup/u0a24 for content provider com.google.android.partnersetup/.RlzAppProvider
08-13 15:30:41.240 2383 2383 E SchedPolicy: set_timerslack_ns write failed: Operation not permitted
08-13 15:30:41.386 2383 2383 E SchedPolicy: set_timerslack_ns write failed: Operation not permitted
08-13 15:30:41.646 1108 1656 W ActivityManager: Unable to start service Intent { pkg=com.xiaomi.xmsf cmp=com.xiaomi.xmsf/.push.service.XMPushService (has extras) } U=0: not found
08-13 15:30:41.674 1108 1140 I ActivityManager: Start proc 2762:com.google.android.calendar/u0a74 for service com.google.android.calendar/com.google.android.syncadapters.calendar.CalendarSyncAdapterService
08-13 15:30:41.682 1108 1140 E SyncManager: Job params not found for 107203
08-13 15:30:41.682 1108 1140 E SyncManager: Job params not found for 107312
08-13 15:30:41.692 1108 1108 D BackupTransportManager: Bound to transport: com.google.android.gms/.backup.BackupTransportService
08-13 15:30:41.743 1108 1108 D BackupTransportManager: Bound to transport: com.google.android.gms/.backup.component.D2dTransportService
08-13 15:30:41.871 1108 2377 I ActivityManager: Start proc 2825:com.android.providers.calendar/u0a30 for content provider com.android.providers.calendar/.CalendarProvider2
08-13 15:30:41.896 1108 2831 I BootReceiver: Copying audit failures to DropBox
08-13 15:30:41.897 1108 2831 I BootReceiver: Checking for fsck errors
08-13 15:30:41.897 1108 2831 I BootReceiver: fs_stat, partition:userdata stat:0x3
08-13 15:30:41.898 1108 1108 I ActivityManager: Start proc 2845:com.google.android.dialer/u0a46 for broadcast com.google.android.dialer/com.google.android.apps.dialer.app.GoogleDialerBootReceiver
08-13 15:30:42.076 1108 1452 I ActivityManager: Start proc 2905:com.google.android.gms.feedback/u0a15 for service com.google.android.gms/.feedback.FeedbackService
08-13 15:30:42.227 1108 1449 I ActivityManager: Start proc 2968:android.process.acore/u0a3 for content provider com.android.providers.contacts/.ContactsProvider2
08-13 15:30:42.515 1108 1665 W BroadcastQueue: Background execution not allowed: receiving Intent { act=com.google.android.systemui.OPA_ENABLED flg=0x10000010 (has extras) } to com.google.android.apps.nexuslauncher/.qsb.OPAStatusReceiver
08-13 15:30:42.521 1108 1108 I Telecom : DefaultDialerCache: Refreshing default dialer for user 0: now com.google.android.dialer: DDC.oR@ACo
08-13 15:30:42.567 1108 2327 I ActivityManager: Start proc 3022:com.android.cellbroadcastreceiver/u0a28 for broadcast com.android.cellbroadcastreceiver/.CellBroadcastReceiver
08-13 15:30:42.572 1108 1108 D ConditionProviders.SCP: onReceive android.intent.action.TIME_SET
08-13 15:30:42.572 1108 1108 D ConditionProviders.SCP: notifyCondition condition://android/schedule?days=6.7&start=23.30&end=10.0&exitAtAlarm=false STATE_FALSE reason=!meetsSchedule
08-13 15:30:42.572 1108 1108 D ConditionProviders.SCP: notifyCondition condition://android/schedule?days=1.2.3.4.5&start=22.0&end=7.0&exitAtAlarm=false STATE_FALSE reason=!meetsSchedule
08-13 15:30:42.572 1108 1108 D ConditionProviders.SCP: Scheduling evaluate for Mon Aug 13 22:00:00 GMT+08:00 2018 (1534168800000), in +6h29m17s428ms, now=Mon Aug 13 15:30:42 GMT+08:00 2018 (1534145442572)
08-13 15:30:42.738 1108 2377 I ActivityManager: Start proc 3053:com.android.connectivity.metrics/u0a29 for broadcast com.android.connectivity.metrics/.SnapshotSchedulingReceiver
08-13 15:30:42.836 1108 2366 I ActivityManager: Start proc 3074:com.android.hotwordenrollment.okgoogle/u0a6 for broadcast com.android.hotwordenrollment.okgoogle/.StartupReceiver
08-13 15:30:42.928 1108 1449 I ActivityManager: Start proc 3099:com.android.hotwordenrollment.tgoogle/u0a42 for broadcast com.android.hotwordenrollment.tgoogle/.StartupReceiver
08-13 15:30:43.016 1108 2327 I ActivityManager: Start proc 3119:com.android.hotwordenrollment.xgoogle/u0a22 for broadcast com.android.hotwordenrollment.xgoogle/.StartupReceiver
08-13 15:30:43.105 1108 1449 I ActivityManager: Start proc 3140:com.android.managedprovisioning/u0a9 for broadcast com.android.managedprovisioning/.preprovisioning.BootReminder --------- beginning of crash
08-13 15:30:43.203 3168 3168 F libc : CANNOT LINK EXECUTABLE "sh": "/system/lib/libc++.so" is 32-bit instead of 64-bit
08-13 15:30:43.203 3168 3168 F libc : Fatal signal 6 (SIGABRT), code -6 in tid 3168 (sh), pid 3168 (sh)
08-13 15:30:43.220 3172 3172 F DEBUG : *** *** *** *** *** *** *** *** *** *** *** *** *** *** *** ***
08-13 15:30:43.220 3172 3172 F DEBUG : Build fingerprint: 'google/walleye/walleye:8.1.0/OPM1.171019.013/4474084:user/release-keys'
08-13 15:30:43.220 3172 3172 F DEBUG : Revision: 'MP1'
08-13 15:30:43.220 3172 3172 F DEBUG : ABI: 'arm64'
08-13 15:30:43.220 3172 3172 F DEBUG : pid: 3168, tid: 3168, name: sh >>> sh <<<
08-13 15:30:43.220 3172 3172 F DEBUG : signal 6 (SIGABRT), code -6 (SI_TKILL), fault addr --------
08-13 15:30:43.221 3172 3172 F DEBUG : Abort message: 'CANNOT LINK EXECUTABLE "sh": "/system/lib/libc++.so" is 32-bit instead of 64-bit'
08-13 15:30:43.221 3172 3172 F DEBUG : x0 0000000000000000 x1 0000000000000c60 x2 0000000000000006 x3 0000000000000008
08-13 15:30:43.221 3172 3172 F DEBUG : x4 8080808080808080 x5 8080808080808080 x6 8080808080808080 x7 0000000000000008
08-13 15:30:43.221 3172 3172 F DEBUG : x8 0000000000000083 x9 0000000010000000 x10 0000007fdac531c0 x11 0000000000000001
08-13 15:30:43.221 3172 3172 F DEBUG : x12 0000000000000000 x13 0000000000000000 x14 0000000000000000 x15 000c1b76a467b312
08-13 15:30:43.221 3172 3172 F DEBUG : x16 0000000000000000 x17 30eba60d011069ed x18 4ff858a4268b3faa x19 0000000000000c60
08-13 15:30:43.221 3172 3172 F DEBUG : x20 0000000000000c60 x21 0000000000000083 x22 0000007fdac54528 x23 0000005d2ad11a18
08-13 15:30:43.221 3172 3172 F DEBUG : x24 000000797d197970 x25 000000797d1a2010 x26 000000797d2ab7b0 x27 000000797d2ab000
08-13 15:30:43.221 3172 3172 F DEBUG : x28 0000007fdac54520 x29 0000007fdac53200 x30 000000797d24ef74
08-13 15:30:43.221 3172 3172 F DEBUG : sp 0000007fdac531c0 pc 000000797d24ef9c pstate 0000000060000000
08-13 15:30:43.226 3172 3172 F DEBUG :
08-13 15:30:43.226 3172 3172 F DEBUG : backtrace:
08-13 15:30:43.226 3172 3172 F DEBUG : #00 pc 000000000009df9c /system/bin/linker64 (__dl_abort+120)
08-13 15:30:43.226 3172 3172 F DEBUG : #01 pc 000000000001cb4c /system/bin/linker64 (__dl___linker_init+3628)
08-13 15:30:43.226 3172 3172 F DEBUG : #02 pc 0000000000023064 /system/bin/linker64 (_start+4)
08-13 15:30:43.230 1108 1420 W NativeCrashListener: Couldn't find ProcessRecord for pid 3168
08-13 15:30:43.232 1108 1151 I BootReceiver: Copying /data/tombstones/tombstone_01 to DropBox (SYSTEM_TOMBSTONE)
08-13 15:30:43.339 1108 1665 I ActivityManager: Start proc 3182:com.google.android.gms.unstable/u0a15 for service com.google.android.gms/.droidguard.DroidGuardService
08-13 15:30:43.383 1108 1449 I ActivityManager: Start proc 3199:com.android.vending/u0a65 for broadcast com.android.vending/com.google.android.finsky.boothandler.BootCompletedReceiver
08-13 15:30:43.592 1108 1287 D ConnectivityService: NetworkAgentInfo [WIFI () - 101] EVENT_NETWORK_INFO_CHANGED, going from CONNECTING to CONNECTED
08-13 15:30:43.593 1108 1287 D ConnectivityService: Adding iface wlan0 to network 101
08-13 15:30:43.605 1108 1287 D ConnectivityService: Setting DNS servers for network 101 to [/210.22.84.3, /210.22.70.3, /8.8.8.8]
08-13 15:30:43.624 1108 1287 D ConnectivityService: Switching to new default network: NetworkAgentInfo{ ni{[type: WIFI[], state: CONNECTED/CONNECTED, reason: (unspecified), extra: "EmployeeHotspot", failover: false, available: true, roaming: false]} network{101} nethandle{433808132830} lp{{InterfaceName: wlan0 LinkAddresses: [fe80::73ee:4d8a:d800:a163/64,10.188.145.221/21,] Routes: [fe80::/64 -> :: wlan0,10.188.144.0/21 -> 0.0.0.0 wlan0,0.0.0.0/0 -> 10.188.144.1 wlan0,] DnsAddresses: [210.22.84.3,210.22.70.3,8.8.8.8,] Domains: null MTU: 0 TcpBufferSizes: 524288,2097152,8388608,262144,524288,4194304}} nc{[ Transports: WIFI Capabilities: NOT_METERED&INTERNET&NOT_RESTRICTED&TRUSTED&NOT_VPN&FOREGROUND LinkUpBandwidth>=1048576Kbps LinkDnBandwidth>=1048576Kbps SignalStrength: -67]} Score{16} everValidated{false} lastValidated{false} created{true} lingering{false} explicitlySelected{false} acceptUnvalidated{false} everCaptivePortalDetected{false} lastCaptivePortalDetected{false} clat{null} }
08-13 15:30:43.629 1108 1287 D ConnectivityService: Sending CONNECTED broadcast for type 1 NetworkAgentInfo [WIFI () - 101] isDefaultNetwork=true
08-13 15:30:43.887 1108 2366 D BluetoothManagerService: Registered for death of com.google.android.gms
08-13 15:30:43.887 1108 2366 D BluetoothManagerService: 1 registered Ble Apps
08-13 15:30:43.888 1108 2366 D BluetoothManagerService: enable(com.google.android.gms): mBluetooth =null mBinding = false mState = OFF
08-13 15:30:43.888 1108 2366 D BluetoothManagerService: enable returning
08-13 15:30:43.888 1108 1153 D BluetoothManagerService: MESSAGE_ENABLE(0): mBluetooth = null
08-13 15:30:43.902 1108 1153 I ActivityManager: Start proc 3285:com.android.bluetooth/1002 for service com.android.bluetooth/.btservice.AdapterService
08-13 15:30:44.046 1108 1108 D BluetoothManagerService: BluetoothServiceConnection: com.android.bluetooth.btservice.AdapterService
08-13 15:30:44.046 1108 1153 D BluetoothManagerService: MESSAGE_BLUETOOTH_SERVICE_CONNECTED: 1
08-13 15:30:44.047 1108 1153 D BluetoothManagerService: Broadcasting onBluetoothServiceUp() to 7 receivers.
08-13 15:30:44.050 1108 1153 D BluetoothManagerService: MESSAGE_BLUETOOTH_STATE_CHANGE: OFF > BLE_TURNING_ON
08-13 15:30:44.050 1108 1153 D BluetoothManagerService: Sending BLE State Change: OFF > BLE_TURNING_ON
08-13 15:30:44.298 1108 2377 W BroadcastQueue: Permission Denial: receiving Intent { act=android.intent.action.BOOT_COMPLETED flg=0x9000010 (has extras) } to com.google.android.apps.docs/.app.NotificationChannelReceiver requires android.permission.RECEIVE_BOOT_COMPLETED due to sender null (uid 1000)
08-13 15:30:44.309 1108 1143 I ActivityManager: Start proc 3381:com.google.android.apps.gcs/u0a20 for broadcast com.google.android.apps.gcs/.receiver.BootCompletedReceiver
08-13 15:30:44.677 1108 2377 I ActivityManager: Start proc 3422:com.google.android.apps.messaging/u0a104 for broadcast com.google.android.apps.messaging/.shared.receiver.BootAndPackageReplacedReceiver
08-13 15:30:44.693 1108 2178 I ActivityManager: Killing 2082:com.google.android.deskclock/u0a119 (adj 906): empty #17
08-13 15:30:44.948 1108 1449 I ActivityManager: Start proc 3453:com.google.android.apps.messaging:rcs/u0a104 for broadcast com.google.android.apps.messaging/com.google.android.ims.receiver.AutoStartReceiver
08-13 15:30:44.948 1108 1449 I ActivityManager: Killing 2161:com.google.android.ext.services/u0a41 (adj 906): empty #17
08-13 15:30:45.036 1108 2318 I ActivityManager: Start proc 3471:com.google.android.apps.multidevice.client/u0a95 for broadcast com.google.android.apps.multidevice.client/.connection.Initializer
08-13 15:30:45.148 1108 1119 I ActivityManager: Start proc 3495:com.google.android.apps.photos/u0a88 for broadcast com.google.android.apps.photos/.backup.freestorage.full.beta.PixelOfferReceiver
08-13 15:30:45.149 1108 1119 I ActivityManager: Killing 2305:com.google.android.setupwizard/u0a44 (adj 906): empty #17
08-13 15:30:45.167 1108 1119 I ActivityManager: Start proc 3508:com.google.android.ims/u0a18 for service com.google.android.ims/.services.NetworkConnectionsService
08-13 15:30:45.273 1108 1108 D BluetoothManagerService: Bluetooth Adapter address changed to 40:4E:36:BE:34:59
08-13 15:30:45.273 1108 1108 D BluetoothManagerService: Stored Bluetoothaddress: 40:4E:36:BE:34:59
08-13 15:30:45.273 1108 1108 D BluetoothManagerService: Bluetooth Adapter name changed to Pixel 2
08-13 15:30:45.273 1108 1108 D BluetoothManagerService: Stored Bluetooth name: Pixel 2
08-13 15:30:45.283 1108 1153 D BluetoothManagerService: MESSAGE_BLUETOOTH_STATE_CHANGE: BLE_TURNING_ON > BLE_ON
08-13 15:30:45.283 1108 1153 D BluetoothManagerService: Bluetooth is in LE only mode
08-13 15:30:45.283 1108 1153 D BluetoothManagerService: Binding Bluetooth GATT service
08-13 15:30:45.284 1108 1153 D BluetoothManagerService: Sending BLE State Change: BLE_TURNING_ON > BLE_ON
08-13 15:30:45.285 1108 1108 D BluetoothManagerService: BluetoothServiceConnection: com.android.bluetooth.gatt.GattService
08-13 15:30:45.286 1108 1153 D BluetoothManagerService: MESSAGE_BLUETOOTH_SERVICE_CONNECTED: 2
08-13 15:30:45.286 1108 1153 D BluetoothManagerService: BluetoothGatt Service is Up
08-13 15:30:45.286 1108 1153 D BluetoothManagerService: isBleAppPresent() count: 1
08-13 15:30:45.779 1108 1655 I ActivityManager: Start proc 3562:com.google.android.apps.turbo/u0a8 for broadcast com.google.android.apps.turbo/.battery.BatteryChangedReceiver
08-13 15:30:45.780 1108 1655 I ActivityManager: Killing 2454:com.android.keychain/1000 (adj 906): empty #17
08-13 15:30:45.860 1108 2318 I ActivityManager: Start proc 3577:com.google.android.apps.wallpaper/u0a21 for broadcast com.google.android.apps.wallpaper/.module.GoogleAlarmInitializer
08-13 15:30:45.971 1108 1449 I ActivityManager: Start proc 3604:com.google.android.carrier/u0a25 for broadcast com.google.android.carrier/.CarrierSettingsReceiver
08-13 15:30:46.032 1108 2336 I ActivityManager: Start proc 3619:com.google.android.configupdater/u0a13 for broadcast com.google.android.configupdater/.MainReceiver
08-13 15:30:46.126 1108 2380 I ActivityManager: Start proc 3656:com.google.android.contacts/u0a14 for broadcast com.google.android.contacts/com.google.android.apps.contacts.interactions.OnBootOrUpgradeReceiver
08-13 15:30:46.127 1108 2380 I ActivityManager: Killing 2514:com.qualcomm.ltebc/u0a34 (adj 906): empty #17
08-13 15:30:46.260 1108 2380 I ActivityManager: START u0 {act=android.intent.action.MAIN cat=[android.intent.category.LAUNCHER] flg=0x10200000 cmp=com.antutu.ABenchMark/.ABenchMarkStart bnds=[237,200][439,462]} from uid 10016
08-13 15:30:46.314 1108 2327 I ActivityManager: Start proc 3685:com.google.android.deskclock/u0a119 for broadcast com.google.android.deskclock/com.android.deskclock.AlarmInitReceiver
08-13 15:30:46.314 1108 2327 I ActivityManager: Killing 1673:com.android.settings/1000 (adj 906): empty #17
08-13 15:30:46.359 1108 1154 W ActivityManager: setHasOverlayUi called on unknown pid: 1673
08-13 15:30:46.401 1108 1665 I ActivityManager: Killing 2059:com.google.android.marvin.talkback/u0a93 (adj 906): empty #17
08-13 15:30:46.447 1108 2366 I ActivityManager: Start proc 3734:com.google.android.gm/u0a114 for broadcast com.google.android.gm/.GoogleMailDeviceStartupReceiver
08-13 15:30:46.583 1108 2178 W ActivityManager: Slow operation: 97ms so far, now at startProcess: returned from zygote!
08-13 15:30:46.583 1108 2178 W ActivityManager: Slow operation: 97ms so far, now at startProcess: done updating battery stats
08-13 15:30:46.583 1108 2178 W ActivityManager: Slow operation: 97ms so far, now at startProcess: building log message
08-13 15:30:46.583 1108 2178 I ActivityManager: Start proc 3762:com.android.chrome:sandboxed_process0/u0i0 for webview_service com.antutu.ABenchMark/org.chromium.content.app.SandboxedProcessService0
08-13 15:30:46.583 1108 2178 W ActivityManager: Slow operation: 98ms so far, now at startProcess: starting to update pids map
08-13 15:30:46.583 1108 2178 W ActivityManager: Slow operation: 98ms so far, now at startProcess: done updating pids map
08-13 15:30:46.583 1108 2178 W ActivityManager: Slow operation: 98ms so far, now at startProcess: done starting proc!
08-13 15:30:46.614 3734 3782 D ActivityThread: Loading provider com.google.android.gmail.provider;com.android.mail.notifier;com.google.android.gm.email.provider;com.google.android.gm.tasks.provider;com.google.android.gm.email.notifier: com.android.email.provider.EmailProvider
08-13 15:30:46.731 1108 1665 W ActivityManager: Unable to start service Intent { cmp=com.google.android.gm.exchange/com.android.exchange.service.EasService } U=0: not found
08-13 15:30:46.833 1108 2178 W ActivityManager: Unable to start service Intent { cmp=com.google.android.gm/com.android.email.service.AttachmentService } U=0: not found
08-13 15:30:46.857 1108 1665 W ActivityManager: Unable to start service Intent { cmp=com.google.android.gm.exchange/com.android.exchange.service.EasService } U=0: not found
08-13 15:30:47.028 1108 2178 I ActivityManager: Start proc 3857:com.android.chrome/u0a121 for service com.android.chrome/org.chromium.chrome.browser.customtabs.CustomTabsConnectionService
08-13 15:30:47.030 1108 1143 W BroadcastQueue: Background execution not allowed: receiving Intent { act=com.google.android.systemui.OPA_ENABLED flg=0x10000010 (has extras) } to com.google.android.apps.nexuslauncher/.qsb.OPAStatusReceiver
08-13 15:30:47.063 1108 1656 I ActivityManager: Start proc 3878:com.google.android.hardwareinfo/u0a23 for broadcast com.google.android.hardwareinfo/.HardwareInfoBootReceiver
08-13 15:30:47.145 1108 1449 I ActivityManager: Killing 3022:com.android.cellbroadcastreceiver/u0a28 (adj 906): empty #17
08-13 15:30:47.159 1108 2380 V BackupManagerService: selectBackupTransportAsync() called with transport com.google.android.gms/.backup.BackupTransportService
08-13 15:30:47.164 1108 2380 V BackupManagerService: Transport successfully selected: com.google.android.gms/.backup.BackupTransportService
08-13 15:30:47.199 1108 2366 I ActivityManager: Start proc 3904:com.google.android.onetimeinitializer/u0a36 for broadcast com.google.android.onetimeinitializer/.OneTimeInitializerReceiver
08-13 15:30:47.282 1108 2380 I ActivityManager: Start proc 3932:com.google.android.packageinstaller/u0a53 for broadcast com.google.android.packageinstaller/com.android.packageinstaller.TemporaryFileManager
08-13 15:30:47.282 1108 2380 I ActivityManager: Killing 3053:com.android.connectivity.metrics/u0a29 (adj 906): empty #17
08-13 15:30:47.327 1108 2178 I ActivityManager: Killing 3074:com.android.hotwordenrollment.okgoogle/u0a6 (adj 906): empty #17
08-13 15:30:47.365 1108 1119 I ActivityManager: Killing 3099:com.android.hotwordenrollment.tgoogle/u0a42 (adj 906): empty #17
08-13 15:30:47.367 1108 1119 I ActivityManager: Killing 3119:com.android.hotwordenrollment.xgoogle/u0a22 (adj 906): empty #17
08-13 15:30:47.551 1108 2178 I ActivityManager: Start proc 3971:com.google.android.storagemanager/u0a48 for broadcast com.google.android.storagemanager/com.android.storagemanager.automatic.AutomaticStorageBroadcastReceiver
08-13 15:30:47.607 1108 1119 I ActivityManager: Start proc 3992:com.google.android.gms.ui/u0a15 for service com.google.android.gms/.chimera.UiIntentOperationService
08-13 15:30:47.648 1108 2380 I ActivityManager: Start proc 4010:com.google.process.gapps/u0a68 for broadcast com.google.android.syncadapters.contacts/.ContactsSyncAdapterBroadcastReceiver
08-13 15:30:47.650 1108 2380 I ActivityManager: Killing 3140:com.android.managedprovisioning/u0a9 (adj 906): empty #17
08-13 15:30:47.724 1108 1118 I ActivityManager: Start proc 4033:com.google.android.videos/u0a92 for broadcast com.google.android.videos/.service.pinning.TransferService$Receiver
08-13 15:30:47.798 1108 2336 I ActivityManager: Killing 3381:com.google.android.apps.gcs/u0a20 (adj 906): empty #17
08-13 15:30:48.037 2569 3341 E ActivityThread: Failed to find provider info for com.google.android.wearable.settings
08-13 15:30:48.168 1108 2477 W ActivityManager: Background start not allowed: service Intent { cmp=com.google.android.videos/.service.pinning.TransferService (has extras) } to com.google.android.videos/.service.pinning.TransferService from pid=4033 uid=10092 pkg=com.google.android.videos
08-13 15:30:48.181 1108 1656 W ActivityManager: Background start not allowed: service Intent { cmp=com.google.android.videos/.service.pinning.TransferService (has extras) } to com.google.android.videos/.service.pinning.TransferService from pid=4033 uid=10092 pkg=com.google.android.videos
08-13 15:30:48.208 1108 1449 I ActivityManager: Killing 2291:com.google.android.apps.maps/u0a97 (adj 906): empty #17
08-13 15:30:48.253 1108 1449 I SoundTriggerService: stopRecognition(): id = 9f6ad62a-1f0b-11e7-87c5-40a8f03d3f15
08-13 15:30:48.253 1108 1449 E SoundTriggerService: 9f6ad62a-1f0b-11e7-87c5-40a8f03d3f15 is not loaded
08-13 15:30:48.254 1108 1449 I SoundTriggerService: unloadSoundModel(): id = 9f6ad62a-1f0b-11e7-87c5-40a8f03d3f15
08-13 15:30:48.254 1108 1449 E SoundTriggerService: 9f6ad62a-1f0b-11e7-87c5-40a8f03d3f15 is not loaded
08-13 15:30:48.259 1108 1656 I SoundTriggerService: stopRecognition(): id = 9f6ad62a-1f0b-11e7-87c5-40a8f03d3f15
08-13 15:30:48.259 1108 1656 E SoundTriggerService: 9f6ad62a-1f0b-11e7-87c5-40a8f03d3f15 is not loaded
08-13 15:30:48.259 1108 1656 I SoundTriggerService: unloadSoundModel(): id = 9f6ad62a-1f0b-11e7-87c5-40a8f03d3f15
08-13 15:30:48.259 1108 1656 E SoundTriggerService: 9f6ad62a-1f0b-11e7-87c5-40a8f03d3f15 is not loaded
08-13 15:30:48.313 1108 1449 I ActivityManager: Start proc 4173:com.qualcomm.ltebc/u0a34 for broadcast com.qualcomm.ltebc/.LTEBroadcastBootReceiver
08-13 15:30:48.434 1108 1665 I ActivityManager: START u0 {cmp=com.antutu.ABenchMark/com.antutu.benchmark.ui.home.activity.ActivityMain} from uid 10125
08-13 15:30:48.525 1108 1665 I ActivityManager: Start proc 4204:com.qualcomm.ltebc_vzw/u0a106 for broadcast com.qualcomm.ltebc_vzw/.LTEBroadcastReceiver
08-13 15:30:48.551 1108 1449 I ActivityManager: Process com.qualcomm.ltebc (pid 4173) has died: fore SVC
08-13 15:30:48.814 1606 1606 W ContextImpl: Calling a method in the system process without a qualified user: android.app.ContextImpl.startService:1476 android.content.ContextWrapper.startService:650 android.content.ContextWrapper.startService:650 com.qualcomm.qti.uceShimService.RCSReceiver.onReceive:30 android.app.ActivityThread.handleReceiver:3187
08-13 15:30:48.826 1108 1665 I ActivityManager: Start proc 4238:com.verizon.mips.services/u0a49 for broadcast com.verizon.mips.services/com.vzw.hss.myverizon.rdd.receiver.RDDRegistrationReceiver
08-13 15:30:48.878 1108 1665 I ActivityManager: Start proc 4253:com.qualcomm.embms:remote/u0a108 for service com.qualcomm.embms/.EmbmsService
08-13 15:30:49.005 1108 2379 I ActivityManager: Start proc 4284:org.mozilla.firefox/u0a124 for broadcast org.mozilla.firefox/org.mozilla.mozstumbler.service.mainthread.SystemReceiver
08-13 15:30:49.061 1108 1150 E BatteryExternalStatsWorker: no controller energy info supplied for bluetooth
08-13 15:30:49.101 1108 1665 I ActivityManager: Finished processing BOOT_COMPLETED for u0
08-13 15:30:49.113 1108 1665 I ActivityManager: Start proc 4313:com.android.sdm.plugins.sprintdm/1001 for broadcast com.android.sdm.plugins.sprintdm/.SprintDMReceiver
08-13 15:30:49.169 1108 1449 I ActivityManager: Start proc 4329:com.android.settings/1000 for broadcast com.android.settings/.sim.SimSelectNotification
08-13 15:30:49.170 1108 2379 I ActivityManager: Killing 3422:com.google.android.apps.messaging/u0a104 (adj 906): empty #17
08-13 15:30:49.199 1108 1150 E BatteryExternalStatsWorker: no controller energy info supplied for bluetooth
08-13 15:30:49.234 1108 2327 I ActivityManager: Killing 3471:com.google.android.apps.multidevice.client/u0a95 (adj 906): empty #17
08-13 15:30:49.247 1108 2327 I ActivityManager: Start proc 4346:com.google.android.carriersetup/u0a45 for broadcast com.google.android.carriersetup/.VzwActivationReceiver
08-13 15:30:49.313 1108 1665 I ActivityManager: Killing 2361:com.android.printspooler/u0a109 (adj 906): empty #17
08-13 15:30:49.335 1108 1665 I ActivityManager: Start proc 4363:com.google.android.wfcactivation/u0a17 for broadcast com.google.android.wfcactivation/.VzwVoWiFiReceiver
08-13 15:30:49.377 1108 1665 I ActivityManager: Start proc 4379:com.htc.omadm.trigger/1001 for broadcast com.htc.omadm.trigger/.SIMChangedReceiver
08-13 15:30:49.377 1108 1665 I ActivityManager: Killing 3577:com.google.android.apps.wallpaper/u0a21 (adj 906): empty #17
08-13 15:30:49.418 1108 2318 I ActivityManager: Killing 3619:com.google.android.configupdater/u0a13 (adj 906): empty #17
08-13 15:30:49.421 1108 2318 W BroadcastQueue: Background execution not allowed: receiving Intent { act=android.intent.action.USER_PRESENT flg=0x24200010 } to com.antutu.ABenchMark/com.antutu.benchmark.receiver.KeepAliveReceiver
08-13 15:30:49.451 1108 2318 W BroadcastQueue: Background execution not allowed: receiving Intent { act=android.intent.action.USER_PRESENT flg=0x24200010 } to com.antutu.ABenchMark/com.igexin.sdk.PushReceiver
08-13 15:30:49.452 1108 1143 W BroadcastQueue: Background execution not allowed: receiving Intent { act=android.intent.action.USER_PRESENT flg=0x24200010 } to com.antutu.ABenchMark/com.taobao.accs.EventReceiver
08-13 15:30:49.548 1108 1449 I ActivityManager: Killing 3656:com.google.android.contacts/u0a14 (adj 906): empty #17
08-13 15:30:49.564 1108 1665 I ActivityManager: Process com.qualcomm.ltebc_vzw (pid 4204) has died: fore SVC
08-13 15:30:49.596 1108 1452 W BroadcastQueue: Background execution not allowed: receiving Intent { act=com.igexin.sdk.action.ZJJ5spRHSxAO0QpkSa6hz8 flg=0x30 (has extras) } to com.antutu.ABenchMark/com.antutu.benchmark.receiver.GeTuiReceiver
08-13 15:30:49.705 1108 1449 I ActivityManager: Start proc 4418:com.qualcomm.timeservice/u0a123 for broadcast com.qualcomm.timeservice/.TimeServiceBroadcastReceiver
08-13 15:30:49.759 1108 2477 I ActivityManager: Killing 3495:com.google.android.apps.photos/u0a88 (adj 906): empty #17
08-13 15:30:49.944 1108 1665 I ActivityManager: Start proc 4456:com.google.android.apps.maps/u0a97 for broadcast com.google.android.apps.maps/com.google.android.apps.gmm.ugc.ataplace.AtAPlaceService
08-13 15:30:50.949 1108 1665 I ActivityManager: Killing 3857:com.android.chrome/u0a121 (adj 906): empty #17
08-13 15:30:50.998 1108 2377 I ActivityManager: START u0 {flg=0x14000000 cmp=com.antutu.ABenchMark/com.antutu.benchmark.ui.test.activity.ActivityScoreBench (has extras)} from uid 10125
08-13 15:30:51.063 1108 2477 I ActivityManager: START u0 {act=com.antutu.benchmark.full.RUN_3D flg=0x14000000 pkg=com.antutu.benchmark.full cmp=com.antutu.benchmark.full/.TransferActivity (has extras)} from uid 10125
08-13 15:30:51.082 1108 1108 I Telecom : DefaultDialerCache: Refreshing default dialer for user 0: now com.google.android.dialer: DDC.oR@ADg
08-13 15:30:51.092 1108 1108 I Telecom : DefaultDialerCache: Refreshing default dialer for user 0: now com.google.android.dialer: DDC.oR@ADk
08-13 15:30:51.100 1108 2477 I ActivityManager: Start proc 4543:com.antutu.benchmark.full/u0a126 for activity com.antutu.benchmark.full/.TransferActivity
08-13 15:30:51.168 1108 1655 I ActivityManager: START u0 {act=android.content.pm.action.REQUEST_PERMISSIONS pkg=com.google.android.packageinstaller cmp=com.google.android.packageinstaller/com.android.packageinstaller.permission.ui.GrantPermissionsActivity (has extras)} from uid 10126
08-13 15:30:51.171 1108 1655 W ActivityManager: startActivity called from finishing ActivityRecord{ed2a10b u0 com.antutu.benchmark.full/.TransferActivity t85 f}; forcing Intent.FLAG_ACTIVITY_NEW_TASK for: Intent { act=android.content.pm.action.REQUEST_PERMISSIONS flg=0x800000 pkg=com.google.android.packageinstaller cmp=com.google.android.packageinstaller/com.android.packageinstaller.permission.ui.GrantPermissionsActivity (has extras) }
08-13 15:30:51.587 1108 1143 I ActivityManager: Killing 3878:com.google.android.hardwareinfo/u0a23 (adj 906): empty #17
08-13 15:30:53.437 1108 1119 I ActivityManager: START u0 {act=com.antutu.benchmark.full.3D_RUN flg=0x14000000 cmp=com.antutu.ABenchMark/com.antutu.benchmark.ui.test.activity.RefineryTransferActivity (has extras)} from uid 10125
08-13 15:30:53.488 1108 1119 I ActivityManager: Start proc 4594:com.antutu.ABenchMark:transfer/u0a125 for activity com.antutu.ABenchMark/com.antutu.benchmark.ui.test.activity.RefineryTransferActivity
08-13 15:30:53.489 1108 1210 I ActivityManager: Config changes=480 {1.0 ?mcc?mnc [en_US] ldltr sw411dp w683dp h387dp 420dpi nrml widecg land finger -keyb/v/h -nav/h appBounds=Rect(0, 0 - 1794, 1080) s.7}
08-13 15:30:53.495 1108 1210 I ActivityManager: Override config changes=480 {1.0 ?mcc?mnc [en_US] ldltr sw411dp w683dp h387dp 420dpi nrml widecg land finger -keyb/v/h -nav/h appBounds=Rect(0, 0 - 1794, 1080) s.7} for displayId=0
08-13 15:30:53.714 4594 4666 E ActivityThread: Failed to find provider info for com.facebook.katana.provider.AttributionIdProvider
08-13 15:30:53.727 1108 2378 I ActivityManager: START u0 {flg=0x54000000 cmp=com.antutu.ABenchMark/com.antutu.benchmark.ui.test.activity.RefineryActivity (has extras)} from uid 10125
08-13 15:30:53.732 1108 2378 I WindowManager: Screen frozen for +273ms due to AppWindowToken{4bc419d token=Token{c6c9ae5 ActivityRecord{afdf9dc u0 com.antutu.ABenchMark/com.antutu.benchmark.ui.test.activity.RefineryTransferActivity t84}}}
08-13 15:30:53.746 1108 2378 I ActivityManager: Start proc 4672:com.antutu.ABenchMark:refinery/u0a125 for activity com.antutu.ABenchMark/com.antutu.benchmark.ui.test.activity.RefineryActivity
08-13 15:30:53.933 4672 4743 E ActivityThread: Failed to find provider info for com.facebook.katana.provider.AttributionIdProvider
08-13 15:30:54.401 1108 1143 I ActivityManager: Killing 3904:com.google.android.onetimeinitializer/u0a36 (adj 906): empty #17
08-13 15:30:54.418 1108 1655 I ActivityManager: Process com.antutu.ABenchMark:transfer (pid 4594) has died: cch CEM
08-13 15:30:54.628 1108 1150 E BatteryExternalStatsWorker: no controller energy info supplied for bluetooth
08-13 15:30:56.463 1108 2178 V MediaRouterService: restoreBluetoothA2dp(false)
08-13 15:30:56.644 1108 1287 D ConnectivityService: NetworkAgentInfo [WIFI () - 101] validation failed
08-13 15:30:58.657 1108 2178 I ActivityManager: Start proc 4800:com.android.keychain/1000 for service com.android.keychain/.KeyChainService
08-13 15:30:58.700 1108 2477 I ActivityManager: Killing 3971:com.google.android.storagemanager/u0a48 (adj 906): empty #17
08-13 15:31:00.854 1108 1143 I ActivityManager: Waited long enough for: ServiceRecord{dc30916 u0 com.google.android.apps.turbo/.battery.BatteryChangedService}
08-13 15:31:01.379 1108 1452 W BroadcastQueue: Background execution not allowed: receiving Intent { act=com.igexin.sdk.action.ZJJ5spRHSxAO0QpkSa6hz8 flg=0x30 (has extras) } to com.antutu.ABenchMark/com.antutu.benchmark.receiver.GeTuiReceiver
08-13 15:31:01.379 1108 1143 W BroadcastQueue: Background execution not allowed: receiving Intent { act=com.igexin.sdk.action.ZJJ5spRHSxAO0QpkSa6hz8 flg=0x30 (has extras) } to com.antutu.ABenchMark/com.antutu.benchmark.receiver.GeTuiReceiver
08-13 15:31:01.400 1108 1655 W BroadcastQueue: Background execution not allowed: receiving Intent { act=com.igexin.sdk.action.ZJJ5spRHSxAO0QpkSa6hz8 flg=0x30 (has extras) } to com.antutu.ABenchMark/com.antutu.benchmark.receiver.GeTuiReceiver
08-13 15:31:01.401 1108 1143 W BroadcastQueue: Background execution not allowed: receiving Intent { act=com.igexin.sdk.action.ZJJ5spRHSxAO0QpkSa6hz8 flg=0x30 (has extras) } to com.antutu.ABenchMark/com.antutu.benchmark.receiver.GeTuiReceiver
08-13 15:31:01.574 1108 1452 I ActivityManager: Killing 4010:com.google.process.gapps/u0a68 (adj 906): empty #17
08-13 15:31:04.101 1108 1143 I ActivityManager: Waited long enough for: ServiceRecord{33ba069 u0 org.mozilla.firefox/org.mozilla.mozstumbler.service.stumblerthread.StumblerService}
08-13 15:31:06.868 1108 1655 I ActivityManager: Killing 4033:com.google.android.videos/u0a92 (adj 906): empty #17
08-13 15:31:08.303 1108 1449 I ActivityManager: Killing 2266:android.process.media/u0a12 (adj 906): empty #17
08-13 15:31:08.304 1108 1449 I ActivityManager: Killing 2968:android.process.acore/u0a3 (adj 906): empty #18
08-13 15:31:08.329 1108 2380 I ActivityManager: Killing 4313:com.android.sdm.plugins.sprintdm/1001 (adj 906): empty #17
08-13 15:31:09.858 1108 1150 E BatteryExternalStatsWorker: no controller energy info supplied for bluetooth
08-13 15:31:10.693 1108 1287 D ConnectivityService: NetworkAgentInfo [WIFI () - 101] validation failed
08-13 15:31:13.333 1108 2380 I ActivityManager: Killing 4329:com.android.settings/1000 (adj 906): empty #17
08-13 15:31:21.256 1108 1449 I ActivityManager: Killing 4346:com.google.android.carriersetup/u0a45 (adj 906): empty #17
08-13 15:31:25.737 1108 1287 D ConnectivityService: NetworkAgentInfo [WIFI () - 101] validation failed
08-13 15:31:35.582 1108 1449 I ActivityManager: Killing 2639:com.google.android.partnersetup/u0a24 (adj 906): empty #17
08-13 15:31:36.255 1108 1449 I ActivityManager: Killing 4363:com.google.android.wfcactivation/u0a17 (adj 906): empty #17
08-13 15:31:40.698 1108 1656 I ActivityManager: Killing 4379:com.htc.omadm.trigger/1001 (adj 906): empty #17
08-13 15:31:42.767 1108 1287 D ConnectivityService: NetworkAgentInfo [WIFI () - 101] validation failed
08-13 15:31:51.726 1108 1656 V MediaRouterService: restoreBluetoothA2dp(false)
08-13 15:31:51.749 1108 1656 I ActivityManager: START u0 {flg=0x14000000 cmp=com.antutu.ABenchMark/com.antutu.benchmark.ui.test.activity.RefineryTransferActivity (has extras)} from uid 10125
08-13 15:31:51.850 1108 1449 I WindowManager: WIN DEATH: Window{3618717 u0 com.antutu.ABenchMark/com.antutu.benchmark.ui.test.activity.RefineryActivity}
08-13 15:31:51.850 1108 1119 I ActivityManager: Process com.antutu.ABenchMark:refinery (pid 4672) has died: fore TOP
08-13 15:31:51.850 1108 1119 W ActivityManager: Force removing ActivityRecord{aa01c09 u0 com.antutu.ABenchMark/com.antutu.benchmark.ui.test.activity.RefineryActivity t84}: app died, no saved state
08-13 15:31:51.853 1108 1119 I WindowManager: Failed to capture screenshot of Token{edb7549 ActivityRecord{d77ef50 u0 com.antutu.ABenchMark/com.antutu.benchmark.ui.test.activity.RefineryTransferActivity t84}} appWin=Window{b1a5868 u0 Splash Screen com.antutu.ABenchMark} drawState=3
08-13 15:31:51.864 1108 1119 I ActivityManager: Start proc 4904:com.antutu.ABenchMark:transfer/u0a125 for activity com.antutu.ABenchMark/com.antutu.benchmark.ui.test.activity.RefineryTransferActivity
08-13 15:31:51.867 1108 1154 W ActivityManager: setHasOverlayUi called on unknown pid: 4672
08-13 15:31:51.959 1108 1143 W BroadcastQueue: Background execution not allowed: receiving Intent { act=com.igexin.sdk.action.ZJJ5spRHSxAO0QpkSa6hz8 flg=0x30 (has extras) } to com.antutu.ABenchMark/com.antutu.benchmark.receiver.GeTuiReceiver
08-13 15:31:52.041 4904 4973 E ActivityThread: Failed to find provider info for com.facebook.katana.provider.AttributionIdProvider
08-13 15:31:54.058 1108 1449 I ActivityManager: START u0 {flg=0x54000000 cmp=com.antutu.ABenchMark/com.antutu.benchmark.ui.test.activity.RefineryActivity (has extras)} from uid 10125
08-13 15:31:54.088 1108 1449 I ActivityManager: Start proc 4987:com.antutu.ABenchMark:refinery/u0a125 for activity com.antutu.ABenchMark/com.antutu.benchmark.ui.test.activity.RefineryActivity
08-13 15:31:54.178 1108 1143 W BroadcastQueue: Background execution not allowed: receiving Intent { act=com.igexin.sdk.action.ZJJ5spRHSxAO0QpkSa6hz8 flg=0x30 (has extras) } to com.antutu.ABenchMark/com.antutu.benchmark.receiver.GeTuiReceiver
08-13 15:31:54.262 4987 5057 E ActivityThread: Failed to find provider info for com.facebook.katana.provider.AttributionIdProvider
08-13 15:31:54.491 1108 2477 I WindowManager: WIN DEATH: Window{cad55b0 u0 com.antutu.ABenchMark/com.antutu.benchmark.ui.test.activity.RefineryTransferActivity}
08-13 15:31:54.491 1108 2377 I ActivityManager: Process com.antutu.ABenchMark:transfer (pid 4904) has died: cch CEM
08-13 15:31:54.495 1108 1154 W ActivityManager: setHasOverlayUi called on unknown pid: 4904
08-13 15:31:57.226 1108 1287 D ConnectivityService: reportNetworkConnectivity(101, true) by 10015
08-13 15:31:57.228 1108 1287 I chatty : uid=1000(system) ConnectivitySer identical 1 line
08-13 15:31:57.229 1108 1287 D ConnectivityService: reportNetworkConnectivity(101, true) by 10015
08-13 15:32:03.815 1108 1287 D ConnectivityService: NetworkAgentInfo [WIFI () - 101] validation failed
08-13 15:32:08.328 1108 2477 I ActivityManager: Start proc 5098:com.google.android.apps.wallpaper/u0a21 for broadcast com.google.android.apps.wallpaper/.module.DailyLoggingAlarmReceiver
08-13 15:32:08.735 1108 1655 I WindowManager: WIN DEATH: Window{17f2be6 u0 com.antutu.ABenchMark/com.antutu.benchmark.ui.test.activity.RefineryActivity}
08-13 15:32:08.735 1108 2377 I ActivityManager: Process com.antutu.ABenchMark:refinery (pid 4987) has died: fore TOP
08-13 15:32:08.735 1108 2377 W ActivityManager: Force removing ActivityRecord{a0d5761 u0 com.antutu.ABenchMark/com.antutu.benchmark.ui.test.activity.RefineryActivity t84}: app died, no saved state
08-13 15:32:08.767 1108 2377 I ActivityManager: Config changes=480 {1.0 ?mcc?mnc [en_US] ldltr sw411dp w411dp h659dp 420dpi nrml widecg port finger -keyb/v/h -nav/h appBounds=Rect(0, 0 - 1080, 1794) s.8}
08-13 15:32:08.807 1108 2377 I ActivityManager: Override config changes=480 {1.0 ?mcc?mnc [en_US] ldltr sw411dp w411dp h659dp 420dpi nrml widecg port finger -keyb/v/h -nav/h appBounds=Rect(0, 0 - 1080, 1794) s.8} for displayId=0
08-13 15:32:08.821 1108 1154 W ActivityManager: setHasOverlayUi called on unknown pid: 4987
08-13 15:32:08.900 1108 1210 I WindowManager: Screen frozen for +154ms due to Window{a36aed6 u0 StatusBar}
08-13 15:32:10.824 1108 1655 I ActivityManager: START u0 {act=com.antutu.benchmark.full.3D_RUN flg=0x14000000 cmp=com.antutu.benchmark.full/.UnityPlayerActivity (has extras)} from uid 10125
08-13 15:32:10.884 1108 1655 I ActivityManager: Start proc 5134:com.antutu.benchmark.full:unity/u0a126 for activity com.antutu.benchmark.full/.UnityPlayerActivity
08-13 15:32:10.914 1108 1210 I ActivityManager: Config changes=480 {1.0 ?mcc?mnc [en_US] ldltr sw411dp w683dp h387dp 420dpi nrml widecg land finger -keyb/v/h -nav/h appBounds=Rect(0, 0 - 1794, 1080) s.9}
08-13 15:32:10.919 1108 1210 I ActivityManager: Override config changes=480 {1.0 ?mcc?mnc [en_US] ldltr sw411dp w683dp h387dp 420dpi nrml widecg land finger -keyb/v/h -nav/h appBounds=Rect(0, 0 - 1794, 1080) s.9} for displayId=0
08-13 15:32:11.141 1108 1210 E WindowManager: Performed 6 layouts in a row. Skipping
08-13 15:32:11.161 1108 1210 I WindowManager: Screen frozen for +304ms due to Window{52ca0e7 u0 Splash Screen com.antutu.benchmark.full}
08-13 15:32:16.853 1108 1287 D ConnectivityService: NetworkAgentInfo [WIFI () - 101] validation failed
08-13 15:32:30.930 1108 1287 D ConnectivityService: NetworkAgentInfo [WIFI () - 101] validation failed
08-13 15:32:30.934 1108 1143 I ActivityManager: Killing 4253:com.qualcomm.embms:remote/u0a108 (adj 906): empty #17
08-13 15:32:46.011 1108 1287 D ConnectivityService: NetworkAgentInfo [WIFI () - 101] validation failed
08-13 15:32:54.403 1108 1150 E BatteryExternalStatsWorker: no controller energy info supplied for bluetooth
08-13 15:33:03.052 1108 1287 D ConnectivityService: NetworkAgentInfo [WIFI () - 101] validation failed
08-13 15:33:24.150 1108 1287 D ConnectivityService: NetworkAgentInfo [WIFI () - 101] validation failed
08-13 15:33:36.135 1108 1239 I PowerManagerService: Going to sleep due to power button (uid 1000)...
08-13 15:33:36.674 1108 1156 I DisplayPowerController: Blocking screen off
08-13 15:33:36.674 1108 1156 I DisplayPowerController: Unblocked screen off after 1 ms
08-13 15:33:36.931 1108 1156 I DreamManagerService: Entering dreamland.
08-13 15:33:36.931 1108 1156 I PowerManagerService: Dozing...
08-13 15:33:36.943 1108 1154 I DisplayManagerService: Display device changed state: "Built-in Screen", OFF
08-13 15:33:36.959 1108 1143 I ActivityManager: Killing 4418:com.qualcomm.timeservice/u0a123 (adj 906): empty #17
08-13 15:33:36.966 1108 1152 I DreamController: Starting dream: name=ComponentInfo{com.android.systemui/com.android.systemui.doze.DozeService}, isTest=false, canDoze=true, userId=0
08-13 15:33:36.993 1108 1655 I WindowManager: WIN DEATH: Window{3a45b71 u0 com.antutu.benchmark.full/com.antutu.benchmark.full.UnityPlayerActivity}
08-13 15:33:36.993 1108 2178 I ActivityManager: Process com.antutu.benchmark.full:unity (pid 5134) has died: cch CEM
08-13 15:33:37.006 1108 1154 W ActivityManager: setHasOverlayUi called on unknown pid: 5134
08-13 15:33:37.007 1108 1449 I ActivityManager: Config changes=480 {1.0 ?mcc?mnc [en_US] ldltr sw411dp w411dp h659dp 420dpi nrml widecg port finger -keyb/v/h -nav/h appBounds=Rect(0, 0 - 1080, 1794) s.10}
08-13 15:33:37.012 1108 1239 I PowerManagerService: Waking up from dozing (uid=1000 reason=android.policy:POWER)...
08-13 15:33:37.028 1108 1449 I ActivityManager: Override config changes=480 {1.0 ?mcc?mnc [en_US] ldltr sw411dp w411dp h659dp 420dpi nrml widecg port finger -keyb/v/h -nav/h appBounds=Rect(0, 0 - 1080, 1794) s.10} for displayId=0
08-13 15:33:37.029 1108 1156 I DisplayPowerController: Blocking screen on until initial contents have been drawn.
08-13 15:33:37.073 1108 1154 I DisplayManagerService: Display device changed state: "Built-in Screen", ON
08-13 15:33:37.077 1108 1449 I ActivityManager: Activity reported stop, but no longer stopping: ActivityRecord{b704ded u0 com.antutu.ABenchMark/com.antutu.benchmark.ui.test.activity.ActivityScoreBench t84}
08-13 15:33:37.135 1108 2178 I WindowManager: Failed to capture screenshot of Token{8dd9422 ActivityRecord{b704ded u0 com.antutu.ABenchMark/com.antutu.benchmark.ui.test.activity.ActivityScoreBench t84}} appWin=Window{7349aa3 u0 com.antutu.ABenchMark/com.antutu.benchmark.ui.test.activity.ActivityScoreBench} drawState=4
08-13 15:33:37.318 1108 2327 I ActivityManager: Activity reported stop, but no longer stopping: ActivityRecord{b704ded u0 com.antutu.ABenchMark/com.antutu.benchmark.ui.test.activity.ActivityScoreBench t84 f}
08-13 15:33:37.332 1108 1156 I DisplayPowerController: Unblocked screen on after 302 ms
08-13 15:33:37.332 1108 1156 W PowerManagerService: Screen on took 321 ms
08-13 15:33:37.332 1108 1156 I DreamManagerService: Gently waking up from dream.
08-13 15:33:37.332 1108 1152 I DreamManagerService: Performing gentle wake from dream.
08-13 15:33:37.343 1108 2178 I DreamManagerService: Leaving dreamland.
08-13 15:33:37.343 1108 1152 I DreamManagerService: Performing gentle wake from dream.
08-13 15:33:37.343 1108 1152 I DreamController: Stopping dream: name=ComponentInfo{com.android.systemui/com.android.systemui.doze.DozeService}, isTest=false, canDoze=true, userId=0
08-13 15:33:42.145 1108 1449 I LockSettingsService: Unlocking user 0 with secret only, length 64
08-13 15:33:42.145 1108 1449 W ActivityManager: Expected user 0 in state RUNNING_LOCKED but was in state RUNNING_UNLOCKED
08-13 15:33:42.146 1108 1449 I LockSettingsService: Disabling escrow token on user 0
08-13 15:33:42.505 1108 1143 W BroadcastQueue: Background execution not allowed: receiving Intent { act=android.intent.action.USER_PRESENT flg=0x24200010 } to com.antutu.ABenchMark/com.antutu.benchmark.receiver.KeepAliveReceiver
08-13 15:33:42.549 1108 1449 W BroadcastQueue: Background execution not allowed: receiving Intent { act=android.intent.action.USER_PRESENT flg=0x24200010 } to com.antutu.ABenchMark/com.igexin.sdk.PushReceiver
08-13 15:33:42.549 1108 1143 W BroadcastQueue: Background execution not allowed: receiving Intent { act=android.intent.action.USER_PRESENT flg=0x24200010 } to com.antutu.ABenchMark/com.taobao.accs.EventReceiver
08-13 15:33:47.611 1108 1239 I PowerManagerService: Going to sleep due to power button (uid 1000)...
08-13 15:33:48.072 1108 1156 I DisplayPowerController: Blocking screen off
08-13 15:33:48.073 1108 1156 I DisplayPowerController: Unblocked screen off after 1 ms
08-13 15:33:48.152 1108 1154 I DisplayManagerService: Display device changed state: "Built-in Screen", OFF
08-13 15:33:48.377 1108 1156 I DreamManagerService: Entering dreamland.
08-13 15:33:48.378 1108 1156 I PowerManagerService: Dozing...
08-13 15:33:48.380 1108 1152 I DreamController: Starting dream: name=ComponentInfo{com.android.systemui/com.android.systemui.doze.DozeService}, isTest=false, canDoze=true, userId=0
08-13 15:33:48.468 1108 1156 I DisplayPowerController: Blocking screen on until initial contents have been drawn.
08-13 15:33:48.469 1108 1154 I DisplayManagerService: Display device changed state: "Built-in Screen", DOZE
08-13 15:33:48.475 1108 2379 I WindowManager: Failed to capture screenshot of Token{89f620b ActivityRecord{64c6dda u0 com.antutu.ABenchMark/com.antutu.benchmark.ui.home.activity.ActivityMain t84}} appWin=Window{6388819 u0 com.antutu.ABenchMark/com.antutu.benchmark.ui.home.activity.ActivityMain} drawState=4
08-13 15:33:48.712 1108 1156 I DisplayPowerController: Unblocked screen on after 244 ms
08-13 15:33:50.231 1108 1287 D ConnectivityService: NetworkAgentInfo [WIFI () - 101] validation failed
08-13 15:34:02.123 1108 1150 E BatteryExternalStatsWorker: no controller energy info supplied for bluetooth
08-13 15:34:35.604 1108 1287 D ConnectivityService: NetworkAgentInfo [WIFI () - 101] validation failed
08-13 15:34:47.909 1108 1655 I ActivityManager: Start proc 5311:com.google.android.youtube/u0a120 for service com.google.android.youtube/com.google.android.libraries.youtube.common.gcore.gcoreclient.gcm.impl.GcmTaskServiceDelegator
08-13 15:34:48.285 1108 1449 W ActivityManager: Permission Denial: Accessing service ComponentInfo{com.google.android.music/com.google.android.music.dial.DialMediaRouteProviderService} from pid=5311, uid=10120 that is not exported from uid 10073
08-13 15:34:58.676 1108 1118 I ActivityManager: Start proc 5473:android.process.media/u0a12 for content provider com.android.providers.media/.MediaProvider
08-13 15:35:52.870 1108 1287 D ConnectivityService: NetworkAgentInfo [WIFI () - 101] validation failed
08-13 15:37:18.139 822 822 W wificond: Failed to get NL80211_ATTR_STATUS_CODE
08-13 15:37:30.932 1108 2178 I ActivityManager: Killing 4456:com.google.android.apps.maps/u0a97 (adj 906): empty #17
08-13 15:37:46.301 1108 1156 I DisplayPowerController: Blocking screen off
08-13 15:37:46.302 1108 1156 I DisplayPowerController: Unblocked screen off after 1 ms
08-13 15:37:46.307 1108 1154 I DisplayManagerService: Display device changed state: "Built-in Screen", OFF
08-13 15:38:07.541 1108 1156 I DisplayPowerController: Blocking screen on until initial contents have been drawn.
08-13 15:38:07.543 1108 1154 I DisplayManagerService: Display device changed state: "Built-in Screen", DOZE
08-13 15:38:07.592 1108 1156 I DisplayPowerController: Unblocked screen on after 51 ms
08-13 15:38:14.246 1108 1287 D ConnectivityService: NetworkAgentInfo [WIFI () - 101] validation failed
08-13 15:38:51.536 1108 1150 E BatteryExternalStatsWorker: no controller energy info supplied for bluetooth
08-13 15:39:21.428 822 822 W wificond: Failed to get NL80211_ATTR_STATUS_CODE
08-13 15:40:43.662 1108 1108 I JobServiceContext: Client timed out while executing (no jobFinished received), sending onStop: 988db #u0a46/50 com.google.android.dialer/com.google.android.apps.dialer.spam.impl.SpamJobService
08-13 15:40:43.690 1108 2318 I ActivityManager: Killing 2588:com.google.process.gapps/u0a15 (adj 906): empty #17
08-13 15:40:43.806 1108 1655 I ActivityManager: Killing 3932:com.google.android.packageinstaller/u0a53 (adj 906): empty #17
08-13 15:40:43.909 1108 2378 I ActivityManager: Start proc 5666:com.android.chrome/u0a121 for service com.android.chrome/org.chromium.chrome.browser.ChromeBackgroundService
08-13 15:40:44.164 1108 2378 I ActivityManager: Start proc 5692:com.google.android.apps.gcs/u0a20 for service com.google.android.apps.gcs/.service.WfaStateTaskService
08-13 15:40:44.235 1108 2318 I ActivityManager: Start proc 5715:com.google.android.videos/u0a92 for service com.google.android.videos/.service.drm.RefreshLicenseTaskService
08-13 15:40:44.359 1108 2380 W ActivityManager: Background start not allowed: service Intent { cmp=com.google.android.videos/.service.pinning.TransferService (has extras) } to com.google.android.videos/.service.pinning.TransferService from pid=5715 uid=10092 pkg=com.google.android.videos
