22:19:48 T:139792280844224 DEBUG: NetworkMessage - Starting network services
22:19:48 T:139790674630400 INFO: initializing python engine.
22:19:48 T:139790674630400 DEBUG: CPythonInvoker(7, /home/xbmc/.xbmc/addons/script.skinshortcuts/default.py): start processing
22:19:48 T:139791067940608 NOTICE: -->Python Interpreter Initialized<--
22:19:48 T:139791067940608 DEBUG: CPythonInvoker(4, /home/xbmc/.xbmc/addons/script.xbmc.unpausejumpback/default.py): the source file to load is /home/xbmc/.xbmc/addons/script.xbmc.unpausejumpback/default.py
22:19:48 T:139790716499712 NOTICE: -->Python Interpreter Initialized<--
22:19:48 T:139790716499712 DEBUG: CPythonInvoker(5, /home/xbmc/.xbmc/addons/script.tv.show.next.aired/default.py): the source file to load is /home/xbmc/.xbmc/addons/script.tv.show.next.aired/default.py
22:19:48 T:139792280844224 INFO: CZeroconfAvahi::clientCallback: avahi server not available. But may become later...
22:19:48 T:139792280844224 NOTICE: starting zeroconf publishing
22:19:48 T:139792280844224 NOTICE: Webserver: Starting...
22:19:48 T:139792280844224 NOTICE: WebServer: Started the webserver
22:19:48 T:139792280844224 NOTICE: ES: Starting event server
22:19:48 T:139790305453824 NOTICE: Thread EventServer start, auto delete: false
22:19:48 T:139790305453824 NOTICE: ES: Starting UDP Event server on 0.0.0.0:9777
22:19:48 T:139790305453824 NOTICE: UDP: Listening on port 9777
22:19:48 T:139792280844224 ERROR: JSONRPC Server: Failed to connect to sdpd
22:19:48 T:139792280844224 INFO: JSONRPC Server: Successfully initialized
22:19:48 T:139790297061120 NOTICE: Thread TCPServer start, auto delete: false
22:19:48 T:139792280844224 DEBUG: ------ Window Init (DialogKaiToast.xml) ------
22:19:48 T:139792280844224 DEBUG: Window DialogKaiToast.xml was already loaded
22:19:48 T:139792280844224 DEBUG: Alloc resources: 0.00m
22:19:48 T:139790691415808 NOTICE: Thread JobWorker start, auto delete: true
22:19:48 T:139790691415808 DEBUG: CRecentlyAddedJob::UpdateMusic() - Running RecentlyAdded home screen update
22:19:48 T:139790691415808 DEBUG: GetRecentlyAddedAlbumSongs() query: SELECT songview.* FROM (SELECT idAlbum FROM albumview ORDER BY idAlbum DESC LIMIT 10) AS recentalbums JOIN songview ON songview.idAlbum=recentalbums.idAlbum
22:19:48 T:139790288668416 NOTICE: Thread JobWorker start, auto delete: true
22:19:48 T:139790691415808 DEBUG: GetRecentlyAddedAlbums query: select * from albumview where strAlbum != '' order by idAlbum desc limit 10
22:19:48 T:139790691415808 DEBUG: CRecentlyAddedJob::UpdateVideos() - Running RecentlyAdded home screen update
22:19:48 T:139791479842560 DEBUG: CecLogMessage - >> 5f:84:20:00:05
22:19:48 T:139791479842560 DEBUG: CecLogMessage - >> Audio (5) -> Broadcast (F): report physical address (84)
22:19:48 T:139791479842560 DEBUG: CecLogMessage - Audio (5): physical address changed from ffff to 2000
22:19:48 T:139791747434240 DEBUG: CecLogMessage - expected response received (84: report physical address)
22:19:48 T:139791747434240 DEBUG: CecLogMessage - Playback 1 (4): physical address changed from ffff to 2200
22:19:48 T:139791747434240 DEBUG: CecLogMessage - << Playback 1 (4) -> broadcast (F): physical adddress 2200
22:19:48 T:139791747434240 DEBUG: CecLogMessage - << 4f:84:22:00:04
22:19:48 T:139790691415808 DEBUG: RunQuery took 5 ms for 10 items query: select * from movieview ORDER BY dateAdded desc, idMovie desc LIMIT 10
22:19:48 T:139790691415808 DEBUG: RunQuery took 3 ms for 10 items query: select * from episodeview ORDER BY dateAdded desc, idEpisode desc LIMIT 10
22:19:48 T:139791067940608 DEBUG: CPythonInvoker(4, /home/xbmc/.xbmc/addons/script.xbmc.unpausejumpback/default.py): setting the Python path to /home/xbmc/.xbmc/addons/script.xbmc.unpausejumpback:/home/xbmc/.xbmc/addons/script.module.simplejson/lib:/usr/share/xbmc/addons/script.module.pil/lib:/home/xbmc/.xbmc/addons/script.module.unidecode/lib:/home/xbmc/.xbmc/addons/script.grab.fanart/default.py:/home/xbmc/.xbmc/addons/script.module.mechanize/lib:/usr/share/xbmc/addons/xbmc.debug/:/home/xbmc/.xbmc/addons/script.module.xbmcswift2/lib:/home/xbmc/.xbmc/addons/script.module.requests2/lib:/home/xbmc/.xbmc/addons/script.web.viewer/lib:/usr/share/xbmc/addons/script.module.pysqlite/lib:/usr/lib/python2.7:/usr/lib/python2.7/plat-x86_64-linux-gnu:/usr/lib/python2.7/lib-tk:/usr/lib/python2.7/lib-old:/usr/lib/python2.7/lib-dynload:/usr/local/lib/python2.7/dist-packages:/usr/lib/python2.7/dist-packages:/usr/lib/python2.7/dist-packages/PILcompat:/usr/lib/pymodules/python2.7
22:19:48 T:139791067940608 DEBUG: CPythonInvoker(4, /home/xbmc/.xbmc/addons/script.xbmc.unpausejumpback/default.py): entering source directory /home/xbmc/.xbmc/addons/script.xbmc.unpausejumpback
22:19:48 T:139791067940608 DEBUG: CPythonInvoker(4, /home/xbmc/.xbmc/addons/script.xbmc.unpausejumpback/default.py): instantiating addon using automatically obtained id of "script.xbmc.unpausejumpback" dependent on version 2.1.0 of the xbmc.python api
22:19:48 T:139791093118720 NOTICE: -->Python Interpreter Initialized<--
22:19:48 T:139791093118720 DEBUG: CPythonInvoker(1, /home/xbmc/.xbmc/addons/service.watchdog/service.py): the source file to load is /home/xbmc/.xbmc/addons/service.watchdog/service.py
22:19:48 T:139791093118720 DEBUG: CPythonInvoker(1, /home/xbmc/.xbmc/addons/service.watchdog/service.py): setting the Python path to /home/xbmc/.xbmc/addons/service.watchdog:/home/xbmc/.xbmc/addons/script.module.simplejson/lib:/usr/share/xbmc/addons/script.module.pil/lib:/home/xbmc/.xbmc/addons/script.module.unidecode/lib:/home/xbmc/.xbmc/addons/script.grab.fanart/default.py:/home/xbmc/.xbmc/addons/script.module.mechanize/lib:/usr/share/xbmc/addons/xbmc.debug/:/home/xbmc/.xbmc/addons/script.module.xbmcswift2/lib:/home/xbmc/.xbmc/addons/script.module.requests2/lib:/home/xbmc/.xbmc/addons/script.web.viewer/lib:/usr/share/xbmc/addons/script.module.pysqlite/lib:/usr/lib/python2.7:/usr/lib/python2.7/plat-x86_64-linux-gnu:/usr/lib/python2.7/lib-tk:/usr/lib/python2.7/lib-old:/usr/lib/python2.7/lib-dynload:/usr/local/lib/python2.7/dist-packages:/usr/lib/python2.7/dist-packages:/usr/lib/python2.7/dist-packages/PILcompat:/usr/lib/pymodules/python2.7
22:19:48 T:139791093118720 DEBUG: CPythonInvoker(1, /home/xbmc/.xbmc/addons/service.watchdog/service.py): entering source directory /home/xbmc/.xbmc/addons/service.watchdog
22:19:48 T:139791093118720 DEBUG: CPythonInvoker(1, /home/xbmc/.xbmc/addons/service.watchdog/service.py): instantiating addon using automatically obtained id of "service.watchdog" dependent on version 2.1.0 of the xbmc.python api
22:19:48 T:139790691415808 DEBUG: RunQuery took 0 ms for 0 items query: select * from musicvideoview ORDER BY dateAdded desc, idMVideo desc LIMIT 10
22:19:48 T:139790691415808 DEBUG: CRecentlyAddedJob::UpdateTotal() - Running RecentlyAdded home screen update
22:19:48 T:139790288668416 DEBUG: CZeroconfAvahi::doPublishService identifier: servers.webserver type: _http._tcp name:XBMC (SERVER) port:8080
22:19:48 T:139790288668416 DEBUG: CZeroconfAvahi::doPublishService: client not running, queued for publishing
22:19:48 T:139790288668416 DEBUG: CZeroconfAvahi::doPublishService identifier: servers.jsonrpc-http type: _xbmc-jsonrpc-h._tcp name:XBMC (SERVER) port:8080
22:19:48 T:139790288668416 DEBUG: CZeroconfAvahi::doPublishService: client not running, queued for publishing
22:19:48 T:139790288668416 DEBUG: CZeroconfAvahi::doPublishService identifier: servers.eventserver type: _xbmc-events._udp name:XBMC (SERVER) port:9777
22:19:48 T:139790288668416 DEBUG: CZeroconfAvahi::doPublishService: client not running, queued for publishing
22:19:48 T:139790288668416 DEBUG: CZeroconfAvahi::doPublishService identifier: servers.jsonrpc-tpc type: _xbmc-jsonrpc._tcp name:XBMC (SERVER) port:9090
22:19:48 T:139790288668416 DEBUG: CZeroconfAvahi::doPublishService: client not running, queued for publishing
22:19:48 T:139790288668416 DEBUG: StartScript - calling plugin Library Data Provider('plugin://service.library.data.provider/','1','?type=recentmovies&reload=')
22:19:48 T:139790288668416 DEBUG: WaitOnScriptResult - waiting on the Library Data Provider (id=8) plugin...
22:19:48 T:139790279751424 NOTICE: Thread LanguageInvoker start, auto delete: false
22:19:48 T:139790279751424 INFO: initializing python engine.
22:19:48 T:139790279751424 DEBUG: CPythonInvoker(8, /home/xbmc/.xbmc/addons/service.library.data.provider-master/service.py): start processing
22:19:48 T:139791067940608 DEBUG: ### [XBMC Unpause Jumpback] - [XBMC Unpause Jumpback] - Version: 2.3.1 Started
22:19:48 T:139791067940608 DEBUG: ### [XBMC Unpause Jumpback] - MyMonitor - init
22:19:48 T:139791067940608 DEBUG: ### [XBMC Unpause Jumpback] - MyPlayer - init
22:19:48 T:139791067940608 DEBUG: ### [XBMC Unpause Jumpback] - Settings loaded! JumpBackSecs: 15, WaitSecs: 15
22:19:48 T:139791076333312 DEBUG: Library Data Provider: script version 0.0.1 started
22:19:48 T:139791084726016 NOTICE: script.grab.fanart: Grab Fanart Service Started
22:19:48 T:139790716499712 DEBUG: CPythonInvoker(5, /home/xbmc/.xbmc/addons/script.tv.show.next.aired/default.py): setting the Python path to /home/xbmc/.xbmc/addons/script.tv.show.next.aired:/home/xbmc/.xbmc/addons/script.module.simplejson/lib:/usr/share/xbmc/addons/script.module.pil/lib:/home/xbmc/.xbmc/addons/script.module.unidecode/lib:/home/xbmc/.xbmc/addons/script.grab.fanart/default.py:/home/xbmc/.xbmc/addons/script.module.mechanize/lib:/usr/share/xbmc/addons/xbmc.debug/:/home/xbmc/.xbmc/addons/script.module.xbmcswift2/lib:/home/xbmc/.xbmc/addons/script.module.requests2/lib:/home/xbmc/.xbmc/addons/script.web.viewer/lib:/usr/share/xbmc/addons/script.module.pysqlite/lib:/usr/lib/python2.7:/usr/lib/python2.7/plat-x86_64-linux-gnu:/usr/lib/python2.7/lib-tk:/usr/lib/python2.7/lib-old:/usr/lib/python2.7/lib-dynload:/usr/local/lib/python2.7/dist-packages:/usr/lib/python2.7/dist-packages:/usr/lib/python2.7/dist-packages/PILcompat:/usr/lib/pymodules/python2.7
22:19:48 T:139790716499712 DEBUG: CPythonInvoker(5, /home/xbmc/.xbmc/addons/script.tv.show.next.aired/default.py): entering source directory /home/xbmc/.xbmc/addons/script.tv.show.next.aired
22:19:48 T:139790683023104 NOTICE: -->Python Interpreter Initialized<--
22:19:48 T:139790683023104 DEBUG: CPythonInvoker(6, /home/xbmc/.xbmc/addons/weather.wunderground/default.py): the source file to load is /home/xbmc/.xbmc/addons/weather.wunderground/default.py
22:19:48 T:139790674630400 NOTICE: -->Python Interpreter Initialized<--
22:19:48 T:139790674630400 DEBUG: CPythonInvoker(7, /home/xbmc/.xbmc/addons/script.skinshortcuts/default.py): the source file to load is /home/xbmc/.xbmc/addons/script.skinshortcuts/default.py
22:19:48 T:139790716499712 DEBUG: CPythonInvoker(5, /home/xbmc/.xbmc/addons/script.tv.show.next.aired/default.py): instantiating addon using automatically obtained id of "script.tv.show.next.aired" dependent on version 2.1.0 of the xbmc.python api
22:19:48 T:139791116330752 NOTICE: -->Python Interpreter Initialized<--
22:19:48 T:139791116330752 DEBUG: CPythonInvoker(0, /home/xbmc/.xbmc/addons/service.xbmc.versioncheck/service.py): the source file to load is /home/xbmc/.xbmc/addons/service.xbmc.versioncheck/service.py
22:19:48 T:139791093118720 DEBUG: service.watchdog: video sources ['/home/fileserver/HDD4/Filme/', '/home/fileserver/HDD2/HD_Filme/', '/home/fileserver/HDD3/Filme/', '/home/fileserver/HDD1/Filme/HD/', '/home/fileserver/HDD5/Filme/', '/home/fileserver/HDD1/Filme/Serien/', '/home/fileserver/HDD1/XXX/']
22:19:48 T:139790683023104 DEBUG: CPythonInvoker(6, /home/xbmc/.xbmc/addons/weather.wunderground/default.py): setting the Python path to /home/xbmc/.xbmc/addons/weather.wunderground:/home/xbmc/.xbmc/addons/script.module.simplejson/lib:/usr/share/xbmc/addons/script.module.pil/lib:/home/xbmc/.xbmc/addons/script.module.unidecode/lib:/home/xbmc/.xbmc/addons/script.grab.fanart/default.py:/home/xbmc/.xbmc/addons/script.module.mechanize/lib:/usr/share/xbmc/addons/xbmc.debug/:/home/xbmc/.xbmc/addons/script.module.xbmcswift2/lib:/home/xbmc/.xbmc/addons/script.module.requests2/lib:/home/xbmc/.xbmc/addons/script.web.viewer/lib:/usr/share/xbmc/addons/script.module.pysqlite/lib:/usr/lib/python2.7:/usr/lib/python2.7/plat-x86_64-linux-gnu:/usr/lib/python2.7/lib-tk:/usr/lib/python2.7/lib-old:/usr/lib/python2.7/lib-dynload:/usr/local/lib/python2.7/dist-packages:/usr/lib/python2.7/dist-packages:/usr/lib/python2.7/dist-packages/PILcompat:/usr/lib/pymodules/python2.7
22:19:48 T:139790683023104 DEBUG: CPythonInvoker(6, /home/xbmc/.xbmc/addons/weather.wunderground/default.py): entering source directory /home/xbmc/.xbmc/addons/weather.wunderground
22:19:48 T:139790683023104 DEBUG: CPythonInvoker(6, /home/xbmc/.xbmc/addons/weather.wunderground/default.py): instantiating addon using automatically obtained id of "weather.wunderground" dependent on version 2.12.0 of the xbmc.python api
22:19:48 T:139790674630400 DEBUG: CPythonInvoker(7, /home/xbmc/.xbmc/addons/script.skinshortcuts/default.py): setting the Python path to /home/xbmc/.xbmc/addons/script.skinshortcuts:/home/xbmc/.xbmc/addons/script.module.simplejson/lib:/usr/share/xbmc/addons/script.module.pil/lib:/home/xbmc/.xbmc/addons/script.module.unidecode/lib:/home/xbmc/.xbmc/addons/script.grab.fanart/default.py:/home/xbmc/.xbmc/addons/script.module.mechanize/lib:/usr/share/xbmc/addons/xbmc.debug/:/home/xbmc/.xbmc/addons/script.module.xbmcswift2/lib:/home/xbmc/.xbmc/addons/script.module.requests2/lib:/home/xbmc/.xbmc/addons/script.web.viewer/lib:/usr/share/xbmc/addons/script.module.pysqlite/lib:/usr/lib/python2.7:/usr/lib/python2.7/plat-x86_64-linux-gnu:/usr/lib/python2.7/lib-tk:/usr/lib/python2.7/lib-old:/usr/lib/python2.7/lib-dynload:/usr/local/lib/python2.7/dist-packages:/usr/lib/python2.7/dist-packages:/usr/lib/python2.7/dist-packages/PILcompat:/usr/lib/pymodules/python2.7
22:19:48 T:139790674630400 DEBUG: CPythonInvoker(7, /home/xbmc/.xbmc/addons/script.skinshortcuts/default.py): entering source directory /home/xbmc/.xbmc/addons/script.skinshortcuts
22:19:48 T:139790674630400 DEBUG: CPythonInvoker(7, /home/xbmc/.xbmc/addons/script.skinshortcuts/default.py): instantiating addon using automatically obtained id of "script.skinshortcuts" dependent on version 2.14.0 of the xbmc.python api
22:19:48 T:139791076333312 DEBUG: Library Data Provider: Opening file - /home/xbmc/.xbmc/userdata/addon_data/service.library.data.provider/randommovies.json
22:19:48 T:139791076333312 DEBUG: RunQuery took 6 ms for 244 items query: select * from movieview WHERE ((movieview.playCount IS NULL OR movieview.playCount < 1))
22:19:48 T:139791116330752 DEBUG: CPythonInvoker(0, /home/xbmc/.xbmc/addons/service.xbmc.versioncheck/service.py): setting the Python path to /home/xbmc/.xbmc/addons/service.xbmc.versioncheck:/home/xbmc/.xbmc/addons/script.module.simplejson/lib:/usr/share/xbmc/addons/script.module.pil/lib:/home/xbmc/.xbmc/addons/script.module.unidecode/lib:/home/xbmc/.xbmc/addons/script.grab.fanart/default.py:/home/xbmc/.xbmc/addons/script.module.mechanize/lib:/usr/share/xbmc/addons/xbmc.debug/:/home/xbmc/.xbmc/addons/script.module.xbmcswift2/lib:/home/xbmc/.xbmc/addons/script.module.requests2/lib:/home/xbmc/.xbmc/addons/script.web.viewer/lib:/usr/share/xbmc/addons/script.module.pysqlite/lib:/usr/lib/python2.7:/usr/lib/python2.7/plat-x86_64-linux-gnu:/usr/lib/python2.7/lib-tk:/usr/lib/python2.7/lib-old:/usr/lib/python2.7/lib-dynload:/usr/local/lib/python2.7/dist-packages:/usr/lib/python2.7/dist-packages:/usr/lib/python2.7/dist-packages/PILcompat:/usr/lib/pymodules/python2.7
22:19:48 T:139791116330752 DEBUG: CPythonInvoker(0, /home/xbmc/.xbmc/addons/service.xbmc.versioncheck/service.py): entering source directory /home/xbmc/.xbmc/addons/service.xbmc.versioncheck
22:19:48 T:139791116330752 DEBUG: CPythonInvoker(0, /home/xbmc/.xbmc/addons/service.xbmc.versioncheck/service.py): instantiating addon using automatically obtained id of "service.xbmc.versioncheck" dependent on version 2.1.0 of the xbmc.python api
22:19:48 T:139791084726016 DEBUG: script.grab.fanart: media type is: random
22:19:48 T:139790279751424 NOTICE: -->Python Interpreter Initialized<--
22:19:48 T:139790279751424 DEBUG: CPythonInvoker(8, /home/xbmc/.xbmc/addons/service.library.data.provider-master/service.py): the source file to load is /home/xbmc/.xbmc/addons/service.library.data.provider-master/service.py
22:19:48 T:139791116330752 DEBUG: XBMC Version Check: Version 0.1.20 started
22:19:48 T:139791084726016 DEBUG: RunQuery took 5 ms for 348 items query: select * from movieview
22:19:48 T:139791116330752 INFO: CPythonInvoker(0, /home/xbmc/.xbmc/addons/service.xbmc.versioncheck/service.py): script successfully run
22:19:48 T:139792280844224 DEBUG: started alarm with name: checkatboot
22:19:48 T:139792280844224 DEBUG: started alarm with name: checkwhilerunning
22:19:48 T:139791076333312 DEBUG: Library Data Provider: Saving file
22:19:48 T:139789899130624 NOTICE: Thread AlarmClock start, auto delete: false
22:19:48 T:139791747434240 DEBUG: CecLogMessage - using persisted autonomous mode setting: 'enabled'
22:19:48 T:139791747434240 DEBUG: CecLogMessage - using persisted CEC version setting: '1.4'
22:19:48 T:139791116330752 INFO: Python script stopped
22:19:48 T:139791116330752 DEBUG: Thread LanguageInvoker 139791116330752 terminating
22:19:48 T:139790279751424 DEBUG: CPythonInvoker(8, /home/xbmc/.xbmc/addons/service.library.data.provider-master/service.py): setting the Python path to /home/xbmc/.xbmc/addons/service.library.data.provider-master:/home/xbmc/.xbmc/addons/script.module.simplejson/lib:/usr/share/xbmc/addons/script.module.pil/lib:/home/xbmc/.xbmc/addons/script.module.unidecode/lib:/home/xbmc/.xbmc/addons/script.grab.fanart/default.py:/home/xbmc/.xbmc/addons/script.module.mechanize/lib:/usr/share/xbmc/addons/xbmc.debug/:/home/xbmc/.xbmc/addons/script.module.xbmcswift2/lib:/home/xbmc/.xbmc/addons/script.module.requests2/lib:/home/xbmc/.xbmc/addons/script.web.viewer/lib:/usr/share/xbmc/addons/script.module.pysqlite/lib:/usr/lib/python2.7:/usr/lib/python2.7/plat-x86_64-linux-gnu:/usr/lib/python2.7/lib-tk:/usr/lib/python2.7/lib-old:/usr/lib/python2.7/lib-dynload:/usr/local/lib/python2.7/dist-packages:/usr/lib/python2.7/dist-packages:/usr/lib/python2.7/dist-packages/PILcompat:/usr/lib/pymodules/python2.7
22:19:48 T:139790279751424 DEBUG: CPythonInvoker(8, /home/xbmc/.xbmc/addons/service.library.data.provider-master/service.py): entering source directory /home/xbmc/.xbmc/addons/service.library.data.provider-master
22:19:48 T:139790279751424 DEBUG: CPythonInvoker(8, /home/xbmc/.xbmc/addons/service.library.data.provider-master/service.py): instantiating addon using automatically obtained id of "service.library.data.provider" dependent on version 2.1.0 of the xbmc.python api
22:19:48 T:139791747434240 DEBUG: CecLogMessage - using persisted logical address setting: 'Playback 1'
22:19:48 T:139791747434240 DEBUG: CecLogMessage - using persisted device type setting: 'playback device'
22:19:48 T:139791747434240 DEBUG: CecLogMessage - using persisted logical address mask setting: '910'
22:19:48 T:139791747434240 DEBUG: CecLogMessage - using persisted device name setting: 'XBMC'
22:19:48 T:139791076333312 DEBUG: Library Data Provider: Opening file - /home/xbmc/.xbmc/userdata/addon_data/service.library.data.provider/randomepisodes.json
22:19:48 T:139791747434240 DEBUG: CecLogMessage - using persisted physical address setting: '2200'
22:19:48 T:139791747434240 DEBUG: CecLogMessage - making Playback 1 (4) the active source
22:19:48 T:139791747434240 DEBUG: CecLogMessage - TV (0): power status changed from 'unknown' to 'in transition from standby to on'
22:19:48 T:139791747434240 DEBUG: CecLogMessage - marking the adapter as active source
22:19:48 T:139791076333312 DEBUG: RunQuery took 3 ms for 234 items query: select * from episodeview WHERE ((episodeview.playCount IS NULL OR episodeview.playCount < 1))
22:19:48 T:139791747434240 DEBUG: CecLogMessage - >> source activated: Playback 1 (4)
22:19:48 T:139791747434240 DEBUG: CecLogMessage - scheduling active source message for 'Playback 1'
22:19:48 T:139791747434240 DEBUG: CecLogMessage - CEC client registered: libCEC version = 2.1.4, client version = 2.1.4, firmware version = 3, firmware build date: Thu Nov 15
11:09:45 2012 +0000, logical address(es) = Playback 1 (4) , base device: Audio (5), HDMI port number: 2, physical address: 2.2.0.0, host: x86_64-unknown-linux-gnu, features: 'P8 USB' 'P8 USB detect', git revision: 30d9194, compiled on: Mon Mar 31
15:33:12 UTC 2014 by root@SERVER.fritz.box on Linux 3.13-1-amd64 (x86_64)
22:19:48 T:139791747434240 DEBUG: CecLogMessage - Playback 1 (4): vendor = Panasonic (008045)
22:19:48 T:139791747434240 DEBUG: CecLogMessage - replacing the command handler for device 'Playback 1' (4)
22:19:48 T:139791747434240 DEBUG: CecLogMessage - << Playback 1 (4) -> TV (0): OSD name 'XBMC'
22:19:48 T:139791747434240 DEBUG: CecLogMessage - << 40:47:58:42:4d:43
22:19:48 T:139791084726016 DEBUG: script.grab.fanart: found 348 movies files
22:19:48 T:139791084726016 DEBUG: RunQuery took 2 ms for 4 items query: SELECT * FROM tvshowview
22:19:48 T:139791084726016 DEBUG: script.grab.fanart: found 4 tv files
22:19:48 T:139791084726016 DEBUG: GetArtistsByWhere query: SELECT artistview.* FROM artistview WHERE (artistview.idArtist IN (SELECT song_artist.idArtist FROM song_artist) OR artistview.idArtist IN (SELECT album_artist.idArtist FROM album_artist)) and artistview.strArtist != '' and artistview.strArtist <> 'Verschiedene Interpreten'
22:19:48 T:139791084726016 DEBUG: Time to retrieve artists from dataset = 4
22:19:49 T:139791084726016 DEBUG: script.grab.fanart: found 1 music files
22:19:49 T:139791076333312 DEBUG: Library Data Provider: Saving file
22:19:49 T:139790683023104 DEBUG: POParser: loaded 40 strings from file /home/xbmc/.xbmc/addons/weather.wunderground/resources/language/German/strings.po
22:19:49 T:139790683023104 DEBUG: POParser: loaded 0 strings from file /home/xbmc/.xbmc/addons/weather.wunderground/resources/language/English/strings.po
22:19:49 T:139790279751424 DEBUG: Library Data Provider: script version 0.0.1 started
22:19:49 T:139790716499712 DEBUG: POParser: loaded 35 strings from file /home/xbmc/.xbmc/addons/script.tv.show.next.aired/resources/language/German/strings.po
22:19:49 T:139790716499712 DEBUG: POParser: loaded 3 strings from file /home/xbmc/.xbmc/addons/script.tv.show.next.aired/resources/language/English/strings.po
22:19:49 T:139790674630400 DEBUG: script.skinshortcuts: Loaded data functions
22:19:49 T:139790674630400 DEBUG: script.skinshortcuts: Loaded xml functions
22:19:49 T:139790674630400 DEBUG: script.skinshortcuts: Loaded data functions
22:19:49 T:139790674630400 DEBUG: script.skinshortcuts: script version 0.2.4 started
22:19:49 T:139791076333312 DEBUG: Library Data Provider: Opening file - /home/xbmc/.xbmc/userdata/addon_data/service.library.data.provider/randomsongs.json
22:19:49 T:139791076333312 DEBUG: GetSongsByWhere query = SELECT songview.* FROM songview WHERE ((CAST(songview.iTimesPlayed as DECIMAL(5,1)) < 1))
22:19:49 T:139791076333312 DEBUG: GetSongsByWhere() - took 13 ms
22:19:49 T:139790716499712 DEBUG: script.tv.show.next.aired: ### params: {'silent': 'True'}
22:19:49 T:139790716499712 NOTICE: script.tv.show.next.aired: ### TV Show - Next Aired starting background proc (6.0.7)
22:19:49 T:139790279751424 DEBUG: LocalizeStrings: no translation available in currently set gui language, at path /home/xbmc/.xbmc/addons/service.library.data.provider-master/resources/language/German
22:19:49 T:139790279751424 DEBUG: POParser: loaded 18 strings from file /home/xbmc/.xbmc/addons/service.library.data.provider-master/resources/language/English/strings.po
22:19:49 T:139791747434240 DEBUG: CecLogMessage - << requesting power status of 'TV' (0)
22:19:49 T:139791747434240 DEBUG: CecLogMessage - << 40:8f
22:19:49 T:139791479842560 DEBUG: CecLogMessage - >> 04:00:47:00
22:19:49 T:139791479842560 DEBUG: CecLogMessage - >> TV (0) -> Playback 1 (4): feature abort ( 0)
22:19:49 T:139791479842560 DEBUG: CecLogMessage - marking opcode 'set osd name' as unsupported feature for device 'TV'
22:19:49 T:139790288668416 DEBUG: WaitOnScriptResult- plugin returned successfully
22:19:49 T:139790279751424 DEBUG: Library Data Provider: script version 0.0.1 stopped
22:19:49 T:139790279751424 INFO: CPythonInvoker(8, /home/xbmc/.xbmc/addons/service.library.data.provider-master/service.py): script successfully run
22:19:49 T:139790279751424 INFO: Python script stopped
22:19:49 T:139790279751424 DEBUG: Thread LanguageInvoker 139790279751424 terminating
22:19:49 T:139791076333312 DEBUG: Library Data Provider: Saving file
22:19:49 T:139790674630400 DEBUG: script.skinshortcuts: Checking is user has updated menu
22:19:49 T:139790674630400 DEBUG: script.skinshortcuts: Checking include files exist
22:19:49 T:139790674630400 DEBUG: script.skinshortcuts: - Yes
22:19:49 T:139790674630400 DEBUG: script.skinshortcuts: Checking hashes...
22:19:49 T:139790674630400 WARNING: CreateFile, successfuly opened instead of
22:19:49 T:139790674630400 WARNING: CreateFile, successfuly opened instead of
22:19:49 T:139790674630400 WARNING: CreateFile, successfuly opened instead of
22:19:49 T:139790674630400 WARNING: CreateFile, successfuly opened instead of
22:19:49 T:139790674630400 WARNING: CreateFile, successfuly opened instead of
22:19:49 T:139790674630400 WARNING: CreateFile, successfuly opened instead of
22:19:49 T:139790674630400 WARNING: CreateFile, successfuly opened instead of
22:19:49 T:139790674630400 WARNING: CreateFile, successfuly opened instead of
22:19:49 T:139790674630400 DEBUG: script.skinshortcuts: Menu is up to date
22:19:49 T:139791479842560 DEBUG: CecLogMessage - >>
04:90:00
22:19:49 T:139791479842560 DEBUG: CecLogMessage - >> TV (0) -> Playback 1 (4): report power status (90)
22:19:49 T:139791479842560 DEBUG: CecLogMessage - TV (0): power status changed from 'in transition from standby to on' to 'on'
22:19:49 T:139791747434240 DEBUG: CecLogMessage - expected response received (90: report power status)
22:19:49 T:139791747434240 DEBUG: OpenConnection - connection to the CEC adapter opened
22:19:49 T:139790279751424 NOTICE: Thread CECAdapterUpdate start, auto delete: false
22:19:49 T:139790279751424 DEBUG: CecLogMessage - Playback 1 (4) was already marked as active source
22:19:49 T:139790279751424 DEBUG: CecLogMessage - >> source activated: Playback 1 (4)
22:19:49 T:139790279751424 DEBUG: CecLogMessage - sending active source message for 'Playback 1'
22:19:49 T:139790279751424 DEBUG: CecLogMessage - << 40:89:10:02:ff:ff:00:05:05:45:55:5c:58:32
22:19:49 T:139790279751424 DEBUG: CecLogMessage - << powering on 'TV' (0)
22:19:49 T:139790279751424 DEBUG: CecLogMessage - << 40:04
22:19:49 T:139791076333312 DEBUG: Library Data Provider: Opening file - /home/xbmc/.xbmc/userdata/addon_data/service.library.data.provider/randomalbums.json
22:19:49 T:139792280655616 NOTICE: Thread RSSReader start, auto delete: false
22:19:49 T:139792280655616 DEBUG: CurlFile::Open(0x7f23ed3b0c70) http://feeds.xbmc.org/xbmc
22:19:49 T:139792280655616 INFO: easy_aquire - Created session to http://feeds.xbmc.org
22:19:49 T:139791076333312 DEBUG: GetAlbumsByWhere query: SELECT albumview.* FROM albumview WHERE albumview.strAlbum <> ''
22:19:49 T:139791076333312 DEBUG: GetAlbumsByWhere - query took 1 ms
22:19:49 T:139791076333312 DEBUG: Library Data Provider: Saving file
22:19:49 T:139790674630400 DEBUG: script.skinshortcuts: script stopped
22:19:49 T:139790674630400 INFO: CPythonInvoker(7, /home/xbmc/.xbmc/addons/script.skinshortcuts/default.py): script successfully run
22:19:49 T:139790674630400 INFO: Python script stopped
22:19:49 T:139790674630400 DEBUG: Thread LanguageInvoker 139790674630400 terminating
22:19:49 T:139790716499712 DEBUG: RunQuery took 0 ms for 4 items query: SELECT * FROM tvshowview
22:19:49 T:139791116330752 DEBUG: webserver: request received for /jsonrpc
22:19:49 T:139791093118720 DEBUG: service.watchdog: watching using
22:19:49 T:139791076333312 DEBUG: Library Data Provider: Opening file - /home/xbmc/.xbmc/userdata/addon_data/service.library.data.provider/recentmovies.json
22:19:49 T:139791076333312 DEBUG: RunQuery took 2 ms for 244 items query: select * from movieview WHERE ((movieview.playCount IS NULL OR movieview.playCount = 0))
22:19:49 T:139791093118720 DEBUG: service.watchdog: watching using
22:19:49 T:139791093118720 DEBUG: service.watchdog: watching using
22:19:49 T:139791076333312 DEBUG: Library Data Provider: Saving file
22:19:49 T:139791093118720 DEBUG: service.watchdog: watching using
22:19:49 T:139791093118720 DEBUG: service.watchdog: watching using
22:19:49 T:139791093118720 DEBUG: service.watchdog: watching using
22:19:49 T:139791093118720 DEBUG: service.watchdog: watching using
22:19:49 T:139791076333312 DEBUG: Library Data Provider: Opening file - /home/xbmc/.xbmc/userdata/addon_data/service.library.data.provider/recentepisodes.json
22:19:49 T:139790288668416 DEBUG: StartScript - calling plugin Library Data Provider('plugin://service.library.data.provider/','2','?type=recentmovies&reload=20140412201949')
22:19:49 T:139790288668416 DEBUG: WaitOnScriptResult - waiting on the Library Data Provider (id=9) plugin...
22:19:49 T:139789089101568 NOTICE: Thread LanguageInvoker start, auto delete: false
22:19:49 T:139789089101568 INFO: initializing python engine.
22:19:49 T:139789089101568 DEBUG: CPythonInvoker(9, /home/xbmc/.xbmc/addons/service.library.data.provider-master/service.py): start processing
22:19:49 T:139789089101568 NOTICE: -->Python Interpreter Initialized<--
22:19:49 T:139789089101568 DEBUG: CPythonInvoker(9, /home/xbmc/.xbmc/addons/service.library.data.provider-master/service.py): the source file to load is /home/xbmc/.xbmc/addons/service.library.data.provider-master/service.py
22:19:49 T:139791076333312 DEBUG: RunQuery took 1 ms for 234 items query: select * from episodeview WHERE ((episodeview.playCount IS NULL OR episodeview.playCount < 1))
22:19:49 T:139789089101568 DEBUG: CPythonInvoker(9, /home/xbmc/.xbmc/addons/service.library.data.provider-master/service.py): setting the Python path to /home/xbmc/.xbmc/addons/service.library.data.provider-master:/home/xbmc/.xbmc/addons/script.module.simplejson/lib:/usr/share/xbmc/addons/script.module.pil/lib:/home/xbmc/.xbmc/addons/script.module.unidecode/lib:/home/xbmc/.xbmc/addons/script.grab.fanart/default.py:/home/xbmc/.xbmc/addons/script.module.mechanize/lib:/usr/share/xbmc/addons/xbmc.debug/:/home/xbmc/.xbmc/addons/script.module.xbmcswift2/lib:/home/xbmc/.xbmc/addons/script.module.requests2/lib:/home/xbmc/.xbmc/addons/script.web.viewer/lib:/usr/share/xbmc/addons/script.module.pysqlite/lib:/usr/lib/python2.7:/usr/lib/python2.7/plat-x86_64-linux-gnu:/usr/lib/python2.7/lib-tk:/usr/lib/python2.7/lib-old:/usr/lib/python2.7/lib-dynload:/usr/local/lib/python2.7/dist-packages:/usr/lib/python2.7/dist-packages:/usr/lib/python2.7/dist-packages/PILcompat:/usr/lib/pymodules/python2.7
22:19:49 T:139789089101568 DEBUG: CPythonInvoker(9, /home/xbmc/.xbmc/addons/service.library.data.provider-master/service.py): entering source directory /home/xbmc/.xbmc/addons/service.library.data.provider-master
22:19:49 T:139789089101568 DEBUG: CPythonInvoker(9, /home/xbmc/.xbmc/addons/service.library.data.provider-master/service.py): instantiating addon using automatically obtained id of "service.library.data.provider" dependent on version 2.1.0 of the xbmc.python api
22:19:49 T:139789089101568 DEBUG: Library Data Provider: script version 0.0.1 started
22:19:49 T:139791076333312 DEBUG: Library Data Provider: Saving file
22:19:49 T:139792280655616 DEBUG: Got rss feed: http://feeds.xbmc.org/xbmc
22:19:49 T:139792280655616 DEBUG: RSS feed encoding: UTF-8
22:19:49 T:139792280655616 DEBUG: Parsed rss feed: http://feeds.xbmc.org/xbmc
22:19:49 T:139792280655616 DEBUG: CurlFile::Open(0x7f23ed3b0c70) http://feeds.xbmc.org/latest_xbmc_addons
22:19:49 T:139791076333312 DEBUG: Library Data Provider: Opening file - /home/xbmc/.xbmc/userdata/addon_data/service.library.data.provider/recentalbums.json
22:19:49 T:139789089101568 DEBUG: LocalizeStrings: no translation available in currently set gui language, at path /home/xbmc/.xbmc/addons/service.library.data.provider-master/resources/language/German
22:19:49 T:139789089101568 DEBUG: POParser: loaded 18 strings from file /home/xbmc/.xbmc/addons/service.library.data.provider-master/resources/language/English/strings.po
22:19:49 T:139792280655616 DEBUG: Got rss feed: http://feeds.xbmc.org/latest_xbmc_addons
22:19:49 T:139792280655616 DEBUG: RSS feed encoding: UTF-8
22:19:49 T:139792280655616 DEBUG: Parsed rss feed: http://feeds.xbmc.org/latest_xbmc_addons
22:19:49 T:139792280655616 DEBUG: CurlFile::Open(0x7f23ed3b0c70) http://feeds.xbmc.org/updated_xbmc_addons
22:19:49 T:139792280655616 DEBUG: Got rss feed: http://feeds.xbmc.org/updated_xbmc_addons
22:19:49 T:139792280655616 DEBUG: RSS feed encoding: UTF-8
22:19:49 T:139792280655616 DEBUG: Parsed rss feed: http://feeds.xbmc.org/updated_xbmc_addons
22:19:49 T:139792280655616 DEBUG: Thread RSSReader 139792280655616 terminating
22:19:49 T:139790279751424 DEBUG: CecLogMessage - << Playback 1 (4) -> broadcast (F): active source (2200)
22:19:49 T:139790279751424 DEBUG: CecLogMessage - << 4f:82:22:00
22:19:49 T:139790279751424 DEBUG: CecLogMessage - << Playback 1 (4) -> TV (0): menu state 'activated'
22:19:49 T:139790279751424 DEBUG: CecLogMessage - << 40:8e:00
22:19:50 T:139790279751424 DEBUG: CecLogMessage - << requesting power status of 'Audio' (5)
22:19:50 T:139790279751424 DEBUG: CecLogMessage - << 45:8f
22:19:50 T:139790288668416 DEBUG: WaitOnScriptResult- plugin returned successfully
22:19:50 T:139789089101568 DEBUG: Library Data Provider: script version 0.0.1 stopped
22:19:50 T:139789089101568 INFO: CPythonInvoker(9, /home/xbmc/.xbmc/addons/service.library.data.provider-master/service.py): script successfully run
22:19:50 T:139789089101568 INFO: Python script stopped
22:19:50 T:139789089101568 DEBUG: Thread LanguageInvoker 139789089101568 terminating
22:19:50 T:139791076333312 DEBUG: GetAlbumsByWhere query: SELECT albumview.* FROM albumview WHERE albumview.strAlbum <> ''
22:19:50 T:139791076333312 DEBUG: GetAlbumsByWhere - query took 1 ms
22:19:50 T:139791076333312 DEBUG: DatabaseUtils::GetSortFieldList: unknown field 36
22:19:50 T:139791076333312 DEBUG: Library Data Provider: Saving file
22:19:50 T:139791076333312 DEBUG: Library Data Provider: Opening file - /home/xbmc/.xbmc/userdata/addon_data/service.library.data.provider/recommendedmovies.json
22:19:50 T:139791076333312 DEBUG: RunQuery took 0 ms for 19 items query: select * from movieview WHERE (movieview.idFile IN (SELECT DISTINCT idFile FROM bookmark WHERE type = 1))
22:19:50 T:139791479842560 DEBUG: CecLogMessage - >>
54:90:00
22:19:50 T:139791479842560 DEBUG: CecLogMessage - >> Audio (5) -> Playback 1 (4): report power status (90)
22:19:50 T:139791479842560 DEBUG: CecLogMessage - Audio (5): power status changed from 'unknown' to 'on'
22:19:50 T:139790279751424 DEBUG: CecLogMessage - expected response received (90: report power status)
22:19:50 T:139790279751424 DEBUG: CecLogMessage - 'Audio' (5) is already 'on'
22:19:50 T:139790279751424 DEBUG: UpdateMenuLanguage - using TV menu language is disabled
22:19:50 T:139790279751424 DEBUG: CecLogMessage - << Playback 1 (4) -> Recorder 1 (1): POLL
22:19:50 T:139790279751424 DEBUG: CecLogMessage - << 41
22:19:50 T:139791513413376 DEBUG: CecLogMessage - CEC transmission - received response - TRANSMIT_FAILED_ACK
22:19:50 T:139790279751424 DEBUG: CecLogMessage - << 41
22:19:50 T:139791076333312 DEBUG: Library Data Provider: Saving file
22:19:50 T:139791513413376 DEBUG: CecLogMessage - CEC transmission - received response - TRANSMIT_FAILED_ACK
22:19:50 T:139790279751424 DEBUG: CecLogMessage - >> POLL not sent
22:19:50 T:139790279751424 DEBUG: CecLogMessage - Recorder 1 (1): device status changed into 'not present'
22:19:50 T:139790279751424 DEBUG: CecLogMessage - << Playback 1 (4) -> Recorder 2 (2): POLL
22:19:50 T:139790279751424 DEBUG: CecLogMessage - << 42
22:19:50 T:139791076333312 DEBUG: Library Data Provider: Opening file - /home/xbmc/.xbmc/userdata/addon_data/service.library.data.provider/recommendedepisodes.json
22:19:50 T:139791076333312 DEBUG: RunQuery took 6 ms for 1 items query: SELECT * FROM tvshowview WHERE ( ((tvshowview.watchedcount > 0 AND tvshowview.watchedcount < tvshowview.totalCount) OR (tvshowview.watchedcount = 0 AND EXISTS (SELECT 1 FROM episodeview WHERE episodeview.idShow = tvshowview.idShow AND episodeview.resumeTimeInSeconds > 0))))
22:19:50 T:139791076333312 DEBUG: Library Data Provider: Opening file - /home/xbmc/.xbmc/userdata/addon_data/service.library.data.provider/2.json
22:19:50 T:139791076333312 DEBUG: GetStackedTvShowList query: select idShow from tvshow where c00 like (select c00 from tvshow where idShow=2) order by idShow
22:19:50 T:139791076333312 DEBUG: RunQuery took 4 ms for 110 items query: select * from episodeview WHERE (episodeview.idShow = 2) AND (((episodeview.playCount IS NULL OR episodeview.playCount = 0)))
22:19:50 T:139791076333312 DEBUG: DatabaseUtils::GetSortFieldList: unknown field 25
22:19:50 T:139791513413376 DEBUG: CecLogMessage - CEC transmission - received response - TRANSMIT_FAILED_ACK
22:19:50 T:139790279751424 DEBUG: CecLogMessage - << 42
22:19:50 T:139791076333312 DEBUG: Library Data Provider: Saving file
22:19:50 T:139791076333312 DEBUG: Previous line repeats 1 times.
22:19:50 T:139791076333312 DEBUG: Library Data Provider: Opening file - /home/xbmc/.xbmc/userdata/addon_data/service.library.data.provider/recommendedalbums.json
22:19:50 T:139791076333312 DEBUG: GetAlbumsByWhere query: SELECT albumview.* FROM albumview WHERE albumview.strAlbum <> ''
22:19:50 T:139791513413376 DEBUG: CecLogMessage - CEC transmission - received response - TRANSMIT_FAILED_ACK
22:19:50 T:139790279751424 DEBUG: CecLogMessage - >> POLL not sent
22:19:50 T:139790279751424 DEBUG: CecLogMessage - Recorder 2 (2): device status changed into 'not present'
22:19:50 T:139790279751424 DEBUG: CecLogMessage - << Playback 1 (4) -> Tuner 1 (3): POLL
22:19:50 T:139790279751424 DEBUG: CecLogMessage - << 43
22:19:50 T:139791076333312 DEBUG: GetAlbumsByWhere - query took 1 ms
22:19:50 T:139791076333312 DEBUG: Library Data Provider: Saving file
22:19:50 T:139791513413376 DEBUG: CecLogMessage - CEC transmission - received response - TRANSMIT_FAILED_ACK
22:19:50 T:139790279751424 DEBUG: CecLogMessage - << 43
22:19:50 T:139791076333312 DEBUG: Library Data Provider: Total time needed for all queries: 0:00:01.461873
22:19:50 T:139791513413376 DEBUG: CecLogMessage - CEC transmission - received response - TRANSMIT_FAILED_ACK
22:19:50 T:139790279751424 DEBUG: CecLogMessage - >> POLL not sent
22:19:50 T:139790279751424 DEBUG: CecLogMessage - Tuner 1 (3): device status changed into 'not present'
22:19:50 T:139790279751424 DEBUG: CecLogMessage - << Playback 1 (4) -> Tuner 2 (6): POLL
22:19:50 T:139790279751424 DEBUG: CecLogMessage - << 46
22:19:50 T:139791513413376 DEBUG: CecLogMessage - CEC transmission - received response - TRANSMIT_FAILED_ACK
22:19:50 T:139790279751424 DEBUG: CecLogMessage - << 46
22:19:50 T:139791513413376 DEBUG: CecLogMessage - CEC transmission - received response - TRANSMIT_FAILED_ACK
22:19:50 T:139790279751424 DEBUG: CecLogMessage - >> POLL not sent
22:19:50 T:139790279751424 DEBUG: CecLogMessage - Tuner 2 (6): device status changed into 'not present'
22:19:50 T:139790279751424 DEBUG: CecLogMessage - << Playback 1 (4) -> Tuner 3 (7): POLL
22:19:50 T:139790279751424 DEBUG: CecLogMessage - << 47
22:19:50 T:139791513413376 DEBUG: CecLogMessage - CEC transmission - received response - TRANSMIT_FAILED_ACK
22:19:50 T:139790279751424 DEBUG: CecLogMessage - << 47
22:19:50 T:139791513413376 DEBUG: CecLogMessage - CEC transmission - received response - TRANSMIT_FAILED_ACK
22:19:50 T:139790279751424 DEBUG: CecLogMessage - >> POLL not sent
22:19:50 T:139790279751424 DEBUG: CecLogMessage - Tuner 3 (7): device status changed into 'not present'
22:19:50 T:139790279751424 DEBUG: CecLogMessage - << Playback 1 (4) -> Playback 2 (8): POLL
22:19:50 T:139790279751424 DEBUG: CecLogMessage - << 48
22:19:50 T:139791513413376 DEBUG: CecLogMessage - CEC transmission - received response - TRANSMIT_FAILED_ACK
22:19:50 T:139790279751424 DEBUG: CecLogMessage - << 48
22:19:50 T:139791513413376 DEBUG: CecLogMessage - CEC transmission - received response - TRANSMIT_FAILED_ACK
22:19:50 T:139790279751424 DEBUG: CecLogMessage - >> POLL not sent
22:19:50 T:139790279751424 DEBUG: CecLogMessage - Playback 2 (8): device status changed into 'not present'
22:19:50 T:139790279751424 DEBUG: CecLogMessage - << Playback 1 (4) -> Recorder 3 (9): POLL
22:19:50 T:139790279751424 DEBUG: CecLogMessage - << 49
22:19:50 T:139791513413376 DEBUG: CecLogMessage - CEC transmission - received response - TRANSMIT_FAILED_ACK
22:19:50 T:139790279751424 DEBUG: CecLogMessage - << 49
22:19:50 T:139791513413376 DEBUG: CecLogMessage - CEC transmission - received response - TRANSMIT_FAILED_ACK
22:19:50 T:139790279751424 DEBUG: CecLogMessage - >> POLL not sent
22:19:50 T:139790279751424 DEBUG: CecLogMessage - Recorder 3 (9): device status changed into 'not present'
22:19:50 T:139790279751424 DEBUG: CecLogMessage - << Playback 1 (4) -> Tuner 4 (A): POLL
22:19:50 T:139790279751424 DEBUG: CecLogMessage - << 4a
22:19:50 T:139791513413376 DEBUG: CecLogMessage - CEC transmission - received response - TRANSMIT_FAILED_ACK
22:19:50 T:139790279751424 DEBUG: CecLogMessage - << 4a
22:19:50 T:139791513413376 DEBUG: CecLogMessage - CEC transmission - received response - TRANSMIT_FAILED_ACK
22:19:50 T:139790279751424 DEBUG: CecLogMessage - >> POLL not sent
22:19:50 T:139790279751424 DEBUG: CecLogMessage - Tuner 4 (A): device status changed into 'not present'
22:19:50 T:139790279751424 DEBUG: CecLogMessage - << Playback 1 (4) -> Playback 3 (B): POLL
22:19:50 T:139790279751424 DEBUG: CecLogMessage - << 4b
22:19:50 T:139791513413376 DEBUG: CecLogMessage - CEC transmission - received response - TRANSMIT_FAILED_ACK
22:19:50 T:139790279751424 DEBUG: CecLogMessage - << 4b
22:19:50 T:139791513413376 DEBUG: CecLogMessage - CEC transmission - received response - TRANSMIT_FAILED_ACK
22:19:50 T:139790279751424 DEBUG: CecLogMessage - >> POLL not sent
22:19:50 T:139790279751424 DEBUG: CecLogMessage - Playback 3 (B): device status changed into 'not present'
22:19:50 T:139790279751424 DEBUG: CecLogMessage - << Playback 1 (4) -> Reserved 1 (C): POLL
22:19:50 T:139790279751424 DEBUG: CecLogMessage - << 4c
22:19:50 T:139791513413376 DEBUG: CecLogMessage - CEC transmission - received response - TRANSMIT_FAILED_ACK
22:19:50 T:139790279751424 DEBUG: CecLogMessage - << 4c
22:19:50 T:139791513413376 DEBUG: CecLogMessage - CEC transmission - received response - TRANSMIT_FAILED_ACK
22:19:50 T:139790279751424 DEBUG: CecLogMessage - >> POLL not sent
22:19:50 T:139790279751424 DEBUG: CecLogMessage - Reserved 1 (C): device status changed into 'not present'
22:19:50 T:139790279751424 DEBUG: CecLogMessage - << Playback 1 (4) -> Reserved 2 (D): POLL
22:19:50 T:139790279751424 DEBUG: CecLogMessage - << 4d
22:19:50 T:139791513413376 DEBUG: CecLogMessage - CEC transmission - received response - TRANSMIT_FAILED_ACK
22:19:50 T:139790279751424 DEBUG: CecLogMessage - << 4d
22:19:50 T:139791513413376 DEBUG: CecLogMessage - CEC transmission - received response - TRANSMIT_FAILED_ACK
22:19:50 T:139790279751424 DEBUG: CecLogMessage - >> POLL not sent
22:19:50 T:139790279751424 DEBUG: CecLogMessage - Reserved 2 (D): device status changed into 'not present'
22:19:50 T:139790279751424 DEBUG: CecLogMessage - << Playback 1 (4) -> Free use (E): POLL
22:19:50 T:139790279751424 DEBUG: CecLogMessage - << 4e
22:19:50 T:139791513413376 DEBUG: CecLogMessage - CEC transmission - received response - TRANSMIT_FAILED_ACK
22:19:50 T:139790279751424 DEBUG: CecLogMessage - << 4e
22:19:50 T:139791513413376 DEBUG: CecLogMessage - CEC transmission - received response - TRANSMIT_FAILED_ACK
22:19:50 T:139790279751424 DEBUG: CecLogMessage - >> POLL not sent
22:19:50 T:139790279751424 DEBUG: CecLogMessage - Free use (E): device status changed into 'not present'
22:19:50 T:139790279751424 DEBUG: CecLogMessage - << requesting OSD name of 'Audio' (5)
22:19:50 T:139790279751424 DEBUG: CecLogMessage - << 45:46
22:19:51 T:139791479842560 DEBUG: CecLogMessage - >> 54:47:41:47:2d:44:35:30:30
22:19:51 T:139791479842560 DEBUG: CecLogMessage - >> Audio (5) -> Playback 1 (4): set osd name (47)
22:19:51 T:139791479842560 DEBUG: CecLogMessage - Audio (5): osd name set to 'AG-D500'
22:19:51 T:139790279751424 DEBUG: CecLogMessage - expected response received (47: set osd name)
22:19:51 T:139790279751424 DEBUG: UpdateAudioSystemStatus - CEC capable amplifier found (AG-D500). volume will be controlled on the amp
22:19:51 T:139790279751424 DEBUG: CAnnouncementManager - Announcement: OnVolumeChanged from xbmc
22:19:51 T:139790279751424 DEBUG: GOT ANNOUNCEMENT, type: 64, from xbmc, message OnVolumeChanged
22:19:51 T:139791479842560 DEBUG: CecLogMessage - >> 04:00:89:03
22:19:51 T:139791479842560 DEBUG: CecLogMessage - >> TV (0) -> Playback 1 (4): feature abort ( 0)
22:19:51 T:139791479842560 DEBUG: CecLogMessage - >> 05:8c
22:19:51 T:139789089101568 DEBUG: webserver: request received for /jsonrpc
22:19:51 T:139791479842560 DEBUG: CecLogMessage - >> 5f:87:00:09:b0
22:19:51 T:139791479842560 DEBUG: CecLogMessage - >> Audio (5) -> Broadcast (F): device vendor id (87)
22:19:51 T:139791479842560 DEBUG: CecLogMessage - >> 05:a0:00:80:45:06:05
22:19:51 T:139791479842560 DEBUG: CecLogMessage - >> 50:00:a0:04
22:19:51 T:139791479842560 DEBUG: CecLogMessage - >> 04:8c
22:19:51 T:139791479842560 DEBUG: CecLogMessage - >> TV (0) -> Playback 1 (4): give device vendor id (8C)
22:19:51 T:139791479842560 DEBUG: CecLogMessage - << Playback 1 (4) -> TV (0): vendor id Panasonic (8045)
22:19:51 T:139791479842560 DEBUG: CecLogMessage - << 4f:87:00:80:45
22:19:52 T:139791479842560 DEBUG: CecLogMessage - >> 05:7d
22:19:52 T:139791479842560 DEBUG: CecLogMessage - >> 50:7e:01
22:19:52 T:139790683023104 INFO: CPythonInvoker(6, /home/xbmc/.xbmc/addons/weather.wunderground/default.py): script successfully run
22:19:52 T:139790683023104 INFO: Python script stopped
22:19:52 T:139790683023104 DEBUG: Thread LanguageInvoker 139790683023104 terminating
22:19:52 T:139790708107008 DEBUG: GetZipList - Processing zip://special%3a%2f%2fxbmc%2fmedia%2fweather.zip/
22:19:52 T:139791479842560 DEBUG: CecLogMessage - >> 04:89:10:01:05
22:19:52 T:139791479842560 DEBUG: CecLogMessage - >> TV (0) -> Playback 1 (4): vendor command (89)
22:19:52 T:139791479842560 DEBUG: CecLogMessage - << 40:89:10:02:ff:ff:00:05:05:45:55:5c:58:32
22:19:52 T:139791479842560 DEBUG: CecLogMessage - Playback 1 (4) was already marked as active source
22:19:52 T:139791479842560 DEBUG: CecLogMessage - >> source activated: Playback 1 (4)
22:19:52 T:139791479842560 DEBUG: CecLogMessage - scheduling active source message for 'Playback 1'
22:19:52 T:139790708107008 DEBUG: POParser: loaded 109 weather tokens
22:19:52 T:139791479842560 DEBUG: CecLogMessage - >> 04:a0:00:80:45:06:05
22:19:52 T:139791479842560 DEBUG: CecLogMessage - >> TV (0) -> Playback 1 (4): vendor command with id (A0)
22:19:52 T:139791479842560 DEBUG: CecLogMessage - << Playback 1 (4) -> broadcast (F): active source (2200)
22:19:52 T:139791479842560 DEBUG: CecLogMessage - << 4f:82:22:00
22:19:53 T:139791479842560 DEBUG: CecLogMessage - << powering on 'TV' (0)
22:19:53 T:139791479842560 DEBUG: CecLogMessage - << 40:04
22:19:53 T:139791479842560 DEBUG: CecLogMessage - << Playback 1 (4) -> broadcast (F): active source (2200)
22:19:53 T:139791479842560 DEBUG: CecLogMessage - << 4f:82:22:00
22:19:53 T:139791479842560 DEBUG: CecLogMessage - << Playback 1 (4) -> TV (0): menu state 'activated'
22:19:53 T:139791479842560 DEBUG: CecLogMessage - << 40:8e:00
22:19:53 T:139790683023104 DEBUG: webserver: request received for /jsonrpc
22:19:53 T:139792280844224 DEBUG: ------ Window Deinit (Pointer.xml) ------
22:19:54 T:139791479842560 DEBUG: CecLogMessage - >> 04:a0:00:80:45:06:05
22:19:54 T:139791479842560 DEBUG: CecLogMessage - >> TV (0) -> Playback 1 (4): vendor command with id (A0)
22:19:54 T:139791479842560 DEBUG: CecLogMessage - << Playback 1 (4) -> broadcast (F): active source (2200)
22:19:54 T:139791479842560 DEBUG: CecLogMessage - << 4f:82:22:00
22:19:55 T:139791479842560 DEBUG: CecLogMessage - >> 04:a0:00:80:45:06:05
22:19:55 T:139791479842560 DEBUG: CecLogMessage - >> TV (0) -> Playback 1 (4): vendor command with id (A0)
22:19:55 T:139791479842560 DEBUG: CecLogMessage - << Playback 1 (4) -> broadcast (F): active source (2200)
22:19:55 T:139791479842560 DEBUG: CecLogMessage - << 4f:82:22:00
22:19:55 T:139789089101568 DEBUG: webserver: request received for /jsonrpc
22:19:56 T:139791479842560 DEBUG: CecLogMessage - >> 05:7d
22:19:56 T:139791479842560 DEBUG: CecLogMessage - >> 50:7e:01
22:19:56 T:139792280844224 DEBUG: ------ Window Deinit (DialogKaiToast.xml) ------
22:19:57 T:139790683023104 DEBUG: webserver: request received for /jsonrpc
22:19:58 T:139792280844224 INFO: LIRC Initialize: using: /dev/lircd
22:19:58 T:139792280844224 DEBUG: Failed to connect to LIRC. Retry in 20s.
22:19:59 T:139789089101568 DEBUG: webserver: request received for /jsonrpc
22:20:18 T:139792280844224 DEBUG: Previous line repeats 8 times.
22:20:18 T:139792280844224 DEBUG: SECTION:UnloadDelayed(DLL: libcrystalhd.so.3)
22:20:18 T:139792280844224 DEBUG: Unloading: libcrystalhd.so.3
22:20:18 T:139792280844224 INFO: LIRC Initialize: using: /dev/lircd
22:20:18 T:139792280844224 DEBUG: Failed to connect to LIRC. Retry in 40s.
22:20:18 T:139790683023104 DEBUG: webserver: request received for /jsonrpc
