D/MountService( 9602): got storage path: /storage/usb3 description: Armazenamento USB primary: false removable: true emulated: false mtpReserve: 0 allowMassStorage: false maxFileSize: 4294967296
D/MountService( 9602): addVolumeLocked() StorageVolume:
D/MountService( 9602): mStorageId=0 mPath=/storage/usb3 mDescriptionId=17040668 mPrimary=false
D/MountService( 9602): mRemovable=true mEmulated=false mMtpReserveSpace=0 mAllowMassStorage=false
D/MountService( 9602): mMaxFileSize=4294967296 mOwner=null mUuid=null mUserLabel=null mState=null
I/SystemServer( 9602): LockSettingsService
W/MountService( 9602): Duplicate state transition (unmounted -> unmounted) for /storage/usb0
D/MountService( 9602): volume state changed for /storage/usb1 (unmounted -> removed)
D/MountService( 9602): volume state changed for /storage/usb2 (unmounted -> removed)
D/MountService( 9602): volume state changed for /storage/usb3 (unmounted -> removed)
I/SystemServer( 9602): Device Policy
I/SystemServer( 9602): Status Bar
I/SystemServer( 9602): Clipboard Service
I/SystemServer( 9602): NetworkManagement Service
W/PackageManager( 9602): Not granting permission android.permission.GLOBAL_SEARCH to package com.android.quicksearchbox (protectionLevel=18 flags=0x8be45)
W/PackageManager( 9602): Unknown permission com.android.smspush.WAPPUSH_MANAGER_BIND in package com.android.phone
W/PackageManager( 9602): Unknown permission com.android.launcher.permission.PRELOAD_WORKSPACE in package com.google.android.partnersetup
W/PackageManager( 9602): Unknown permission com.android.vending.billing.IBillingAccountService.BIND2 in package com.google.android.gsf.login
W/PackageManager( 9602): Unknown permission com.android.chrome.TOS_ACKED in package com.google.android.gsf.login
W/PackageManager( 9602): Unknown permission com.google.android.gallery3d.permission.GALLERY_PROVIDER in package com.android.bluetooth
W/PackageManager( 9602): Not granting permission android.permission.ACCESS_DOWNLOAD_MANAGER to package com.android.browser (protectionLevel=18 flags=0x9be45)
W/PackageManager( 9602): Not granting permission android.permission.SEND_DOWNLOAD_COMPLETED_INTENTS to package com.android.browser (protectionLevel=2 flags=0x9be45)
W/PackageManager( 9602): Unknown permission com.android.launcher.permission.READ_SETTINGS in package com.android.onetimeinitializer
W/PackageManager( 9602): Unknown permission com.android.launcher.permission.WRITE_SETTINGS in package com.android.onetimeinitializer
W/PackageManager( 9602): Unknown permission com.android.launcher.permission.READ_SETTINGS in package com.android.launcher3
W/PackageManager( 9602): Unknown permission com.android.launcher.permission.WRITE_SETTINGS in package com.android.launcher3
W/PackageManager( 9602): Not granting permission android.permission.BIND_WALLPAPER to package com.android.camera2 (protectionLevel=18 flags=0x58bc45)
W/PackageManager( 9602): Unknown permission android.permission.INSTALL_DRM in package com.android.mms
W/PackageManager( 9602): Not granting permission android.permission.BROADCAST_PACKAGE_REMOVED to package com.google.android.marvin.talkback (protectionLevel=2 flags=0x4049be45)
W/PackageManager( 9602): Not granting permission android.permission.CAPTURE_AUDIO_HOTWORD to package com.google.android.gms (protectionLevel=18 flags=0x483ec5)
W/PackageManager( 9602): Unknown permission android.permission.READ_OWNER_DATA in package com.google.android.setupwizard
W/PackageManager( 9602): Unknown permission android.permission.WRITE_OWNER_DATA in package com.google.android.setupwizard
W/PackageManager( 9602): Unknown permission com.android.launcher.permission.READ_SETTINGS in package com.android.settings
W/PackageManager( 9602): Unknown permission com.android.launcher.permission.WRITE_SETTINGS in package com.android.settings
W/PackageManager( 9602): Unknown permission com.android.launcher.permission.READ_SETTINGS in package com.cyanogenmod.trebuchet
W/PackageManager( 9602): Unknown permission com.android.launcher.permission.WRITE_SETTINGS in package com.cyanogenmod.trebuchet
W/PackageManager( 9602): Not granting permission com.android.launcher3.permission.RECEIVE_LAUNCH_BROADCASTS to package com.cyanogenmod.trebuchet (protectionLevel=2 flags=0x4048be45)
W/PackageManager( 9602): Unknown permission com.android.launcher.permission.READ_SETTINGS in package com.google.android.googlequicksearchbox
W/PackageManager( 9602): Unknown permission com.android.launcher.permission.WRITE_SETTINGS in package com.google.android.googlequicksearchbox
W/PackageManager( 9602): Unknown permission com.google.android.voicesearch.SHORTCUTS_ACCESS in package com.google.android.googlequicksearchbox
W/PackageManager( 9602): Unknown permission com.google.android.voicesearch.ACCESS_SETTINGS in package com.google.android.googlequicksearchbox
W/PackageManager( 9602): Unknown permission com.google.android.ears.permission.WRITE in package com.google.android.googlequicksearchbox
W/PackageManager( 9602): Not granting permission android.permission.MEDIA_CONTENT_CONTROL to package com.google.android.googlequicksearchbox (protectionLevel=18 flags=0xd9bec5)
W/PackageManager( 9602): Unknown permission com.google.android.apps.googlevoice.permission.AUTO_SEND in package com.google.android.googlequicksearchbox
W/PackageManager( 9602): Unknown permission com.android.chrome.PRERENDER_URL in package com.google.android.googlequicksearchbox
W/PackageManager( 9602): Not granting permission com.android.launcher3.permission.RECEIVE_LAUNCH_BROADCASTS to package com.google.android.googlequicksearchbox (protectionLevel=2 flags=0xd9bec5)
W/PackageManager( 9602): Not granting permission android.permission.SEND_DOWNLOAD_COMPLETED_INTENTS to package com.android.vending (protectionLevel=2 flags=0xabec5)
W/PackageManager( 9602): Unknown permission android.permission.SEND_SMS_NO_CONFIRMATION in package com.android.vending
W/PackageManager( 9602): Not granting permission android.permission.DELETE_PACKAGES to package com.svox.pico (protectionLevel=18 flags=0x8be45)
W/PackageManager( 9602): Not granting permission android.permission.MANAGE_DOCUMENTS to package com.google.android.youtube (protectionLevel=18 flags=0x18bec5)
W/PackageManager( 9602): Not granting permission android.permission.DEVICE_POWER to package com.android.deskclock (protectionLevel=2 flags=0x48be45)
W/PackageManager( 9602): Not granting permission android.permission.READ_DREAM_STATE to package com.google.android.gsf (protectionLevel=2 flags=0x40083e45)
W/PackageManager( 9602): Unknown permission android.permission.WRITE_SYNC_STATS in package com.google.android.apps.docs
I/SystemServer( 9602): Text Service Manager Service
I/SystemServer( 9602): NetworkStats Service
I/SystemServer( 9602): NetworkPolicy Service
I/SystemServer( 9602): Wi-Fi P2pService
I/SystemServer( 9602): Wi-Fi Service
I/SystemServer( 9602): Connectivity Service
D/ConnectivityService( 9602): ConnectivityService starting up
D/ConnectivityService( 9602): wifiOnly=false
E/ConnectivityService( 9602): Ignoring protectedNetwork 14
E/MobileDataStateTracker( 9602): default: Ignoring feature request because could not acquire PhoneService
E/MobileDataStateTracker( 9602): default: Could not enable APN type "default"
I/WifiService( 9602): WifiService starting up with Wi-Fi enabled
D/WifiService( 9602): setWifiEnabled: true pid=9602, uid=1000
I/SystemServer( 9602): Network Service Discovery Service
D/NsdService( 9602): Network service discovery enabled true
I/SystemServer( 9602): UpdateLock Service
I/SystemServer( 9602): Notification Manager
I/SystemServer( 9602): Device Storage Monitor
I/SystemServer( 9602): Location Manager
I/SystemServer( 9602): Country Detector
I/SystemServer( 9602): Search Service
I/SystemServer( 9602): DropBox Service
W/PackageManager( 9602): Couldn't clear application caches
I/SystemServer( 9602): Wallpaper Service
I/SystemServer( 9602): Audio Service
E/NetlinkEvent( 9323): Unknown ifindex 7 in RTM_DELADDR
I/ActivityManager( 9602): Config changes=30 {1.0 ?mcc?mnc pt_BR ldltr sw720dp w1280dp h646dp 240dpi lrg long land ?uimode ?night -touch qwerty/v/v -nav/h s.4}
D/NetlinkEvent( 9323): Unexpected netlink message. type=0x11
I/SystemServer( 9602): Dock Observer
W/DockObserver( 9602): This kernel does not have dock station support
I/SystemServer( 9602): Wired Accessory Manager
W/WiredAccessoryManager( 9602): This kernel does not have usb audio support
W/WiredAccessoryManager( 9602): This kernel does not have HDMI audio support
I/SystemServer( 9602): USB Service
I/SystemServer( 9602): Serial Service
I/SystemServer( 9602): Twilight Service
I/SystemServer( 9602): UI Mode Manager Service
I/SystemServer( 9602): Backup Service
V/BackupManagerService( 9602): Initializing package tracking
V/BackupManagerService( 9602): No ancestral data
V/BackupManagerService( 9602): addPackageParticipantsLocked: all
I/BackupManagerService( 9602): Scheduling backup for new app com.android.calendar
D/BackupManagerService( 9602): Now staging backup of com.android.calendar
I/BackupManagerService( 9602): Scheduling backup for new app com.android.browser
D/BackupManagerService( 9602): Now staging backup of com.android.browser
I/BackupManagerService( 9602): Scheduling backup for new app com.android.providers.userdictionary
D/BackupManagerService( 9602): Now staging backup of com.android.providers.userdictionary
I/BackupManagerService( 9602): Scheduling backup for new app com.android.sharedstoragebackup
D/BackupManagerService( 9602): Now staging backup of com.android.sharedstoragebackup
I/BackupManagerService( 9602): Scheduling backup for new app com.google.android.marvin.talkback
D/BackupManagerService( 9602): Now staging backup of com.google.android.marvin.talkback
I/BackupManagerService( 9602): Scheduling backup for new app android
D/BackupManagerService( 9602): Now staging backup of android
I/BackupManagerService( 9602): Scheduling backup for new app com.google.android.googlequicksearchbox
D/BackupManagerService( 9602): Now staging backup of com.google.android.googlequicksearchbox
I/BackupManagerService( 9602): Scheduling backup for new app com.android.vending
D/BackupManagerService( 9602): Now staging backup of com.android.vending
I/BackupManagerService( 9602): Scheduling backup for new app com.google.android.gm
D/BackupManagerService( 9602): Now staging backup of com.google.android.gm
I/BackupManagerService( 9602): Scheduling backup for new app com.android.dialer
D/BackupManagerService( 9602): Now staging backup of com.android.dialer
I/BackupManagerService( 9602): Scheduling backup for new app com.android.providers.settings
D/BackupManagerService( 9602): Now staging backup of com.android.providers.settings
V/BackupManagerService( 9602): Starting with transport android/com.android.internal.backup.LocalTransport
V/BackupManagerService( 9602): Found transports: 2
I/BackupManagerService( 9602): Binding to transport host ComponentInfo{android/com.android.internal.backup.LocalTransportService}
I/BackupManagerService( 9602): Binding to transport host ComponentInfo{com.google.android.backuptransport/com.google.android.backup.BackupTransportService}
I/BackupManagerService( 9602): Found stale backup journal, scheduling
I/BackupManagerService( 9602): com.android.calendar
I/BackupManagerService( 9602): com.android.browser
I/BackupManagerService( 9602): com.android.providers.userdictionary
I/BackupManagerService( 9602): com.android.sharedstoragebackup
I/BackupManagerService( 9602): com.google.android.marvin.talkback
I/BackupManagerService( 9602): android
I/BackupManagerService( 9602): com.google.android.googlequicksearchbox
I/BackupManagerService( 9602): com.android.vending
I/BackupManagerService( 9602): com.google.android.gm
I/BackupManagerService( 9602): com.android.dialer
I/BackupManagerService( 9602): com.android.providers.settings
I/BackupManagerService( 9602): com.android.vending
I/BackupManagerService( 9602): Backup enabled => false
I/BackupManagerService( 9602): Opting out of backup
I/SystemServer( 9602): AppWidget Service
I/SystemServer( 9602): Recognition Service
I/SystemServer( 9602): DiskStats Service
I/SystemServer( 9602): SamplingProfiler Service
I/SystemServer( 9602): NetworkTimeUpdateService
I/SystemServer( 9602): CommonTimeManagementService
I/SystemServer( 9602): CertBlacklister
I/SystemServer( 9602): Dreams Service
I/SystemServer( 9602): Assets Atlas Service
I/SystemServer( 9602): IdleMaintenanceService
I/SystemServer( 9602): Print Service
I/SystemServer( 9602): Media Router Service
I/ActivityManager( 9602): Start proc com.android.systemui for service com.android.keyguard/.KeyguardService: pid=9659 uid=10018 gids={50018, 1028, 1015, 1023, 1035, 3002, 3001}
I/ActivityManager( 9602): System now ready
I/SystemServer( 9602): Making services ready
D/NetworkManagementService( 9602): enabling bandwidth control
I/ActivityThread( 9659): Switching default density from 160 to 240
I/Vold ( 1515): /dev/block/vold/8:17 being considered for volume usb0
D/Vold ( 1515): Volume usb0 state changing 1 (Idle-Unmounted) -> 3 (Checking)
D/Vold ( 1515): Trying to get filesystem type for /dev/block/vold/8:17
D/MountService( 9602): volume state changed for /storage/usb0 (unmounted -> checking)
D/MountService( 9602): sendStorageIntent Intent { act=android.intent.action.MEDIA_CHECKING dat=file:///storage/usb0 (has extras) } to UserHandle{-1}
D/Vold ( 1515): Found iso9660 filesystem on /dev/block/vold/8:17
D/Vold ( 1515): Volume usb0 state changing 3 (Checking) -> 1 (Idle-Unmounted)
D/MountService( 9602): volume state changed for /storage/usb0 (checking -> unmounted)
D/MountService( 9602): sendStorageIntent Intent { act=android.intent.action.MEDIA_UNMOUNTED dat=file:///storage/usb0 (has extras) } to UserHandle{-1}
D/MountService( 9602): volume state changed for /storage/usb0 (unmounted -> nofs)
D/MountService( 9602): sendStorageIntent Intent { act=android.intent.action.MEDIA_NOFS dat=file:///storage/usb0 (has extras) } to UserHandle{-1}
I/ActivityManager( 9602): Start proc com.android.externalstorage for broadcast com.android.externalstorage/.MountReceiver: pid=9707 uid=10010 gids={50010, 1028, 1015, 1023}
E/MountService( 9602): Boot-time mount failed (-3)
E/MountService( 9602): Boot-time mount failed (-1)
W/MountService( 9602): Duplicate state transition (mounted -> mounted) for /storage/emulated/0
I/ActivityThread( 9707): Switching default density from 160 to 240
I/ActivityManager( 9602): Start proc android.process.media for broadcast com.android.providers.media/.MediaScannerReceiver: pid=9733 uid=10008 gids={50008, 1028, 1015, 1023, 1024, 2001, 3003, 3007}
I/ActivityThread( 9733): Switching default density from 160 to 240
I/ActivityManager( 9602): Config changes=200 {1.0 ?mcc?mnc pt_BR ldltr sw720dp w1280dp h646dp 240dpi lrg long land -touch qwerty/v/v -nav/h s.5}
W/InputMethodManagerService( 9602): Ignoring setImeWindowStatus of uid 1000 token: null
I/ActivityManager( 9602): Start proc com.android.inputmethod.latin for service com.android.inputmethod.latin/.LatinIME: pid=9755 uid=10055 gids={50055, 1028, 1015, 1023}
V/InputMethodManagerService( 9602): Adding window token: android.os.Binder@219decf4
I/ActivityThread( 9755): Switching default density from 160 to 240
I/StatusBarManagerService( 9602): registerStatusBar bar=com.android.internal.statusbar.IStatusBar$Stub$Proxy@21872c4c
W/LocationManagerService( 9602): no network location provider found
E/LocationManagerService( 9602): no geocoder provider found
E/LocationManagerService( 9602): No FusedProvider found.
E/LocationManagerService( 9602): no geofence provider found
W/ContextImpl( 9602): Calling a method in the system process without a qualified user: android.app.ContextImpl.sendBroadcast:1123 com.android.server.usb.UsbSettingsManager.deviceAttached:621 com.android.server.usb.UsbHostManager.usbDeviceAdded:156 com.android.server.usb.UsbHostManager.monitorUsbHostBus:-2 com.android.server.usb.UsbHostManager.access$000:38
I/ActivityManager( 9602): Start proc com.android.phone for added application com.android.phone: pid=9771 uid=1001 gids={41001, 3002, 3001, 3003, 1028, 1015, 1023}
I/ActivityManager( 9602): START u0 {act=android.intent.action.MAIN cat=[android.intent.category.HOME] flg=0x10000000 cmp=com.android.launcher3/.Launcher} from pid 0
I/ActivityManager( 9602): Start proc com.android.launcher3 for activity com.android.launcher3/.Launcher: pid=9785 uid=10019 gids={50019, 1028}
I/ActivityThread( 9602): Switching default density from 160 to 240
I/DeviceStorageMonitorService( 9602): Running low on memory. Sending notification
I/ActivityThread( 9771): Switching default density from 160 to 240
I/ActivityManager( 9602): Start proc com.google.android.gms for broadcast com.google.android.gms/com.google.android.location.internal.NlpNetworkProviderSettingsUpdateReceiver: pid=9801 uid=10014 gids={50014, 3003, 1007, 1028, 1015, 1023, 3002, 3001, 3007, 2001, 3006}
I/ActivityThread( 9785): Switching default density from 160 to 240
W/InputMethodManagerService( 9602): Focus gain on non-focused client android.view.inputmethod.InputMethodManager$1@219a6f9c (uid=1000 pid=9602)
I/ActivityThread( 9801): Switching default density from 160 to 240
I/ActivityManager( 9602): Start proc com.android.printspooler for service com.android.printspooler/.PrintSpoolerService: pid=9815 uid=10065 gids={50065}
I/ActivityThread( 9815): Switching default density from 160 to 240
I/ActivityManager( 9602): Start proc com.google.process.location for broadcast com.google.android.gms/com.google.android.location.network.LocationProviderChangeReceiver: pid=9836 uid=10014 gids={50014, 3003, 1007, 1028, 1015, 1023, 3002, 3001, 3007, 2001, 3006}
I/ActivityThread( 9836): Switching default density from 160 to 240
V/BackupManagerService( 9602): Connected to transport ComponentInfo{android/com.android.internal.backup.LocalTransportService}
V/BackupManagerService( 9602): Registering transport android/com.android.internal.backup.LocalTransportService::android/com.android.internal.backup.LocalTransport = com.android.internal.backup.LocalTransport@21933134
V/BackupManagerService( 9602): Connected to transport ComponentInfo{com.google.android.backuptransport/com.google.android.backup.BackupTransportService}
V/BackupManagerService( 9602): Registering transport com.google.android.backuptransport/com.google.android.backup.BackupTransportService::com.google.android.backup/.BackupTransportService = com.android.internal.backup.IBackupTransport$Stub$Proxy@216b8a0c
I/ActivityManager( 9602): Start proc com.google.process.gapps for content provider com.google.android.gsf/.settings.GoogleSettingsProvider: pid=9876 uid=10014 gids={50014, 3003, 1007, 1028, 1015, 1023, 3002, 3001, 3007, 2001, 3006}
I/ActivityThread( 9876): Switching default density from 160 to 240
I/ActivityManager( 9602): Start proc com.android.settings for broadcast com.android.settings/.widget.SettingsAppWidgetProvider: pid=9900 uid=1000 gids={41000, 1028, 1015, 1023, 3002, 3001, 3003}
I/ActivityThread( 9900): Switching default density from 160 to 240
I/ActivityManager( 9602): Start proc android.process.acore for content provider com.android.providers.userdictionary/.UserDictionaryProvider: pid=9945 uid=10005 gids={50005, 3003, 1028, 1015, 1023}
I/ActivityThread( 9945): Switching default density from 160 to 240
I/PackageManager( 9602): Adding preferred activity ComponentInfo{com.android.mms/com.android.mms.ui.ComposeMessageActivity} for user 0 :
I/PackageManager( 9602): Adding preferred activity ComponentInfo{com.android.mms/com.android.mms.ui.ComposeMessageActivity} for user 0 :
I/PackageManager( 9602): Adding preferred activity ComponentInfo{com.android.mms/com.android.mms.ui.ComposeMessageActivity} for user 0 :
I/PackageManager( 9602): Adding preferred activity ComponentInfo{com.android.mms/com.android.mms.ui.ComposeMessageActivity} for user 0 :
W/ContextImpl( 9900): Calling a method in the system process without a qualified user: android.app.ContextImpl.bindService:1543 android.content.ContextWrapper.bindService:517 android.bluetooth.BluetoothInputDevice.doBind:245 android.bluetooth.BluetoothInputDevice.:238 android.bluetooth.BluetoothAdapter.getProfileProxy:1187
W/ContextImpl( 9900): Calling a method in the system process without a qualified user: android.app.ContextImpl.bindService:1543 android.content.ContextWrapper.bindService:517 android.bluetooth.BluetoothPan.doBind:149 android.bluetooth.BluetoothPan.:141 android.bluetooth.BluetoothAdapter.getProfileProxy:1190
W/ContextImpl( 9900): Calling a method in the system process without a qualified user: android.app.ContextImpl.bindService:1543 android.content.ContextWrapper.bindService:517 android.bluetooth.BluetoothMap.doBind:109 android.bluetooth.BluetoothMap.:102 android.bluetooth.BluetoothAdapter.getProfileProxy:1196
W/ContextImpl( 9900): Calling a method in the system process without a qualified user: android.app.ContextImpl.bindService:1543 android.content.ContextWrapper.bindService:517 android.bluetooth.BluetoothPbap.doBind:164 android.bluetooth.BluetoothPbap.:157 com.android.settings.bluetooth.PbapServerProfile.:68
I/ActivityManager( 9602): Start proc com.google.android.apps.uploader for broadcast com.google.android.apps.uploader/com.google.android.picasasync.BatteryReceiver: pid=9981 uid=10021 gids={50021, 3003, 1028, 1015, 1023}
D/MobileDataStateTracker( 9602): fota: Broadcast received: android.intent.action.ANY_DATA_STATE apnType=fota
D/MobileDataStateTracker( 9602): fota: Received state=DISCONNECTED, old=DISCONNECTED, reason=radioTurnedOff
D/MobileDataStateTracker( 9602): supl: Broadcast received: android.intent.action.ANY_DATA_STATE apnType=supl
D/MobileDataStateTracker( 9602): supl: Received state=DISCONNECTED, old=DISCONNECTED, reason=radioTurnedOff
D/MobileDataStateTracker( 9602): hipri: Broadcast received: android.intent.action.ANY_DATA_STATE apnType=hipri
D/MobileDataStateTracker( 9602): hipri: Received state=DISCONNECTED, old=DISCONNECTED, reason=radioTurnedOff
D/MobileDataStateTracker( 9602): ims: Broadcast received: android.intent.action.ANY_DATA_STATE apnType=ims
D/MobileDataStateTracker( 9602): ims: Received state=DISCONNECTED, old=DISCONNECTED, reason=radioTurnedOff
D/MobileDataStateTracker( 9602): default: Broadcast received: android.intent.action.ANY_DATA_STATE apnType=default
D/MobileDataStateTracker( 9602): default: Received state=DISCONNECTED, old=DISCONNECTED, reason=radioTurnedOff
D/MobileDataStateTracker( 9602): mms: Broadcast received: android.intent.action.ANY_DATA_STATE apnType=mms
D/MobileDataStateTracker( 9602): mms: Received state=DISCONNECTED, old=DISCONNECTED, reason=radioTurnedOff
D/MobileDataStateTracker( 9602): cbs: Broadcast received: android.intent.action.ANY_DATA_STATE apnType=cbs
D/MobileDataStateTracker( 9602): cbs: Received state=DISCONNECTED, old=DISCONNECTED, reason=radioTurnedOff
D/MobileDataStateTracker( 9602): fota: Broadcast received: android.intent.action.ANY_DATA_STATE apnType=fota
D/MobileDataStateTracker( 9602): fota: Received state=DISCONNECTED, old=DISCONNECTED, reason=radioTurnedOff
D/MobileDataStateTracker( 9602): supl: Broadcast received: android.intent.action.ANY_DATA_STATE apnType=supl
D/MobileDataStateTracker( 9602): supl: Received state=DISCONNECTED, old=DISCONNECTED, reason=radioTurnedOff
D/MobileDataStateTracker( 9602): hipri: Broadcast received: android.intent.action.ANY_DATA_STATE apnType=hipri
D/MobileDataStateTracker( 9602): hipri: Received state=DISCONNECTED, old=DISCONNECTED, reason=radioTurnedOff
D/MobileDataStateTracker( 9602): ims: Broadcast received: android.intent.action.ANY_DATA_STATE apnType=ims
D/MobileDataStateTracker( 9602): ims: Received state=DISCONNECTED, old=DISCONNECTED, reason=radioTurnedOff
D/MobileDataStateTracker( 9602): default: Broadcast received: android.intent.action.ANY_DATA_STATE apnType=default
D/MobileDataStateTracker( 9602): default: Received state=DISCONNECTED, old=DISCONNECTED, reason=radioTurnedOff
D/MobileDataStateTracker( 9602): mms: Broadcast received: android.intent.action.ANY_DATA_STATE apnType=mms
D/MobileDataStateTracker( 9602): mms: Received state=DISCONNECTED, old=DISCONNECTED, reason=radioTurnedOff
D/MobileDataStateTracker( 9602): cbs: Broadcast received: android.intent.action.ANY_DATA_STATE apnType=cbs
D/MobileDataStateTracker( 9602): cbs: Received state=DISCONNECTED, old=DISCONNECTED, reason=radioTurnedOff
D/MobileDataStateTracker( 9602): fota: Broadcast received: android.intent.action.ANY_DATA_STATE apnType=fota
D/MobileDataStateTracker( 9602): fota: Received state=DISCONNECTED, old=DISCONNECTED, reason=dataDetached
D/MobileDataStateTracker( 9602): supl: Broadcast received: android.intent.action.ANY_DATA_STATE apnType=supl
I/ActivityThread( 9981): Switching default density from 160 to 240
D/MobileDataStateTracker( 9602): supl: Received state=DISCONNECTED, old=DISCONNECTED, reason=dataDetached
D/MobileDataStateTracker( 9602): hipri: Broadcast received: android.intent.action.ANY_DATA_STATE apnType=hipri
D/MobileDataStateTracker( 9602): hipri: Received state=DISCONNECTED, old=DISCONNECTED, reason=dataDetached
D/MobileDataStateTracker( 9602): ims: Broadcast received: android.intent.action.ANY_DATA_STATE apnType=ims
D/MobileDataStateTracker( 9602): ims: Received state=DISCONNECTED, old=DISCONNECTED, reason=dataDetached
D/MobileDataStateTracker( 9602): default: Broadcast received: android.intent.action.ANY_DATA_STATE apnType=default
D/MobileDataStateTracker( 9602): default: Received state=DISCONNECTED, old=DISCONNECTED, reason=dataDetached
D/MobileDataStateTracker( 9602): mms: Broadcast received: android.intent.action.ANY_DATA_STATE apnType=mms
D/MobileDataStateTracker( 9602): mms: Received state=DISCONNECTED, old=DISCONNECTED, reason=dataDetached
D/MobileDataStateTracker( 9602): cbs: Broadcast received: android.intent.action.ANY_DATA_STATE apnType=cbs
D/MobileDataStateTracker( 9602): cbs: Received state=DISCONNECTED, old=DISCONNECTED, reason=dataDetached
D/MobileDataStateTracker( 9602): fota: Broadcast received: android.intent.action.ANY_DATA_STATE apnType=fota
D/MobileDataStateTracker( 9602): fota: Received state=DISCONNECTED, old=DISCONNECTED, reason=roamingOff
D/MobileDataStateTracker( 9602): supl: Broadcast received: android.intent.action.ANY_DATA_STATE apnType=supl
D/MobileDataStateTracker( 9602): supl: Received state=DISCONNECTED, old=DISCONNECTED, reason=roamingOff
D/MobileDataStateTracker( 9602): hipri: Broadcast received: android.intent.action.ANY_DATA_STATE apnType=hipri
D/MobileDataStateTracker( 9602): hipri: Received state=DISCONNECTED, old=DISCONNECTED, reason=roamingOff
D/MobileDataStateTracker( 9602): ims: Broadcast received: android.intent.action.ANY_DATA_STATE apnType=ims
D/MobileDataStateTracker( 9602): ims: Received state=DISCONNECTED, old=DISCONNECTED, reason=roamingOff
D/MobileDataStateTracker( 9602): default: Broadcast received: android.intent.action.ANY_DATA_STATE apnType=default
D/MobileDataStateTracker( 9602): default: Received state=DISCONNECTED, old=DISCONNECTED, reason=roamingOff
D/MobileDataStateTracker( 9602): mms: Broadcast received: android.intent.action.ANY_DATA_STATE apnType=mms
D/MobileDataStateTracker( 9602): mms: Received state=DISCONNECTED, old=DISCONNECTED, reason=roamingOff
D/MobileDataStateTracker( 9602): cbs: Broadcast received: android.intent.action.ANY_DATA_STATE apnType=cbs
D/MobileDataStateTracker( 9602): cbs: Received state=DISCONNECTED, old=DISCONNECTED, reason=roamingOff
I/ActivityManager( 9602): Start proc com.google.android.googlequicksearchbox:search for broadcast com.google.android.googlequicksearchbox/com.google.android.search.core.ChargingStateBroadcastReceiver: pid=10007 uid=10033 gids={50033, 3003, 1028, 3002, 1015, 1023}
I/ActivityThread(10007): Switching default density from 160 to 240
I/ActivityManager( 9602): Start proc com.google.android.gm for broadcast com.google.android.gm/.MailIntentReceiver: pid=10026 uid=10013 gids={50013, 3003, 1028, 1015, 1023}
I/ActivityManager( 9602): Start proc com.google.android.partnersetup for content provider com.google.android.partnersetup/.RlzAppProvider: pid=10041 uid=10017 gids={50017, 3003}
I/ActivityThread(10026): Switching default density from 160 to 240
I/ActivityThread(10041): Switching default density from 160 to 240
D/ActivityThread(10026): Loading provider com.android.gmail.ui: com.google.android.gm.provider.GmailProvider
I/ActivityManager( 9602): Start proc com.android.email for broadcast com.android.email/.service.EmailBroadcastReceiver: pid=10083 uid=10049 gids={50049, 3003, 1028, 1015, 1023}
I/ActivityThread(10083): Switching default density from 160 to 240
D/ActivityThread(10083): Loading provider com.android.email.provider;com.android.email.notifier: com.android.email.provider.EmailProvider
W/ActivityManager( 9602): Unable to start service Intent { cmp=com.android.email/.service.AttachmentDownloadService } U=0: not found
W/ActivityManager( 9602): Unable to start service Intent { cmp=com.android.email/.service.AttachmentDownloadService } U=0: not found
I/ActivityManager( 9602): Start proc com.android.music for broadcast com.android.music/.MediaButtonIntentReceiver: pid=10150 uid=10059 gids={50059, 3003, 1028, 1015, 1023}
I/ActivityThread(10150): Switching default density from 160 to 240
D/ConnectivityService( 9602): handleInetConditionChange: no active default network - ignore
I/ActivityManager( 9602): Start proc com.google.android.apps.magazines for broadcast com.google.android.apps.magazines/com.google.apps.dots.android.newsstand.audio.MediaButtonIntentReceiver: pid=10168 uid=10020 gids={50020, 3003, 1028, 1015, 1023}
I/ActivityThread(10168): Switching default density from 160 to 240
W/Vold ( 1515): Returning OperationFailed - no handler for errno 30
W/Vold ( 1515): Returning OperationFailed - no handler for errno 30
W/Vold ( 1515): Returning OperationFailed - no handler for errno 30
W/Vold ( 1515): Returning OperationFailed - no handler for errno 30
E/Vold ( 1515): Failed to find volume for /storage/sdcard1/Android/data/com.google.android.apps.magazines/cache/
W/Vold ( 1515): Returning OperationFailed - no handler for errno 30
W/Vold ( 1515): Returning OperationFailed - no handler for errno 30
W/Vold ( 1515): Returning OperationFailed - no handler for errno 30
W/Vold ( 1515): Returning OperationFailed - no handler for errno 30
W/Vold ( 1515): Returning OperationFailed - no handler for errno 30
E/Vold ( 1515): Failed to find volume for /storage/sdcard1/Android/data/com.google.android.apps.magazines/files/
W/Vold ( 1515): Returning OperationFailed - no handler for errno 30
W/Vold ( 1515): Returning OperationFailed - no handler for errno 30
W/Vold ( 1515): Returning OperationFailed - no handler for errno 30
W/Vold ( 1515): Returning OperationFailed - no handler for errno 30
W/Vold ( 1515): Returning OperationFailed - no handler for errno 30
E/Vold ( 1515): Failed to find volume for /storage/sdcard1/Android/data/com.google.android.apps.magazines/cache/
W/Vold ( 1515): Returning OperationFailed - no handler for errno 30
W/Vold ( 1515): Returning OperationFailed - no handler for errno 30
W/Vold ( 1515): Returning OperationFailed - no handler for errno 30
W/Vold ( 1515): Returning OperationFailed - no handler for errno 30
W/Vold ( 1515): Returning OperationFailed - no handler for errno 30
E/Vold ( 1515): Failed to find volume for /storage/sdcard1/Android/data/com.google.android.apps.magazines/files/
W/Vold ( 1515): Returning OperationFailed - no handler for errno 30
I/ActivityManager( 9602): Delay finish: com.google.android.gm/.MailIntentReceiver
I/ActivityManager( 9602): Resuming delayed broadcast
I/ActivityManager( 9602): Start proc com.android.dialer for broadcast com.android.dialer/.calllog.CallLogReceiver: pid=10211 uid=10007 gids={50007, 3003, 1028, 1015, 1023}
I/ActivityThread(10211): Switching default density from 160 to 240
W/BackupManagerService( 9602): dataChanged but no participant pkg='com.android.launcher3' uid=10019
W/BackupManagerService( 9602): dataChanged but no participant pkg='com.android.launcher3' uid=10019
W/BackupManagerService( 9602): dataChanged but no participant pkg='com.android.launcher3' uid=10019
W/BackupManagerService( 9602): dataChanged but no participant pkg='com.android.launcher3' uid=10019
W/BackupManagerService( 9602): dataChanged but no participant pkg='com.android.launcher3' uid=10019
W/BackupManagerService( 9602): dataChanged but no participant pkg='com.android.launcher3' uid=10019
W/BackupManagerService( 9602): dataChanged but no participant pkg='com.android.launcher3' uid=10019
W/BackupManagerService( 9602): dataChanged but no participant pkg='com.android.launcher3' uid=10019
I/ActivityManager( 9602): Delay finish: com.android.dialer/.calllog.CallLogReceiver
I/ActivityManager( 9602): Resuming delayed broadcast
W/ContextImpl( 9602): Calling a method in the system process without a qualified user: android.app.ContextImpl.bindService:1543 android.bluetooth.BluetoothHeadset.doBind:283 android.bluetooth.BluetoothHeadset.:276 android.bluetooth.BluetoothAdapter.getProfileProxy:1181 android.media.AudioService.getBluetoothHeadset:2245
W/ContextImpl( 9602): Calling a method in the system process without a qualified user: android.app.ContextImpl.bindService:1543 android.bluetooth.BluetoothA2dp.doBind:165 android.bluetooth.BluetoothA2dp.:158 android.bluetooth.BluetoothAdapter.getProfileProxy:1184 android.media.AudioService$AudioServiceBroadcastReceiver.onReceive:4166
V/WiredAccessoryManager( 9602): notifyWiredAccessoryChanged: when=0 bits= mask=14
V/WiredAccessoryManager( 9602): newName=h2w newState=0 headsetState=0 prev headsetState=0
V/WiredAccessoryManager( 9602): init()
I/PowerManagerService( 9602): Boot animation finished.
W/DropBoxManagerService( 9602): Dropping: SYSTEM_RESTART (292 > 0 bytes)
I/BootReceiver( 9602): Copying /data/tombstones/tombstone_05 to DropBox (SYSTEM_TOMBSTONE)
W/DropBoxManagerService( 9602): Dropping: SYSTEM_TOMBSTONE (2334 > 0 bytes)
I/BootReceiver( 9602): Copying /data/tombstones/tombstone_04 to DropBox (SYSTEM_TOMBSTONE)
W/DropBoxManagerService( 9602): Dropping: SYSTEM_TOMBSTONE (2353 > 0 bytes)
I/BootReceiver( 9602): Copying /data/tombstones/tombstone_03 to DropBox (SYSTEM_TOMBSTONE)
W/DropBoxManagerService( 9602): Dropping: SYSTEM_TOMBSTONE (2334 > 0 bytes)
I/BootReceiver( 9602): Copying /data/tombstones/tombstone_02 to DropBox (SYSTEM_TOMBSTONE)
W/DropBoxManagerService( 9602): Dropping: SYSTEM_TOMBSTONE (2353 > 0 bytes)
I/ActivityManager( 9602): Start proc com.android.providers.calendar for broadcast com.android.providers.calendar/.CalendarReceiver: pid=10234 uid=10002 gids={50002, 3003, 1028, 1015, 1023}
I/ActivityThread(10234): Switching default density from 160 to 240
I/ActivityManager( 9602): Delay finish: com.android.providers.calendar/.CalendarReceiver
I/ActivityManager( 9602): Resuming delayed broadcast
I/ActivityManager( 9602): Start proc com.google.android.configupdater for broadcast com.google.android.configupdater/.CertPin.CertPinUpdateRequestReceiver: pid=10274 uid=10004 gids={50004, 3003, 2001}
I/ActivityThread(10274): Switching default density from 160 to 240
I/ActivityManager( 9602): Delay finish: com.android.providers.downloads/.DownloadReceiver
I/ActivityManager( 9602): Resuming delayed broadcast
I/ActivityManager( 9602): Start proc com.google.android.apps.genie.geniewidget for broadcast com.google.android.apps.genie.geniewidget/.miniwidget.MiniWidgetProvider: pid=10303 uid=10012 gids={50012, 3003, 1028, 1015, 1023}
I/ActivityThread(10303): Switching default density from 160 to 240
I/ActivityManager( 9602): Delay finish: com.google.android.gm/.GoogleMailDeviceStartupReceiver
I/ActivityManager( 9602): Resuming delayed broadcast
I/ActivityManager( 9602): Delay finish: com.google.android.gm/.MailIntentReceiver
I/ActivityManager( 9602): Resuming delayed broadcast
I/ActivityManager( 9602): Delay finish: com.google.android.partnersetup/.GooglePartnerSetup
I/ActivityManager( 9602): Resuming delayed broadcast
I/ActivityManager( 9602): Delay finish: com.google.android.partnersetup/.RlzPingBroadcastReceiver
I/ActivityManager( 9602): Resuming delayed broadcast
I/SystemUpdateService( 9876): cancelUpdate (empty URL)
I/SystemUpdateService( 9876): cancelUpdate (empty URL)
I/ActivityManager( 9602): Delay finish: com.android.providers.media/.MediaScannerReceiver
I/ActivityManager( 9602): Resuming delayed broadcast
I/ActivityManager( 9602): Start proc com.android.mms for broadcast com.android.mms/.transaction.MmsSystemEventReceiver: pid=10344 uid=10022 gids={50022, 3003, 1028, 1015, 1023}
I/ActivityThread(10344): Switching default density from 160 to 240
D/CountryDetector( 9602): The first listener is added
I/ActivityManager( 9602): Delay finish: com.android.mms/.transaction.MmsSystemEventReceiver
I/ActivityManager( 9602): Resuming delayed broadcast
I/ActivityManager( 9602): Delay finish: com.android.mms/.transaction.SmsReceiver
I/ActivityManager( 9602): Resuming delayed broadcast
I/ActivityManager( 9602): Start proc com.android.onetimeinitializer for broadcast com.android.onetimeinitializer/.OneTimeInitializerReceiver: pid=10373 uid=10025 gids={50025}
I/ActivityThread(10373): Switching default density from 160 to 240
I/ActivityManager( 9602): Delay finish: com.android.onetimeinitializer/.OneTimeInitializerReceiver
I/ActivityManager( 9602): Resuming delayed broadcast
I/ActivityManager( 9602): Start proc com.android.calendar for broadcast com.android.calendar/.alerts.AlertReceiver: pid=10388 uid=10043 gids={50043, 3003}
I/ActivityThread(10388): Switching default density from 160 to 240
I/ActivityManager( 9602): Delay finish: com.android.calendar/.alerts.AlertReceiver
W/ActivityManager( 9602): Unable to start service Intent { act=com.google.android.gms.analytics.service.START cmp=com.google.android.gms/.analytics.service.AnalyticsService (has extras) } U=0: not found
I/ActivityManager( 9602): START u0 {act=android.intent.action.MAIN cat=[android.intent.category.LAUNCHER] flg=0x10200000 pkg=com.learnopengles.android cmp=com.learnopengles.android/.TableOfContents bnds=[64,128][288,265]} from pid 9785
I/ActivityManager( 9602): Start proc com.learnopengles.android for activity com.learnopengles.android/.TableOfContents: pid=10420 uid=10071 gids={50071}
I/ActivityThread(10420): Switching default density from 160 to 240
W/ActivityManager( 9602): Unable to start service Intent { act=com.google.android.gms.analytics.service.START cmp=com.google.android.gms/.analytics.service.AnalyticsService (has extras) } U=0: not found
I/ActivityManager( 9602): START u0 {cmp=com.learnopengles.android/.lesson1.LessonOneActivity} from pid 10420
D/ConnectivityService( 9602): Captive portal check NetworkInfo: type: WIFI[], state: CONNECTING/CAPTIVE_PORTAL_CHECK, reason: (unspecified), extra: "WIFI_MIZIFI", roaming: false, failover: false, isAvailable: true, isConnectedToProvisioningNetwork: false
D/ConnectivityService( 9602): handleCaptivePortalTrackerCheck: call captivePortalCheckComplete ni=NetworkInfo: type: WIFI[], state: CONNECTING/CAPTIVE_PORTAL_CHECK, reason: (unspecified), extra: "WIFI_MIZIFI", roaming: false, failover: false, isAvailable: true, isConnectedToProvisioningNetwork: false
D/ConnectivityService( 9602): Captive portal check NetworkInfo: type: WIFI[], state: CONNECTING/CAPTIVE_PORTAL_CHECK, reason: (unspecified), extra: "WIFI_MIZIFI", roaming: false, failover: false, isAvailable: true, isConnectedToProvisioningNetwork: false
D/ConnectivityService( 9602): handleCaptivePortalTrackerCheck: call captivePortalCheckComplete ni=NetworkInfo: type: WIFI[], state: CONNECTING/CAPTIVE_PORTAL_CHECK, reason: (unspecified), extra: "WIFI_MIZIFI", roaming: false, failover: false, isAvailable: true, isConnectedToProvisioningNetwork: false
D/ConnectivityService( 9602): ConnectivityChange for WIFI: CONNECTED/CONNECTED
E/ConnectivityService( 9602): Unexpected mtu value: android.net.wifi.WifiStateTracker@2194352c
D/Nat464Xlat( 9602): requiresClat: netType=1, hasIPv4Address=true
D/ConnectivityService( 9602): ConnectivityChange for WIFI: CONNECTED/CONNECTED
E/ConnectivityService( 9602): Unexpected mtu value: android.net.wifi.WifiStateTracker@2194352c
W/ActivityManager( 9602): Unable to start service Intent { act=com.google.android.gms.analytics.service.START cmp=com.google.android.gms/.analytics.service.AnalyticsService (has extras) } U=0: not found
D/ConnectivityService( 9602): handleConnectivityChange: address are the same reset per doReset linkProperty[1]: resetMask=0
D/Nat464Xlat( 9602): requiresClat: netType=1, hasIPv4Address=true
W/ActivityManager( 9602): Unable to start service Intent { act=com.google.android.gms.analytics.service.START cmp=com.google.android.gms/.analytics.service.AnalyticsService (has extras) } U=0: not found
D/ConnectivityService( 9602): handleConnectivityChange: addresses changed linkProperty[1]: resetMask=0
D/ConnectivityService( 9602): car=removed=[] added=[fe80::211:6bff:feea:5ac5/64,]
D/Nat464Xlat( 9602): requiresClat: netType=1, hasIPv4Address=true
I/ActivityManager( 9602): START u0 {cmp=com.learnopengles.android/.lesson4.LessonFourActivity} from pid 10420
D/ConnectivityService( 9602): handleConnectivityChange: address are the same reset per doReset linkProperty[1]: resetMask=0
D/Nat464Xlat( 9602): requiresClat: netType=1, hasIPv4Address=true
I/ActivityManager( 9602): Process com.google.android.gm (pid 10026) has died.
I/ActivityManager( 9602): Process com.google.android.apps.magazines (pid 10168) has died.
I/ActivityManager( 9602): Process com.google.android.apps.uploader (pid 9981) has died.
I/ActivityManager( 9602): Process com.android.email (pid 10083) has died.
I/ActivityManager( 9602): Waited long enough for: ServiceRecord{2194af9c u0 com.google.android.googlequicksearchbox/com.google.android.search.core.service.SearchService}
I/ActivityManager( 9602): Resuming delayed broadcast
I/ActivityManager( 9602): Start proc com.android.deskclock for broadcast com.android.deskclock/.AlarmInitReceiver: pid=10506 uid=10046 gids={50046, 1028}
I/ActivityThread(10506): Switching default density from 160 to 240
I/ActivityManager( 9602): Start proc com.android.email for broadcast com.android.email/.service.EmailBroadcastReceiver: pid=10522 uid=10049 gids={50049, 3003, 1028, 1015, 1023}
I/ActivityThread(10522): Switching default density from 160 to 240
D/ActivityThread(10522): Loading provider com.android.email.provider;com.android.email.notifier: com.android.email.provider.EmailProvider
I/ActivityManager( 9602): Delay finish: com.android.email/.service.EmailBroadcastReceiver
W/ActivityManager( 9602): Unable to start service Intent { cmp=com.android.email/.service.AttachmentDownloadService } U=0: not found
W/ActivityManager( 9602): Unable to start service Intent { cmp=com.android.email/.service.AttachmentDownloadService } U=0: not found
I/ActivityManager( 9602): Delaying start of: ServiceRecord{21a69164 u0 com.android.exchange/.service.EmailSyncAdapterService}
I/ActivityManager( 9602): Start proc com.android.exchange for service com.android.exchange/.service.EmailSyncAdapterService: pid=10543 uid=10050 gids={50050, 3003, 1028, 1015, 1023}
I/ActivityThread(10543): Switching default density from 160 to 240
I/ActivityManager( 9602): Resuming delayed broadcast
I/ActivityManager( 9602): Start proc com.android.vending for broadcast com.android.vending/com.google.android.finsky.receivers.BootCompletedReceiver: pid=10557 uid=10026 gids={50026, 3003, 1028, 1015, 1023}
I/ActivityThread(10557): Switching default density from 160 to 240
I/ActivityManager( 9602): Delay finish: com.google.android.gms/.common.status.StatusServiceLauncherBroadcastReceiver
I/ActivityManager( 9602): Resuming delayed broadcast
I/ActivityManager( 9602): Start proc com.google.android.youtube for broadcast com.google.android.youtube/com.google.android.apps.youtube.core.transfer.DownloadService$BootReceiver: pid=10594 uid=10036 gids={50036, 3003, 1028, 1015, 1023}
I/ActivityThread(10594): Switching default density from 160 to 240
I/ActivityManager( 9602): Waited long enough for: ServiceRecord{2168b578 u0 com.android.music/.MediaPlaybackService}
W/Vold ( 1515): Returning OperationFailed - no handler for errno 30
W/Vold ( 1515): Returning OperationFailed - no handler for errno 30
W/Vold ( 1515): Returning OperationFailed - no handler for errno 30
W/Vold ( 1515): Returning OperationFailed - no handler for errno 30
E/Vold ( 1515): Failed to find volume for /storage/sdcard1/Android/data/com.google.android.youtube/files/
W/Vold ( 1515): Returning OperationFailed - no handler for errno 30
W/Vold ( 1515): Returning OperationFailed - no handler for errno 30
W/Vold ( 1515): Returning OperationFailed - no handler for errno 30
W/Vold ( 1515): Returning OperationFailed - no handler for errno 30
W/Vold ( 1515): Returning OperationFailed - no handler for errno 30
E/Vold ( 1515): Failed to find volume for /storage/sdcard1/Android/data/com.google.android.youtube/files/
W/Vold ( 1515): Returning OperationFailed - no handler for errno 30
I/ActivityManager( 9602): Delay finish: com.google.android.googlequicksearchbox/com.google.android.search.core.StartUpReceiver
I/ActivityManager( 9602): Resuming delayed broadcast
I/ActivityManager( 9602): Killing 9707:com.android.externalstorage/u0a10 (adj 15): empty #17
I/ActivityManager( 9602): Start proc com.google.android.gm for broadcast com.google.android.gm/.widget.GmailWidgetProvider: pid=10656 uid=10013 gids={50013, 3003, 1028, 1015, 1023}
I/ActivityThread(10656): Switching default density from 160 to 240
I/ActivityManager( 9602): Process android.process.acore (pid 9945) has died.
D/CountryDetector( 9602): No listener is left
I/ActivityManager( 9602): Process com.android.mms (pid 10344) has died.
I/ActivityManager( 9602): Process com.google.android.partnersetup (pid 10041) has died.
D/ActivityThread(10656): Loading provider com.android.gmail.ui: com.google.android.gm.provider.GmailProvider
I/ActivityManager( 9602): Start proc com.google.android.music:main for broadcast com.google.android.music/com.android.music.MediaAppWidgetProvider: pid=10683 uid=10023 gids={50023, 3003, 1028, 1015, 1023}
I/ActivityThread(10683): Switching default density from 160 to 240
W/Vold ( 1515): Returning OperationFailed - no handler for errno 30
W/Vold ( 1515): Returning OperationFailed - no handler for errno 30
W/Vold ( 1515): Returning OperationFailed - no handler for errno 30
W/Vold ( 1515): Returning OperationFailed - no handler for errno 30
E/Vold ( 1515): Failed to find volume for /storage/sdcard1/Android/data/com.google.android.music/files/
W/Vold ( 1515): Returning OperationFailed - no handler for errno 30
W/Vold ( 1515): Returning OperationFailed - no handler for errno 30
W/Vold ( 1515): Returning OperationFailed - no handler for errno 30
W/Vold ( 1515): Returning OperationFailed - no handler for errno 30
W/Vold ( 1515): Returning OperationFailed - no handler for errno 30
E/Vold ( 1515): Failed to find volume for /storage/sdcard1/Android/data/com.google.android.music/files/
W/Vold ( 1515): Returning OperationFailed - no handler for errno 30
W/Vold ( 1515): Returning OperationFailed - no handler for errno 30
W/Vold ( 1515): Returning OperationFailed - no handler for errno 30
W/Vold ( 1515): Returning OperationFailed - no handler for errno 30
W/Vold ( 1515): Returning OperationFailed - no handler for errno 30
E/Vold ( 1515): Failed to find volume for /storage/sdcard1/Android/data/com.google.android.music/files/
W/Vold ( 1515): Returning OperationFailed - no handler for errno 30
I/ActivityManager( 9602): Process com.android.deskclock (pid 10506) has died.
I/ActivityManager( 9602): Process com.google.android.apps.genie.geniewidget (pid 10303) has died.
I/ActivityManager( 9602): Process com.android.providers.calendar (pid 10234) has died.
I/ActivityManager( 9602): Delay finish: com.google.android.music/com.android.music.MediaAppWidgetProvider
I/ActivityManager( 9602): Resuming delayed broadcast
I/ActivityManager( 9602): Process com.google.android.configupdater (pid 10274) has died.
I/ActivityManager( 9602): Start proc com.android.providers.calendar for content provider com.android.providers.calendar/.CalendarProvider2: pid=10715 uid=10002 gids={50002, 3003, 1028, 1015, 1023}
I/ActivityThread(10715): Switching default density from 160 to 240
I/BootReceiver( 9602): Copying /data/tombstones/tombstone_06 to DropBox (SYSTEM_TOMBSTONE)
E/DropBoxManagerService( 9602): Can't write: system_app_native_crash
E/DropBoxManagerService( 9602): java.io.IOException: write failed: ENOSPC (No space left on device)
E/DropBoxManagerService( 9602): at libcore.io.IoBridge.write(IoBridge.java:455)
E/DropBoxManagerService( 9602): at java.io.FileOutputStream.write(FileOutputStream.java:187)
E/DropBoxManagerService( 9602): at java.io.BufferedOutputStream.flushInternal(BufferedOutputStream.java:185)
E/DropBoxManagerService( 9602): at java.io.BufferedOutputStream.flush(BufferedOutputStream.java:85)
E/DropBoxManagerService( 9602): at java.io.FilterOutputStream.close(FilterOutputStream.java:61)
E/DropBoxManagerService( 9602): at java.io.BufferedOutputStream.close(BufferedOutputStream.java:152)
E/DropBoxManagerService( 9602): at com.android.server.DropBoxManagerService.add(DropBoxManagerService.java:230)
E/DropBoxManagerService( 9602): at android.os.DropBoxManager.addText(DropBoxManager.java:272)
E/DropBoxManagerService( 9602): at com.android.server.am.ActivityManagerService$17.run(ActivityManagerService.java:10013)
E/DropBoxManagerService( 9602): Caused by: libcore.io.ErrnoException: write failed: ENOSPC (No space left on device)
E/DropBoxManagerService( 9602): at libcore.io.Posix.writeBytes(Native Method)
E/DropBoxManagerService( 9602): at libcore.io.Posix.write(Posix.java:202)
E/DropBoxManagerService( 9602): at libcore.io.BlockGuardOs.write(BlockGuardOs.java:197)
E/DropBoxManagerService( 9602): at libcore.io.IoBridge.write(IoBridge.java:450)
E/DropBoxManagerService( 9602): ... 8 more
E/DropBoxManagerService( 9602): Can't write: SYSTEM_TOMBSTONE
