E/DropBoxManagerService( 9602): java.io.IOException: write failed: ENOSPC (No space left on device)
E/DropBoxManagerService( 9602): at libcore.io.IoBridge.write(IoBridge.java:455)
E/DropBoxManagerService( 9602): at java.io.FileOutputStream.write(FileOutputStream.java:187)
E/DropBoxManagerService( 9602): at java.io.BufferedOutputStream.flushInternal(BufferedOutputStream.java:185)
E/DropBoxManagerService( 9602): at java.io.BufferedOutputStream.flush(BufferedOutputStream.java:85)
E/DropBoxManagerService( 9602): at java.io.FilterOutputStream.close(FilterOutputStream.java:61)
E/DropBoxManagerService( 9602): at java.io.BufferedOutputStream.close(BufferedOutputStream.java:152)
E/DropBoxManagerService( 9602): at com.android.server.DropBoxManagerService.add(DropBoxManagerService.java:230)
E/DropBoxManagerService( 9602): at android.os.DropBoxManager.addText(DropBoxManager.java:272)
E/DropBoxManagerService( 9602): at com.android.server.BootReceiver.addFileToDropBox(BootReceiver.java:177)
E/DropBoxManagerService( 9602): at com.android.server.BootReceiver.access$400(BootReceiver.java:42)
E/DropBoxManagerService( 9602): at com.android.server.BootReceiver$2.onEvent(BootReceiver.java:149)
E/DropBoxManagerService( 9602): at android.os.FileObserver$ObserverThread.onEvent(FileObserver.java:125)
E/DropBoxManagerService( 9602): at android.os.FileObserver$ObserverThread.observe(Native Method)
E/DropBoxManagerService( 9602): at android.os.FileObserver$ObserverThread.run(FileObserver.java:88)
E/DropBoxManagerService( 9602): Caused by: libcore.io.ErrnoException: write failed: ENOSPC (No space left on device)
E/DropBoxManagerService( 9602): at libcore.io.Posix.writeBytes(Native Method)
E/DropBoxManagerService( 9602): at libcore.io.Posix.write(Posix.java:202)
E/DropBoxManagerService( 9602): at libcore.io.BlockGuardOs.write(BlockGuardOs.java:197)
E/DropBoxManagerService( 9602): at libcore.io.IoBridge.write(IoBridge.java:450)
E/DropBoxManagerService( 9602): ... 13 more
I/ActivityManager( 9602): Process com.google.android.gm (pid 10656) has died.
I/ActivityManager( 9602): Waited long enough for: ServiceRecord{219ea944 u0 com.android.calendar/.alerts.InitAlarmsService}
I/ActivityManager( 9602): Start proc com.google.android.gm for broadcast com.google.android.gm/.GmailReceiver: pid=10737 uid=10013 gids={50013, 3003, 1028, 1015, 1023}
I/ActivityThread(10737): Switching default density from 160 to 240
D/ActivityThread(10737): Loading provider com.android.gmail.ui: com.google.android.gm.provider.GmailProvider
I/ActivityManager( 9602): Delay finish: com.google.android.music/.store.MediaStoreImportService$Receiver
I/ActivityManager( 9602): Resuming delayed broadcast
I/ActivityManager( 9602): Delay finish: com.google.android.music/.store.MediaStoreImportService$Receiver
I/ActivityManager( 9602): Resuming delayed broadcast
I/ActivityManager( 9602): Start proc com.android.mms for broadcast com.android.mms/.transaction.SmsReceiver: pid=10763 uid=10022 gids={50022, 3003, 1028, 1015, 1023}
I/ActivityThread(10763): Switching default density from 160 to 240
I/ActivityManager( 9602): Process android.process.media (pid 9733) has died.
I/ActivityManager( 9602): Process com.android.exchange (pid 10543) has died.
I/ActivityManager( 9602): Process com.android.dialer (pid 10211) has died.
D/CountryDetector( 9602): The first listener is added
I/ActivityManager( 9602): Delay finish: com.android.mms/.transaction.SmsReceiver
I/ActivityManager( 9602): Resuming delayed broadcast
W/BroadcastQueue( 9602): Permission Denial: receiving Intent { act=com.android.launcher3.action.LAUNCH flg=0x10 (has extras) } to com.google.android.googlequicksearchbox/com.google.android.search.core.summons.icing.InternalIcingCorporaProvider$ApplicationLaunchReceiver requires com.android.launcher3.permission.RECEIVE_LAUNCH_BROADCASTS due to sender com.android.launcher3 (uid 10019)
I/BootReceiver( 9602): Copying /data/tombstones/tombstone_07 to DropBox (SYSTEM_TOMBSTONE)
W/ActivityManager( 9602): Process com.google.android.gm has crashed too many times: killing!
I/ActivityManager( 9602): Killing 10737:com.google.android.gm/u0a13 (adj 5): crash
E/DropBoxManagerService( 9602): Can't write: system_app_native_crash
E/DropBoxManagerService( 9602): java.io.IOException: write failed: ENOSPC (No space left on device)
E/DropBoxManagerService( 9602): at libcore.io.IoBridge.write(IoBridge.java:455)
E/DropBoxManagerService( 9602): at java.io.FileOutputStream.write(FileOutputStream.java:187)
E/DropBoxManagerService( 9602): at java.io.BufferedOutputStream.flushInternal(BufferedOutputStream.java:185)
E/DropBoxManagerService( 9602): at java.io.BufferedOutputStream.flush(BufferedOutputStream.java:85)
E/DropBoxManagerService( 9602): at java.io.FilterOutputStream.close(FilterOutputStream.java:61)
E/DropBoxManagerService( 9602): at java.io.BufferedOutputStream.close(BufferedOutputStream.java:152)
E/DropBoxManagerService( 9602): at com.android.server.DropBoxManagerService.add(DropBoxManagerService.java:230)
E/DropBoxManagerService( 9602): at android.os.DropBoxManager.addText(DropBoxManager.java:272)
E/DropBoxManagerService( 9602): at com.android.server.am.ActivityManagerService$17.run(ActivityManagerService.java:10013)
E/DropBoxManagerService( 9602): Caused by: libcore.io.ErrnoException: write failed: ENOSPC (No space left on device)
E/DropBoxManagerService( 9602): at libcore.io.Posix.writeBytes(Native Method)
E/DropBoxManagerService( 9602): at libcore.io.Posix.write(Posix.java:202)
E/DropBoxManagerService( 9602): at libcore.io.BlockGuardOs.write(BlockGuardOs.java:197)
E/DropBoxManagerService( 9602): at libcore.io.IoBridge.write(IoBridge.java:450)
E/DropBoxManagerService( 9602): ... 8 more
E/DropBoxManagerService( 9602): Can't write: SYSTEM_TOMBSTONE
E/DropBoxManagerService( 9602): java.io.IOException: write failed: ENOSPC (No space left on device)
E/DropBoxManagerService( 9602): at libcore.io.IoBridge.write(IoBridge.java:455)
E/DropBoxManagerService( 9602): at java.io.FileOutputStream.write(FileOutputStream.java:187)
E/DropBoxManagerService( 9602): at java.io.BufferedOutputStream.flushInternal(BufferedOutputStream.java:185)
E/DropBoxManagerService( 9602): at java.io.BufferedOutputStream.flush(BufferedOutputStream.java:85)
E/DropBoxManagerService( 9602): at java.io.FilterOutputStream.close(FilterOutputStream.java:61)
E/DropBoxManagerService( 9602): at java.io.BufferedOutputStream.close(BufferedOutputStream.java:152)
E/DropBoxManagerService( 9602): at com.android.server.DropBoxManagerService.add(DropBoxManagerService.java:230)
E/DropBoxManagerService( 9602): at android.os.DropBoxManager.addText(DropBoxManager.java:272)
E/DropBoxManagerService( 9602): at com.android.server.BootReceiver.addFileToDropBox(BootReceiver.java:177)
E/DropBoxManagerService( 9602): at com.android.server.BootReceiver.access$400(BootReceiver.java:42)
E/DropBoxManagerService( 9602): at com.android.server.BootReceiver$2.onEvent(BootReceiver.java:149)
E/DropBoxManagerService( 9602): at android.os.FileObserver$ObserverThread.onEvent(FileObserver.java:125)
E/DropBoxManagerService( 9602): at android.os.FileObserver$ObserverThread.observe(Native Method)
E/DropBoxManagerService( 9602): at android.os.FileObserver$ObserverThread.run(FileObserver.java:88)
E/DropBoxManagerService( 9602): Caused by: libcore.io.ErrnoException: write failed: ENOSPC (No space left on device)
E/DropBoxManagerService( 9602): at libcore.io.Posix.writeBytes(Native Method)
E/DropBoxManagerService( 9602): at libcore.io.Posix.write(Posix.java:202)
E/DropBoxManagerService( 9602): at libcore.io.BlockGuardOs.write(BlockGuardOs.java:197)
E/DropBoxManagerService( 9602): at libcore.io.IoBridge.write(IoBridge.java:450)
E/DropBoxManagerService( 9602): ... 13 more
I/ActivityManager( 9602): Delay finish: com.android.providers.calendar/.CalendarProviderBroadcastReceiver
I/ActivityManager( 9602): Resuming delayed broadcast
I/ActivityManager( 9602): Start proc android.process.media for broadcast com.android.providers.downloads/.DownloadReceiver: pid=10794 uid=10008 gids={50008, 1028, 1015, 1023, 1024, 2001, 3003, 3007}
I/ActivityThread(10794): Switching default density from 160 to 240
I/ActivityManager( 9602): Start proc com.google.android.apps.magazines for broadcast com.google.android.apps.magazines/com.google.apps.dots.android.newsstand.appwidget.NewsWidgetProvider: pid=10816 uid=10020 gids={50020, 3003, 1028, 1015, 1023}
I/ActivityThread(10816): Switching default density from 160 to 240
W/Vold ( 1515): Returning OperationFailed - no handler for errno 30
W/Vold ( 1515): Returning OperationFailed - no handler for errno 30
W/Vold ( 1515): Returning OperationFailed - no handler for errno 30
W/Vold ( 1515): Returning OperationFailed - no handler for errno 30
E/Vold ( 1515): Failed to find volume for /storage/sdcard1/Android/data/com.google.android.apps.magazines/cache/
W/Vold ( 1515): Returning OperationFailed - no handler for errno 30
W/Vold ( 1515): Returning OperationFailed - no handler for errno 30
W/Vold ( 1515): Returning OperationFailed - no handler for errno 30
W/Vold ( 1515): Returning OperationFailed - no handler for errno 30
W/Vold ( 1515): Returning OperationFailed - no handler for errno 30
E/Vold ( 1515): Failed to find volume for /storage/sdcard1/Android/data/com.google.android.apps.magazines/files/
W/Vold ( 1515): Returning OperationFailed - no handler for errno 30
W/Vold ( 1515): Returning OperationFailed - no handler for errno 30
W/Vold ( 1515): Returning OperationFailed - no handler for errno 30
W/Vold ( 1515): Returning OperationFailed - no handler for errno 30
W/Vold ( 1515): Returning OperationFailed - no handler for errno 30
E/Vold ( 1515): Failed to find volume for /storage/sdcard1/Android/data/com.google.android.apps.magazines/cache/
W/Vold ( 1515): Returning OperationFailed - no handler for errno 30
W/Vold ( 1515): Returning OperationFailed - no handler for errno 30
W/Vold ( 1515): Returning OperationFailed - no handler for errno 30
W/Vold ( 1515): Returning OperationFailed - no handler for errno 30
W/Vold ( 1515): Returning OperationFailed - no handler for errno 30
E/Vold ( 1515): Failed to find volume for /storage/sdcard1/Android/data/com.google.android.apps.magazines/files/
W/Vold ( 1515): Returning OperationFailed - no handler for errno 30
W/InputMethodManagerService( 9602): Window already focused, ignoring focus gain of: com.android.internal.view.IInputMethodClient$Stub$Proxy@21a59f94 attribute=null, token = android.os.BinderProxy@2194dab4
I/ActivityManager( 9602): Start proc com.android.deskclock for broadcast com.android.deskclock/.AlarmInitReceiver: pid=10862 uid=10046 gids={50046, 1028}
I/ActivityThread(10862): Switching default density from 160 to 240
W/ActivityThread( 9876): ClassLoader.loadClass: The class loader returned by Thread.getContextClassLoader() may fail for processes that host multiple applications. You should explicitly specify a context class loader. For example: Thread.setContextClassLoader(getClass().getClassLoader());
W/BroadcastQueue( 9602): Unable to launch app com.google.android.gm/10013 for broadcast Intent { act=com.google.android.gm.intent.ACTION_PROVIDER_CREATED flg=0x10 }: process is bad
W/BroadcastQueue( 9602): Unable to launch app com.google.android.gm/10013 for broadcast Intent { act=com.google.android.gm.intent.ACTION_PROVIDER_CREATED flg=0x10 }: process is bad
I/ActivityManager( 9602): Delay finish: com.android.mms/.transaction.SmsReceiver
I/ActivityManager( 9602): Resuming delayed broadcast
W/ActivityThread( 9801): ClassLoader.loadClass: The class loader returned by Thread.getContextClassLoader() may fail for processes that host multiple applications. You should explicitly specify a context class loader. For example: Thread.setContextClassLoader(getClass().getClassLoader());
D/ConnectivityService( 9602): handleInetConditionHoldEnd: net=1, condition=100, published condition=0
W/ActivityManager( 9602): Unable to start service Intent { act=com.google.android.gms.analytics.service.START cmp=com.google.android.gms/.analytics.service.AnalyticsService (has extras) } U=0: not found
I/ActivityManager( 9602): Delay finish: com.google.android.music/.leanback.AutoCacheSchedulingService$EnablingReceiver
I/ActivityManager( 9602): Resuming delayed broadcast
I/ActivityManager( 9602): START u0 {cmp=com.learnopengles.android/.lesson8.LessonEightActivity} from pid 10420
I/ActivityManager( 9602): Process com.google.android.apps.magazines (pid 10816) has died.
I/ActivityManager( 9602): Process com.android.vending (pid 10557) has died.
I/ActivityManager( 9602): Process com.google.android.youtube (pid 10594) has died.
I/ActivityManager( 9602): Process com.android.settings (pid 9900) has died.
D/ConnectivityService( 9602): setProvNotificationVisible: E visible=false networkType=1 extraInfo=null url=null
W/ActivityThread( 9602): ClassLoader.loadClass: The class loader returned by Thread.getContextClassLoader() may fail for processes that host multiple applications. You should explicitly specify a context class loader. For example: Thread.setContextClassLoader(getClass().getClassLoader());
D/ConnectivityService( 9602): captivePortalCheckCompleted: ni=NetworkInfo: type: WIFI[], state: CONNECTED/CONNECTED, reason: (unspecified), extra: "WIFI_MIZIFI", roaming: false, failover: false, isAvailable: true, isConnectedToProvisioningNetwork: false captive=false
W/ActivityManager( 9602): Unable to start service Intent { act=com.google.android.gms.analytics.service.START cmp=com.google.android.gms/.analytics.service.AnalyticsService (has extras) } U=0: not found --------- beginning of /dev/log/main
D/libEGL (10420): glEnable(GL_BLEND);
D/libEGL (10420): glViewport(0, 0, 1920, 1008);
D/libEGL (10420): glEnable(GL_SCISSOR_TEST);
D/libEGL (10420): glScissor(0, 0, 1920, 857);
D/libEGL (10420): glDisableVertexAttribArray(1);
D/libEGL (10420): glUseProgram(3);
D/libEGL (10420): const GLfloat value[] = {
D/libEGL (10420): 1920, 0, 0, 0,
D/libEGL (10420): 0, 1008, 0, 0,
D/libEGL (10420): 0, 0, 1, 0,
D/libEGL (10420): 0, 0, 0, 1
D/libEGL (10420): };
D/libEGL (10420): glUniformMatrix4fv(1, 1, GL_FALSE, value);
D/libEGL (10420): glUniform4f(4, 0, 0, 0, 1);
D/libEGL (10420): glUniform4f(5, 0.152941, 0.176471, 0.2, 1);
D/libEGL (10420): glBindTexture(GL_TEXTURE_2D, 3);
D/libEGL (10420): glUniform1i(3, 0);
D/libEGL (10420): const GLfloat value[] = {
D/libEGL (10420): 0, -1.90476, 0, 0,
D/libEGL (10420): 1, 0, 0, 0,
D/libEGL (10420): 0, 0, 1, 0,
D/libEGL (10420): 0, 0, 0, 1
D/libEGL (10420): };
D/libEGL (10420): glUniformMatrix4fv(2, 1, GL_FALSE, value);
D/libEGL (10420): glBindBuffer(GL_ARRAY_BUFFER, 1);
D/libEGL (10420): glVertexAttribPointer(0, 2, GL_FLOAT, GL_FALSE, 16, (const GLvoid*) 0x00000000);
D/libEGL (10420): glBindBuffer(GL_ELEMENT_ARRAY_BUFFER, 0);
D/libEGL (10420): glDrawArrays(GL_TRIANGLE_STRIP, 0, 4);
W/EGL-GALLIUM(10420): cache full: buf 0x79327da8, width 1920, height 1008, format 1, usage 0x900
D/libEGL (10420): glScissor(12, 828, 98, 29);
D/libEGL (10420): glUseProgram(6);
D/libEGL (10420): const GLfloat value[] = {
D/libEGL (10420): 1, 0, 0, 0,
D/libEGL (10420): 0, 1, 0, 0,
D/libEGL (10420): 0, 0, 1, 0,
D/libEGL (10420): 12, 82, 0, 1
D/libEGL (10420): };
D/libEGL (10420): glUniformMatrix4fv(1, 1, GL_FALSE, value);
D/libEGL (10420): glUniform4f(2, 1, 1, 1, 1);
D/libEGL (10420): glBindBuffer(GL_ARRAY_BUFFER, 0);
D/libEGL (10420): glVertexAttribPointer(0, 2, GL_FLOAT, GL_FALSE, 12, (const GLvoid*) 0x7997b5b0);
D/libEGL (10420): glEnableVertexAttribArray(1);
D/libEGL (10420): glVertexAttribPointer(1, 1, GL_FLOAT, GL_FALSE, 12, (const GLvoid*) 0x7997b5b8);
D/libEGL (10420): glDrawArrays(GL_TRIANGLE_STRIP, 0, 32);
D/libEGL (10420): glDisableVertexAttribArray(1);
D/libEGL (10420): glDisable(GL_SCISSOR_TEST);
D/libEGL (10420): const GLfloat value[] = {
D/libEGL (10420): 1, 0, 0, 0,
D/libEGL (10420): 0, 1, 0, 0,
D/libEGL (10420): 0, 0, 1, 0,
D/libEGL (10420): 12, 217, 0, 1
D/libEGL (10420): };
D/libEGL (10420): glUniformMatrix4fv(1, 1, GL_FALSE, value);
D/libEGL (10420): glUniform4f(2, 1, 1, 1, 1);
D/libEGL (10420): glVertexAttribPointer(0, 2, GL_FLOAT, GL_FALSE, 12, (const GLvoid*) 0x79d84090);
D/libEGL (10420): glEnableVertexAttribArray(1);
D/libEGL (10420): glVertexAttribPointer(1, 1, GL_FLOAT, GL_FALSE, 12, (const GLvoid*) 0x79d84098);
D/libEGL (10420): glDrawArrays(GL_TRIANGLE_STRIP, 0, 32);
D/libEGL (10420): glDisableVertexAttribArray(1);
D/libEGL (10420): const GLfloat value[] = {
D/libEGL (10420): 1, 0, 0, 0,
D/libEGL (10420): 0, 1, 0, 0,
D/libEGL (10420): 0, 0, 1, 0,
D/libEGL (10420): 12, 352, 0, 1
D/libEGL (10420): };
D/libEGL (10420): glUniformMatrix4fv(1, 1, GL_FALSE, value);
D/libEGL (10420): glUniform4f(2, 1, 1, 1, 1);
D/libEGL (10420): glVertexAttribPointer(0, 2, GL_FLOAT, GL_FALSE, 12, (const GLvoid*) 0x7924d370);
D/libEGL (10420): glEnableVertexAttribArray(1);
D/libEGL (10420): glVertexAttribPointer(1, 1, GL_FLOAT, GL_FALSE, 12, (const GLvoid*) 0x7924d378);
D/libEGL (10420): glDrawArrays(GL_TRIANGLE_STRIP, 0, 32);
D/libEGL (10420): glDisableVertexAttribArray(1);
D/libEGL (10420): const GLfloat value[] = {
D/libEGL (10420): 1, 0, 0, 0,
D/libEGL (10420): 0, 1, 0, 0,
D/libEGL (10420): 0, 0, 1, 0,
D/libEGL (10420): 12, 487, 0, 1
D/libEGL (10420): };
D/libEGL (10420): glUniformMatrix4fv(1, 1, GL_FALSE, value);
D/libEGL (10420): glUniform4f(2, 1, 1, 1, 1);
D/libEGL (10420): glVertexAttribPointer(0, 2, GL_FLOAT, GL_FALSE, 12, (const GLvoid*) 0x79d81f30);
D/libEGL (10420): glEnableVertexAttribArray(1);
D/libEGL (10420): glVertexAttribPointer(1, 1, GL_FLOAT, GL_FALSE, 12, (const GLvoid*) 0x79d81f38);
D/libEGL (10420): glDrawArrays(GL_TRIANGLE_STRIP, 0, 32);
D/libEGL (10420): glDisableVertexAttribArray(1);
D/libEGL (10420): const GLfloat value[] = {
D/libEGL (10420): 1, 0, 0, 0,
D/libEGL (10420): 0, 1, 0, 0,
D/libEGL (10420): 0, 0, 1, 0,
D/libEGL (10420): 12, 622, 0, 1
D/libEGL (10420): };
D/libEGL (10420): glUniformMatrix4fv(1, 1, GL_FALSE, value);
D/libEGL (10420): glUniform4f(2, 1, 1, 1, 1);
D/libEGL (10420): glVertexAttribPointer(0, 2, GL_FLOAT, GL_FALSE, 12, (const GLvoid*) 0x7633afc0);
D/libEGL (10420): glEnableVertexAttribArray(1);
D/libEGL (10420): glVertexAttribPointer(1, 1, GL_FLOAT, GL_FALSE, 12, (const GLvoid*) 0x7633afc8);
D/libEGL (10420): glDrawArrays(GL_TRIANGLE_STRIP, 0, 32);
D/libEGL (10420): glDisableVertexAttribArray(1);
D/libEGL (10420): const GLfloat value[] = {
D/libEGL (10420): 1, 0, 0, 0,
D/libEGL (10420): 0, 1, 0, 0,
D/libEGL (10420): 0, 0, 1, 0,
D/libEGL (10420): 12, 757, 0, 1
D/libEGL (10420): };
D/libEGL (10420): glUniformMatrix4fv(1, 1, GL_FALSE, value);
D/libEGL (10420): glUniform4f(2, 1, 1, 1, 1);
D/libEGL (10420): glVertexAttribPointer(0, 2, GL_FLOAT, GL_FALSE, 12, (const GLvoid*) 0x7997b5b0);
D/libEGL (10420): glEnableVertexAttribArray(1);
D/libEGL (10420): glVertexAttribPointer(1, 1, GL_FLOAT, GL_FALSE, 12, (const GLvoid*) 0x7997b5b8);
D/libEGL (10420): glDrawArrays(GL_TRIANGLE_STRIP, 0, 32);
D/libEGL (10420): glDisableVertexAttribArray(1);
D/libEGL (10420): const GLfloat value[] = {
D/libEGL (10420): 1, 0, 0, 0,
D/libEGL (10420): 0, 1, 0, 0,
D/libEGL (10420): 0, 0, 1, 0,
D/libEGL (10420): 12, 892, 0, 1
D/libEGL (10420): };
D/libEGL (10420): glUniformMatrix4fv(1, 1, GL_FALSE, value);
D/libEGL (10420): glUniform4f(2, 1, 1, 1, 1);
D/libEGL (10420): glVertexAttribPointer(0, 2, GL_FLOAT, GL_FALSE, 12, (const GLvoid*) 0x79d84090);
D/libEGL (10420): glEnableVertexAttribArray(1);
D/libEGL (10420): glVertexAttribPointer(1, 1, GL_FLOAT, GL_FALSE, 12, (const GLvoid*) 0x79d84098);
D/libEGL (10420): glDrawArrays(GL_TRIANGLE_STRIP, 0, 32);
D/libEGL (10420): glDisableVertexAttribArray(1);
D/libEGL (10420): glUseProgram(12);
D/libEGL (10420): const GLfloat value[] = {
D/libEGL (10420): 1, 0, 0, 0,
D/libEGL (10420): 0, 1, 0, 0,
D/libEGL (10420): 0, 0, 1, 0,
D/libEGL (10420): 0, 0, 0, 1
D/libEGL (10420): };
D/libEGL (10420): glUniformMatrix4fv(1, 1, GL_FALSE, value);
D/libEGL (10420): glBindTexture(GL_TEXTURE_2D, 4);
D/libEGL (10420): glEnableVertexAttribArray(1);
D/libEGL (10420): glBindBuffer(GL_ELEMENT_ARRAY_BUFFER, 3);
D/libEGL (10420): glVertexAttribPointer(0, 2, GL_FLOAT, GL_FALSE, 16, (const GLvoid*) 0xbfe76bbc);
D/libEGL (10420): glVertexAttribPointer(1, 2, GL_FLOAT, GL_FALSE, 16, (const GLvoid*) 0xbfe76bc4);
D/libEGL (10420): glDrawElements(GL_TRIANGLES, 36, GL_UNSIGNED_SHORT, (const GLvoid *) 0x00000000);
D/libEGL (10420): glUseProgram(15);
D/libEGL (10420): const GLfloat value[] = {
D/libEGL (10420): 1, 0, 0, 0,
D/libEGL (10420): 0, 1, 0, 0,
D/libEGL (10420): 0, 0, 1, 0,
D/libEGL (10420): 1905, 327, 0, 1
D/libEGL (10420): };
D/libEGL (10420): glUniformMatrix4fv(1, 1, GL_FALSE, value);
D/libEGL (10420): glBindTexture(GL_TEXTURE_2D, 5);
D/libEGL (10420): glUniform4f(2, 0.941176, 0.941176, 0.941176, 0.941176);
D/libEGL (10420): glBindBuffer(GL_ARRAY_BUFFER, 2);
D/libEGL (10420): glVertexAttribPointer(0, 2, GL_FLOAT, GL_FALSE, 16, (const GLvoid*) 0x00000040);
D/libEGL (10420): glVertexAttribPointer(1, 2, GL_FLOAT, GL_FALSE, 16, (const GLvoid*) 0x00000048);
D/libEGL (10420): glDrawElements(GL_TRIANGLES, 54, GL_UNSIGNED_SHORT, (const GLvoid *) 0x00000000);
D/libEGL (10420): glEnable(GL_SCISSOR_TEST);
D/libEGL (10420): glDisable(GL_BLEND);
D/libEGL (10420): glUseProgram(12);
D/libEGL (10420): const GLfloat value[] = {
D/libEGL (10420): 96, 0, 0, 0,
D/libEGL (10420): 0, 96, 0, 0,
D/libEGL (10420): 0, 0, 1, 0,
D/libEGL (10420): 13, 83, 0, 1
D/libEGL (10420): };
D/libEGL (10420): glUniformMatrix4fv(1, 1, GL_FALSE, value);
D/libEGL (10420): glBindTexture(GL_TEXTURE_2D, 8);
D/libEGL (10420): glBindBuffer(GL_ARRAY_BUFFER, 1);
D/libEGL (10420): glVertexAttribPointer(0, 2, GL_FLOAT, GL_FALSE, 16, (const GLvoid*) 0x00000000);
D/libEGL (10420): glVertexAttribPointer(1, 2, GL_FLOAT, GL_FALSE, 16, (const GLvoid*) 0x00000008);
D/libEGL (10420): glBindBuffer(GL_ELEMENT_ARRAY_BUFFER, 0);
D/libEGL (10420): glDrawArrays(GL_TRIANGLE_STRIP, 0, 4);
D/libEGL (10420): glDisable(GL_SCISSOR_TEST);
D/libEGL (10420): const GLfloat value[] = {
D/libEGL (10420): 96, 0, 0, 0,
D/libEGL (10420): 0, 96, 0, 0,
D/libEGL (10420): 0, 0, 1, 0,
D/libEGL (10420): 13, 218, 0, 1
D/libEGL (10420): };
D/libEGL (10420): glUniformMatrix4fv(1, 1, GL_FALSE, value);
D/libEGL (10420): glBindTexture(GL_TEXTURE_2D, 9);
D/libEGL (10420): glDrawArrays(GL_TRIANGLE_STRIP, 0, 4);
D/libEGL (10420): const GLfloat value[] = {
D/libEGL (10420): 96, 0, 0, 0,
D/libEGL (10420): 0, 96, 0, 0,
D/libEGL (10420): 0, 0, 1, 0,
D/libEGL (10420): 13, 353, 0, 1
D/libEGL (10420): };
D/libEGL (10420): glUniformMatrix4fv(1, 1, GL_FALSE, value);
D/libEGL (10420): glBindTexture(GL_TEXTURE_2D, 10);
D/libEGL (10420): glDrawArrays(GL_TRIANGLE_STRIP, 0, 4);
D/libEGL (10420): const GLfloat value[] = {
D/libEGL (10420): 96, 0, 0, 0,
D/libEGL (10420): 0, 96, 0, 0,
D/libEGL (10420): 0, 0, 1, 0,
D/libEGL (10420): 13, 488, 0, 1
D/libEGL (10420): };
D/libEGL (10420): glUniformMatrix4fv(1, 1, GL_FALSE, value);
D/libEGL (10420): glBindTexture(GL_TEXTURE_2D, 11);
D/libEGL (10420): glDrawArrays(GL_TRIANGLE_STRIP, 0, 4);
D/libEGL (10420): const GLfloat value[] = {
D/libEGL (10420): 96, 0, 0, 0,
D/libEGL (10420): 0, 96, 0, 0,
D/libEGL (10420): 0, 0, 1, 0,
D/libEGL (10420): 13, 623, 0, 1
D/libEGL (10420): };
D/libEGL (10420): glUniformMatrix4fv(1, 1, GL_FALSE, value);
D/libEGL (10420): glBindTexture(GL_TEXTURE_2D, 12);
D/libEGL (10420): glDrawArrays(GL_TRIANGLE_STRIP, 0, 4);
D/libEGL (10420): const GLfloat value[] = {
D/libEGL (10420): 96, 0, 0, 0,
D/libEGL (10420): 0, 96, 0, 0,
D/libEGL (10420): 0, 0, 1, 0,
D/libEGL (10420): 13, 758, 0, 1
D/libEGL (10420): };
D/libEGL (10420): glUniformMatrix4fv(1, 1, GL_FALSE, value);
D/libEGL (10420): glBindTexture(GL_TEXTURE_2D, 13);
D/libEGL (10420): glDrawArrays(GL_TRIANGLE_STRIP, 0, 4);
D/libEGL (10420): const GLfloat value[] = {
D/libEGL (10420): 96, 0, 0, 0,
D/libEGL (10420): 0, 96, 0, 0,
D/libEGL (10420): 0, 0, 1, 0,
D/libEGL (10420): 13, 893, 0, 1
D/libEGL (10420): };
D/libEGL (10420): glUniformMatrix4fv(1, 1, GL_FALSE, value);
D/libEGL (10420): glBindTexture(GL_TEXTURE_2D, 16);
D/libEGL (10420): glDrawArrays(GL_TRIANGLE_STRIP, 0, 4);
D/libEGL (10420): glEnable(GL_SCISSOR_TEST);
D/libEGL (10420): glScissor(0, 0, 1920, 857);
D/libEGL (10420): glEnable(GL_BLEND);
D/libEGL (10420): glUseProgram(9);
D/libEGL (10420): const GLfloat value[] = {
D/libEGL (10420): 1, 0, 0, 0,
D/libEGL (10420): 0, 1, 0, 0,
D/libEGL (10420): 0, 0, 1, 0,
D/libEGL (10420): 0, 0, 0, 1
D/libEGL (10420): };
D/libEGL (10420): glUniformMatrix4fv(1, 1, GL_FALSE, value);
D/libEGL (10420): glUniform4f(2, 0.745098, 0.745098, 0.745098, 1);
D/libEGL (10420): glBindBuffer(GL_ELEMENT_ARRAY_BUFFER, 3);
D/libEGL (10420): glBindBuffer(GL_ARRAY_BUFFER, 0);
D/libEGL (10420): glBindTexture(GL_TEXTURE_2D, 2);
D/libEGL (10420): glVertexAttribPointer(0, 2, GL_FLOAT, GL_FALSE, 16, (const GLvoid*) 0x79416010);
D/libEGL (10420): glVertexAttribPointer(1, 2, GL_FLOAT, GL_FALSE, 16, (const GLvoid*) 0x79416018);
D/libEGL (10420): glDrawElements(GL_TRIANGLES, 3072, GL_UNSIGNED_SHORT, (const GLvoid *) 0x00000000);
D/libEGL (10420): glGetError();
D/libEGL ( 9275): glGetError();
D/libEGL ( 9275): glBindTexture(GL_TEXTURE_EXTERNAL_OES, 25);
D/libEGL ( 9275): glEGLImageTargetTexture2DOES(GL_TEXTURE_EXTERNAL_OES, (GLeglImageOES) 0x43d085a0);
D/libEGL ( 9275): glGetError();
D/libEGL ( 9275): glViewport(0, 0, 1920, 1080);
D/libEGL ( 9275): glDisable(GL_BLEND);
D/libEGL ( 9275): glUseProgram(3);
D/libEGL ( 9275): const GLfloat value[] = {
D/libEGL ( 9275): 0, 0, 0, 0
D/libEGL ( 9275): };
D/libEGL ( 9275): glUniform4f(1, 1, value);
D/libEGL ( 9275): const GLfloat value[] = {
D/libEGL ( 9275): 0.00104167, 0, 0, 0,
D/libEGL ( 9275): 0, 0.00185185, 0, 0,
D/libEGL ( 9275): 0, 0, -2, 0,
D/libEGL ( 9275): -1, -1, -1, 1
D/libEGL ( 9275): };
D/libEGL ( 9275): glUniformMatrix4fv(0, 1, GL_FALSE, value);
D/libEGL ( 9275): glVertexAttribPointer(0, 2, GL_FLOAT, GL_FALSE, 8, (const GLvoid*) 0x47f27900);
D/libEGL ( 9275): glDrawArrays(GL_TRIANGLES, 0, 12);
D/libEGL ( 9275): glGetError();
D/libEGL ( 9275): glBindTexture(GL_TEXTURE_EXTERNAL_OES, 25);
D/libEGL ( 9275): glEGLImageTargetTexture2DOES(GL_TEXTURE_EXTERNAL_OES, (GLeglImageOES) 0x43d085a0);
D/libEGL ( 9275): glGetError();
D/libEGL ( 9275): glBindTexture(GL_TEXTURE_EXTERNAL_OES, 25);
D/libEGL ( 9275): glTexParameteri(GL_TEXTURE_EXTERNAL_OES, GL_TEXTURE_WRAP_S, GL_CLAMP_TO_EDGE);
D/libEGL ( 9275): glTexParameteri(GL_TEXTURE_EXTERNAL_OES, GL_TEXTURE_WRAP_T, GL_CLAMP_TO_EDGE);
D/libEGL ( 9275): glTexParameteri(GL_TEXTURE_EXTERNAL_OES, GL_TEXTURE_MAG_FILTER, GL_NEAREST);
D/libEGL ( 9275): glTexParameteri(GL_TEXTURE_EXTERNAL_OES, GL_TEXTURE_MIN_FILTER, GL_NEAREST);
D/libEGL ( 9275): glDisable(GL_BLEND);
D/libEGL ( 9275): glUseProgram(6);
D/libEGL ( 9275): glUniform1i(2, 0);
D/libEGL ( 9275): const GLfloat value[] = {
D/libEGL ( 9275): 1, 0, 0, 0,
D/libEGL ( 9275): 0, -1, 0, 0,
D/libEGL ( 9275): 0, 0, 1, 0,
D/libEGL ( 9275): 0, 1, 0, 1
D/libEGL ( 9275): };
D/libEGL ( 9275): glUniformMatrix4fv(1, 1, GL_FALSE, value);
D/libEGL ( 9275): const GLfloat value[] = {
D/libEGL ( 9275): 0.00104167, 0, 0, 0,
D/libEGL ( 9275): 0, 0.00185185, 0, 0,
D/libEGL ( 9275): 0, 0, -2, 0,
D/libEGL ( 9275): -1, -1, -1, 1
D/libEGL ( 9275): };
D/libEGL ( 9275): glUniformMatrix4fv(0, 1, GL_FALSE, value);
D/libEGL ( 9275): glEnableVertexAttribArray(1);
D/libEGL ( 9275): glVertexAttribPointer(1, 2, GL_FLOAT, GL_FALSE, 16, (const GLvoid*) 0x423e6c48);
D/libEGL ( 9275): glVertexAttribPointer(0, 2, GL_FLOAT, GL_FALSE, 16, (const GLvoid*) 0x423e6c40);
D/libEGL ( 9275): glDrawArrays(GL_TRIANGLE_FAN, 0, 4);
D/libEGL ( 9275): glDisableVertexAttribArray(1);
D/libEGL ( 9275): glDisable(GL_BLEND);
D/libEGL (10420): glEnable(GL_BLEND);
D/libEGL ( 9275): glGetError();
D/libEGL ( 9275): glBindTexture(GL_TEXTURE_EXTERNAL_OES, 8);
D/libEGL ( 9275): glEGLImageTargetTexture2DOES(GL_TEXTURE_EXTERNAL_OES, (GLeglImageOES) 0x47cf7950);
D/libEGL ( 9275): glGetError();
D/libEGL ( 9275): glBindTexture(GL_TEXTURE_EXTERNAL_OES, 8);
D/libEGL ( 9275): glTexParameteri(GL_TEXTURE_EXTERNAL_OES, GL_TEXTURE_WRAP_S, GL_CLAMP_TO_EDGE);
D/libEGL ( 9275): glTexParameteri(GL_TEXTURE_EXTERNAL_OES, GL_TEXTURE_WRAP_T, GL_CLAMP_TO_EDGE);
D/libEGL ( 9275): glTexParameteri(GL_TEXTURE_EXTERNAL_OES, GL_TEXTURE_MAG_FILTER, GL_NEAREST);
D/libEGL ( 9275): glTexParameteri(GL_TEXTURE_EXTERNAL_OES, GL_TEXTURE_MIN_FILTER, GL_NEAREST);
D/libEGL ( 9275): glEnable(GL_BLEND);
D/libEGL ( 9275): glBlendFunc(GL_LINES, GL_ONE_MINUS_SRC_ALPHA);
D/libEGL ( 9275): glUseProgram(9);
D/libEGL ( 9275): glUniform1i(2, 0);
D/libEGL ( 9275): const GLfloat value[] = {
D/libEGL ( 9275): 1, 0, 0, 0,
D/libEGL ( 9275): 0, -1, 0, 0,
D/libEGL ( 9275): 0, 0, 1, 0,
D/libEGL ( 9275): 0, 1, 0, 1
D/libEGL ( 9275): };
D/libEGL ( 9275): glUniformMatrix4fv(1, 1, GL_FALSE, value);
D/libEGL ( 9275): const GLfloat value[] = {
D/libEGL ( 9275): 0.00104167, 0, 0, 0,
D/libEGL ( 9275): 0, 0.00185185, 0, 0,
D/libEGL ( 9275): 0, 0, -2, 0,
D/libEGL ( 9275): -1, -1, -1, 1
D/libEGL ( 9275): };
D/libEGL ( 9275): glUniformMatrix4fv(0, 1, GL_FALSE, value);
D/libEGL ( 9275): glEnableVertexAttribArray(1);
D/libEGL ( 9275): glVertexAttribPointer(1, 2, GL_FLOAT, GL_FALSE, 16, (const GLvoid*) 0x43d08cc8);
D/libEGL ( 9275): glVertexAttribPointer(0, 2, GL_FLOAT, GL_FALSE, 16, (const GLvoid*) 0x43d08cc0);
D/libEGL ( 9275): glDrawArrays(GL_TRIANGLE_FAN, 0, 4);
D/libEGL ( 9275): glDisableVertexAttribArray(1);
D/libEGL (10420): glViewport(0, 0, 1920, 1008);
D/libEGL ( 9275): glDisable(GL_BLEND);
D/libEGL ( 9275): glGetError();
D/libEGL ( 9275): glBindTexture(GL_TEXTURE_EXTERNAL_OES, 9);
D/libEGL (10420): glScissor(1905, 0, 15, 857);
D/libEGL ( 9275): glEGLImageTargetTexture2DOES(GL_TEXTURE_EXTERNAL_OES, (GLeglImageOES) 0x47cf7ed0);
D/libEGL (10420): glDisableVertexAttribArray(1);
D/libEGL ( 9275): glGetError();
D/libEGL ( 9275): glBindTexture(GL_TEXTURE_EXTERNAL_OES, 9);
D/libEGL (10420): glUseProgram(3);
D/libEGL ( 9275): glTexParameteri(GL_TEXTURE_EXTERNAL_OES, GL_TEXTURE_WRAP_S, GL_CLAMP_TO_EDGE);
D/libEGL ( 9275): glTexParameteri(GL_TEXTURE_EXTERNAL_OES, GL_TEXTURE_WRAP_T, GL_CLAMP_TO_EDGE);
D/libEGL (10420): const GLfloat value[] = {
D/libEGL ( 9275): glTexParameteri(GL_TEXTURE_EXTERNAL_OES, GL_TEXTURE_MAG_FILTER, GL_NEAREST);
D/libEGL ( 9275): glTexParameteri(GL_TEXTURE_EXTERNAL_OES, GL_TEXTURE_MIN_FILTER, GL_NEAREST);
D/libEGL ( 9275): glEnable(GL_BLEND);
D/libEGL (10420): 1920, 0, 0, 0,
D/libEGL ( 9275): glBlendFunc(GL_LINES, GL_ONE_MINUS_SRC_ALPHA);
D/libEGL ( 9275): glUseProgram(9);
D/libEGL ( 9275): glUniform1i(2, 0);
D/libEGL (10420): 0, 1008, 0, 0,
D/libEGL ( 9275): const GLfloat value[] = {
D/libEGL ( 9275): 1, 0, 0, 0,
D/libEGL (10420): 0, 0, 1, 0,
D/libEGL ( 9275): 0, -1, 0, 0,
D/libEGL (10420): 0, 0, 0, 1
D/libEGL ( 9275): 0, 0, 1, 0,
D/libEGL (10420): };
D/libEGL (10420): glUniformMatrix4fv(1, 1, GL_FALSE, value);
D/libEGL ( 9275): 0, 1, 0, 1
D/libEGL ( 9275): };
D/libEGL ( 9275): glUniformMatrix4fv(1, 1, GL_FALSE, value);
D/libEGL ( 9275): const GLfloat value[] = {
D/libEGL ( 9275): 0.00104167, 0, 0, 0,
D/libEGL (10420): glUniform4f(4, 0, 0, 0, 1);
D/libEGL ( 9275): 0, 0.00185185, 0, 0,
D/libEGL ( 9275): 0, 0, -2, 0,
D/libEGL ( 9275): -1, -1, -1, 1
D/libEGL (10420): glUniform4f(5, 0.152941, 0.176471, 0.2, 1);
D/libEGL ( 9275): };
D/libEGL ( 9275): glUniformMatrix4fv(0, 1, GL_FALSE, value);
D/libEGL ( 9275): glEnableVertexAttribArray(1);
D/libEGL (10420): glBindTexture(GL_TEXTURE_2D, 3);
D/libEGL ( 9275): glVertexAttribPointer(1, 2, GL_FLOAT, GL_FALSE, 16, (const GLvoid*) 0x43d04ea8);
D/libEGL (10420): glUniform1i(3, 0);
D/libEGL ( 9275): glVertexAttribPointer(0, 2, GL_FLOAT, GL_FALSE, 16, (const GLvoid*) 0x43d04ea0);
D/libEGL (10420): const GLfloat value[] = {
D/libEGL ( 9275): glDrawArrays(GL_TRIANGLE_FAN, 0, 4);
D/libEGL (10420): 0, -1.90476, 0, 0,
D/libEGL ( 9275): glDisableVertexAttribArray(1);
D/libEGL (10420): 1, 0, 0, 0,
D/libEGL ( 9275): glDisable(GL_BLEND);
D/libEGL ( 9275): glGetError();
D/libEGL (10420): 0, 0, 1, 0,
D/libEGL ( 9275): glBindTexture(GL_TEXTURE_EXTERNAL_OES, 10);
D/libEGL ( 9275): glEGLImageTargetTexture2DOES(GL_TEXTURE_EXTERNAL_OES, (GLeglImageOES) 0x42195520);
D/libEGL (10420): 0, 0, 0, 1
D/libEGL (10420): };
D/libEGL ( 9275): glGetError();
D/libEGL (10420): glUniformMatrix4fv(2, 1, GL_FALSE, value);
D/libEGL ( 9275): glBindTexture(GL_TEXTURE_EXTERNAL_OES, 10);
D/libEGL ( 9275): glTexParameteri(GL_TEXTURE_EXTERNAL_OES, GL_TEXTURE_WRAP_S, GL_CLAMP_TO_EDGE);
D/libEGL (10420): glBindBuffer(GL_ARRAY_BUFFER, 1);
D/libEGL ( 9275): glTexParameteri(GL_TEXTURE_EXTERNAL_OES, GL_TEXTURE_WRAP_T, GL_CLAMP_TO_EDGE);
D/libEGL ( 9275): glTexParameteri(GL_TEXTURE_EXTERNAL_OES, GL_TEXTURE_MAG_FILTER, GL_NEAREST);
D/libEGL ( 9275): glTexParameteri(GL_TEXTURE_EXTERNAL_OES, GL_TEXTURE_MIN_FILTER, GL_NEAREST);
D/libEGL (10420): glVertexAttribPointer(0, 2, GL_FLOAT, GL_FALSE, 16, (const GLvoid*) 0x00000000);
D/libEGL ( 9275): glEnable(GL_BLEND);
D/libEGL ( 9275): glBlendFunc(GL_LINES, GL_ONE_MINUS_SRC_ALPHA);
D/libEGL (10420): glBindBuffer(GL_ELEMENT_ARRAY_BUFFER, 0);
D/libEGL ( 9275): glUseProgram(9);
D/libEGL ( 9275): glUniform1i(2, 0);
D/libEGL ( 9275): const GLfloat value[] = {
D/libEGL (10420): glDrawArrays(GL_TRIANGLE_STRIP, 0, 4);
D/libEGL ( 9275): 1, 0, 0, 0,
D/libEGL ( 9275): 0, -1, 0, 0,
D/libEGL ( 9275): 0, 0, 1, 0,
D/libEGL ( 9275): 0, 1, 0, 1
D/libEGL ( 9275): };
D/libEGL ( 9275): glUniformMatrix4fv(1, 1, GL_FALSE, value);
D/libEGL ( 9275): const GLfloat value[] = {
D/libEGL ( 9275): 0.00104167, 0, 0, 0,
D/libEGL ( 9275): 0, 0.00185185, 0, 0,
D/libEGL ( 9275): 0, 0, -2, 0,
D/libEGL ( 9275): -1, -1, -1, 1
D/libEGL ( 9275): };
D/libEGL ( 9275): glUniformMatrix4fv(0, 1, GL_FALSE, value);
D/libEGL ( 9275): glEnableVertexAttribArray(1);
D/libEGL ( 9275): glVertexAttribPointer(1, 2, GL_FLOAT, GL_FALSE, 16, (const GLvoid*) 0x423d37a8);
D/libEGL ( 9275): glVertexAttribPointer(0, 2, GL_FLOAT, GL_FALSE, 16, (const GLvoid*) 0x423d37a0);
D/libEGL ( 9275): glDrawArrays(GL_TRIANGLE_FAN, 0, 4);
D/libEGL ( 9275): glDisableVertexAttribArray(1);
D/libEGL ( 9275): glDisable(GL_BLEND);
D/libEGL ( 9275): glDisable(GL_SCISSOR_TEST);
D/libEGL (10420): glScissor(1905, 0, 15, 1008);
D/libEGL (10420): glUseProgram(12);
D/libEGL (10420): const GLfloat value[] = {
D/libEGL (10420): 1, 0, 0, 0,
D/libEGL (10420): 0, 1, 0, 0,
D/libEGL (10420): 0, 0, 1, 0,
D/libEGL (10420): 0, 0, 0, 1
D/libEGL (10420): };
D/libEGL (10420): glUniformMatrix4fv(1, 1, GL_FALSE, value);
D/libEGL (10420): glBindTexture(GL_TEXTURE_2D, 4);
D/libEGL (10420): glEnableVertexAttribArray(1);
D/libEGL (10420): glBindBuffer(GL_ARRAY_BUFFER, 0);
D/libEGL (10420): glBindBuffer(GL_ELEMENT_ARRAY_BUFFER, 3);
D/libEGL (10420): glVertexAttribPointer(0, 2, GL_FLOAT, GL_FALSE, 16, (const GLvoid*) 0xbfe76bbc);
D/libEGL (10420): glVertexAttribPointer(1, 2, GL_FLOAT, GL_FALSE, 16, (const GLvoid*) 0xbfe76bc4);
D/libEGL (10420): glDrawElements(GL_TRIANGLES, 36, GL_UNSIGNED_SHORT, (const GLvoid *) 0x00000000);
D/libEGL (10420): glDisable(GL_SCISSOR_TEST);
D/libEGL (10420): glUseProgram(15);
D/libEGL (10420): const GLfloat value[] = {
D/libEGL (10420): 1, 0, 0, 0,
D/libEGL (10420): 0, 1, 0, 0,
D/libEGL (10420): 0, 0, 1, 0,
D/libEGL (10420): 1905, 327, 0, 1
D/libEGL (10420): };
D/libEGL (10420): glUniformMatrix4fv(1, 1, GL_FALSE, value);
D/libEGL (10420): glBindTexture(GL_TEXTURE_2D, 5);
D/libEGL (10420): glUniform4f(2, 0.870588, 0.870588, 0.870588, 0.870588);
D/libEGL (10420): glBindBuffer(GL_ARRAY_BUFFER, 2);
D/libEGL (10420): glVertexAttribPointer(0, 2, GL_FLOAT, GL_FALSE, 16, (const GLvoid*) 0x00000040);
D/libEGL (10420): glVertexAttribPointer(1, 2, GL_FLOAT, GL_FALSE, 16, (const GLvoid*) 0x00000048);
D/libEGL (10420): glDrawElements(GL_TRIANGLES, 54, GL_UNSIGNED_SHORT, (const GLvoid *) 0x00000000);
D/libEGL (10420): glGetError();
D/libEGL ( 9275): glGetError();
D/libEGL ( 9275): glFlush();
D/libEGL ( 9275): glViewport(0, 0, 1920, 1080);
D/libEGL ( 9275): glGetError();
D/libEGL ( 9275): glBindTexture(GL_TEXTURE_EXTERNAL_OES, 25);
D/libEGL ( 9275): glEGLImageTargetTexture2DOES(GL_TEXTURE_EXTERNAL_OES, (GLeglImageOES) 0x47d81e20);
D/libEGL ( 9275): glGetError();
D/libEGL ( 9275): glViewport(0, 0, 1920, 1080);
D/libEGL ( 9275): glDisable(GL_BLEND);
D/libEGL ( 9275): glUseProgram(3);
D/libEGL ( 9275): const GLfloat value[] = {
D/libEGL ( 9275): 0, 0, 0, 0
D/libEGL ( 9275): };
D/libEGL ( 9275): glUniform4f(1, 1, value);
D/libEGL ( 9275): const GLfloat value[] = {
D/libEGL ( 9275): 0.00104167, 0, 0, 0,
D/libEGL ( 9275): 0, 0.00185185, 0, 0,
D/libEGL ( 9275): 0, 0, -2, 0,
D/libEGL ( 9275): -1, -1, -1, 1
D/libEGL ( 9275): };
D/libEGL ( 9275): glUniformMatrix4fv(0, 1, GL_FALSE, value);
D/libEGL ( 9275): glVertexAttribPointer(0, 2, GL_FLOAT, GL_FALSE, 8, (const GLvoid*) 0x47f27900);
D/libEGL ( 9275): glDrawArrays(GL_TRIANGLES, 0, 12);
W/EGL-GALLIUM( 9275): cache full: buf 0x434ea2f8, width 1920, height 1080, format 5, usage 0x1a00
D/libEGL ( 9275): glGetError();
D/libEGL ( 9275): glBindTexture(GL_TEXTURE_EXTERNAL_OES, 25);
D/libEGL ( 9275): glEGLImageTargetTexture2DOES(GL_TEXTURE_EXTERNAL_OES, (GLeglImageOES) 0x47d81e20);
D/libEGL ( 9275): glGetError();
D/libEGL ( 9275): glBindTexture(GL_TEXTURE_EXTERNAL_OES, 25);
D/libEGL ( 9275): glTexParameteri(GL_TEXTURE_EXTERNAL_OES, GL_TEXTURE_WRAP_S, GL_CLAMP_TO_EDGE);
D/libEGL ( 9275): glTexParameteri(GL_TEXTURE_EXTERNAL_OES, GL_TEXTURE_WRAP_T, GL_CLAMP_TO_EDGE);
D/libEGL ( 9275): glTexParameteri(GL_TEXTURE_EXTERNAL_OES, GL_TEXTURE_MAG_FILTER, GL_NEAREST);
D/libEGL ( 9275): glTexParameteri(GL_TEXTURE_EXTERNAL_OES, GL_TEXTURE_MIN_FILTER, GL_NEAREST);
D/libEGL ( 9275): glDisable(GL_BLEND);
D/libEGL ( 9275): glUseProgram(6);
D/libEGL ( 9275): glUniform1i(2, 0);
D/libEGL ( 9275): const GLfloat value[] = {
D/libEGL ( 9275): 1, 0, 0, 0,
D/libEGL ( 9275): 0, -1, 0, 0,
D/libEGL ( 9275): 0, 0, 1, 0,
D/libEGL (10420): glEnable(GL_BLEND);
D/libEGL ( 9275): 0, 1, 0, 1
D/libEGL ( 9275): };
D/libEGL ( 9275): glUniformMatrix4fv(1, 1, GL_FALSE, value);
D/libEGL ( 9275): const GLfloat value[] = {
D/libEGL ( 9275): 0.00104167, 0, 0, 0,
D/libEGL ( 9275): 0, 0.00185185, 0, 0,
D/libEGL ( 9275): 0, 0, -2, 0,
D/libEGL ( 9275): -1, -1, -1, 1
D/libEGL ( 9275): };
D/libEGL ( 9275): glUniformMatrix4fv(0, 1, GL_FALSE, value);
D/libEGL ( 9275): glEnableVertexAttribArray(1);
D/libEGL ( 9275): glVertexAttribPointer(1, 2, GL_FLOAT, GL_FALSE, 16, (const GLvoid*) 0x423e6c48);
D/libEGL ( 9275): glVertexAttribPointer(0, 2, GL_FLOAT, GL_FALSE, 16, (const GLvoid*) 0x423e6c40);
D/libEGL ( 9275): glDrawArrays(GL_TRIANGLE_FAN, 0, 4);
D/libEGL ( 9275): glDisableVertexAttribArray(1);
D/libEGL ( 9275): glDisable(GL_BLEND);
D/libEGL ( 9275): glGetError();
D/libEGL ( 9275): glBindTexture(GL_TEXTURE_EXTERNAL_OES, 8);
D/libEGL ( 9275): glEGLImageTargetTexture2DOES(GL_TEXTURE_EXTERNAL_OES, (GLeglImageOES) 0x47cf7950);
D/libEGL ( 9275): glGetError();
D/libEGL (10420): glViewport(0, 0, 1920, 1008);
D/libEGL ( 9275): glBindTexture(GL_TEXTURE_EXTERNAL_OES, 8);
D/libEGL (10420): glEnable(GL_SCISSOR_TEST);
D/libEGL ( 9275): glTexParameteri(GL_TEXTURE_EXTERNAL_OES, GL_TEXTURE_WRAP_S, GL_CLAMP_TO_EDGE);
D/libEGL ( 9275): glTexParameteri(GL_TEXTURE_EXTERNAL_OES, GL_TEXTURE_WRAP_T, GL_CLAMP_TO_EDGE);
D/libEGL (10420): glScissor(1905, 0, 15, 857);
D/libEGL ( 9275): glTexParameteri(GL_TEXTURE_EXTERNAL_OES, GL_TEXTURE_MAG_FILTER, GL_NEAREST);
D/libEGL (10420): glDisableVertexAttribArray(1);
D/libEGL ( 9275): glTexParameteri(GL_TEXTURE_EXTERNAL_OES, GL_TEXTURE_MIN_FILTER, GL_NEAREST);
D/libEGL ( 9275): glEnable(GL_BLEND);
D/libEGL (10420): glUseProgram(3);
D/libEGL ( 9275): glBlendFunc(GL_LINES, GL_ONE_MINUS_SRC_ALPHA);
D/libEGL (10420): const GLfloat value[] = {
D/libEGL ( 9275): glUseProgram(9);
D/libEGL ( 9275): glUniform1i(2, 0);
D/libEGL (10420): 1920, 0, 0, 0,
D/libEGL ( 9275): const GLfloat value[] = {
D/libEGL (10420): 0, 1008, 0, 0,
D/libEGL ( 9275): 1, 0, 0, 0,
D/libEGL (10420): 0, 0, 1, 0,
D/libEGL ( 9275): 0, -1, 0, 0,
D/libEGL (10420): 0, 0, 0, 1
D/libEGL (10420): };
D/libEGL ( 9275): 0, 0, 1, 0,
D/libEGL (10420): glUniformMatrix4fv(1, 1, GL_FALSE, value);
D/libEGL ( 9275): 0, 1, 0, 1
D/libEGL ( 9275): };
D/libEGL ( 9275): glUniformMatrix4fv(1, 1, GL_FALSE, value);
D/libEGL (10420): glUniform4f(4, 0, 0, 0, 1);
D/libEGL ( 9275): const GLfloat value[] = {
D/libEGL ( 9275): 0.00104167, 0, 0, 0,
D/libEGL (10420): glUniform4f(5, 0.152941, 0.176471, 0.2, 1);
D/libEGL ( 9275): 0, 0.00185185, 0, 0,
D/libEGL (10420): glBindTexture(GL_TEXTURE_2D, 3);
D/libEGL ( 9275): 0, 0, -2, 0,
D/libEGL (10420): glUniform1i(3, 0);
D/libEGL (10420): const GLfloat value[] = {
D/libEGL ( 9275): -1, -1, -1, 1
D/libEGL ( 9275): };
D/libEGL ( 9275): glUniformMatrix4fv(0, 1, GL_FALSE, value);
D/libEGL (10420): 0, -1.90476, 0, 0,
D/libEGL ( 9275): glEnableVertexAttribArray(1);
D/libEGL (10420): 1, 0, 0, 0,
D/libEGL ( 9275): glVertexAttribPointer(1, 2, GL_FLOAT, GL_FALSE, 16, (const GLvoid*) 0x43d08cc8);
D/libEGL (10420): 0, 0, 1, 0,
D/libEGL ( 9275): glVertexAttribPointer(0, 2, GL_FLOAT, GL_FALSE, 16, (const GLvoid*) 0x43d08cc0);
D/libEGL (10420): 0, 0, 0, 1
D/libEGL (10420): };
D/libEGL ( 9275): glDrawArrays(GL_TRIANGLE_FAN, 0, 4);
D/libEGL (10420): glUniformMatrix4fv(2, 1, GL_FALSE, value);
D/libEGL (10420): glBindBuffer(GL_ARRAY_BUFFER, 1);
D/libEGL (10420): glVertexAttribPointer(0, 2, GL_FLOAT, GL_FALSE, 16, (const GLvoid*) 0x00000000);
D/libEGL ( 9275): glDisableVertexAttribArray(1);
D/libEGL (10420): glBindBuffer(GL_ELEMENT_ARRAY_BUFFER, 0);
D/libEGL ( 9275): glDisable(GL_BLEND);
D/libEGL (10420): glDrawArrays(GL_TRIANGLE_STRIP, 0, 4);
D/libEGL ( 9275): glGetError();
D/libEGL ( 9275): glBindTexture(GL_TEXTURE_EXTERNAL_OES, 9);
D/libEGL ( 9275): glEGLImageTargetTexture2DOES(GL_TEXTURE_EXTERNAL_OES, (GLeglImageOES) 0x47cf7ed0);
D/libEGL ( 9275): glGetError();
D/libEGL ( 9275): glBindTexture(GL_TEXTURE_EXTERNAL_OES, 9);
D/libEGL ( 9275): glTexParameteri(GL_TEXTURE_EXTERNAL_OES, GL_TEXTURE_WRAP_S, GL_CLAMP_TO_EDGE);
D/libEGL ( 9275): glTexParameteri(GL_TEXTURE_EXTERNAL_OES, GL_TEXTURE_WRAP_T, GL_CLAMP_TO_EDGE);
D/libEGL ( 9275): glTexParameteri(GL_TEXTURE_EXTERNAL_OES, GL_TEXTURE_MAG_FILTER, GL_NEAREST);
D/libEGL ( 9275): glTexParameteri(GL_TEXTURE_EXTERNAL_OES, GL_TEXTURE_MIN_FILTER, GL_NEAREST);
D/libEGL ( 9275): glEnable(GL_BLEND);
D/libEGL ( 9275): glBlendFunc(GL_LINES, GL_ONE_MINUS_SRC_ALPHA);
D/libEGL ( 9275): glUseProgram(9);
D/libEGL ( 9275): glUniform1i(2, 0);
D/libEGL ( 9275): const GLfloat value[] = {
W/EGL-GALLIUM(10420): cache full: buf 0x79c83948, width 1920, height 1008, format 1, usage 0x900
D/libEGL ( 9275): 1, 0, 0, 0,
D/libEGL ( 9275): 0, -1, 0, 0,
D/libEGL ( 9275): 0, 0, 1, 0,
D/libEGL ( 9275): 0, 1, 0, 1
D/libEGL ( 9275): };
D/libEGL ( 9275): glUniformMatrix4fv(1, 1, GL_FALSE, value);
D/libEGL ( 9275): const GLfloat value[] = {
D/libEGL ( 9275): 0.00104167, 0, 0, 0,
D/libEGL ( 9275): 0, 0.00185185, 0, 0,
D/libEGL (10420): glScissor(1905, 0, 15, 1008);
D/libEGL ( 9275): 0, 0, -2, 0,
D/libEGL (10420): glUseProgram(12);
D/libEGL (10420): const GLfloat value[] = {
D/libEGL ( 9275): -1, -1, -1, 1
D/libEGL ( 9275): };
D/libEGL ( 9275): glUniformMatrix4fv(0, 1, GL_FALSE, value);
D/libEGL (10420): 1, 0, 0, 0,
D/libEGL ( 9275): glEnableVertexAttribArray(1);
D/libEGL (10420): 0, 1, 0, 0,
D/libEGL ( 9275): glVertexAttribPointer(1, 2, GL_FLOAT, GL_FALSE, 16, (const GLvoid*) 0x43d04ea8);
D/libEGL (10420): 0, 0, 1, 0,
D/libEGL ( 9275): glVertexAttribPointer(0, 2, GL_FLOAT, GL_FALSE, 16, (const GLvoid*) 0x43d04ea0);
D/libEGL (10420): 0, 0, 0, 1
D/libEGL (10420): };
D/libEGL ( 9275): glDrawArrays(GL_TRIANGLE_FAN, 0, 4);
D/libEGL (10420): glUniformMatrix4fv(1, 1, GL_FALSE, value);
D/libEGL (10420): glBindTexture(GL_TEXTURE_2D, 4);
D/libEGL (10420): glEnableVertexAttribArray(1);
D/libEGL (10420): glBindBuffer(GL_ARRAY_BUFFER, 0);
D/libEGL ( 9275): glDisableVertexAttribArray(1);
D/libEGL (10420): glBindBuffer(GL_ELEMENT_ARRAY_BUFFER, 3);
D/libEGL ( 9275): glDisable(GL_BLEND);
D/libEGL (10420): glVertexAttribPointer(0, 2, GL_FLOAT, GL_FALSE, 16, (const GLvoid*) 0xbfe76bbc);
D/libEGL ( 9275): glGetError();
D/libEGL ( 9275): glBindTexture(GL_TEXTURE_EXTERNAL_OES, 10);
D/libEGL (10420): glVertexAttribPointer(1, 2, GL_FLOAT, GL_FALSE, 16, (const GLvoid*) 0xbfe76bc4);
D/libEGL ( 9275): glEGLImageTargetTexture2DOES(GL_TEXTURE_EXTERNAL_OES, (GLeglImageOES) 0x42195520);
D/libEGL (10420): glDrawElements(GL_TRIANGLES, 36, GL_UNSIGNED_SHORT, (const GLvoid *) 0x00000000);
D/libEGL ( 9275): glGetError();
D/libEGL ( 9275): glBindTexture(GL_TEXTURE_EXTERNAL_OES, 10);
D/libEGL ( 9275): glTexParameteri(GL_TEXTURE_EXTERNAL_OES, GL_TEXTURE_WRAP_S, GL_CLAMP_TO_EDGE);
D/libEGL ( 9275): glTexParameteri(GL_TEXTURE_EXTERNAL_OES, GL_TEXTURE_WRAP_T, GL_CLAMP_TO_EDGE);
D/libEGL ( 9275): glTexParameteri(GL_TEXTURE_EXTERNAL_OES, GL_TEXTURE_MAG_FILTER, GL_NEAREST);
D/libEGL ( 9275): glTexParameteri(GL_TEXTURE_EXTERNAL_OES, GL_TEXTURE_MIN_FILTER, GL_NEAREST);
D/libEGL ( 9275): glEnable(GL_BLEND);
D/libEGL ( 9275): glBlendFunc(GL_LINES, GL_ONE_MINUS_SRC_ALPHA);
D/libEGL ( 9275): glUseProgram(9);
D/libEGL (10420): glDisable(GL_SCISSOR_TEST);
D/libEGL ( 9275): glUniform1i(2, 0);
D/libEGL ( 9275): const GLfloat value[] = {
D/libEGL (10420): glUseProgram(15);
D/libEGL (10420): const GLfloat value[] = {
D/libEGL ( 9275): 1, 0, 0, 0,
D/libEGL ( 9275): 0, -1, 0, 0,
D/libEGL (10420): 1, 0, 0, 0,
D/libEGL ( 9275): 0, 0, 1, 0,
D/libEGL (10420): 0, 1, 0, 0,
D/libEGL ( 9275): 0, 1, 0, 1
D/libEGL (10420): 0, 0, 1, 0,
D/libEGL ( 9275): };
D/libEGL ( 9275): glUniformMatrix4fv(1, 1, GL_FALSE, value);
D/libEGL ( 9275): const GLfloat value[] = {
D/libEGL (10420): 1905, 327, 0, 1
D/libEGL (10420): };
D/libEGL (10420): glUniformMatrix4fv(1, 1, GL_FALSE, value);
D/libEGL ( 9275): 0.00104167, 0, 0, 0,
D/libEGL (10420): glBindTexture(GL_TEXTURE_2D, 5);
D/libEGL ( 9275): 0, 0.00185185, 0, 0,
D/libEGL ( 9275): 0, 0, -2, 0,
D/libEGL (10420): glUniform4f(2, 0.803922, 0.803922, 0.803922, 0.803922);
D/libEGL (10420): glBindBuffer(GL_ARRAY_BUFFER, 2);
D/libEGL ( 9275): -1, -1, -1, 1
D/libEGL ( 9275): };
D/libEGL ( 9275): glUniformMatrix4fv(0, 1, GL_FALSE, value);
D/libEGL (10420): glVertexAttribPointer(0, 2, GL_FLOAT, GL_FALSE, 16, (const GLvoid*) 0x00000040);
D/libEGL ( 9275): glEnableVertexAttribArray(1);
D/libEGL (10420): glVertexAttribPointer(1, 2, GL_FLOAT, GL_FALSE, 16, (const GLvoid*) 0x00000048);
D/libEGL ( 9275): glVertexAttribPointer(1, 2, GL_FLOAT, GL_FALSE, 16, (const GLvoid*) 0x423d37a8);
D/libEGL (10420): glDrawElements(GL_TRIANGLES, 54, GL_UNSIGNED_SHORT, (const GLvoid *) 0x00000000);
D/libEGL ( 9275): glVertexAttribPointer(0, 2, GL_FLOAT, GL_FALSE, 16, (const GLvoid*) 0x423d37a0);
D/libEGL ( 9275): glDrawArrays(GL_TRIANGLE_FAN, 0, 4);
D/libEGL ( 9275): glDisableVertexAttribArray(1);
D/libEGL ( 9275): glDisable(GL_BLEND);
D/libEGL ( 9275): glDisable(GL_SCISSOR_TEST);
D/libEGL (10420): glGetError();
D/libEGL ( 9275): glGetError();
D/libEGL ( 9275): glFlush();
D/libEGL ( 9275): glViewport(0, 0, 1920, 1080);
D/libEGL ( 9275): glGetError();
D/libEGL ( 9275): glBindTexture(GL_TEXTURE_EXTERNAL_OES, 25);
D/libEGL ( 9275): glEGLImageTargetTexture2DOES(GL_TEXTURE_EXTERNAL_OES, (GLeglImageOES) 0x4447c720);
D/libEGL ( 9275): glGetError();
D/libEGL ( 9275): glViewport(0, 0, 1920, 1080);
D/libEGL ( 9275): glDisable(GL_BLEND);
D/libEGL ( 9275): glUseProgram(3);
D/libEGL ( 9275): const GLfloat value[] = {
D/libEGL ( 9275): 0, 0, 0, 0
D/libEGL ( 9275): };
D/libEGL ( 9275): glUniform4f(1, 1, value);
D/libEGL ( 9275): const GLfloat value[] = {
D/libEGL ( 9275): 0.00104167, 0, 0, 0,
D/libEGL ( 9275): 0, 0.00185185, 0, 0,
D/libEGL ( 9275): 0, 0, -2, 0,
D/libEGL ( 9275): -1, -1, -1, 1
D/libEGL ( 9275): };
D/libEGL ( 9275): glUniformMatrix4fv(0, 1, GL_FALSE, value);
D/libEGL ( 9275): glVertexAttribPointer(0, 2, GL_FLOAT, GL_FALSE, 8, (const GLvoid*) 0x47f27900);
D/libEGL ( 9275): glDrawArrays(GL_TRIANGLES, 0, 12);
D/libEGL ( 9275): glGetError();
D/libEGL ( 9275): glBindTexture(GL_TEXTURE_EXTERNAL_OES, 25);
D/libEGL ( 9275): glEGLImageTargetTexture2DOES(GL_TEXTURE_EXTERNAL_OES, (GLeglImageOES) 0x4447c720);
D/libEGL ( 9275): glGetError();
D/libEGL ( 9275): glBindTexture(GL_TEXTURE_EXTERNAL_OES, 25);
D/libEGL ( 9275): glTexParameteri(GL_TEXTURE_EXTERNAL_OES, GL_TEXTURE_WRAP_S, GL_CLAMP_TO_EDGE);
D/libEGL ( 9275): glTexParameteri(GL_TEXTURE_EXTERNAL_OES, GL_TEXTURE_WRAP_T, GL_CLAMP_TO_EDGE);
D/libEGL ( 9275): glTexParameteri(GL_TEXTURE_EXTERNAL_OES, GL_TEXTURE_MAG_FILTER, GL_NEAREST);
D/libEGL (10420): glEnable(GL_BLEND);
D/libEGL ( 9275): glTexParameteri(GL_TEXTURE_EXTERNAL_OES, GL_TEXTURE_MIN_FILTER, GL_NEAREST);
D/libEGL ( 9275): glDisable(GL_BLEND);
D/libEGL ( 9275): glUseProgram(6);
D/libEGL ( 9275): glUniform1i(2, 0);
D/libEGL ( 9275): const GLfloat value[] = {
D/libEGL ( 9275): 1, 0, 0, 0,
D/libEGL ( 9275): 0, -1, 0, 0,
D/libEGL ( 9275): 0, 0, 1, 0,
D/libEGL ( 9275): 0, 1, 0, 1
D/libEGL ( 9275): };
D/libEGL ( 9275): glUniformMatrix4fv(1, 1, GL_FALSE, value);
D/libEGL ( 9275): const GLfloat value[] = {
D/libEGL ( 9275): 0.00104167, 0, 0, 0,
D/libEGL ( 9275): 0, 0.00185185, 0, 0,
D/libEGL ( 9275): 0, 0, -2, 0,
D/libEGL ( 9275): -1, -1, -1, 1
D/libEGL ( 9275): };
D/libEGL (10420): glViewport(0, 0, 1920, 1008);
D/libEGL ( 9275): glUniformMatrix4fv(0, 1, GL_FALSE, value);
D/libEGL ( 9275): glEnableVertexAttribArray(1);
D/libEGL (10420): glEnable(GL_SCISSOR_TEST);
D/libEGL (10420): glScissor(1905, 0, 15, 857);
D/libEGL ( 9275): glVertexAttribPointer(1, 2, GL_FLOAT, GL_FALSE, 16, (const GLvoid*) 0x423e6c48);
D/libEGL (10420): glDisableVertexAttribArray(1);
D/libEGL (10420): glUseProgram(3);
D/libEGL ( 9275): glVertexAttribPointer(0, 2, GL_FLOAT, GL_FALSE, 16, (const GLvoid*) 0x423e6c40);
D/libEGL (10420): const GLfloat value[] = {
D/libEGL ( 9275): glDrawArrays(GL_TRIANGLE_FAN, 0, 4);
D/libEGL (10420): 1920, 0, 0, 0,
D/libEGL (10420): 0, 1008, 0, 0,
D/libEGL (10420): 0, 0, 1, 0,
D/libEGL (10420): 0, 0, 0, 1
D/libEGL (10420): };
