E/ConnectivityService( 7662): Unexpected mtu value: android.net.wifi.WifiStateTracker@2199b374
D/ConnectivityService( 7662): handleConnectivityChange: address are the same reset per doReset linkProperty[1]: resetMask=0
D/Nat464Xlat( 7662): requiresClat: netType=1, hasIPv4Address=true
D/ConnectivityService( 7662): handleConnectivityChange: addresses changed linkProperty[1]: resetMask=0
D/ConnectivityService( 7662): car=removed=[] added=[fe80::211:6bff:feea:5ac5/64,]
D/Nat464Xlat( 7662): requiresClat: netType=1, hasIPv4Address=true
D/ConnectivityService( 7662): handleConnectivityChange: address are the same reset per doReset linkProperty[1]: resetMask=0
D/Nat464Xlat( 7662): requiresClat: netType=1, hasIPv4Address=true
I/ActivityManager( 7662): Waited long enough for: ServiceRecord{219c5970 u0 com.google.android.googlequicksearchbox/com.google.android.search.core.service.SearchService}
I/ActivityManager( 7662): Resuming delayed broadcast
I/ActivityManager( 7662): Delay finish: com.google.android.gms/.init.InitializeGmsReceiver
I/ActivityManager( 7662): Resuming delayed broadcast
I/ActivityManager( 7662): Start proc com.android.dialer for broadcast com.android.dialer/.calllog.CallLogReceiver: pid=8260 uid=10007 gids={50007, 3003, 1028, 1015, 1023}
I/ActivityThread( 8260): Switching default density from 160 to 240
I/ActivityManager( 7662): Waited long enough for: ServiceRecord{219e1e94 u0 com.android.music/.MediaPlaybackService}
W/ContextImpl( 7662): Calling a method in the system process without a qualified user: android.app.ContextImpl.bindService:1543 android.bluetooth.BluetoothHeadset.doBind:283 android.bluetooth.BluetoothHeadset.:276 android.bluetooth.BluetoothAdapter.getProfileProxy:1181 android.media.AudioService.getBluetoothHeadset:2245
W/ContextImpl( 7662): Calling a method in the system process without a qualified user: android.app.ContextImpl.bindService:1543 android.bluetooth.BluetoothA2dp.doBind:165 android.bluetooth.BluetoothA2dp.:158 android.bluetooth.BluetoothAdapter.getProfileProxy:1184 android.media.AudioService$AudioServiceBroadcastReceiver.onReceive:4166
V/WiredAccessoryManager( 7662): notifyWiredAccessoryChanged: when=0 bits= mask=14
V/WiredAccessoryManager( 7662): newName=h2w newState=0 headsetState=0 prev headsetState=0
V/WiredAccessoryManager( 7662): init()
I/PowerManagerService( 7662): Boot animation finished.
I/BootReceiver( 7662): Copying /data/tombstones/tombstone_01 to DropBox (SYSTEM_TOMBSTONE)
I/BootReceiver( 7662): Copying /data/tombstones/tombstone_00 to DropBox (SYSTEM_TOMBSTONE)
I/ActivityManager( 7662): Start proc com.android.providers.calendar for broadcast com.android.providers.calendar/.CalendarReceiver: pid=8283 uid=10002 gids={50002, 3003, 1028, 1015, 1023}
I/ActivityThread( 8283): Switching default density from 160 to 240
I/ActivityManager( 7662): Start proc com.google.android.configupdater for broadcast com.google.android.configupdater/.CertPin.CertPinUpdateRequestReceiver: pid=8305 uid=10004 gids={50004, 3003, 2001}
I/ActivityThread( 8305): Switching default density from 160 to 240
I/ActivityManager( 7662): Delay finish: com.android.providers.downloads/.DownloadReceiver
I/ActivityManager( 7662): Resuming delayed broadcast
I/ActivityManager( 7662): Start proc com.google.android.apps.genie.geniewidget for broadcast com.google.android.apps.genie.geniewidget/.miniwidget.MiniWidgetProvider: pid=8338 uid=10012 gids={50012, 3003, 1028, 1015, 1023}
I/ActivityThread( 8338): Switching default density from 160 to 240
I/ActivityManager( 7662): Start proc com.google.android.gm for broadcast com.google.android.gm/.GoogleMailDeviceStartupReceiver: pid=8360 uid=10013 gids={50013, 3003, 1028, 1015, 1023}
I/ActivityThread( 8360): Switching default density from 160 to 240
D/ActivityThread( 8360): Loading provider com.android.gmail.ui: com.google.android.gm.provider.GmailProvider
I/ActivityManager( 7662): Delay finish: com.google.android.gm/.GoogleMailDeviceStartupReceiver
I/ActivityManager( 7662): Waited long enough for: ServiceRecord{21a37648 u0 com.google.android.gms/.gcm.GcmService}
I/ActivityManager( 7662): Resuming delayed broadcast
I/ActivityManager( 7662): Delay finish: com.google.android.gm/.MailIntentReceiver
I/ActivityManager( 7662): Resuming delayed broadcast
I/ActivityManager( 7662): Delay finish: com.google.android.partnersetup/.GooglePartnerSetup
I/ActivityManager( 7662): Resuming delayed broadcast
I/ActivityManager( 7662): Delay finish: com.google.android.partnersetup/.RlzPingBroadcastReceiver
I/ActivityManager( 7662): Resuming delayed broadcast
I/SystemUpdateService( 7979): cancelUpdate (empty URL)
I/SystemUpdateService( 7979): cancelUpdate (empty URL)
I/ActivityManager( 7662): Start proc com.android.mms for broadcast com.android.mms/.transaction.MmsSystemEventReceiver: pid=8430 uid=10022 gids={50022, 3003, 1028, 1015, 1023}
I/ActivityThread( 8430): Switching default density from 160 to 240
D/CountryDetector( 7662): The first listener is added
I/ActivityManager( 7662): Delay finish: com.android.mms/.transaction.MmsSystemEventReceiver
I/ActivityManager( 7662): Resuming delayed broadcast
I/ActivityManager( 7662): Delay finish: com.android.mms/.transaction.SmsReceiver
I/ActivityManager( 7662): Resuming delayed broadcast
I/ActivityManager( 7662): Start proc com.android.onetimeinitializer for broadcast com.android.onetimeinitializer/.OneTimeInitializerReceiver: pid=8459 uid=10025 gids={50025}
I/ActivityThread( 8459): Switching default density from 160 to 240
I/ActivityManager( 7662): Delay finish: com.android.onetimeinitializer/.OneTimeInitializerReceiver
I/ActivityManager( 7662): Resuming delayed broadcast
I/ActivityManager( 7662): Start proc com.android.vending for broadcast com.android.vending/com.google.android.finsky.receivers.BootCompletedReceiver: pid=8474 uid=10026 gids={50026, 3003, 1028, 1015, 1023}
I/ActivityThread( 8474): Switching default density from 160 to 240
I/ActivityManager( 7662): Start proc com.android.calendar for broadcast com.android.calendar/.alerts.AlertReceiver: pid=8508 uid=10043 gids={50043, 3003}
I/ActivityThread( 8508): Switching default density from 160 to 240
I/ActivityManager( 7662): Delay finish: com.android.calendar/.alerts.AlertReceiver
I/ActivityManager( 7662): Resuming delayed broadcast
I/ActivityManager( 7662): Start proc com.android.deskclock for broadcast com.android.deskclock/.AlarmInitReceiver: pid=8530 uid=10046 gids={50046, 1028}
I/ActivityThread( 8530): Switching default density from 160 to 240
I/ActivityManager( 7662): Start proc com.android.email for broadcast com.android.email/.service.EmailBroadcastReceiver: pid=8546 uid=10049 gids={50049, 3003, 1028, 1015, 1023}
I/ActivityManager( 7662): Killing 7746:com.android.externalstorage/u0a10 (adj 15): empty #17
I/ActivityThread( 8546): Switching default density from 160 to 240
D/ActivityThread( 8546): Loading provider com.android.email.provider;com.android.email.notifier: com.android.email.provider.EmailProvider
I/ActivityManager( 7662): Delay finish: com.android.email/.service.EmailBroadcastReceiver
W/ActivityManager( 7662): Unable to start service Intent { cmp=com.android.email/.service.AttachmentDownloadService } U=0: not found
W/ActivityManager( 7662): Unable to start service Intent { cmp=com.android.email/.service.AttachmentDownloadService } U=0: not found
I/ActivityManager( 7662): Resuming delayed broadcast
I/ActivityManager( 7662): Start proc com.android.exchange for service com.android.exchange/.service.EmailSyncAdapterService: pid=8567 uid=10050 gids={50050, 3003, 1028, 1015, 1023}
I/ActivityManager( 7662): Killing 8045:com.google.android.apps.uploader/u0a21 (adj 15): empty #17
I/ActivityManager( 7662): Killing 8115:com.google.android.apps.magazines/u0a20 (adj 15): empty #17
I/ActivityManager( 7662): Delay finish: com.google.android.gms/.app.receiver.SystemBroadcastReceiver
I/ActivityThread( 8567): Switching default density from 160 to 240
I/ActivityManager( 7662): Resuming delayed broadcast
I/ActivityManager( 7662): Start proc com.google.android.youtube for broadcast com.google.android.youtube/com.google.android.apps.youtube.core.transfer.DownloadService$BootReceiver: pid=8590 uid=10036 gids={50036, 3003, 1028, 1015, 1023}
I/ActivityThread( 8590): Switching default density from 160 to 240
W/Vold ( 1515): Returning OperationFailed - no handler for errno 30
I/ActivityManager( 7662): Killing 8024:com.android.settings/1000 (adj 15): empty #17
W/Vold ( 1515): Returning OperationFailed - no handler for errno 30
W/Vold ( 1515): Returning OperationFailed - no handler for errno 30
W/Vold ( 1515): Returning OperationFailed - no handler for errno 30
E/Vold ( 1515): Failed to find volume for /storage/sdcard1/Android/data/com.google.android.youtube/files/
W/Vold ( 1515): Returning OperationFailed - no handler for errno 30
W/Vold ( 1515): Returning OperationFailed - no handler for errno 30
W/Vold ( 1515): Returning OperationFailed - no handler for errno 30
W/Vold ( 1515): Returning OperationFailed - no handler for errno 30
W/Vold ( 1515): Returning OperationFailed - no handler for errno 30
E/Vold ( 1515): Failed to find volume for /storage/sdcard1/Android/data/com.google.android.youtube/files/
W/Vold ( 1515): Returning OperationFailed - no handler for errno 30
I/ActivityManager( 7662): Killing 7913:com.android.printspooler/u0a65 (adj 15): empty #17
I/ActivityManager( 7662): Start proc com.android.settings for broadcast com.android.settings/.widget.SettingsAppWidgetProvider: pid=8641 uid=1000 gids={41000, 1028, 1015, 1023, 3002, 3001, 3003}
I/ActivityThread( 8641): Switching default density from 160 to 240
W/ContextImpl( 8641): Calling a method in the system process without a qualified user: android.app.ContextImpl.bindService:1543 android.content.ContextWrapper.bindService:517 android.bluetooth.BluetoothInputDevice.doBind:245 android.bluetooth.BluetoothInputDevice.:238 android.bluetooth.BluetoothAdapter.getProfileProxy:1187
W/ContextImpl( 8641): Calling a method in the system process without a qualified user: android.app.ContextImpl.bindService:1543 android.content.ContextWrapper.bindService:517 android.bluetooth.BluetoothPan.doBind:149 android.bluetooth.BluetoothPan.:141 android.bluetooth.BluetoothAdapter.getProfileProxy:1190
W/ContextImpl( 8641): Calling a method in the system process without a qualified user: android.app.ContextImpl.bindService:1543 android.content.ContextWrapper.bindService:517 android.bluetooth.BluetoothMap.doBind:109 android.bluetooth.BluetoothMap.:102 android.bluetooth.BluetoothAdapter.getProfileProxy:1196
W/ContextImpl( 8641): Calling a method in the system process without a qualified user: android.app.ContextImpl.bindService:1543 android.content.ContextWrapper.bindService:517 android.bluetooth.BluetoothPbap.doBind:164 android.bluetooth.BluetoothPbap.:157 com.android.settings.bluetooth.PbapServerProfile.:68
I/ActivityManager( 7662): Killing 8260:com.android.dialer/u0a7 (adj 15): empty #17
I/ActivityManager( 7662): Start proc com.google.android.apps.magazines for broadcast com.google.android.apps.magazines/com.google.apps.dots.android.newsstand.appwidget.NewsWidgetProvider: pid=8664 uid=10020 gids={50020, 3003, 1028, 1015, 1023}
I/ActivityThread( 8664): Switching default density from 160 to 240
W/Vold ( 1515): Returning OperationFailed - no handler for errno 30
W/Vold ( 1515): Returning OperationFailed - no handler for errno 30
W/Vold ( 1515): Returning OperationFailed - no handler for errno 30
W/Vold ( 1515): Returning OperationFailed - no handler for errno 30
E/Vold ( 1515): Failed to find volume for /storage/sdcard1/Android/data/com.google.android.apps.magazines/cache/
W/Vold ( 1515): Returning OperationFailed - no handler for errno 30
W/Vold ( 1515): Returning OperationFailed - no handler for errno 30
W/Vold ( 1515): Returning OperationFailed - no handler for errno 30
W/Vold ( 1515): Returning OperationFailed - no handler for errno 30
W/Vold ( 1515): Returning OperationFailed - no handler for errno 30
E/Vold ( 1515): Failed to find volume for /storage/sdcard1/Android/data/com.google.android.apps.magazines/files/
W/Vold ( 1515): Returning OperationFailed - no handler for errno 30
W/Vold ( 1515): Returning OperationFailed - no handler for errno 30
W/Vold ( 1515): Returning OperationFailed - no handler for errno 30
W/Vold ( 1515): Returning OperationFailed - no handler for errno 30
W/Vold ( 1515): Returning OperationFailed - no handler for errno 30
E/Vold ( 1515): Failed to find volume for /storage/sdcard1/Android/data/com.google.android.apps.magazines/cache/
W/Vold ( 1515): Returning OperationFailed - no handler for errno 30
W/Vold ( 1515): Returning OperationFailed - no handler for errno 30
W/Vold ( 1515): Returning OperationFailed - no handler for errno 30
W/Vold ( 1515): Returning OperationFailed - no handler for errno 30
W/Vold ( 1515): Returning OperationFailed - no handler for errno 30
E/Vold ( 1515): Failed to find volume for /storage/sdcard1/Android/data/com.google.android.apps.magazines/files/
W/Vold ( 1515): Returning OperationFailed - no handler for errno 30
I/ActivityManager( 7662): Killing 8283:com.android.providers.calendar/u0a2 (adj 15): empty #17
I/ActivityManager( 7662): Start proc com.google.android.music:main for broadcast com.google.android.music/com.android.music.MediaAppWidgetProvider: pid=8709 uid=10023 gids={50023, 3003, 1028, 1015, 1023}
I/ActivityThread( 8709): Switching default density from 160 to 240
W/Vold ( 1515): Returning OperationFailed - no handler for errno 30
W/Vold ( 1515): Returning OperationFailed - no handler for errno 30
W/Vold ( 1515): Returning OperationFailed - no handler for errno 30
W/Vold ( 1515): Returning OperationFailed - no handler for errno 30
E/Vold ( 1515): Failed to find volume for /storage/sdcard1/Android/data/com.google.android.music/files/
W/Vold ( 1515): Returning OperationFailed - no handler for errno 30
W/Vold ( 1515): Returning OperationFailed - no handler for errno 30
W/Vold ( 1515): Returning OperationFailed - no handler for errno 30
W/Vold ( 1515): Returning OperationFailed - no handler for errno 30
W/Vold ( 1515): Returning OperationFailed - no handler for errno 30
E/Vold ( 1515): Failed to find volume for /storage/sdcard1/Android/data/com.google.android.music/files/
W/Vold ( 1515): Returning OperationFailed - no handler for errno 30
W/Vold ( 1515): Returning OperationFailed - no handler for errno 30
W/Vold ( 1515): Returning OperationFailed - no handler for errno 30
W/Vold ( 1515): Returning OperationFailed - no handler for errno 30
W/Vold ( 1515): Returning OperationFailed - no handler for errno 30
E/Vold ( 1515): Failed to find volume for /storage/sdcard1/Android/data/com.google.android.music/files/
W/Vold ( 1515): Returning OperationFailed - no handler for errno 30
I/ActivityManager( 7662): Delay finish: com.google.android.music/com.android.music.MediaAppWidgetProvider
I/ActivityManager( 7662): Resuming delayed broadcast
I/ActivityManager( 7662): Delay finish: com.google.android.gm/.MailIntentReceiver
I/ActivityManager( 7662): Resuming delayed broadcast
I/ActivityManager( 7662): Delay finish: com.google.android.gm/.GmailReceiver
I/ActivityManager( 7662): Resuming delayed broadcast
I/ActivityManager( 7662): Delay finish: com.google.android.gm/.GmailReceiver
I/ActivityManager( 7662): Resuming delayed broadcast
I/ActivityManager( 7662): Delay finish: com.google.android.gm/.GmailReceiver
I/ActivityManager( 7662): Resuming delayed broadcast
I/ActivityManager( 7662): Delay finish: com.android.mms/.transaction.SmsReceiver
I/ActivityManager( 7662): Resuming delayed broadcast
I/ActivityManager( 7662): Delay finish: com.google.android.music/.store.MediaStoreImportService$Receiver
I/ActivityManager( 7662): Resuming delayed broadcast
I/ActivityManager( 7662): Delay finish: com.google.android.music/.store.MediaStoreImportService$Receiver
I/ActivityManager( 7662): Resuming delayed broadcast
I/ActivityManager( 7662): Delay finish: com.android.calendar/.alerts.AlertReceiver
I/ActivityManager( 7662): Resuming delayed broadcast
I/ActivityManager( 7662): Killing 8305:com.google.android.configupdater/u0a4 (adj 15): empty #17
I/ActivityManager( 7662): Start proc com.android.providers.calendar for content provider com.android.providers.calendar/.CalendarProvider2: pid=8753 uid=10002 gids={50002, 3003, 1028, 1015, 1023}
I/ActivityThread( 8753): Switching default density from 160 to 240
I/ActivityManager( 7662): Delay finish: com.google.android.gms/.playlog.service.MonitorAlarmReceiver
I/ActivityManager( 7662): Resuming delayed broadcast
I/ActivityManager( 7662): Delay finish: com.google.android.gms/.common.download.DownloadAlarmReceiver
I/ActivityManager( 7662): Resuming delayed broadcast
I/ActivityManager( 7662): Killing 8338:com.google.android.apps.genie.geniewidget/u0a12 (adj 15): empty #17
I/ActivityManager( 7662): START u0 {act=android.intent.action.MAIN cat=[android.intent.category.LAUNCHER] flg=0x10200000 cmp=com.android.vending/.AssetBrowserActivity} from pid 7898
W/BroadcastQueue( 7662): Permission Denial: receiving Intent { act=com.android.launcher3.action.LAUNCH flg=0x10 (has extras) } to com.google.android.googlequicksearchbox/com.google.android.search.core.summons.icing.InternalIcingCorporaProvider$ApplicationLaunchReceiver requires com.android.launcher3.permission.RECEIVE_LAUNCH_BROADCASTS due to sender com.android.launcher3 (uid 10019)
I/ActivityManager( 7662): Delay finish: com.android.providers.calendar/.CalendarProviderBroadcastReceiver
I/ActivityManager( 7662): Resuming delayed broadcast
D/ConnectivityService( 7662): handleInetConditionHoldEnd: net=1, condition=100, published condition=0
W/ActivityManager( 7662): Unable to start service Intent { act=com.google.android.gms.analytics.service.START cmp=com.google.android.gms/.analytics.service.AnalyticsService (has extras) } U=0: not found
W/ActivityThread( 7764): ClassLoader.loadClass: The class loader returned by Thread.getContextClassLoader() may fail for processes that host multiple applications. You should explicitly specify a context class loader. For example: Thread.setContextClassLoader(getClass().getClassLoader());
W/ActivityManager( 7662): Unable to start service Intent { act=com.google.android.gms.analytics.service.START cmp=com.google.android.gms/.analytics.service.AnalyticsService (has extras) } U=0: not found
I/ActivityManager( 7662): Delay finish: com.google.android.music/.leanback.AutoCacheSchedulingService$EnablingReceiver
I/ActivityManager( 7662): Resuming delayed broadcast
D/ConnectivityService( 7662): setProvNotificationVisible: E visible=false networkType=1 extraInfo=null url=null
W/ActivityThread( 7662): ClassLoader.loadClass: The class loader returned by Thread.getContextClassLoader() may fail for processes that host multiple applications. You should explicitly specify a context class loader. For example: Thread.setContextClassLoader(getClass().getClassLoader());
D/ConnectivityService( 7662): captivePortalCheckCompleted: ni=NetworkInfo: type: WIFI[], state: CONNECTED/CONNECTED, reason: (unspecified), extra: "WIFI_MIZIFI", roaming: false, failover: false, isAvailable: true, isConnectedToProvisioningNetwork: false captive=false
W/ActivityManager( 7662): Unable to start service Intent { act=com.google.android.gms.analytics.service.START cmp=com.google.android.gms/.analytics.service.AnalyticsService (has extras) } U=0: not found
W/ActivityManager( 7662): Unable to start service Intent { act=com.google.android.gms.analytics.service.START cmp=com.google.android.gms/.analytics.service.AnalyticsService (has extras) } U=0: not found
I/ActivityManager( 7662): START u0 {act=android.intent.action.SEARCH flg=0x10000000 cmp=com.android.vending/.AssetBrowserActivity (has extras)} from pid 8474
I/ActivityManager( 7662): START u0 {act=android.intent.action.SEARCH flg=0x10000000 cmp=com.android.vending/.AssetBrowserActivity (has extras)} from pid 8474
I/ActivityManager( 7662): Waited long enough for: ServiceRecord{219fc964 u0 com.android.calendar/.alerts.InitAlarmsService}
I/ActivityManager( 7662): START u0 {cmp=com.android.vending/com.google.android.finsky.billing.lightpurchase.LightPurchaseFlowActivity (has extras)} from pid 8474
I/ActivityManager( 7662): START u0 {cmp=com.android.vending/com.google.android.finsky.activities.AppsPermissionsActivity (has extras)} from pid 8474
D/ConnectivityService( 7662): Sampling interval elapsed, updating statistics ..
D/ConnectivityService( 7662): Done.
D/ConnectivityService( 7662): Setting timer for 720seconds
I/ActivityManager( 7662): Start proc com.android.musicfx for broadcast com.android.musicfx/.ControlPanelReceiver: pid=8864 uid=10024 gids={50024, 3003, 3002}
I/ActivityManager( 7662): Killing 8078:com.android.music/u0a59 (adj 15): empty #17
I/ActivityThread( 8864): Switching default density from 160 to 240
I/ActivityManager( 7662): Killing 7830:android.process.acore/u0a5 (adj 15): empty #17
W/WindowManager( 7662): Rebuild removed 3 windows but added 2
W/WindowManager( 7662): java.lang.RuntimeException: here
W/WindowManager( 7662): at com.android.server.wm.WindowManagerService.rebuildAppWindowListLocked(WindowManagerService.java:8017)
W/WindowManager( 7662): at com.android.server.wm.WindowManagerService.rebuildAppWindowListLocked(WindowManagerService.java:7953)
W/WindowManager( 7662): at com.android.server.wm.WindowManagerService.handleAnimatingStoppedAndTransitionLocked(WindowManagerService.java:8697)
W/WindowManager( 7662): at com.android.server.wm.WindowManagerService.performLayoutAndPlaceSurfacesLockedInner(WindowManagerService.java:9211)
W/WindowManager( 7662): at com.android.server.wm.WindowManagerService.performLayoutAndPlaceSurfacesLockedLoop(WindowManagerService.java:8169)
W/WindowManager( 7662): at com.android.server.wm.WindowManagerService.performLayoutAndPlaceSurfacesLocked(WindowManagerService.java:8111)
W/WindowManager( 7662): at com.android.server.wm.WindowManagerService.access$300(WindowManagerService.java:157)
W/WindowManager( 7662): at com.android.server.wm.WindowManagerService$H.handleMessage(WindowManagerService.java:7145)
W/WindowManager( 7662): at android.os.Handler.dispatchMessage(Handler.java:102)
W/WindowManager( 7662): at android.os.Looper.loop(Looper.java:136)
W/WindowManager( 7662): at android.os.HandlerThread.run(HandlerThread.java:61)
W/WindowManager( 7662): This window was lost: Window{219e2b54 u0 com.android.vending/com.google.android.finsky.billing.lightpurchase.LightPurchaseFlowActivity}
W/WindowManager( 7662): mDisplayId=0 mSession=Session{219eb128 8474:u0a10026} mClient=android.os.BinderProxy@2197aad0
W/WindowManager( 7662): mOwnerUid=10026 mShowToOwnerOnly=true package=com.android.vending appop=NONE
W/WindowManager( 7662): mAttrs=WM.LayoutParams{(0,0)(fillxfill) sim=#120 ty=1 fl=#1810100 pfl=0x8 fmt=-2}
W/WindowManager( 7662): Requested w=1920 h=1008 mLayoutSeq=58
W/WindowManager( 7662): mBaseLayer=21000 mSubLayer=0 mAnimLayer=21015+1000=21015 mLastLayer=22015
W/WindowManager( 7662): mToken=AppWindowToken{21a0a31c token=Token{21a7f1d0 ActivityRecord{2197082c u0 com.android.vending/com.google.android.finsky.billing.lightpurchase.LightPurchaseFlowActivity t2}}}
W/WindowManager( 7662): mRootToken=AppWindowToken{21a0a31c token=Token{21a7f1d0 ActivityRecord{2197082c u0 com.android.vending/com.google.android.finsky.billing.lightpurchase.LightPurchaseFlowActivity t2}}}
W/WindowManager( 7662): mAppToken=AppWindowToken{21a0a31c token=Token{21a7f1d0 ActivityRecord{2197082c u0 com.android.vending/com.google.android.finsky.billing.lightpurchase.LightPurchaseFlowActivity t2}}}
W/WindowManager( 7662): mViewVisibility=0x8 mHaveFrame=true mObscured=false
W/WindowManager( 7662): mSeq=0 mSystemUiVisibility=0x0
W/WindowManager( 7662): mGivenContentInsets=[0,0][0,0] mGivenVisibleInsets=[0,0][0,0]
W/WindowManager( 7662): mConfiguration={1.0 ?mcc?mnc pt_BR ldltr sw720dp w1280dp h646dp 240dpi lrg long land -touch qwerty/v/v -nav/h s.5}
W/WindowManager( 7662): mHasSurface=true mShownFrame=[184.22949,96.72049][2104.2295,1104.7205] isReadyForDisplay()=false
W/WindowManager( 7662): mFrame=[0,0][1920,1008] last=[0,0][1920,1008]
W/WindowManager( 7662): mSystemDecorRect=[0,38][1920,1008] last=[0,38][1920,1008]
W/WindowManager( 7662): Frames: containing=[0,0][1920,1008] parent=[0,0][1920,1008]
W/WindowManager( 7662): display=[0,0][1920,1008] overscan=[0,0][1920,1080]
W/WindowManager( 7662): content=[0,38][1920,1008] visible=[0,38][1920,1008]
W/WindowManager( 7662): decor=[0,38][1920,1008]
W/WindowManager( 7662): Cur insets: overscan=[0,0][0,0] content=[0,38][0,0] visible=[0,38][0,0]
W/WindowManager( 7662): Lst insets: overscan=[0,0][0,0] content=[0,38][0,0] visible=[0,38][0,0]
W/WindowManager( 7662): WindowStateAnimator{219691d4 com.android.vending/com.google.android.finsky.billing.lightpurchase.LightPurchaseFlowActivity}:
W/WindowManager( 7662): mSurface=Surface(name=com.android.vending/com.google.android.finsky.billing.lightpurchase.LightPurchaseFlowActivity)
W/WindowManager( 7662): mDrawState=HAS_DRAWN mLastHidden=true
W/WindowManager( 7662): Surface: shown=false layer=22015 alpha=0.040471375 rect=(184.22949,96.72049) 1920.0 x 1008.0
W/WindowManager( 7662): mShownAlpha=0.040471375 mAlpha=1.0 mLastAlpha=0.040471375
W/WindowManager( 7662): mGlobalScale=1.0 mDsDx=0.80809426 mDtDx=0.0 mDsDy=0.0 mDtDy=0.80809426
W/WindowManager( 7662): mExiting=false mRemoveOnExit=false mDestroying=true mRemoved=false
W/WindowManager( 7662): Current app token list:
V/WindowManager( 7662): Display 0
V/WindowManager( 7662): #1: Token{21902f30 ActivityRecord{21938a6c u0 com.android.vending/.AssetBrowserActivity t2}}
V/WindowManager( 7662): #0: Token{21935a98 ActivityRecord{2191b8e4 u0 com.android.launcher3/.Launcher t1}}
W/WindowManager( 7662): Final window list:
V/WindowManager( 7662): #0: Window{219f188c u0 SearchPanel}
V/WindowManager( 7662): #1: Window{219a152c u0 NavigationBar}
V/WindowManager( 7662): #2: Window{219cea30 u0 StatusBar}
V/WindowManager( 7662): #3: Window{21974ab4 u0 KeyguardScrim}
V/WindowManager( 7662): #4: Window{219652e8 u0 com.android.vending/com.android.vending.AssetBrowserActivity}
V/WindowManager( 7662): #5: Window{21a22ce8 u0 com.android.launcher3/com.android.launcher3.Launcher}
V/WindowManager( 7662): #6: Window{21a24100 u0 com.android.systemui.ImageWallpaper}
I/ActivityManager( 7662): Start proc com.android.defcontainer for service com.android.defcontainer/.DefaultContainerService: pid=8883 uid=10006 gids={50006, 1028, 1015, 1023, 2001, 1035}
I/ActivityThread( 8883): Switching default density from 160 to 240
W/ActivityManager( 7662): No content provider found for permission revoke: file:///data/data/com.android.providers.downloads/cache/downloadfile-1.apk
W/ActivityManager( 7662): No content provider found for permission revoke: file:///data/data/com.android.providers.downloads/cache/downloadfile-1.apk
I/PackageManager( 7662): Copying native libraries to /data/app-lib/vmdl-1567508294
I/PackageManager( 7662): Package installed with second ABI Library: 10072com.MadDog.LiveOceanBenchmark
I/PackageManager( 7662): Data written:10072
I/PackageManager( 7662): Data written:10071
I/PackageManager( 7662): Data written into /data/data/.appwithABI2
I/ActivityManager( 7662): Force stopping com.MadDog.LiveOceanBenchmark appid=10072 user=-1: update pkg
I/PackageManager( 7662): Adding preferred activity ComponentInfo{com.android.mms/com.android.mms.ui.ComposeMessageActivity} for user 0 :
W/BackupManagerService( 7662): dataChanged but no participant pkg='com.android.launcher3' uid=10019
I/PackageManager( 7662): Adding preferred activity ComponentInfo{com.android.mms/com.android.mms.ui.ComposeMessageActivity} for user 0 :
W/BackupManagerService( 7662): dataChanged but no participant pkg='com.android.launcher3' uid=10019
I/PackageManager( 7662): Adding preferred activity ComponentInfo{com.android.mms/com.android.mms.ui.ComposeMessageActivity} for user 0 :
I/PackageManager( 7662): Adding preferred activity ComponentInfo{com.android.mms/com.android.mms.ui.ComposeMessageActivity} for user 0 :
I/ActivityManager( 7662): Start proc android.process.acore for broadcast com.android.providers.contacts/.PackageIntentReceiver: pid=8898 uid=10005 gids={50005, 3003, 1028, 1015, 1023}
I/ActivityManager( 7662): Killing 8095:com.google.android.partnersetup/u0a17 (adj 15): empty #17
I/PackageManager( 7662): Adding preferred activity ComponentInfo{com.android.mms/com.android.mms.ui.ComposeMessageActivity} for user 0 :
I/PackageManager( 7662): Adding preferred activity ComponentInfo{com.android.mms/com.android.mms.ui.ComposeMessageActivity} for user 0 :
I/PackageManager( 7662): Adding preferred activity ComponentInfo{com.android.mms/com.android.mms.ui.ComposeMessageActivity} for user 0 :
I/PackageManager( 7662): Adding preferred activity ComponentInfo{com.android.mms/com.android.mms.ui.ComposeMessageActivity} for user 0 :
I/ActivityThread( 8898): Switching default density from 160 to 240
I/ActivityManager( 7662): Start proc com.google.android.partnersetup for broadcast com.google.android.partnersetup/.RlzPingBroadcastReceiver: pid=8913 uid=10017 gids={50017, 3003}
I/ActivityThread( 8913): Switching default density from 160 to 240
I/ActivityManager( 7662): Killing 8459:com.android.onetimeinitializer/u0a25 (adj 15): empty #17
I/ActivityManager( 7662): Killing 8567:com.android.exchange/u0a50 (adj 15): empty #17
I/ActivityManager( 7662): Start proc com.android.gallery3d for broadcast com.android.gallery3d/.app.PackagesMonitor: pid=8931 uid=10052 gids={50052, 3003, 1028, 1015, 1023}
I/ActivityThread( 8931): Switching default density from 160 to 240
D/BackupManagerService( 7662): Received broadcast Intent { act=android.intent.action.PACKAGE_ADDED dat=package:com.MadDog.LiveOceanBenchmark flg=0x4000010 (has extras) }
V/BackupManagerService( 7662): addPackageParticipantsLocked: #1
I/ActivityManager( 7662): Start proc com.svox.pico for broadcast com.svox.pico/.VoiceDataInstallerReceiver: pid=8946 uid=10064 gids={50064, 1028, 1015, 1023}
I/ActivityManager( 7662): Killing 8590:com.google.android.youtube/u0a36 (adj 15): empty #17
I/ActivityThread( 8946): Switching default density from 160 to 240
I/ActivityManager( 7662): Killing 8641:com.android.settings/1000 (adj 15): empty #17
I/ActivityManager( 7662): Delay finish: com.google.android.googlequicksearchbox/com.google.android.search.core.summons.icing.InternalIcingCorporaProvider$CorporaChangedReceiver
I/ActivityManager( 7662): Resuming delayed broadcast
I/ActivityManager( 7662): Delay finish: com.google.android.googlequicksearchbox/.GelStubAppWatcher
I/ActivityManager( 7662): Resuming delayed broadcast
I/ActivityManager( 7662): Delay finish: com.android.launcher3/.InstallShortcutReceiver
I/ActivityManager( 7662): Resuming delayed broadcast
I/ActivityManager( 7662): Start proc com.cyanogenmod.trebuchet for broadcast com.cyanogenmod.trebuchet/com.android.launcher3.InstallShortcutReceiver: pid=8971 uid=10032 gids={50032, 1028}
I/ActivityThread( 8971): Switching default density from 160 to 240
I/ActivityManager( 7662): START u0 {act=android.intent.action.MAIN cat=[android.intent.category.LAUNCHER] flg=0x10000000 pkg=com.MadDog.LiveOceanBenchmark cmp=com.MadDog.LiveOceanBenchmark/com.unity3d.player.UnityPlayerProxyActivity} from pid 8474
I/ActivityManager( 7662): Start proc com.MadDog.LiveOceanBenchmark for activity com.MadDog.LiveOceanBenchmark/com.unity3d.player.UnityPlayerProxyActivity: pid=8993 uid=10072 gids={50072}
I/ActivityManager( 7662): Config changes=480 {1.0 ?mcc?mnc pt_BR ldltr sw720dp w720dp h1206dp 240dpi lrg long port -touch qwerty/v/v -nav/h s.6}
I/ActivityThread( 8993): Switching default density from 160 to 240
I/ActivityManager( 7662): START u0 {flg=0x10000 cmp=com.MadDog.LiveOceanBenchmark/com.unity3d.player.UnityPlayerNativeActivity} from pid 8993
I/WindowManager( 7662): Screen frozen for +126ms due to Window{219a152c u0 NavigationBar}
W/Vold ( 1515): Returning OperationFailed - no handler for errno 30
W/Vold ( 1515): Returning OperationFailed - no handler for errno 30
W/Vold ( 1515): Returning OperationFailed - no handler for errno 30
W/Vold ( 1515): Returning OperationFailed - no handler for errno 30
E/Vold ( 1515): Failed to find volume for /storage/sdcard1/Android/obb/com.MadDog.LiveOceanBenchmark/
W/Vold ( 1515): Returning OperationFailed - no handler for errno 30
W/Vold ( 1515): Returning OperationFailed - no handler for errno 30
W/Vold ( 1515): Returning OperationFailed - no handler for errno 30
W/Vold ( 1515): Returning OperationFailed - no handler for errno 30
W/Vold ( 1515): Returning OperationFailed - no handler for errno 30
E/Vold ( 1515): Failed to find volume for /storage/sdcard1/Android/data/com.MadDog.LiveOceanBenchmark/files/
W/Vold ( 1515): Returning OperationFailed - no handler for errno 30
I/ActivityManager( 7662): Killing 8664:com.google.android.apps.magazines/u0a20 (adj 15): empty #17
W/ActivityManager( 7662): No content provider found for permission revoke: file:///data/data/com.android.providers.downloads/cache/downloadfile.apk
W/ActivityManager( 7662): No content provider found for permission revoke: file:///data/data/com.android.providers.downloads/cache/downloadfile.apk
I/PackageManager( 7662): Copying native libraries to /data/app-lib/vmdl-2040078791
I/ActivityManager( 7662): Process android.process.media (pid 7764) has died.
I/ActivityManager( 7662): Process com.google.android.gm (pid 8360) has died.
I/ActivityManager( 7662): Force stopping com.android.vending appid=10026 user=-1: replace sys pkg
I/ActivityManager( 7662): Killing 8474:com.android.vending/u0a26 (adj 7): stop com.android.vending
I/ActivityManager( 7662): Force finishing activity ActivityRecord{21938a6c u0 com.android.vending/.AssetBrowserActivity t2}
W/PackageManager( 7662): Trying to update system app code path from /system/priv-app/Phonesky.apk to /data/app/com.android.vending-1.apk
I/WindowState( 7662): WIN DEATH: Window{219652e8 u0 com.android.vending/com.android.vending.AssetBrowserActivity}
W/PackageManager( 7662): Code path for pkg : com.android.vending changing from /system/priv-app/Phonesky.apk to /data/app/com.android.vending-1.apk
I/ActivityManager( 7662): Force stopping com.android.vending appid=10026 user=-1: update pkg
W/PackageManager( 7662): Resource path for pkg : com.android.vending changing from /system/priv-app/Phonesky.apk to /data/app/com.android.vending-1.apk
W/PackageManager( 7662): Not granting permission android.permission.GLOBAL_SEARCH to package com.android.quicksearchbox (protectionLevel=18 flags=0x88be45)
W/PackageManager( 7662): Unknown permission com.android.smspush.WAPPUSH_MANAGER_BIND in package com.android.phone
W/PackageManager( 7662): Unknown permission com.android.launcher.permission.PRELOAD_WORKSPACE in package com.google.android.partnersetup
W/PackageManager( 7662): Unknown permission com.android.vending.billing.IBillingAccountService.BIND2 in package com.google.android.gsf.login
W/PackageManager( 7662): Unknown permission com.android.chrome.TOS_ACKED in package com.google.android.gsf.login
W/PackageManager( 7662): Unknown permission com.google.android.gallery3d.permission.GALLERY_PROVIDER in package com.android.bluetooth
W/PackageManager( 7662): Not granting permission android.permission.ACCESS_DOWNLOAD_MANAGER to package com.android.browser (protectionLevel=18 flags=0x89be45)
W/PackageManager( 7662): Not granting permission android.permission.SEND_DOWNLOAD_COMPLETED_INTENTS to package com.android.browser (protectionLevel=2 flags=0x89be45)
W/PackageManager( 7662): Unknown permission com.android.launcher.permission.READ_SETTINGS in package com.android.onetimeinitializer
W/PackageManager( 7662): Unknown permission com.android.launcher.permission.WRITE_SETTINGS in package com.android.onetimeinitializer
W/PackageManager( 7662): Unknown permission com.android.launcher.permission.READ_SETTINGS in package com.android.launcher3
W/PackageManager( 7662): Unknown permission com.android.launcher.permission.WRITE_SETTINGS in package com.android.launcher3
W/PackageManager( 7662): Not granting permission android.permission.BIND_WALLPAPER to package com.android.camera2 (protectionLevel=18 flags=0xd8bc45)
W/PackageManager( 7662): Unknown permission android.permission.INSTALL_DRM in package com.android.mms
W/PackageManager( 7662): Not granting permission android.permission.BROADCAST_PACKAGE_REMOVED to package com.google.android.marvin.talkback (protectionLevel=2 flags=0x40c9be45)
W/PackageManager( 7662): Not granting permission android.permission.CAPTURE_AUDIO_HOTWORD to package com.google.android.gms (protectionLevel=18 flags=0xc83ec5)
W/PackageManager( 7662): Unknown permission android.permission.READ_OWNER_DATA in package com.google.android.setupwizard
W/PackageManager( 7662): Unknown permission android.permission.WRITE_OWNER_DATA in package com.google.android.setupwizard
W/PackageManager( 7662): Unknown permission com.android.launcher.permission.READ_SETTINGS in package com.android.settings
W/PackageManager( 7662): Unknown permission com.android.launcher.permission.WRITE_SETTINGS in package com.android.settings
W/PackageManager( 7662): Unknown permission com.android.launcher.permission.READ_SETTINGS in package com.cyanogenmod.trebuchet
W/PackageManager( 7662): Unknown permission com.android.launcher.permission.WRITE_SETTINGS in package com.cyanogenmod.trebuchet
W/PackageManager( 7662): Not granting permission com.android.launcher3.permission.RECEIVE_LAUNCH_BROADCASTS to package com.cyanogenmod.trebuchet (protectionLevel=2 flags=0x40c8be45)
W/PackageManager( 7662): Unknown permission com.android.launcher.permission.READ_SETTINGS in package com.google.android.googlequicksearchbox
W/PackageManager( 7662): Unknown permission com.android.launcher.permission.WRITE_SETTINGS in package com.google.android.googlequicksearchbox
W/PackageManager( 7662): Unknown permission com.google.android.voicesearch.SHORTCUTS_ACCESS in package com.google.android.googlequicksearchbox
W/PackageManager( 7662): Unknown permission com.google.android.voicesearch.ACCESS_SETTINGS in package com.google.android.googlequicksearchbox
W/PackageManager( 7662): Unknown permission com.google.android.ears.permission.WRITE in package com.google.android.googlequicksearchbox
W/PackageManager( 7662): Not granting permission android.permission.MEDIA_CONTENT_CONTROL to package com.google.android.googlequicksearchbox (protectionLevel=18 flags=0xd9bec5)
W/PackageManager( 7662): Unknown permission com.google.android.apps.googlevoice.permission.AUTO_SEND in package com.google.android.googlequicksearchbox
W/PackageManager( 7662): Unknown permission com.android.chrome.PRERENDER_URL in package com.google.android.googlequicksearchbox
W/PackageManager( 7662): Not granting permission com.android.launcher3.permission.RECEIVE_LAUNCH_BROADCASTS to package com.google.android.googlequicksearchbox (protectionLevel=2 flags=0xd9bec5)
W/PackageManager( 7662): Not granting permission android.permission.DELETE_PACKAGES to package com.svox.pico (protectionLevel=18 flags=0x88be45)
W/PackageManager( 7662): Not granting permission android.permission.MANAGE_DOCUMENTS to package com.google.android.youtube (protectionLevel=18 flags=0x98bec5)
W/PackageManager( 7662): Not granting permission android.permission.DEVICE_POWER to package com.android.deskclock (protectionLevel=2 flags=0xc8be45)
W/PackageManager( 7662): Not granting permission android.permission.READ_DREAM_STATE to package com.google.android.gsf (protectionLevel=2 flags=0x40883e45)
W/PackageManager( 7662): Unknown permission android.permission.WRITE_SYNC_STATS in package com.google.android.apps.docs
W/PackageManager( 7662): Not granting permission android.permission.SEND_DOWNLOAD_COMPLETED_INTENTS to package com.android.vending (protectionLevel=2 flags=0x400abec5)
W/PackageManager( 7662): Unknown permission android.permission.SEND_SMS_NO_CONFIRMATION in package com.android.vending
I/ActivityManager( 7662): Force stopping com.android.vending appid=10026 user=0: pkg removed
I/PackageManager( 7662): Observer no longer exists.
W/BackupManagerService( 7662): dataChanged but no participant pkg='com.android.launcher3' uid=10019
I/PackageManager( 7662): Adding preferred activity ComponentInfo{com.android.mms/com.android.mms.ui.ComposeMessageActivity} for user 0 :
I/ActivityManager( 7662): Start proc com.android.keychain for broadcast com.android.keychain/.KeyChainBroadcastReceiver: pid=9038 uid=1000 gids={41000, 1028, 1015, 1023, 3002, 3001, 3003}
I/PackageManager( 7662): Adding preferred activity ComponentInfo{com.android.mms/com.android.mms.ui.ComposeMessageActivity} for user 0 :
I/PackageManager( 7662): Adding preferred activity ComponentInfo{com.android.mms/com.android.mms.ui.ComposeMessageActivity} for user 0 :
I/PackageManager( 7662): Adding preferred activity ComponentInfo{com.android.mms/com.android.mms.ui.ComposeMessageActivity} for user 0 :
I/PackageManager( 7662): Adding preferred activity ComponentInfo{com.android.mms/com.android.mms.ui.ComposeMessageActivity} for user 0 :
I/PackageManager( 7662): Adding preferred activity ComponentInfo{com.android.mms/com.android.mms.ui.ComposeMessageActivity} for user 0 :
I/PackageManager( 7662): Adding preferred activity ComponentInfo{com.android.mms/com.android.mms.ui.ComposeMessageActivity} for user 0 :
I/PackageManager( 7662): Adding preferred activity ComponentInfo{com.android.mms/com.android.mms.ui.ComposeMessageActivity} for user 0 :
I/PackageManager( 7662): Adding preferred activity ComponentInfo{com.android.mms/com.android.mms.ui.ComposeMessageActivity} for user 0 :
I/PackageManager( 7662): Adding preferred activity ComponentInfo{com.android.mms/com.android.mms.ui.ComposeMessageActivity} for user 0 :
I/PackageManager( 7662): Adding preferred activity ComponentInfo{com.android.mms/com.android.mms.ui.ComposeMessageActivity} for user 0 :
I/PackageManager( 7662): Adding preferred activity ComponentInfo{com.android.mms/com.android.mms.ui.ComposeMessageActivity} for user 0 :
I/PackageManager( 7662): Adding preferred activity ComponentInfo{com.android.mms/com.android.mms.ui.ComposeMessageActivity} for user 0 :
I/PackageManager( 7662): Adding preferred activity ComponentInfo{com.android.mms/com.android.mms.ui.ComposeMessageActivity} for user 0 :
I/PackageManager( 7662): Adding preferred activity ComponentInfo{com.android.mms/com.android.mms.ui.ComposeMessageActivity} for user 0 :
I/PackageManager( 7662): Adding preferred activity ComponentInfo{com.android.mms/com.android.mms.ui.ComposeMessageActivity} for user 0 :
I/PackageManager( 7662): Adding preferred activity ComponentInfo{com.android.mms/com.android.mms.ui.ComposeMessageActivity} for user 0 :
I/PackageManager( 7662): Adding preferred activity ComponentInfo{com.android.mms/com.android.mms.ui.ComposeMessageActivity} for user 0 :
I/PackageManager( 7662): Adding preferred activity ComponentInfo{com.android.mms/com.android.mms.ui.ComposeMessageActivity} for user 0 :
I/PackageManager( 7662): Adding preferred activity ComponentInfo{com.android.mms/com.android.mms.ui.ComposeMessageActivity} for user 0 :
I/PackageManager( 7662): Adding preferred activity ComponentInfo{com.android.mms/com.android.mms.ui.ComposeMessageActivity} for user 0 :
I/PackageManager( 7662): Adding preferred activity ComponentInfo{com.android.mms/com.android.mms.ui.ComposeMessageActivity} for user 0 :
I/PackageManager( 7662): Adding preferred activity ComponentInfo{com.android.mms/com.android.mms.ui.ComposeMessageActivity} for user 0 :
I/PackageManager( 7662): Adding preferred activity ComponentInfo{com.android.mms/com.android.mms.ui.ComposeMessageActivity} for user 0 :
I/ActivityThread( 9038): Switching default density from 160 to 240
I/ActivityManager( 7662): Start proc com.android.vending for service com.android.vending/com.google.android.finsky.services.ContentSyncService: pid=9051 uid=10026 gids={50026, 3003, 1028, 1015, 1023}
I/ActivityThread( 9051): Switching default density from 160 to 240
W/ContextImpl( 9038): Calling a method in the system process without a qualified user: android.app.ContextImpl.startService:1479 android.content.ContextWrapper.startService:494 android.content.ContextWrapper.startService:494 com.android.keychain.KeyChainBroadcastReceiver.onReceive:12 android.app.ActivityThread.handleReceiver:2419
I/ActivityManager( 7662): Start proc com.google.android.gms.drive for broadcast com.google.android.gms/.drive.api.DriveSystemBroadcastReceiver: pid=9066 uid=10014 gids={50014, 3003, 1007, 1028, 1015, 1023, 3002, 3001, 3007, 2001, 3006}
I/ActivityThread( 9066): Switching default density from 160 to 240
D/BackupManagerService( 7662): Received broadcast Intent { act=android.intent.action.PACKAGE_REMOVED dat=package:com.android.vending flg=0x4000010 (has extras) }
D/BackupManagerService( 7662): Received broadcast Intent { act=android.intent.action.PACKAGE_ADDED dat=package:com.android.vending flg=0x4000010 (has extras) }
V/BackupManagerService( 7662): removePackageParticipantsLocked: uid=10026 #1
I/ActivityManager( 7662): Start proc android.process.media for content provider com.android.providers.downloads/.DownloadProvider: pid=9100 uid=10008 gids={50008, 1028, 1015, 1023, 1024, 2001, 3003, 3007}
V/BackupManagerService( 7662): addPackageParticipantsLocked: #1
I/BackupManagerService( 7662): Scheduling backup for new app com.android.vending
D/BackupManagerService( 7662): Now staging backup of com.android.vending
I/ActivityThread( 9100): Switching default density from 160 to 240
I/ActivityManager( 7662): Delay finish: com.android.gallery3d/.app.PackagesMonitor
I/ActivityManager( 7662): Resuming delayed broadcast
I/ActivityManager( 7662): Delay finish: com.google.android.googlequicksearchbox/com.google.android.search.core.summons.icing.InternalIcingCorporaProvider$CorporaChangedReceiver
I/ActivityManager( 7662): Resuming delayed broadcast
I/ActivityManager( 7662): Delay finish: com.android.musicfx/.Compatibility$Receiver
I/ActivityManager( 7662): Resuming delayed broadcast
I/ActivityManager( 7662): Start proc com.google.android.apps.magazines for broadcast com.google.android.apps.magazines/com.google.apps.dots.android.app.receiver.FirstInstallNotificationReceiver: pid=9125 uid=10020 gids={50020, 3003, 1028, 1015, 1023}
I/ActivityThread( 9125): Switching default density from 160 to 240
W/Vold ( 1515): Returning OperationFailed - no handler for errno 30
W/Vold ( 1515): Returning OperationFailed - no handler for errno 30
W/Vold ( 1515): Returning OperationFailed - no handler for errno 30
W/Vold ( 1515): Returning OperationFailed - no handler for errno 30
E/Vold ( 1515): Failed to find volume for /storage/sdcard1/Android/data/com.google.android.apps.magazines/cache/
W/Vold ( 1515): Returning OperationFailed - no handler for errno 30
W/Vold ( 1515): Returning OperationFailed - no handler for errno 30
W/Vold ( 1515): Returning OperationFailed - no handler for errno 30
W/Vold ( 1515): Returning OperationFailed - no handler for errno 30
W/Vold ( 1515): Returning OperationFailed - no handler for errno 30
E/Vold ( 1515): Failed to find volume for /storage/sdcard1/Android/data/com.google.android.apps.magazines/files/
W/Vold ( 1515): Returning OperationFailed - no handler for errno 30
W/Vold ( 1515): Returning OperationFailed - no handler for errno 30
W/Vold ( 1515): Returning OperationFailed - no handler for errno 30
W/Vold ( 1515): Returning OperationFailed - no handler for errno 30
W/Vold ( 1515): Returning OperationFailed - no handler for errno 30
E/Vold ( 1515): Failed to find volume for /storage/sdcard1/Android/data/com.google.android.apps.magazines/cache/
W/Vold ( 1515): Returning OperationFailed - no handler for errno 30
W/Vold ( 1515): Returning OperationFailed - no handler for errno 30
W/Vold ( 1515): Returning OperationFailed - no handler for errno 30
W/Vold ( 1515): Returning OperationFailed - no handler for errno 30
W/Vold ( 1515): Returning OperationFailed - no handler for errno 30
E/Vold ( 1515): Failed to find volume for /storage/sdcard1/Android/data/com.google.android.apps.magazines/files/
W/Vold ( 1515): Returning OperationFailed - no handler for errno 30
I/ActivityManager( 7662): Killing 8430:com.android.mms/u0a22 (adj 15): empty #17
D/CountryDetector( 7662): No listener is left
I/ActivityManager( 7662): Killing 8546:com.android.email/u0a49 (adj 15): empty #17
I/ActivityManager( 7662): Killing 8530:com.android.deskclock/u0a46 (adj 15): empty #17
W/ActivityManager( 7662): Unable to start service Intent { act=com.google.android.gms.analytics.service.START cmp=com.google.android.gms/.analytics.service.AnalyticsService (has extras) } U=0: not found
I/ActivityManager( 7662): Process android.process.acore (pid 8898) has died.
I/ActivityManager( 7662): Process com.google.android.music:main (pid 8709) has died.
I/ActivityManager( 7662): Process com.android.providers.calendar (pid 8753) has died.
I/ActivityManager( 7662): Process com.google.android.gms.drive (pid 9066) has died.
W/ActivityManager( 7662): Unable to start service Intent { act=com.google.android.gms.analytics.service.START cmp=com.google.android.gms/.analytics.service.AnalyticsService (has extras) } U=0: not found
I/ActivityManager( 7662): Process com.android.keychain (pid 9038) has died.
I/ActivityManager( 7662): Process com.android.calendar (pid 8508) has died.
I/ActivityManager( 7662): Process com.android.defcontainer (pid 8883) has died.
I/ActivityManager( 7662): Process com.android.gallery3d (pid 8931) has died.
I/ActivityManager( 7662): Process com.svox.pico (pid 8946) has died.
I/ActivityManager( 7662): Process com.google.android.partnersetup (pid 8913) has died.
W/PackageManager( 7662): Couldn't clear application caches
I/DeviceStorageMonitorService( 7662): Running low on memory. Sending notification
I/ActivityManager( 7662): Start proc com.google.android.gm for broadcast com.google.android.gm/.MailIntentReceiver: pid=9186 uid=10013 gids={50013, 3003, 1028, 1015, 1023}
I/ActivityThread( 9186): Switching default density from 160 to 240
