--------- beginning of /dev/log/system
I/SystemServer( 7352): CommonTimeManagementService
I/SystemServer( 7352): CertBlacklister
I/SystemServer( 7352): Dreams Service
I/SystemServer( 7352): Assets Atlas Service
W/SystemServer( 7352): ***********************************************
E/AndroidRuntime( 7352): Error reporting WTF
E/AndroidRuntime( 7352): android.os.DeadObjectException
E/AndroidRuntime( 7352): at android.os.BinderProxy.transact(Native Method)
E/AndroidRuntime( 7352): at android.app.ActivityManagerProxy.handleApplicationWtf(ActivityManagerNative.java:3718)
E/AndroidRuntime( 7352): at com.android.internal.os.RuntimeInit.wtf(RuntimeInit.java:337)
E/AndroidRuntime( 7352): at android.util.Log$1.onTerribleFailure(Log.java:104)
E/AndroidRuntime( 7352): at android.util.Log.wtf(Log.java:293)
E/AndroidRuntime( 7352): at android.util.Log.wtf(Log.java:286)
E/AndroidRuntime( 7352): at com.android.server.ServerThread.reportWtf(SystemServer.java:89)
E/AndroidRuntime( 7352): at com.android.server.ServerThread.initAndLoop(SystemServer.java:791)
E/AndroidRuntime( 7352): at com.android.server.SystemServer.main(SystemServer.java:1179)
E/AndroidRuntime( 7352): at java.lang.reflect.Method.invokeNative(Native Method)
E/AndroidRuntime( 7352): at java.lang.reflect.Method.invoke(Method.java:515)
E/AndroidRuntime( 7352): at com.android.internal.os.ZygoteInit$MethodAndArgsCaller.run(ZygoteInit.java:779)
E/AndroidRuntime( 7352): at com.android.internal.os.ZygoteInit.main(ZygoteInit.java:595)
E/AndroidRuntime( 7352): at dalvik.system.NativeStart.main(Native Method)
E/AndroidRuntime( 7352): Original WTF:
E/AndroidRuntime( 7352): android.util.Log$TerribleFailure: BOOT FAILURE starting AssetAtlasService
E/AndroidRuntime( 7352): at android.util.Log.wtf(Log.java:290)
E/AndroidRuntime( 7352): at android.util.Log.wtf(Log.java:286)
E/AndroidRuntime( 7352): at com.android.server.ServerThread.reportWtf(SystemServer.java:89)
E/AndroidRuntime( 7352): at com.android.server.ServerThread.initAndLoop(SystemServer.java:791)
E/AndroidRuntime( 7352): at com.android.server.SystemServer.main(SystemServer.java:1179)
E/AndroidRuntime( 7352): at java.lang.reflect.Method.invokeNative(Native Method)
E/AndroidRuntime( 7352): at java.lang.reflect.Method.invoke(Method.java:515)
E/AndroidRuntime( 7352): at com.android.internal.os.ZygoteInit$MethodAndArgsCaller.run(ZygoteInit.java:779)
E/AndroidRuntime( 7352): at com.android.internal.os.ZygoteInit.main(ZygoteInit.java:595)
E/AndroidRuntime( 7352): at dalvik.system.NativeStart.main(Native Method)
E/AndroidRuntime( 7352): Caused by: java.lang.RuntimeException: Package manager has died
E/AndroidRuntime( 7352): at android.app.ApplicationPackageManager.getPackageInfo(ApplicationPackageManager.java:79)
E/AndroidRuntime( 7352): at com.android.server.AssetAtlasService.queryVersionName(AssetAtlasService.java:177)
E/AndroidRuntime( 7352): at com.android.server.AssetAtlasService.(AssetAtlasService.java:133)
E/AndroidRuntime( 7352): at com.android.server.ServerThread.initAndLoop(SystemServer.java:788)
E/AndroidRuntime( 7352): ... 6 more
E/AndroidRuntime( 7352): Caused by: android.os.DeadObjectException
E/AndroidRuntime( 7352): at android.os.BinderProxy.transact(Native Method)
E/AndroidRuntime( 7352): at android.content.pm.IPackageManager$Stub$Proxy.getPackageInfo(IPackageManager.java:1557)
E/AndroidRuntime( 7352): at android.app.ApplicationPackageManager.getPackageInfo(ApplicationPackageManager.java:74)
E/AndroidRuntime( 7352): ... 9 more
I/SystemServer( 7352): IdleMaintenanceService
I/SystemServer( 7352): Print Service
I/SystemServer( 7352): Media Router Service
E/AndroidRuntime( 7352): *** FATAL EXCEPTION IN SYSTEM PROCESS: main
E/AndroidRuntime( 7352): java.lang.NullPointerException
E/AndroidRuntime( 7352): at com.android.server.ServerThread.initAndLoop(SystemServer.java:823)
E/AndroidRuntime( 7352): at com.android.server.SystemServer.main(SystemServer.java:1179)
E/AndroidRuntime( 7352): at java.lang.reflect.Method.invokeNative(Native Method)
E/AndroidRuntime( 7352): at java.lang.reflect.Method.invoke(Method.java:515)
E/AndroidRuntime( 7352): at com.android.internal.os.ZygoteInit$MethodAndArgsCaller.run(ZygoteInit.java:779)
E/AndroidRuntime( 7352): at com.android.internal.os.ZygoteInit.main(ZygoteInit.java:595)
E/AndroidRuntime( 7352): at dalvik.system.NativeStart.main(Native Method)
E/AndroidRuntime( 7352): Error reporting crash
E/AndroidRuntime( 7352): android.os.DeadObjectException
E/AndroidRuntime( 7352): at android.os.BinderProxy.transact(Native Method)
E/AndroidRuntime( 7352): at android.app.ActivityManagerProxy.handleApplicationCrash(ActivityManagerNative.java:3703)
E/AndroidRuntime( 7352): at com.android.internal.os.RuntimeInit$UncaughtHandler.uncaughtException(RuntimeInit.java:84)
E/AndroidRuntime( 7352): at java.lang.ThreadGroup.uncaughtException(ThreadGroup.java:693)
E/AndroidRuntime( 7352): at java.lang.ThreadGroup.uncaughtException(ThreadGroup.java:690)
E/AndroidRuntime( 7352): at dalvik.system.NativeStart.main(Native Method)
I/SystemServer( 7662): Entered the Android system server!
I/SystemServer( 7662): Waiting for installd to be ready.
I/Installer( 7662): connecting...
I/SystemServer( 7662): Power Manager
I/SystemServer( 7662): Activity Manager
I/ActivityManager( 7662): Memory class: 192
W/UsageStats( 7662): Usage stats version changed; dropping
I/IntentFirewall( 7662): Read new rules (A:0 B:0 S:0)
I/SystemServer( 7662): Display Manager
I/SystemServer( 7662): Telephony Registry
I/SystemServer( 7662): Scheduling Policy
I/DisplayManagerService( 7662): Display device added: DisplayDeviceInfo{"Tela integrada": 1920 x 1080, 60.000004 fps, density 240, 101.0 x 101.0 dpi, touch INTERNAL, rotation 0, type BUILT_IN, FLAG_DEFAULT_DISPLAY, FLAG_ROTATES_WITH_CONTENT, FLAG_SECURE, FLAG_SUPPORTS_PROTECTED_BUFFERS}
I/SystemServer( 7662): Package Manager
D/SELinuxMMAC( 7662): Couldn't find install policy /data/security/mac_permissions.xml
D/SELinuxMMAC( 7662): Using install policy file /system/etc/security/mac_permissions.xml
W/PackageParser( 7662): No actions in intent filter at /system/priv-app/Contacts.apk Binary XML file line #375
W/PackageParser( 7662): No actions in intent filter at /system/priv-app/Dialer.apk Binary XML file line #162
W/PackageParser( 7662): No actions in intent filter at /system/priv-app/SetupWizard.apk Binary XML file line #117
W/PackageManager( 7662): Unable to update from com.android.launcher3 to com.cyanogenmod.trebuchet: old package still exists
W/PackageManager( 7662): Skipping provider name com.android.launcher3.settings (in package com.cyanogenmod.trebuchet): name already used by com.android.launcher3
W/PackageParser( 7662): No actions in intent filter at /system/app/Bluetooth.apk Binary XML file line #210
W/PackageParser( 7662): Unknown element under : permission at /system/app/Gallery2.apk Binary XML file line #242
W/PackageParser( 7662): Unknown element under : permission at /system/app/Gallery2.apk Binary XML file line #245
I/PackageManager( 7662): Package installed with second ABI Library: 10071com.learnopengles.android
I/PackageManager( 7662): Data written:10071
I/PackageManager( 7662): Data written into /data/data/.appwithABI2
W/PackageManager( 7662): Unable to update from com.android.music to com.google.android.music: old package still exists
W/PackageManager( 7662): Package com.android.gallery3d desires unavailable shared library com.google.android.media.effects; ignoring!
I/PackageManager( 7662): Time to scan packages: 2.915 seconds
W/PackageManager( 7662): Not granting permission android.permission.GLOBAL_SEARCH to package com.android.quicksearchbox (protectionLevel=18 flags=0x8be45)
W/PackageManager( 7662): Unknown permission com.android.smspush.WAPPUSH_MANAGER_BIND in package com.android.phone
W/PackageManager( 7662): Unknown permission com.android.launcher.permission.PRELOAD_WORKSPACE in package com.google.android.partnersetup
W/PackageManager( 7662): Unknown permission com.android.vending.billing.IBillingAccountService.BIND2 in package com.google.android.gsf.login
W/PackageManager( 7662): Unknown permission com.android.chrome.TOS_ACKED in package com.google.android.gsf.login
W/PackageManager( 7662): Unknown permission com.google.android.gallery3d.permission.GALLERY_PROVIDER in package com.android.bluetooth
W/PackageManager( 7662): Not granting permission android.permission.ACCESS_DOWNLOAD_MANAGER to package com.android.browser (protectionLevel=18 flags=0x9be45)
W/PackageManager( 7662): Not granting permission android.permission.SEND_DOWNLOAD_COMPLETED_INTENTS to package com.android.browser (protectionLevel=2 flags=0x9be45)
W/PackageManager( 7662): Unknown permission com.android.launcher.permission.READ_SETTINGS in package com.android.onetimeinitializer
W/PackageManager( 7662): Unknown permission com.android.launcher.permission.WRITE_SETTINGS in package com.android.onetimeinitializer
W/PackageManager( 7662): Unknown permission com.android.launcher.permission.READ_SETTINGS in package com.android.launcher3
W/PackageManager( 7662): Unknown permission com.android.launcher.permission.WRITE_SETTINGS in package com.android.launcher3
W/PackageManager( 7662): Not granting permission android.permission.BIND_WALLPAPER to package com.android.camera2 (protectionLevel=18 flags=0x58bc45)
W/PackageManager( 7662): Unknown permission android.permission.INSTALL_DRM in package com.android.mms
W/PackageManager( 7662): Not granting permission android.permission.BROADCAST_PACKAGE_REMOVED to package com.google.android.marvin.talkback (protectionLevel=2 flags=0x4049be45)
W/PackageManager( 7662): Not granting permission android.permission.CAPTURE_AUDIO_HOTWORD to package com.google.android.gms (protectionLevel=18 flags=0x483ec5)
W/PackageManager( 7662): Unknown permission android.permission.READ_OWNER_DATA in package com.google.android.setupwizard
W/PackageManager( 7662): Unknown permission android.permission.WRITE_OWNER_DATA in package com.google.android.setupwizard
W/PackageManager( 7662): Unknown permission com.android.launcher.permission.READ_SETTINGS in package com.android.settings
W/PackageManager( 7662): Unknown permission com.android.launcher.permission.WRITE_SETTINGS in package com.android.settings
W/PackageManager( 7662): Unknown permission com.android.launcher.permission.READ_SETTINGS in package com.cyanogenmod.trebuchet
W/PackageManager( 7662): Unknown permission com.android.launcher.permission.WRITE_SETTINGS in package com.cyanogenmod.trebuchet
W/PackageManager( 7662): Not granting permission com.android.launcher3.permission.RECEIVE_LAUNCH_BROADCASTS to package com.cyanogenmod.trebuchet (protectionLevel=2 flags=0x4048be45)
W/PackageManager( 7662): Unknown permission com.android.launcher.permission.READ_SETTINGS in package com.google.android.googlequicksearchbox
W/PackageManager( 7662): Unknown permission com.android.launcher.permission.WRITE_SETTINGS in package com.google.android.googlequicksearchbox
W/PackageManager( 7662): Unknown permission com.google.android.voicesearch.SHORTCUTS_ACCESS in package com.google.android.googlequicksearchbox
W/PackageManager( 7662): Unknown permission com.google.android.voicesearch.ACCESS_SETTINGS in package com.google.android.googlequicksearchbox
W/PackageManager( 7662): Unknown permission com.google.android.ears.permission.WRITE in package com.google.android.googlequicksearchbox
W/PackageManager( 7662): Not granting permission android.permission.MEDIA_CONTENT_CONTROL to package com.google.android.googlequicksearchbox (protectionLevel=18 flags=0x59bec5)
W/PackageManager( 7662): Unknown permission com.google.android.apps.googlevoice.permission.AUTO_SEND in package com.google.android.googlequicksearchbox
W/PackageManager( 7662): Unknown permission com.android.chrome.PRERENDER_URL in package com.google.android.googlequicksearchbox
W/PackageManager( 7662): Not granting permission com.android.launcher3.permission.RECEIVE_LAUNCH_BROADCASTS to package com.google.android.googlequicksearchbox (protectionLevel=2 flags=0x59bec5)
W/PackageManager( 7662): Not granting permission android.permission.SEND_DOWNLOAD_COMPLETED_INTENTS to package com.android.vending (protectionLevel=2 flags=0x400abe45)
W/PackageManager( 7662): Unknown permission android.permission.SEND_SMS_NO_CONFIRMATION in package com.android.vending
W/PackageManager( 7662): Not granting permission android.permission.DELETE_PACKAGES to package com.svox.pico (protectionLevel=18 flags=0x8be45)
W/PackageManager( 7662): Not granting permission android.permission.MANAGE_DOCUMENTS to package com.google.android.youtube (protectionLevel=18 flags=0x18bec5)
W/PackageManager( 7662): Not granting permission android.permission.DEVICE_POWER to package com.android.deskclock (protectionLevel=2 flags=0x48be45)
W/PackageManager( 7662): Not granting permission android.permission.READ_DREAM_STATE to package com.google.android.gsf (protectionLevel=2 flags=0x40083e45)
W/PackageManager( 7662): Unknown permission android.permission.WRITE_SYNC_STATS in package com.google.android.apps.docs
I/SystemServer( 7662): Entropy Mixer
I/EntropyMixer( 7662): Writing entropy...
I/SystemServer( 7662): User Service
I/SystemServer( 7662): Account Manager
I/SystemServer( 7662): Content Manager
I/SystemServer( 7662): System Content Providers
I/SystemServer( 7662): Lights Service
I/SystemServer( 7662): Battery Service
I/SystemServer( 7662): Vibrator Service
I/SystemServer( 7662): Consumer IR Service
I/SystemServer( 7662): Alarm Manager
I/SystemServer( 7662): Init Watchdog
I/SystemServer( 7662): Input Manager
I/InputManager( 7662): Initializing input manager, mUseDevInputEventForAudioJack=true
I/SystemServer( 7662): Window Manager
I/WindowManager( 7662): No existing display settings /data/system/display_settings.xml; starting empty
I/WindowManager( 7662): No keyguard interface!
I/InputManager( 7662): Starting input manager
I/SystemServer( 7662): Bluetooth Manager Service
I/SystemServer( 7662): Input Method Service
W/InputMethodManagerService( 7662): Couldn't create dir.: /data/system/inputmethod
I/SystemServer( 7662): Accessibility Manager
I/ActivityManager( 7662): Config changes=1df8 {1.0 ?mcc?mnc pt_BR ldltr sw720dp w1280dp h720dp 240dpi xlrg long land ?uimode ?night -touch -keyb/v/h -nav/h s.2}
I/ActivityManager( 7662): Config changes=500 {1.0 ?mcc?mnc pt_BR ldltr sw720dp w1280dp h646dp 240dpi lrg long land ?uimode ?night -touch -keyb/v/h -nav/h s.3}
I/SystemServer( 7662): Mount Service
D/MountService( 7662): got storage path: null description: Armazenamento interno primary: true removable: false emulated: true mtpReserve: 100 allowMassStorage: false maxFileSize: 0
D/MountService( 7662): addVolumeLocked() StorageVolume:
D/MountService( 7662): mStorageId=65537 mPath=/storage/emulated/0 mDescriptionId=17040666
D/MountService( 7662): mPrimary=true mRemovable=false mEmulated=true mMtpReserveSpace=100
D/MountService( 7662): mAllowMassStorage=false mMaxFileSize=0 mOwner=UserHandle{0} mUuid=null
D/MountService( 7662): mUserLabel=null mState=null
D/MountService( 7662): got storage path: /storage/sdcard1 description: Cartão SD primary: false removable: true emulated: false mtpReserve: 0 allowMassStorage: false maxFileSize: 4294967296
D/MountService( 7662): addVolumeLocked() StorageVolume:
D/MountService( 7662): mStorageId=0 mPath=/storage/sdcard1 mDescriptionId=17040667 mPrimary=false
D/MountService( 7662): mRemovable=true mEmulated=false mMtpReserveSpace=0 mAllowMassStorage=false
D/MountService( 7662): mMaxFileSize=4294967296 mOwner=null mUuid=null mUserLabel=null mState=null
D/MountService( 7662): got storage path: /storage/usb0 description: Armazenamento USB primary: false removable: true emulated: false mtpReserve: 0 allowMassStorage: false maxFileSize: 4294967296
D/MountService( 7662): addVolumeLocked() StorageVolume:
D/MountService( 7662): mStorageId=0 mPath=/storage/usb0 mDescriptionId=17040668 mPrimary=false
D/MountService( 7662): mRemovable=true mEmulated=false mMtpReserveSpace=0 mAllowMassStorage=false
D/MountService( 7662): mMaxFileSize=4294967296 mOwner=null mUuid=null mUserLabel=null mState=null
D/MountService( 7662): got storage path: /storage/usb1 description: Armazenamento USB primary: false removable: true emulated: false mtpReserve: 0 allowMassStorage: false maxFileSize: 4294967296
D/MountService( 7662): addVolumeLocked() StorageVolume:
D/MountService( 7662): mStorageId=0 mPath=/storage/usb1 mDescriptionId=17040668 mPrimary=false
D/MountService( 7662): mRemovable=true mEmulated=false mMtpReserveSpace=0 mAllowMassStorage=false
D/MountService( 7662): mMaxFileSize=4294967296 mOwner=null mUuid=null mUserLabel=null mState=null
D/MountService( 7662): got storage path: /storage/usb2 description: Armazenamento USB primary: false removable: true emulated: false mtpReserve: 0 allowMassStorage: false maxFileSize: 4294967296
D/MountService( 7662): addVolumeLocked() StorageVolume:
D/MountService( 7662): mStorageId=0 mPath=/storage/usb2 mDescriptionId=17040668 mPrimary=false
D/MountService( 7662): mRemovable=true mEmulated=false mMtpReserveSpace=0 mAllowMassStorage=false
D/MountService( 7662): mMaxFileSize=4294967296 mOwner=null mUuid=null mUserLabel=null mState=null
D/MountService( 7662): got storage path: /storage/usb3 description: Armazenamento USB primary: false removable: true emulated: false mtpReserve: 0 allowMassStorage: false maxFileSize: 4294967296
D/MountService( 7662): addVolumeLocked() StorageVolume:
D/MountService( 7662): mStorageId=0 mPath=/storage/usb3 mDescriptionId=17040668 mPrimary=false
D/MountService( 7662): mRemovable=true mEmulated=false mMtpReserveSpace=0 mAllowMassStorage=false
D/MountService( 7662): mMaxFileSize=4294967296 mOwner=null mUuid=null mUserLabel=null mState=null
I/SystemServer( 7662): LockSettingsService
I/SystemServer( 7662): Device Policy
I/SystemServer( 7662): Status Bar
I/SystemServer( 7662): Clipboard Service
I/SystemServer( 7662): NetworkManagement Service
I/SystemServer( 7662): Text Service Manager Service
W/MountService( 7662): Duplicate state transition (unmounted -> unmounted) for /storage/usb0
D/MountService( 7662): volume state changed for /storage/usb1 (unmounted -> removed)
D/MountService( 7662): volume state changed for /storage/usb2 (unmounted -> removed)
D/MountService( 7662): volume state changed for /storage/usb3 (unmounted -> removed)
W/PackageManager( 7662): Not granting permission android.permission.GLOBAL_SEARCH to package com.android.quicksearchbox (protectionLevel=18 flags=0x8be45)
I/SystemServer( 7662): NetworkStats Service
W/PackageManager( 7662): Unknown permission com.android.smspush.WAPPUSH_MANAGER_BIND in package com.android.phone
W/PackageManager( 7662): Unknown permission com.android.launcher.permission.PRELOAD_WORKSPACE in package com.google.android.partnersetup
W/PackageManager( 7662): Unknown permission com.android.vending.billing.IBillingAccountService.BIND2 in package com.google.android.gsf.login
W/PackageManager( 7662): Unknown permission com.android.chrome.TOS_ACKED in package com.google.android.gsf.login
I/SystemServer( 7662): NetworkPolicy Service
W/PackageManager( 7662): Unknown permission com.google.android.gallery3d.permission.GALLERY_PROVIDER in package com.android.bluetooth
W/PackageManager( 7662): Not granting permission android.permission.ACCESS_DOWNLOAD_MANAGER to package com.android.browser (protectionLevel=18 flags=0x9be45)
W/PackageManager( 7662): Not granting permission android.permission.SEND_DOWNLOAD_COMPLETED_INTENTS to package com.android.browser (protectionLevel=2 flags=0x9be45)
W/PackageManager( 7662): Unknown permission com.android.launcher.permission.READ_SETTINGS in package com.android.onetimeinitializer
W/PackageManager( 7662): Unknown permission com.android.launcher.permission.WRITE_SETTINGS in package com.android.onetimeinitializer
W/PackageManager( 7662): Unknown permission com.android.launcher.permission.READ_SETTINGS in package com.android.launcher3
W/PackageManager( 7662): Unknown permission com.android.launcher.permission.WRITE_SETTINGS in package com.android.launcher3
I/SystemServer( 7662): Wi-Fi P2pService
W/PackageManager( 7662): Not granting permission android.permission.BIND_WALLPAPER to package com.android.camera2 (protectionLevel=18 flags=0x58bc45)
W/PackageManager( 7662): Unknown permission android.permission.INSTALL_DRM in package com.android.mms
W/PackageManager( 7662): Not granting permission android.permission.BROADCAST_PACKAGE_REMOVED to package com.google.android.marvin.talkback (protectionLevel=2 flags=0x4049be45)
W/PackageManager( 7662): Not granting permission android.permission.CAPTURE_AUDIO_HOTWORD to package com.google.android.gms (protectionLevel=18 flags=0x483ec5)
W/PackageManager( 7662): Unknown permission android.permission.READ_OWNER_DATA in package com.google.android.setupwizard
W/PackageManager( 7662): Unknown permission android.permission.WRITE_OWNER_DATA in package com.google.android.setupwizard
W/PackageManager( 7662): Unknown permission com.android.launcher.permission.READ_SETTINGS in package com.android.settings
W/PackageManager( 7662): Unknown permission com.android.launcher.permission.WRITE_SETTINGS in package com.android.settings
W/PackageManager( 7662): Unknown permission com.android.launcher.permission.READ_SETTINGS in package com.cyanogenmod.trebuchet
W/PackageManager( 7662): Unknown permission com.android.launcher.permission.WRITE_SETTINGS in package com.cyanogenmod.trebuchet
W/PackageManager( 7662): Not granting permission com.android.launcher3.permission.RECEIVE_LAUNCH_BROADCASTS to package com.cyanogenmod.trebuchet (protectionLevel=2 flags=0x4048be45)
W/PackageManager( 7662): Unknown permission com.android.launcher.permission.READ_SETTINGS in package com.google.android.googlequicksearchbox
W/PackageManager( 7662): Unknown permission com.android.launcher.permission.WRITE_SETTINGS in package com.google.android.googlequicksearchbox
W/PackageManager( 7662): Unknown permission com.google.android.voicesearch.SHORTCUTS_ACCESS in package com.google.android.googlequicksearchbox
W/PackageManager( 7662): Unknown permission com.google.android.voicesearch.ACCESS_SETTINGS in package com.google.android.googlequicksearchbox
W/PackageManager( 7662): Unknown permission com.google.android.ears.permission.WRITE in package com.google.android.googlequicksearchbox
W/PackageManager( 7662): Not granting permission android.permission.MEDIA_CONTENT_CONTROL to package com.google.android.googlequicksearchbox (protectionLevel=18 flags=0xd9bec5)
W/PackageManager( 7662): Unknown permission com.google.android.apps.googlevoice.permission.AUTO_SEND in package com.google.android.googlequicksearchbox
W/PackageManager( 7662): Unknown permission com.android.chrome.PRERENDER_URL in package com.google.android.googlequicksearchbox
W/PackageManager( 7662): Not granting permission com.android.launcher3.permission.RECEIVE_LAUNCH_BROADCASTS to package com.google.android.googlequicksearchbox (protectionLevel=2 flags=0xd9bec5)
W/PackageManager( 7662): Not granting permission android.permission.SEND_DOWNLOAD_COMPLETED_INTENTS to package com.android.vending (protectionLevel=2 flags=0x400abe45)
W/PackageManager( 7662): Unknown permission android.permission.SEND_SMS_NO_CONFIRMATION in package com.android.vending
W/PackageManager( 7662): Not granting permission android.permission.DELETE_PACKAGES to package com.svox.pico (protectionLevel=18 flags=0x8be45)
W/PackageManager( 7662): Not granting permission android.permission.MANAGE_DOCUMENTS to package com.google.android.youtube (protectionLevel=18 flags=0x18bec5)
W/PackageManager( 7662): Not granting permission android.permission.DEVICE_POWER to package com.android.deskclock (protectionLevel=2 flags=0x48be45)
W/PackageManager( 7662): Not granting permission android.permission.READ_DREAM_STATE to package com.google.android.gsf (protectionLevel=2 flags=0x40083e45)
W/PackageManager( 7662): Unknown permission android.permission.WRITE_SYNC_STATS in package com.google.android.apps.docs
I/SystemServer( 7662): Wi-Fi Service
I/SystemServer( 7662): Connectivity Service
D/ConnectivityService( 7662): ConnectivityService starting up
D/ConnectivityService( 7662): wifiOnly=false
E/ConnectivityService( 7662): Ignoring protectedNetwork 14
E/MobileDataStateTracker( 7662): default: Ignoring feature request because could not acquire PhoneService
E/MobileDataStateTracker( 7662): default: Could not enable APN type "default"
I/WifiService( 7662): WifiService starting up with Wi-Fi enabled
D/WifiService( 7662): setWifiEnabled: true pid=7662, uid=1000
I/SystemServer( 7662): Network Service Discovery Service
D/NsdService( 7662): Network service discovery enabled true
I/SystemServer( 7662): UpdateLock Service
I/SystemServer( 7662): Notification Manager
I/SystemServer( 7662): Device Storage Monitor
I/SystemServer( 7662): Location Manager
I/SystemServer( 7662): Country Detector
I/SystemServer( 7662): Search Service
I/SystemServer( 7662): DropBox Service
I/SystemServer( 7662): Wallpaper Service
I/SystemServer( 7662): Audio Service
I/SystemServer( 7662): Dock Observer
W/DockObserver( 7662): This kernel does not have dock station support
I/SystemServer( 7662): Wired Accessory Manager
W/WiredAccessoryManager( 7662): This kernel does not have usb audio support
W/WiredAccessoryManager( 7662): This kernel does not have HDMI audio support
I/SystemServer( 7662): USB Service
I/SystemServer( 7662): Serial Service
I/SystemServer( 7662): Twilight Service
I/SystemServer( 7662): UI Mode Manager Service
I/SystemServer( 7662): Backup Service
V/BackupManagerService( 7662): Initializing package tracking
V/BackupManagerService( 7662): No ancestral data
V/BackupManagerService( 7662): addPackageParticipantsLocked: all
I/BackupManagerService( 7662): Scheduling backup for new app com.android.calendar
D/BackupManagerService( 7662): Now staging backup of com.android.calendar
I/BackupManagerService( 7662): Scheduling backup for new app com.android.browser
D/BackupManagerService( 7662): Now staging backup of com.android.browser
I/BackupManagerService( 7662): Scheduling backup for new app com.android.providers.userdictionary
D/BackupManagerService( 7662): Now staging backup of com.android.providers.userdictionary
I/BackupManagerService( 7662): Scheduling backup for new app com.android.sharedstoragebackup
D/BackupManagerService( 7662): Now staging backup of com.android.sharedstoragebackup
I/BackupManagerService( 7662): Scheduling backup for new app com.google.android.marvin.talkback
D/BackupManagerService( 7662): Now staging backup of com.google.android.marvin.talkback
I/BackupManagerService( 7662): Scheduling backup for new app android
D/BackupManagerService( 7662): Now staging backup of android
I/BackupManagerService( 7662): Scheduling backup for new app com.google.android.googlequicksearchbox
D/BackupManagerService( 7662): Now staging backup of com.google.android.googlequicksearchbox
I/BackupManagerService( 7662): Scheduling backup for new app com.android.vending
D/BackupManagerService( 7662): Now staging backup of com.android.vending
I/BackupManagerService( 7662): Scheduling backup for new app com.google.android.gm
D/BackupManagerService( 7662): Now staging backup of com.google.android.gm
I/BackupManagerService( 7662): Scheduling backup for new app com.android.dialer
D/BackupManagerService( 7662): Now staging backup of com.android.dialer
I/BackupManagerService( 7662): Scheduling backup for new app com.android.providers.settings
D/BackupManagerService( 7662): Now staging backup of com.android.providers.settings
V/BackupManagerService( 7662): Starting with transport android/com.android.internal.backup.LocalTransport
V/BackupManagerService( 7662): Found transports: 2
I/BackupManagerService( 7662): Binding to transport host ComponentInfo{android/com.android.internal.backup.LocalTransportService}
I/BackupManagerService( 7662): Binding to transport host ComponentInfo{com.google.android.backuptransport/com.google.android.backup.BackupTransportService}
I/BackupManagerService( 7662): Found stale backup journal, scheduling
I/BackupManagerService( 7662): com.android.calendar
I/BackupManagerService( 7662): com.android.browser
I/BackupManagerService( 7662): com.android.providers.userdictionary
I/BackupManagerService( 7662): com.android.sharedstoragebackup
I/BackupManagerService( 7662): com.google.android.marvin.talkback
I/BackupManagerService( 7662): android
I/BackupManagerService( 7662): com.google.android.googlequicksearchbox
I/BackupManagerService( 7662): com.android.vending
I/BackupManagerService( 7662): com.google.android.gm
I/BackupManagerService( 7662): com.android.dialer
I/BackupManagerService( 7662): com.android.providers.settings
I/BackupManagerService( 7662): Backup enabled => false
I/BackupManagerService( 7662): Opting out of backup
I/SystemServer( 7662): AppWidget Service
I/SystemServer( 7662): Recognition Service
I/SystemServer( 7662): DiskStats Service
I/SystemServer( 7662): SamplingProfiler Service
I/SystemServer( 7662): NetworkTimeUpdateService
I/SystemServer( 7662): CommonTimeManagementService
I/SystemServer( 7662): CertBlacklister
I/SystemServer( 7662): Dreams Service
I/SystemServer( 7662): Assets Atlas Service
I/SystemServer( 7662): IdleMaintenanceService
I/SystemServer( 7662): Print Service
I/SystemServer( 7662): Media Router Service
E/NetlinkEvent( 7381): Unknown ifindex 6 in RTM_DELADDR
I/ActivityManager( 7662): Config changes=30 {1.0 ?mcc?mnc pt_BR ldltr sw720dp w1280dp h646dp 240dpi lrg long land ?uimode ?night -touch qwerty/v/v -nav/h s.4}
D/NetlinkEvent( 7381): Unexpected netlink message. type=0x11
I/ActivityManager( 7662): Start proc com.android.systemui for service com.android.keyguard/.KeyguardService: pid=7722 uid=10018 gids={50018, 1028, 1015, 1023, 1035, 3002, 3001}
I/ActivityThread( 7722): Switching default density from 160 to 240
I/ActivityManager( 7662): System now ready
I/SystemServer( 7662): Making services ready
D/NetworkManagementService( 7662): enabling bandwidth control
I/Vold ( 1515): /dev/block/vold/8:17 being considered for volume usb0
D/Vold ( 1515): Volume usb0 state changing 1 (Idle-Unmounted) -> 3 (Checking)
D/Vold ( 1515): Trying to get filesystem type for /dev/block/vold/8:17
D/MountService( 7662): volume state changed for /storage/usb0 (unmounted -> checking)
D/MountService( 7662): sendStorageIntent Intent { act=android.intent.action.MEDIA_CHECKING dat=file:///storage/usb0 (has extras) } to UserHandle{-1}
D/Vold ( 1515): Found iso9660 filesystem on /dev/block/vold/8:17
D/Vold ( 1515): Volume usb0 state changing 3 (Checking) -> 1 (Idle-Unmounted)
D/MountService( 7662): volume state changed for /storage/usb0 (checking -> unmounted)
D/MountService( 7662): sendStorageIntent Intent { act=android.intent.action.MEDIA_UNMOUNTED dat=file:///storage/usb0 (has extras) } to UserHandle{-1}
D/MountService( 7662): volume state changed for /storage/usb0 (unmounted -> nofs)
D/MountService( 7662): sendStorageIntent Intent { act=android.intent.action.MEDIA_NOFS dat=file:///storage/usb0 (has extras) } to UserHandle{-1}
I/ActivityManager( 7662): Start proc com.android.externalstorage for broadcast com.android.externalstorage/.MountReceiver: pid=7746 uid=10010 gids={50010, 1028, 1015, 1023}
E/MountService( 7662): Boot-time mount failed (-3)
E/MountService( 7662): Boot-time mount failed (-1)
W/MountService( 7662): Duplicate state transition (mounted -> mounted) for /storage/emulated/0
I/ActivityThread( 7746): Switching default density from 160 to 240
I/StatusBarManagerService( 7662): registerStatusBar bar=com.android.internal.statusbar.IStatusBar$Stub$Proxy@21797a5c
I/ActivityManager( 7662): Start proc android.process.media for broadcast com.android.providers.media/.MediaScannerReceiver: pid=7764 uid=10008 gids={50008, 1028, 1015, 1023, 1024, 2001, 3003, 3007}
I/ActivityThread( 7764): Switching default density from 160 to 240
I/ActivityManager( 7662): Start proc android.process.acore for content provider com.android.providers.contacts/.ContactsProvider2: pid=7830 uid=10005 gids={50005, 3003, 1028, 1015, 1023}
I/ActivityManager( 7662): Config changes=200 {1.0 ?mcc?mnc pt_BR ldltr sw720dp w1280dp h646dp 240dpi lrg long land -touch qwerty/v/v -nav/h s.5}
I/ActivityThread( 7830): Switching default density from 160 to 240
W/InputMethodManagerService( 7662): Ignoring setImeWindowStatus of uid 1000 token: null
I/ActivityManager( 7662): Start proc com.android.inputmethod.latin for service com.android.inputmethod.latin/.LatinIME: pid=7853 uid=10055 gids={50055, 1028, 1015, 1023}
V/InputMethodManagerService( 7662): Adding window token: android.os.Binder@2197662c
I/ActivityThread( 7853): Switching default density from 160 to 240
W/LocationManagerService( 7662): no network location provider found
E/LocationManagerService( 7662): no geocoder provider found
E/LocationManagerService( 7662): No FusedProvider found.
E/LocationManagerService( 7662): no geofence provider found
W/ContextImpl( 7662): Calling a method in the system process without a qualified user: android.app.ContextImpl.sendBroadcast:1123 com.android.server.usb.UsbSettingsManager.deviceAttached:621 com.android.server.usb.UsbHostManager.usbDeviceAdded:156 com.android.server.usb.UsbHostManager.monitorUsbHostBus:-2 com.android.server.usb.UsbHostManager.access$000:38
I/ActivityManager( 7662): Start proc com.google.android.gms for broadcast com.google.android.gms/com.google.android.location.internal.NlpNetworkProviderSettingsUpdateReceiver: pid=7866 uid=10014 gids={50014, 3003, 1007, 1028, 1015, 1023, 3002, 3001, 3007, 2001, 3006}
I/ActivityThread( 7866): Switching default density from 160 to 240
I/ActivityManager( 7662): Start proc com.android.phone for added application com.android.phone: pid=7883 uid=1001 gids={41001, 3002, 3001, 3003, 1028, 1015, 1023}
I/ActivityManager( 7662): START u0 {act=android.intent.action.MAIN cat=[android.intent.category.HOME] flg=0x10000000 cmp=com.android.launcher3/.Launcher} from pid 0
I/ActivityManager( 7662): Start proc com.android.launcher3 for activity com.android.launcher3/.Launcher: pid=7898 uid=10019 gids={50019, 1028}
I/ActivityThread( 7883): Switching default density from 160 to 240
I/ActivityManager( 7662): Start proc com.android.printspooler for service com.android.printspooler/.PrintSpoolerService: pid=7913 uid=10065 gids={50065}
I/ActivityThread( 7662): Switching default density from 160 to 240
I/ActivityThread( 7898): Switching default density from 160 to 240
W/InputMethodManagerService( 7662): Focus gain on non-focused client android.view.inputmethod.InputMethodManager$1@21974190 (uid=1000 pid=7662)
I/ActivityThread( 7913): Switching default density from 160 to 240
V/BackupManagerService( 7662): Connected to transport ComponentInfo{android/com.android.internal.backup.LocalTransportService}
V/BackupManagerService( 7662): Registering transport android/com.android.internal.backup.LocalTransportService::android/com.android.internal.backup.LocalTransport = com.android.internal.backup.LocalTransport@219d0210
I/ActivityManager( 7662): Start proc com.google.process.location for broadcast com.google.android.gms/com.google.android.location.network.LocationProviderChangeReceiver: pid=7956 uid=10014 gids={50014, 3003, 1007, 1028, 1015, 1023, 3002, 3001, 3007, 2001, 3006}
I/ActivityManager( 7662): Start proc com.google.process.gapps for content provider com.google.android.gsf/.gservices.GservicesProvider: pid=7979 uid=10014 gids={50014, 3003, 1007, 1028, 1015, 1023, 3002, 3001, 3007, 2001, 3006}
I/ActivityThread( 7956): Switching default density from 160 to 240
I/PackageManager( 7662): Adding preferred activity ComponentInfo{com.android.mms/com.android.mms.ui.ComposeMessageActivity} for user 0 :
I/PackageManager( 7662): Adding preferred activity ComponentInfo{com.android.mms/com.android.mms.ui.ComposeMessageActivity} for user 0 :
I/PackageManager( 7662): Adding preferred activity ComponentInfo{com.android.mms/com.android.mms.ui.ComposeMessageActivity} for user 0 :
I/ActivityThread( 7979): Switching default density from 160 to 240
I/PackageManager( 7662): Adding preferred activity ComponentInfo{com.android.mms/com.android.mms.ui.ComposeMessageActivity} for user 0 :
V/BackupManagerService( 7662): Connected to transport ComponentInfo{com.google.android.backuptransport/com.google.android.backup.BackupTransportService}
V/BackupManagerService( 7662): Registering transport com.google.android.backuptransport/com.google.android.backup.BackupTransportService::com.google.android.backup/.BackupTransportService = com.android.internal.backup.IBackupTransport$Stub$Proxy@219f2e00
D/MobileDataStateTracker( 7662): fota: Broadcast received: android.intent.action.ANY_DATA_STATE apnType=fota
D/MobileDataStateTracker( 7662): fota: Received state=DISCONNECTED, old=DISCONNECTED, reason=radioTurnedOff
D/MobileDataStateTracker( 7662): supl: Broadcast received: android.intent.action.ANY_DATA_STATE apnType=supl
D/MobileDataStateTracker( 7662): supl: Received state=DISCONNECTED, old=DISCONNECTED, reason=radioTurnedOff
D/MobileDataStateTracker( 7662): hipri: Broadcast received: android.intent.action.ANY_DATA_STATE apnType=hipri
D/MobileDataStateTracker( 7662): hipri: Received state=DISCONNECTED, old=DISCONNECTED, reason=radioTurnedOff
D/MobileDataStateTracker( 7662): ims: Broadcast received: android.intent.action.ANY_DATA_STATE apnType=ims
D/MobileDataStateTracker( 7662): ims: Received state=DISCONNECTED, old=DISCONNECTED, reason=radioTurnedOff
D/MobileDataStateTracker( 7662): default: Broadcast received: android.intent.action.ANY_DATA_STATE apnType=default
D/MobileDataStateTracker( 7662): default: Received state=DISCONNECTED, old=DISCONNECTED, reason=radioTurnedOff
D/MobileDataStateTracker( 7662): mms: Broadcast received: android.intent.action.ANY_DATA_STATE apnType=mms
D/MobileDataStateTracker( 7662): mms: Received state=DISCONNECTED, old=DISCONNECTED, reason=radioTurnedOff
D/MobileDataStateTracker( 7662): cbs: Broadcast received: android.intent.action.ANY_DATA_STATE apnType=cbs
D/MobileDataStateTracker( 7662): cbs: Received state=DISCONNECTED, old=DISCONNECTED, reason=radioTurnedOff
D/MobileDataStateTracker( 7662): fota: Broadcast received: android.intent.action.ANY_DATA_STATE apnType=fota
D/MobileDataStateTracker( 7662): fota: Received state=DISCONNECTED, old=DISCONNECTED, reason=radioTurnedOff
D/MobileDataStateTracker( 7662): supl: Broadcast received: android.intent.action.ANY_DATA_STATE apnType=supl
D/MobileDataStateTracker( 7662): supl: Received state=DISCONNECTED, old=DISCONNECTED, reason=radioTurnedOff
D/MobileDataStateTracker( 7662): hipri: Broadcast received: android.intent.action.ANY_DATA_STATE apnType=hipri
D/MobileDataStateTracker( 7662): hipri: Received state=DISCONNECTED, old=DISCONNECTED, reason=radioTurnedOff
D/MobileDataStateTracker( 7662): ims: Broadcast received: android.intent.action.ANY_DATA_STATE apnType=ims
D/MobileDataStateTracker( 7662): ims: Received state=DISCONNECTED, old=DISCONNECTED, reason=radioTurnedOff
D/MobileDataStateTracker( 7662): default: Broadcast received: android.intent.action.ANY_DATA_STATE apnType=default
D/MobileDataStateTracker( 7662): default: Received state=DISCONNECTED, old=DISCONNECTED, reason=radioTurnedOff
D/MobileDataStateTracker( 7662): mms: Broadcast received: android.intent.action.ANY_DATA_STATE apnType=mms
D/MobileDataStateTracker( 7662): mms: Received state=DISCONNECTED, old=DISCONNECTED, reason=radioTurnedOff
D/MobileDataStateTracker( 7662): cbs: Broadcast received: android.intent.action.ANY_DATA_STATE apnType=cbs
D/MobileDataStateTracker( 7662): cbs: Received state=DISCONNECTED, old=DISCONNECTED, reason=radioTurnedOff
D/MobileDataStateTracker( 7662): fota: Broadcast received: android.intent.action.ANY_DATA_STATE apnType=fota
D/MobileDataStateTracker( 7662): fota: Received state=DISCONNECTED, old=DISCONNECTED, reason=dataDetached
D/MobileDataStateTracker( 7662): supl: Broadcast received: android.intent.action.ANY_DATA_STATE apnType=supl
D/MobileDataStateTracker( 7662): supl: Received state=DISCONNECTED, old=DISCONNECTED, reason=dataDetached
D/MobileDataStateTracker( 7662): hipri: Broadcast received: android.intent.action.ANY_DATA_STATE apnType=hipri
D/MobileDataStateTracker( 7662): hipri: Received state=DISCONNECTED, old=DISCONNECTED, reason=dataDetached
D/MobileDataStateTracker( 7662): ims: Broadcast received: android.intent.action.ANY_DATA_STATE apnType=ims
D/MobileDataStateTracker( 7662): ims: Received state=DISCONNECTED, old=DISCONNECTED, reason=dataDetached
D/MobileDataStateTracker( 7662): default: Broadcast received: android.intent.action.ANY_DATA_STATE apnType=default
D/MobileDataStateTracker( 7662): default: Received state=DISCONNECTED, old=DISCONNECTED, reason=dataDetached
D/MobileDataStateTracker( 7662): mms: Broadcast received: android.intent.action.ANY_DATA_STATE apnType=mms
D/MobileDataStateTracker( 7662): mms: Received state=DISCONNECTED, old=DISCONNECTED, reason=dataDetached
D/MobileDataStateTracker( 7662): cbs: Broadcast received: android.intent.action.ANY_DATA_STATE apnType=cbs
D/MobileDataStateTracker( 7662): cbs: Received state=DISCONNECTED, old=DISCONNECTED, reason=dataDetached
D/MobileDataStateTracker( 7662): fota: Broadcast received: android.intent.action.ANY_DATA_STATE apnType=fota
D/MobileDataStateTracker( 7662): fota: Received state=DISCONNECTED, old=DISCONNECTED, reason=roamingOff
D/MobileDataStateTracker( 7662): supl: Broadcast received: android.intent.action.ANY_DATA_STATE apnType=supl
D/MobileDataStateTracker( 7662): supl: Received state=DISCONNECTED, old=DISCONNECTED, reason=roamingOff
D/MobileDataStateTracker( 7662): hipri: Broadcast received: android.intent.action.ANY_DATA_STATE apnType=hipri
D/MobileDataStateTracker( 7662): hipri: Received state=DISCONNECTED, old=DISCONNECTED, reason=roamingOff
D/MobileDataStateTracker( 7662): ims: Broadcast received: android.intent.action.ANY_DATA_STATE apnType=ims
D/MobileDataStateTracker( 7662): ims: Received state=DISCONNECTED, old=DISCONNECTED, reason=roamingOff
D/MobileDataStateTracker( 7662): default: Broadcast received: android.intent.action.ANY_DATA_STATE apnType=default
D/MobileDataStateTracker( 7662): default: Received state=DISCONNECTED, old=DISCONNECTED, reason=roamingOff
D/MobileDataStateTracker( 7662): mms: Broadcast received: android.intent.action.ANY_DATA_STATE apnType=mms
D/MobileDataStateTracker( 7662): mms: Received state=DISCONNECTED, old=DISCONNECTED, reason=roamingOff
D/MobileDataStateTracker( 7662): cbs: Broadcast received: android.intent.action.ANY_DATA_STATE apnType=cbs
D/MobileDataStateTracker( 7662): cbs: Received state=DISCONNECTED, old=DISCONNECTED, reason=roamingOff
I/ActivityManager( 7662): Start proc com.android.settings for broadcast com.android.settings/.widget.SettingsAppWidgetProvider: pid=8024 uid=1000 gids={41000, 1028, 1015, 1023, 3002, 3001, 3003}
I/ActivityThread( 8024): Switching default density from 160 to 240
W/ContextImpl( 8024): Calling a method in the system process without a qualified user: android.app.ContextImpl.bindService:1543 android.content.ContextWrapper.bindService:517 android.bluetooth.BluetoothInputDevice.doBind:245 android.bluetooth.BluetoothInputDevice.:238 android.bluetooth.BluetoothAdapter.getProfileProxy:1187
W/ContextImpl( 8024): Calling a method in the system process without a qualified user: android.app.ContextImpl.bindService:1543 android.content.ContextWrapper.bindService:517 android.bluetooth.BluetoothPan.doBind:149 android.bluetooth.BluetoothPan.:141 android.bluetooth.BluetoothAdapter.getProfileProxy:1190
W/ContextImpl( 8024): Calling a method in the system process without a qualified user: android.app.ContextImpl.bindService:1543 android.content.ContextWrapper.bindService:517 android.bluetooth.BluetoothMap.doBind:109 android.bluetooth.BluetoothMap.:102 android.bluetooth.BluetoothAdapter.getProfileProxy:1196
W/ContextImpl( 8024): Calling a method in the system process without a qualified user: android.app.ContextImpl.bindService:1543 android.content.ContextWrapper.bindService:517 android.bluetooth.BluetoothPbap.doBind:164 android.bluetooth.BluetoothPbap.:157 com.android.settings.bluetooth.PbapServerProfile.:68
I/ActivityManager( 7662): Start proc com.google.android.apps.uploader for broadcast com.google.android.apps.uploader/com.google.android.picasasync.BatteryReceiver: pid=8045 uid=10021 gids={50021, 3003, 1028, 1015, 1023}
I/ActivityThread( 8045): Switching default density from 160 to 240
I/ActivityManager( 7662): Start proc com.google.android.googlequicksearchbox:search for broadcast com.google.android.googlequicksearchbox/com.google.android.search.core.ChargingStateBroadcastReceiver: pid=8062 uid=10033 gids={50033, 3003, 1028, 3002, 1015, 1023}
I/ActivityThread( 8062): Switching default density from 160 to 240
I/ActivityManager( 7662): Start proc com.android.music for broadcast com.android.music/.MediaButtonIntentReceiver: pid=8078 uid=10059 gids={50059, 3003, 1028, 1015, 1023}
I/ActivityThread( 8078): Switching default density from 160 to 240
I/ActivityManager( 7662): Start proc com.google.android.partnersetup for content provider com.google.android.partnersetup/.RlzAppProvider: pid=8095 uid=10017 gids={50017, 3003}
I/ActivityThread( 8095): Switching default density from 160 to 240
I/ActivityManager( 7662): Start proc com.google.android.apps.magazines for broadcast com.google.android.apps.magazines/com.google.apps.dots.android.newsstand.audio.MediaButtonIntentReceiver: pid=8115 uid=10020 gids={50020, 3003, 1028, 1015, 1023}
I/ActivityThread( 8115): Switching default density from 160 to 240
W/Vold ( 1515): Returning OperationFailed - no handler for errno 30
W/Vold ( 1515): Returning OperationFailed - no handler for errno 30
W/Vold ( 1515): Returning OperationFailed - no handler for errno 30
W/Vold ( 1515): Returning OperationFailed - no handler for errno 30
E/Vold ( 1515): Failed to find volume for /storage/sdcard1/Android/data/com.google.android.apps.magazines/cache/
W/Vold ( 1515): Returning OperationFailed - no handler for errno 30
W/Vold ( 1515): Returning OperationFailed - no handler for errno 30
W/Vold ( 1515): Returning OperationFailed - no handler for errno 30
W/Vold ( 1515): Returning OperationFailed - no handler for errno 30
W/Vold ( 1515): Returning OperationFailed - no handler for errno 30
E/Vold ( 1515): Failed to find volume for /storage/sdcard1/Android/data/com.google.android.apps.magazines/files/
W/Vold ( 1515): Returning OperationFailed - no handler for errno 30
W/Vold ( 1515): Returning OperationFailed - no handler for errno 30
W/Vold ( 1515): Returning OperationFailed - no handler for errno 30
W/Vold ( 1515): Returning OperationFailed - no handler for errno 30
W/Vold ( 1515): Returning OperationFailed - no handler for errno 30
E/Vold ( 1515): Failed to find volume for /storage/sdcard1/Android/data/com.google.android.apps.magazines/cache/
W/Vold ( 1515): Returning OperationFailed - no handler for errno 30
W/Vold ( 1515): Returning OperationFailed - no handler for errno 30
W/Vold ( 1515): Returning OperationFailed - no handler for errno 30
W/Vold ( 1515): Returning OperationFailed - no handler for errno 30
W/Vold ( 1515): Returning OperationFailed - no handler for errno 30
E/Vold ( 1515): Failed to find volume for /storage/sdcard1/Android/data/com.google.android.apps.magazines/files/
W/Vold ( 1515): Returning OperationFailed - no handler for errno 30
I/ActivityManager( 7662): Delay finish: com.google.android.gms/.init.InitializeGmsReceiver
I/ActivityManager( 7662): Resuming delayed broadcast
I/ActivityManager( 7662): Delay finish: com.google.android.gms/.gcm.ServiceAutoStarter
D/ConnectivityService( 7662): handleInetConditionChange: no active default network - ignore
W/BackupManagerService( 7662): dataChanged but no participant pkg='com.android.launcher3' uid=10019
W/BackupManagerService( 7662): dataChanged but no participant pkg='com.android.launcher3' uid=10019
W/BackupManagerService( 7662): dataChanged but no participant pkg='com.android.launcher3' uid=10019
W/BackupManagerService( 7662): dataChanged but no participant pkg='com.android.launcher3' uid=10019
W/BackupManagerService( 7662): dataChanged but no participant pkg='com.android.launcher3' uid=10019
W/ActivityManager( 7662): Unable to start service Intent { act=com.google.android.gms.analytics.service.START cmp=com.google.android.gms/.analytics.service.AnalyticsService (has extras) } U=0: not found
W/ActivityManager( 7662): Unable to start service Intent { act=com.google.android.gms.analytics.service.START cmp=com.google.android.gms/.analytics.service.AnalyticsService (has extras) } U=0: not found
D/ConnectivityService( 7662): Captive portal check NetworkInfo: type: WIFI[], state: CONNECTING/CAPTIVE_PORTAL_CHECK, reason: (unspecified), extra: "WIFI_MIZIFI", roaming: false, failover: false, isAvailable: true, isConnectedToProvisioningNetwork: false
D/ConnectivityService( 7662): handleCaptivePortalTrackerCheck: call captivePortalCheckComplete ni=NetworkInfo: type: WIFI[], state: CONNECTING/CAPTIVE_PORTAL_CHECK, reason: (unspecified), extra: "WIFI_MIZIFI", roaming: false, failover: false, isAvailable: true, isConnectedToProvisioningNetwork: false
D/ConnectivityService( 7662): Captive portal check NetworkInfo: type: WIFI[], state: CONNECTING/CAPTIVE_PORTAL_CHECK, reason: (unspecified), extra: "WIFI_MIZIFI", roaming: false, failover: false, isAvailable: true, isConnectedToProvisioningNetwork: false
D/ConnectivityService( 7662): handleCaptivePortalTrackerCheck: call captivePortalCheckComplete ni=NetworkInfo: type: WIFI[], state: CONNECTING/CAPTIVE_PORTAL_CHECK, reason: (unspecified), extra: "WIFI_MIZIFI", roaming: false, failover: false, isAvailable: true, isConnectedToProvisioningNetwork: false
D/ConnectivityService( 7662): ConnectivityChange for WIFI: CONNECTED/CONNECTED
E/ConnectivityService( 7662): Unexpected mtu value: android.net.wifi.WifiStateTracker@2199b374
D/Nat464Xlat( 7662): requiresClat: netType=1, hasIPv4Address=true
D/ConnectivityService( 7662): ConnectivityChange for WIFI: CONNECTED/CONNECTED
