D/libEGL ( 9275): glDisableVertexAttribArray(1);
D/libEGL (10420): glUniformMatrix4fv(1, 1, GL_FALSE, value);
D/libEGL ( 9275): glDisable(GL_BLEND);
D/libEGL (10420): glUniform4f(4, 0, 0, 0, 1);
D/libEGL ( 9275): glGetError();
D/libEGL ( 9275): glBindTexture(GL_TEXTURE_EXTERNAL_OES, 8);
D/libEGL (10420): glUniform4f(5, 0.152941, 0.176471, 0.2, 1);
D/libEGL ( 9275): glEGLImageTargetTexture2DOES(GL_TEXTURE_EXTERNAL_OES, (GLeglImageOES) 0x47cf7950);
D/libEGL (10420): glBindTexture(GL_TEXTURE_2D, 3);
D/libEGL ( 9275): glGetError();
D/libEGL (10420): glUniform1i(3, 0);
D/libEGL (10420): const GLfloat value[] = {
D/libEGL ( 9275): glBindTexture(GL_TEXTURE_EXTERNAL_OES, 8);
D/libEGL (10420): 0, -1.90476, 0, 0,
D/libEGL ( 9275): glTexParameteri(GL_TEXTURE_EXTERNAL_OES, GL_TEXTURE_WRAP_S, GL_CLAMP_TO_EDGE);
D/libEGL (10420): 1, 0, 0, 0,
D/libEGL ( 9275): glTexParameteri(GL_TEXTURE_EXTERNAL_OES, GL_TEXTURE_WRAP_T, GL_CLAMP_TO_EDGE);
D/libEGL (10420): 0, 0, 1, 0,
D/libEGL ( 9275): glTexParameteri(GL_TEXTURE_EXTERNAL_OES, GL_TEXTURE_MAG_FILTER, GL_NEAREST);
D/libEGL (10420): 0, 0, 0, 1
D/libEGL (10420): };
D/libEGL (10420): glUniformMatrix4fv(2, 1, GL_FALSE, value);
D/libEGL ( 9275): glTexParameteri(GL_TEXTURE_EXTERNAL_OES, GL_TEXTURE_MIN_FILTER, GL_NEAREST);
D/libEGL (10420): glBindBuffer(GL_ARRAY_BUFFER, 1);
D/libEGL ( 9275): glEnable(GL_BLEND);
D/libEGL ( 9275): glBlendFunc(GL_LINES, GL_ONE_MINUS_SRC_ALPHA);
D/libEGL (10420): glVertexAttribPointer(0, 2, GL_FLOAT, GL_FALSE, 16, (const GLvoid*) 0x00000000);
D/libEGL ( 9275): glUseProgram(9);
D/libEGL (10420): glBindBuffer(GL_ELEMENT_ARRAY_BUFFER, 0);
D/libEGL ( 9275): glUniform1i(2, 0);
D/libEGL (10420): glDrawArrays(GL_TRIANGLE_STRIP, 0, 4);
D/libEGL ( 9275): const GLfloat value[] = {
D/libEGL ( 9275): 1, 0, 0, 0,
D/libEGL ( 9275): 0, -1, 0, 0,
D/libEGL ( 9275): 0, 0, 1, 0,
D/libEGL ( 9275): 0, 1, 0, 1
D/libEGL ( 9275): };
D/libEGL ( 9275): glUniformMatrix4fv(1, 1, GL_FALSE, value);
D/libEGL ( 9275): const GLfloat value[] = {
D/libEGL ( 9275): 0.00104167, 0, 0, 0,
D/libEGL ( 9275): 0, 0.00185185, 0, 0,
D/libEGL ( 9275): 0, 0, -2, 0,
D/libEGL ( 9275): -1, -1, -1, 1
D/libEGL ( 9275): };
D/libEGL ( 9275): glUniformMatrix4fv(0, 1, GL_FALSE, value);
D/libEGL ( 9275): glEnableVertexAttribArray(1);
D/libEGL ( 9275): glVertexAttribPointer(1, 2, GL_FLOAT, GL_FALSE, 16, (const GLvoid*) 0x43d08cc8);
D/libEGL (10420): glScissor(1905, 0, 15, 1008);
D/libEGL ( 9275): glVertexAttribPointer(0, 2, GL_FLOAT, GL_FALSE, 16, (const GLvoid*) 0x43d08cc0);
D/libEGL (10420): glUseProgram(12);
D/libEGL (10420): const GLfloat value[] = {
D/libEGL ( 9275): glDrawArrays(GL_TRIANGLE_FAN, 0, 4);
D/libEGL (10420): 1, 0, 0, 0,
D/libEGL (10420): 0, 1, 0, 0,
D/libEGL (10420): 0, 0, 1, 0,
D/libEGL ( 9275): glDisableVertexAttribArray(1);
D/libEGL (10420): 0, 0, 0, 1
D/libEGL (10420): };
D/libEGL ( 9275): glDisable(GL_BLEND);
D/libEGL (10420): glUniformMatrix4fv(1, 1, GL_FALSE, value);
D/libEGL (10420): glBindTexture(GL_TEXTURE_2D, 4);
D/libEGL ( 9275): glGetError();
D/libEGL (10420): glEnableVertexAttribArray(1);
D/libEGL (10420): glBindBuffer(GL_ARRAY_BUFFER, 0);
D/libEGL ( 9275): glBindTexture(GL_TEXTURE_EXTERNAL_OES, 9);
D/libEGL (10420): glBindBuffer(GL_ELEMENT_ARRAY_BUFFER, 3);
D/libEGL ( 9275): glEGLImageTargetTexture2DOES(GL_TEXTURE_EXTERNAL_OES, (GLeglImageOES) 0x47cf7ed0);
D/libEGL (10420): glVertexAttribPointer(0, 2, GL_FLOAT, GL_FALSE, 16, (const GLvoid*) 0xbfe76bbc);
D/libEGL ( 9275): glGetError();
D/libEGL (10420): glVertexAttribPointer(1, 2, GL_FLOAT, GL_FALSE, 16, (const GLvoid*) 0xbfe76bc4);
D/libEGL ( 9275): glBindTexture(GL_TEXTURE_EXTERNAL_OES, 9);
D/libEGL (10420): glDrawElements(GL_TRIANGLES, 36, GL_UNSIGNED_SHORT, (const GLvoid *) 0x00000000);
D/libEGL ( 9275): glTexParameteri(GL_TEXTURE_EXTERNAL_OES, GL_TEXTURE_WRAP_S, GL_CLAMP_TO_EDGE);
D/libEGL ( 9275): glTexParameteri(GL_TEXTURE_EXTERNAL_OES, GL_TEXTURE_WRAP_T, GL_CLAMP_TO_EDGE);
D/libEGL ( 9275): glTexParameteri(GL_TEXTURE_EXTERNAL_OES, GL_TEXTURE_MAG_FILTER, GL_NEAREST);
D/libEGL ( 9275): glTexParameteri(GL_TEXTURE_EXTERNAL_OES, GL_TEXTURE_MIN_FILTER, GL_NEAREST);
D/libEGL ( 9275): glEnable(GL_BLEND);
D/libEGL ( 9275): glBlendFunc(GL_LINES, GL_ONE_MINUS_SRC_ALPHA);
D/libEGL ( 9275): glUseProgram(9);
D/libEGL ( 9275): glUniform1i(2, 0);
D/libEGL (10420): glDisable(GL_SCISSOR_TEST);
D/libEGL ( 9275): const GLfloat value[] = {
D/libEGL (10420): glUseProgram(15);
D/libEGL (10420): const GLfloat value[] = {
D/libEGL ( 9275): 1, 0, 0, 0,
D/libEGL (10420): 1, 0, 0, 0,
D/libEGL ( 9275): 0, -1, 0, 0,
D/libEGL (10420): 0, 1, 0, 0,
D/libEGL (10420): 0, 0, 1, 0,
D/libEGL ( 9275): 0, 0, 1, 0,
D/libEGL (10420): 1905, 327, 0, 1
D/libEGL (10420): };
D/libEGL (10420): glUniformMatrix4fv(1, 1, GL_FALSE, value);
D/libEGL ( 9275): 0, 1, 0, 1
D/libEGL ( 9275): };
D/libEGL (10420): glBindTexture(GL_TEXTURE_2D, 5);
D/libEGL ( 9275): glUniformMatrix4fv(1, 1, GL_FALSE, value);
D/libEGL ( 9275): const GLfloat value[] = {
D/libEGL (10420): glUniform4f(2, 0.741176, 0.741176, 0.741176, 0.741176);
D/libEGL (10420): glBindBuffer(GL_ARRAY_BUFFER, 2);
D/libEGL ( 9275): 0.00104167, 0, 0, 0,
D/libEGL (10420): glVertexAttribPointer(0, 2, GL_FLOAT, GL_FALSE, 16, (const GLvoid*) 0x00000040);
D/libEGL ( 9275): 0, 0.00185185, 0, 0,
D/libEGL (10420): glVertexAttribPointer(1, 2, GL_FLOAT, GL_FALSE, 16, (const GLvoid*) 0x00000048);
D/libEGL (10420): glDrawElements(GL_TRIANGLES, 54, GL_UNSIGNED_SHORT, (const GLvoid *) 0x00000000);
D/libEGL ( 9275): 0, 0, -2, 0,
D/libEGL ( 9275): -1, -1, -1, 1
D/libEGL ( 9275): };
D/libEGL ( 9275): glUniformMatrix4fv(0, 1, GL_FALSE, value);
D/libEGL ( 9275): glEnableVertexAttribArray(1);
D/libEGL (10420): glGetError();
D/libEGL ( 9275): glVertexAttribPointer(1, 2, GL_FLOAT, GL_FALSE, 16, (const GLvoid*) 0x43d04ea8);
D/libEGL ( 9275): glVertexAttribPointer(0, 2, GL_FLOAT, GL_FALSE, 16, (const GLvoid*) 0x43d04ea0);
D/libEGL ( 9275): glDrawArrays(GL_TRIANGLE_FAN, 0, 4);
D/libEGL ( 9275): glDisableVertexAttribArray(1);
D/libEGL ( 9275): glDisable(GL_BLEND);
D/libEGL ( 9275): glGetError();
D/libEGL ( 9275): glBindTexture(GL_TEXTURE_EXTERNAL_OES, 10);
D/libEGL ( 9275): glEGLImageTargetTexture2DOES(GL_TEXTURE_EXTERNAL_OES, (GLeglImageOES) 0x42195520);
D/libEGL ( 9275): glGetError();
D/libEGL ( 9275): glBindTexture(GL_TEXTURE_EXTERNAL_OES, 10);
D/libEGL ( 9275): glTexParameteri(GL_TEXTURE_EXTERNAL_OES, GL_TEXTURE_WRAP_S, GL_CLAMP_TO_EDGE);
D/libEGL ( 9275): glTexParameteri(GL_TEXTURE_EXTERNAL_OES, GL_TEXTURE_WRAP_T, GL_CLAMP_TO_EDGE);
D/libEGL ( 9275): glTexParameteri(GL_TEXTURE_EXTERNAL_OES, GL_TEXTURE_MAG_FILTER, GL_NEAREST);
D/libEGL ( 9275): glTexParameteri(GL_TEXTURE_EXTERNAL_OES, GL_TEXTURE_MIN_FILTER, GL_NEAREST);
D/libEGL ( 9275): glEnable(GL_BLEND);
D/libEGL ( 9275): glBlendFunc(GL_LINES, GL_ONE_MINUS_SRC_ALPHA);
D/libEGL ( 9275): glUseProgram(9);
D/libEGL ( 9275): glUniform1i(2, 0);
D/libEGL ( 9275): const GLfloat value[] = {
D/libEGL ( 9275): 1, 0, 0, 0,
D/libEGL ( 9275): 0, -1, 0, 0,
D/libEGL ( 9275): 0, 0, 1, 0,
D/libEGL ( 9275): 0, 1, 0, 1
D/libEGL ( 9275): };
D/libEGL ( 9275): glUniformMatrix4fv(1, 1, GL_FALSE, value);
D/libEGL ( 9275): const GLfloat value[] = {
D/libEGL ( 9275): 0.00104167, 0, 0, 0,
D/libEGL ( 9275): 0, 0.00185185, 0, 0,
D/libEGL ( 9275): 0, 0, -2, 0,
D/libEGL ( 9275): -1, -1, -1, 1
D/libEGL ( 9275): };
D/libEGL ( 9275): glUniformMatrix4fv(0, 1, GL_FALSE, value);
D/libEGL ( 9275): glEnableVertexAttribArray(1);
D/libEGL ( 9275): glVertexAttribPointer(1, 2, GL_FLOAT, GL_FALSE, 16, (const GLvoid*) 0x423d37a8);
D/libEGL ( 9275): glVertexAttribPointer(0, 2, GL_FLOAT, GL_FALSE, 16, (const GLvoid*) 0x423d37a0);
D/libEGL ( 9275): glDrawArrays(GL_TRIANGLE_FAN, 0, 4);
D/libEGL ( 9275): glDisableVertexAttribArray(1);
D/libEGL ( 9275): glDisable(GL_BLEND);
D/libEGL ( 9275): glDisable(GL_SCISSOR_TEST);
D/libEGL ( 9275): glGetError();
D/libEGL ( 9275): glFlush();
D/libEGL ( 9275): glViewport(0, 0, 1920, 1080);
D/libEGL ( 9275): glGetError();
D/libEGL ( 9275): glBindTexture(GL_TEXTURE_EXTERNAL_OES, 25);
D/libEGL ( 9275): glEGLImageTargetTexture2DOES(GL_TEXTURE_EXTERNAL_OES, (GLeglImageOES) 0x43d085a0);
D/libEGL ( 9275): glGetError();
D/libEGL ( 9275): glViewport(0, 0, 1920, 1080);
D/libEGL ( 9275): glDisable(GL_BLEND);
D/libEGL ( 9275): glUseProgram(3);
D/libEGL ( 9275): const GLfloat value[] = {
D/libEGL ( 9275): 0, 0, 0, 0
D/libEGL ( 9275): };
D/libEGL ( 9275): glUniform4f(1, 1, value);
D/libEGL ( 9275): const GLfloat value[] = {
D/libEGL ( 9275): 0.00104167, 0, 0, 0,
D/libEGL ( 9275): 0, 0.00185185, 0, 0,
D/libEGL ( 9275): 0, 0, -2, 0,
D/libEGL ( 9275): -1, -1, -1, 1
D/libEGL ( 9275): };
D/libEGL ( 9275): glUniformMatrix4fv(0, 1, GL_FALSE, value);
D/libEGL ( 9275): glVertexAttribPointer(0, 2, GL_FLOAT, GL_FALSE, 8, (const GLvoid*) 0x47f27900);
D/libEGL ( 9275): glDrawArrays(GL_TRIANGLES, 0, 12);
W/EGL-GALLIUM( 9275): cache full: buf 0x42191748, width 1920, height 1080, format 5, usage 0x1a00
D/libEGL ( 9275): glGetError();
D/libEGL ( 9275): glBindTexture(GL_TEXTURE_EXTERNAL_OES, 25);
D/libEGL ( 9275): glEGLImageTargetTexture2DOES(GL_TEXTURE_EXTERNAL_OES, (GLeglImageOES) 0x43d085a0);
D/libEGL ( 9275): glGetError();
D/libEGL ( 9275): glBindTexture(GL_TEXTURE_EXTERNAL_OES, 25);
D/libEGL ( 9275): glTexParameteri(GL_TEXTURE_EXTERNAL_OES, GL_TEXTURE_WRAP_S, GL_CLAMP_TO_EDGE);
D/libEGL ( 9275): glTexParameteri(GL_TEXTURE_EXTERNAL_OES, GL_TEXTURE_WRAP_T, GL_CLAMP_TO_EDGE);
D/libEGL ( 9275): glTexParameteri(GL_TEXTURE_EXTERNAL_OES, GL_TEXTURE_MAG_FILTER, GL_NEAREST);
D/libEGL ( 9275): glTexParameteri(GL_TEXTURE_EXTERNAL_OES, GL_TEXTURE_MIN_FILTER, GL_NEAREST);
D/libEGL ( 9275): glDisable(GL_BLEND);
D/libEGL ( 9275): glUseProgram(6);
D/libEGL (10420): glEnable(GL_BLEND);
D/libEGL ( 9275): glUniform1i(2, 0);
D/libEGL ( 9275): const GLfloat value[] = {
D/libEGL ( 9275): 1, 0, 0, 0,
D/libEGL ( 9275): 0, -1, 0, 0,
D/libEGL ( 9275): 0, 0, 1, 0,
D/libEGL ( 9275): 0, 1, 0, 1
D/libEGL ( 9275): };
D/libEGL ( 9275): glUniformMatrix4fv(1, 1, GL_FALSE, value);
D/libEGL ( 9275): const GLfloat value[] = {
D/libEGL ( 9275): 0.00104167, 0, 0, 0,
D/libEGL ( 9275): 0, 0.00185185, 0, 0,
D/libEGL ( 9275): 0, 0, -2, 0,
D/libEGL ( 9275): -1, -1, -1, 1
D/libEGL ( 9275): };
D/libEGL ( 9275): glUniformMatrix4fv(0, 1, GL_FALSE, value);
D/libEGL ( 9275): glEnableVertexAttribArray(1);
D/libEGL (10420): glViewport(0, 0, 1920, 1008);
D/libEGL ( 9275): glVertexAttribPointer(1, 2, GL_FLOAT, GL_FALSE, 16, (const GLvoid*) 0x423e6c48);
D/libEGL (10420): glEnable(GL_SCISSOR_TEST);
D/libEGL ( 9275): glVertexAttribPointer(0, 2, GL_FLOAT, GL_FALSE, 16, (const GLvoid*) 0x423e6c40);
D/libEGL (10420): glScissor(1905, 0, 15, 857);
D/libEGL (10420): glDisableVertexAttribArray(1);
D/libEGL ( 9275): glDrawArrays(GL_TRIANGLE_FAN, 0, 4);
D/libEGL (10420): glUseProgram(3);
D/libEGL (10420): const GLfloat value[] = {
D/libEGL (10420): 1920, 0, 0, 0,
D/libEGL (10420): 0, 1008, 0, 0,
D/libEGL ( 9275): glDisableVertexAttribArray(1);
D/libEGL (10420): 0, 0, 1, 0,
D/libEGL ( 9275): glDisable(GL_BLEND);
D/libEGL (10420): 0, 0, 0, 1
D/libEGL (10420): };
D/libEGL (10420): glUniformMatrix4fv(1, 1, GL_FALSE, value);
D/libEGL ( 9275): glGetError();
D/libEGL ( 9275): glBindTexture(GL_TEXTURE_EXTERNAL_OES, 8);
D/libEGL (10420): glUniform4f(4, 0, 0, 0, 1);
D/libEGL ( 9275): glEGLImageTargetTexture2DOES(GL_TEXTURE_EXTERNAL_OES, (GLeglImageOES) 0x47cf7950);
D/libEGL ( 9275): glGetError();
D/libEGL (10420): glUniform4f(5, 0.152941, 0.176471, 0.2, 1);
D/libEGL ( 9275): glBindTexture(GL_TEXTURE_EXTERNAL_OES, 8);
D/libEGL (10420): glBindTexture(GL_TEXTURE_2D, 3);
D/libEGL ( 9275): glTexParameteri(GL_TEXTURE_EXTERNAL_OES, GL_TEXTURE_WRAP_S, GL_CLAMP_TO_EDGE);
D/libEGL (10420): glUniform1i(3, 0);
D/libEGL (10420): const GLfloat value[] = {
D/libEGL ( 9275): glTexParameteri(GL_TEXTURE_EXTERNAL_OES, GL_TEXTURE_WRAP_T, GL_CLAMP_TO_EDGE);
D/libEGL (10420): 0, -1.90476, 0, 0,
D/libEGL ( 9275): glTexParameteri(GL_TEXTURE_EXTERNAL_OES, GL_TEXTURE_MAG_FILTER, GL_NEAREST);
D/libEGL (10420): 1, 0, 0, 0,
D/libEGL ( 9275): glTexParameteri(GL_TEXTURE_EXTERNAL_OES, GL_TEXTURE_MIN_FILTER, GL_NEAREST);
D/libEGL (10420): 0, 0, 1, 0,
D/libEGL ( 9275): glEnable(GL_BLEND);
D/libEGL (10420): 0, 0, 0, 1
D/libEGL (10420): };
D/libEGL ( 9275): glBlendFunc(GL_LINES, GL_ONE_MINUS_SRC_ALPHA);
D/libEGL (10420): glUniformMatrix4fv(2, 1, GL_FALSE, value);
D/libEGL ( 9275): glUseProgram(9);
D/libEGL (10420): glBindBuffer(GL_ARRAY_BUFFER, 1);
D/libEGL ( 9275): glUniform1i(2, 0);
D/libEGL (10420): glVertexAttribPointer(0, 2, GL_FLOAT, GL_FALSE, 16, (const GLvoid*) 0x00000000);
D/libEGL ( 9275): const GLfloat value[] = {
D/libEGL (10420): glBindBuffer(GL_ELEMENT_ARRAY_BUFFER, 0);
D/libEGL ( 9275): 1, 0, 0, 0,
D/libEGL (10420): glDrawArrays(GL_TRIANGLE_STRIP, 0, 4);
D/libEGL ( 9275): 0, -1, 0, 0,
D/libEGL ( 9275): 0, 0, 1, 0,
D/libEGL ( 9275): 0, 1, 0, 1
D/libEGL ( 9275): };
D/libEGL ( 9275): glUniformMatrix4fv(1, 1, GL_FALSE, value);
D/libEGL ( 9275): const GLfloat value[] = {
D/libEGL ( 9275): 0.00104167, 0, 0, 0,
D/libEGL ( 9275): 0, 0.00185185, 0, 0,
W/EGL-GALLIUM(10420): cache full: buf 0x79d705d8, width 1920, height 1008, format 1, usage 0x900
D/libEGL ( 9275): 0, 0, -2, 0,
D/libEGL ( 9275): -1, -1, -1, 1
D/libEGL ( 9275): };
D/libEGL ( 9275): glUniformMatrix4fv(0, 1, GL_FALSE, value);
D/libEGL ( 9275): glEnableVertexAttribArray(1);
D/libEGL ( 9275): glVertexAttribPointer(1, 2, GL_FLOAT, GL_FALSE, 16, (const GLvoid*) 0x43d08cc8);
D/libEGL ( 9275): glVertexAttribPointer(0, 2, GL_FLOAT, GL_FALSE, 16, (const GLvoid*) 0x43d08cc0);
D/libEGL ( 9275): glDrawArrays(GL_TRIANGLE_FAN, 0, 4);
D/libEGL (10420): glScissor(1905, 0, 15, 1008);
D/libEGL (10420): glUseProgram(12);
D/libEGL (10420): const GLfloat value[] = {
D/libEGL ( 9275): glDisableVertexAttribArray(1);
D/libEGL ( 9275): glDisable(GL_BLEND);
D/libEGL (10420): 1, 0, 0, 0,
D/libEGL (10420): 0, 1, 0, 0,
D/libEGL ( 9275): glGetError();
D/libEGL (10420): 0, 0, 1, 0,
D/libEGL ( 9275): glBindTexture(GL_TEXTURE_EXTERNAL_OES, 9);
D/libEGL (10420): 0, 0, 0, 1
D/libEGL (10420): };
D/libEGL ( 9275): glEGLImageTargetTexture2DOES(GL_TEXTURE_EXTERNAL_OES, (GLeglImageOES) 0x47cf7ed0);
D/libEGL (10420): glUniformMatrix4fv(1, 1, GL_FALSE, value);
D/libEGL (10420): glBindTexture(GL_TEXTURE_2D, 4);
D/libEGL ( 9275): glGetError();
D/libEGL (10420): glEnableVertexAttribArray(1);
D/libEGL ( 9275): glBindTexture(GL_TEXTURE_EXTERNAL_OES, 9);
D/libEGL (10420): glBindBuffer(GL_ARRAY_BUFFER, 0);
D/libEGL (10420): glBindBuffer(GL_ELEMENT_ARRAY_BUFFER, 3);
D/libEGL ( 9275): glTexParameteri(GL_TEXTURE_EXTERNAL_OES, GL_TEXTURE_WRAP_S, GL_CLAMP_TO_EDGE);
D/libEGL (10420): glVertexAttribPointer(0, 2, GL_FLOAT, GL_FALSE, 16, (const GLvoid*) 0xbfe76bbc);
D/libEGL ( 9275): glTexParameteri(GL_TEXTURE_EXTERNAL_OES, GL_TEXTURE_WRAP_T, GL_CLAMP_TO_EDGE);
D/libEGL (10420): glVertexAttribPointer(1, 2, GL_FLOAT, GL_FALSE, 16, (const GLvoid*) 0xbfe76bc4);
D/libEGL ( 9275): glTexParameteri(GL_TEXTURE_EXTERNAL_OES, GL_TEXTURE_MAG_FILTER, GL_NEAREST);
D/libEGL (10420): glDrawElements(GL_TRIANGLES, 36, GL_UNSIGNED_SHORT, (const GLvoid *) 0x00000000);
D/libEGL ( 9275): glTexParameteri(GL_TEXTURE_EXTERNAL_OES, GL_TEXTURE_MIN_FILTER, GL_NEAREST);
D/libEGL ( 9275): glEnable(GL_BLEND);
D/libEGL ( 9275): glBlendFunc(GL_LINES, GL_ONE_MINUS_SRC_ALPHA);
D/libEGL ( 9275): glUseProgram(9);
D/libEGL ( 9275): glUniform1i(2, 0);
D/libEGL ( 9275): const GLfloat value[] = {
D/libEGL ( 9275): 1, 0, 0, 0,
D/libEGL (10420): glDisable(GL_SCISSOR_TEST);
D/libEGL ( 9275): 0, -1, 0, 0,
D/libEGL (10420): glUseProgram(15);
D/libEGL (10420): const GLfloat value[] = {
D/libEGL ( 9275): 0, 0, 1, 0,
D/libEGL (10420): 1, 0, 0, 0,
D/libEGL ( 9275): 0, 1, 0, 1
D/libEGL (10420): 0, 1, 0, 0,
D/libEGL ( 9275): };
D/libEGL (10420): 0, 0, 1, 0,
D/libEGL ( 9275): glUniformMatrix4fv(1, 1, GL_FALSE, value);
D/libEGL ( 9275): const GLfloat value[] = {
D/libEGL (10420): 1905, 327, 0, 1
D/libEGL (10420): };
D/libEGL (10420): glUniformMatrix4fv(1, 1, GL_FALSE, value);
D/libEGL ( 9275): 0.00104167, 0, 0, 0,
D/libEGL (10420): glBindTexture(GL_TEXTURE_2D, 5);
D/libEGL ( 9275): 0, 0.00185185, 0, 0,
D/libEGL (10420): glUniform4f(2, 0.670588, 0.670588, 0.670588, 0.670588);
D/libEGL (10420): glBindBuffer(GL_ARRAY_BUFFER, 2);
D/libEGL ( 9275): 0, 0, -2, 0,
D/libEGL (10420): glVertexAttribPointer(0, 2, GL_FLOAT, GL_FALSE, 16, (const GLvoid*) 0x00000040);
D/libEGL ( 9275): -1, -1, -1, 1
D/libEGL (10420): glVertexAttribPointer(1, 2, GL_FLOAT, GL_FALSE, 16, (const GLvoid*) 0x00000048);
D/libEGL ( 9275): };
D/libEGL (10420): glDrawElements(GL_TRIANGLES, 54, GL_UNSIGNED_SHORT, (const GLvoid *) 0x00000000);
D/libEGL ( 9275): glUniformMatrix4fv(0, 1, GL_FALSE, value);
D/libEGL ( 9275): glEnableVertexAttribArray(1);
D/libEGL ( 9275): glVertexAttribPointer(1, 2, GL_FLOAT, GL_FALSE, 16, (const GLvoid*) 0x43d04ea8);
D/libEGL ( 9275): glVertexAttribPointer(0, 2, GL_FLOAT, GL_FALSE, 16, (const GLvoid*) 0x43d04ea0);
D/libEGL (10420): glGetError();
D/libEGL ( 9275): glDrawArrays(GL_TRIANGLE_FAN, 0, 4);
D/libEGL ( 9275): glDisableVertexAttribArray(1);
D/libEGL ( 9275): glDisable(GL_BLEND);
D/libEGL ( 9275): glGetError();
D/libEGL ( 9275): glBindTexture(GL_TEXTURE_EXTERNAL_OES, 10);
D/libEGL ( 9275): glEGLImageTargetTexture2DOES(GL_TEXTURE_EXTERNAL_OES, (GLeglImageOES) 0x42195520);
D/libEGL ( 9275): glGetError();
D/libEGL ( 9275): glBindTexture(GL_TEXTURE_EXTERNAL_OES, 10);
D/libEGL ( 9275): glTexParameteri(GL_TEXTURE_EXTERNAL_OES, GL_TEXTURE_WRAP_S, GL_CLAMP_TO_EDGE);
D/libEGL ( 9275): glTexParameteri(GL_TEXTURE_EXTERNAL_OES, GL_TEXTURE_WRAP_T, GL_CLAMP_TO_EDGE);
D/libEGL ( 9275): glTexParameteri(GL_TEXTURE_EXTERNAL_OES, GL_TEXTURE_MAG_FILTER, GL_NEAREST);
D/libEGL ( 9275): glTexParameteri(GL_TEXTURE_EXTERNAL_OES, GL_TEXTURE_MIN_FILTER, GL_NEAREST);
D/libEGL ( 9275): glEnable(GL_BLEND);
D/libEGL ( 9275): glBlendFunc(GL_LINES, GL_ONE_MINUS_SRC_ALPHA);
D/libEGL ( 9275): glUseProgram(9);
D/libEGL ( 9275): glUniform1i(2, 0);
D/libEGL ( 9275): const GLfloat value[] = {
D/libEGL ( 9275): 1, 0, 0, 0,
D/libEGL ( 9275): 0, -1, 0, 0,
D/libEGL ( 9275): 0, 0, 1, 0,
D/libEGL ( 9275): 0, 1, 0, 1
D/libEGL ( 9275): };
D/libEGL ( 9275): glUniformMatrix4fv(1, 1, GL_FALSE, value);
D/libEGL ( 9275): const GLfloat value[] = {
D/libEGL ( 9275): 0.00104167, 0, 0, 0,
D/libEGL ( 9275): 0, 0.00185185, 0, 0,
D/libEGL ( 9275): 0, 0, -2, 0,
D/libEGL ( 9275): -1, -1, -1, 1
D/libEGL ( 9275): };
D/libEGL ( 9275): glUniformMatrix4fv(0, 1, GL_FALSE, value);
D/libEGL ( 9275): glEnableVertexAttribArray(1);
D/libEGL ( 9275): glVertexAttribPointer(1, 2, GL_FLOAT, GL_FALSE, 16, (const GLvoid*) 0x423d37a8);
D/libEGL ( 9275): glVertexAttribPointer(0, 2, GL_FLOAT, GL_FALSE, 16, (const GLvoid*) 0x423d37a0);
D/libEGL ( 9275): glDrawArrays(GL_TRIANGLE_FAN, 0, 4);
D/libEGL ( 9275): glDisableVertexAttribArray(1);
D/libEGL ( 9275): glDisable(GL_BLEND);
D/libEGL ( 9275): glDisable(GL_SCISSOR_TEST);
D/libEGL ( 9275): glGetError();
D/libEGL ( 9275): glFlush();
D/libEGL ( 9275): glViewport(0, 0, 1920, 1080);
D/libEGL ( 9275): glGetError();
D/libEGL ( 9275): glBindTexture(GL_TEXTURE_EXTERNAL_OES, 25);
D/libEGL ( 9275): glEGLImageTargetTexture2DOES(GL_TEXTURE_EXTERNAL_OES, (GLeglImageOES) 0x47d81e20);
D/libEGL ( 9275): glGetError();
D/libEGL ( 9275): glViewport(0, 0, 1920, 1080);
D/libEGL ( 9275): glDisable(GL_BLEND);
D/libEGL ( 9275): glUseProgram(3);
D/libEGL ( 9275): const GLfloat value[] = {
D/libEGL ( 9275): 0, 0, 0, 0
D/libEGL ( 9275): };
D/libEGL ( 9275): glUniform4f(1, 1, value);
D/libEGL ( 9275): const GLfloat value[] = {
D/libEGL ( 9275): 0.00104167, 0, 0, 0,
D/libEGL ( 9275): 0, 0.00185185, 0, 0,
D/libEGL ( 9275): 0, 0, -2, 0,
D/libEGL ( 9275): -1, -1, -1, 1
D/libEGL ( 9275): };
D/libEGL ( 9275): glUniformMatrix4fv(0, 1, GL_FALSE, value);
D/libEGL ( 9275): glVertexAttribPointer(0, 2, GL_FLOAT, GL_FALSE, 8, (const GLvoid*) 0x47f27900);
D/libEGL ( 9275): glDrawArrays(GL_TRIANGLES, 0, 12);
D/libEGL ( 9275): glGetError();
D/libEGL ( 9275): glBindTexture(GL_TEXTURE_EXTERNAL_OES, 25);
D/libEGL ( 9275): glEGLImageTargetTexture2DOES(GL_TEXTURE_EXTERNAL_OES, (GLeglImageOES) 0x47d81e20);
D/libEGL ( 9275): glGetError();
D/libEGL ( 9275): glBindTexture(GL_TEXTURE_EXTERNAL_OES, 25);
D/libEGL ( 9275): glTexParameteri(GL_TEXTURE_EXTERNAL_OES, GL_TEXTURE_WRAP_S, GL_CLAMP_TO_EDGE);
D/libEGL ( 9275): glTexParameteri(GL_TEXTURE_EXTERNAL_OES, GL_TEXTURE_WRAP_T, GL_CLAMP_TO_EDGE);
D/libEGL ( 9275): glTexParameteri(GL_TEXTURE_EXTERNAL_OES, GL_TEXTURE_MAG_FILTER, GL_NEAREST);
D/libEGL ( 9275): glTexParameteri(GL_TEXTURE_EXTERNAL_OES, GL_TEXTURE_MIN_FILTER, GL_NEAREST);
D/libEGL ( 9275): glDisable(GL_BLEND);
D/libEGL ( 9275): glUseProgram(6);
D/libEGL ( 9275): glUniform1i(2, 0);
D/libEGL ( 9275): const GLfloat value[] = {
D/libEGL (10420): glEnable(GL_BLEND);
D/libEGL ( 9275): 1, 0, 0, 0,
D/libEGL ( 9275): 0, -1, 0, 0,
D/libEGL ( 9275): 0, 0, 1, 0,
D/libEGL ( 9275): 0, 1, 0, 1
D/libEGL ( 9275): };
D/libEGL ( 9275): glUniformMatrix4fv(1, 1, GL_FALSE, value);
D/libEGL ( 9275): const GLfloat value[] = {
D/libEGL ( 9275): 0.00104167, 0, 0, 0,
D/libEGL ( 9275): 0, 0.00185185, 0, 0,
D/libEGL ( 9275): 0, 0, -2, 0,
D/libEGL ( 9275): -1, -1, -1, 1
D/libEGL ( 9275): };
D/libEGL ( 9275): glUniformMatrix4fv(0, 1, GL_FALSE, value);
D/libEGL ( 9275): glEnableVertexAttribArray(1);
D/libEGL ( 9275): glVertexAttribPointer(1, 2, GL_FLOAT, GL_FALSE, 16, (const GLvoid*) 0x423e6c48);
D/libEGL ( 9275): glVertexAttribPointer(0, 2, GL_FLOAT, GL_FALSE, 16, (const GLvoid*) 0x423e6c40);
D/libEGL ( 9275): glDrawArrays(GL_TRIANGLE_FAN, 0, 4);
D/libEGL ( 9275): glDisableVertexAttribArray(1);
D/libEGL ( 9275): glDisable(GL_BLEND);
D/libEGL ( 9275): glGetError();
D/libEGL (10420): glViewport(0, 0, 1920, 1008);
D/libEGL ( 9275): glBindTexture(GL_TEXTURE_EXTERNAL_OES, 8);
D/libEGL ( 9275): glEGLImageTargetTexture2DOES(GL_TEXTURE_EXTERNAL_OES, (GLeglImageOES) 0x47cf7950);
D/libEGL (10420): glEnable(GL_SCISSOR_TEST);
D/libEGL ( 9275): glGetError();
D/libEGL (10420): glScissor(1905, 0, 15, 857);
D/libEGL ( 9275): glBindTexture(GL_TEXTURE_EXTERNAL_OES, 8);
D/libEGL (10420): glDisableVertexAttribArray(1);
D/libEGL ( 9275): glTexParameteri(GL_TEXTURE_EXTERNAL_OES, GL_TEXTURE_WRAP_S, GL_CLAMP_TO_EDGE);
D/libEGL (10420): glUseProgram(3);
D/libEGL ( 9275): glTexParameteri(GL_TEXTURE_EXTERNAL_OES, GL_TEXTURE_WRAP_T, GL_CLAMP_TO_EDGE);
D/libEGL (10420): const GLfloat value[] = {
D/libEGL ( 9275): glTexParameteri(GL_TEXTURE_EXTERNAL_OES, GL_TEXTURE_MAG_FILTER, GL_NEAREST);
D/libEGL ( 9275): glTexParameteri(GL_TEXTURE_EXTERNAL_OES, GL_TEXTURE_MIN_FILTER, GL_NEAREST);
D/libEGL (10420): 1920, 0, 0, 0,
D/libEGL ( 9275): glEnable(GL_BLEND);
D/libEGL (10420): 0, 1008, 0, 0,
D/libEGL ( 9275): glBlendFunc(GL_LINES, GL_ONE_MINUS_SRC_ALPHA);
D/libEGL ( 9275): glUseProgram(9);
D/libEGL (10420): 0, 0, 1, 0,
D/libEGL ( 9275): glUniform1i(2, 0);
D/libEGL (10420): 0, 0, 0, 1
D/libEGL ( 9275): const GLfloat value[] = {
D/libEGL (10420): };
D/libEGL (10420): glUniformMatrix4fv(1, 1, GL_FALSE, value);
D/libEGL ( 9275): 1, 0, 0, 0,
D/libEGL ( 9275): 0, -1, 0, 0,
D/libEGL (10420): glUniform4f(4, 0, 0, 0, 1);
D/libEGL ( 9275): 0, 0, 1, 0,
D/libEGL ( 9275): 0, 1, 0, 1
D/libEGL (10420): glUniform4f(5, 0.152941, 0.176471, 0.2, 1);
D/libEGL ( 9275): };
D/libEGL ( 9275): glUniformMatrix4fv(1, 1, GL_FALSE, value);
D/libEGL (10420): glBindTexture(GL_TEXTURE_2D, 3);
D/libEGL ( 9275): const GLfloat value[] = {
D/libEGL (10420): glUniform1i(3, 0);
D/libEGL ( 9275): 0.00104167, 0, 0, 0,
D/libEGL (10420): const GLfloat value[] = {
D/libEGL ( 9275): 0, 0.00185185, 0, 0,
D/libEGL (10420): 0, -1.90476, 0, 0,
D/libEGL ( 9275): 0, 0, -2, 0,
D/libEGL (10420): 1, 0, 0, 0,
D/libEGL (10420): 0, 0, 1, 0,
D/libEGL ( 9275): -1, -1, -1, 1
D/libEGL ( 9275): };
D/libEGL ( 9275): glUniformMatrix4fv(0, 1, GL_FALSE, value);
D/libEGL (10420): 0, 0, 0, 1
D/libEGL (10420): };
D/libEGL ( 9275): glEnableVertexAttribArray(1);
D/libEGL (10420): glUniformMatrix4fv(2, 1, GL_FALSE, value);
D/libEGL (10420): glBindBuffer(GL_ARRAY_BUFFER, 1);
D/libEGL ( 9275): glVertexAttribPointer(1, 2, GL_FLOAT, GL_FALSE, 16, (const GLvoid*) 0x43d08cc8);
D/libEGL ( 9275): glVertexAttribPointer(0, 2, GL_FLOAT, GL_FALSE, 16, (const GLvoid*) 0x43d08cc0);
D/libEGL (10420): glVertexAttribPointer(0, 2, GL_FLOAT, GL_FALSE, 16, (const GLvoid*) 0x00000000);
D/libEGL ( 9275): glDrawArrays(GL_TRIANGLE_FAN, 0, 4);
D/libEGL (10420): glBindBuffer(GL_ELEMENT_ARRAY_BUFFER, 0);
D/libEGL (10420): glDrawArrays(GL_TRIANGLE_STRIP, 0, 4);
D/libEGL ( 9275): glDisableVertexAttribArray(1);
D/libEGL ( 9275): glDisable(GL_BLEND);
D/libEGL ( 9275): glGetError();
D/libEGL ( 9275): glBindTexture(GL_TEXTURE_EXTERNAL_OES, 9);
D/libEGL ( 9275): glEGLImageTargetTexture2DOES(GL_TEXTURE_EXTERNAL_OES, (GLeglImageOES) 0x47cf7ed0);
D/libEGL ( 9275): glGetError();
D/libEGL ( 9275): glBindTexture(GL_TEXTURE_EXTERNAL_OES, 9);
D/libEGL ( 9275): glTexParameteri(GL_TEXTURE_EXTERNAL_OES, GL_TEXTURE_WRAP_S, GL_CLAMP_TO_EDGE);
D/libEGL ( 9275): glTexParameteri(GL_TEXTURE_EXTERNAL_OES, GL_TEXTURE_WRAP_T, GL_CLAMP_TO_EDGE);
D/libEGL ( 9275): glTexParameteri(GL_TEXTURE_EXTERNAL_OES, GL_TEXTURE_MAG_FILTER, GL_NEAREST);
D/libEGL ( 9275): glTexParameteri(GL_TEXTURE_EXTERNAL_OES, GL_TEXTURE_MIN_FILTER, GL_NEAREST);
D/libEGL ( 9275): glEnable(GL_BLEND);
D/libEGL ( 9275): glBlendFunc(GL_LINES, GL_ONE_MINUS_SRC_ALPHA);
D/libEGL ( 9275): glUseProgram(9);
D/libEGL ( 9275): glUniform1i(2, 0);
D/libEGL ( 9275): const GLfloat value[] = {
D/libEGL ( 9275): 1, 0, 0, 0,
D/libEGL (10420): glScissor(1905, 0, 15, 1008);
D/libEGL ( 9275): 0, -1, 0, 0,
D/libEGL (10420): glUseProgram(12);
D/libEGL ( 9275): 0, 0, 1, 0,
D/libEGL (10420): const GLfloat value[] = {
D/libEGL ( 9275): 0, 1, 0, 1
D/libEGL ( 9275): };
D/libEGL (10420): 1, 0, 0, 0,
D/libEGL ( 9275): glUniformMatrix4fv(1, 1, GL_FALSE, value);
D/libEGL ( 9275): const GLfloat value[] = {
D/libEGL (10420): 0, 1, 0, 0,
D/libEGL (10420): 0, 0, 1, 0,
D/libEGL ( 9275): 0.00104167, 0, 0, 0,
D/libEGL (10420): 0, 0, 0, 1
D/libEGL ( 9275): 0, 0.00185185, 0, 0,
D/libEGL (10420): };
D/libEGL (10420): glUniformMatrix4fv(1, 1, GL_FALSE, value);
D/libEGL ( 9275): 0, 0, -2, 0,
D/libEGL (10420): glBindTexture(GL_TEXTURE_2D, 4);
D/libEGL ( 9275): -1, -1, -1, 1
D/libEGL (10420): glEnableVertexAttribArray(1);
D/libEGL ( 9275): };
D/libEGL (10420): glBindBuffer(GL_ARRAY_BUFFER, 0);
D/libEGL ( 9275): glUniformMatrix4fv(0, 1, GL_FALSE, value);
D/libEGL (10420): glBindBuffer(GL_ELEMENT_ARRAY_BUFFER, 3);
D/libEGL ( 9275): glEnableVertexAttribArray(1);
D/libEGL ( 9275): glVertexAttribPointer(1, 2, GL_FLOAT, GL_FALSE, 16, (const GLvoid*) 0x43d04ea8);
D/libEGL (10420): glVertexAttribPointer(0, 2, GL_FLOAT, GL_FALSE, 16, (const GLvoid*) 0xbfe76bbc);
D/libEGL ( 9275): glVertexAttribPointer(0, 2, GL_FLOAT, GL_FALSE, 16, (const GLvoid*) 0x43d04ea0);
D/libEGL (10420): glVertexAttribPointer(1, 2, GL_FLOAT, GL_FALSE, 16, (const GLvoid*) 0xbfe76bc4);
D/libEGL ( 9275): glDrawArrays(GL_TRIANGLE_FAN, 0, 4);
D/libEGL (10420): glDrawElements(GL_TRIANGLES, 36, GL_UNSIGNED_SHORT, (const GLvoid *) 0x00000000);
D/libEGL ( 9275): glDisableVertexAttribArray(1);
D/libEGL ( 9275): glDisable(GL_BLEND);
D/libEGL ( 9275): glGetError();
D/libEGL ( 9275): glBindTexture(GL_TEXTURE_EXTERNAL_OES, 10);
D/libEGL ( 9275): glEGLImageTargetTexture2DOES(GL_TEXTURE_EXTERNAL_OES, (GLeglImageOES) 0x42195520);
D/libEGL ( 9275): glGetError();
D/libEGL (10420): glDisable(GL_SCISSOR_TEST);
D/libEGL ( 9275): glBindTexture(GL_TEXTURE_EXTERNAL_OES, 10);
D/libEGL (10420): glUseProgram(15);
D/libEGL ( 9275): glTexParameteri(GL_TEXTURE_EXTERNAL_OES, GL_TEXTURE_WRAP_S, GL_CLAMP_TO_EDGE);
D/libEGL (10420): const GLfloat value[] = {
D/libEGL ( 9275): glTexParameteri(GL_TEXTURE_EXTERNAL_OES, GL_TEXTURE_WRAP_T, GL_CLAMP_TO_EDGE);
D/libEGL (10420): 1, 0, 0, 0,
D/libEGL ( 9275): glTexParameteri(GL_TEXTURE_EXTERNAL_OES, GL_TEXTURE_MAG_FILTER, GL_NEAREST);
D/libEGL ( 9275): glTexParameteri(GL_TEXTURE_EXTERNAL_OES, GL_TEXTURE_MIN_FILTER, GL_NEAREST);
D/libEGL (10420): 0, 1, 0, 0,
D/libEGL ( 9275): glEnable(GL_BLEND);
D/libEGL (10420): 0, 0, 1, 0,
D/libEGL ( 9275): glBlendFunc(GL_LINES, GL_ONE_MINUS_SRC_ALPHA);
D/libEGL ( 9275): glUseProgram(9);
D/libEGL (10420): 1905, 327, 0, 1
D/libEGL ( 9275): glUniform1i(2, 0);
D/libEGL (10420): };
D/libEGL ( 9275): const GLfloat value[] = {
D/libEGL (10420): glUniformMatrix4fv(1, 1, GL_FALSE, value);
D/libEGL ( 9275): 1, 0, 0, 0,
D/libEGL (10420): glBindTexture(GL_TEXTURE_2D, 5);
D/libEGL ( 9275): 0, -1, 0, 0,
D/libEGL ( 9275): 0, 0, 1, 0,
D/libEGL (10420): glUniform4f(2, 0.603922, 0.603922, 0.603922, 0.603922);
D/libEGL (10420): glBindBuffer(GL_ARRAY_BUFFER, 2);
D/libEGL ( 9275): 0, 1, 0, 1
D/libEGL ( 9275): };
D/libEGL ( 9275): glUniformMatrix4fv(1, 1, GL_FALSE, value);
D/libEGL (10420): glVertexAttribPointer(0, 2, GL_FLOAT, GL_FALSE, 16, (const GLvoid*) 0x00000040);
D/libEGL ( 9275): const GLfloat value[] = {
D/libEGL ( 9275): 0.00104167, 0, 0, 0,
D/libEGL (10420): glVertexAttribPointer(1, 2, GL_FLOAT, GL_FALSE, 16, (const GLvoid*) 0x00000048);
D/libEGL (10420): glDrawElements(GL_TRIANGLES, 54, GL_UNSIGNED_SHORT, (const GLvoid *) 0x00000000);
D/libEGL ( 9275): 0, 0.00185185, 0, 0,
D/libEGL ( 9275): 0, 0, -2, 0,
D/libEGL ( 9275): -1, -1, -1, 1
D/libEGL ( 9275): };
D/libEGL ( 9275): glUniformMatrix4fv(0, 1, GL_FALSE, value);
D/libEGL ( 9275): glEnableVertexAttribArray(1);
D/libEGL ( 9275): glVertexAttribPointer(1, 2, GL_FLOAT, GL_FALSE, 16, (const GLvoid*) 0x423d37a8);
D/libEGL (10420): glGetError();
D/libEGL ( 9275): glVertexAttribPointer(0, 2, GL_FLOAT, GL_FALSE, 16, (const GLvoid*) 0x423d37a0);
D/libEGL ( 9275): glDrawArrays(GL_TRIANGLE_FAN, 0, 4);
D/libEGL ( 9275): glDisableVertexAttribArray(1);
D/libEGL ( 9275): glDisable(GL_BLEND);
D/libEGL ( 9275): glDisable(GL_SCISSOR_TEST);
D/libEGL ( 9275): glGetError();
D/libEGL ( 9275): glFlush();
D/libEGL ( 9275): glViewport(0, 0, 1920, 1080);
D/libEGL ( 9275): glGetError();
D/libEGL ( 9275): glBindTexture(GL_TEXTURE_EXTERNAL_OES, 25);
D/libEGL ( 9275): glEGLImageTargetTexture2DOES(GL_TEXTURE_EXTERNAL_OES, (GLeglImageOES) 0x4447c720);
D/libEGL ( 9275): glGetError();
D/libEGL ( 9275): glViewport(0, 0, 1920, 1080);
D/libEGL ( 9275): glDisable(GL_BLEND);
D/libEGL ( 9275): glUseProgram(3);
D/libEGL ( 9275): const GLfloat value[] = {
D/libEGL ( 9275): 0, 0, 0, 0
D/libEGL ( 9275): };
D/libEGL ( 9275): glUniform4f(1, 1, value);
D/libEGL ( 9275): const GLfloat value[] = {
D/libEGL ( 9275): 0.00104167, 0, 0, 0,
D/libEGL ( 9275): 0, 0.00185185, 0, 0,
D/libEGL ( 9275): 0, 0, -2, 0,
D/libEGL ( 9275): -1, -1, -1, 1
D/libEGL ( 9275): };
D/libEGL ( 9275): glUniformMatrix4fv(0, 1, GL_FALSE, value);
D/libEGL ( 9275): glVertexAttribPointer(0, 2, GL_FLOAT, GL_FALSE, 8, (const GLvoid*) 0x47f27900);
D/libEGL ( 9275): glDrawArrays(GL_TRIANGLES, 0, 12);
W/EGL-GALLIUM( 9275): cache full: buf 0x4154e758, width 1920, height 1080, format 5, usage 0x1a00
D/libEGL (10420): glEnable(GL_BLEND);
D/libEGL ( 9275): glGetError();
D/libEGL ( 9275): glBindTexture(GL_TEXTURE_EXTERNAL_OES, 25);
D/libEGL ( 9275): glEGLImageTargetTexture2DOES(GL_TEXTURE_EXTERNAL_OES, (GLeglImageOES) 0x4447c720);
D/libEGL ( 9275): glGetError();
D/libEGL ( 9275): glBindTexture(GL_TEXTURE_EXTERNAL_OES, 25);
D/libEGL ( 9275): glTexParameteri(GL_TEXTURE_EXTERNAL_OES, GL_TEXTURE_WRAP_S, GL_CLAMP_TO_EDGE);
D/libEGL ( 9275): glTexParameteri(GL_TEXTURE_EXTERNAL_OES, GL_TEXTURE_WRAP_T, GL_CLAMP_TO_EDGE);
D/libEGL ( 9275): glTexParameteri(GL_TEXTURE_EXTERNAL_OES, GL_TEXTURE_MAG_FILTER, GL_NEAREST);
D/libEGL ( 9275): glTexParameteri(GL_TEXTURE_EXTERNAL_OES, GL_TEXTURE_MIN_FILTER, GL_NEAREST);
D/libEGL ( 9275): glDisable(GL_BLEND);
D/libEGL ( 9275): glUseProgram(6);
D/libEGL (10420): glViewport(0, 0, 1920, 1008);
D/libEGL ( 9275): glUniform1i(2, 0);
D/libEGL ( 9275): const GLfloat value[] = {
D/libEGL (10420): glEnable(GL_SCISSOR_TEST);
D/libEGL ( 9275): 1, 0, 0, 0,
D/libEGL (10420): glScissor(1905, 0, 15, 857);
D/libEGL (10420): glDisableVertexAttribArray(1);
D/libEGL ( 9275): 0, -1, 0, 0,
D/libEGL (10420): glUseProgram(3);
D/libEGL (10420): const GLfloat value[] = {
D/libEGL ( 9275): 0, 0, 1, 0,
D/libEGL (10420): 1920, 0, 0, 0,
D/libEGL ( 9275): 0, 1, 0, 1
D/libEGL ( 9275): };
D/libEGL (10420): 0, 1008, 0, 0,
D/libEGL ( 9275): glUniformMatrix4fv(1, 1, GL_FALSE, value);
D/libEGL (10420): 0, 0, 1, 0,
D/libEGL ( 9275): const GLfloat value[] = {
D/libEGL (10420): 0, 0, 0, 1
D/libEGL (10420): };
D/libEGL ( 9275): 0.00104167, 0, 0, 0,
D/libEGL (10420): glUniformMatrix4fv(1, 1, GL_FALSE, value);
D/libEGL ( 9275): 0, 0.00185185, 0, 0,
D/libEGL (10420): glUniform4f(4, 0, 0, 0, 1);
D/libEGL ( 9275): 0, 0, -2, 0,
D/libEGL (10420): glUniform4f(5, 0.152941, 0.176471, 0.2, 1);
D/libEGL (10420): glBindTexture(GL_TEXTURE_2D, 3);
D/libEGL ( 9275): -1, -1, -1, 1
D/libEGL ( 9275): };
D/libEGL (10420): glUniform1i(3, 0);
D/libEGL ( 9275): glUniformMatrix4fv(0, 1, GL_FALSE, value);
D/libEGL (10420): const GLfloat value[] = {
D/libEGL ( 9275): glEnableVertexAttribArray(1);
D/libEGL (10420): 0, -1.90476, 0, 0,
D/libEGL (10420): 1, 0, 0, 0,
D/libEGL ( 9275): glVertexAttribPointer(1, 2, GL_FLOAT, GL_FALSE, 16, (const GLvoid*) 0x423e6c48);
D/libEGL (10420): 0, 0, 1, 0,
D/libEGL (10420): 0, 0, 0, 1
D/libEGL ( 9275): glVertexAttribPointer(0, 2, GL_FLOAT, GL_FALSE, 16, (const GLvoid*) 0x423e6c40);
D/libEGL (10420): };
D/libEGL (10420): glUniformMatrix4fv(2, 1, GL_FALSE, value);
D/libEGL ( 9275): glDrawArrays(GL_TRIANGLE_FAN, 0, 4);
D/libEGL (10420): glBindBuffer(GL_ARRAY_BUFFER, 1);
D/libEGL (10420): glVertexAttribPointer(0, 2, GL_FLOAT, GL_FALSE, 16, (const GLvoid*) 0x00000000);
D/libEGL (10420): glBindBuffer(GL_ELEMENT_ARRAY_BUFFER, 0);
D/libEGL (10420): glDrawArrays(GL_TRIANGLE_STRIP, 0, 4);
D/libEGL ( 9275): glDisableVertexAttribArray(1);
D/libEGL ( 9275): glDisable(GL_BLEND);
D/libEGL ( 9275): glGetError();
D/libEGL ( 9275): glBindTexture(GL_TEXTURE_EXTERNAL_OES, 8);
D/libEGL ( 9275): glEGLImageTargetTexture2DOES(GL_TEXTURE_EXTERNAL_OES, (GLeglImageOES) 0x47cf7950);
D/libEGL ( 9275): glGetError();
D/libEGL ( 9275): glBindTexture(GL_TEXTURE_EXTERNAL_OES, 8);
D/libEGL ( 9275): glTexParameteri(GL_TEXTURE_EXTERNAL_OES, GL_TEXTURE_WRAP_S, GL_CLAMP_TO_EDGE);
D/libEGL ( 9275): glTexParameteri(GL_TEXTURE_EXTERNAL_OES, GL_TEXTURE_WRAP_T, GL_CLAMP_TO_EDGE);
W/EGL-GALLIUM(10420): cache full: buf 0x79327da8, width 1920, height 1008, format 1, usage 0x900
D/libEGL ( 9275): glTexParameteri(GL_TEXTURE_EXTERNAL_OES, GL_TEXTURE_MAG_FILTER, GL_NEAREST);
D/libEGL ( 9275): glTexParameteri(GL_TEXTURE_EXTERNAL_OES, GL_TEXTURE_MIN_FILTER, GL_NEAREST);
D/libEGL ( 9275): glEnable(GL_BLEND);
D/libEGL ( 9275): glBlendFunc(GL_LINES, GL_ONE_MINUS_SRC_ALPHA);
D/libEGL ( 9275): glUseProgram(9);
D/libEGL ( 9275): glUniform1i(2, 0);
D/libEGL ( 9275): const GLfloat value[] = {
D/libEGL ( 9275): 1, 0, 0, 0,
D/libEGL ( 9275): 0, -1, 0, 0,
D/libEGL ( 9275): 0, 0, 1, 0,
D/libEGL (10420): glScissor(1905, 0, 15, 1008);
D/libEGL (10420): glUseProgram(12);
D/libEGL ( 9275): 0, 1, 0, 1
D/libEGL (10420): const GLfloat value[] = {
D/libEGL ( 9275): };
D/libEGL ( 9275): glUniformMatrix4fv(1, 1, GL_FALSE, value);
D/libEGL (10420): 1, 0, 0, 0,
D/libEGL ( 9275): const GLfloat value[] = {
D/libEGL (10420): 0, 1, 0, 0,
D/libEGL (10420): 0, 0, 1, 0,
D/libEGL ( 9275): 0.00104167, 0, 0, 0,
D/libEGL (10420): 0, 0, 0, 1
D/libEGL (10420): };
D/libEGL (10420): glUniformMatrix4fv(1, 1, GL_FALSE, value);
D/libEGL ( 9275): 0, 0.00185185, 0, 0,
D/libEGL (10420): glBindTexture(GL_TEXTURE_2D, 4);
D/libEGL ( 9275): 0, 0, -2, 0,
D/libEGL (10420): glEnableVertexAttribArray(1);
D/libEGL (10420): glBindBuffer(GL_ARRAY_BUFFER, 0);
D/libEGL (10420): glBindBuffer(GL_ELEMENT_ARRAY_BUFFER, 3);
D/libEGL ( 9275): -1, -1, -1, 1
D/libEGL ( 9275): };
D/libEGL (10420): glVertexAttribPointer(0, 2, GL_FLOAT, GL_FALSE, 16, (const GLvoid*) 0xbfe76bbc);
D/libEGL ( 9275): glUniformMatrix4fv(0, 1, GL_FALSE, value);
D/libEGL (10420): glVertexAttribPointer(1, 2, GL_FLOAT, GL_FALSE, 16, (const GLvoid*) 0xbfe76bc4);
D/libEGL ( 9275): glEnableVertexAttribArray(1);
D/libEGL (10420): glDrawElements(GL_TRIANGLES, 36, GL_UNSIGNED_SHORT, (const GLvoid *) 0x00000000);
D/libEGL ( 9275): glVertexAttribPointer(1, 2, GL_FLOAT, GL_FALSE, 16, (const GLvoid*) 0x43d08cc8);
D/libEGL ( 9275): glVertexAttribPointer(0, 2, GL_FLOAT, GL_FALSE, 16, (const GLvoid*) 0x43d08cc0);
D/libEGL ( 9275): glDrawArrays(GL_TRIANGLE_FAN, 0, 4);
D/libEGL (10420): glDisable(GL_SCISSOR_TEST);
D/libEGL ( 9275): glDisableVertexAttribArray(1);
D/libEGL (10420): glUseProgram(15);
D/libEGL ( 9275): glDisable(GL_BLEND);
D/libEGL (10420): const GLfloat value[] = {
D/libEGL (10420): 1, 0, 0, 0,
D/libEGL ( 9275): glGetError();
D/libEGL (10420): 0, 1, 0, 0,
D/libEGL ( 9275): glBindTexture(GL_TEXTURE_EXTERNAL_OES, 9);
D/libEGL (10420): 0, 0, 1, 0,
D/libEGL ( 9275): glEGLImageTargetTexture2DOES(GL_TEXTURE_EXTERNAL_OES, (GLeglImageOES) 0x47cf7ed0);
D/libEGL (10420): 1905, 327, 0, 1
D/libEGL (10420): };
D/libEGL ( 9275): glGetError();
D/libEGL (10420): glUniformMatrix4fv(1, 1, GL_FALSE, value);
D/libEGL (10420): glBindTexture(GL_TEXTURE_2D, 5);
D/libEGL ( 9275): glBindTexture(GL_TEXTURE_EXTERNAL_OES, 9);
D/libEGL ( 9275): glTexParameteri(GL_TEXTURE_EXTERNAL_OES, GL_TEXTURE_WRAP_S, GL_CLAMP_TO_EDGE);
D/libEGL (10420): glUniform4f(2, 0.541176, 0.541176, 0.541176, 0.541176);
D/libEGL ( 9275): glTexParameteri(GL_TEXTURE_EXTERNAL_OES, GL_TEXTURE_WRAP_T, GL_CLAMP_TO_EDGE);
D/libEGL (10420): glBindBuffer(GL_ARRAY_BUFFER, 2);
D/libEGL ( 9275): glTexParameteri(GL_TEXTURE_EXTERNAL_OES, GL_TEXTURE_MAG_FILTER, GL_NEAREST);
D/libEGL (10420): glVertexAttribPointer(0, 2, GL_FLOAT, GL_FALSE, 16, (const GLvoid*) 0x00000040);
D/libEGL ( 9275): glTexParameteri(GL_TEXTURE_EXTERNAL_OES, GL_TEXTURE_MIN_FILTER, GL_NEAREST);
D/libEGL (10420): glVertexAttribPointer(1, 2, GL_FLOAT, GL_FALSE, 16, (const GLvoid*) 0x00000048);
D/libEGL ( 9275): glEnable(GL_BLEND);
D/libEGL (10420): glDrawElements(GL_TRIANGLES, 54, GL_UNSIGNED_SHORT, (const GLvoid *) 0x00000000);
D/libEGL ( 9275): glBlendFunc(GL_LINES, GL_ONE_MINUS_SRC_ALPHA);
D/libEGL ( 9275): glUseProgram(9);
D/libEGL ( 9275): glUniform1i(2, 0);
D/libEGL ( 9275): const GLfloat value[] = {
D/libEGL ( 9275): 1, 0, 0, 0,
D/libEGL (10420): glGetError();
D/libEGL ( 9275): 0, -1, 0, 0,
D/libEGL ( 9275): 0, 0, 1, 0,
D/libEGL ( 9275): 0, 1, 0, 1
D/libEGL ( 9275): };
D/libEGL ( 9275): glUniformMatrix4fv(1, 1, GL_FALSE, value);
D/libEGL ( 9275): const GLfloat value[] = {
D/libEGL ( 9275): 0.00104167, 0, 0, 0,
D/libEGL ( 9275): 0, 0.00185185, 0, 0,
D/libEGL ( 9275): 0, 0, -2, 0,
D/libEGL ( 9275): -1, -1, -1, 1
D/libEGL ( 9275): };
D/libEGL ( 9275): glUniformMatrix4fv(0, 1, GL_FALSE, value);
D/libEGL ( 9275): glEnableVertexAttribArray(1);
D/libEGL ( 9275): glVertexAttribPointer(1, 2, GL_FLOAT, GL_FALSE, 16, (const GLvoid*) 0x43d04ea8);
D/libEGL ( 9275): glVertexAttribPointer(0, 2, GL_FLOAT, GL_FALSE, 16, (const GLvoid*) 0x43d04ea0);
D/libEGL ( 9275): glDrawArrays(GL_TRIANGLE_FAN, 0, 4);
D/libEGL ( 9275): glDisableVertexAttribArray(1);
D/libEGL ( 9275): glDisable(GL_BLEND);
D/libEGL ( 9275): glGetError();
D/libEGL ( 9275): glBindTexture(GL_TEXTURE_EXTERNAL_OES, 10);
D/libEGL ( 9275): glEGLImageTargetTexture2DOES(GL_TEXTURE_EXTERNAL_OES, (GLeglImageOES) 0x42195520);
D/libEGL ( 9275): glGetError();
D/libEGL ( 9275): glBindTexture(GL_TEXTURE_EXTERNAL_OES, 10);
D/libEGL ( 9275): glTexParameteri(GL_TEXTURE_EXTERNAL_OES, GL_TEXTURE_WRAP_S, GL_CLAMP_TO_EDGE);
D/libEGL ( 9275): glTexParameteri(GL_TEXTURE_EXTERNAL_OES, GL_TEXTURE_WRAP_T, GL_CLAMP_TO_EDGE);
D/libEGL ( 9275): glTexParameteri(GL_TEXTURE_EXTERNAL_OES, GL_TEXTURE_MAG_FILTER, GL_NEAREST);
D/libEGL ( 9275): glTexParameteri(GL_TEXTURE_EXTERNAL_OES, GL_TEXTURE_MIN_FILTER, GL_NEAREST);
D/libEGL ( 9275): glEnable(GL_BLEND);
D/libEGL ( 9275): glBlendFunc(GL_LINES, GL_ONE_MINUS_SRC_ALPHA);
D/libEGL ( 9275): glUseProgram(9);
D/libEGL ( 9275): glUniform1i(2, 0);
D/libEGL ( 9275): const GLfloat value[] = {
D/libEGL ( 9275): 1, 0, 0, 0,
D/libEGL ( 9275): 0, -1, 0, 0,
D/libEGL ( 9275): 0, 0, 1, 0,
D/libEGL ( 9275): 0, 1, 0, 1
D/libEGL ( 9275): };
D/libEGL ( 9275): glUniformMatrix4fv(1, 1, GL_FALSE, value);
D/libEGL ( 9275): const GLfloat value[] = {
D/libEGL ( 9275): 0.00104167, 0, 0, 0,
D/libEGL ( 9275): 0, 0.00185185, 0, 0,
D/libEGL ( 9275): 0, 0, -2, 0,
D/libEGL ( 9275): -1, -1, -1, 1
D/libEGL ( 9275): };
D/libEGL ( 9275): glUniformMatrix4fv(0, 1, GL_FALSE, value);
D/libEGL ( 9275): glEnableVertexAttribArray(1);
D/libEGL ( 9275): glVertexAttribPointer(1, 2, GL_FLOAT, GL_FALSE, 16, (const GLvoid*) 0x423d37a8);
D/libEGL ( 9275): glVertexAttribPointer(0, 2, GL_FLOAT, GL_FALSE, 16, (const GLvoid*) 0x423d37a0);
D/libEGL ( 9275): glDrawArrays(GL_TRIANGLE_FAN, 0, 4);
D/libEGL ( 9275): glDisableVertexAttribArray(1);
D/libEGL ( 9275): glDisable(GL_BLEND);
D/libEGL ( 9275): glDisable(GL_SCISSOR_TEST);
D/libEGL ( 9275): glGetError();
D/libEGL ( 9275): glFlush();
D/libEGL ( 9275): glViewport(0, 0, 1920, 1080);
D/libEGL ( 9275): glGetError();
D/libEGL ( 9275): glBindTexture(GL_TEXTURE_EXTERNAL_OES, 25);
D/libEGL ( 9275): glEGLImageTargetTexture2DOES(GL_TEXTURE_EXTERNAL_OES, (GLeglImageOES) 0x43d085a0);
D/libEGL ( 9275): glGetError();
D/libEGL ( 9275): glViewport(0, 0, 1920, 1080);
D/libEGL ( 9275): glDisable(GL_BLEND);
D/libEGL ( 9275): glUseProgram(3);
D/libEGL ( 9275): const GLfloat value[] = {
D/libEGL ( 9275): 0, 0, 0, 0
D/libEGL ( 9275): };
D/libEGL ( 9275): glUniform4f(1, 1, value);
D/libEGL ( 9275): const GLfloat value[] = {
D/libEGL ( 9275): 0.00104167, 0, 0, 0,
D/libEGL ( 9275): 0, 0.00185185, 0, 0,
D/libEGL ( 9275): 0, 0, -2, 0,
D/libEGL ( 9275): -1, -1, -1, 1
D/libEGL ( 9275): };
D/libEGL ( 9275): glUniformMatrix4fv(0, 1, GL_FALSE, value);
D/libEGL ( 9275): glVertexAttribPointer(0, 2, GL_FLOAT, GL_FALSE, 8, (const GLvoid*) 0x47f27900);
D/libEGL ( 9275): glDrawArrays(GL_TRIANGLES, 0, 12);
D/libEGL ( 9275): glGetError();
D/libEGL ( 9275): glBindTexture(GL_TEXTURE_EXTERNAL_OES, 25);
D/libEGL ( 9275): glEGLImageTargetTexture2DOES(GL_TEXTURE_EXTERNAL_OES, (GLeglImageOES) 0x43d085a0);
D/libEGL ( 9275): glGetError();
D/libEGL ( 9275): glBindTexture(GL_TEXTURE_EXTERNAL_OES, 25);
D/libEGL ( 9275): glTexParameteri(GL_TEXTURE_EXTERNAL_OES, GL_TEXTURE_WRAP_S, GL_CLAMP_TO_EDGE);
D/libEGL ( 9275): glTexParameteri(GL_TEXTURE_EXTERNAL_OES, GL_TEXTURE_WRAP_T, GL_CLAMP_TO_EDGE);
D/libEGL ( 9275): glTexParameteri(GL_TEXTURE_EXTERNAL_OES, GL_TEXTURE_MAG_FILTER, GL_NEAREST);
D/libEGL ( 9275): glTexParameteri(GL_TEXTURE_EXTERNAL_OES, GL_TEXTURE_MIN_FILTER, GL_NEAREST);
D/libEGL ( 9275): glDisable(GL_BLEND);
D/libEGL ( 9275): glUseProgram(6);
D/libEGL ( 9275): glUniform1i(2, 0);
D/libEGL ( 9275): const GLfloat value[] = {
D/libEGL (10420): glEnable(GL_BLEND);
D/libEGL ( 9275): 1, 0, 0, 0,
D/libEGL ( 9275): 0, -1, 0, 0,
D/libEGL ( 9275): 0, 0, 1, 0,
D/libEGL ( 9275): 0, 1, 0, 1
D/libEGL ( 9275): };
D/libEGL ( 9275): glUniformMatrix4fv(1, 1, GL_FALSE, value);
D/libEGL ( 9275): const GLfloat value[] = {
D/libEGL ( 9275): 0.00104167, 0, 0, 0,
D/libEGL ( 9275): 0, 0.00185185, 0, 0,
D/libEGL ( 9275): 0, 0, -2, 0,
D/libEGL ( 9275): -1, -1, -1, 1
D/libEGL ( 9275): };
D/libEGL ( 9275): glUniformMatrix4fv(0, 1, GL_FALSE, value);
D/libEGL ( 9275): glEnableVertexAttribArray(1);
D/libEGL ( 9275): glVertexAttribPointer(1, 2, GL_FLOAT, GL_FALSE, 16, (const GLvoid*) 0x423e6c48);
D/libEGL ( 9275): glVertexAttribPointer(0, 2, GL_FLOAT, GL_FALSE, 16, (const GLvoid*) 0x423e6c40);
D/libEGL ( 9275): glDrawArrays(GL_TRIANGLE_FAN, 0, 4);
D/libEGL ( 9275): glDisableVertexAttribArray(1);
D/libEGL ( 9275): glDisable(GL_BLEND);
D/libEGL ( 9275): glGetError();
D/libEGL (10420): glViewport(0, 0, 1920, 1008);
D/libEGL ( 9275): glBindTexture(GL_TEXTURE_EXTERNAL_OES, 8);
D/libEGL ( 9275): glEGLImageTargetTexture2DOES(GL_TEXTURE_EXTERNAL_OES, (GLeglImageOES) 0x47cf7950);
D/libEGL (10420): glEnable(GL_SCISSOR_TEST);
D/libEGL ( 9275): glGetError();
D/libEGL (10420): glScissor(1905, 0, 15, 857);
D/libEGL ( 9275): glBindTexture(GL_TEXTURE_EXTERNAL_OES, 8);
D/libEGL (10420): glDisableVertexAttribArray(1);
D/libEGL ( 9275): glTexParameteri(GL_TEXTURE_EXTERNAL_OES, GL_TEXTURE_WRAP_S, GL_CLAMP_TO_EDGE);
D/libEGL (10420): glUseProgram(3);
D/libEGL ( 9275): glTexParameteri(GL_TEXTURE_EXTERNAL_OES, GL_TEXTURE_WRAP_T, GL_CLAMP_TO_EDGE);
D/libEGL (10420): const GLfloat value[] = {
D/libEGL ( 9275): glTexParameteri(GL_TEXTURE_EXTERNAL_OES, GL_TEXTURE_MAG_FILTER, GL_NEAREST);
D/libEGL ( 9275): glTexParameteri(GL_TEXTURE_EXTERNAL_OES, GL_TEXTURE_MIN_FILTER, GL_NEAREST);
D/libEGL (10420): 1920, 0, 0, 0,
D/libEGL ( 9275): glEnable(GL_BLEND);
D/libEGL (10420): 0, 1008, 0, 0,
D/libEGL ( 9275): glBlendFunc(GL_LINES, GL_ONE_MINUS_SRC_ALPHA);
D/libEGL ( 9275): glUseProgram(9);
D/libEGL (10420): 0, 0, 1, 0,
D/libEGL ( 9275): glUniform1i(2, 0);
D/libEGL (10420): 0, 0, 0, 1
D/libEGL ( 9275): const GLfloat value[] = {
D/libEGL (10420): };
D/libEGL (10420): glUniformMatrix4fv(1, 1, GL_FALSE, value);
D/libEGL ( 9275): 1, 0, 0, 0,
D/libEGL ( 9275): 0, -1, 0, 0,
D/libEGL (10420): glUniform4f(4, 0, 0, 0, 1);
D/libEGL ( 9275): 0, 0, 1, 0,
D/libEGL ( 9275): 0, 1, 0, 1
D/libEGL (10420): glUniform4f(5, 0.152941, 0.176471, 0.2, 1);
D/libEGL ( 9275): };
D/libEGL ( 9275): glUniformMatrix4fv(1, 1, GL_FALSE, value);
D/libEGL (10420): glBindTexture(GL_TEXTURE_2D, 3);
D/libEGL ( 9275): const GLfloat value[] = {
D/libEGL (10420): glUniform1i(3, 0);
D/libEGL ( 9275): 0.00104167, 0, 0, 0,
D/libEGL (10420): const GLfloat value[] = {
D/libEGL ( 9275): 0, 0.00185185, 0, 0,
D/libEGL (10420): 0, -1.90476, 0, 0,
D/libEGL ( 9275): 0, 0, -2, 0,
D/libEGL (10420): 1, 0, 0, 0,
D/libEGL (10420): 0, 0, 1, 0,
D/libEGL ( 9275): -1, -1, -1, 1
D/libEGL ( 9275): };
D/libEGL ( 9275): glUniformMatrix4fv(0, 1, GL_FALSE, value);
D/libEGL (10420): 0, 0, 0, 1
D/libEGL (10420): };
D/libEGL ( 9275): glEnableVertexAttribArray(1);
D/libEGL (10420): glUniformMatrix4fv(2, 1, GL_FALSE, value);
D/libEGL (10420): glBindBuffer(GL_ARRAY_BUFFER, 1);
D/libEGL ( 9275): glVertexAttribPointer(1, 2, GL_FLOAT, GL_FALSE, 16, (const GLvoid*) 0x43d08cc8);
D/libEGL ( 9275): glVertexAttribPointer(0, 2, GL_FLOAT, GL_FALSE, 16, (const GLvoid*) 0x43d08cc0);
D/libEGL (10420): glVertexAttribPointer(0, 2, GL_FLOAT, GL_FALSE, 16, (const GLvoid*) 0x00000000);
D/libEGL ( 9275): glDrawArrays(GL_TRIANGLE_FAN, 0, 4);
D/libEGL (10420): glBindBuffer(GL_ELEMENT_ARRAY_BUFFER, 0);
D/libEGL (10420): glDrawArrays(GL_TRIANGLE_STRIP, 0, 4);
D/libEGL ( 9275): glDisableVertexAttribArray(1);
D/libEGL ( 9275): glDisable(GL_BLEND);
D/libEGL ( 9275): glGetError();
D/libEGL ( 9275): glBindTexture(GL_TEXTURE_EXTERNAL_OES, 9);
D/libEGL ( 9275): glEGLImageTargetTexture2DOES(GL_TEXTURE_EXTERNAL_OES, (GLeglImageOES) 0x47cf7ed0);
D/libEGL ( 9275): glGetError();
D/libEGL ( 9275): glBindTexture(GL_TEXTURE_EXTERNAL_OES, 9);
D/libEGL ( 9275): glTexParameteri(GL_TEXTURE_EXTERNAL_OES, GL_TEXTURE_WRAP_S, GL_CLAMP_TO_EDGE);
D/libEGL ( 9275): glTexParameteri(GL_TEXTURE_EXTERNAL_OES, GL_TEXTURE_WRAP_T, GL_CLAMP_TO_EDGE);
D/libEGL ( 9275): glTexParameteri(GL_TEXTURE_EXTERNAL_OES, GL_TEXTURE_MAG_FILTER, GL_NEAREST);
D/libEGL ( 9275): glTexParameteri(GL_TEXTURE_EXTERNAL_OES, GL_TEXTURE_MIN_FILTER, GL_NEAREST);
D/libEGL ( 9275): glEnable(GL_BLEND);
D/libEGL ( 9275): glBlendFunc(GL_LINES, GL_ONE_MINUS_SRC_ALPHA);
D/libEGL ( 9275): glUseProgram(9);
D/libEGL ( 9275): glUniform1i(2, 0);
D/libEGL ( 9275): const GLfloat value[] = {
D/libEGL ( 9275): 1, 0, 0, 0,
D/libEGL (10420): glScissor(1905, 0, 15, 1008);
D/libEGL ( 9275): 0, -1, 0, 0,
D/libEGL (10420): glUseProgram(12);
D/libEGL (10420): const GLfloat value[] = {
D/libEGL ( 9275): 0, 0, 1, 0,
D/libEGL (10420): 1, 0, 0, 0,
D/libEGL ( 9275): 0, 1, 0, 1
D/libEGL ( 9275): };
D/libEGL (10420): 0, 1, 0, 0,
D/libEGL ( 9275): glUniformMatrix4fv(1, 1, GL_FALSE, value);
D/libEGL ( 9275): const GLfloat value[] = {
D/libEGL (10420): 0, 0, 1, 0,
D/libEGL ( 9275): 0.00104167, 0, 0, 0,
D/libEGL (10420): 0, 0, 0, 1
D/libEGL (10420): };
D/libEGL (10420): glUniformMatrix4fv(1, 1, GL_FALSE, value);
D/libEGL ( 9275): 0, 0.00185185, 0, 0,
D/libEGL (10420): glBindTexture(GL_TEXTURE_2D, 4);
D/libEGL ( 9275): 0, 0, -2, 0,
D/libEGL (10420): glEnableVertexAttribArray(1);
D/libEGL (10420): glBindBuffer(GL_ARRAY_BUFFER, 0);
D/libEGL ( 9275): -1, -1, -1, 1
D/libEGL (10420): glBindBuffer(GL_ELEMENT_ARRAY_BUFFER, 3);
D/libEGL ( 9275): };
D/libEGL ( 9275): glUniformMatrix4fv(0, 1, GL_FALSE, value);
D/libEGL (10420): glVertexAttribPointer(0, 2, GL_FLOAT, GL_FALSE, 16, (const GLvoid*) 0xbfe76bbc);
D/libEGL ( 9275): glEnableVertexAttribArray(1);
D/libEGL (10420): glVertexAttribPointer(1, 2, GL_FLOAT, GL_FALSE, 16, (const GLvoid*) 0xbfe76bc4);
D/libEGL ( 9275): glVertexAttribPointer(1, 2, GL_FLOAT, GL_FALSE, 16, (const GLvoid*) 0x43d04ea8);
D/libEGL (10420): glDrawElements(GL_TRIANGLES, 36, GL_UNSIGNED_SHORT, (const GLvoid *) 0x00000000);
D/libEGL ( 9275): glVertexAttribPointer(0, 2, GL_FLOAT, GL_FALSE, 16, (const GLvoid*) 0x43d04ea0);
D/libEGL ( 9275): glDrawArrays(GL_TRIANGLE_FAN, 0, 4);
D/libEGL ( 9275): glDisableVertexAttribArray(1);
D/libEGL ( 9275): glDisable(GL_BLEND);
D/libEGL ( 9275): glGetError();
D/libEGL (10420): glDisable(GL_SCISSOR_TEST);
D/libEGL ( 9275): glBindTexture(GL_TEXTURE_EXTERNAL_OES, 10);
D/libEGL (10420): glUseProgram(15);
D/libEGL ( 9275): glEGLImageTargetTexture2DOES(GL_TEXTURE_EXTERNAL_OES, (GLeglImageOES) 0x42195520);
D/libEGL (10420): const GLfloat value[] = {
D/libEGL ( 9275): glGetError();
D/libEGL (10420): 1, 0, 0, 0,
D/libEGL ( 9275): glBindTexture(GL_TEXTURE_EXTERNAL_OES, 10);
D/libEGL (10420): 0, 1, 0, 0,
D/libEGL ( 9275): glTexParameteri(GL_TEXTURE_EXTERNAL_OES, GL_TEXTURE_WRAP_S, GL_CLAMP_TO_EDGE);
D/libEGL (10420): 0, 0, 1, 0,
D/libEGL ( 9275): glTexParameteri(GL_TEXTURE_EXTERNAL_OES, GL_TEXTURE_WRAP_T, GL_CLAMP_TO_EDGE);
D/libEGL ( 9275): glTexParameteri(GL_TEXTURE_EXTERNAL_OES, GL_TEXTURE_MAG_FILTER, GL_NEAREST);
